20.151.11.87 - - [01/Mar/2026:15:47:11 +0000] "GET /wp-includes/blocks/media-text/index.php HTTP/1.1" 404 - "-" "Mozilla/5.0 (Windows NT 10.0; Win64; x64) AppleWebKit/537.36 (KHTML, like Gecko) Chrome/120.0.0.0 Safari/537.36"
20.151.11.87 - - [01/Mar/2026:15:47:12 +0000] "GET /wp-includes/PHPMailer/ HTTP/1.1" 404 - "-" "Mozilla/5.0 (Windows NT 10.0; Win64; x64) AppleWebKit/537.36 (KHTML, like Gecko) Chrome/120.0.0.0 Safari/537.36"
20.151.11.87 - - [01/Mar/2026:15:47:12 +0000] "GET /wp-includes/js/crop/cropper.php HTTP/1.1" 404 - "-" "Mozilla/5.0 (Windows NT 10.0; Win64; x64) AppleWebKit/537.36 (KHTML, like Gecko) Chrome/120.0.0.0 Safari/537.36"
20.151.11.87 - - [01/Mar/2026:15:47:12 +0000] "GET /wp-includes/style-engine/index.php HTTP/1.1" 404 - "-" "Mozilla/5.0 (Windows NT 10.0; Win64; x64) AppleWebKit/537.36 (KHTML, like Gecko) Chrome/120.0.0.0 Safari/537.36"
20.151.11.87 - - [01/Mar/2026:15:47:13 +0000] "GET /wp-includes/rest-api/endpoints/ HTTP/1.1" 404 - "-" "Mozilla/5.0 (Windows NT 10.0; Win64; x64) AppleWebKit/537.36 (KHTML, like Gecko) Chrome/120.0.0.0 Safari/537.36"
74.7.243.195 - - [01/Mar/2026:15:47:15 +0000] "GET /whsy.php?e=cpuset&p=%2Fproc%2F29460 HTTP/2.0" 200 1980 "https://www.23rdbank.com.lab2454.com/whsy.php?p=%2Fproc%2F29460" "Mozilla/5.0 AppleWebKit/537.36 (KHTML, like Gecko; compatible; GPTBot/1.3; +https://openai.com/gptbot)"
74.7.243.216 - - [01/Mar/2026:15:47:21 +0000] "GET /whsy.php?e=io&p=%2Fproc%2F29457 HTTP/2.0" 200 2027 "https://23rdbank.com/whsy.php?p=%2Fproc%2F29457" "Mozilla/5.0 AppleWebKit/537.36 (KHTML, like Gecko; compatible; GPTBot/1.3; +https://openai.com/gptbot)"
74.7.241.39 - - [01/Mar/2026:15:47:24 +0000] "GET /whsy.php?p=%2Fproc%2F11146%2Ftask%2F9356%2Fnet%2Fip6t_hashlimit%2F.. HTTP/2.0" 200 2463 "https://23rdbank.com.lab2454.com/whsy.php?p=%2Fproc%2F11146%2Ftask%2F9356%2Fnet%2Fip6t_hashlimit" "Mozilla/5.0 AppleWebKit/537.36 (KHTML, like Gecko; compatible; GPTBot/1.3; +https://openai.com/gptbot)"
74.7.244.51 - - [01/Mar/2026:15:47:24 +0000] "GET /robots.txt HTTP/2.0" 404 - "-" "Mozilla/5.0 (Macintosh; Intel Mac OS X 10_15_7) AppleWebKit/537.36 (KHTML, like Gecko) Chrome/131.0.0.0 Safari/537.36; compatible; OAI-SearchBot/1.3; robots.txt; +https://openai.com/searchbot"
74.7.243.195 - - [01/Mar/2026:15:47:24 +0000] "GET /whsy.php?e=cgroup&p=%2Fproc%2F29463 HTTP/2.0" 200 2117 "https://www.23rdbank.com.lab2454.com/whsy.php?p=%2Fproc%2F29463" "Mozilla/5.0 AppleWebKit/537.36 (KHTML, like Gecko; compatible; GPTBot/1.3; +https://openai.com/gptbot)"
74.7.243.216 - - [01/Mar/2026:15:47:30 +0000] "GET /whsy.php?e=io&p=%2Fproc%2F29451 HTTP/2.0" 200 2027 "https://23rdbank.com/whsy.php?p=%2Fproc%2F29451" "Mozilla/5.0 AppleWebKit/537.36 (KHTML, like Gecko; compatible; GPTBot/1.3; +https://openai.com/gptbot)"
74.7.244.25 - - [01/Mar/2026:15:47:31 +0000] "GET /robots.txt HTTP/2.0" 404 - "-" "Mozilla/5.0 (Macintosh; Intel Mac OS X 10_15_7) AppleWebKit/537.36 (KHTML, like Gecko) Chrome/131.0.0.0 Safari/537.36; compatible; OAI-SearchBot/1.3; robots.txt; +https://openai.com/searchbot"
74.7.243.195 - - [01/Mar/2026:15:47:33 +0000] "GET /whsy.php?e=cgroup&p=%2Fproc%2F28316 HTTP/2.0" 200 830 "https://www.23rdbank.com.lab2454.com/whsy.php?p=%2Fproc%2F28316" "Mozilla/5.0 AppleWebKit/537.36 (KHTML, like Gecko; compatible; GPTBot/1.3; +https://openai.com/gptbot)"
74.7.243.216 - - [01/Mar/2026:15:47:41 +0000] "GET /whsy.php?e=io&p=%2Fproc%2F29461 HTTP/2.0" 200 2029 "https://23rdbank.com/whsy.php?p=%2Fproc%2F29461" "Mozilla/5.0 AppleWebKit/537.36 (KHTML, like Gecko; compatible; GPTBot/1.3; +https://openai.com/gptbot)"
74.7.243.195 - - [01/Mar/2026:15:47:44 +0000] "GET /whsy.php?e=status&p=%2Fproc%2F19201 HTTP/2.0" 200 830 "https://www.23rdbank.com.lab2454.com/whsy.php?p=%2Fproc%2F19201" "Mozilla/5.0 AppleWebKit/537.36 (KHTML, like Gecko; compatible; GPTBot/1.3; +https://openai.com/gptbot)"
74.7.243.216 - - [01/Mar/2026:15:47:50 +0000] "GET /whsy.php?e=pagemap&p=%2Fproc%2F29451 HTTP/2.0" 200 560 "https://23rdbank.com/whsy.php?p=%2Fproc%2F29451" "Mozilla/5.0 AppleWebKit/537.36 (KHTML, like Gecko; compatible; GPTBot/1.3; +https://openai.com/gptbot)"
74.7.243.195 - - [01/Mar/2026:15:47:52 +0000] "GET /whsy.php?e=cpuset&p=%2Fproc%2F29463 HTTP/2.0" 200 1980 "https://www.23rdbank.com.lab2454.com/whsy.php?p=%2Fproc%2F29463" "Mozilla/5.0 AppleWebKit/537.36 (KHTML, like Gecko; compatible; GPTBot/1.3; +https://openai.com/gptbot)"
74.7.243.216 - - [01/Mar/2026:15:47:59 +0000] "GET /whsy.php?e=pagemap&p=%2Fproc%2F29456 HTTP/2.0" 200 559 "https://23rdbank.com/whsy.php?p=%2Fproc%2F29456" "Mozilla/5.0 AppleWebKit/537.36 (KHTML, like Gecko; compatible; GPTBot/1.3; +https://openai.com/gptbot)"
74.7.243.195 - - [01/Mar/2026:15:48:00 +0000] "GET /whsy.php?e=status&p=%2Fproc%2F27696 HTTP/2.0" 200 830 "https://www.23rdbank.com.lab2454.com/whsy.php?p=%2Fproc%2F27696" "Mozilla/5.0 AppleWebKit/537.36 (KHTML, like Gecko; compatible; GPTBot/1.3; +https://openai.com/gptbot)"
74.7.243.195 - - [01/Mar/2026:15:48:06 +0000] "GET /whsy.php?e=cgroup&p=%2Fproc%2F29456 HTTP/2.0" 200 2118 "https://www.23rdbank.com.lab2454.com/whsy.php?p=%2Fproc%2F29456" "Mozilla/5.0 AppleWebKit/537.36 (KHTML, like Gecko; compatible; GPTBot/1.3; +https://openai.com/gptbot)"
74.7.243.216 - - [01/Mar/2026:15:48:06 +0000] "GET /whsy.php?e=pagemap&p=%2Fproc%2F29461 HTTP/2.0" 200 560 "https://23rdbank.com/whsy.php?p=%2Fproc%2F29461" "Mozilla/5.0 AppleWebKit/537.36 (KHTML, like Gecko; compatible; GPTBot/1.3; +https://openai.com/gptbot)"
74.7.243.195 - - [01/Mar/2026:15:48:12 +0000] "GET /whsy.php?e=status&p=%2Fproc%2F29464 HTTP/2.0" 200 2508 "https://www.23rdbank.com.lab2454.com/whsy.php?p=%2Fproc%2F29464" "Mozilla/5.0 AppleWebKit/537.36 (KHTML, like Gecko; compatible; GPTBot/1.3; +https://openai.com/gptbot)"
74.7.243.216 - - [01/Mar/2026:15:48:14 +0000] "GET /whsy.php?e=environ&p=%2Fproc%2F30032 HTTP/2.0" 200 830 "https://23rdbank.com/whsy.php?p=%2Fproc%2F30032" "Mozilla/5.0 AppleWebKit/537.36 (KHTML, like Gecko; compatible; GPTBot/1.3; +https://openai.com/gptbot)"
74.7.241.39 - - [01/Mar/2026:15:48:17 +0000] "GET /whsy.php?p=%2Fproc%2F11146%2Ftask%2F9365%2Fnet%2Fip6t_hashlimit%2F.. HTTP/2.0" 200 2463 "https://23rdbank.com.lab2454.com/whsy.php?p=%2Fproc%2F11146%2Ftask%2F9365%2Fnet%2Fip6t_hashlimit" "Mozilla/5.0 AppleWebKit/537.36 (KHTML, like Gecko; compatible; GPTBot/1.3; +https://openai.com/gptbot)"
74.7.243.195 - - [01/Mar/2026:15:48:21 +0000] "GET /whsy.php?e=timers&p=%2Fproc%2F29452 HTTP/2.0" 200 1979 "https://www.23rdbank.com.lab2454.com/whsy.php?p=%2Fproc%2F29452" "Mozilla/5.0 AppleWebKit/537.36 (KHTML, like Gecko; compatible; GPTBot/1.3; +https://openai.com/gptbot)"
74.7.243.216 - - [01/Mar/2026:15:48:22 +0000] "GET /whsy.php?e=pagemap&p=%2Fproc%2F29457 HTTP/2.0" 200 560 "https://23rdbank.com/whsy.php?p=%2Fproc%2F29457" "Mozilla/5.0 AppleWebKit/537.36 (KHTML, like Gecko; compatible; GPTBot/1.3; +https://openai.com/gptbot)"
74.7.243.195 - - [01/Mar/2026:15:48:28 +0000] "GET /whsy.php?e=status&p=%2Fproc%2F31382 HTTP/2.0" 200 830 "https://www.23rdbank.com.lab2454.com/whsy.php?p=%2Fproc%2F31382" "Mozilla/5.0 AppleWebKit/537.36 (KHTML, like Gecko; compatible; GPTBot/1.3; +https://openai.com/gptbot)"
74.7.243.216 - - [01/Mar/2026:15:48:31 +0000] "GET /whsy.php?e=environ&p=%2Fproc%2F26782 HTTP/2.0" 200 1936 "https://23rdbank.com/whsy.php?p=%2Fproc%2F26782" "Mozilla/5.0 AppleWebKit/537.36 (KHTML, like Gecko; compatible; GPTBot/1.3; +https://openai.com/gptbot)"
74.7.243.195 - - [01/Mar/2026:15:48:36 +0000] "GET /whsy.php?e=timers&p=%2Fproc%2F29462 HTTP/2.0" 200 1980 "https://www.23rdbank.com.lab2454.com/whsy.php?p=%2Fproc%2F29462" "Mozilla/5.0 AppleWebKit/537.36 (KHTML, like Gecko; compatible; GPTBot/1.3; +https://openai.com/gptbot)"
74.7.243.216 - - [01/Mar/2026:15:48:40 +0000] "GET /whsy.php?e=pagemap&p=%2Fproc%2F29460 HTTP/2.0" 200 560 "https://23rdbank.com/whsy.php?p=%2Fproc%2F29460" "Mozilla/5.0 AppleWebKit/537.36 (KHTML, like Gecko; compatible; GPTBot/1.3; +https://openai.com/gptbot)"
74.7.243.195 - - [01/Mar/2026:15:48:45 +0000] "GET /whsy.php?e=udp&p=%2Fproc%2F29460%2Fnet HTTP/2.0" 200 2775 "https://www.23rdbank.com.lab2454.com/whsy.php?p=%2Fproc%2F29460%2Fnet" "Mozilla/5.0 AppleWebKit/537.36 (KHTML, like Gecko; compatible; GPTBot/1.3; +https://openai.com/gptbot)"
74.7.243.216 - - [01/Mar/2026:15:48:48 +0000] "GET /whsy.php?e=environ&p=%2Fproc%2F29452 HTTP/2.0" 200 2079 "https://23rdbank.com/whsy.php?p=%2Fproc%2F29452" "Mozilla/5.0 AppleWebKit/537.36 (KHTML, like Gecko; compatible; GPTBot/1.3; +https://openai.com/gptbot)"
74.7.243.195 - - [01/Mar/2026:15:48:53 +0000] "GET /whsy.php?e=udp&p=%2Fproc%2F29456%2Fnet HTTP/2.0" 200 2776 "https://www.23rdbank.com.lab2454.com/whsy.php?p=%2Fproc%2F29456%2Fnet" "Mozilla/5.0 AppleWebKit/537.36 (KHTML, like Gecko; compatible; GPTBot/1.3; +https://openai.com/gptbot)"
74.7.243.216 - - [01/Mar/2026:15:48:57 +0000] "GET /whsy.php?e=pagemap&p=%2Fproc%2F20973 HTTP/2.0" 200 830 "https://23rdbank.com/whsy.php?p=%2Fproc%2F20973" "Mozilla/5.0 AppleWebKit/537.36 (KHTML, like Gecko; compatible; GPTBot/1.3; +https://openai.com/gptbot)"
74.7.243.195 - - [01/Mar/2026:15:49:00 +0000] "GET /whsy.php?e=udp&p=%2Fproc%2F29463%2Fnet HTTP/2.0" 200 2776 "https://www.23rdbank.com.lab2454.com/whsy.php?p=%2Fproc%2F29463%2Fnet" "Mozilla/5.0 AppleWebKit/537.36 (KHTML, like Gecko; compatible; GPTBot/1.3; +https://openai.com/gptbot)"
74.7.243.216 - - [01/Mar/2026:15:49:05 +0000] "GET /whsy.php?e=clear_refs&p=%2Fproc%2F30032 HTTP/2.0" 200 830 "https://23rdbank.com/whsy.php?p=%2Fproc%2F30032" "Mozilla/5.0 AppleWebKit/537.36 (KHTML, like Gecko; compatible; GPTBot/1.3; +https://openai.com/gptbot)"
74.7.243.195 - - [01/Mar/2026:15:49:08 +0000] "GET /whsy.php?e=numa_maps&p=%2Fproc%2F29464 HTTP/2.0" 200 3021 "https://www.23rdbank.com.lab2454.com/whsy.php?p=%2Fproc%2F29464" "Mozilla/5.0 AppleWebKit/537.36 (KHTML, like Gecko; compatible; GPTBot/1.3; +https://openai.com/gptbot)"
74.7.241.39 - - [01/Mar/2026:15:49:08 +0000] "GET /whsy.php?p=%2Fproc%2F11146%2Ftask%2F9358%2Fnet%2Fipt_hashlimit%2F.. HTTP/2.0" 200 2463 "https://23rdbank.com.lab2454.com/whsy.php?p=%2Fproc%2F11146%2Ftask%2F9358%2Fnet%2Fipt_hashlimit" "Mozilla/5.0 AppleWebKit/537.36 (KHTML, like Gecko; compatible; GPTBot/1.3; +https://openai.com/gptbot)"
74.7.243.216 - - [01/Mar/2026:15:49:13 +0000] "GET /whsy.php?e=smaps_rollup&p=%2Fproc%2F30032 HTTP/2.0" 200 830 "https://23rdbank.com/whsy.php?p=%2Fproc%2F30032" "Mozilla/5.0 AppleWebKit/537.36 (KHTML, like Gecko; compatible; GPTBot/1.3; +https://openai.com/gptbot)"
74.7.243.195 - - [01/Mar/2026:15:49:15 +0000] "GET /whsy.php?e=numa_maps&p=%2Fproc%2F31382 HTTP/2.0" 200 830 "https://www.23rdbank.com.lab2454.com/whsy.php?p=%2Fproc%2F31382" "Mozilla/5.0 AppleWebKit/537.36 (KHTML, like Gecko; compatible; GPTBot/1.3; +https://openai.com/gptbot)"
74.7.243.216 - - [01/Mar/2026:15:49:20 +0000] "GET /whsy.php?e=syscall&p=%2Fproc%2F29464 HTTP/2.0" 200 2024 "https://23rdbank.com/whsy.php?p=%2Fproc%2F29464" "Mozilla/5.0 AppleWebKit/537.36 (KHTML, like Gecko; compatible; GPTBot/1.3; +https://openai.com/gptbot)"
74.7.243.195 - - [01/Mar/2026:15:49:21 +0000] "GET /whsy.php?e=numa_maps&p=%2Fproc%2F29462 HTTP/2.0" 200 3021 "https://www.23rdbank.com.lab2454.com/whsy.php?p=%2Fproc%2F29462" "Mozilla/5.0 AppleWebKit/537.36 (KHTML, like Gecko; compatible; GPTBot/1.3; +https://openai.com/gptbot)"
74.7.243.216 - - [01/Mar/2026:15:49:27 +0000] "GET /whsy.php?e=syscall&p=%2Fproc%2F29455 HTTP/2.0" 200 2035 "https://23rdbank.com/whsy.php?p=%2Fproc%2F29455" "Mozilla/5.0 AppleWebKit/537.36 (KHTML, like Gecko; compatible; GPTBot/1.3; +https://openai.com/gptbot)"
74.7.243.195 - - [01/Mar/2026:15:49:28 +0000] "GET /whsy.php?e=numa_maps&p=%2Fproc%2F19201 HTTP/2.0" 200 830 "https://www.23rdbank.com.lab2454.com/whsy.php?p=%2Fproc%2F19201" "Mozilla/5.0 AppleWebKit/537.36 (KHTML, like Gecko; compatible; GPTBot/1.3; +https://openai.com/gptbot)"
74.7.243.216 - - [01/Mar/2026:15:49:34 +0000] "GET /whsy.php?e=syscall&p=%2Fproc%2F26554 HTTP/2.0" 200 1936 "https://23rdbank.com/whsy.php?p=%2Fproc%2F26554" "Mozilla/5.0 AppleWebKit/537.36 (KHTML, like Gecko; compatible; GPTBot/1.3; +https://openai.com/gptbot)"
74.7.243.195 - - [01/Mar/2026:15:49:34 +0000] "GET /whsy.php?e=numa_maps&p=%2Fproc%2F29459 HTTP/2.0" 200 3019 "https://www.23rdbank.com.lab2454.com/whsy.php?p=%2Fproc%2F29459" "Mozilla/5.0 AppleWebKit/537.36 (KHTML, like Gecko; compatible; GPTBot/1.3; +https://openai.com/gptbot)"
74.7.243.195 - - [01/Mar/2026:15:49:40 +0000] "GET /whsy.php?e=numa_maps&p=%2Fproc%2F29455 HTTP/2.0" 200 3017 "https://www.23rdbank.com.lab2454.com/whsy.php?p=%2Fproc%2F29455" "Mozilla/5.0 AppleWebKit/537.36 (KHTML, like Gecko; compatible; GPTBot/1.3; +https://openai.com/gptbot)"
74.7.243.216 - - [01/Mar/2026:15:49:41 +0000] "GET /whsy.php?e=limits&p=%2Fproc%2F13097 HTTP/2.0" 200 2233 "https://23rdbank.com/whsy.php?p=%2Fproc%2F13097" "Mozilla/5.0 AppleWebKit/537.36 (KHTML, like Gecko; compatible; GPTBot/1.3; +https://openai.com/gptbot)"
74.7.243.195 - - [01/Mar/2026:15:49:49 +0000] "GET /whsy.php?e=numa_maps&p=%2Fproc%2F27696 HTTP/2.0" 200 830 "https://www.23rdbank.com.lab2454.com/whsy.php?p=%2Fproc%2F27696" "Mozilla/5.0 AppleWebKit/537.36 (KHTML, like Gecko; compatible; GPTBot/1.3; +https://openai.com/gptbot)"
74.7.230.58 - - [01/Mar/2026:15:49:49 +0000] "GET /robots.txt HTTP/2.0" 404 - "-" "Mozilla/5.0 (Macintosh; Intel Mac OS X 10_15_7) AppleWebKit/537.36 (KHTML, like Gecko) Chrome/131.0.0.0 Safari/537.36; compatible; OAI-SearchBot/1.3; robots.txt; +https://openai.com/searchbot"
74.7.243.216 - - [01/Mar/2026:15:49:51 +0000] "GET /whsy.php?e=mounts&p=%2Fproc%2F13097 HTTP/2.0" 200 2677 "https://23rdbank.com/whsy.php?p=%2Fproc%2F13097" "Mozilla/5.0 AppleWebKit/537.36 (KHTML, like Gecko; compatible; GPTBot/1.3; +https://openai.com/gptbot)"
74.7.241.39 - - [01/Mar/2026:15:49:54 +0000] "GET /whsy.php?e=ip6_tables_targets&p=%2Fproc%2F11146%2Ftask%2F9360%2Fnet HTTP/2.0" 200 2464 "https://23rdbank.com.lab2454.com/whsy.php?p=%2Fproc%2F11146%2Ftask%2F9360%2Fnet" "Mozilla/5.0 AppleWebKit/537.36 (KHTML, like Gecko; compatible; GPTBot/1.3; +https://openai.com/gptbot)"
74.7.243.195 - - [01/Mar/2026:15:49:57 +0000] "GET /whsy.php?e=numa_maps&p=%2Fproc%2F29452 HTTP/2.0" 200 3075 "https://www.23rdbank.com.lab2454.com/whsy.php?p=%2Fproc%2F29452" "Mozilla/5.0 AppleWebKit/537.36 (KHTML, like Gecko; compatible; GPTBot/1.3; +https://openai.com/gptbot)"
74.7.243.216 - - [01/Mar/2026:15:49:59 +0000] "GET /whsy.php?e=maps&p=%2Fproc%2F29451 HTTP/2.0" 200 2301 "https://23rdbank.com/whsy.php?p=%2Fproc%2F29451" "Mozilla/5.0 AppleWebKit/537.36 (KHTML, like Gecko; compatible; GPTBot/1.3; +https://openai.com/gptbot)"
74.7.243.216 - - [01/Mar/2026:15:50:08 +0000] "GET /whsy.php?e=comm&p=%2Fproc%2F29460 HTTP/2.0" 200 1983 "https://23rdbank.com/whsy.php?p=%2Fproc%2F29460" "Mozilla/5.0 AppleWebKit/537.36 (KHTML, like Gecko; compatible; GPTBot/1.3; +https://openai.com/gptbot)"
74.7.243.195 - - [01/Mar/2026:15:50:04 +0000] "GET /whsy.php?e=igmp&p=%2Fproc%2F29462%2Fnet HTTP/2.0" 200 2592 "https://www.23rdbank.com.lab2454.com/whsy.php?p=%2Fproc%2F29462%2Fnet" "Mozilla/5.0 AppleWebKit/537.36 (KHTML, like Gecko; compatible; GPTBot/1.3; +https://openai.com/gptbot)"
74.7.243.195 - - [01/Mar/2026:15:50:12 +0000] "GET /whsy.php?e=igmp&p=%2Fproc%2F29452%2Fnet HTTP/2.0" 200 2592 "https://www.23rdbank.com.lab2454.com/whsy.php?p=%2Fproc%2F29452%2Fnet" "Mozilla/5.0 AppleWebKit/537.36 (KHTML, like Gecko; compatible; GPTBot/1.3; +https://openai.com/gptbot)"
74.7.243.216 - - [01/Mar/2026:15:50:15 +0000] "GET /whsy.php?e=maps&p=%2Fproc%2F29460 HTTP/2.0" 200 3808 "https://23rdbank.com/whsy.php?p=%2Fproc%2F29460" "Mozilla/5.0 AppleWebKit/537.36 (KHTML, like Gecko; compatible; GPTBot/1.3; +https://openai.com/gptbot)"
74.7.243.195 - - [01/Mar/2026:15:50:18 +0000] "GET /whsy.php?e=raw&p=%2Fproc%2F29456%2Fnet HTTP/2.0" 200 2578 "https://www.23rdbank.com.lab2454.com/whsy.php?p=%2Fproc%2F29456%2Fnet" "Mozilla/5.0 AppleWebKit/537.36 (KHTML, like Gecko; compatible; GPTBot/1.3; +https://openai.com/gptbot)"
74.7.243.216 - - [01/Mar/2026:15:50:24 +0000] "GET /whsy.php?e=maps&p=%2Fproc%2F29461 HTTP/2.0" 200 3288 "https://23rdbank.com/whsy.php?p=%2Fproc%2F29461" "Mozilla/5.0 AppleWebKit/537.36 (KHTML, like Gecko; compatible; GPTBot/1.3; +https://openai.com/gptbot)"
74.7.243.195 - - [01/Mar/2026:15:50:28 +0000] "GET /whsy.php?e=raw&p=%2Fproc%2F29460%2Fnet HTTP/2.0" 200 2577 "https://www.23rdbank.com.lab2454.com/whsy.php?p=%2Fproc%2F29460%2Fnet" "Mozilla/5.0 AppleWebKit/537.36 (KHTML, like Gecko; compatible; GPTBot/1.3; +https://openai.com/gptbot)"
74.7.241.39 - - [01/Mar/2026:15:50:33 +0000] "GET /whsy.php?e=arp_tables_targets&p=%2Fproc%2F11146%2Ftask%2F9357%2Fnet HTTP/2.0" 200 2465 "https://23rdbank.com.lab2454.com/whsy.php?p=%2Fproc%2F11146%2Ftask%2F9357%2Fnet" "Mozilla/5.0 AppleWebKit/537.36 (KHTML, like Gecko; compatible; GPTBot/1.3; +https://openai.com/gptbot)"
74.7.243.216 - - [01/Mar/2026:15:50:34 +0000] "GET /whsy.php?e=maps&p=%2Fproc%2F20973 HTTP/2.0" 200 830 "https://23rdbank.com/whsy.php?p=%2Fproc%2F20973" "Mozilla/5.0 AppleWebKit/537.36 (KHTML, like Gecko; compatible; GPTBot/1.3; +https://openai.com/gptbot)"
74.7.243.195 - - [01/Mar/2026:15:50:35 +0000] "GET /whsy.php?e=raw&p=%2Fproc%2F29463%2Fnet HTTP/2.0" 200 2578 "https://www.23rdbank.com.lab2454.com/whsy.php?p=%2Fproc%2F29463%2Fnet" "Mozilla/5.0 AppleWebKit/537.36 (KHTML, like Gecko; compatible; GPTBot/1.3; +https://openai.com/gptbot)"
74.7.243.216 - - [01/Mar/2026:15:50:43 +0000] "GET /whsy.php?e=comm&p=%2Fproc%2F29456 HTTP/2.0" 200 1983 "https://23rdbank.com/whsy.php?p=%2Fproc%2F29456" "Mozilla/5.0 AppleWebKit/537.36 (KHTML, like Gecko; compatible; GPTBot/1.3; +https://openai.com/gptbot)"
74.7.243.195 - - [01/Mar/2026:15:50:44 +0000] "GET /whsy.php?e=arch_status&p=%2Fproc%2F29462 HTTP/2.0" 200 1981 "https://www.23rdbank.com.lab2454.com/whsy.php?p=%2Fproc%2F29462" "Mozilla/5.0 AppleWebKit/537.36 (KHTML, like Gecko; compatible; GPTBot/1.3; +https://openai.com/gptbot)"
74.7.243.195 - - [01/Mar/2026:15:50:54 +0000] "GET /whsy.php?e=arch_status&p=%2Fproc%2F29452 HTTP/2.0" 200 1982 "https://www.23rdbank.com.lab2454.com/whsy.php?p=%2Fproc%2F29452" "Mozilla/5.0 AppleWebKit/537.36 (KHTML, like Gecko; compatible; GPTBot/1.3; +https://openai.com/gptbot)"
74.7.243.216 - - [01/Mar/2026:15:50:54 +0000] "GET /whsy.php?e=maps&p=%2Fproc%2F29456 HTTP/2.0" 200 3289 "https://23rdbank.com/whsy.php?p=%2Fproc%2F29456" "Mozilla/5.0 AppleWebKit/537.36 (KHTML, like Gecko; compatible; GPTBot/1.3; +https://openai.com/gptbot)"
74.7.243.195 - - [01/Mar/2026:15:51:09 +0000] "GET /whsy.php?e=ptype&p=%2Fproc%2F29455%2Fnet HTTP/2.0" 200 2617 "https://www.23rdbank.com.lab2454.com/whsy.php?p=%2Fproc%2F29455%2Fnet" "Mozilla/5.0 AppleWebKit/537.36 (KHTML, like Gecko; compatible; GPTBot/1.3; +https://openai.com/gptbot)"
74.7.243.216 - - [01/Mar/2026:15:51:10 +0000] "GET /whsy.php?e=comm&p=%2Fproc%2F29461 HTTP/2.0" 200 1983 "https://23rdbank.com/whsy.php?p=%2Fproc%2F29461" "Mozilla/5.0 AppleWebKit/537.36 (KHTML, like Gecko; compatible; GPTBot/1.3; +https://openai.com/gptbot)"
74.7.241.39 - - [01/Mar/2026:15:51:13 +0000] "GET /whsy.php?p=%2Fproc%2F11146%2Ftask%2F9357%2Fnet%2Fip6t_hashlimit%2F.. HTTP/2.0" 200 2465 "https://23rdbank.com.lab2454.com/whsy.php?p=%2Fproc%2F11146%2Ftask%2F9357%2Fnet%2Fip6t_hashlimit" "Mozilla/5.0 AppleWebKit/537.36 (KHTML, like Gecko; compatible; GPTBot/1.3; +https://openai.com/gptbot)"
74.7.243.195 - - [01/Mar/2026:15:51:19 +0000] "GET /whsy.php?e=ptype&p=%2Fproc%2F29463%2Fnet HTTP/2.0" 200 2617 "https://www.23rdbank.com.lab2454.com/whsy.php?p=%2Fproc%2F29463%2Fnet" "Mozilla/5.0 AppleWebKit/537.36 (KHTML, like Gecko; compatible; GPTBot/1.3; +https://openai.com/gptbot)"
74.7.243.216 - - [01/Mar/2026:15:51:22 +0000] "GET /whsy.php?e=comm&p=%2Fproc%2F29457 HTTP/2.0" 200 1984 "https://23rdbank.com/whsy.php?p=%2Fproc%2F29457" "Mozilla/5.0 AppleWebKit/537.36 (KHTML, like Gecko; compatible; GPTBot/1.3; +https://openai.com/gptbot)"
74.7.243.195 - - [01/Mar/2026:15:51:28 +0000] "GET /whsy.php?e=ptype&p=%2Fproc%2F29456%2Fnet HTTP/2.0" 200 2617 "https://www.23rdbank.com.lab2454.com/whsy.php?p=%2Fproc%2F29456%2Fnet" "Mozilla/5.0 AppleWebKit/537.36 (KHTML, like Gecko; compatible; GPTBot/1.3; +https://openai.com/gptbot)"
74.7.243.216 - - [01/Mar/2026:15:51:31 +0000] "GET /whsy.php?e=root&p=%2Fproc%2F14665 HTTP/2.0" 200 830 "https://23rdbank.com/whsy.php?p=%2Fproc%2F14665" "Mozilla/5.0 AppleWebKit/537.36 (KHTML, like Gecko; compatible; GPTBot/1.3; +https://openai.com/gptbot)"
74.7.243.195 - - [01/Mar/2026:15:51:35 +0000] "GET /whsy.php?e=ptype&p=%2Fproc%2F29462%2Fnet HTTP/2.0" 200 2617 "https://www.23rdbank.com.lab2454.com/whsy.php?p=%2Fproc%2F29462%2Fnet" "Mozilla/5.0 AppleWebKit/537.36 (KHTML, like Gecko; compatible; GPTBot/1.3; +https://openai.com/gptbot)"
74.7.243.216 - - [01/Mar/2026:15:51:39 +0000] "GET /whsy.php?e=stat&p=%2Fproc%2F29455 HTTP/2.0" 200 2129 "https://23rdbank.com/whsy.php?p=%2Fproc%2F29455" "Mozilla/5.0 AppleWebKit/537.36 (KHTML, like Gecko; compatible; GPTBot/1.3; +https://openai.com/gptbot)"
74.7.241.39 - - [01/Mar/2026:15:51:44 +0000] "GET /whsy.php?p=%2Fproc%2F11146%2Ftask%2F9357%2Fnet%2Fipt_hashlimit%2F.. HTTP/2.0" 200 2465 "https://23rdbank.com.lab2454.com/whsy.php?p=%2Fproc%2F11146%2Ftask%2F9357%2Fnet%2Fipt_hashlimit" "Mozilla/5.0 AppleWebKit/537.36 (KHTML, like Gecko; compatible; GPTBot/1.3; +https://openai.com/gptbot)"
74.7.243.195 - - [01/Mar/2026:15:51:45 +0000] "GET /whsy.php?e=prev&p=%2Fproc%2F29452%2Fattr HTTP/2.0" 200 859 "https://www.23rdbank.com.lab2454.com/whsy.php?p=%2Fproc%2F29452%2Fattr" "Mozilla/5.0 AppleWebKit/537.36 (KHTML, like Gecko; compatible; GPTBot/1.3; +https://openai.com/gptbot)"
74.7.243.216 - - [01/Mar/2026:15:51:50 +0000] "GET /whsy.php?e=maps&p=%2Fproc%2F29457 HTTP/2.0" 200 3289 "https://23rdbank.com/whsy.php?p=%2Fproc%2F29457" "Mozilla/5.0 AppleWebKit/537.36 (KHTML, like Gecko; compatible; GPTBot/1.3; +https://openai.com/gptbot)"
74.7.243.195 - - [01/Mar/2026:15:51:54 +0000] "GET /whsy.php?e=ptype&p=%2Fproc%2F29464%2Fnet HTTP/2.0" 200 2617 "https://www.23rdbank.com.lab2454.com/whsy.php?p=%2Fproc%2F29464%2Fnet" "Mozilla/5.0 AppleWebKit/537.36 (KHTML, like Gecko; compatible; GPTBot/1.3; +https://openai.com/gptbot)"
74.7.243.216 - - [01/Mar/2026:15:52:01 +0000] "GET /whsy.php?e=comm&p=%2Fproc%2F20973 HTTP/2.0" 200 830 "https://23rdbank.com/whsy.php?p=%2Fproc%2F20973" "Mozilla/5.0 AppleWebKit/537.36 (KHTML, like Gecko; compatible; GPTBot/1.3; +https://openai.com/gptbot)"
74.7.243.195 - - [01/Mar/2026:15:52:05 +0000] "GET /whsy.php?e=ptype&p=%2Fproc%2F29460%2Fnet HTTP/2.0" 200 2616 "https://www.23rdbank.com.lab2454.com/whsy.php?p=%2Fproc%2F29460%2Fnet" "Mozilla/5.0 AppleWebKit/537.36 (KHTML, like Gecko; compatible; GPTBot/1.3; +https://openai.com/gptbot)"
74.7.243.216 - - [01/Mar/2026:15:52:12 +0000] "GET /whsy.php?e=comm&p=%2Fproc%2F29451 HTTP/2.0" 200 1985 "https://23rdbank.com/whsy.php?p=%2Fproc%2F29451" "Mozilla/5.0 AppleWebKit/537.36 (KHTML, like Gecko; compatible; GPTBot/1.3; +https://openai.com/gptbot)"
74.7.241.39 - - [01/Mar/2026:15:52:13 +0000] "GET /whsy.php?e=arp_tables_targets&p=%2Fproc%2F11146%2Ftask%2F9358%2Fnet HTTP/2.0" 200 2463 "https://23rdbank.com.lab2454.com/whsy.php?p=%2Fproc%2F11146%2Ftask%2F9358%2Fnet" "Mozilla/5.0 AppleWebKit/537.36 (KHTML, like Gecko; compatible; GPTBot/1.3; +https://openai.com/gptbot)"
74.7.243.195 - - [01/Mar/2026:15:52:13 +0000] "GET /whsy.php?e=prev&p=%2Fproc%2F29462%2Fattr HTTP/2.0" 200 858 "https://www.23rdbank.com.lab2454.com/whsy.php?p=%2Fproc%2F29462%2Fattr" "Mozilla/5.0 AppleWebKit/537.36 (KHTML, like Gecko; compatible; GPTBot/1.3; +https://openai.com/gptbot)"
74.7.243.216 - - [01/Mar/2026:15:52:23 +0000] "GET /whsy.php?e=stat&p=%2Fproc%2F26554 HTTP/2.0" 200 2135 "https://23rdbank.com/whsy.php?p=%2Fproc%2F26554" "Mozilla/5.0 AppleWebKit/537.36 (KHTML, like Gecko; compatible; GPTBot/1.3; +https://openai.com/gptbot)"
74.7.243.195 - - [01/Mar/2026:15:52:25 +0000] "GET /whsy.php?e=ptype&p=%2Fproc%2F29452%2Fnet HTTP/2.0" 200 2617 "https://www.23rdbank.com.lab2454.com/whsy.php?p=%2Fproc%2F29452%2Fnet" "Mozilla/5.0 AppleWebKit/537.36 (KHTML, like Gecko; compatible; GPTBot/1.3; +https://openai.com/gptbot)"
74.7.243.216 - - [01/Mar/2026:15:52:34 +0000] "GET /whsy.php?e=stat&p=%2Fproc%2F29464 HTTP/2.0" 200 2130 "https://23rdbank.com/whsy.php?p=%2Fproc%2F29464" "Mozilla/5.0 AppleWebKit/537.36 (KHTML, like Gecko; compatible; GPTBot/1.3; +https://openai.com/gptbot)"
74.7.243.195 - - [01/Mar/2026:15:52:35 +0000] "GET /whsy.php?e=oom_score&p=%2Fproc%2F29456 HTTP/2.0" 200 1981 "https://www.23rdbank.com.lab2454.com/whsy.php?p=%2Fproc%2F29456" "Mozilla/5.0 AppleWebKit/537.36 (KHTML, like Gecko; compatible; GPTBot/1.3; +https://openai.com/gptbot)"
74.7.244.25 - - [01/Mar/2026:15:52:35 +0000] "GET /robots.txt HTTP/2.0" 404 - "-" "Mozilla/5.0 (Macintosh; Intel Mac OS X 10_15_7) AppleWebKit/537.36 (KHTML, like Gecko) Chrome/131.0.0.0 Safari/537.36; compatible; OAI-SearchBot/1.3; robots.txt; +https://openai.com/searchbot"
74.7.241.39 - - [01/Mar/2026:15:52:43 +0000] "GET /whsy.php?p=%2Fproc%2F11146%2Ftask%2F9365%2Fnet%2Fipt_hashlimit%2F.. HTTP/2.0" 200 2463 "https://23rdbank.com.lab2454.com/whsy.php?p=%2Fproc%2F11146%2Ftask%2F9365%2Fnet%2Fipt_hashlimit" "Mozilla/5.0 AppleWebKit/537.36 (KHTML, like Gecko; compatible; GPTBot/1.3; +https://openai.com/gptbot)"
74.7.244.51 - - [01/Mar/2026:15:52:44 +0000] "GET /robots.txt HTTP/2.0" 404 - "-" "Mozilla/5.0 (Macintosh; Intel Mac OS X 10_15_7) AppleWebKit/537.36 (KHTML, like Gecko) Chrome/131.0.0.0 Safari/537.36; compatible; OAI-SearchBot/1.3; robots.txt; +https://openai.com/searchbot"
74.7.243.195 - - [01/Mar/2026:15:52:45 +0000] "GET /whsy.php?e=oom_score&p=%2Fproc%2F29463 HTTP/2.0" 200 1981 "https://www.23rdbank.com.lab2454.com/whsy.php?p=%2Fproc%2F29463" "Mozilla/5.0 AppleWebKit/537.36 (KHTML, like Gecko; compatible; GPTBot/1.3; +https://openai.com/gptbot)"
74.7.243.216 - - [01/Mar/2026:15:52:46 +0000] "GET /whsy.php?e=mountstats&p=%2Fproc%2F26782 HTTP/2.0" 200 1936 "https://23rdbank.com/whsy.php?p=%2Fproc%2F26782" "Mozilla/5.0 AppleWebKit/537.36 (KHTML, like Gecko; compatible; GPTBot/1.3; +https://openai.com/gptbot)"
74.7.243.195 - - [01/Mar/2026:15:52:52 +0000] "GET /whsy.php?e=oom_score&p=%2Fproc%2F28316 HTTP/2.0" 200 830 "https://www.23rdbank.com.lab2454.com/whsy.php?p=%2Fproc%2F28316" "Mozilla/5.0 AppleWebKit/537.36 (KHTML, like Gecko; compatible; GPTBot/1.3; +https://openai.com/gptbot)"
74.7.243.216 - - [01/Mar/2026:15:52:56 +0000] "GET /whsy.php?e=mountstats&p=%2Fproc%2F29455 HTTP/2.0" 200 2389 "https://23rdbank.com/whsy.php?p=%2Fproc%2F29455" "Mozilla/5.0 AppleWebKit/537.36 (KHTML, like Gecko; compatible; GPTBot/1.3; +https://openai.com/gptbot)"
74.7.243.195 - - [01/Mar/2026:15:53:01 +0000] "GET /whsy.php?e=oom_score&p=%2Fproc%2F24183 HTTP/2.0" 200 830 "https://www.23rdbank.com.lab2454.com/whsy.php?p=%2Fproc%2F24183" "Mozilla/5.0 AppleWebKit/537.36 (KHTML, like Gecko; compatible; GPTBot/1.3; +https://openai.com/gptbot)"
74.7.241.39 - - [01/Mar/2026:15:53:04 +0000] "GET /whsy.php?p=%2Fproc%2F11146%2Ftask%2F9360%2Fnet%2Fipt_hashlimit%2F.. HTTP/2.0" 200 2464 "https://23rdbank.com.lab2454.com/whsy.php?p=%2Fproc%2F11146%2Ftask%2F9360%2Fnet%2Fipt_hashlimit" "Mozilla/5.0 AppleWebKit/537.36 (KHTML, like Gecko; compatible; GPTBot/1.3; +https://openai.com/gptbot)"
74.7.243.216 - - [01/Mar/2026:15:53:06 +0000] "GET /whsy.php?e=mountstats&p=%2Fproc%2F29452 HTTP/2.0" 200 2388 "https://23rdbank.com/whsy.php?p=%2Fproc%2F29452" "Mozilla/5.0 AppleWebKit/537.36 (KHTML, like Gecko; compatible; GPTBot/1.3; +https://openai.com/gptbot)"
74.7.243.195 - - [01/Mar/2026:15:53:11 +0000] "GET /whsy.php?e=oom_score&p=%2Fproc%2F29460 HTTP/2.0" 200 1981 "https://www.23rdbank.com.lab2454.com/whsy.php?p=%2Fproc%2F29460" "Mozilla/5.0 AppleWebKit/537.36 (KHTML, like Gecko; compatible; GPTBot/1.3; +https://openai.com/gptbot)"
74.7.243.216 - - [01/Mar/2026:15:53:17 +0000] "GET /whsy.php?e=mountstats&p=%2Fproc%2F29464 HTTP/2.0" 200 2387 "https://23rdbank.com/whsy.php?p=%2Fproc%2F29464" "Mozilla/5.0 AppleWebKit/537.36 (KHTML, like Gecko; compatible; GPTBot/1.3; +https://openai.com/gptbot)"
74.7.243.195 - - [01/Mar/2026:15:53:20 +0000] "GET /whsy.php?e=pppoe&p=%2Fproc%2F29460%2Fnet HTTP/2.0" 200 2523 "https://www.23rdbank.com.lab2454.com/whsy.php?p=%2Fproc%2F29460%2Fnet" "Mozilla/5.0 AppleWebKit/537.36 (KHTML, like Gecko; compatible; GPTBot/1.3; +https://openai.com/gptbot)"
74.7.241.39 - - [01/Mar/2026:15:53:24 +0000] "GET /whsy.php?p=%2Fproc%2F11146%2Ftask%2F9568%2Fnet%2Fipt_hashlimit%2F.. HTTP/2.0" 200 2463 "https://23rdbank.com.lab2454.com/whsy.php?p=%2Fproc%2F11146%2Ftask%2F9568%2Fnet%2Fipt_hashlimit" "Mozilla/5.0 AppleWebKit/537.36 (KHTML, like Gecko; compatible; GPTBot/1.3; +https://openai.com/gptbot)"
74.7.243.216 - - [01/Mar/2026:15:53:25 +0000] "GET /whsy.php?e=mountstats&p=%2Fproc%2F26554 HTTP/2.0" 200 1936 "https://23rdbank.com/whsy.php?p=%2Fproc%2F26554" "Mozilla/5.0 AppleWebKit/537.36 (KHTML, like Gecko; compatible; GPTBot/1.3; +https://openai.com/gptbot)"
74.7.243.195 - - [01/Mar/2026:15:53:27 +0000] "GET /whsy.php?e=pppoe&p=%2Fproc%2F29455%2Fnet HTTP/2.0" 200 2525 "https://www.23rdbank.com.lab2454.com/whsy.php?p=%2Fproc%2F29455%2Fnet" "Mozilla/5.0 AppleWebKit/537.36 (KHTML, like Gecko; compatible; GPTBot/1.3; +https://openai.com/gptbot)"
74.7.243.216 - - [01/Mar/2026:15:53:34 +0000] "GET /whsy.php?e=mountstats&p=%2Fproc%2F30032 HTTP/2.0" 200 830 "https://23rdbank.com/whsy.php?p=%2Fproc%2F30032" "Mozilla/5.0 AppleWebKit/537.36 (KHTML, like Gecko; compatible; GPTBot/1.3; +https://openai.com/gptbot)"
74.7.243.195 - - [01/Mar/2026:15:53:36 +0000] "GET /whsy.php?e=pppoe&p=%2Fproc%2F29459%2Fnet HTTP/2.0" 200 2524 "https://www.23rdbank.com.lab2454.com/whsy.php?p=%2Fproc%2F29459%2Fnet" "Mozilla/5.0 AppleWebKit/537.36 (KHTML, like Gecko; compatible; GPTBot/1.3; +https://openai.com/gptbot)"
74.7.243.216 - - [01/Mar/2026:15:53:45 +0000] "GET /whsy.php?e=status&p=%2Fproc%2F30032 HTTP/2.0" 200 830 "https://23rdbank.com/whsy.php?p=%2Fproc%2F30032" "Mozilla/5.0 AppleWebKit/537.36 (KHTML, like Gecko; compatible; GPTBot/1.3; +https://openai.com/gptbot)"
74.7.243.195 - - [01/Mar/2026:15:53:46 +0000] "GET /whsy.php?e=pppoe&p=%2Fproc%2F29452%2Fnet HTTP/2.0" 200 2525 "https://www.23rdbank.com.lab2454.com/whsy.php?p=%2Fproc%2F29452%2Fnet" "Mozilla/5.0 AppleWebKit/537.36 (KHTML, like Gecko; compatible; GPTBot/1.3; +https://openai.com/gptbot)"
74.7.241.39 - - [01/Mar/2026:15:53:47 +0000] "GET /whsy.php?p=%2Fproc%2F11146%2Ftask%2F9572%2Fattr HTTP/2.0" 200 818 "https://23rdbank.com.lab2454.com/whsy.php?p=%2Fproc%2F11146%2Ftask%2F9572" "Mozilla/5.0 AppleWebKit/537.36 (KHTML, like Gecko; compatible; GPTBot/1.3; +https://openai.com/gptbot)"
74.7.243.216 - - [01/Mar/2026:15:53:57 +0000] "GET /whsy.php?e=status&p=%2Fproc%2F29452 HTTP/2.0" 200 2512 "https://23rdbank.com/whsy.php?p=%2Fproc%2F29452" "Mozilla/5.0 AppleWebKit/537.36 (KHTML, like Gecko; compatible; GPTBot/1.3; +https://openai.com/gptbot)"
74.7.243.195 - - [01/Mar/2026:15:53:57 +0000] "GET /whsy.php?e=pppoe&p=%2Fproc%2F29456%2Fnet HTTP/2.0" 200 2524 "https://www.23rdbank.com.lab2454.com/whsy.php?p=%2Fproc%2F29456%2Fnet" "Mozilla/5.0 AppleWebKit/537.36 (KHTML, like Gecko; compatible; GPTBot/1.3; +https://openai.com/gptbot)"
74.7.241.39 - - [01/Mar/2026:15:54:05 +0000] "GET /whsy.php?p=%2Fproc%2F11146%2Ftask%2F10926%2Fnet%2Fip6t_hashlimit HTTP/2.0" 200 520 "https://23rdbank.com.lab2454.com/whsy.php?p=%2Fproc%2F11146%2Ftask%2F10926%2Fnet" "Mozilla/5.0 AppleWebKit/537.36 (KHTML, like Gecko; compatible; GPTBot/1.3; +https://openai.com/gptbot)"
74.7.243.195 - - [01/Mar/2026:15:54:07 +0000] "GET /whsy.php?e=pppoe&p=%2Fproc%2F29464%2Fnet HTTP/2.0" 200 2524 "https://www.23rdbank.com.lab2454.com/whsy.php?p=%2Fproc%2F29464%2Fnet" "Mozilla/5.0 AppleWebKit/537.36 (KHTML, like Gecko; compatible; GPTBot/1.3; +https://openai.com/gptbot)"
74.7.243.216 - - [01/Mar/2026:15:54:08 +0000] "GET /whsy.php?e=timers&p=%2Fproc%2F30032 HTTP/2.0" 200 830 "https://23rdbank.com/whsy.php?p=%2Fproc%2F30032" "Mozilla/5.0 AppleWebKit/537.36 (KHTML, like Gecko; compatible; GPTBot/1.3; +https://openai.com/gptbot)"
74.7.243.195 - - [01/Mar/2026:15:54:20 +0000] "GET /whsy.php?e=pppoe&p=%2Fproc%2F29462%2Fnet HTTP/2.0" 200 2524 "https://www.23rdbank.com.lab2454.com/whsy.php?p=%2Fproc%2F29462%2Fnet" "Mozilla/5.0 AppleWebKit/537.36 (KHTML, like Gecko; compatible; GPTBot/1.3; +https://openai.com/gptbot)"
74.7.243.216 - - [01/Mar/2026:15:54:22 +0000] "GET /whsy.php?e=status&p=%2Fproc%2F26782 HTTP/2.0" 200 2583 "https://23rdbank.com/whsy.php?p=%2Fproc%2F26782" "Mozilla/5.0 AppleWebKit/537.36 (KHTML, like Gecko; compatible; GPTBot/1.3; +https://openai.com/gptbot)"
74.7.241.39 - - [01/Mar/2026:15:54:24 +0000] "GET /whsy.php?p=%2Fproc%2F11146%2Ftask%2F12489%2Fnet%2Fip6t_hashlimit HTTP/2.0" 200 521 "https://23rdbank.com.lab2454.com/whsy.php?p=%2Fproc%2F11146%2Ftask%2F12489%2Fnet" "Mozilla/5.0 AppleWebKit/537.36 (KHTML, like Gecko; compatible; GPTBot/1.3; +https://openai.com/gptbot)"
74.7.243.195 - - [01/Mar/2026:15:54:31 +0000] "GET /whsy.php?e=pppoe&p=%2Fproc%2F29463%2Fnet HTTP/2.0" 200 2523 "https://www.23rdbank.com.lab2454.com/whsy.php?p=%2Fproc%2F29463%2Fnet" "Mozilla/5.0 AppleWebKit/537.36 (KHTML, like Gecko; compatible; GPTBot/1.3; +https://openai.com/gptbot)"
74.7.243.216 - - [01/Mar/2026:15:54:34 +0000] "GET /whsy.php?e=personality&p=%2Fproc%2F11119 HTTP/2.0" 200 830 "https://23rdbank.com/whsy.php?p=%2Fproc%2F11119" "Mozilla/5.0 AppleWebKit/537.36 (KHTML, like Gecko; compatible; GPTBot/1.3; +https://openai.com/gptbot)"
74.7.241.39 - - [01/Mar/2026:15:54:35 +0000] "GET /whsy.php?e=oom_adj&p=%2Fproc%2F11146%2Ftask%2F9357 HTTP/2.0" 200 1870 "https://23rdbank.com.lab2454.com/whsy.php?p=%2Fproc%2F11146%2Ftask%2F9357" "Mozilla/5.0 AppleWebKit/537.36 (KHTML, like Gecko; compatible; GPTBot/1.3; +https://openai.com/gptbot)"
74.7.243.195 - - [01/Mar/2026:15:54:39 +0000] "GET /whsy.php?e=arch_status&p=%2Fproc%2F29455 HTTP/2.0" 200 1982 "https://www.23rdbank.com.lab2454.com/whsy.php?p=%2Fproc%2F29455" "Mozilla/5.0 AppleWebKit/537.36 (KHTML, like Gecko; compatible; GPTBot/1.3; +https://openai.com/gptbot)"
74.7.243.216 - - [01/Mar/2026:15:54:44 +0000] "GET /whsy.php?e=mounts&p=%2Fproc%2F29452 HTTP/2.0" 200 2640 "https://23rdbank.com/whsy.php?p=%2Fproc%2F29452" "Mozilla/5.0 AppleWebKit/537.36 (KHTML, like Gecko; compatible; GPTBot/1.3; +https://openai.com/gptbot)"
74.7.241.39 - - [01/Mar/2026:15:54:53 +0000] "GET /whsy.php?e=oom_adj&p=%2Fproc%2F11146%2Ftask%2F9358 HTTP/2.0" 200 1869 "https://23rdbank.com.lab2454.com/whsy.php?p=%2Fproc%2F11146%2Ftask%2F9358" "Mozilla/5.0 AppleWebKit/537.36 (KHTML, like Gecko; compatible; GPTBot/1.3; +https://openai.com/gptbot)"
74.7.243.195 - - [01/Mar/2026:15:54:53 +0000] "GET /whsy.php?e=arch_status&p=%2Fproc%2F19201 HTTP/2.0" 200 830 "https://www.23rdbank.com.lab2454.com/whsy.php?p=%2Fproc%2F19201" "Mozilla/5.0 AppleWebKit/537.36 (KHTML, like Gecko; compatible; GPTBot/1.3; +https://openai.com/gptbot)"
74.7.230.58 - - [01/Mar/2026:15:54:54 +0000] "GET /robots.txt HTTP/2.0" 404 - "-" "Mozilla/5.0 (Macintosh; Intel Mac OS X 10_15_7) AppleWebKit/537.36 (KHTML, like Gecko) Chrome/131.0.0.0 Safari/537.36; compatible; OAI-SearchBot/1.3; robots.txt; +https://openai.com/searchbot"
74.7.243.216 - - [01/Mar/2026:15:55:01 +0000] "GET /whsy.php?e=limits&p=%2Fproc%2F26782 HTTP/2.0" 200 2232 "https://23rdbank.com/whsy.php?p=%2Fproc%2F26782" "Mozilla/5.0 AppleWebKit/537.36 (KHTML, like Gecko; compatible; GPTBot/1.3; +https://openai.com/gptbot)"
74.7.241.39 - - [01/Mar/2026:15:55:09 +0000] "GET /whsy.php?e=mountinfo&p=%2Fproc%2F11146%2Ftask%2F12489 HTTP/2.0" 200 2832 "https://23rdbank.com.lab2454.com/whsy.php?p=%2Fproc%2F11146%2Ftask%2F12489" "Mozilla/5.0 AppleWebKit/537.36 (KHTML, like Gecko; compatible; GPTBot/1.3; +https://openai.com/gptbot)"
74.7.243.195 - - [01/Mar/2026:15:55:09 +0000] "GET /whsy.php?e=arch_status&p=%2Fproc%2F29459 HTTP/2.0" 200 1982 "https://www.23rdbank.com.lab2454.com/whsy.php?p=%2Fproc%2F29459" "Mozilla/5.0 AppleWebKit/537.36 (KHTML, like Gecko; compatible; GPTBot/1.3; +https://openai.com/gptbot)"
74.7.243.216 - - [01/Mar/2026:15:55:20 +0000] "GET /whsy.php?e=limits&p=%2Fproc%2F29452 HTTP/2.0" 200 2251 "https://23rdbank.com/whsy.php?p=%2Fproc%2F29452" "Mozilla/5.0 AppleWebKit/537.36 (KHTML, like Gecko; compatible; GPTBot/1.3; +https://openai.com/gptbot)"
74.7.241.39 - - [01/Mar/2026:15:55:23 +0000] "GET /whsy.php?e=mountinfo&p=%2Fproc%2F11146%2Ftask%2F10925 HTTP/2.0" 200 2832 "https://23rdbank.com.lab2454.com/whsy.php?p=%2Fproc%2F11146%2Ftask%2F10925" "Mozilla/5.0 AppleWebKit/537.36 (KHTML, like Gecko; compatible; GPTBot/1.3; +https://openai.com/gptbot)"
74.7.243.195 - - [01/Mar/2026:15:55:24 +0000] "GET /whsy.php?e=arch_status&p=%2Fproc%2F31382 HTTP/2.0" 200 830 "https://www.23rdbank.com.lab2454.com/whsy.php?p=%2Fproc%2F31382" "Mozilla/5.0 AppleWebKit/537.36 (KHTML, like Gecko; compatible; GPTBot/1.3; +https://openai.com/gptbot)"
74.7.243.216 - - [01/Mar/2026:15:55:36 +0000] "GET /whsy.php?e=mounts&p=%2Fproc%2F26782 HTTP/2.0" 200 2677 "https://23rdbank.com/whsy.php?p=%2Fproc%2F26782" "Mozilla/5.0 AppleWebKit/537.36 (KHTML, like Gecko; compatible; GPTBot/1.3; +https://openai.com/gptbot)"
74.7.241.39 - - [01/Mar/2026:15:55:40 +0000] "GET /whsy.php?e=mountinfo&p=%2Fproc%2F11146%2Ftask%2F12785 HTTP/2.0" 200 2833 "https://23rdbank.com.lab2454.com/whsy.php?p=%2Fproc%2F11146%2Ftask%2F12785" "Mozilla/5.0 AppleWebKit/537.36 (KHTML, like Gecko; compatible; GPTBot/1.3; +https://openai.com/gptbot)"
74.7.243.195 - - [01/Mar/2026:15:55:42 +0000] "GET /whsy.php?e=arch_status&p=%2Fproc%2F29464 HTTP/2.0" 200 1981 "https://www.23rdbank.com.lab2454.com/whsy.php?p=%2Fproc%2F29464" "Mozilla/5.0 AppleWebKit/537.36 (KHTML, like Gecko; compatible; GPTBot/1.3; +https://openai.com/gptbot)"
74.7.243.216 - - [01/Mar/2026:15:55:59 +0000] "GET /whsy.php?e=status&p=%2Fproc%2F29456 HTTP/2.0" 200 2508 "https://23rdbank.com/whsy.php?p=%2Fproc%2F29456" "Mozilla/5.0 AppleWebKit/537.36 (KHTML, like Gecko; compatible; GPTBot/1.3; +https://openai.com/gptbot)"
74.7.241.39 - - [01/Mar/2026:15:55:59 +0000] "GET /whsy.php?e=mountinfo&p=%2Fproc%2F11146%2Ftask%2F10926 HTTP/2.0" 200 2832 "https://23rdbank.com.lab2454.com/whsy.php?p=%2Fproc%2F11146%2Ftask%2F10926" "Mozilla/5.0 AppleWebKit/537.36 (KHTML, like Gecko; compatible; GPTBot/1.3; +https://openai.com/gptbot)"
74.7.243.195 - - [01/Mar/2026:15:56:00 +0000] "GET /whsy.php?e=arch_status&p=%2Fproc%2F27696 HTTP/2.0" 200 830 "https://www.23rdbank.com.lab2454.com/whsy.php?p=%2Fproc%2F27696" "Mozilla/5.0 AppleWebKit/537.36 (KHTML, like Gecko; compatible; GPTBot/1.3; +https://openai.com/gptbot)"
74.7.241.39 - - [01/Mar/2026:15:56:15 +0000] "GET /whsy.php?e=children&p=%2Fproc%2F11146%2Ftask%2F9572 HTTP/2.0" 200 1868 "https://23rdbank.com.lab2454.com/whsy.php?p=%2Fproc%2F11146%2Ftask%2F9572" "Mozilla/5.0 AppleWebKit/537.36 (KHTML, like Gecko; compatible; GPTBot/1.3; +https://openai.com/gptbot)"
74.7.243.195 - - [01/Mar/2026:15:56:16 +0000] "GET /whsy.php?e=igmp&p=%2Fproc%2F29456%2Fnet HTTP/2.0" 200 2592 "https://www.23rdbank.com.lab2454.com/whsy.php?p=%2Fproc%2F29456%2Fnet" "Mozilla/5.0 AppleWebKit/537.36 (KHTML, like Gecko; compatible; GPTBot/1.3; +https://openai.com/gptbot)"
74.7.243.216 - - [01/Mar/2026:15:56:17 +0000] "GET /whsy.php?e=timers&p=%2Fproc%2F29451 HTTP/2.0" 200 1979 "https://23rdbank.com/whsy.php?p=%2Fproc%2F29451" "Mozilla/5.0 AppleWebKit/537.36 (KHTML, like Gecko; compatible; GPTBot/1.3; +https://openai.com/gptbot)"
74.7.241.39 - - [01/Mar/2026:15:56:36 +0000] "GET /whsy.php?p=%2Fproc%2F11146%2Ftask%2F9358%2Fattr HTTP/2.0" 200 818 "https://23rdbank.com.lab2454.com/whsy.php?p=%2Fproc%2F11146%2Ftask%2F9358" "Mozilla/5.0 AppleWebKit/537.36 (KHTML, like Gecko; compatible; GPTBot/1.3; +https://openai.com/gptbot)"
74.7.243.195 - - [01/Mar/2026:15:56:37 +0000] "GET /whsy.php?e=unix&p=%2Fproc%2F29464%2Fnet HTTP/2.0" 200 5028 "https://www.23rdbank.com.lab2454.com/whsy.php?p=%2Fproc%2F29464%2Fnet" "Mozilla/5.0 AppleWebKit/537.36 (KHTML, like Gecko; compatible; GPTBot/1.3; +https://openai.com/gptbot)"
74.7.243.216 - - [01/Mar/2026:15:56:40 +0000] "GET /whsy.php?e=limits&p=%2Fproc%2F26554 HTTP/2.0" 200 830 "https://23rdbank.com/whsy.php?p=%2Fproc%2F26554" "Mozilla/5.0 AppleWebKit/537.36 (KHTML, like Gecko; compatible; GPTBot/1.3; +https://openai.com/gptbot)"
74.7.241.39 - - [01/Mar/2026:15:56:52 +0000] "GET /whsy.php?p=%2Fproc%2F11146%2Ftask%2F9572%2Fattr%2F.. HTTP/2.0" 200 1801 "https://23rdbank.com.lab2454.com/whsy.php?p=%2Fproc%2F11146%2Ftask%2F9572%2Fattr" "Mozilla/5.0 AppleWebKit/537.36 (KHTML, like Gecko; compatible; GPTBot/1.3; +https://openai.com/gptbot)"
74.7.243.195 - - [01/Mar/2026:15:56:53 +0000] "GET /whsy.php?e=igmp&p=%2Fproc%2F29460%2Fnet HTTP/2.0" 200 2591 "https://www.23rdbank.com.lab2454.com/whsy.php?p=%2Fproc%2F29460%2Fnet" "Mozilla/5.0 AppleWebKit/537.36 (KHTML, like Gecko; compatible; GPTBot/1.3; +https://openai.com/gptbot)"
74.7.243.216 - - [01/Mar/2026:15:56:58 +0000] "GET /whsy.php?e=status&p=%2Fproc%2F29460 HTTP/2.0" 200 2511 "https://23rdbank.com/whsy.php?p=%2Fproc%2F29460" "Mozilla/5.0 AppleWebKit/537.36 (KHTML, like Gecko; compatible; GPTBot/1.3; +https://openai.com/gptbot)"
74.7.241.39 - - [01/Mar/2026:15:57:13 +0000] "GET /whsy.php?p=%2Fproc%2F11146%2Ftask%2F9357%2Fattr HTTP/2.0" 200 819 "https://23rdbank.com.lab2454.com/whsy.php?p=%2Fproc%2F11146%2Ftask%2F9357" "Mozilla/5.0 AppleWebKit/537.36 (KHTML, like Gecko; compatible; GPTBot/1.3; +https://openai.com/gptbot)"
74.7.243.195 - - [01/Mar/2026:15:57:15 +0000] "GET /whsy.php?e=unix&p=%2Fproc%2F29459%2Fnet HTTP/2.0" 200 5039 "https://www.23rdbank.com.lab2454.com/whsy.php?p=%2Fproc%2F29459%2Fnet" "Mozilla/5.0 AppleWebKit/537.36 (KHTML, like Gecko; compatible; GPTBot/1.3; +https://openai.com/gptbot)"
74.7.243.216 - - [01/Mar/2026:15:57:21 +0000] "GET /whsy.php?e=cgroup&p=%2Fproc%2F13097 HTTP/2.0" 200 2138 "https://23rdbank.com/whsy.php?p=%2Fproc%2F13097" "Mozilla/5.0 AppleWebKit/537.36 (KHTML, like Gecko; compatible; GPTBot/1.3; +https://openai.com/gptbot)"
74.7.241.39 - - [01/Mar/2026:15:57:33 +0000] "GET /whsy.php?e=numa_maps&p=%2Fproc%2F11146%2Ftask%2F9358 HTTP/2.0" 200 1991 "https://23rdbank.com.lab2454.com/whsy.php?p=%2Fproc%2F11146%2Ftask%2F9358" "Mozilla/5.0 AppleWebKit/537.36 (KHTML, like Gecko; compatible; GPTBot/1.3; +https://openai.com/gptbot)"
74.7.243.195 - - [01/Mar/2026:15:57:35 +0000] "GET /whsy.php?e=igmp&p=%2Fproc%2F29463%2Fnet HTTP/2.0" 200 2592 "https://www.23rdbank.com.lab2454.com/whsy.php?p=%2Fproc%2F29463%2Fnet" "Mozilla/5.0 AppleWebKit/537.36 (KHTML, like Gecko; compatible; GPTBot/1.3; +https://openai.com/gptbot)"
74.7.243.216 - - [01/Mar/2026:15:57:41 +0000] "GET /whsy.php?e=limits&p=%2Fproc%2F29455 HTTP/2.0" 200 2252 "https://23rdbank.com/whsy.php?p=%2Fproc%2F29455" "Mozilla/5.0 AppleWebKit/537.36 (KHTML, like Gecko; compatible; GPTBot/1.3; +https://openai.com/gptbot)"
74.7.244.25 - - [01/Mar/2026:15:57:42 +0000] "GET /robots.txt HTTP/2.0" 404 - "-" "Mozilla/5.0 (Macintosh; Intel Mac OS X 10_15_7) AppleWebKit/537.36 (KHTML, like Gecko) Chrome/131.0.0.0 Safari/537.36; compatible; OAI-SearchBot/1.3; robots.txt; +https://openai.com/searchbot"
74.7.241.39 - - [01/Mar/2026:15:57:53 +0000] "GET /whsy.php?e=numa_maps&p=%2Fproc%2F11146%2Ftask%2F9357 HTTP/2.0" 200 1992 "https://23rdbank.com.lab2454.com/whsy.php?p=%2Fproc%2F11146%2Ftask%2F9357" "Mozilla/5.0 AppleWebKit/537.36 (KHTML, like Gecko; compatible; GPTBot/1.3; +https://openai.com/gptbot)"
74.7.243.195 - - [01/Mar/2026:15:57:56 +0000] "GET /whsy.php?e=unix&p=%2Fproc%2F29455%2Fnet HTTP/2.0" 200 5039 "https://www.23rdbank.com.lab2454.com/whsy.php?p=%2Fproc%2F29455%2Fnet" "Mozilla/5.0 AppleWebKit/537.36 (KHTML, like Gecko; compatible; GPTBot/1.3; +https://openai.com/gptbot)"
74.7.243.216 - - [01/Mar/2026:15:58:05 +0000] "GET /whsy.php?e=status&p=%2Fproc%2F14665 HTTP/2.0" 200 830 "https://23rdbank.com/whsy.php?p=%2Fproc%2F14665" "Mozilla/5.0 AppleWebKit/537.36 (KHTML, like Gecko; compatible; GPTBot/1.3; +https://openai.com/gptbot)"
74.7.241.39 - - [01/Mar/2026:15:58:12 +0000] "GET /whsy.php?p=%2Fproc%2F11146%2Ftask%2F9358%2Fnet%2Fxt_recent HTTP/2.0" 200 518 "https://23rdbank.com.lab2454.com/whsy.php?p=%2Fproc%2F11146%2Ftask%2F9358%2Fnet" "Mozilla/5.0 AppleWebKit/537.36 (KHTML, like Gecko; compatible; GPTBot/1.3; +https://openai.com/gptbot)"
74.7.244.51 - - [01/Mar/2026:15:58:12 +0000] "GET /robots.txt HTTP/2.0" 404 - "-" "Mozilla/5.0 (Macintosh; Intel Mac OS X 10_15_7) AppleWebKit/537.36 (KHTML, like Gecko) Chrome/131.0.0.0 Safari/537.36; compatible; OAI-SearchBot/1.3; robots.txt; +https://openai.com/searchbot"
74.7.243.195 - - [01/Mar/2026:15:58:14 +0000] "GET /whsy.php?e=psched&p=%2Fproc%2F29462%2Fnet HTTP/2.0" 200 2532 "https://www.23rdbank.com.lab2454.com/whsy.php?p=%2Fproc%2F29462%2Fnet" "Mozilla/5.0 AppleWebKit/537.36 (KHTML, like Gecko; compatible; GPTBot/1.3; +https://openai.com/gptbot)"
74.7.243.216 - - [01/Mar/2026:15:58:29 +0000] "GET /whsy.php?e=cpuset&p=%2Fproc%2F13097 HTTP/2.0" 200 2005 "https://23rdbank.com/whsy.php?p=%2Fproc%2F13097" "Mozilla/5.0 AppleWebKit/537.36 (KHTML, like Gecko; compatible; GPTBot/1.3; +https://openai.com/gptbot)"
74.7.241.39 - - [01/Mar/2026:15:58:43 +0000] "GET /whsy.php?p=%2Fproc%2F11146%2Ftask%2F9357%2Fnet%2Fxt_recent HTTP/2.0" 200 518 "https://23rdbank.com.lab2454.com/whsy.php?p=%2Fproc%2F11146%2Ftask%2F9357%2Fnet" "Mozilla/5.0 AppleWebKit/537.36 (KHTML, like Gecko; compatible; GPTBot/1.3; +https://openai.com/gptbot)"
74.7.243.195 - - [01/Mar/2026:15:58:46 +0000] "GET /whsy.php?e=psched&p=%2Fproc%2F29452%2Fnet HTTP/2.0" 200 2532 "https://www.23rdbank.com.lab2454.com/whsy.php?p=%2Fproc%2F29452%2Fnet" "Mozilla/5.0 AppleWebKit/537.36 (KHTML, like Gecko; compatible; GPTBot/1.3; +https://openai.com/gptbot)"
74.7.243.216 - - [01/Mar/2026:15:58:56 +0000] "GET /whsy.php?e=timers&p=%2Fproc%2F14665 HTTP/2.0" 200 830 "https://23rdbank.com/whsy.php?p=%2Fproc%2F14665" "Mozilla/5.0 AppleWebKit/537.36 (KHTML, like Gecko; compatible; GPTBot/1.3; +https://openai.com/gptbot)"
74.7.243.195 - - [01/Mar/2026:15:59:05 +0000] "GET /whsy.php?e=psched&p=%2Fproc%2F29459%2Fnet HTTP/2.0" 200 2532 "https://www.23rdbank.com.lab2454.com/whsy.php?p=%2Fproc%2F29459%2Fnet" "Mozilla/5.0 AppleWebKit/537.36 (KHTML, like Gecko; compatible; GPTBot/1.3; +https://openai.com/gptbot)"
74.7.241.39 - - [01/Mar/2026:15:59:01 +0000] "GET /whsy.php?p=%2Fproc%2F11146%2Ftask%2F9356%2Ffdinfo HTTP/2.0" 200 761915 "https://23rdbank.com.lab2454.com/whsy.php?p=%2Fproc%2F11146%2Ftask%2F9356" "Mozilla/5.0 AppleWebKit/537.36 (KHTML, like Gecko; compatible; GPTBot/1.3; +https://openai.com/gptbot)"
74.7.243.216 - - [01/Mar/2026:15:59:37 +0000] "GET /whsy.php?e=status&p=%2Fproc%2F29461 HTTP/2.0" 200 2506 "https://23rdbank.com/whsy.php?p=%2Fproc%2F29461" "Mozilla/5.0 AppleWebKit/537.36 (KHTML, like Gecko; compatible; GPTBot/1.3; +https://openai.com/gptbot)"
74.7.243.195 - - [01/Mar/2026:15:59:41 +0000] "GET /whsy.php?e=netstat&p=%2Fproc%2F29462%2Fnet HTTP/2.0" 200 4236 "https://www.23rdbank.com.lab2454.com/whsy.php?p=%2Fproc%2F29462%2Fnet" "Mozilla/5.0 AppleWebKit/537.36 (KHTML, like Gecko; compatible; GPTBot/1.3; +https://openai.com/gptbot)"
74.7.241.39 - - [01/Mar/2026:15:59:51 +0000] "GET /whsy.php?p=%2Fproc%2F11146%2Ftask%2F11063 HTTP/2.0" 200 1801 "https://23rdbank.com.lab2454.com/whsy.php?p=%2Fproc%2F11146%2Ftask%2F29202%2F.." "Mozilla/5.0 AppleWebKit/537.36 (KHTML, like Gecko; compatible; GPTBot/1.3; +https://openai.com/gptbot)"
74.7.243.216 - - [01/Mar/2026:16:00:01 +0000] "GET /whsy.php?e=mounts&p=%2Fproc%2F29464 HTTP/2.0" 200 2640 "https://23rdbank.com/whsy.php?p=%2Fproc%2F29464" "Mozilla/5.0 AppleWebKit/537.36 (KHTML, like Gecko; compatible; GPTBot/1.3; +https://openai.com/gptbot)"
74.7.243.195 - - [01/Mar/2026:16:00:03 +0000] "GET /whsy.php?e=psched&p=%2Fproc%2F29455%2Fnet HTTP/2.0" 200 2532 "https://www.23rdbank.com.lab2454.com/whsy.php?p=%2Fproc%2F29455%2Fnet" "Mozilla/5.0 AppleWebKit/537.36 (KHTML, like Gecko; compatible; GPTBot/1.3; +https://openai.com/gptbot)"
74.7.230.58 - - [01/Mar/2026:16:00:03 +0000] "GET /robots.txt HTTP/2.0" 404 - "-" "Mozilla/5.0 (Macintosh; Intel Mac OS X 10_15_7) AppleWebKit/537.36 (KHTML, like Gecko) Chrome/131.0.0.0 Safari/537.36; compatible; OAI-SearchBot/1.3; robots.txt; +https://openai.com/searchbot"
74.7.241.39 - - [01/Mar/2026:16:00:17 +0000] "GET /whsy.php?p=%2Fproc%2F11146%2Ftask%2F9365%2Fattr HTTP/2.0" 200 818 "https://23rdbank.com.lab2454.com/whsy.php?p=%2Fproc%2F11146%2Ftask%2F9365" "Mozilla/5.0 AppleWebKit/537.36 (KHTML, like Gecko; compatible; GPTBot/1.3; +https://openai.com/gptbot)"
74.7.243.195 - - [01/Mar/2026:16:00:27 +0000] "GET /whsy.php?e=psched&p=%2Fproc%2F29464%2Fnet HTTP/2.0" 200 461 "https://www.23rdbank.com.lab2454.com/whsy.php?p=%2Fproc%2F29464%2Fnet" "Mozilla/5.0 AppleWebKit/537.36 (KHTML, like Gecko; compatible; GPTBot/1.3; +https://openai.com/gptbot)"
74.7.243.216 - - [01/Mar/2026:16:00:31 +0000] "GET /whsy.php?e=limits&p=%2Fproc%2F29464 HTTP/2.0" 200 830 "https://23rdbank.com/whsy.php?p=%2Fproc%2F29464" "Mozilla/5.0 AppleWebKit/537.36 (KHTML, like Gecko; compatible; GPTBot/1.3; +https://openai.com/gptbot)"
74.7.241.39 - - [01/Mar/2026:16:00:47 +0000] "GET /whsy.php?p=%2Fproc%2F11146%2Ftask%2F9360%2Fattr HTTP/2.0" 200 818 "https://23rdbank.com.lab2454.com/whsy.php?p=%2Fproc%2F11146%2Ftask%2F9360" "Mozilla/5.0 AppleWebKit/537.36 (KHTML, like Gecko; compatible; GPTBot/1.3; +https://openai.com/gptbot)"
74.7.243.195 - - [01/Mar/2026:16:00:54 +0000] "GET /whsy.php?e=netstat&p=%2Fproc%2F29452%2Fnet HTTP/2.0" 200 830 "https://www.23rdbank.com.lab2454.com/whsy.php?p=%2Fproc%2F29452%2Fnet" "Mozilla/5.0 AppleWebKit/537.36 (KHTML, like Gecko; compatible; GPTBot/1.3; +https://openai.com/gptbot)"
