74.7.243.195 - - [01/Mar/2026:13:34:28 +0000] "GET /whsy.php?p=%2Fproc%2F21248%2Ftask%2F21248 HTTP/2.0" 200 830 "https://www.23rdbank.com.lab2454.com/whsy.php?p=%2Fproc%2F21248%2Ftask" "Mozilla/5.0 AppleWebKit/537.36 (KHTML, like Gecko; compatible; GPTBot/1.3; +https://openai.com/gptbot)"
74.7.243.216 - - [01/Mar/2026:13:34:31 +0000] "GET /whsy.php?p=%2Fproc%2F23454 HTTP/2.0" 200 830 "https://23rdbank.com/whsy.php?p=%2Fproc%2F26675%2F.." "Mozilla/5.0 AppleWebKit/537.36 (KHTML, like Gecko; compatible; GPTBot/1.3; +https://openai.com/gptbot)"
74.7.241.39 - - [01/Mar/2026:13:34:35 +0000] "GET /whsy.php?p=%2Fproc%2F12654%2Ftask%2F13327%2Fnet%2F.. HTTP/2.0" 200 830 "https://23rdbank.com.lab2454.com/whsy.php?p=%2Fproc%2F12654%2Ftask%2F13327%2Fnet" "Mozilla/5.0 AppleWebKit/537.36 (KHTML, like Gecko; compatible; GPTBot/1.3; +https://openai.com/gptbot)"
74.7.243.195 - - [01/Mar/2026:13:34:41 +0000] "GET /whsy.php?p=%2Fproc%2F25929%2Ftask%2F25929 HTTP/2.0" 200 830 "https://www.23rdbank.com.lab2454.com/whsy.php?p=%2Fproc%2F25929%2Ftask" "Mozilla/5.0 AppleWebKit/537.36 (KHTML, like Gecko; compatible; GPTBot/1.3; +https://openai.com/gptbot)"
74.7.243.216 - - [01/Mar/2026:13:34:45 +0000] "GET /whsy.php?p=%2Fproc%2F12542 HTTP/2.0" 200 830 "https://23rdbank.com/whsy.php?p=%2Fproc%2F26675%2F.." "Mozilla/5.0 AppleWebKit/537.36 (KHTML, like Gecko; compatible; GPTBot/1.3; +https://openai.com/gptbot)"
74.7.241.39 - - [01/Mar/2026:13:34:49 +0000] "GET /whsy.php?p=%2Fproc%2F27565%2Fnet%2Fvlan HTTP/2.0" 200 662 "https://23rdbank.com.lab2454.com/whsy.php?p=%2Fproc%2F27565%2Fnet" "Mozilla/5.0 AppleWebKit/537.36 (KHTML, like Gecko; compatible; GPTBot/1.3; +https://openai.com/gptbot)"
74.7.243.195 - - [01/Mar/2026:13:34:52 +0000] "GET /whsy.php?e=ip_mr_cache&p=%2Fproc%2F13796%2Fnet HTTP/2.0" 200 830 "https://www.23rdbank.com.lab2454.com/whsy.php?p=%2Fproc%2F13796%2Fnet" "Mozilla/5.0 AppleWebKit/537.36 (KHTML, like Gecko; compatible; GPTBot/1.3; +https://openai.com/gptbot)"
74.7.243.216 - - [01/Mar/2026:13:34:54 +0000] "GET /whsy.php?p=%2Fproc%2F19522 HTTP/2.0" 200 830 "https://23rdbank.com/whsy.php?p=%2Fproc%2F26675%2F.." "Mozilla/5.0 AppleWebKit/537.36 (KHTML, like Gecko; compatible; GPTBot/1.3; +https://openai.com/gptbot)"
74.7.241.39 - - [01/Mar/2026:13:35:00 +0000] "GET /whsy.php?p=%2Fproc%2F27716%2Fnet%2Fvlan HTTP/2.0" 200 830 "https://23rdbank.com.lab2454.com/whsy.php?p=%2Fproc%2F27716%2Fnet" "Mozilla/5.0 AppleWebKit/537.36 (KHTML, like Gecko; compatible; GPTBot/1.3; +https://openai.com/gptbot)"
74.7.243.195 - - [01/Mar/2026:13:35:04 +0000] "GET /whsy.php?e=ip_mr_cache&p=%2Fproc%2F18907%2Fnet HTTP/2.0" 200 2548 "https://www.23rdbank.com.lab2454.com/whsy.php?p=%2Fproc%2F18907%2Fnet" "Mozilla/5.0 AppleWebKit/537.36 (KHTML, like Gecko; compatible; GPTBot/1.3; +https://openai.com/gptbot)"
74.7.243.216 - - [01/Mar/2026:13:35:07 +0000] "GET /whsy.php?p=%2Fproc%2F28932 HTTP/2.0" 200 830 "https://23rdbank.com/whsy.php?p=%2Fproc%2F26675%2F.." "Mozilla/5.0 AppleWebKit/537.36 (KHTML, like Gecko; compatible; GPTBot/1.3; +https://openai.com/gptbot)"
74.7.241.39 - - [01/Mar/2026:13:35:15 +0000] "GET /whsy.php?p=%2Fproc%2F24535%2Fnet%2Fvlan HTTP/2.0" 200 830 "https://23rdbank.com.lab2454.com/whsy.php?p=%2Fproc%2F24535%2Fnet" "Mozilla/5.0 AppleWebKit/537.36 (KHTML, like Gecko; compatible; GPTBot/1.3; +https://openai.com/gptbot)"
74.7.243.195 - - [01/Mar/2026:13:35:22 +0000] "GET /whsy.php?e=ip_vs_stats&p=%2Fproc%2F18907%2Fnet HTTP/2.0" 200 2590 "https://www.23rdbank.com.lab2454.com/whsy.php?p=%2Fproc%2F18907%2Fnet" "Mozilla/5.0 AppleWebKit/537.36 (KHTML, like Gecko; compatible; GPTBot/1.3; +https://openai.com/gptbot)"
64.89.163.69 - - [01/Mar/2026:13:35:23 +0000] "GET /wp-content/themes/seotheme/db.php?u HTTP/1.1" 404 - "www.google.com" "Mozlila/5.0 (Linux; Android 7.0; SM-G892A Bulid/NRD90M; wv) AppleWebKit/537.36 (KHTML, like Gecko) Version/4.0 Chrome/60.0.3112.107 Moblie Safari/537.36"
64.89.163.69 - - [01/Mar/2026:13:35:23 +0000] "POST /wp-plain.php HTTP/1.1" 404 - "www.google.com" "Mozilla/5.0 (Linux; Android 7.0; SM-G892A Bulid/NRD90M; wv) AppleWebKit/537.36 (KHTML, like Gecko) Version/4.0 Chrome/60.0.3112.107 Moblie Safari/537.36"
64.89.163.69 - - [01/Mar/2026:13:35:23 +0000] "GET /wlockefu.php?Fox=d3wL7 HTTP/1.1" 404 - "www.google.com" "Mozilla/5.0 (Linux; Android 7.0; SM-G892A Bulid/NRD90M; wv) AppleWebKit/537.36 (KHTML, like Gecko) Version/4.0 Chrome/60.0.3112.107 Moblie Safari/537.36"
74.7.243.216 - - [01/Mar/2026:13:35:25 +0000] "GET /whsy.php?p=%2Fproc%2F28931 HTTP/2.0" 200 830 "https://23rdbank.com/whsy.php?p=%2Fproc%2F26675%2F.." "Mozilla/5.0 AppleWebKit/537.36 (KHTML, like Gecko; compatible; GPTBot/1.3; +https://openai.com/gptbot)"
74.7.241.39 - - [01/Mar/2026:13:35:29 +0000] "GET /whsy.php?p=%2Fproc%2F16231%2Fnet%2Fvlan HTTP/2.0" 200 830 "https://23rdbank.com.lab2454.com/whsy.php?p=%2Fproc%2F16231%2Fnet" "Mozilla/5.0 AppleWebKit/537.36 (KHTML, like Gecko; compatible; GPTBot/1.3; +https://openai.com/gptbot)"
74.7.243.195 - - [01/Mar/2026:13:35:40 +0000] "GET /whsy.php?e=ip_vs_stats&p=%2Fproc%2F13796%2Fnet HTTP/2.0" 200 830 "https://www.23rdbank.com.lab2454.com/whsy.php?p=%2Fproc%2F13796%2Fnet" "Mozilla/5.0 AppleWebKit/537.36 (KHTML, like Gecko; compatible; GPTBot/1.3; +https://openai.com/gptbot)"
74.7.243.216 - - [01/Mar/2026:13:35:44 +0000] "GET /whsy.php?p=%2Fproc%2F24188 HTTP/2.0" 200 830 "https://23rdbank.com/whsy.php?p=%2Fproc%2F26675%2F.." "Mozilla/5.0 AppleWebKit/537.36 (KHTML, like Gecko; compatible; GPTBot/1.3; +https://openai.com/gptbot)"
74.7.241.39 - - [01/Mar/2026:13:35:52 +0000] "GET /whsy.php?e=keycreate&p=%2Fproc%2F27716%2Fattr HTTP/2.0" 200 830 "https://23rdbank.com.lab2454.com/whsy.php?p=%2Fproc%2F27716%2Fattr" "Mozilla/5.0 AppleWebKit/537.36 (KHTML, like Gecko; compatible; GPTBot/1.3; +https://openai.com/gptbot)"
74.7.243.195 - - [01/Mar/2026:13:35:58 +0000] "GET /whsy.php?e=ip_mr_vif&p=%2Fproc%2F13796%2Fnet HTTP/2.0" 200 830 "https://www.23rdbank.com.lab2454.com/whsy.php?p=%2Fproc%2F13796%2Fnet" "Mozilla/5.0 AppleWebKit/537.36 (KHTML, like Gecko; compatible; GPTBot/1.3; +https://openai.com/gptbot)"
74.7.243.216 - - [01/Mar/2026:13:36:00 +0000] "GET /whsy.php?e=mountinfo&p=%2Fproc%2F30534 HTTP/2.0" 200 2988 "https://23rdbank.com/whsy.php?p=%2Fproc%2F30534" "Mozilla/5.0 AppleWebKit/537.36 (KHTML, like Gecko; compatible; GPTBot/1.3; +https://openai.com/gptbot)"
74.7.241.39 - - [01/Mar/2026:13:36:04 +0000] "GET /whsy.php?e=keycreate&p=%2Fproc%2F16231%2Fattr HTTP/2.0" 200 830 "https://23rdbank.com.lab2454.com/whsy.php?p=%2Fproc%2F16231%2Fattr" "Mozilla/5.0 AppleWebKit/537.36 (KHTML, like Gecko; compatible; GPTBot/1.3; +https://openai.com/gptbot)"
74.7.243.195 - - [01/Mar/2026:13:36:07 +0000] "GET /whsy.php?e=ip_mr_vif&p=%2Fproc%2F18907%2Fnet HTTP/2.0" 200 2552 "https://www.23rdbank.com.lab2454.com/whsy.php?p=%2Fproc%2F18907%2Fnet" "Mozilla/5.0 AppleWebKit/537.36 (KHTML, like Gecko; compatible; GPTBot/1.3; +https://openai.com/gptbot)"
74.7.243.216 - - [01/Mar/2026:13:36:11 +0000] "GET /whsy.php?e=timerslack_ns&p=%2Fproc%2F30534 HTTP/2.0" 200 2008 "https://23rdbank.com/whsy.php?p=%2Fproc%2F30534" "Mozilla/5.0 AppleWebKit/537.36 (KHTML, like Gecko; compatible; GPTBot/1.3; +https://openai.com/gptbot)"
74.7.241.39 - - [01/Mar/2026:13:36:16 +0000] "GET /whsy.php?e=keycreate&p=%2Fproc%2F27565%2Fattr HTTP/2.0" 200 864 "https://23rdbank.com.lab2454.com/whsy.php?p=%2Fproc%2F27565%2Fattr" "Mozilla/5.0 AppleWebKit/537.36 (KHTML, like Gecko; compatible; GPTBot/1.3; +https://openai.com/gptbot)"
74.7.243.195 - - [01/Mar/2026:13:36:19 +0000] "GET /whsy.php?e=xfrm_stat&p=%2Fproc%2F23081%2Fnet HTTP/2.0" 200 830 "https://www.23rdbank.com.lab2454.com/whsy.php?p=%2Fproc%2F23081%2Fnet" "Mozilla/5.0 AppleWebKit/537.36 (KHTML, like Gecko; compatible; GPTBot/1.3; +https://openai.com/gptbot)"
74.7.243.216 - - [01/Mar/2026:13:36:22 +0000] "GET /whsy.php?e=statm&p=%2Fproc%2F30534 HTTP/2.0" 200 2032 "https://23rdbank.com/whsy.php?p=%2Fproc%2F30534" "Mozilla/5.0 AppleWebKit/537.36 (KHTML, like Gecko; compatible; GPTBot/1.3; +https://openai.com/gptbot)"
74.7.241.39 - - [01/Mar/2026:13:36:25 +0000] "GET /whsy.php?e=keycreate&p=%2Fproc%2F24535%2Fattr HTTP/2.0" 200 830 "https://23rdbank.com.lab2454.com/whsy.php?p=%2Fproc%2F24535%2Fattr" "Mozilla/5.0 AppleWebKit/537.36 (KHTML, like Gecko; compatible; GPTBot/1.3; +https://openai.com/gptbot)"
74.7.243.195 - - [01/Mar/2026:13:36:29 +0000] "GET /whsy.php?e=xfrm_stat&p=%2Fproc%2F25364%2Fnet HTTP/2.0" 200 2716 "https://www.23rdbank.com.lab2454.com/whsy.php?p=%2Fproc%2F25364%2Fnet" "Mozilla/5.0 AppleWebKit/537.36 (KHTML, like Gecko; compatible; GPTBot/1.3; +https://openai.com/gptbot)"
74.7.243.216 - - [01/Mar/2026:13:36:32 +0000] "GET /whsy.php?e=stack&p=%2Fproc%2F30534 HTTP/2.0" 200 1936 "https://23rdbank.com/whsy.php?p=%2Fproc%2F30534" "Mozilla/5.0 AppleWebKit/537.36 (KHTML, like Gecko; compatible; GPTBot/1.3; +https://openai.com/gptbot)"
74.7.241.39 - - [01/Mar/2026:13:36:35 +0000] "GET /whsy.php?e=protocols&p=%2Fproc%2F26664%2Fnet HTTP/2.0" 200 830 "https://23rdbank.com.lab2454.com/whsy.php?p=%2Fproc%2F26664%2Fnet" "Mozilla/5.0 AppleWebKit/537.36 (KHTML, like Gecko; compatible; GPTBot/1.3; +https://openai.com/gptbot)"
74.7.243.195 - - [01/Mar/2026:13:36:37 +0000] "GET /whsy.php?e=dev_mcast&p=%2Fproc%2F25364%2Fnet HTTP/2.0" 200 2578 "https://www.23rdbank.com.lab2454.com/whsy.php?p=%2Fproc%2F25364%2Fnet" "Mozilla/5.0 AppleWebKit/537.36 (KHTML, like Gecko; compatible; GPTBot/1.3; +https://openai.com/gptbot)"
74.7.243.216 - - [01/Mar/2026:13:36:38 +0000] "GET /whsy.php?e=auxv&p=%2Fproc%2F30534 HTTP/2.0" 200 1936 "https://23rdbank.com/whsy.php?p=%2Fproc%2F30534" "Mozilla/5.0 AppleWebKit/537.36 (KHTML, like Gecko; compatible; GPTBot/1.3; +https://openai.com/gptbot)"
74.7.243.195 - - [01/Mar/2026:13:36:41 +0000] "GET /whsy.php?e=dev_mcast&p=%2Fproc%2F26917%2Fnet HTTP/2.0" 200 2578 "https://www.23rdbank.com.lab2454.com/whsy.php?p=%2Fproc%2F26917%2Fnet" "Mozilla/5.0 AppleWebKit/537.36 (KHTML, like Gecko; compatible; GPTBot/1.3; +https://openai.com/gptbot)"
74.7.243.216 - - [01/Mar/2026:13:36:43 +0000] "GET /whsy.php?e=wchan&p=%2Fproc%2F30534 HTTP/2.0" 200 2005 "https://23rdbank.com/whsy.php?p=%2Fproc%2F30534" "Mozilla/5.0 AppleWebKit/537.36 (KHTML, like Gecko; compatible; GPTBot/1.3; +https://openai.com/gptbot)"
74.7.241.39 - - [01/Mar/2026:13:36:44 +0000] "GET /whsy.php?e=mountinfo&p=%2Fproc%2F13796%2Ftask%2F14009 HTTP/2.0" 200 830 "https://23rdbank.com.lab2454.com/whsy.php?p=%2Fproc%2F13796%2Ftask%2F14009" "Mozilla/5.0 AppleWebKit/537.36 (KHTML, like Gecko; compatible; GPTBot/1.3; +https://openai.com/gptbot)"
74.7.243.195 - - [01/Mar/2026:13:36:46 +0000] "GET /whsy.php?e=xfrm_stat&p=%2Fproc%2F26917%2Fnet HTTP/2.0" 200 2715 "https://www.23rdbank.com.lab2454.com/whsy.php?p=%2Fproc%2F26917%2Fnet" "Mozilla/5.0 AppleWebKit/537.36 (KHTML, like Gecko; compatible; GPTBot/1.3; +https://openai.com/gptbot)"
74.7.243.216 - - [01/Mar/2026:13:36:47 +0000] "GET /whsy.php?e=sessionid&p=%2Fproc%2F30534 HTTP/2.0" 200 2016 "https://23rdbank.com/whsy.php?p=%2Fproc%2F30534" "Mozilla/5.0 AppleWebKit/537.36 (KHTML, like Gecko; compatible; GPTBot/1.3; +https://openai.com/gptbot)"
74.7.243.195 - - [01/Mar/2026:13:36:51 +0000] "GET /whsy.php?e=dev_mcast&p=%2Fproc%2F23081%2Fnet HTTP/2.0" 200 830 "https://www.23rdbank.com.lab2454.com/whsy.php?p=%2Fproc%2F23081%2Fnet" "Mozilla/5.0 AppleWebKit/537.36 (KHTML, like Gecko; compatible; GPTBot/1.3; +https://openai.com/gptbot)"
74.7.243.216 - - [01/Mar/2026:13:36:56 +0000] "GET /whsy.php?e=schedstat&p=%2Fproc%2F30534 HTTP/2.0" 200 2024 "https://23rdbank.com/whsy.php?p=%2Fproc%2F30534" "Mozilla/5.0 AppleWebKit/537.36 (KHTML, like Gecko; compatible; GPTBot/1.3; +https://openai.com/gptbot)"
74.7.241.39 - - [01/Mar/2026:13:37:00 +0000] "GET /whsy.php?e=coredump_filter&p=%2Fproc%2F30280 HTTP/2.0" 200 830 "https://23rdbank.com.lab2454.com/whsy.php?p=%2Fproc%2F30280" "Mozilla/5.0 AppleWebKit/537.36 (KHTML, like Gecko; compatible; GPTBot/1.3; +https://openai.com/gptbot)"
74.7.244.51 - - [01/Mar/2026:13:37:00 +0000] "GET /robots.txt HTTP/2.0" 404 - "-" "Mozilla/5.0 (Macintosh; Intel Mac OS X 10_15_7) AppleWebKit/537.36 (KHTML, like Gecko) Chrome/131.0.0.0 Safari/537.36; compatible; OAI-SearchBot/1.3; robots.txt; +https://openai.com/searchbot"
74.7.243.195 - - [01/Mar/2026:13:37:03 +0000] "GET /whsy.php?e=xfrm_stat&p=%2Fproc%2F12654%2Fnet HTTP/2.0" 200 830 "https://www.23rdbank.com.lab2454.com/whsy.php?p=%2Fproc%2F12654%2Fnet" "Mozilla/5.0 AppleWebKit/537.36 (KHTML, like Gecko; compatible; GPTBot/1.3; +https://openai.com/gptbot)"
74.7.243.216 - - [01/Mar/2026:13:37:07 +0000] "GET /whsy.php?e=setgroups&p=%2Fproc%2F30534 HTTP/2.0" 200 2007 "https://23rdbank.com/whsy.php?p=%2Fproc%2F30534" "Mozilla/5.0 AppleWebKit/537.36 (KHTML, like Gecko; compatible; GPTBot/1.3; +https://openai.com/gptbot)"
74.7.241.39 - - [01/Mar/2026:13:37:15 +0000] "GET /whsy.php?e=coredump_filter&p=%2Fproc%2F25633 HTTP/2.0" 200 830 "https://23rdbank.com.lab2454.com/whsy.php?p=%2Fproc%2F25633" "Mozilla/5.0 AppleWebKit/537.36 (KHTML, like Gecko; compatible; GPTBot/1.3; +https://openai.com/gptbot)"
74.7.243.195 - - [01/Mar/2026:13:37:18 +0000] "GET /whsy.php?e=xfrm_stat&p=%2Fproc%2F20573%2Fnet HTTP/2.0" 200 830 "https://www.23rdbank.com.lab2454.com/whsy.php?p=%2Fproc%2F20573%2Fnet" "Mozilla/5.0 AppleWebKit/537.36 (KHTML, like Gecko; compatible; GPTBot/1.3; +https://openai.com/gptbot)"
74.7.230.58 - - [01/Mar/2026:13:37:19 +0000] "GET /robots.txt HTTP/2.0" 404 - "-" "Mozilla/5.0 (Macintosh; Intel Mac OS X 10_15_7) AppleWebKit/537.36 (KHTML, like Gecko) Chrome/131.0.0.0 Safari/537.36; compatible; OAI-SearchBot/1.3; robots.txt; +https://openai.com/searchbot"
74.7.243.216 - - [01/Mar/2026:13:37:20 +0000] "GET /whsy.php?e=autogroup&p=%2Fproc%2F30534 HTTP/2.0" 200 2020 "https://23rdbank.com/whsy.php?p=%2Fproc%2F30534" "Mozilla/5.0 AppleWebKit/537.36 (KHTML, like Gecko; compatible; GPTBot/1.3; +https://openai.com/gptbot)"
74.7.241.39 - - [01/Mar/2026:13:37:24 +0000] "GET /whsy.php?e=coredump_filter&p=%2Fproc%2F16231 HTTP/2.0" 200 830 "https://23rdbank.com.lab2454.com/whsy.php?p=%2Fproc%2F16231" "Mozilla/5.0 AppleWebKit/537.36 (KHTML, like Gecko; compatible; GPTBot/1.3; +https://openai.com/gptbot)"
74.7.243.195 - - [01/Mar/2026:13:37:28 +0000] "GET /whsy.php?e=dev_mcast&p=%2Fproc%2F12654%2Fnet HTTP/2.0" 200 830 "https://www.23rdbank.com.lab2454.com/whsy.php?p=%2Fproc%2F12654%2Fnet" "Mozilla/5.0 AppleWebKit/537.36 (KHTML, like Gecko; compatible; GPTBot/1.3; +https://openai.com/gptbot)"
74.7.243.216 - - [01/Mar/2026:13:37:31 +0000] "GET /whsy.php?e=stat&p=%2Fproc%2F30534 HTTP/2.0" 200 2130 "https://23rdbank.com/whsy.php?p=%2Fproc%2F30534" "Mozilla/5.0 AppleWebKit/537.36 (KHTML, like Gecko; compatible; GPTBot/1.3; +https://openai.com/gptbot)"
74.7.241.39 - - [01/Mar/2026:13:37:38 +0000] "GET /whsy.php?e=coredump_filter&p=%2Fproc%2F28393 HTTP/2.0" 200 830 "https://23rdbank.com.lab2454.com/whsy.php?p=%2Fproc%2F28393" "Mozilla/5.0 AppleWebKit/537.36 (KHTML, like Gecko; compatible; GPTBot/1.3; +https://openai.com/gptbot)"
74.7.243.195 - - [01/Mar/2026:13:37:44 +0000] "GET /whsy.php?e=dev_mcast&p=%2Fproc%2F20573%2Fnet HTTP/2.0" 200 830 "https://www.23rdbank.com.lab2454.com/whsy.php?p=%2Fproc%2F20573%2Fnet" "Mozilla/5.0 AppleWebKit/537.36 (KHTML, like Gecko; compatible; GPTBot/1.3; +https://openai.com/gptbot)"
74.7.243.216 - - [01/Mar/2026:13:37:47 +0000] "GET /whsy.php?e=uid_map&p=%2Fproc%2F30534 HTTP/2.0" 200 2022 "https://23rdbank.com/whsy.php?p=%2Fproc%2F30534" "Mozilla/5.0 AppleWebKit/537.36 (KHTML, like Gecko; compatible; GPTBot/1.3; +https://openai.com/gptbot)"
74.7.241.39 - - [01/Mar/2026:13:37:52 +0000] "GET /whsy.php?e=coredump_filter&p=%2Fproc%2F16762 HTTP/2.0" 200 830 "https://23rdbank.com.lab2454.com/whsy.php?p=%2Fproc%2F16762" "Mozilla/5.0 AppleWebKit/537.36 (KHTML, like Gecko; compatible; GPTBot/1.3; +https://openai.com/gptbot)"
74.7.243.195 - - [01/Mar/2026:13:37:56 +0000] "GET /whsy.php?p=%2Fproc%2F13796%2Ftask%2F14009%2Fnet%2Fsctp HTTP/2.0" 200 830 "https://www.23rdbank.com.lab2454.com/whsy.php?p=%2Fproc%2F13796%2Ftask%2F14009%2Fnet" "Mozilla/5.0 AppleWebKit/537.36 (KHTML, like Gecko; compatible; GPTBot/1.3; +https://openai.com/gptbot)"
74.7.243.216 - - [01/Mar/2026:13:37:58 +0000] "GET /whsy.php?e=gid_map&p=%2Fproc%2F30534 HTTP/2.0" 200 2025 "https://23rdbank.com/whsy.php?p=%2Fproc%2F30534" "Mozilla/5.0 AppleWebKit/537.36 (KHTML, like Gecko; compatible; GPTBot/1.3; +https://openai.com/gptbot)"
74.7.241.39 - - [01/Mar/2026:13:38:02 +0000] "GET /whsy.php?e=coredump_filter&p=%2Fproc%2F15911 HTTP/2.0" 200 830 "https://23rdbank.com.lab2454.com/whsy.php?p=%2Fproc%2F15911" "Mozilla/5.0 AppleWebKit/537.36 (KHTML, like Gecko; compatible; GPTBot/1.3; +https://openai.com/gptbot)"
74.7.243.195 - - [01/Mar/2026:13:38:09 +0000] "GET /whsy.php?e=snmp6&p=%2Fproc%2F25929%2Fnet HTTP/2.0" 200 830 "https://www.23rdbank.com.lab2454.com/whsy.php?p=%2Fproc%2F25929%2Fnet" "Mozilla/5.0 AppleWebKit/537.36 (KHTML, like Gecko; compatible; GPTBot/1.3; +https://openai.com/gptbot)"
74.7.243.216 - - [01/Mar/2026:13:38:16 +0000] "GET /whsy.php?e=smaps&p=%2Fproc%2F30534 HTTP/2.0" 200 2121 "https://23rdbank.com/whsy.php?p=%2Fproc%2F30534" "Mozilla/5.0 AppleWebKit/537.36 (KHTML, like Gecko; compatible; GPTBot/1.3; +https://openai.com/gptbot)"
74.7.241.39 - - [01/Mar/2026:13:38:30 +0000] "GET /whsy.php?e=coredump_filter&p=%2Fproc%2F27375 HTTP/2.0" 200 830 "https://23rdbank.com.lab2454.com/whsy.php?p=%2Fproc%2F27375" "Mozilla/5.0 AppleWebKit/537.36 (KHTML, like Gecko; compatible; GPTBot/1.3; +https://openai.com/gptbot)"
74.7.243.195 - - [01/Mar/2026:13:38:34 +0000] "GET /whsy.php?p=%2Fproc%2F18907%2Fnet%2Fstat HTTP/2.0" 200 821 "https://www.23rdbank.com.lab2454.com/whsy.php?p=%2Fproc%2F18907%2Fnet" "Mozilla/5.0 AppleWebKit/537.36 (KHTML, like Gecko; compatible; GPTBot/1.3; +https://openai.com/gptbot)"
74.7.243.216 - - [01/Mar/2026:13:38:36 +0000] "GET /whsy.php?e=oom_adj&p=%2Fproc%2F30534 HTTP/2.0" 200 2006 "https://23rdbank.com/whsy.php?p=%2Fproc%2F30534" "Mozilla/5.0 AppleWebKit/537.36 (KHTML, like Gecko; compatible; GPTBot/1.3; +https://openai.com/gptbot)"
74.7.241.39 - - [01/Mar/2026:13:38:40 +0000] "GET /whsy.php?e=coredump_filter&p=%2Fproc%2F24947 HTTP/2.0" 200 830 "https://23rdbank.com.lab2454.com/whsy.php?p=%2Fproc%2F24947" "Mozilla/5.0 AppleWebKit/537.36 (KHTML, like Gecko; compatible; GPTBot/1.3; +https://openai.com/gptbot)"
74.7.243.195 - - [01/Mar/2026:13:38:49 +0000] "GET /whsy.php?p=%2Fproc%2F13796%2Fnet%2Fstat HTTP/2.0" 200 830 "https://www.23rdbank.com.lab2454.com/whsy.php?p=%2Fproc%2F13796%2Fnet" "Mozilla/5.0 AppleWebKit/537.36 (KHTML, like Gecko; compatible; GPTBot/1.3; +https://openai.com/gptbot)"
74.7.243.216 - - [01/Mar/2026:13:38:52 +0000] "GET /whsy.php?e=ksm_stat&p=%2Fproc%2F30534 HTTP/2.0" 200 1936 "https://23rdbank.com/whsy.php?p=%2Fproc%2F30534" "Mozilla/5.0 AppleWebKit/537.36 (KHTML, like Gecko; compatible; GPTBot/1.3; +https://openai.com/gptbot)"
74.7.241.39 - - [01/Mar/2026:13:38:57 +0000] "GET /whsy.php?e=coredump_filter&p=%2Fproc%2F25001 HTTP/2.0" 200 830 "https://23rdbank.com.lab2454.com/whsy.php?p=%2Fproc%2F25001" "Mozilla/5.0 AppleWebKit/537.36 (KHTML, like Gecko; compatible; GPTBot/1.3; +https://openai.com/gptbot)"
74.7.243.195 - - [01/Mar/2026:13:39:02 +0000] "GET /whsy.php?e=nf_conntrack&p=%2Fproc%2F13796%2Fnet HTTP/2.0" 200 830 "https://www.23rdbank.com.lab2454.com/whsy.php?p=%2Fproc%2F13796%2Fnet" "Mozilla/5.0 AppleWebKit/537.36 (KHTML, like Gecko; compatible; GPTBot/1.3; +https://openai.com/gptbot)"
74.7.243.216 - - [01/Mar/2026:13:39:05 +0000] "GET /whsy.php?e=oom_score_adj&p=%2Fproc%2F30534 HTTP/2.0" 200 2008 "https://23rdbank.com/whsy.php?p=%2Fproc%2F30534" "Mozilla/5.0 AppleWebKit/537.36 (KHTML, like Gecko; compatible; GPTBot/1.3; +https://openai.com/gptbot)"
74.7.244.25 - - [01/Mar/2026:13:39:05 +0000] "GET /robots.txt HTTP/2.0" 404 - "-" "Mozilla/5.0 (Macintosh; Intel Mac OS X 10_15_7) AppleWebKit/537.36 (KHTML, like Gecko) Chrome/131.0.0.0 Safari/537.36; compatible; OAI-SearchBot/1.3; robots.txt; +https://openai.com/searchbot"
74.7.241.39 - - [01/Mar/2026:13:39:07 +0000] "GET /whsy.php?e=coredump_filter&p=%2Fproc%2F27919 HTTP/2.0" 200 830 "https://23rdbank.com.lab2454.com/whsy.php?p=%2Fproc%2F27919" "Mozilla/5.0 AppleWebKit/537.36 (KHTML, like Gecko; compatible; GPTBot/1.3; +https://openai.com/gptbot)"
74.7.243.195 - - [01/Mar/2026:13:39:12 +0000] "GET /whsy.php?e=fib_triestat&p=%2Fproc%2F16769%2Fnet HTTP/2.0" 200 2759 "https://www.23rdbank.com.lab2454.com/whsy.php?p=%2Fproc%2F16769%2Fnet" "Mozilla/5.0 AppleWebKit/537.36 (KHTML, like Gecko; compatible; GPTBot/1.3; +https://openai.com/gptbot)"
74.7.243.216 - - [01/Mar/2026:13:39:14 +0000] "GET /whsy.php?e=clear_refs&p=%2Fproc%2F30534 HTTP/2.0" 200 1936 "https://23rdbank.com/whsy.php?p=%2Fproc%2F30534" "Mozilla/5.0 AppleWebKit/537.36 (KHTML, like Gecko; compatible; GPTBot/1.3; +https://openai.com/gptbot)"
74.7.241.39 - - [01/Mar/2026:13:39:16 +0000] "GET /whsy.php?e=coredump_filter&p=%2Fproc%2F12901 HTTP/2.0" 200 830 "https://23rdbank.com.lab2454.com/whsy.php?p=%2Fproc%2F12901" "Mozilla/5.0 AppleWebKit/537.36 (KHTML, like Gecko; compatible; GPTBot/1.3; +https://openai.com/gptbot)"
74.7.243.195 - - [01/Mar/2026:13:39:20 +0000] "GET /whsy.php?e=nf_conntrack&p=%2Fproc%2F18907%2Fnet HTTP/2.0" 200 2442 "https://www.23rdbank.com.lab2454.com/whsy.php?p=%2Fproc%2F18907%2Fnet" "Mozilla/5.0 AppleWebKit/537.36 (KHTML, like Gecko; compatible; GPTBot/1.3; +https://openai.com/gptbot)"
74.7.243.216 - - [01/Mar/2026:13:39:22 +0000] "GET /whsy.php?e=maps&p=%2Fproc%2F30534 HTTP/2.0" 200 2118 "https://23rdbank.com/whsy.php?p=%2Fproc%2F30534" "Mozilla/5.0 AppleWebKit/537.36 (KHTML, like Gecko; compatible; GPTBot/1.3; +https://openai.com/gptbot)"
74.7.241.39 - - [01/Mar/2026:13:39:26 +0000] "GET /whsy.php?e=coredump_filter&p=%2Fproc%2F25363 HTTP/2.0" 200 830 "https://23rdbank.com.lab2454.com/whsy.php?p=%2Fproc%2F25363" "Mozilla/5.0 AppleWebKit/537.36 (KHTML, like Gecko; compatible; GPTBot/1.3; +https://openai.com/gptbot)"
74.7.243.195 - - [01/Mar/2026:13:39:29 +0000] "GET /whsy.php?e=ip_mr_cache&p=%2Fproc%2F12654%2Fnet HTTP/2.0" 200 830 "https://www.23rdbank.com.lab2454.com/whsy.php?p=%2Fproc%2F12654%2Fnet" "Mozilla/5.0 AppleWebKit/537.36 (KHTML, like Gecko; compatible; GPTBot/1.3; +https://openai.com/gptbot)"
74.7.243.216 - - [01/Mar/2026:13:39:30 +0000] "GET /whsy.php?e=comm&p=%2Fproc%2F30534 HTTP/2.0" 200 2008 "https://23rdbank.com/whsy.php?p=%2Fproc%2F30534" "Mozilla/5.0 AppleWebKit/537.36 (KHTML, like Gecko; compatible; GPTBot/1.3; +https://openai.com/gptbot)"
74.7.241.39 - - [01/Mar/2026:13:39:33 +0000] "GET /whsy.php?e=coredump_filter&p=%2Fproc%2F27716 HTTP/2.0" 200 830 "https://23rdbank.com.lab2454.com/whsy.php?p=%2Fproc%2F27716" "Mozilla/5.0 AppleWebKit/537.36 (KHTML, like Gecko; compatible; GPTBot/1.3; +https://openai.com/gptbot)"
74.7.243.195 - - [01/Mar/2026:13:39:36 +0000] "GET /whsy.php?e=ip_mr_cache&p=%2Fproc%2F16769%2Fnet HTTP/2.0" 200 2548 "https://www.23rdbank.com.lab2454.com/whsy.php?p=%2Fproc%2F16769%2Fnet" "Mozilla/5.0 AppleWebKit/537.36 (KHTML, like Gecko; compatible; GPTBot/1.3; +https://openai.com/gptbot)"
74.7.243.216 - - [01/Mar/2026:13:39:37 +0000] "GET /whsy.php?e=cmdline&p=%2Fproc%2F30534 HTTP/2.0" 200 2023 "https://23rdbank.com/whsy.php?p=%2Fproc%2F30534" "Mozilla/5.0 AppleWebKit/537.36 (KHTML, like Gecko; compatible; GPTBot/1.3; +https://openai.com/gptbot)"
74.7.241.39 - - [01/Mar/2026:13:39:39 +0000] "GET /whsy.php?e=coredump_filter&p=%2Fproc%2F13127 HTTP/2.0" 200 830 "https://23rdbank.com.lab2454.com/whsy.php?p=%2Fproc%2F13127" "Mozilla/5.0 AppleWebKit/537.36 (KHTML, like Gecko; compatible; GPTBot/1.3; +https://openai.com/gptbot)"
74.7.243.195 - - [01/Mar/2026:13:39:41 +0000] "GET /whsy.php?e=ip_mr_cache&p=%2Fproc%2F20573%2Fnet HTTP/2.0" 200 830 "https://www.23rdbank.com.lab2454.com/whsy.php?p=%2Fproc%2F20573%2Fnet" "Mozilla/5.0 AppleWebKit/537.36 (KHTML, like Gecko; compatible; GPTBot/1.3; +https://openai.com/gptbot)"
74.7.243.216 - - [01/Mar/2026:13:39:42 +0000] "GET /whsy.php?e=smaps_rollup&p=%2Fproc%2F30534 HTTP/2.0" 200 2120 "https://23rdbank.com/whsy.php?p=%2Fproc%2F30534" "Mozilla/5.0 AppleWebKit/537.36 (KHTML, like Gecko; compatible; GPTBot/1.3; +https://openai.com/gptbot)"
74.7.241.39 - - [01/Mar/2026:13:39:44 +0000] "GET /whsy.php?e=coredump_filter&p=%2Fproc%2F32376 HTTP/2.0" 200 830 "https://23rdbank.com.lab2454.com/whsy.php?p=%2Fproc%2F32376" "Mozilla/5.0 AppleWebKit/537.36 (KHTML, like Gecko; compatible; GPTBot/1.3; +https://openai.com/gptbot)"
74.7.243.195 - - [01/Mar/2026:13:39:46 +0000] "GET /whsy.php?e=ip_mr_cache&p=%2Fproc%2F23081%2Fnet HTTP/2.0" 200 830 "https://www.23rdbank.com.lab2454.com/whsy.php?p=%2Fproc%2F23081%2Fnet" "Mozilla/5.0 AppleWebKit/537.36 (KHTML, like Gecko; compatible; GPTBot/1.3; +https://openai.com/gptbot)"
74.7.243.216 - - [01/Mar/2026:13:39:47 +0000] "GET /whsy.php?e=timens_offsets&p=%2Fproc%2F30534 HTTP/2.0" 200 2023 "https://23rdbank.com/whsy.php?p=%2Fproc%2F30534" "Mozilla/5.0 AppleWebKit/537.36 (KHTML, like Gecko; compatible; GPTBot/1.3; +https://openai.com/gptbot)"
74.7.241.39 - - [01/Mar/2026:13:39:48 +0000] "GET /whsy.php?e=coredump_filter&p=%2Fproc%2F21744 HTTP/2.0" 200 830 "https://23rdbank.com.lab2454.com/whsy.php?p=%2Fproc%2F21744" "Mozilla/5.0 AppleWebKit/537.36 (KHTML, like Gecko; compatible; GPTBot/1.3; +https://openai.com/gptbot)"
74.7.243.195 - - [01/Mar/2026:13:39:50 +0000] "GET /whsy.php?e=ip_vs_stats&p=%2Fproc%2F16769%2Fnet HTTP/2.0" 200 2590 "https://www.23rdbank.com.lab2454.com/whsy.php?p=%2Fproc%2F16769%2Fnet" "Mozilla/5.0 AppleWebKit/537.36 (KHTML, like Gecko; compatible; GPTBot/1.3; +https://openai.com/gptbot)"
74.7.243.216 - - [01/Mar/2026:13:39:51 +0000] "GET /whsy.php?e=mem&p=%2Fproc%2F30534 HTTP/2.0" 200 1936 "https://23rdbank.com/whsy.php?p=%2Fproc%2F30534" "Mozilla/5.0 AppleWebKit/537.36 (KHTML, like Gecko; compatible; GPTBot/1.3; +https://openai.com/gptbot)"
74.7.241.39 - - [01/Mar/2026:13:39:52 +0000] "GET /whsy.php?e=coredump_filter&p=%2Fproc%2F29694 HTTP/2.0" 200 830 "https://23rdbank.com.lab2454.com/whsy.php?p=%2Fproc%2F29694" "Mozilla/5.0 AppleWebKit/537.36 (KHTML, like Gecko; compatible; GPTBot/1.3; +https://openai.com/gptbot)"
74.7.243.195 - - [01/Mar/2026:13:39:54 +0000] "GET /whsy.php?e=ip_mr_cache&p=%2Fproc%2F25364%2Fnet HTTP/2.0" 200 2548 "https://www.23rdbank.com.lab2454.com/whsy.php?p=%2Fproc%2F25364%2Fnet" "Mozilla/5.0 AppleWebKit/537.36 (KHTML, like Gecko; compatible; GPTBot/1.3; +https://openai.com/gptbot)"
74.7.243.216 - - [01/Mar/2026:13:39:55 +0000] "GET /whsy.php?e=exe&p=%2Fproc%2F30534 HTTP/2.0" 200 1936 "https://23rdbank.com/whsy.php?p=%2Fproc%2F30534" "Mozilla/5.0 AppleWebKit/537.36 (KHTML, like Gecko; compatible; GPTBot/1.3; +https://openai.com/gptbot)"
74.7.241.39 - - [01/Mar/2026:13:39:56 +0000] "GET /whsy.php?e=coredump_filter&p=%2Fproc%2F24535 HTTP/2.0" 200 830 "https://23rdbank.com.lab2454.com/whsy.php?p=%2Fproc%2F24535" "Mozilla/5.0 AppleWebKit/537.36 (KHTML, like Gecko; compatible; GPTBot/1.3; +https://openai.com/gptbot)"
74.7.243.195 - - [01/Mar/2026:13:39:58 +0000] "GET /whsy.php?e=ip_mr_cache&p=%2Fproc%2F26917%2Fnet HTTP/2.0" 200 2548 "https://www.23rdbank.com.lab2454.com/whsy.php?p=%2Fproc%2F26917%2Fnet" "Mozilla/5.0 AppleWebKit/537.36 (KHTML, like Gecko; compatible; GPTBot/1.3; +https://openai.com/gptbot)"
74.7.243.216 - - [01/Mar/2026:13:39:59 +0000] "GET /whsy.php?e=cwd&p=%2Fproc%2F30534 HTTP/2.0" 200 1936 "https://23rdbank.com/whsy.php?p=%2Fproc%2F30534" "Mozilla/5.0 AppleWebKit/537.36 (KHTML, like Gecko; compatible; GPTBot/1.3; +https://openai.com/gptbot)"
74.7.241.39 - - [01/Mar/2026:13:40:01 +0000] "GET /whsy.php?e=coredump_filter&p=%2Fproc%2F24757 HTTP/2.0" 200 830 "https://23rdbank.com.lab2454.com/whsy.php?p=%2Fproc%2F24757" "Mozilla/5.0 AppleWebKit/537.36 (KHTML, like Gecko; compatible; GPTBot/1.3; +https://openai.com/gptbot)"
74.7.243.195 - - [01/Mar/2026:13:40:02 +0000] "GET /whsy.php?p=%2Fproc%2F9051%2Fnet%2Fipt_hashlimit%2F.. HTTP/2.0" 200 830 "https://www.23rdbank.com.lab2454.com/whsy.php?p=%2Fproc%2F9051%2Fnet%2Fipt_hashlimit" "Mozilla/5.0 AppleWebKit/537.36 (KHTML, like Gecko; compatible; GPTBot/1.3; +https://openai.com/gptbot)"
74.7.243.216 - - [01/Mar/2026:13:40:04 +0000] "GET /whsy.php?e=personality&p=%2Fproc%2F30534 HTTP/2.0" 200 1936 "https://23rdbank.com/whsy.php?p=%2Fproc%2F30534" "Mozilla/5.0 AppleWebKit/537.36 (KHTML, like Gecko; compatible; GPTBot/1.3; +https://openai.com/gptbot)"
74.7.241.39 - - [01/Mar/2026:13:40:05 +0000] "GET /whsy.php?e=coredump_filter&p=%2Fproc%2F19020 HTTP/2.0" 200 830 "https://23rdbank.com.lab2454.com/whsy.php?p=%2Fproc%2F19020" "Mozilla/5.0 AppleWebKit/537.36 (KHTML, like Gecko; compatible; GPTBot/1.3; +https://openai.com/gptbot)"
74.7.243.195 - - [01/Mar/2026:13:40:07 +0000] "GET /whsy.php?p=%2Fproc%2F26675%2Ftask%2F26675 HTTP/2.0" 200 1763 "https://www.23rdbank.com.lab2454.com/whsy.php?p=%2Fproc%2F26675%2Ftask" "Mozilla/5.0 AppleWebKit/537.36 (KHTML, like Gecko; compatible; GPTBot/1.3; +https://openai.com/gptbot)"
74.7.243.216 - - [01/Mar/2026:13:40:08 +0000] "GET /whsy.php?e=sched&p=%2Fproc%2F30534 HTTP/2.0" 200 2478 "https://23rdbank.com/whsy.php?p=%2Fproc%2F30534" "Mozilla/5.0 AppleWebKit/537.36 (KHTML, like Gecko; compatible; GPTBot/1.3; +https://openai.com/gptbot)"
74.7.241.39 - - [01/Mar/2026:13:40:09 +0000] "GET /whsy.php?e=coredump_filter&p=%2Fproc%2F27565 HTTP/2.0" 200 2009 "https://23rdbank.com.lab2454.com/whsy.php?p=%2Fproc%2F27565" "Mozilla/5.0 AppleWebKit/537.36 (KHTML, like Gecko; compatible; GPTBot/1.3; +https://openai.com/gptbot)"
74.7.243.195 - - [01/Mar/2026:13:40:11 +0000] "GET /whsy.php?p=%2Fproc%2F32304%2Ftask%2F32304 HTTP/2.0" 200 830 "https://www.23rdbank.com.lab2454.com/whsy.php?p=%2Fproc%2F32304%2Ftask" "Mozilla/5.0 AppleWebKit/537.36 (KHTML, like Gecko; compatible; GPTBot/1.3; +https://openai.com/gptbot)"
74.7.243.216 - - [01/Mar/2026:13:40:12 +0000] "GET /whsy.php?e=syscall&p=%2Fproc%2F30534 HTTP/2.0" 200 1936 "https://23rdbank.com/whsy.php?p=%2Fproc%2F30534" "Mozilla/5.0 AppleWebKit/537.36 (KHTML, like Gecko; compatible; GPTBot/1.3; +https://openai.com/gptbot)"
74.7.241.39 - - [01/Mar/2026:13:40:13 +0000] "GET /whsy.php?e=coredump_filter&p=%2Fproc%2F31335 HTTP/2.0" 200 830 "https://23rdbank.com.lab2454.com/whsy.php?p=%2Fproc%2F31335" "Mozilla/5.0 AppleWebKit/537.36 (KHTML, like Gecko; compatible; GPTBot/1.3; +https://openai.com/gptbot)"
74.7.243.195 - - [01/Mar/2026:13:40:15 +0000] "GET /whsy.php?p=%2Fproc%2F16769%2Fnet%2Fipt_hashlimit%2F.. HTTP/2.0" 200 2441 "https://www.23rdbank.com.lab2454.com/whsy.php?p=%2Fproc%2F16769%2Fnet%2Fipt_hashlimit" "Mozilla/5.0 AppleWebKit/537.36 (KHTML, like Gecko; compatible; GPTBot/1.3; +https://openai.com/gptbot)"
74.7.243.216 - - [01/Mar/2026:13:40:16 +0000] "GET /whsy.php?e=environ&p=%2Fproc%2F30534 HTTP/2.0" 200 1936 "https://23rdbank.com/whsy.php?p=%2Fproc%2F30534" "Mozilla/5.0 AppleWebKit/537.36 (KHTML, like Gecko; compatible; GPTBot/1.3; +https://openai.com/gptbot)"
74.7.241.39 - - [01/Mar/2026:13:40:18 +0000] "GET /whsy.php?e=coredump_filter&p=%2Fproc%2F27740 HTTP/2.0" 200 830 "https://23rdbank.com.lab2454.com/whsy.php?p=%2Fproc%2F27740" "Mozilla/5.0 AppleWebKit/537.36 (KHTML, like Gecko; compatible; GPTBot/1.3; +https://openai.com/gptbot)"
74.7.243.195 - - [01/Mar/2026:13:40:19 +0000] "GET /whsy.php?p=%2Fproc%2F18907%2Fnet%2Fipt_hashlimit%2F.. HTTP/2.0" 200 2442 "https://www.23rdbank.com.lab2454.com/whsy.php?p=%2Fproc%2F18907%2Fnet%2Fipt_hashlimit" "Mozilla/5.0 AppleWebKit/537.36 (KHTML, like Gecko; compatible; GPTBot/1.3; +https://openai.com/gptbot)"
74.7.243.216 - - [01/Mar/2026:13:40:20 +0000] "GET /whsy.php?p=%2Fproc%2F19571 HTTP/2.0" 200 830 "https://23rdbank.com/whsy.php?p=%2Fproc%2F26675%2F.." "Mozilla/5.0 AppleWebKit/537.36 (KHTML, like Gecko; compatible; GPTBot/1.3; +https://openai.com/gptbot)"
74.7.241.39 - - [01/Mar/2026:13:40:22 +0000] "GET /whsy.php?e=nfnetlink_log&p=%2Fproc%2F11146%2Fnet%2Fnetfilter HTTP/2.0" 200 731 "https://23rdbank.com.lab2454.com/whsy.php?p=%2Fproc%2F11146%2Fnet%2Fnetfilter" "Mozilla/5.0 AppleWebKit/537.36 (KHTML, like Gecko; compatible; GPTBot/1.3; +https://openai.com/gptbot)"
74.7.243.195 - - [01/Mar/2026:13:40:24 +0000] "GET /whsy.php?p=%2Fproc%2F13796%2Fnet%2Fipt_hashlimit%2F.. HTTP/2.0" 200 830 "https://www.23rdbank.com.lab2454.com/whsy.php?p=%2Fproc%2F13796%2Fnet%2Fipt_hashlimit" "Mozilla/5.0 AppleWebKit/537.36 (KHTML, like Gecko; compatible; GPTBot/1.3; +https://openai.com/gptbot)"
74.7.243.216 - - [01/Mar/2026:13:40:24 +0000] "GET /whsy.php?p=%2Fproc%2F30663 HTTP/2.0" 200 830 "https://23rdbank.com/whsy.php?p=%2Fproc%2F26675%2F.." "Mozilla/5.0 AppleWebKit/537.36 (KHTML, like Gecko; compatible; GPTBot/1.3; +https://openai.com/gptbot)"
74.7.241.39 - - [01/Mar/2026:13:40:26 +0000] "GET /whsy.php?e=ip6_tables_matches&p=%2Fproc%2F11146%2Ftask%2F11160%2Fnet HTTP/2.0" 200 2466 "https://23rdbank.com.lab2454.com/whsy.php?p=%2Fproc%2F11146%2Ftask%2F11160%2Fnet" "Mozilla/5.0 AppleWebKit/537.36 (KHTML, like Gecko; compatible; GPTBot/1.3; +https://openai.com/gptbot)"
74.7.243.195 - - [01/Mar/2026:13:40:28 +0000] "GET /whsy.php?p=%2Fproc%2F9051%2Fnet%2Fip6t_hashlimit%2F.. HTTP/2.0" 200 830 "https://www.23rdbank.com.lab2454.com/whsy.php?p=%2Fproc%2F9051%2Fnet%2Fip6t_hashlimit" "Mozilla/5.0 AppleWebKit/537.36 (KHTML, like Gecko; compatible; GPTBot/1.3; +https://openai.com/gptbot)"
74.7.243.216 - - [01/Mar/2026:13:40:29 +0000] "GET /whsy.php?p=%2Fproc%2F30496 HTTP/2.0" 200 830 "https://23rdbank.com/whsy.php?p=%2Fproc%2F26675%2F.." "Mozilla/5.0 AppleWebKit/537.36 (KHTML, like Gecko; compatible; GPTBot/1.3; +https://openai.com/gptbot)"
74.7.241.39 - - [01/Mar/2026:13:40:30 +0000] "GET /whsy.php?e=ip6_tables_targets&p=%2Fproc%2F11146%2Ftask%2F11472%2Fnet HTTP/2.0" 200 2467 "https://23rdbank.com.lab2454.com/whsy.php?p=%2Fproc%2F11146%2Ftask%2F11472%2Fnet" "Mozilla/5.0 AppleWebKit/537.36 (KHTML, like Gecko; compatible; GPTBot/1.3; +https://openai.com/gptbot)"
74.7.243.195 - - [01/Mar/2026:13:40:32 +0000] "GET /whsy.php?e=arp_tables_targets&p=%2Fproc%2F12654%2Ftask%2F13327%2Fnet HTTP/2.0" 200 830 "https://www.23rdbank.com.lab2454.com/whsy.php?p=%2Fproc%2F12654%2Ftask%2F13327%2Fnet" "Mozilla/5.0 AppleWebKit/537.36 (KHTML, like Gecko; compatible; GPTBot/1.3; +https://openai.com/gptbot)"
74.7.243.216 - - [01/Mar/2026:13:40:33 +0000] "GET /whsy.php?p=%2Fproc%2F24858 HTTP/2.0" 200 830 "https://23rdbank.com/whsy.php?p=%2Fproc%2F26675%2F.." "Mozilla/5.0 AppleWebKit/537.36 (KHTML, like Gecko; compatible; GPTBot/1.3; +https://openai.com/gptbot)"
74.7.241.39 - - [01/Mar/2026:13:40:35 +0000] "GET /whsy.php?e=ip6_tables_targets&p=%2Fproc%2F11146%2Ftask%2F11247%2Fnet HTTP/2.0" 200 2467 "https://23rdbank.com.lab2454.com/whsy.php?p=%2Fproc%2F11146%2Ftask%2F11247%2Fnet" "Mozilla/5.0 AppleWebKit/537.36 (KHTML, like Gecko; compatible; GPTBot/1.3; +https://openai.com/gptbot)"
74.7.243.195 - - [01/Mar/2026:13:40:36 +0000] "GET /whsy.php?e=ip_vs_stats&p=%2Fproc%2F25929%2Fnet HTTP/2.0" 200 830 "https://www.23rdbank.com.lab2454.com/whsy.php?p=%2Fproc%2F25929%2Fnet" "Mozilla/5.0 AppleWebKit/537.36 (KHTML, like Gecko; compatible; GPTBot/1.3; +https://openai.com/gptbot)"
74.7.243.216 - - [01/Mar/2026:13:40:38 +0000] "GET /whsy.php?p=%2Fproc%2F30066 HTTP/2.0" 200 830 "https://23rdbank.com/whsy.php?p=%2Fproc%2F26675%2F.." "Mozilla/5.0 AppleWebKit/537.36 (KHTML, like Gecko; compatible; GPTBot/1.3; +https://openai.com/gptbot)"
74.7.241.39 - - [01/Mar/2026:13:40:39 +0000] "GET /whsy.php?e=ip6_tables_matches&p=%2Fproc%2F11146%2Ftask%2F11236%2Fnet HTTP/2.0" 200 2465 "https://23rdbank.com.lab2454.com/whsy.php?p=%2Fproc%2F11146%2Ftask%2F11236%2Fnet" "Mozilla/5.0 AppleWebKit/537.36 (KHTML, like Gecko; compatible; GPTBot/1.3; +https://openai.com/gptbot)"
74.7.243.195 - - [01/Mar/2026:13:40:40 +0000] "GET /whsy.php?e=ip_vs_stats&p=%2Fproc%2F9051%2Fnet HTTP/2.0" 200 830 "https://www.23rdbank.com.lab2454.com/whsy.php?p=%2Fproc%2F9051%2Fnet" "Mozilla/5.0 AppleWebKit/537.36 (KHTML, like Gecko; compatible; GPTBot/1.3; +https://openai.com/gptbot)"
74.7.243.216 - - [01/Mar/2026:13:40:42 +0000] "GET /whsy.php?e=mountstats&p=%2Fproc%2F13854 HTTP/2.0" 200 830 "https://23rdbank.com/whsy.php?p=%2Fproc%2F13854" "Mozilla/5.0 AppleWebKit/537.36 (KHTML, like Gecko; compatible; GPTBot/1.3; +https://openai.com/gptbot)"
74.7.241.39 - - [01/Mar/2026:13:40:43 +0000] "GET /whsy.php?e=ip6_tables_targets&p=%2Fproc%2F11146%2Ftask%2F11234%2Fnet HTTP/2.0" 200 2466 "https://23rdbank.com.lab2454.com/whsy.php?p=%2Fproc%2F11146%2Ftask%2F11234%2Fnet" "Mozilla/5.0 AppleWebKit/537.36 (KHTML, like Gecko; compatible; GPTBot/1.3; +https://openai.com/gptbot)"
74.7.243.195 - - [01/Mar/2026:13:40:45 +0000] "GET /whsy.php?e=ip_mr_cache&p=%2Fproc%2F9051%2Fnet HTTP/2.0" 200 830 "https://www.23rdbank.com.lab2454.com/whsy.php?p=%2Fproc%2F9051%2Fnet" "Mozilla/5.0 AppleWebKit/537.36 (KHTML, like Gecko; compatible; GPTBot/1.3; +https://openai.com/gptbot)"
74.7.243.216 - - [01/Mar/2026:13:40:46 +0000] "GET /whsy.php?e=loginuid&p=%2Fproc%2F10008 HTTP/2.0" 200 830 "https://23rdbank.com/whsy.php?p=%2Fproc%2F10008" "Mozilla/5.0 AppleWebKit/537.36 (KHTML, like Gecko; compatible; GPTBot/1.3; +https://openai.com/gptbot)"
74.7.241.39 - - [01/Mar/2026:13:40:47 +0000] "GET /whsy.php?e=arp_tables_matches&p=%2Fproc%2F11146%2Ftask%2F11153%2Fnet HTTP/2.0" 200 2467 "https://23rdbank.com.lab2454.com/whsy.php?p=%2Fproc%2F11146%2Ftask%2F11153%2Fnet" "Mozilla/5.0 AppleWebKit/537.36 (KHTML, like Gecko; compatible; GPTBot/1.3; +https://openai.com/gptbot)"
74.7.243.195 - - [01/Mar/2026:13:40:49 +0000] "GET /whsy.php?e=ipv6_route&p=%2Fproc%2F3823%2Fnet HTTP/2.0" 200 2751 "https://www.23rdbank.com.lab2454.com/whsy.php?p=%2Fproc%2F3823%2Fnet" "Mozilla/5.0 AppleWebKit/537.36 (KHTML, like Gecko; compatible; GPTBot/1.3; +https://openai.com/gptbot)"
74.7.243.216 - - [01/Mar/2026:13:40:50 +0000] "GET /whsy.php?e=auxv&p=%2Fproc%2F22254 HTTP/2.0" 200 830 "https://23rdbank.com/whsy.php?p=%2Fproc%2F22254" "Mozilla/5.0 AppleWebKit/537.36 (KHTML, like Gecko; compatible; GPTBot/1.3; +https://openai.com/gptbot)"
74.7.241.39 - - [01/Mar/2026:13:40:52 +0000] "GET /whsy.php?e=ip_tables_targets&p=%2Fproc%2F11146%2Ftask%2F11153%2Fnet HTTP/2.0" 200 2467 "https://23rdbank.com.lab2454.com/whsy.php?p=%2Fproc%2F11146%2Ftask%2F11153%2Fnet" "Mozilla/5.0 AppleWebKit/537.36 (KHTML, like Gecko; compatible; GPTBot/1.3; +https://openai.com/gptbot)"
74.7.243.195 - - [01/Mar/2026:13:40:53 +0000] "GET /whsy.php?e=personality&p=%2Fproc%2F26675%2Ftask%2F26675 HTTP/2.0" 200 1830 "https://www.23rdbank.com.lab2454.com/whsy.php?p=%2Fproc%2F26675%2Ftask%2F26675" "Mozilla/5.0 AppleWebKit/537.36 (KHTML, like Gecko; compatible; GPTBot/1.3; +https://openai.com/gptbot)"
74.7.243.216 - - [01/Mar/2026:13:40:54 +0000] "GET /whsy.php?e=auxv&p=%2Fproc%2F22253 HTTP/2.0" 200 830 "https://23rdbank.com/whsy.php?p=%2Fproc%2F22253" "Mozilla/5.0 AppleWebKit/537.36 (KHTML, like Gecko; compatible; GPTBot/1.3; +https://openai.com/gptbot)"
74.7.241.39 - - [01/Mar/2026:13:40:56 +0000] "GET /whsy.php?e=ip6_tables_matches&p=%2Fproc%2F11146%2Ftask%2F11153%2Fnet HTTP/2.0" 200 2467 "https://23rdbank.com.lab2454.com/whsy.php?p=%2Fproc%2F11146%2Ftask%2F11153%2Fnet" "Mozilla/5.0 AppleWebKit/537.36 (KHTML, like Gecko; compatible; GPTBot/1.3; +https://openai.com/gptbot)"
74.7.243.195 - - [01/Mar/2026:13:40:58 +0000] "GET /whsy.php?e=smaps_rollup&p=%2Fproc%2F26675%2Ftask%2F26675 HTTP/2.0" 200 2091 "https://www.23rdbank.com.lab2454.com/whsy.php?p=%2Fproc%2F26675%2Ftask%2F26675" "Mozilla/5.0 AppleWebKit/537.36 (KHTML, like Gecko; compatible; GPTBot/1.3; +https://openai.com/gptbot)"
74.7.243.216 - - [01/Mar/2026:13:40:59 +0000] "GET /whsy.php?e=loginuid&p=%2Fproc%2F15331 HTTP/2.0" 200 2014 "https://23rdbank.com/whsy.php?p=%2Fproc%2F15331" "Mozilla/5.0 AppleWebKit/537.36 (KHTML, like Gecko; compatible; GPTBot/1.3; +https://openai.com/gptbot)"
74.7.241.39 - - [01/Mar/2026:13:41:00 +0000] "GET /whsy.php?e=ip6_tables_matches&p=%2Fproc%2F11146%2Ftask%2F11615%2Fnet HTTP/2.0" 200 830 "https://23rdbank.com.lab2454.com/whsy.php?p=%2Fproc%2F11146%2Ftask%2F11615%2Fnet" "Mozilla/5.0 AppleWebKit/537.36 (KHTML, like Gecko; compatible; GPTBot/1.3; +https://openai.com/gptbot)"
74.7.243.195 - - [01/Mar/2026:13:41:02 +0000] "GET /whsy.php?e=xfrm_stat&p=%2Fproc%2F25929%2Fnet HTTP/2.0" 200 830 "https://www.23rdbank.com.lab2454.com/whsy.php?p=%2Fproc%2F25929%2Fnet" "Mozilla/5.0 AppleWebKit/537.36 (KHTML, like Gecko; compatible; GPTBot/1.3; +https://openai.com/gptbot)"
74.7.243.216 - - [01/Mar/2026:13:41:03 +0000] "GET /whsy.php?e=loginuid&p=%2Fproc%2F13854 HTTP/2.0" 200 830 "https://23rdbank.com/whsy.php?p=%2Fproc%2F13854" "Mozilla/5.0 AppleWebKit/537.36 (KHTML, like Gecko; compatible; GPTBot/1.3; +https://openai.com/gptbot)"
74.7.241.39 - - [01/Mar/2026:13:41:04 +0000] "GET /whsy.php?e=ip6_tables_targets&p=%2Fproc%2F11146%2Ftask%2F11235%2Fnet HTTP/2.0" 200 2466 "https://23rdbank.com.lab2454.com/whsy.php?p=%2Fproc%2F11146%2Ftask%2F11235%2Fnet" "Mozilla/5.0 AppleWebKit/537.36 (KHTML, like Gecko; compatible; GPTBot/1.3; +https://openai.com/gptbot)"
74.7.243.195 - - [01/Mar/2026:13:41:06 +0000] "GET /whsy.php?e=dev_mcast&p=%2Fproc%2F25929%2Fnet HTTP/2.0" 200 830 "https://www.23rdbank.com.lab2454.com/whsy.php?p=%2Fproc%2F25929%2Fnet" "Mozilla/5.0 AppleWebKit/537.36 (KHTML, like Gecko; compatible; GPTBot/1.3; +https://openai.com/gptbot)"
74.7.243.216 - - [01/Mar/2026:13:41:07 +0000] "GET /whsy.php?e=loginuid&p=%2Fproc%2F18173 HTTP/2.0" 200 830 "https://23rdbank.com/whsy.php?p=%2Fproc%2F18173" "Mozilla/5.0 AppleWebKit/537.36 (KHTML, like Gecko; compatible; GPTBot/1.3; +https://openai.com/gptbot)"
74.7.241.39 - - [01/Mar/2026:13:41:09 +0000] "GET /whsy.php?e=ip6_tables_targets&p=%2Fproc%2F11146%2Ftask%2F11253%2Fnet HTTP/2.0" 200 2466 "https://23rdbank.com.lab2454.com/whsy.php?p=%2Fproc%2F11146%2Ftask%2F11253%2Fnet" "Mozilla/5.0 AppleWebKit/537.36 (KHTML, like Gecko; compatible; GPTBot/1.3; +https://openai.com/gptbot)"
74.7.243.195 - - [01/Mar/2026:13:41:11 +0000] "GET /whsy.php?e=igmp&p=%2Fproc%2F3823%2Fnet HTTP/2.0" 200 2591 "https://www.23rdbank.com.lab2454.com/whsy.php?p=%2Fproc%2F3823%2Fnet" "Mozilla/5.0 AppleWebKit/537.36 (KHTML, like Gecko; compatible; GPTBot/1.3; +https://openai.com/gptbot)"
74.7.243.216 - - [01/Mar/2026:13:41:12 +0000] "GET /whsy.php?e=loginuid&p=%2Fproc%2F12054 HTTP/2.0" 200 830 "https://23rdbank.com/whsy.php?p=%2Fproc%2F12054" "Mozilla/5.0 AppleWebKit/537.36 (KHTML, like Gecko; compatible; GPTBot/1.3; +https://openai.com/gptbot)"
74.7.241.39 - - [01/Mar/2026:13:41:16 +0000] "GET /whsy.php?e=ip6_tables_targets&p=%2Fproc%2F11146%2Ftask%2F11158%2Fnet HTTP/2.0" 200 2468 "https://23rdbank.com.lab2454.com/whsy.php?p=%2Fproc%2F11146%2Ftask%2F11158%2Fnet" "Mozilla/5.0 AppleWebKit/537.36 (KHTML, like Gecko; compatible; GPTBot/1.3; +https://openai.com/gptbot)"
74.7.243.195 - - [01/Mar/2026:13:41:20 +0000] "GET /whsy.php?e=ip6_tables_names&p=%2Fproc%2F9051%2Fnet HTTP/2.0" 200 830 "https://www.23rdbank.com.lab2454.com/whsy.php?p=%2Fproc%2F9051%2Fnet" "Mozilla/5.0 AppleWebKit/537.36 (KHTML, like Gecko; compatible; GPTBot/1.3; +https://openai.com/gptbot)"
74.7.243.216 - - [01/Mar/2026:13:41:22 +0000] "GET /whsy.php?e=loginuid&p=%2Fproc%2F30534 HTTP/2.0" 200 2013 "https://23rdbank.com/whsy.php?p=%2Fproc%2F30534" "Mozilla/5.0 AppleWebKit/537.36 (KHTML, like Gecko; compatible; GPTBot/1.3; +https://openai.com/gptbot)"
74.7.241.39 - - [01/Mar/2026:13:41:26 +0000] "GET /whsy.php?e=ip6_tables_targets&p=%2Fproc%2F11146%2Ftask%2F11157%2Fnet HTTP/2.0" 200 2468 "https://23rdbank.com.lab2454.com/whsy.php?p=%2Fproc%2F11146%2Ftask%2F11157%2Fnet" "Mozilla/5.0 AppleWebKit/537.36 (KHTML, like Gecko; compatible; GPTBot/1.3; +https://openai.com/gptbot)"
74.7.243.195 - - [01/Mar/2026:13:41:29 +0000] "GET /whsy.php?e=ip_tables_names&p=%2Fproc%2F13796%2Fnet HTTP/2.0" 200 830 "https://www.23rdbank.com.lab2454.com/whsy.php?p=%2Fproc%2F13796%2Fnet" "Mozilla/5.0 AppleWebKit/537.36 (KHTML, like Gecko; compatible; GPTBot/1.3; +https://openai.com/gptbot)"
74.7.243.216 - - [01/Mar/2026:13:41:31 +0000] "GET /whsy.php?e=mountstats&p=%2Fproc%2F12054 HTTP/2.0" 200 830 "https://23rdbank.com/whsy.php?p=%2Fproc%2F12054" "Mozilla/5.0 AppleWebKit/537.36 (KHTML, like Gecko; compatible; GPTBot/1.3; +https://openai.com/gptbot)"
74.7.241.39 - - [01/Mar/2026:13:41:33 +0000] "GET /whsy.php?e=ip6_tables_matches&p=%2Fproc%2F11146%2Ftask%2F11155%2Fnet HTTP/2.0" 200 2467 "https://23rdbank.com.lab2454.com/whsy.php?p=%2Fproc%2F11146%2Ftask%2F11155%2Fnet" "Mozilla/5.0 AppleWebKit/537.36 (KHTML, like Gecko; compatible; GPTBot/1.3; +https://openai.com/gptbot)"
74.7.243.195 - - [01/Mar/2026:13:41:36 +0000] "GET /whsy.php?e=ip_tables_names&p=%2Fproc%2F16769%2Fnet HTTP/2.0" 200 2441 "https://www.23rdbank.com.lab2454.com/whsy.php?p=%2Fproc%2F16769%2Fnet" "Mozilla/5.0 AppleWebKit/537.36 (KHTML, like Gecko; compatible; GPTBot/1.3; +https://openai.com/gptbot)"
74.7.243.216 - - [01/Mar/2026:13:41:37 +0000] "GET /whsy.php?e=mountstats&p=%2Fproc%2F30534 HTTP/2.0" 200 1936 "https://23rdbank.com/whsy.php?p=%2Fproc%2F30534" "Mozilla/5.0 AppleWebKit/537.36 (KHTML, like Gecko; compatible; GPTBot/1.3; +https://openai.com/gptbot)"
74.7.241.39 - - [01/Mar/2026:13:41:39 +0000] "GET /whsy.php?e=arp_tables_matches&p=%2Fproc%2F11146%2Ftask%2F11157%2Fnet HTTP/2.0" 200 2468 "https://23rdbank.com.lab2454.com/whsy.php?p=%2Fproc%2F11146%2Ftask%2F11157%2Fnet" "Mozilla/5.0 AppleWebKit/537.36 (KHTML, like Gecko; compatible; GPTBot/1.3; +https://openai.com/gptbot)"
74.7.243.195 - - [01/Mar/2026:13:41:41 +0000] "GET /whsy.php?e=ip_tables_names&p=%2Fproc%2F18907%2Fnet HTTP/2.0" 200 2442 "https://www.23rdbank.com.lab2454.com/whsy.php?p=%2Fproc%2F18907%2Fnet" "Mozilla/5.0 AppleWebKit/537.36 (KHTML, like Gecko; compatible; GPTBot/1.3; +https://openai.com/gptbot)"
74.7.243.216 - - [01/Mar/2026:13:41:42 +0000] "GET /whsy.php?e=mountstats&p=%2Fproc%2F18173 HTTP/2.0" 200 830 "https://23rdbank.com/whsy.php?p=%2Fproc%2F18173" "Mozilla/5.0 AppleWebKit/537.36 (KHTML, like Gecko; compatible; GPTBot/1.3; +https://openai.com/gptbot)"
74.7.241.39 - - [01/Mar/2026:13:41:44 +0000] "GET /whsy.php?e=ip6_tables_targets&p=%2Fproc%2F11146%2Ftask%2F11245%2Fnet HTTP/2.0" 200 2467 "https://23rdbank.com.lab2454.com/whsy.php?p=%2Fproc%2F11146%2Ftask%2F11245%2Fnet" "Mozilla/5.0 AppleWebKit/537.36 (KHTML, like Gecko; compatible; GPTBot/1.3; +https://openai.com/gptbot)"
74.7.243.195 - - [01/Mar/2026:13:41:46 +0000] "GET /whsy.php?e=icmp6&p=%2Fproc%2F26675%2Fnet HTTP/2.0" 200 2585 "https://www.23rdbank.com.lab2454.com/whsy.php?p=%2Fproc%2F26675%2Fnet" "Mozilla/5.0 AppleWebKit/537.36 (KHTML, like Gecko; compatible; GPTBot/1.3; +https://openai.com/gptbot)"
74.7.243.216 - - [01/Mar/2026:13:41:47 +0000] "GET /whsy.php?e=comm&p=%2Fproc%2F22253 HTTP/2.0" 200 830 "https://23rdbank.com/whsy.php?p=%2Fproc%2F22253" "Mozilla/5.0 AppleWebKit/537.36 (KHTML, like Gecko; compatible; GPTBot/1.3; +https://openai.com/gptbot)"
74.7.241.39 - - [01/Mar/2026:13:41:48 +0000] "GET /whsy.php?e=ip6_tables_targets&p=%2Fproc%2F11146%2Ftask%2F11155%2Fnet HTTP/2.0" 200 2467 "https://23rdbank.com.lab2454.com/whsy.php?p=%2Fproc%2F11146%2Ftask%2F11155%2Fnet" "Mozilla/5.0 AppleWebKit/537.36 (KHTML, like Gecko; compatible; GPTBot/1.3; +https://openai.com/gptbot)"
74.7.243.195 - - [01/Mar/2026:13:41:50 +0000] "GET /whsy.php?p=%2Fproc%2F20573%2Ftask%2F20573 HTTP/2.0" 200 830 "https://www.23rdbank.com.lab2454.com/whsy.php?p=%2Fproc%2F20573%2Ftask" "Mozilla/5.0 AppleWebKit/537.36 (KHTML, like Gecko; compatible; GPTBot/1.3; +https://openai.com/gptbot)"
74.7.243.216 - - [01/Mar/2026:13:41:51 +0000] "GET /whsy.php?e=stat&p=%2Fproc%2F22253 HTTP/2.0" 200 830 "https://23rdbank.com/whsy.php?p=%2Fproc%2F22253" "Mozilla/5.0 AppleWebKit/537.36 (KHTML, like Gecko; compatible; GPTBot/1.3; +https://openai.com/gptbot)"
74.7.241.39 - - [01/Mar/2026:13:41:52 +0000] "GET /whsy.php?e=ip6_tables_matches&p=%2Fproc%2F11146%2Ftask%2F11156%2Fnet HTTP/2.0" 200 2467 "https://23rdbank.com.lab2454.com/whsy.php?p=%2Fproc%2F11146%2Ftask%2F11156%2Fnet" "Mozilla/5.0 AppleWebKit/537.36 (KHTML, like Gecko; compatible; GPTBot/1.3; +https://openai.com/gptbot)"
74.7.243.195 - - [01/Mar/2026:13:41:54 +0000] "GET /whsy.php?p=%2Fproc%2F25364%2Ftask%2F25364 HTTP/2.0" 200 1795 "https://www.23rdbank.com.lab2454.com/whsy.php?p=%2Fproc%2F25364%2Ftask" "Mozilla/5.0 AppleWebKit/537.36 (KHTML, like Gecko; compatible; GPTBot/1.3; +https://openai.com/gptbot)"
74.7.243.216 - - [01/Mar/2026:13:41:55 +0000] "GET /whsy.php?e=root&p=%2Fproc%2F22254 HTTP/2.0" 200 830 "https://23rdbank.com/whsy.php?p=%2Fproc%2F22254" "Mozilla/5.0 AppleWebKit/537.36 (KHTML, like Gecko; compatible; GPTBot/1.3; +https://openai.com/gptbot)"
74.7.241.39 - - [01/Mar/2026:13:41:57 +0000] "GET /whsy.php?e=ip6_tables_targets&p=%2Fproc%2F11146%2Ftask%2F11153%2Fnet HTTP/2.0" 200 2467 "https://23rdbank.com.lab2454.com/whsy.php?p=%2Fproc%2F11146%2Ftask%2F11153%2Fnet" "Mozilla/5.0 AppleWebKit/537.36 (KHTML, like Gecko; compatible; GPTBot/1.3; +https://openai.com/gptbot)"
74.7.243.195 - - [01/Mar/2026:13:41:58 +0000] "GET /whsy.php?p=%2Fproc%2F26917%2Ftask%2F26917 HTTP/2.0" 200 1795 "https://www.23rdbank.com.lab2454.com/whsy.php?p=%2Fproc%2F26917%2Ftask" "Mozilla/5.0 AppleWebKit/537.36 (KHTML, like Gecko; compatible; GPTBot/1.3; +https://openai.com/gptbot)"
74.7.243.216 - - [01/Mar/2026:13:41:59 +0000] "GET /whsy.php?e=root&p=%2Fproc%2F10008 HTTP/2.0" 200 830 "https://23rdbank.com/whsy.php?p=%2Fproc%2F10008" "Mozilla/5.0 AppleWebKit/537.36 (KHTML, like Gecko; compatible; GPTBot/1.3; +https://openai.com/gptbot)"
74.7.241.39 - - [01/Mar/2026:13:42:01 +0000] "GET /whsy.php?e=ip6_tables_targets&p=%2Fproc%2F11146%2Ftask%2F11154%2Fnet HTTP/2.0" 200 2467 "https://23rdbank.com.lab2454.com/whsy.php?p=%2Fproc%2F11146%2Ftask%2F11154%2Fnet" "Mozilla/5.0 AppleWebKit/537.36 (KHTML, like Gecko; compatible; GPTBot/1.3; +https://openai.com/gptbot)"
