74.7.243.195 - - [01/Mar/2026:12:29:52 +0000] "GET /whsy.php?p=%2Fproc%2F23081%2Ftask%2F23100 HTTP/2.0" 200 1802 "https://www.23rdbank.com.lab2454.com/whsy.php?p=%2Fproc%2F23081%2Ftask" "Mozilla/5.0 AppleWebKit/537.36 (KHTML, like Gecko; compatible; GPTBot/1.3; +https://openai.com/gptbot)"
74.7.243.216 - - [01/Mar/2026:12:29:55 +0000] "GET /whsy.php?e=oom_score&p=%2Fproc%2F11870 HTTP/2.0" 200 830 "https://23rdbank.com/whsy.php?p=%2Fproc%2F11870" "Mozilla/5.0 AppleWebKit/537.36 (KHTML, like Gecko; compatible; GPTBot/1.3; +https://openai.com/gptbot)"
74.7.241.39 - - [01/Mar/2026:12:29:59 +0000] "GET /whsy.php?p=%2Fproc%2F21248%2Ftask HTTP/2.0" 200 776 "https://23rdbank.com.lab2454.com/whsy.php?p=%2Fproc%2F21248" "Mozilla/5.0 AppleWebKit/537.36 (KHTML, like Gecko; compatible; GPTBot/1.3; +https://openai.com/gptbot)"
74.7.243.195 - - [01/Mar/2026:12:30:02 +0000] "GET /whsy.php?p=%2Fproc%2F19749%2Ftask HTTP/2.0" 200 830 "https://www.23rdbank.com.lab2454.com/whsy.php?p=%2Fproc%2F19749" "Mozilla/5.0 AppleWebKit/537.36 (KHTML, like Gecko; compatible; GPTBot/1.3; +https://openai.com/gptbot)"
74.7.243.216 - - [01/Mar/2026:12:30:07 +0000] "GET /whsy.php?e=raw&p=%2Fproc%2F23081%2Fnet HTTP/2.0" 200 2578 "https://23rdbank.com/whsy.php?p=%2Fproc%2F23081%2Fnet" "Mozilla/5.0 AppleWebKit/537.36 (KHTML, like Gecko; compatible; GPTBot/1.3; +https://openai.com/gptbot)"
74.7.241.39 - - [01/Mar/2026:12:30:12 +0000] "GET /whsy.php?p=%2Fproc%2F23081%2Fattr HTTP/2.0" 200 799 "https://23rdbank.com.lab2454.com/whsy.php?p=%2Fproc%2F23081" "Mozilla/5.0 AppleWebKit/537.36 (KHTML, like Gecko; compatible; GPTBot/1.3; +https://openai.com/gptbot)"
74.7.243.195 - - [01/Mar/2026:12:30:13 +0000] "GET /whsy.php?e=ip6_tables_targets&p=%2Fproc%2F21248%2Fnet HTTP/2.0" 200 2441 "https://www.23rdbank.com.lab2454.com/whsy.php?p=%2Fproc%2F21248%2Fnet" "Mozilla/5.0 AppleWebKit/537.36 (KHTML, like Gecko; compatible; GPTBot/1.3; +https://openai.com/gptbot)"
74.7.243.216 - - [01/Mar/2026:12:30:16 +0000] "GET /whsy.php?e=environ&p=%2Fproc%2F23232 HTTP/2.0" 200 830 "https://23rdbank.com/whsy.php?p=%2Fproc%2F23232" "Mozilla/5.0 AppleWebKit/537.36 (KHTML, like Gecko; compatible; GPTBot/1.3; +https://openai.com/gptbot)"
74.7.241.39 - - [01/Mar/2026:12:30:18 +0000] "GET /whsy.php?p=%2Fproc%2F23081%2Fnet HTTP/2.0" 200 2441 "https://23rdbank.com.lab2454.com/whsy.php?p=%2Fproc%2F23081" "Mozilla/5.0 AppleWebKit/537.36 (KHTML, like Gecko; compatible; GPTBot/1.3; +https://openai.com/gptbot)"
74.7.243.195 - - [01/Mar/2026:12:30:20 +0000] "GET /whsy.php?e=unix&p=%2Fproc%2F21248%2Fnet HTTP/2.0" 200 5031 "https://www.23rdbank.com.lab2454.com/whsy.php?p=%2Fproc%2F21248%2Fnet" "Mozilla/5.0 AppleWebKit/537.36 (KHTML, like Gecko; compatible; GPTBot/1.3; +https://openai.com/gptbot)"
74.7.243.216 - - [01/Mar/2026:12:30:29 +0000] "GET /whsy.php?e=ptype&p=%2Fproc%2F27716%2Fnet HTTP/2.0" 200 830 "https://23rdbank.com/whsy.php?p=%2Fproc%2F27716%2Fnet" "Mozilla/5.0 AppleWebKit/537.36 (KHTML, like Gecko; compatible; GPTBot/1.3; +https://openai.com/gptbot)"
74.7.241.39 - - [01/Mar/2026:12:30:33 +0000] "GET /whsy.php?e=arch_status&p=%2Fproc%2F11870 HTTP/2.0" 200 830 "https://23rdbank.com.lab2454.com/whsy.php?p=%2Fproc%2F11870" "Mozilla/5.0 AppleWebKit/537.36 (KHTML, like Gecko; compatible; GPTBot/1.3; +https://openai.com/gptbot)"
74.7.244.51 - - [01/Mar/2026:12:30:33 +0000] "GET /robots.txt HTTP/2.0" 404 - "-" "Mozilla/5.0 (Macintosh; Intel Mac OS X 10_15_7) AppleWebKit/537.36 (KHTML, like Gecko) Chrome/131.0.0.0 Safari/537.36; compatible; OAI-SearchBot/1.3; robots.txt; +https://openai.com/searchbot"
74.7.243.195 - - [01/Mar/2026:12:30:35 +0000] "GET /whsy.php?e=route&p=%2Fproc%2F23081%2Fnet HTTP/2.0" 200 2637 "https://www.23rdbank.com.lab2454.com/whsy.php?p=%2Fproc%2F23081%2Fnet" "Mozilla/5.0 AppleWebKit/537.36 (KHTML, like Gecko; compatible; GPTBot/1.3; +https://openai.com/gptbot)"
74.7.243.216 - - [01/Mar/2026:12:30:38 +0000] "GET /whsy.php?e=ptype&p=%2Fproc%2F23081%2Fnet HTTP/2.0" 200 2617 "https://23rdbank.com/whsy.php?p=%2Fproc%2F23081%2Fnet" "Mozilla/5.0 AppleWebKit/537.36 (KHTML, like Gecko; compatible; GPTBot/1.3; +https://openai.com/gptbot)"
74.7.241.39 - - [01/Mar/2026:12:30:41 +0000] "GET /whsy.php?e=arch_status&p=%2Fproc%2F23081 HTTP/2.0" 200 2005 "https://23rdbank.com.lab2454.com/whsy.php?p=%2Fproc%2F23081" "Mozilla/5.0 AppleWebKit/537.36 (KHTML, like Gecko; compatible; GPTBot/1.3; +https://openai.com/gptbot)"
74.7.243.195 - - [01/Mar/2026:12:30:46 +0000] "GET /whsy.php?e=pfkey&p=%2Fproc%2F23081%2Fnet HTTP/2.0" 200 2535 "https://www.23rdbank.com.lab2454.com/whsy.php?p=%2Fproc%2F23081%2Fnet" "Mozilla/5.0 AppleWebKit/537.36 (KHTML, like Gecko; compatible; GPTBot/1.3; +https://openai.com/gptbot)"
74.7.230.58 - - [01/Mar/2026:12:30:46 +0000] "GET /robots.txt HTTP/2.0" 404 - "-" "Mozilla/5.0 (Macintosh; Intel Mac OS X 10_15_7) AppleWebKit/537.36 (KHTML, like Gecko) Chrome/131.0.0.0 Safari/537.36; compatible; OAI-SearchBot/1.3; robots.txt; +https://openai.com/searchbot"
74.7.243.216 - - [01/Mar/2026:12:30:51 +0000] "GET /whsy.php?e=oom_score&p=%2Fproc%2F23081 HTTP/2.0" 200 2006 "https://23rdbank.com/whsy.php?p=%2Fproc%2F23081" "Mozilla/5.0 AppleWebKit/537.36 (KHTML, like Gecko; compatible; GPTBot/1.3; +https://openai.com/gptbot)"
74.7.241.39 - - [01/Mar/2026:12:30:54 +0000] "GET /whsy.php?e=cpuset&p=%2Fproc%2F23081 HTTP/2.0" 200 2005 "https://23rdbank.com.lab2454.com/whsy.php?p=%2Fproc%2F23081" "Mozilla/5.0 AppleWebKit/537.36 (KHTML, like Gecko; compatible; GPTBot/1.3; +https://openai.com/gptbot)"
74.7.243.195 - - [01/Mar/2026:12:30:56 +0000] "GET /whsy.php?e=icmp&p=%2Fproc%2F23081%2Fnet HTTP/2.0" 200 2580 "https://www.23rdbank.com.lab2454.com/whsy.php?p=%2Fproc%2F23081%2Fnet" "Mozilla/5.0 AppleWebKit/537.36 (KHTML, like Gecko; compatible; GPTBot/1.3; +https://openai.com/gptbot)"
74.7.243.216 - - [01/Mar/2026:12:31:00 +0000] "GET /whsy.php?e=pppoe&p=%2Fproc%2F23081%2Fnet HTTP/2.0" 200 2524 "https://23rdbank.com/whsy.php?p=%2Fproc%2F23081%2Fnet" "Mozilla/5.0 AppleWebKit/537.36 (KHTML, like Gecko; compatible; GPTBot/1.3; +https://openai.com/gptbot)"
74.7.241.39 - - [01/Mar/2026:12:31:08 +0000] "GET /whsy.php?e=arp_tables_names&p=%2Fproc%2F21248%2Fnet HTTP/2.0" 200 2441 "https://23rdbank.com.lab2454.com/whsy.php?p=%2Fproc%2F21248%2Fnet" "Mozilla/5.0 AppleWebKit/537.36 (KHTML, like Gecko; compatible; GPTBot/1.3; +https://openai.com/gptbot)"
74.7.243.195 - - [01/Mar/2026:12:31:11 +0000] "GET /whsy.php?p=%2Fproc%2F12912%2Ftask HTTP/2.0" 200 830 "https://www.23rdbank.com.lab2454.com/whsy.php?p=%2Fproc%2F12912" "Mozilla/5.0 AppleWebKit/537.36 (KHTML, like Gecko; compatible; GPTBot/1.3; +https://openai.com/gptbot)"
74.7.243.216 - - [01/Mar/2026:12:31:17 +0000] "GET /whsy.php?e=pppoe&p=%2Fproc%2F27716%2Fnet HTTP/2.0" 200 830 "https://23rdbank.com/whsy.php?p=%2Fproc%2F27716%2Fnet" "Mozilla/5.0 AppleWebKit/537.36 (KHTML, like Gecko; compatible; GPTBot/1.3; +https://openai.com/gptbot)"
74.7.241.39 - - [01/Mar/2026:12:31:21 +0000] "GET /whsy.php?e=unix&p=%2Fproc%2F21248%2Fnet HTTP/2.0" 200 5077 "https://23rdbank.com.lab2454.com/whsy.php?p=%2Fproc%2F21248%2Fnet" "Mozilla/5.0 AppleWebKit/537.36 (KHTML, like Gecko; compatible; GPTBot/1.3; +https://openai.com/gptbot)"
74.7.243.195 - - [01/Mar/2026:12:31:24 +0000] "GET /whsy.php?p=%2Fproc%2F21248%2Fattr HTTP/2.0" 200 798 "https://www.23rdbank.com.lab2454.com/whsy.php?p=%2Fproc%2F21248" "Mozilla/5.0 AppleWebKit/537.36 (KHTML, like Gecko; compatible; GPTBot/1.3; +https://openai.com/gptbot)"
74.7.243.216 - - [01/Mar/2026:12:31:28 +0000] "GET /whsy.php?e=arch_status&p=%2Fproc%2F30373 HTTP/2.0" 200 830 "https://23rdbank.com/whsy.php?p=%2Fproc%2F30373" "Mozilla/5.0 AppleWebKit/537.36 (KHTML, like Gecko; compatible; GPTBot/1.3; +https://openai.com/gptbot)"
74.7.241.39 - - [01/Mar/2026:12:31:30 +0000] "GET /whsy.php?e=status&p=%2Fproc%2F27716 HTTP/2.0" 200 830 "https://23rdbank.com.lab2454.com/whsy.php?p=%2Fproc%2F27716" "Mozilla/5.0 AppleWebKit/537.36 (KHTML, like Gecko; compatible; GPTBot/1.3; +https://openai.com/gptbot)"
74.7.243.195 - - [01/Mar/2026:12:31:31 +0000] "GET /whsy.php?p=%2Fproc%2F27716%2Ftask HTTP/2.0" 200 830 "https://www.23rdbank.com.lab2454.com/whsy.php?p=%2Fproc%2F27716" "Mozilla/5.0 AppleWebKit/537.36 (KHTML, like Gecko; compatible; GPTBot/1.3; +https://openai.com/gptbot)"
74.7.243.216 - - [01/Mar/2026:12:31:34 +0000] "GET /whsy.php?e=arch_status&p=%2Fproc%2F20993 HTTP/2.0" 200 830 "https://23rdbank.com/whsy.php?p=%2Fproc%2F20993" "Mozilla/5.0 AppleWebKit/537.36 (KHTML, like Gecko; compatible; GPTBot/1.3; +https://openai.com/gptbot)"
74.7.241.39 - - [01/Mar/2026:12:31:36 +0000] "GET /whsy.php?e=timers&p=%2Fproc%2F21248 HTTP/2.0" 200 2005 "https://23rdbank.com.lab2454.com/whsy.php?p=%2Fproc%2F21248" "Mozilla/5.0 AppleWebKit/537.36 (KHTML, like Gecko; compatible; GPTBot/1.3; +https://openai.com/gptbot)"
74.7.243.216 - - [01/Mar/2026:12:31:42 +0000] "GET /whsy.php?e=arch_status&p=%2Fproc%2F21744 HTTP/2.0" 200 830 "https://23rdbank.com/whsy.php?p=%2Fproc%2F21744" "Mozilla/5.0 AppleWebKit/537.36 (KHTML, like Gecko; compatible; GPTBot/1.3; +https://openai.com/gptbot)"
74.7.241.39 - - [01/Mar/2026:12:31:45 +0000] "GET /whsy.php?e=status&p=%2Fproc%2F32376 HTTP/2.0" 200 830 "https://23rdbank.com.lab2454.com/whsy.php?p=%2Fproc%2F32376" "Mozilla/5.0 AppleWebKit/537.36 (KHTML, like Gecko; compatible; GPTBot/1.3; +https://openai.com/gptbot)"
74.7.243.195 - - [01/Mar/2026:12:31:47 +0000] "GET /whsy.php?e=oom_score_adj&p=%2Fproc%2F23081%2Ftask%2F23100 HTTP/2.0" 200 1869 "https://www.23rdbank.com.lab2454.com/whsy.php?p=%2Fproc%2F23081%2Ftask%2F23100" "Mozilla/5.0 AppleWebKit/537.36 (KHTML, like Gecko; compatible; GPTBot/1.3; +https://openai.com/gptbot)"
74.7.243.216 - - [01/Mar/2026:12:31:56 +0000] "GET /whsy.php?e=arch_status&p=%2Fproc%2F32376 HTTP/2.0" 200 830 "https://23rdbank.com/whsy.php?p=%2Fproc%2F32376" "Mozilla/5.0 AppleWebKit/537.36 (KHTML, like Gecko; compatible; GPTBot/1.3; +https://openai.com/gptbot)"
74.7.241.39 - - [01/Mar/2026:12:32:02 +0000] "GET /whsy.php?e=timers&p=%2Fproc%2F12329 HTTP/2.0" 200 830 "https://23rdbank.com.lab2454.com/whsy.php?p=%2Fproc%2F12329" "Mozilla/5.0 AppleWebKit/537.36 (KHTML, like Gecko; compatible; GPTBot/1.3; +https://openai.com/gptbot)"
74.7.243.195 - - [01/Mar/2026:12:32:05 +0000] "GET /whsy.php?p=%2Fproc%2F10780%2Fnet HTTP/2.0" 200 830 "https://www.23rdbank.com.lab2454.com/whsy.php?p=%2Fproc%2F10780" "Mozilla/5.0 AppleWebKit/537.36 (KHTML, like Gecko; compatible; GPTBot/1.3; +https://openai.com/gptbot)"
74.7.243.216 - - [01/Mar/2026:12:32:15 +0000] "GET /whsy.php?e=arch_status&p=%2Fproc%2F23788 HTTP/2.0" 200 830 "https://23rdbank.com/whsy.php?p=%2Fproc%2F23788" "Mozilla/5.0 AppleWebKit/537.36 (KHTML, like Gecko; compatible; GPTBot/1.3; +https://openai.com/gptbot)"
74.7.241.39 - - [01/Mar/2026:12:32:23 +0000] "GET /whsy.php?e=exec&p=%2Fproc%2F23081%2Fattr HTTP/2.0" 200 859 "https://23rdbank.com.lab2454.com/whsy.php?p=%2Fproc%2F23081%2Fattr" "Mozilla/5.0 AppleWebKit/537.36 (KHTML, like Gecko; compatible; GPTBot/1.3; +https://openai.com/gptbot)"
74.7.243.195 - - [01/Mar/2026:12:32:24 +0000] "GET /whsy.php?p=%2Fproc%2F10780%2Ftask HTTP/2.0" 200 830 "https://www.23rdbank.com.lab2454.com/whsy.php?p=%2Fproc%2F10780" "Mozilla/5.0 AppleWebKit/537.36 (KHTML, like Gecko; compatible; GPTBot/1.3; +https://openai.com/gptbot)"
74.7.243.216 - - [01/Mar/2026:12:32:42 +0000] "GET /whsy.php?e=arch_status&p=%2Fproc%2F27716 HTTP/2.0" 200 830 "https://23rdbank.com/whsy.php?p=%2Fproc%2F27716" "Mozilla/5.0 AppleWebKit/537.36 (KHTML, like Gecko; compatible; GPTBot/1.3; +https://openai.com/gptbot)"
74.7.244.25 - - [01/Mar/2026:12:32:42 +0000] "GET /robots.txt HTTP/2.0" 404 - "-" "Mozilla/5.0 (Macintosh; Intel Mac OS X 10_15_7) AppleWebKit/537.36 (KHTML, like Gecko) Chrome/131.0.0.0 Safari/537.36; compatible; OAI-SearchBot/1.3; robots.txt; +https://openai.com/searchbot"
74.7.241.39 - - [01/Mar/2026:12:32:49 +0000] "GET /whsy.php?e=route&p=%2Fproc%2F23081%2Fnet HTTP/2.0" 200 2637 "https://23rdbank.com.lab2454.com/whsy.php?p=%2Fproc%2F23081%2Fnet" "Mozilla/5.0 AppleWebKit/537.36 (KHTML, like Gecko; compatible; GPTBot/1.3; +https://openai.com/gptbot)"
74.7.243.195 - - [01/Mar/2026:12:32:50 +0000] "GET /whsy.php?e=arch_status&p=%2Fproc%2F19749 HTTP/2.0" 200 830 "https://www.23rdbank.com.lab2454.com/whsy.php?p=%2Fproc%2F19749" "Mozilla/5.0 AppleWebKit/537.36 (KHTML, like Gecko; compatible; GPTBot/1.3; +https://openai.com/gptbot)"
74.7.243.216 - - [01/Mar/2026:12:33:06 +0000] "GET /whsy.php?e=autogroup&p=%2Fproc%2F23232 HTTP/2.0" 200 830 "https://23rdbank.com/whsy.php?p=%2Fproc%2F23232" "Mozilla/5.0 AppleWebKit/537.36 (KHTML, like Gecko; compatible; GPTBot/1.3; +https://openai.com/gptbot)"
74.7.241.39 - - [01/Mar/2026:12:33:10 +0000] "GET /whsy.php?e=pfkey&p=%2Fproc%2F23081%2Fnet HTTP/2.0" 200 2535 "https://23rdbank.com.lab2454.com/whsy.php?p=%2Fproc%2F23081%2Fnet" "Mozilla/5.0 AppleWebKit/537.36 (KHTML, like Gecko; compatible; GPTBot/1.3; +https://openai.com/gptbot)"
74.7.243.195 - - [01/Mar/2026:12:33:11 +0000] "GET /whsy.php?e=arch_status&p=%2Fproc%2F11870 HTTP/2.0" 200 830 "https://www.23rdbank.com.lab2454.com/whsy.php?p=%2Fproc%2F11870" "Mozilla/5.0 AppleWebKit/537.36 (KHTML, like Gecko; compatible; GPTBot/1.3; +https://openai.com/gptbot)"
74.7.243.216 - - [01/Mar/2026:12:33:28 +0000] "GET /whsy.php?e=unix&p=%2Fproc%2F27716%2Fnet HTTP/2.0" 200 830 "https://23rdbank.com/whsy.php?p=%2Fproc%2F27716%2Fnet" "Mozilla/5.0 AppleWebKit/537.36 (KHTML, like Gecko; compatible; GPTBot/1.3; +https://openai.com/gptbot)"
74.7.241.39 - - [01/Mar/2026:12:33:33 +0000] "GET /whsy.php?e=icmp&p=%2Fproc%2F23081%2Fnet HTTP/2.0" 200 2580 "https://23rdbank.com.lab2454.com/whsy.php?p=%2Fproc%2F23081%2Fnet" "Mozilla/5.0 AppleWebKit/537.36 (KHTML, like Gecko; compatible; GPTBot/1.3; +https://openai.com/gptbot)"
74.7.243.195 - - [01/Mar/2026:12:33:36 +0000] "GET /whsy.php?e=arch_status&p=%2Fproc%2F23081 HTTP/2.0" 200 2005 "https://www.23rdbank.com.lab2454.com/whsy.php?p=%2Fproc%2F23081" "Mozilla/5.0 AppleWebKit/537.36 (KHTML, like Gecko; compatible; GPTBot/1.3; +https://openai.com/gptbot)"
74.7.243.216 - - [01/Mar/2026:12:33:45 +0000] "GET /whsy.php?e=igmp&p=%2Fproc%2F23081%2Fnet HTTP/2.0" 200 2592 "https://23rdbank.com/whsy.php?p=%2Fproc%2F23081%2Fnet" "Mozilla/5.0 AppleWebKit/537.36 (KHTML, like Gecko; compatible; GPTBot/1.3; +https://openai.com/gptbot)"
74.7.241.39 - - [01/Mar/2026:12:33:48 +0000] "GET /whsy.php?e=unix&p=%2Fproc%2F23081%2Fnet HTTP/2.0" 200 4975 "https://23rdbank.com.lab2454.com/whsy.php?p=%2Fproc%2F23081%2Fnet" "Mozilla/5.0 AppleWebKit/537.36 (KHTML, like Gecko; compatible; GPTBot/1.3; +https://openai.com/gptbot)"
74.7.243.195 - - [01/Mar/2026:12:33:48 +0000] "GET /whsy.php?e=arch_status&p=%2Fproc%2F10780 HTTP/2.0" 200 830 "https://www.23rdbank.com.lab2454.com/whsy.php?p=%2Fproc%2F10780" "Mozilla/5.0 AppleWebKit/537.36 (KHTML, like Gecko; compatible; GPTBot/1.3; +https://openai.com/gptbot)"
74.7.243.216 - - [01/Mar/2026:12:33:58 +0000] "GET /whsy.php?e=timers&p=%2Fproc%2F23232 HTTP/2.0" 200 830 "https://23rdbank.com/whsy.php?p=%2Fproc%2F23232" "Mozilla/5.0 AppleWebKit/537.36 (KHTML, like Gecko; compatible; GPTBot/1.3; +https://openai.com/gptbot)"
74.7.241.39 - - [01/Mar/2026:12:34:05 +0000] "GET /whsy.php?e=status&p=%2Fproc%2F27375 HTTP/2.0" 200 830 "https://23rdbank.com.lab2454.com/whsy.php?p=%2Fproc%2F27375" "Mozilla/5.0 AppleWebKit/537.36 (KHTML, like Gecko; compatible; GPTBot/1.3; +https://openai.com/gptbot)"
74.7.243.195 - - [01/Mar/2026:12:34:07 +0000] "GET /whsy.php?e=arch_status&p=%2Fproc%2F17660 HTTP/2.0" 200 830 "https://www.23rdbank.com.lab2454.com/whsy.php?p=%2Fproc%2F17660" "Mozilla/5.0 AppleWebKit/537.36 (KHTML, like Gecko; compatible; GPTBot/1.3; +https://openai.com/gptbot)"
74.7.243.216 - - [01/Mar/2026:12:34:17 +0000] "GET /whsy.php?e=cpuset&p=%2Fproc%2F23232 HTTP/2.0" 200 830 "https://23rdbank.com/whsy.php?p=%2Fproc%2F23232" "Mozilla/5.0 AppleWebKit/537.36 (KHTML, like Gecko; compatible; GPTBot/1.3; +https://openai.com/gptbot)"
74.7.241.39 - - [01/Mar/2026:12:34:22 +0000] "GET /whsy.php?e=status&p=%2Fproc%2F21744 HTTP/2.0" 200 830 "https://23rdbank.com.lab2454.com/whsy.php?p=%2Fproc%2F21744" "Mozilla/5.0 AppleWebKit/537.36 (KHTML, like Gecko; compatible; GPTBot/1.3; +https://openai.com/gptbot)"
74.7.243.195 - - [01/Mar/2026:12:34:23 +0000] "GET /whsy.php?e=exec&p=%2Fproc%2F21248%2Fattr HTTP/2.0" 200 858 "https://www.23rdbank.com.lab2454.com/whsy.php?p=%2Fproc%2F21248%2Fattr" "Mozilla/5.0 AppleWebKit/537.36 (KHTML, like Gecko; compatible; GPTBot/1.3; +https://openai.com/gptbot)"
74.7.243.216 - - [01/Mar/2026:12:34:29 +0000] "GET /whsy.php?e=limits&p=%2Fproc%2F23232 HTTP/2.0" 200 830 "https://23rdbank.com/whsy.php?p=%2Fproc%2F23232" "Mozilla/5.0 AppleWebKit/537.36 (KHTML, like Gecko; compatible; GPTBot/1.3; +https://openai.com/gptbot)"
74.7.241.39 - - [01/Mar/2026:12:34:33 +0000] "GET /whsy.php?e=cpuset&p=%2Fproc%2F11870 HTTP/2.0" 200 830 "https://23rdbank.com.lab2454.com/whsy.php?p=%2Fproc%2F11870" "Mozilla/5.0 AppleWebKit/537.36 (KHTML, like Gecko; compatible; GPTBot/1.3; +https://openai.com/gptbot)"
74.7.243.195 - - [01/Mar/2026:12:34:34 +0000] "GET /whsy.php?e=unix&p=%2Fproc%2F23081%2Fnet HTTP/2.0" 200 4949 "https://www.23rdbank.com.lab2454.com/whsy.php?p=%2Fproc%2F23081%2Fnet" "Mozilla/5.0 AppleWebKit/537.36 (KHTML, like Gecko; compatible; GPTBot/1.3; +https://openai.com/gptbot)"
74.7.243.216 - - [01/Mar/2026:12:34:43 +0000] "GET /whsy.php?e=mounts&p=%2Fproc%2F23232 HTTP/2.0" 200 830 "https://23rdbank.com/whsy.php?p=%2Fproc%2F23232" "Mozilla/5.0 AppleWebKit/537.36 (KHTML, like Gecko; compatible; GPTBot/1.3; +https://openai.com/gptbot)"
74.7.241.39 - - [01/Mar/2026:12:34:50 +0000] "GET /whsy.php?e=cgroup&p=%2Fproc%2F23081 HTTP/2.0" 200 2139 "https://23rdbank.com.lab2454.com/whsy.php?p=%2Fproc%2F23081" "Mozilla/5.0 AppleWebKit/537.36 (KHTML, like Gecko; compatible; GPTBot/1.3; +https://openai.com/gptbot)"
74.7.243.195 - - [01/Mar/2026:12:34:52 +0000] "GET /whsy.php?e=status&p=%2Fproc%2F27716 HTTP/2.0" 200 830 "https://www.23rdbank.com.lab2454.com/whsy.php?p=%2Fproc%2F27716" "Mozilla/5.0 AppleWebKit/537.36 (KHTML, like Gecko; compatible; GPTBot/1.3; +https://openai.com/gptbot)"
74.7.243.216 - - [01/Mar/2026:12:34:57 +0000] "GET /whsy.php?e=status&p=%2Fproc%2F23232 HTTP/2.0" 200 830 "https://23rdbank.com/whsy.php?p=%2Fproc%2F23232" "Mozilla/5.0 AppleWebKit/537.36 (KHTML, like Gecko; compatible; GPTBot/1.3; +https://openai.com/gptbot)"
74.7.241.39 - - [01/Mar/2026:12:35:03 +0000] "GET /whsy.php?e=limits&p=%2Fproc%2F27000 HTTP/2.0" 200 830 "https://23rdbank.com.lab2454.com/whsy.php?p=%2Fproc%2F27000" "Mozilla/5.0 AppleWebKit/537.36 (KHTML, like Gecko; compatible; GPTBot/1.3; +https://openai.com/gptbot)"
74.7.243.195 - - [01/Mar/2026:12:35:04 +0000] "GET /whsy.php?e=cpuset&p=%2Fproc%2F11870 HTTP/2.0" 200 830 "https://www.23rdbank.com.lab2454.com/whsy.php?p=%2Fproc%2F11870" "Mozilla/5.0 AppleWebKit/537.36 (KHTML, like Gecko; compatible; GPTBot/1.3; +https://openai.com/gptbot)"
74.7.243.216 - - [01/Mar/2026:12:35:08 +0000] "GET /whsy.php?e=cgroup&p=%2Fproc%2F23232 HTTP/2.0" 200 830 "https://23rdbank.com/whsy.php?p=%2Fproc%2F23232" "Mozilla/5.0 AppleWebKit/537.36 (KHTML, like Gecko; compatible; GPTBot/1.3; +https://openai.com/gptbot)"
74.7.241.39 - - [01/Mar/2026:12:35:14 +0000] "GET /whsy.php?e=mounts&p=%2Fproc%2F27000 HTTP/2.0" 200 830 "https://23rdbank.com.lab2454.com/whsy.php?p=%2Fproc%2F27000" "Mozilla/5.0 AppleWebKit/537.36 (KHTML, like Gecko; compatible; GPTBot/1.3; +https://openai.com/gptbot)"
74.7.243.195 - - [01/Mar/2026:12:35:15 +0000] "GET /whsy.php?e=cgroup&p=%2Fproc%2F23081 HTTP/2.0" 200 2139 "https://www.23rdbank.com.lab2454.com/whsy.php?p=%2Fproc%2F23081" "Mozilla/5.0 AppleWebKit/537.36 (KHTML, like Gecko; compatible; GPTBot/1.3; +https://openai.com/gptbot)"
74.7.243.216 - - [01/Mar/2026:12:35:26 +0000] "GET /whsy.php?e=psched&p=%2Fproc%2F27716%2Fnet HTTP/2.0" 200 830 "https://23rdbank.com/whsy.php?p=%2Fproc%2F27716%2Fnet" "Mozilla/5.0 AppleWebKit/537.36 (KHTML, like Gecko; compatible; GPTBot/1.3; +https://openai.com/gptbot)"
74.7.241.39 - - [01/Mar/2026:12:35:31 +0000] "GET /whsy.php?e=udp&p=%2Fproc%2F23081%2Fnet HTTP/2.0" 200 2776 "https://23rdbank.com.lab2454.com/whsy.php?p=%2Fproc%2F23081%2Fnet" "Mozilla/5.0 AppleWebKit/537.36 (KHTML, like Gecko; compatible; GPTBot/1.3; +https://openai.com/gptbot)"
74.7.243.195 - - [01/Mar/2026:12:35:33 +0000] "GET /whsy.php?e=cgroup&p=%2Fproc%2F10780 HTTP/2.0" 200 830 "https://www.23rdbank.com.lab2454.com/whsy.php?p=%2Fproc%2F10780" "Mozilla/5.0 AppleWebKit/537.36 (KHTML, like Gecko; compatible; GPTBot/1.3; +https://openai.com/gptbot)"
74.7.243.216 - - [01/Mar/2026:12:35:40 +0000] "GET /whsy.php?e=oom_score&p=%2Fproc%2F23788 HTTP/2.0" 200 830 "https://23rdbank.com/whsy.php?p=%2Fproc%2F23788" "Mozilla/5.0 AppleWebKit/537.36 (KHTML, like Gecko; compatible; GPTBot/1.3; +https://openai.com/gptbot)"
74.7.241.39 - - [01/Mar/2026:12:35:44 +0000] "GET /whsy.php?e=numa_maps&p=%2Fproc%2F12329 HTTP/2.0" 200 830 "https://23rdbank.com.lab2454.com/whsy.php?p=%2Fproc%2F12329" "Mozilla/5.0 AppleWebKit/537.36 (KHTML, like Gecko; compatible; GPTBot/1.3; +https://openai.com/gptbot)"
74.7.244.51 - - [01/Mar/2026:12:35:44 +0000] "GET /robots.txt HTTP/2.0" 404 - "-" "Mozilla/5.0 (Macintosh; Intel Mac OS X 10_15_7) AppleWebKit/537.36 (KHTML, like Gecko) Chrome/131.0.0.0 Safari/537.36; compatible; OAI-SearchBot/1.3; robots.txt; +https://openai.com/searchbot"
74.7.243.195 - - [01/Mar/2026:12:35:47 +0000] "GET /whsy.php?e=timers&p=%2Fproc%2F21248 HTTP/2.0" 200 2005 "https://www.23rdbank.com.lab2454.com/whsy.php?p=%2Fproc%2F21248" "Mozilla/5.0 AppleWebKit/537.36 (KHTML, like Gecko; compatible; GPTBot/1.3; +https://openai.com/gptbot)"
74.7.230.58 - - [01/Mar/2026:12:35:47 +0000] "GET /robots.txt HTTP/2.0" 404 - "-" "Mozilla/5.0 (Macintosh; Intel Mac OS X 10_15_7) AppleWebKit/537.36 (KHTML, like Gecko) Chrome/131.0.0.0 Safari/537.36; compatible; OAI-SearchBot/1.3; robots.txt; +https://openai.com/searchbot"
74.7.243.216 - - [01/Mar/2026:12:35:52 +0000] "GET /whsy.php?e=oom_score&p=%2Fproc%2F30373 HTTP/2.0" 200 830 "https://23rdbank.com/whsy.php?p=%2Fproc%2F30373" "Mozilla/5.0 AppleWebKit/537.36 (KHTML, like Gecko; compatible; GPTBot/1.3; +https://openai.com/gptbot)"
74.7.241.39 - - [01/Mar/2026:12:35:56 +0000] "GET /whsy.php?e=numa_maps&p=%2Fproc%2F27716 HTTP/2.0" 200 830 "https://23rdbank.com.lab2454.com/whsy.php?p=%2Fproc%2F27716" "Mozilla/5.0 AppleWebKit/537.36 (KHTML, like Gecko; compatible; GPTBot/1.3; +https://openai.com/gptbot)"
74.7.243.195 - - [01/Mar/2026:12:35:57 +0000] "GET /whsy.php?e=limits&p=%2Fproc%2F12912 HTTP/2.0" 200 830 "https://www.23rdbank.com.lab2454.com/whsy.php?p=%2Fproc%2F12912" "Mozilla/5.0 AppleWebKit/537.36 (KHTML, like Gecko; compatible; GPTBot/1.3; +https://openai.com/gptbot)"
74.7.243.216 - - [01/Mar/2026:12:36:02 +0000] "GET /whsy.php?e=oom_score&p=%2Fproc%2F32376 HTTP/2.0" 200 830 "https://23rdbank.com/whsy.php?p=%2Fproc%2F32376" "Mozilla/5.0 AppleWebKit/537.36 (KHTML, like Gecko; compatible; GPTBot/1.3; +https://openai.com/gptbot)"
74.7.241.39 - - [01/Mar/2026:12:36:05 +0000] "GET /whsy.php?e=numa_maps&p=%2Fproc%2F21248 HTTP/2.0" 200 2122 "https://23rdbank.com.lab2454.com/whsy.php?p=%2Fproc%2F21248" "Mozilla/5.0 AppleWebKit/537.36 (KHTML, like Gecko; compatible; GPTBot/1.3; +https://openai.com/gptbot)"
74.7.243.195 - - [01/Mar/2026:12:36:07 +0000] "GET /whsy.php?e=cgroup&p=%2Fproc%2F19749 HTTP/2.0" 200 830 "https://www.23rdbank.com.lab2454.com/whsy.php?p=%2Fproc%2F19749" "Mozilla/5.0 AppleWebKit/537.36 (KHTML, like Gecko; compatible; GPTBot/1.3; +https://openai.com/gptbot)"
74.7.243.216 - - [01/Mar/2026:12:36:12 +0000] "GET /whsy.php?e=oom_score&p=%2Fproc%2F21744 HTTP/2.0" 200 830 "https://23rdbank.com/whsy.php?p=%2Fproc%2F21744" "Mozilla/5.0 AppleWebKit/537.36 (KHTML, like Gecko; compatible; GPTBot/1.3; +https://openai.com/gptbot)"
74.7.241.39 - - [01/Mar/2026:12:36:16 +0000] "GET /whsy.php?e=numa_maps&p=%2Fproc%2F27375 HTTP/2.0" 200 830 "https://23rdbank.com.lab2454.com/whsy.php?p=%2Fproc%2F27375" "Mozilla/5.0 AppleWebKit/537.36 (KHTML, like Gecko; compatible; GPTBot/1.3; +https://openai.com/gptbot)"
74.7.243.195 - - [01/Mar/2026:12:36:17 +0000] "GET /whsy.php?e=cgroup&p=%2Fproc%2F11870 HTTP/2.0" 200 830 "https://www.23rdbank.com.lab2454.com/whsy.php?p=%2Fproc%2F11870" "Mozilla/5.0 AppleWebKit/537.36 (KHTML, like Gecko; compatible; GPTBot/1.3; +https://openai.com/gptbot)"
74.7.243.216 - - [01/Mar/2026:12:36:23 +0000] "GET /whsy.php?e=oom_score&p=%2Fproc%2F27716 HTTP/2.0" 200 830 "https://23rdbank.com/whsy.php?p=%2Fproc%2F27716" "Mozilla/5.0 AppleWebKit/537.36 (KHTML, like Gecko; compatible; GPTBot/1.3; +https://openai.com/gptbot)"
74.7.241.39 - - [01/Mar/2026:12:36:31 +0000] "GET /whsy.php?e=numa_maps&p=%2Fproc%2F32376 HTTP/2.0" 200 830 "https://23rdbank.com.lab2454.com/whsy.php?p=%2Fproc%2F32376" "Mozilla/5.0 AppleWebKit/537.36 (KHTML, like Gecko; compatible; GPTBot/1.3; +https://openai.com/gptbot)"
74.7.243.195 - - [01/Mar/2026:12:36:34 +0000] "GET /whsy.php?e=cpuset&p=%2Fproc%2F23081 HTTP/2.0" 200 2005 "https://www.23rdbank.com.lab2454.com/whsy.php?p=%2Fproc%2F23081" "Mozilla/5.0 AppleWebKit/537.36 (KHTML, like Gecko; compatible; GPTBot/1.3; +https://openai.com/gptbot)"
74.7.243.216 - - [01/Mar/2026:12:36:42 +0000] "GET /whsy.php?e=oom_score&p=%2Fproc%2F20993 HTTP/2.0" 200 830 "https://23rdbank.com/whsy.php?p=%2Fproc%2F20993" "Mozilla/5.0 AppleWebKit/537.36 (KHTML, like Gecko; compatible; GPTBot/1.3; +https://openai.com/gptbot)"
74.7.241.39 - - [01/Mar/2026:12:36:44 +0000] "GET /whsy.php?e=numa_maps&p=%2Fproc%2F21744 HTTP/2.0" 200 830 "https://23rdbank.com.lab2454.com/whsy.php?p=%2Fproc%2F21744" "Mozilla/5.0 AppleWebKit/537.36 (KHTML, like Gecko; compatible; GPTBot/1.3; +https://openai.com/gptbot)"
74.7.243.195 - - [01/Mar/2026:12:36:45 +0000] "GET /whsy.php?e=cpuset&p=%2Fproc%2F17660 HTTP/2.0" 200 830 "https://www.23rdbank.com.lab2454.com/whsy.php?p=%2Fproc%2F17660" "Mozilla/5.0 AppleWebKit/537.36 (KHTML, like Gecko; compatible; GPTBot/1.3; +https://openai.com/gptbot)"
74.7.243.216 - - [01/Mar/2026:12:36:48 +0000] "GET /whsy.php?e=sockstat&p=%2Fproc%2F27716%2Fnet HTTP/2.0" 200 830 "https://23rdbank.com/whsy.php?p=%2Fproc%2F27716%2Fnet" "Mozilla/5.0 AppleWebKit/537.36 (KHTML, like Gecko; compatible; GPTBot/1.3; +https://openai.com/gptbot)"
74.7.241.39 - - [01/Mar/2026:12:36:50 +0000] "GET /whsy.php?e=igmp&p=%2Fproc%2F21248%2Fnet HTTP/2.0" 200 2591 "https://23rdbank.com.lab2454.com/whsy.php?p=%2Fproc%2F21248%2Fnet" "Mozilla/5.0 AppleWebKit/537.36 (KHTML, like Gecko; compatible; GPTBot/1.3; +https://openai.com/gptbot)"
74.7.243.195 - - [01/Mar/2026:12:36:51 +0000] "GET /whsy.php?e=cgroup&p=%2Fproc%2F17660 HTTP/2.0" 200 830 "https://www.23rdbank.com.lab2454.com/whsy.php?p=%2Fproc%2F17660" "Mozilla/5.0 AppleWebKit/537.36 (KHTML, like Gecko; compatible; GPTBot/1.3; +https://openai.com/gptbot)"
74.7.243.216 - - [01/Mar/2026:12:36:54 +0000] "GET /whsy.php?e=arch_status&p=%2Fproc%2F23232 HTTP/2.0" 200 830 "https://23rdbank.com/whsy.php?p=%2Fproc%2F23232" "Mozilla/5.0 AppleWebKit/537.36 (KHTML, like Gecko; compatible; GPTBot/1.3; +https://openai.com/gptbot)"
74.7.241.39 - - [01/Mar/2026:12:36:56 +0000] "GET /whsy.php?e=oom_score&p=%2Fproc%2F11870 HTTP/2.0" 200 830 "https://23rdbank.com.lab2454.com/whsy.php?p=%2Fproc%2F11870" "Mozilla/5.0 AppleWebKit/537.36 (KHTML, like Gecko; compatible; GPTBot/1.3; +https://openai.com/gptbot)"
74.7.243.195 - - [01/Mar/2026:12:36:56 +0000] "GET /whsy.php?e=cpuset&p=%2Fproc%2F19749 HTTP/2.0" 200 830 "https://www.23rdbank.com.lab2454.com/whsy.php?p=%2Fproc%2F19749" "Mozilla/5.0 AppleWebKit/537.36 (KHTML, like Gecko; compatible; GPTBot/1.3; +https://openai.com/gptbot)"
74.7.243.216 - - [01/Mar/2026:12:36:58 +0000] "GET /whsy.php?e=timens_offsets&p=%2Fproc%2F23232 HTTP/2.0" 200 830 "https://23rdbank.com/whsy.php?p=%2Fproc%2F23232" "Mozilla/5.0 AppleWebKit/537.36 (KHTML, like Gecko; compatible; GPTBot/1.3; +https://openai.com/gptbot)"
74.7.241.39 - - [01/Mar/2026:12:37:00 +0000] "GET /whsy.php?e=raw&p=%2Fproc%2F23081%2Fnet HTTP/2.0" 200 2578 "https://23rdbank.com.lab2454.com/whsy.php?p=%2Fproc%2F23081%2Fnet" "Mozilla/5.0 AppleWebKit/537.36 (KHTML, like Gecko; compatible; GPTBot/1.3; +https://openai.com/gptbot)"
74.7.243.195 - - [01/Mar/2026:12:37:00 +0000] "GET /whsy.php?e=cpuset&p=%2Fproc%2F10780 HTTP/2.0" 200 830 "https://www.23rdbank.com.lab2454.com/whsy.php?p=%2Fproc%2F10780" "Mozilla/5.0 AppleWebKit/537.36 (KHTML, like Gecko; compatible; GPTBot/1.3; +https://openai.com/gptbot)"
74.7.243.216 - - [01/Mar/2026:12:37:03 +0000] "GET /whsy.php?e=fib_trie&p=%2Fproc%2F27716%2Fnet HTTP/2.0" 200 830 "https://23rdbank.com/whsy.php?p=%2Fproc%2F27716%2Fnet" "Mozilla/5.0 AppleWebKit/537.36 (KHTML, like Gecko; compatible; GPTBot/1.3; +https://openai.com/gptbot)"
74.7.241.39 - - [01/Mar/2026:12:37:04 +0000] "GET /whsy.php?e=arch_status&p=%2Fproc%2F12329 HTTP/2.0" 200 830 "https://23rdbank.com.lab2454.com/whsy.php?p=%2Fproc%2F12329" "Mozilla/5.0 AppleWebKit/537.36 (KHTML, like Gecko; compatible; GPTBot/1.3; +https://openai.com/gptbot)"
74.7.243.195 - - [01/Mar/2026:12:37:05 +0000] "GET /whsy.php?e=mounts&p=%2Fproc%2F12912 HTTP/2.0" 200 830 "https://www.23rdbank.com.lab2454.com/whsy.php?p=%2Fproc%2F12912" "Mozilla/5.0 AppleWebKit/537.36 (KHTML, like Gecko; compatible; GPTBot/1.3; +https://openai.com/gptbot)"
74.7.243.216 - - [01/Mar/2026:12:37:07 +0000] "GET /whsy.php?e=netlink&p=%2Fproc%2F23081%2Fnet HTTP/2.0" 200 2812 "https://23rdbank.com/whsy.php?p=%2Fproc%2F23081%2Fnet" "Mozilla/5.0 AppleWebKit/537.36 (KHTML, like Gecko; compatible; GPTBot/1.3; +https://openai.com/gptbot)"
74.7.241.39 - - [01/Mar/2026:12:37:11 +0000] "GET /whsy.php?e=arch_status&p=%2Fproc%2F21248 HTTP/2.0" 200 2005 "https://23rdbank.com.lab2454.com/whsy.php?p=%2Fproc%2F21248" "Mozilla/5.0 AppleWebKit/537.36 (KHTML, like Gecko; compatible; GPTBot/1.3; +https://openai.com/gptbot)"
74.7.243.195 - - [01/Mar/2026:12:37:13 +0000] "GET /whsy.php?e=mounts&p=%2Fproc%2F27000 HTTP/2.0" 200 830 "https://www.23rdbank.com.lab2454.com/whsy.php?p=%2Fproc%2F27000" "Mozilla/5.0 AppleWebKit/537.36 (KHTML, like Gecko; compatible; GPTBot/1.3; +https://openai.com/gptbot)"
74.7.243.216 - - [01/Mar/2026:12:37:19 +0000] "GET /whsy.php?e=mcfilter&p=%2Fproc%2F27716%2Fnet HTTP/2.0" 200 830 "https://23rdbank.com/whsy.php?p=%2Fproc%2F27716%2Fnet" "Mozilla/5.0 AppleWebKit/537.36 (KHTML, like Gecko; compatible; GPTBot/1.3; +https://openai.com/gptbot)"
74.7.241.39 - - [01/Mar/2026:12:37:22 +0000] "GET /whsy.php?e=ptype&p=%2Fproc%2F27716%2Fnet HTTP/2.0" 200 830 "https://23rdbank.com.lab2454.com/whsy.php?p=%2Fproc%2F27716%2Fnet" "Mozilla/5.0 AppleWebKit/537.36 (KHTML, like Gecko; compatible; GPTBot/1.3; +https://openai.com/gptbot)"
74.7.243.195 - - [01/Mar/2026:12:37:23 +0000] "GET /whsy.php?e=limits&p=%2Fproc%2F27000 HTTP/2.0" 200 830 "https://www.23rdbank.com.lab2454.com/whsy.php?p=%2Fproc%2F27000" "Mozilla/5.0 AppleWebKit/537.36 (KHTML, like Gecko; compatible; GPTBot/1.3; +https://openai.com/gptbot)"
74.7.243.216 - - [01/Mar/2026:12:37:29 +0000] "GET /whsy.php?e=udplite&p=%2Fproc%2F23081%2Fnet HTTP/2.0" 200 2583 "https://23rdbank.com/whsy.php?p=%2Fproc%2F23081%2Fnet" "Mozilla/5.0 AppleWebKit/537.36 (KHTML, like Gecko; compatible; GPTBot/1.3; +https://openai.com/gptbot)"
74.7.241.39 - - [01/Mar/2026:12:37:34 +0000] "GET /whsy.php?e=ptype&p=%2Fproc%2F23081%2Fnet HTTP/2.0" 200 2617 "https://23rdbank.com.lab2454.com/whsy.php?p=%2Fproc%2F23081%2Fnet" "Mozilla/5.0 AppleWebKit/537.36 (KHTML, like Gecko; compatible; GPTBot/1.3; +https://openai.com/gptbot)"
74.7.243.195 - - [01/Mar/2026:12:37:35 +0000] "GET /whsy.php?e=udp&p=%2Fproc%2F23081%2Fnet HTTP/2.0" 200 2776 "https://www.23rdbank.com.lab2454.com/whsy.php?p=%2Fproc%2F23081%2Fnet" "Mozilla/5.0 AppleWebKit/537.36 (KHTML, like Gecko; compatible; GPTBot/1.3; +https://openai.com/gptbot)"
74.7.243.216 - - [01/Mar/2026:12:37:38 +0000] "GET /whsy.php?e=oom_adj&p=%2Fproc%2F23232 HTTP/2.0" 200 830 "https://23rdbank.com/whsy.php?p=%2Fproc%2F23232" "Mozilla/5.0 AppleWebKit/537.36 (KHTML, like Gecko; compatible; GPTBot/1.3; +https://openai.com/gptbot)"
74.7.241.39 - - [01/Mar/2026:12:37:43 +0000] "GET /whsy.php?e=prev&p=%2Fproc%2F21248%2Fattr HTTP/2.0" 200 858 "https://23rdbank.com.lab2454.com/whsy.php?p=%2Fproc%2F21248%2Fattr" "Mozilla/5.0 AppleWebKit/537.36 (KHTML, like Gecko; compatible; GPTBot/1.3; +https://openai.com/gptbot)"
74.7.243.195 - - [01/Mar/2026:12:37:45 +0000] "GET /whsy.php?e=numa_maps&p=%2Fproc%2F28833 HTTP/2.0" 200 830 "https://www.23rdbank.com.lab2454.com/whsy.php?p=%2Fproc%2F28833" "Mozilla/5.0 AppleWebKit/537.36 (KHTML, like Gecko; compatible; GPTBot/1.3; +https://openai.com/gptbot)"
74.7.243.216 - - [01/Mar/2026:12:37:55 +0000] "GET /whsy.php?e=mcfilter&p=%2Fproc%2F23081%2Fnet HTTP/2.0" 200 2538 "https://23rdbank.com/whsy.php?p=%2Fproc%2F23081%2Fnet" "Mozilla/5.0 AppleWebKit/537.36 (KHTML, like Gecko; compatible; GPTBot/1.3; +https://openai.com/gptbot)"
74.7.244.25 - - [01/Mar/2026:12:37:55 +0000] "GET /robots.txt HTTP/2.0" 404 - "-" "Mozilla/5.0 (Macintosh; Intel Mac OS X 10_15_7) AppleWebKit/537.36 (KHTML, like Gecko) Chrome/131.0.0.0 Safari/537.36; compatible; OAI-SearchBot/1.3; robots.txt; +https://openai.com/searchbot"
74.7.241.39 - - [01/Mar/2026:12:38:00 +0000] "GET /whsy.php?e=ptype&p=%2Fproc%2F21248%2Fnet HTTP/2.0" 200 2616 "https://23rdbank.com.lab2454.com/whsy.php?p=%2Fproc%2F21248%2Fnet" "Mozilla/5.0 AppleWebKit/537.36 (KHTML, like Gecko; compatible; GPTBot/1.3; +https://openai.com/gptbot)"
74.7.243.195 - - [01/Mar/2026:12:38:01 +0000] "GET /whsy.php?e=numa_maps&p=%2Fproc%2F27716 HTTP/2.0" 200 830 "https://www.23rdbank.com.lab2454.com/whsy.php?p=%2Fproc%2F27716" "Mozilla/5.0 AppleWebKit/537.36 (KHTML, like Gecko; compatible; GPTBot/1.3; +https://openai.com/gptbot)"
74.7.243.216 - - [01/Mar/2026:12:38:09 +0000] "GET /whsy.php?e=fib_trie&p=%2Fproc%2F23081%2Fnet HTTP/2.0" 200 2693 "https://23rdbank.com/whsy.php?p=%2Fproc%2F23081%2Fnet" "Mozilla/5.0 AppleWebKit/537.36 (KHTML, like Gecko; compatible; GPTBot/1.3; +https://openai.com/gptbot)"
74.7.241.39 - - [01/Mar/2026:12:38:14 +0000] "GET /whsy.php?e=numa_maps&p=%2Fproc%2F27000 HTTP/2.0" 200 830 "https://23rdbank.com.lab2454.com/whsy.php?p=%2Fproc%2F27000" "Mozilla/5.0 AppleWebKit/537.36 (KHTML, like Gecko; compatible; GPTBot/1.3; +https://openai.com/gptbot)"
74.7.243.195 - - [01/Mar/2026:12:38:16 +0000] "GET /whsy.php?e=numa_maps&p=%2Fproc%2F21248 HTTP/2.0" 200 2122 "https://www.23rdbank.com.lab2454.com/whsy.php?p=%2Fproc%2F21248" "Mozilla/5.0 AppleWebKit/537.36 (KHTML, like Gecko; compatible; GPTBot/1.3; +https://openai.com/gptbot)"
74.7.243.216 - - [01/Mar/2026:12:38:36 +0000] "GET /whsy.php?e=rt_cache&p=%2Fproc%2F27716%2Fnet HTTP/2.0" 200 830 "https://23rdbank.com/whsy.php?p=%2Fproc%2F27716%2Fnet" "Mozilla/5.0 AppleWebKit/537.36 (KHTML, like Gecko; compatible; GPTBot/1.3; +https://openai.com/gptbot)"
74.7.241.39 - - [01/Mar/2026:12:38:44 +0000] "GET /whsy.php?e=oom_score&p=%2Fproc%2F23081 HTTP/2.0" 200 2006 "https://23rdbank.com.lab2454.com/whsy.php?p=%2Fproc%2F23081" "Mozilla/5.0 AppleWebKit/537.36 (KHTML, like Gecko; compatible; GPTBot/1.3; +https://openai.com/gptbot)"
74.7.243.195 - - [01/Mar/2026:12:38:45 +0000] "GET /whsy.php?e=igmp&p=%2Fproc%2F21248%2Fnet HTTP/2.0" 200 2591 "https://www.23rdbank.com.lab2454.com/whsy.php?p=%2Fproc%2F21248%2Fnet" "Mozilla/5.0 AppleWebKit/537.36 (KHTML, like Gecko; compatible; GPTBot/1.3; +https://openai.com/gptbot)"
74.7.243.216 - - [01/Mar/2026:12:38:53 +0000] "GET /whsy.php?e=current&p=%2Fproc%2F27716%2Fattr HTTP/2.0" 200 830 "https://23rdbank.com/whsy.php?p=%2Fproc%2F27716%2Fattr" "Mozilla/5.0 AppleWebKit/537.36 (KHTML, like Gecko; compatible; GPTBot/1.3; +https://openai.com/gptbot)"
74.7.241.39 - - [01/Mar/2026:12:38:58 +0000] "GET /whsy.php?e=pppoe&p=%2Fproc%2F23081%2Fnet HTTP/2.0" 200 2524 "https://23rdbank.com.lab2454.com/whsy.php?p=%2Fproc%2F23081%2Fnet" "Mozilla/5.0 AppleWebKit/537.36 (KHTML, like Gecko; compatible; GPTBot/1.3; +https://openai.com/gptbot)"
74.7.243.195 - - [01/Mar/2026:12:39:00 +0000] "GET /whsy.php?e=numa_maps&p=%2Fproc%2F12912 HTTP/2.0" 200 830 "https://www.23rdbank.com.lab2454.com/whsy.php?p=%2Fproc%2F12912" "Mozilla/5.0 AppleWebKit/537.36 (KHTML, like Gecko; compatible; GPTBot/1.3; +https://openai.com/gptbot)"
74.7.243.216 - - [01/Mar/2026:12:39:21 +0000] "GET /whsy.php?e=packet&p=%2Fproc%2F23081%2Fnet HTTP/2.0" 200 2572 "https://23rdbank.com/whsy.php?p=%2Fproc%2F23081%2Fnet" "Mozilla/5.0 AppleWebKit/537.36 (KHTML, like Gecko; compatible; GPTBot/1.3; +https://openai.com/gptbot)"
74.7.241.39 - - [01/Mar/2026:12:39:24 +0000] "GET /whsy.php?e=pppoe&p=%2Fproc%2F27716%2Fnet HTTP/2.0" 200 830 "https://23rdbank.com.lab2454.com/whsy.php?p=%2Fproc%2F27716%2Fnet" "Mozilla/5.0 AppleWebKit/537.36 (KHTML, like Gecko; compatible; GPTBot/1.3; +https://openai.com/gptbot)"
74.7.243.195 - - [01/Mar/2026:12:39:25 +0000] "GET /whsy.php?e=oom_score&p=%2Fproc%2F11870 HTTP/2.0" 200 830 "https://www.23rdbank.com.lab2454.com/whsy.php?p=%2Fproc%2F11870" "Mozilla/5.0 AppleWebKit/537.36 (KHTML, like Gecko; compatible; GPTBot/1.3; +https://openai.com/gptbot)"
74.7.243.216 - - [01/Mar/2026:12:39:36 +0000] "GET /whsy.php?e=oom_score_adj&p=%2Fproc%2F23232 HTTP/2.0" 200 830 "https://23rdbank.com/whsy.php?p=%2Fproc%2F23232" "Mozilla/5.0 AppleWebKit/537.36 (KHTML, like Gecko; compatible; GPTBot/1.3; +https://openai.com/gptbot)"
74.7.241.39 - - [01/Mar/2026:12:39:41 +0000] "GET /whsy.php?e=pppoe&p=%2Fproc%2F21248%2Fnet HTTP/2.0" 200 2523 "https://23rdbank.com.lab2454.com/whsy.php?p=%2Fproc%2F21248%2Fnet" "Mozilla/5.0 AppleWebKit/537.36 (KHTML, like Gecko; compatible; GPTBot/1.3; +https://openai.com/gptbot)"
74.7.243.195 - - [01/Mar/2026:12:39:43 +0000] "GET /whsy.php?e=oom_score&p=%2Fproc%2F19749 HTTP/2.0" 200 830 "https://www.23rdbank.com.lab2454.com/whsy.php?p=%2Fproc%2F19749" "Mozilla/5.0 AppleWebKit/537.36 (KHTML, like Gecko; compatible; GPTBot/1.3; +https://openai.com/gptbot)"
74.7.243.216 - - [01/Mar/2026:12:39:57 +0000] "GET /whsy.php?e=netstat&p=%2Fproc%2F23081%2Fnet HTTP/2.0" 200 4237 "https://23rdbank.com/whsy.php?p=%2Fproc%2F23081%2Fnet" "Mozilla/5.0 AppleWebKit/537.36 (KHTML, like Gecko; compatible; GPTBot/1.3; +https://openai.com/gptbot)"
74.7.241.39 - - [01/Mar/2026:12:40:01 +0000] "GET /whsy.php?e=arch_status&p=%2Fproc%2F27716 HTTP/2.0" 200 830 "https://23rdbank.com.lab2454.com/whsy.php?p=%2Fproc%2F27716" "Mozilla/5.0 AppleWebKit/537.36 (KHTML, like Gecko; compatible; GPTBot/1.3; +https://openai.com/gptbot)"
74.7.243.195 - - [01/Mar/2026:12:40:02 +0000] "GET /whsy.php?e=oom_score&p=%2Fproc%2F17660 HTTP/2.0" 200 830 "https://www.23rdbank.com.lab2454.com/whsy.php?p=%2Fproc%2F17660" "Mozilla/5.0 AppleWebKit/537.36 (KHTML, like Gecko; compatible; GPTBot/1.3; +https://openai.com/gptbot)"
74.7.243.216 - - [01/Mar/2026:12:40:06 +0000] "GET /whsy.php?e=clear_refs&p=%2Fproc%2F23232 HTTP/2.0" 200 830 "https://23rdbank.com/whsy.php?p=%2Fproc%2F23232" "Mozilla/5.0 AppleWebKit/537.36 (KHTML, like Gecko; compatible; GPTBot/1.3; +https://openai.com/gptbot)"
74.7.241.39 - - [01/Mar/2026:12:40:09 +0000] "GET /whsy.php?e=arch_status&p=%2Fproc%2F32376 HTTP/2.0" 200 830 "https://23rdbank.com.lab2454.com/whsy.php?p=%2Fproc%2F32376" "Mozilla/5.0 AppleWebKit/537.36 (KHTML, like Gecko; compatible; GPTBot/1.3; +https://openai.com/gptbot)"
74.7.243.195 - - [01/Mar/2026:12:40:10 +0000] "GET /whsy.php?e=oom_score&p=%2Fproc%2F10780 HTTP/2.0" 200 830 "https://www.23rdbank.com.lab2454.com/whsy.php?p=%2Fproc%2F10780" "Mozilla/5.0 AppleWebKit/537.36 (KHTML, like Gecko; compatible; GPTBot/1.3; +https://openai.com/gptbot)"
74.7.243.216 - - [01/Mar/2026:12:40:14 +0000] "GET /whsy.php?e=pfkey&p=%2Fproc%2F27716%2Fnet HTTP/2.0" 200 830 "https://23rdbank.com/whsy.php?p=%2Fproc%2F27716%2Fnet" "Mozilla/5.0 AppleWebKit/537.36 (KHTML, like Gecko; compatible; GPTBot/1.3; +https://openai.com/gptbot)"
74.7.241.39 - - [01/Mar/2026:12:40:17 +0000] "GET /whsy.php?e=arch_status&p=%2Fproc%2F27375 HTTP/2.0" 200 830 "https://23rdbank.com.lab2454.com/whsy.php?p=%2Fproc%2F27375" "Mozilla/5.0 AppleWebKit/537.36 (KHTML, like Gecko; compatible; GPTBot/1.3; +https://openai.com/gptbot)"
74.7.243.195 - - [01/Mar/2026:12:40:18 +0000] "GET /whsy.php?e=raw&p=%2Fproc%2F23081%2Fnet HTTP/2.0" 200 2578 "https://www.23rdbank.com.lab2454.com/whsy.php?p=%2Fproc%2F23081%2Fnet" "Mozilla/5.0 AppleWebKit/537.36 (KHTML, like Gecko; compatible; GPTBot/1.3; +https://openai.com/gptbot)"
74.7.241.39 - - [01/Mar/2026:12:40:26 +0000] "GET /whsy.php?e=arch_status&p=%2Fproc%2F21744 HTTP/2.0" 200 830 "https://23rdbank.com.lab2454.com/whsy.php?p=%2Fproc%2F21744" "Mozilla/5.0 AppleWebKit/537.36 (KHTML, like Gecko; compatible; GPTBot/1.3; +https://openai.com/gptbot)"
74.7.243.216 - - [01/Mar/2026:12:40:21 +0000] "GET /whsy.php?e=prev&p=%2Fproc%2F23081%2Fattr HTTP/2.0" 200 859 "https://23rdbank.com/whsy.php?p=%2Fproc%2F23081%2Fattr" "Mozilla/5.0 AppleWebKit/537.36 (KHTML, like Gecko; compatible; GPTBot/1.3; +https://openai.com/gptbot)"
74.7.243.195 - - [01/Mar/2026:12:40:27 +0000] "GET /whsy.php?e=arch_status&p=%2Fproc%2F21248 HTTP/2.0" 200 2005 "https://www.23rdbank.com.lab2454.com/whsy.php?p=%2Fproc%2F21248" "Mozilla/5.0 AppleWebKit/537.36 (KHTML, like Gecko; compatible; GPTBot/1.3; +https://openai.com/gptbot)"
74.7.243.216 - - [01/Mar/2026:12:40:30 +0000] "GET /whsy.php?e=exec&p=%2Fproc%2F27716%2Fattr HTTP/2.0" 200 830 "https://23rdbank.com/whsy.php?p=%2Fproc%2F27716%2Fattr" "Mozilla/5.0 AppleWebKit/537.36 (KHTML, like Gecko; compatible; GPTBot/1.3; +https://openai.com/gptbot)"
74.7.241.39 - - [01/Mar/2026:12:40:35 +0000] "GET /whsy.php?e=unix&p=%2Fproc%2F27716%2Fnet HTTP/2.0" 200 830 "https://23rdbank.com.lab2454.com/whsy.php?p=%2Fproc%2F27716%2Fnet" "Mozilla/5.0 AppleWebKit/537.36 (KHTML, like Gecko; compatible; GPTBot/1.3; +https://openai.com/gptbot)"
74.7.243.195 - - [01/Mar/2026:12:40:38 +0000] "GET /whsy.php?e=arch_status&p=%2Fproc%2F28833 HTTP/2.0" 200 830 "https://www.23rdbank.com.lab2454.com/whsy.php?p=%2Fproc%2F28833" "Mozilla/5.0 AppleWebKit/537.36 (KHTML, like Gecko; compatible; GPTBot/1.3; +https://openai.com/gptbot)"
74.7.243.216 - - [01/Mar/2026:12:40:49 +0000] "GET /whsy.php?e=route&p=%2Fproc%2F27716%2Fnet HTTP/2.0" 200 830 "https://23rdbank.com/whsy.php?p=%2Fproc%2F27716%2Fnet" "Mozilla/5.0 AppleWebKit/537.36 (KHTML, like Gecko; compatible; GPTBot/1.3; +https://openai.com/gptbot)"
74.7.241.39 - - [01/Mar/2026:12:40:54 +0000] "GET /whsy.php?e=igmp&p=%2Fproc%2F23081%2Fnet HTTP/2.0" 200 2592 "https://23rdbank.com.lab2454.com/whsy.php?p=%2Fproc%2F23081%2Fnet" "Mozilla/5.0 AppleWebKit/537.36 (KHTML, like Gecko; compatible; GPTBot/1.3; +https://openai.com/gptbot)"
74.7.244.51 - - [01/Mar/2026:12:40:54 +0000] "GET /robots.txt HTTP/2.0" 404 - "-" "Mozilla/5.0 (Macintosh; Intel Mac OS X 10_15_7) AppleWebKit/537.36 (KHTML, like Gecko) Chrome/131.0.0.0 Safari/537.36; compatible; OAI-SearchBot/1.3; robots.txt; +https://openai.com/searchbot"
74.7.243.195 - - [01/Mar/2026:12:40:56 +0000] "GET /whsy.php?e=prev&p=%2Fproc%2F21248%2Fattr HTTP/2.0" 200 858 "https://www.23rdbank.com.lab2454.com/whsy.php?p=%2Fproc%2F21248%2Fattr" "Mozilla/5.0 AppleWebKit/537.36 (KHTML, like Gecko; compatible; GPTBot/1.3; +https://openai.com/gptbot)"
74.7.230.58 - - [01/Mar/2026:12:40:56 +0000] "GET /robots.txt HTTP/2.0" 404 - "-" "Mozilla/5.0 (Macintosh; Intel Mac OS X 10_15_7) AppleWebKit/537.36 (KHTML, like Gecko) Chrome/131.0.0.0 Safari/537.36; compatible; OAI-SearchBot/1.3; robots.txt; +https://openai.com/searchbot"
74.7.243.216 - - [01/Mar/2026:12:41:05 +0000] "GET /whsy.php?e=tcp&p=%2Fproc%2F27716%2Fnet HTTP/2.0" 200 830 "https://23rdbank.com/whsy.php?p=%2Fproc%2F27716%2Fnet" "Mozilla/5.0 AppleWebKit/537.36 (KHTML, like Gecko; compatible; GPTBot/1.3; +https://openai.com/gptbot)"
74.7.241.39 - - [01/Mar/2026:12:41:08 +0000] "GET /whsy.php?e=psched&p=%2Fproc%2F21248%2Fnet HTTP/2.0" 200 2531 "https://23rdbank.com.lab2454.com/whsy.php?p=%2Fproc%2F21248%2Fnet" "Mozilla/5.0 AppleWebKit/537.36 (KHTML, like Gecko; compatible; GPTBot/1.3; +https://openai.com/gptbot)"
74.7.243.195 - - [01/Mar/2026:12:41:09 +0000] "GET /whsy.php?e=ptype&p=%2Fproc%2F21248%2Fnet HTTP/2.0" 200 2616 "https://www.23rdbank.com.lab2454.com/whsy.php?p=%2Fproc%2F21248%2Fnet" "Mozilla/5.0 AppleWebKit/537.36 (KHTML, like Gecko; compatible; GPTBot/1.3; +https://openai.com/gptbot)"
74.7.243.216 - - [01/Mar/2026:12:41:17 +0000] "GET /whsy.php?e=rt_acct&p=%2Fproc%2F27716%2Fnet HTTP/2.0" 200 830 "https://23rdbank.com/whsy.php?p=%2Fproc%2F27716%2Fnet" "Mozilla/5.0 AppleWebKit/537.36 (KHTML, like Gecko; compatible; GPTBot/1.3; +https://openai.com/gptbot)"
74.7.241.39 - - [01/Mar/2026:12:41:26 +0000] "GET /whsy.php?e=arch_status&p=%2Fproc%2F27000 HTTP/2.0" 200 830 "https://23rdbank.com.lab2454.com/whsy.php?p=%2Fproc%2F27000" "Mozilla/5.0 AppleWebKit/537.36 (KHTML, like Gecko; compatible; GPTBot/1.3; +https://openai.com/gptbot)"
74.7.243.195 - - [01/Mar/2026:12:41:28 +0000] "GET /whsy.php?e=ptype&p=%2Fproc%2F23081%2Fnet HTTP/2.0" 200 2617 "https://www.23rdbank.com.lab2454.com/whsy.php?p=%2Fproc%2F23081%2Fnet" "Mozilla/5.0 AppleWebKit/537.36 (KHTML, like Gecko; compatible; GPTBot/1.3; +https://openai.com/gptbot)"
74.7.243.216 - - [01/Mar/2026:12:41:32 +0000] "GET /whsy.php?e=prev&p=%2Fproc%2F27716%2Fattr HTTP/2.0" 200 830 "https://23rdbank.com/whsy.php?p=%2Fproc%2F27716%2Fattr" "Mozilla/5.0 AppleWebKit/537.36 (KHTML, like Gecko; compatible; GPTBot/1.3; +https://openai.com/gptbot)"
74.7.241.39 - - [01/Mar/2026:12:41:37 +0000] "GET /whsy.php?e=psched&p=%2Fproc%2F27716%2Fnet HTTP/2.0" 200 830 "https://23rdbank.com.lab2454.com/whsy.php?p=%2Fproc%2F27716%2Fnet" "Mozilla/5.0 AppleWebKit/537.36 (KHTML, like Gecko; compatible; GPTBot/1.3; +https://openai.com/gptbot)"
74.7.243.195 - - [01/Mar/2026:12:41:38 +0000] "GET /whsy.php?e=numa_maps&p=%2Fproc%2F27000 HTTP/2.0" 200 830 "https://www.23rdbank.com.lab2454.com/whsy.php?p=%2Fproc%2F27000" "Mozilla/5.0 AppleWebKit/537.36 (KHTML, like Gecko; compatible; GPTBot/1.3; +https://openai.com/gptbot)"
74.7.243.216 - - [01/Mar/2026:12:41:42 +0000] "GET /whsy.php?e=oom_score&p=%2Fproc%2F23232 HTTP/2.0" 200 830 "https://23rdbank.com/whsy.php?p=%2Fproc%2F23232" "Mozilla/5.0 AppleWebKit/537.36 (KHTML, like Gecko; compatible; GPTBot/1.3; +https://openai.com/gptbot)"
74.7.241.39 - - [01/Mar/2026:12:41:45 +0000] "GET /whsy.php?e=netstat&p=%2Fproc%2F21248%2Fnet HTTP/2.0" 200 4232 "https://23rdbank.com.lab2454.com/whsy.php?p=%2Fproc%2F21248%2Fnet" "Mozilla/5.0 AppleWebKit/537.36 (KHTML, like Gecko; compatible; GPTBot/1.3; +https://openai.com/gptbot)"
74.7.243.195 - - [01/Mar/2026:12:41:47 +0000] "GET /whsy.php?e=oom_score&p=%2Fproc%2F23081 HTTP/2.0" 200 2006 "https://www.23rdbank.com.lab2454.com/whsy.php?p=%2Fproc%2F23081" "Mozilla/5.0 AppleWebKit/537.36 (KHTML, like Gecko; compatible; GPTBot/1.3; +https://openai.com/gptbot)"
74.7.243.216 - - [01/Mar/2026:12:41:53 +0000] "GET /whsy.php?e=tcp&p=%2Fproc%2F23081%2Fnet HTTP/2.0" 200 7622 "https://23rdbank.com/whsy.php?p=%2Fproc%2F23081%2Fnet" "Mozilla/5.0 AppleWebKit/537.36 (KHTML, like Gecko; compatible; GPTBot/1.3; +https://openai.com/gptbot)"
74.7.241.39 - - [01/Mar/2026:12:42:06 +0000] "GET /whsy.php?p=%2Fproc%2F27000%2Fnet HTTP/2.0" 200 830 "https://23rdbank.com.lab2454.com/whsy.php?p=%2Fproc%2F27000" "Mozilla/5.0 AppleWebKit/537.36 (KHTML, like Gecko; compatible; GPTBot/1.3; +https://openai.com/gptbot)"
74.7.243.195 - - [01/Mar/2026:12:42:08 +0000] "GET /whsy.php?e=pppoe&p=%2Fproc%2F23081%2Fnet HTTP/2.0" 200 2524 "https://www.23rdbank.com.lab2454.com/whsy.php?p=%2Fproc%2F23081%2Fnet" "Mozilla/5.0 AppleWebKit/537.36 (KHTML, like Gecko; compatible; GPTBot/1.3; +https://openai.com/gptbot)"
74.7.243.216 - - [01/Mar/2026:12:42:12 +0000] "GET /whsy.php?e=arp&p=%2Fproc%2F27716%2Fnet HTTP/2.0" 200 830 "https://23rdbank.com/whsy.php?p=%2Fproc%2F27716%2Fnet" "Mozilla/5.0 AppleWebKit/537.36 (KHTML, like Gecko; compatible; GPTBot/1.3; +https://openai.com/gptbot)"
74.7.241.39 - - [01/Mar/2026:12:42:22 +0000] "GET /whsy.php?p=%2Fproc%2F27000%2Ftask HTTP/2.0" 200 830 "https://23rdbank.com.lab2454.com/whsy.php?p=%2Fproc%2F27000" "Mozilla/5.0 AppleWebKit/537.36 (KHTML, like Gecko; compatible; GPTBot/1.3; +https://openai.com/gptbot)"
74.7.243.195 - - [01/Mar/2026:12:42:24 +0000] "GET /whsy.php?e=pppoe&p=%2Fproc%2F21248%2Fnet HTTP/2.0" 200 2523 "https://www.23rdbank.com.lab2454.com/whsy.php?p=%2Fproc%2F21248%2Fnet" "Mozilla/5.0 AppleWebKit/537.36 (KHTML, like Gecko; compatible; GPTBot/1.3; +https://openai.com/gptbot)"
74.7.243.216 - - [01/Mar/2026:12:42:28 +0000] "GET /whsy.php?p=%2Fproc%2F27716%2Fnet%2Fipt_hashlimit HTTP/2.0" 200 830 "https://23rdbank.com/whsy.php?p=%2Fproc%2F27716%2Fnet" "Mozilla/5.0 AppleWebKit/537.36 (KHTML, like Gecko; compatible; GPTBot/1.3; +https://openai.com/gptbot)"
74.7.241.39 - - [01/Mar/2026:12:42:31 +0000] "GET /whsy.php?p=%2Fproc%2F27000%2Fattr HTTP/2.0" 200 830 "https://23rdbank.com.lab2454.com/whsy.php?p=%2Fproc%2F27000" "Mozilla/5.0 AppleWebKit/537.36 (KHTML, like Gecko; compatible; GPTBot/1.3; +https://openai.com/gptbot)"
74.7.243.195 - - [01/Mar/2026:12:42:32 +0000] "GET /whsy.php?e=arch_status&p=%2Fproc%2F27716 HTTP/2.0" 200 830 "https://www.23rdbank.com.lab2454.com/whsy.php?p=%2Fproc%2F27716" "Mozilla/5.0 AppleWebKit/537.36 (KHTML, like Gecko; compatible; GPTBot/1.3; +https://openai.com/gptbot)"
74.7.243.216 - - [01/Mar/2026:12:42:38 +0000] "GET /whsy.php?e=packet&p=%2Fproc%2F27716%2Fnet HTTP/2.0" 200 830 "https://23rdbank.com/whsy.php?p=%2Fproc%2F27716%2Fnet" "Mozilla/5.0 AppleWebKit/537.36 (KHTML, like Gecko; compatible; GPTBot/1.3; +https://openai.com/gptbot)"
