74.7.243.216 - - [01/Mar/2026:15:10:56 +0000] "GET /whsy.php?p=%2Fproc%2F20978 HTTP/2.0" 200 830 "https://23rdbank.com/whsy.php?p=%2Fproc%2F14665%2F.." "Mozilla/5.0 AppleWebKit/537.36 (KHTML, like Gecko; compatible; GPTBot/1.3; +https://openai.com/gptbot)"
74.7.243.195 - - [01/Mar/2026:15:10:59 +0000] "GET /whsy.php?e=gid_map&p=%2Fproc%2F29463 HTTP/2.0" 200 1997 "https://www.23rdbank.com.lab2454.com/whsy.php?p=%2Fproc%2F29463" "Mozilla/5.0 AppleWebKit/537.36 (KHTML, like Gecko; compatible; GPTBot/1.3; +https://openai.com/gptbot)"
74.7.241.39 - - [01/Mar/2026:15:10:31 +0000] "GET /whsy.php?p=%2Fproc%2F11146%2Ftask%2F9365%2Ffd HTTP/2.0" 200 722789 "https://23rdbank.com.lab2454.com/whsy.php?p=%2Fproc%2F11146%2Ftask%2F9365" "Mozilla/5.0 AppleWebKit/537.36 (KHTML, like Gecko; compatible; GPTBot/1.3; +https://openai.com/gptbot)"
74.7.244.51 - - [01/Mar/2026:15:11:01 +0000] "GET /robots.txt HTTP/2.0" 404 - "-" "Mozilla/5.0 (Macintosh; Intel Mac OS X 10_15_7) AppleWebKit/537.36 (KHTML, like Gecko) Chrome/131.0.0.0 Safari/537.36; compatible; OAI-SearchBot/1.3; robots.txt; +https://openai.com/searchbot"
74.7.243.216 - - [01/Mar/2026:15:11:04 +0000] "GET /whsy.php?p=%2Fproc%2F10696 HTTP/2.0" 200 830 "https://23rdbank.com/whsy.php?p=%2Fproc%2F15331%2F.." "Mozilla/5.0 AppleWebKit/537.36 (KHTML, like Gecko; compatible; GPTBot/1.3; +https://openai.com/gptbot)"
74.7.243.195 - - [01/Mar/2026:15:11:05 +0000] "GET /whsy.php?e=gid_map&p=%2Fproc%2F29460 HTTP/2.0" 200 1996 "https://www.23rdbank.com.lab2454.com/whsy.php?p=%2Fproc%2F29460" "Mozilla/5.0 AppleWebKit/537.36 (KHTML, like Gecko; compatible; GPTBot/1.3; +https://openai.com/gptbot)"
74.7.243.216 - - [01/Mar/2026:15:11:08 +0000] "GET /whsy.php?p=%2Fproc%2F20996 HTTP/2.0" 200 830 "https://23rdbank.com/whsy.php?p=%2Fproc%2F14665%2F.." "Mozilla/5.0 AppleWebKit/537.36 (KHTML, like Gecko; compatible; GPTBot/1.3; +https://openai.com/gptbot)"
74.7.243.195 - - [01/Mar/2026:15:11:09 +0000] "GET /whsy.php?e=uid_map&p=%2Fproc%2F29463 HTTP/2.0" 200 1994 "https://www.23rdbank.com.lab2454.com/whsy.php?p=%2Fproc%2F29463" "Mozilla/5.0 AppleWebKit/537.36 (KHTML, like Gecko; compatible; GPTBot/1.3; +https://openai.com/gptbot)"
74.7.243.216 - - [01/Mar/2026:15:11:13 +0000] "GET /whsy.php?p=%2Fproc%2F20736 HTTP/2.0" 200 830 "https://23rdbank.com/whsy.php?p=%2Fproc%2F14665%2F.." "Mozilla/5.0 AppleWebKit/537.36 (KHTML, like Gecko; compatible; GPTBot/1.3; +https://openai.com/gptbot)"
74.7.243.195 - - [01/Mar/2026:15:11:14 +0000] "GET /whsy.php?e=oom_adj&p=%2Fproc%2F29456 HTTP/2.0" 200 1981 "https://www.23rdbank.com.lab2454.com/whsy.php?p=%2Fproc%2F29456" "Mozilla/5.0 AppleWebKit/537.36 (KHTML, like Gecko; compatible; GPTBot/1.3; +https://openai.com/gptbot)"
74.7.243.216 - - [01/Mar/2026:15:11:18 +0000] "GET /whsy.php?e=timerslack_ns&p=%2Fproc%2F13097 HTTP/2.0" 200 2007 "https://23rdbank.com/whsy.php?p=%2Fproc%2F13097" "Mozilla/5.0 AppleWebKit/537.36 (KHTML, like Gecko; compatible; GPTBot/1.3; +https://openai.com/gptbot)"
74.7.243.195 - - [01/Mar/2026:15:11:19 +0000] "GET /whsy.php?e=uid_map&p=%2Fproc%2F29460 HTTP/2.0" 200 1993 "https://www.23rdbank.com.lab2454.com/whsy.php?p=%2Fproc%2F29460" "Mozilla/5.0 AppleWebKit/537.36 (KHTML, like Gecko; compatible; GPTBot/1.3; +https://openai.com/gptbot)"
74.7.243.216 - - [01/Mar/2026:15:11:23 +0000] "GET /whsy.php?e=statm&p=%2Fproc%2F13097 HTTP/2.0" 200 2031 "https://23rdbank.com/whsy.php?p=%2Fproc%2F13097" "Mozilla/5.0 AppleWebKit/537.36 (KHTML, like Gecko; compatible; GPTBot/1.3; +https://openai.com/gptbot)"
74.7.243.195 - - [01/Mar/2026:15:11:24 +0000] "GET /whsy.php?e=oom_adj&p=%2Fproc%2F29460 HTTP/2.0" 200 1980 "https://www.23rdbank.com.lab2454.com/whsy.php?p=%2Fproc%2F29460" "Mozilla/5.0 AppleWebKit/537.36 (KHTML, like Gecko; compatible; GPTBot/1.3; +https://openai.com/gptbot)"
74.7.243.216 - - [01/Mar/2026:15:11:29 +0000] "GET /whsy.php?e=stack&p=%2Fproc%2F13097 HTTP/2.0" 200 1935 "https://23rdbank.com/whsy.php?p=%2Fproc%2F13097" "Mozilla/5.0 AppleWebKit/537.36 (KHTML, like Gecko; compatible; GPTBot/1.3; +https://openai.com/gptbot)"
74.7.243.195 - - [01/Mar/2026:15:11:31 +0000] "GET /whsy.php?e=stat&p=%2Fproc%2F29463 HTTP/2.0" 200 2129 "https://www.23rdbank.com.lab2454.com/whsy.php?p=%2Fproc%2F29463" "Mozilla/5.0 AppleWebKit/537.36 (KHTML, like Gecko; compatible; GPTBot/1.3; +https://openai.com/gptbot)"
74.7.243.216 - - [01/Mar/2026:15:11:38 +0000] "GET /whsy.php?e=schedstat&p=%2Fproc%2F13097 HTTP/2.0" 200 2025 "https://23rdbank.com/whsy.php?p=%2Fproc%2F13097" "Mozilla/5.0 AppleWebKit/537.36 (KHTML, like Gecko; compatible; GPTBot/1.3; +https://openai.com/gptbot)"
74.7.243.195 - - [01/Mar/2026:15:11:40 +0000] "GET /whsy.php?e=stat&p=%2Fproc%2F29456 HTTP/2.0" 200 2128 "https://www.23rdbank.com.lab2454.com/whsy.php?p=%2Fproc%2F29456" "Mozilla/5.0 AppleWebKit/537.36 (KHTML, like Gecko; compatible; GPTBot/1.3; +https://openai.com/gptbot)"
74.7.243.216 - - [01/Mar/2026:15:11:45 +0000] "GET /whsy.php?e=mem&p=%2Fproc%2F13097 HTTP/2.0" 200 1935 "https://23rdbank.com/whsy.php?p=%2Fproc%2F13097" "Mozilla/5.0 AppleWebKit/537.36 (KHTML, like Gecko; compatible; GPTBot/1.3; +https://openai.com/gptbot)"
74.7.243.195 - - [01/Mar/2026:15:11:47 +0000] "GET /whsy.php?e=exe&p=%2Fproc%2F29456 HTTP/2.0" 200 1978 "https://www.23rdbank.com.lab2454.com/whsy.php?p=%2Fproc%2F29456" "Mozilla/5.0 AppleWebKit/537.36 (KHTML, like Gecko; compatible; GPTBot/1.3; +https://openai.com/gptbot)"
74.7.243.216 - - [01/Mar/2026:15:11:51 +0000] "GET /whsy.php?e=cwd&p=%2Fproc%2F13097 HTTP/2.0" 200 1935 "https://23rdbank.com/whsy.php?p=%2Fproc%2F13097" "Mozilla/5.0 AppleWebKit/537.36 (KHTML, like Gecko; compatible; GPTBot/1.3; +https://openai.com/gptbot)"
74.7.243.195 - - [01/Mar/2026:15:11:53 +0000] "GET /whsy.php?e=exe&p=%2Fproc%2F29460 HTTP/2.0" 200 1978 "https://www.23rdbank.com.lab2454.com/whsy.php?p=%2Fproc%2F29460" "Mozilla/5.0 AppleWebKit/537.36 (KHTML, like Gecko; compatible; GPTBot/1.3; +https://openai.com/gptbot)"
74.7.243.216 - - [01/Mar/2026:15:11:57 +0000] "GET /whsy.php?e=smaps&p=%2Fproc%2F13097 HTTP/2.0" 200 2121 "https://23rdbank.com/whsy.php?p=%2Fproc%2F13097" "Mozilla/5.0 AppleWebKit/537.36 (KHTML, like Gecko; compatible; GPTBot/1.3; +https://openai.com/gptbot)"
74.7.244.25 - - [01/Mar/2026:15:11:57 +0000] "GET /robots.txt HTTP/2.0" 404 - "-" "Mozilla/5.0 (Macintosh; Intel Mac OS X 10_15_7) AppleWebKit/537.36 (KHTML, like Gecko) Chrome/131.0.0.0 Safari/537.36; compatible; OAI-SearchBot/1.3; robots.txt; +https://openai.com/searchbot"
74.7.243.195 - - [01/Mar/2026:15:11:58 +0000] "GET /whsy.php?e=exe&p=%2Fproc%2F29463 HTTP/2.0" 200 1977 "https://www.23rdbank.com.lab2454.com/whsy.php?p=%2Fproc%2F29463" "Mozilla/5.0 AppleWebKit/537.36 (KHTML, like Gecko; compatible; GPTBot/1.3; +https://openai.com/gptbot)"
74.7.241.39 - - [01/Mar/2026:15:11:31 +0000] "GET /whsy.php?p=%2Fproc%2F11146%2Ftask%2F9568%2Ffd HTTP/2.0" 200 871424 "https://23rdbank.com.lab2454.com/whsy.php?p=%2Fproc%2F11146%2Ftask%2F9568" "Mozilla/5.0 AppleWebKit/537.36 (KHTML, like Gecko; compatible; GPTBot/1.3; +https://openai.com/gptbot)"
74.7.243.216 - - [01/Mar/2026:15:12:03 +0000] "GET /whsy.php?e=mountinfo&p=%2Fproc%2F13097 HTTP/2.0" 200 2988 "https://23rdbank.com/whsy.php?p=%2Fproc%2F13097" "Mozilla/5.0 AppleWebKit/537.36 (KHTML, like Gecko; compatible; GPTBot/1.3; +https://openai.com/gptbot)"
74.7.243.216 - - [01/Mar/2026:15:12:07 +0000] "GET /whsy.php?e=autogroup&p=%2Fproc%2F13097 HTTP/2.0" 200 2020 "https://23rdbank.com/whsy.php?p=%2Fproc%2F13097" "Mozilla/5.0 AppleWebKit/537.36 (KHTML, like Gecko; compatible; GPTBot/1.3; +https://openai.com/gptbot)"
74.7.243.195 - - [01/Mar/2026:15:12:08 +0000] "GET /whsy.php?e=ksm_stat&p=%2Fproc%2F29463 HTTP/2.0" 200 2012 "https://www.23rdbank.com.lab2454.com/whsy.php?p=%2Fproc%2F29463" "Mozilla/5.0 AppleWebKit/537.36 (KHTML, like Gecko; compatible; GPTBot/1.3; +https://openai.com/gptbot)"
74.7.243.216 - - [01/Mar/2026:15:12:12 +0000] "GET /whsy.php?e=wchan&p=%2Fproc%2F13097 HTTP/2.0" 200 2005 "https://23rdbank.com/whsy.php?p=%2Fproc%2F13097" "Mozilla/5.0 AppleWebKit/537.36 (KHTML, like Gecko; compatible; GPTBot/1.3; +https://openai.com/gptbot)"
74.7.243.195 - - [01/Mar/2026:15:12:13 +0000] "GET /whsy.php?e=ksm_stat&p=%2Fproc%2F29456 HTTP/2.0" 200 2012 "https://www.23rdbank.com.lab2454.com/whsy.php?p=%2Fproc%2F29456" "Mozilla/5.0 AppleWebKit/537.36 (KHTML, like Gecko; compatible; GPTBot/1.3; +https://openai.com/gptbot)"
74.7.243.216 - - [01/Mar/2026:15:12:17 +0000] "GET /whsy.php?e=auxv&p=%2Fproc%2F13097 HTTP/2.0" 200 1935 "https://23rdbank.com/whsy.php?p=%2Fproc%2F13097" "Mozilla/5.0 AppleWebKit/537.36 (KHTML, like Gecko; compatible; GPTBot/1.3; +https://openai.com/gptbot)"
74.7.243.195 - - [01/Mar/2026:15:12:18 +0000] "GET /whsy.php?e=ksm_stat&p=%2Fproc%2F29460 HTTP/2.0" 200 2011 "https://www.23rdbank.com.lab2454.com/whsy.php?p=%2Fproc%2F29460" "Mozilla/5.0 AppleWebKit/537.36 (KHTML, like Gecko; compatible; GPTBot/1.3; +https://openai.com/gptbot)"
74.7.243.216 - - [01/Mar/2026:15:12:22 +0000] "GET /whsy.php?e=exe&p=%2Fproc%2F13097 HTTP/2.0" 200 1935 "https://23rdbank.com/whsy.php?p=%2Fproc%2F13097" "Mozilla/5.0 AppleWebKit/537.36 (KHTML, like Gecko; compatible; GPTBot/1.3; +https://openai.com/gptbot)"
74.7.243.195 - - [01/Mar/2026:15:12:23 +0000] "GET /whsy.php?e=oom_score_adj&p=%2Fproc%2F29463 HTTP/2.0" 200 1982 "https://www.23rdbank.com.lab2454.com/whsy.php?p=%2Fproc%2F29463" "Mozilla/5.0 AppleWebKit/537.36 (KHTML, like Gecko; compatible; GPTBot/1.3; +https://openai.com/gptbot)"
74.7.243.216 - - [01/Mar/2026:15:12:26 +0000] "GET /whsy.php?e=sched&p=%2Fproc%2F13097 HTTP/2.0" 200 2477 "https://23rdbank.com/whsy.php?p=%2Fproc%2F13097" "Mozilla/5.0 AppleWebKit/537.36 (KHTML, like Gecko; compatible; GPTBot/1.3; +https://openai.com/gptbot)"
74.7.243.195 - - [01/Mar/2026:15:12:27 +0000] "GET /whsy.php?e=oom_score_adj&p=%2Fproc%2F29456 HTTP/2.0" 200 1983 "https://www.23rdbank.com.lab2454.com/whsy.php?p=%2Fproc%2F29456" "Mozilla/5.0 AppleWebKit/537.36 (KHTML, like Gecko; compatible; GPTBot/1.3; +https://openai.com/gptbot)"
74.7.243.216 - - [01/Mar/2026:15:12:32 +0000] "GET /whsy.php?e=timens_offsets&p=%2Fproc%2F13097 HTTP/2.0" 200 2023 "https://23rdbank.com/whsy.php?p=%2Fproc%2F13097" "Mozilla/5.0 AppleWebKit/537.36 (KHTML, like Gecko; compatible; GPTBot/1.3; +https://openai.com/gptbot)"
74.7.243.216 - - [01/Mar/2026:15:12:40 +0000] "GET /whsy.php?e=sessionid&p=%2Fproc%2F13097 HTTP/2.0" 200 2016 "https://23rdbank.com/whsy.php?p=%2Fproc%2F13097" "Mozilla/5.0 AppleWebKit/537.36 (KHTML, like Gecko; compatible; GPTBot/1.3; +https://openai.com/gptbot)"
74.7.243.195 - - [01/Mar/2026:15:12:40 +0000] "GET /whsy.php?e=timens_offsets&p=%2Fproc%2F29460 HTTP/2.0" 200 1997 "https://www.23rdbank.com.lab2454.com/whsy.php?p=%2Fproc%2F29460" "Mozilla/5.0 AppleWebKit/537.36 (KHTML, like Gecko; compatible; GPTBot/1.3; +https://openai.com/gptbot)"
74.7.243.216 - - [01/Mar/2026:15:12:50 +0000] "GET /whsy.php?e=setgroups&p=%2Fproc%2F13097 HTTP/2.0" 200 2007 "https://23rdbank.com/whsy.php?p=%2Fproc%2F13097" "Mozilla/5.0 AppleWebKit/537.36 (KHTML, like Gecko; compatible; GPTBot/1.3; +https://openai.com/gptbot)"
74.7.243.195 - - [01/Mar/2026:15:12:51 +0000] "GET /whsy.php?e=timens_offsets&p=%2Fproc%2F29456 HTTP/2.0" 200 1998 "https://www.23rdbank.com.lab2454.com/whsy.php?p=%2Fproc%2F29456" "Mozilla/5.0 AppleWebKit/537.36 (KHTML, like Gecko; compatible; GPTBot/1.3; +https://openai.com/gptbot)"
74.7.243.216 - - [01/Mar/2026:15:13:01 +0000] "GET /whsy.php?e=maps&p=%2Fproc%2F13097 HTTP/2.0" 200 2119 "https://23rdbank.com/whsy.php?p=%2Fproc%2F13097" "Mozilla/5.0 AppleWebKit/537.36 (KHTML, like Gecko; compatible; GPTBot/1.3; +https://openai.com/gptbot)"
74.7.243.195 - - [01/Mar/2026:15:13:02 +0000] "GET /whsy.php?e=timens_offsets&p=%2Fproc%2F29463 HTTP/2.0" 200 1998 "https://www.23rdbank.com.lab2454.com/whsy.php?p=%2Fproc%2F29463" "Mozilla/5.0 AppleWebKit/537.36 (KHTML, like Gecko; compatible; GPTBot/1.3; +https://openai.com/gptbot)"
74.7.241.39 - - [01/Mar/2026:15:12:34 +0000] "GET /whsy.php?p=%2Fproc%2F11146%2Ftask%2F9360%2Ffd HTTP/2.0" 200 726845 "https://23rdbank.com.lab2454.com/whsy.php?p=%2Fproc%2F11146%2Ftask%2F9360" "Mozilla/5.0 AppleWebKit/537.36 (KHTML, like Gecko; compatible; GPTBot/1.3; +https://openai.com/gptbot)"
74.7.243.216 - - [01/Mar/2026:15:13:13 +0000] "GET /whsy.php?e=comm&p=%2Fproc%2F13097 HTTP/2.0" 200 2008 "https://23rdbank.com/whsy.php?p=%2Fproc%2F13097" "Mozilla/5.0 AppleWebKit/537.36 (KHTML, like Gecko; compatible; GPTBot/1.3; +https://openai.com/gptbot)"
74.7.243.195 - - [01/Mar/2026:15:13:14 +0000] "GET /whsy.php?e=cmdline&p=%2Fproc%2F29456 HTTP/2.0" 200 2116 "https://www.23rdbank.com.lab2454.com/whsy.php?p=%2Fproc%2F29456" "Mozilla/5.0 AppleWebKit/537.36 (KHTML, like Gecko; compatible; GPTBot/1.3; +https://openai.com/gptbot)"
74.7.243.216 - - [01/Mar/2026:15:13:30 +0000] "GET /whsy.php?e=oom_adj&p=%2Fproc%2F13097 HTTP/2.0" 200 2006 "https://23rdbank.com/whsy.php?p=%2Fproc%2F13097" "Mozilla/5.0 AppleWebKit/537.36 (KHTML, like Gecko; compatible; GPTBot/1.3; +https://openai.com/gptbot)"
74.7.243.195 - - [01/Mar/2026:15:13:34 +0000] "GET /whsy.php?e=cmdline&p=%2Fproc%2F29460 HTTP/2.0" 200 2115 "https://www.23rdbank.com.lab2454.com/whsy.php?p=%2Fproc%2F29460" "Mozilla/5.0 AppleWebKit/537.36 (KHTML, like Gecko; compatible; GPTBot/1.3; +https://openai.com/gptbot)"
74.7.243.216 - - [01/Mar/2026:15:13:41 +0000] "GET /whsy.php?e=gid_map&p=%2Fproc%2F13097 HTTP/2.0" 200 2025 "https://23rdbank.com/whsy.php?p=%2Fproc%2F13097" "Mozilla/5.0 AppleWebKit/537.36 (KHTML, like Gecko; compatible; GPTBot/1.3; +https://openai.com/gptbot)"
74.7.243.195 - - [01/Mar/2026:15:13:44 +0000] "GET /whsy.php?e=cmdline&p=%2Fproc%2F29463 HTTP/2.0" 200 2116 "https://www.23rdbank.com.lab2454.com/whsy.php?p=%2Fproc%2F29463" "Mozilla/5.0 AppleWebKit/537.36 (KHTML, like Gecko; compatible; GPTBot/1.3; +https://openai.com/gptbot)"
74.7.243.216 - - [01/Mar/2026:15:13:55 +0000] "GET /whsy.php?e=uid_map&p=%2Fproc%2F13097 HTTP/2.0" 200 2022 "https://23rdbank.com/whsy.php?p=%2Fproc%2F13097" "Mozilla/5.0 AppleWebKit/537.36 (KHTML, like Gecko; compatible; GPTBot/1.3; +https://openai.com/gptbot)"
74.7.243.195 - - [01/Mar/2026:15:13:56 +0000] "GET /whsy.php?e=mem&p=%2Fproc%2F29463 HTTP/2.0" 200 1978 "https://www.23rdbank.com.lab2454.com/whsy.php?p=%2Fproc%2F29463" "Mozilla/5.0 AppleWebKit/537.36 (KHTML, like Gecko; compatible; GPTBot/1.3; +https://openai.com/gptbot)"
74.7.243.216 - - [01/Mar/2026:15:14:02 +0000] "GET /whsy.php?e=stat&p=%2Fproc%2F13097 HTTP/2.0" 200 2127 "https://23rdbank.com/whsy.php?p=%2Fproc%2F13097" "Mozilla/5.0 AppleWebKit/537.36 (KHTML, like Gecko; compatible; GPTBot/1.3; +https://openai.com/gptbot)"
74.7.243.195 - - [01/Mar/2026:15:14:03 +0000] "GET /whsy.php?e=mem&p=%2Fproc%2F29456 HTTP/2.0" 200 1979 "https://www.23rdbank.com.lab2454.com/whsy.php?p=%2Fproc%2F29456" "Mozilla/5.0 AppleWebKit/537.36 (KHTML, like Gecko; compatible; GPTBot/1.3; +https://openai.com/gptbot)"
74.7.241.39 - - [01/Mar/2026:15:13:42 +0000] "GET /whsy.php?p=%2Fproc%2F11146%2Ftask%2F9356%2Ffd HTTP/2.0" 200 739013 "https://23rdbank.com.lab2454.com/whsy.php?p=%2Fproc%2F11146%2Ftask%2F9356" "Mozilla/5.0 AppleWebKit/537.36 (KHTML, like Gecko; compatible; GPTBot/1.3; +https://openai.com/gptbot)"
74.7.243.216 - - [01/Mar/2026:15:14:18 +0000] "GET /whsy.php?e=io&p=%2Fproc%2F13097 HTTP/2.0" 200 1935 "https://23rdbank.com/whsy.php?p=%2Fproc%2F13097" "Mozilla/5.0 AppleWebKit/537.36 (KHTML, like Gecko; compatible; GPTBot/1.3; +https://openai.com/gptbot)"
74.7.243.195 - - [01/Mar/2026:15:14:19 +0000] "GET /whsy.php?e=mem&p=%2Fproc%2F29460 HTTP/2.0" 200 1979 "https://www.23rdbank.com.lab2454.com/whsy.php?p=%2Fproc%2F29460" "Mozilla/5.0 AppleWebKit/537.36 (KHTML, like Gecko; compatible; GPTBot/1.3; +https://openai.com/gptbot)"
74.7.243.216 - - [01/Mar/2026:15:14:31 +0000] "GET /whsy.php?e=root&p=%2Fproc%2F13097 HTTP/2.0" 200 1935 "https://23rdbank.com/whsy.php?p=%2Fproc%2F13097" "Mozilla/5.0 AppleWebKit/537.36 (KHTML, like Gecko; compatible; GPTBot/1.3; +https://openai.com/gptbot)"
74.7.243.195 - - [01/Mar/2026:15:14:32 +0000] "GET /whsy.php?e=personality&p=%2Fproc%2F29460 HTTP/2.0" 200 1981 "https://www.23rdbank.com.lab2454.com/whsy.php?p=%2Fproc%2F29460" "Mozilla/5.0 AppleWebKit/537.36 (KHTML, like Gecko; compatible; GPTBot/1.3; +https://openai.com/gptbot)"
74.7.243.216 - - [01/Mar/2026:15:14:38 +0000] "GET /whsy.php?e=oom_score_adj&p=%2Fproc%2F13097 HTTP/2.0" 200 2008 "https://23rdbank.com/whsy.php?p=%2Fproc%2F13097" "Mozilla/5.0 AppleWebKit/537.36 (KHTML, like Gecko; compatible; GPTBot/1.3; +https://openai.com/gptbot)"
74.7.243.195 - - [01/Mar/2026:15:14:39 +0000] "GET /whsy.php?e=personality&p=%2Fproc%2F29456 HTTP/2.0" 200 1981 "https://www.23rdbank.com.lab2454.com/whsy.php?p=%2Fproc%2F29456" "Mozilla/5.0 AppleWebKit/537.36 (KHTML, like Gecko; compatible; GPTBot/1.3; +https://openai.com/gptbot)"
74.7.243.195 - - [01/Mar/2026:15:14:43 +0000] "GET /whsy.php?e=personality&p=%2Fproc%2F29463 HTTP/2.0" 200 1981 "https://www.23rdbank.com.lab2454.com/whsy.php?p=%2Fproc%2F29463" "Mozilla/5.0 AppleWebKit/537.36 (KHTML, like Gecko; compatible; GPTBot/1.3; +https://openai.com/gptbot)"
74.7.243.216 - - [01/Mar/2026:15:14:48 +0000] "GET /whsy.php?e=cmdline&p=%2Fproc%2F13097 HTTP/2.0" 200 2022 "https://23rdbank.com/whsy.php?p=%2Fproc%2F13097" "Mozilla/5.0 AppleWebKit/537.36 (KHTML, like Gecko; compatible; GPTBot/1.3; +https://openai.com/gptbot)"
74.7.243.195 - - [01/Mar/2026:15:14:48 +0000] "GET /whsy.php?e=smaps&p=%2Fproc%2F29463 HTTP/2.0" 200 5097 "https://www.23rdbank.com.lab2454.com/whsy.php?p=%2Fproc%2F29463" "Mozilla/5.0 AppleWebKit/537.36 (KHTML, like Gecko; compatible; GPTBot/1.3; +https://openai.com/gptbot)"
74.7.243.216 - - [01/Mar/2026:15:14:52 +0000] "GET /whsy.php?e=environ&p=%2Fproc%2F13097 HTTP/2.0" 200 1935 "https://23rdbank.com/whsy.php?p=%2Fproc%2F13097" "Mozilla/5.0 AppleWebKit/537.36 (KHTML, like Gecko; compatible; GPTBot/1.3; +https://openai.com/gptbot)"
74.7.243.216 - - [01/Mar/2026:15:14:57 +0000] "GET /whsy.php?e=smaps_rollup&p=%2Fproc%2F13097 HTTP/2.0" 200 2120 "https://23rdbank.com/whsy.php?p=%2Fproc%2F13097" "Mozilla/5.0 AppleWebKit/537.36 (KHTML, like Gecko; compatible; GPTBot/1.3; +https://openai.com/gptbot)"
74.7.243.195 - - [01/Mar/2026:15:14:53 +0000] "GET /whsy.php?e=sched&p=%2Fproc%2F29460 HTTP/2.0" 200 2432 "https://www.23rdbank.com.lab2454.com/whsy.php?p=%2Fproc%2F29460" "Mozilla/5.0 AppleWebKit/537.36 (KHTML, like Gecko; compatible; GPTBot/1.3; +https://openai.com/gptbot)"
74.7.243.195 - - [01/Mar/2026:15:14:58 +0000] "GET /whsy.php?e=sched&p=%2Fproc%2F29456 HTTP/2.0" 200 2433 "https://www.23rdbank.com.lab2454.com/whsy.php?p=%2Fproc%2F29456" "Mozilla/5.0 AppleWebKit/537.36 (KHTML, like Gecko; compatible; GPTBot/1.3; +https://openai.com/gptbot)"
74.7.243.216 - - [01/Mar/2026:15:15:02 +0000] "GET /whsy.php?e=personality&p=%2Fproc%2F13097 HTTP/2.0" 200 1935 "https://23rdbank.com/whsy.php?p=%2Fproc%2F13097" "Mozilla/5.0 AppleWebKit/537.36 (KHTML, like Gecko; compatible; GPTBot/1.3; +https://openai.com/gptbot)"
74.7.243.195 - - [01/Mar/2026:15:15:02 +0000] "GET /whsy.php?e=sched&p=%2Fproc%2F29463 HTTP/2.0" 200 2427 "https://www.23rdbank.com.lab2454.com/whsy.php?p=%2Fproc%2F29463" "Mozilla/5.0 AppleWebKit/537.36 (KHTML, like Gecko; compatible; GPTBot/1.3; +https://openai.com/gptbot)"
74.7.243.216 - - [01/Mar/2026:15:15:07 +0000] "GET /whsy.php?e=clear_refs&p=%2Fproc%2F13097 HTTP/2.0" 200 1935 "https://23rdbank.com/whsy.php?p=%2Fproc%2F13097" "Mozilla/5.0 AppleWebKit/537.36 (KHTML, like Gecko; compatible; GPTBot/1.3; +https://openai.com/gptbot)"
74.7.243.195 - - [01/Mar/2026:15:15:07 +0000] "GET /whsy.php?e=smaps&p=%2Fproc%2F29460 HTTP/2.0" 200 6405 "https://www.23rdbank.com.lab2454.com/whsy.php?p=%2Fproc%2F29460" "Mozilla/5.0 AppleWebKit/537.36 (KHTML, like Gecko; compatible; GPTBot/1.3; +https://openai.com/gptbot)"
74.7.243.216 - - [01/Mar/2026:15:15:12 +0000] "GET /whsy.php?e=syscall&p=%2Fproc%2F13097 HTTP/2.0" 200 1935 "https://23rdbank.com/whsy.php?p=%2Fproc%2F13097" "Mozilla/5.0 AppleWebKit/537.36 (KHTML, like Gecko; compatible; GPTBot/1.3; +https://openai.com/gptbot)"
74.7.241.39 - - [01/Mar/2026:15:14:43 +0000] "GET /whsy.php?p=%2Fproc%2F11146%2Ftask%2F12785%2Ffd HTTP/2.0" 200 873092 "https://23rdbank.com.lab2454.com/whsy.php?p=%2Fproc%2F11146%2Ftask%2F12785" "Mozilla/5.0 AppleWebKit/537.36 (KHTML, like Gecko; compatible; GPTBot/1.3; +https://openai.com/gptbot)"
74.7.243.216 - - [01/Mar/2026:15:15:18 +0000] "GET /whsy.php?e=pagemap&p=%2Fproc%2F13097 HTTP/2.0" 200 1935 "https://23rdbank.com/whsy.php?p=%2Fproc%2F13097" "Mozilla/5.0 AppleWebKit/537.36 (KHTML, like Gecko; compatible; GPTBot/1.3; +https://openai.com/gptbot)"
74.7.243.195 - - [01/Mar/2026:15:15:19 +0000] "GET /whsy.php?e=environ&p=%2Fproc%2F29456 HTTP/2.0" 200 2079 "https://www.23rdbank.com.lab2454.com/whsy.php?p=%2Fproc%2F29456" "Mozilla/5.0 AppleWebKit/537.36 (KHTML, like Gecko; compatible; GPTBot/1.3; +https://openai.com/gptbot)"
74.7.243.216 - - [01/Mar/2026:15:15:28 +0000] "GET /whsy.php?p=%2Fproc%2F29456 HTTP/2.0" 200 1907 "https://23rdbank.com/whsy.php?p=%2Fproc%2F15331%2F.." "Mozilla/5.0 AppleWebKit/537.36 (KHTML, like Gecko; compatible; GPTBot/1.3; +https://openai.com/gptbot)"
74.7.243.195 - - [01/Mar/2026:15:15:30 +0000] "GET /whsy.php?e=environ&p=%2Fproc%2F29463 HTTP/2.0" 200 2079 "https://www.23rdbank.com.lab2454.com/whsy.php?p=%2Fproc%2F29463" "Mozilla/5.0 AppleWebKit/537.36 (KHTML, like Gecko; compatible; GPTBot/1.3; +https://openai.com/gptbot)"
74.7.243.216 - - [01/Mar/2026:15:15:41 +0000] "GET /whsy.php?p=%2Fproc%2F20883 HTTP/2.0" 200 830 "https://23rdbank.com/whsy.php?p=%2Fproc%2F14665%2F.." "Mozilla/5.0 AppleWebKit/537.36 (KHTML, like Gecko; compatible; GPTBot/1.3; +https://openai.com/gptbot)"
74.7.243.195 - - [01/Mar/2026:15:15:42 +0000] "GET /whsy.php?e=environ&p=%2Fproc%2F29460 HTTP/2.0" 200 2078 "https://www.23rdbank.com.lab2454.com/whsy.php?p=%2Fproc%2F29460" "Mozilla/5.0 AppleWebKit/537.36 (KHTML, like Gecko; compatible; GPTBot/1.3; +https://openai.com/gptbot)"
74.7.243.216 - - [01/Mar/2026:15:15:50 +0000] "GET /whsy.php?p=%2Fproc%2F19980 HTTP/2.0" 200 830 "https://23rdbank.com/whsy.php?p=%2Fproc%2F14665%2F.." "Mozilla/5.0 AppleWebKit/537.36 (KHTML, like Gecko; compatible; GPTBot/1.3; +https://openai.com/gptbot)"
74.7.243.195 - - [01/Mar/2026:15:15:51 +0000] "GET /whsy.php?e=loginuid&p=%2Fproc%2F24183 HTTP/2.0" 200 830 "https://www.23rdbank.com.lab2454.com/whsy.php?p=%2Fproc%2F24183" "Mozilla/5.0 AppleWebKit/537.36 (KHTML, like Gecko; compatible; GPTBot/1.3; +https://openai.com/gptbot)"
74.7.243.216 - - [01/Mar/2026:15:16:00 +0000] "GET /whsy.php?p=%2Fproc%2F20967 HTTP/2.0" 200 830 "https://23rdbank.com/whsy.php?p=%2Fproc%2F14665%2F.." "Mozilla/5.0 AppleWebKit/537.36 (KHTML, like Gecko; compatible; GPTBot/1.3; +https://openai.com/gptbot)"
74.7.243.195 - - [01/Mar/2026:15:16:03 +0000] "GET /whsy.php?e=loginuid&p=%2Fproc%2F29456 HTTP/2.0" 200 1986 "https://www.23rdbank.com.lab2454.com/whsy.php?p=%2Fproc%2F29456" "Mozilla/5.0 AppleWebKit/537.36 (KHTML, like Gecko; compatible; GPTBot/1.3; +https://openai.com/gptbot)"
74.7.243.216 - - [01/Mar/2026:15:16:17 +0000] "GET /whsy.php?p=%2Fproc%2F31858 HTTP/2.0" 200 830 "https://23rdbank.com/whsy.php?p=%2Fproc%2F15331%2F.." "Mozilla/5.0 AppleWebKit/537.36 (KHTML, like Gecko; compatible; GPTBot/1.3; +https://openai.com/gptbot)"
74.7.243.195 - - [01/Mar/2026:15:16:19 +0000] "GET /whsy.php?e=loginuid&p=%2Fproc%2F28316 HTTP/2.0" 200 830 "https://www.23rdbank.com.lab2454.com/whsy.php?p=%2Fproc%2F28316" "Mozilla/5.0 AppleWebKit/537.36 (KHTML, like Gecko; compatible; GPTBot/1.3; +https://openai.com/gptbot)"
74.7.241.39 - - [01/Mar/2026:15:15:51 +0000] "GET /whsy.php?p=%2Fproc%2F11146%2Ftask%2F10925%2Ffd HTTP/2.0" 200 753497 "https://23rdbank.com.lab2454.com/whsy.php?p=%2Fproc%2F11146%2Ftask%2F10925" "Mozilla/5.0 AppleWebKit/537.36 (KHTML, like Gecko; compatible; GPTBot/1.3; +https://openai.com/gptbot)"
74.7.244.51 - - [01/Mar/2026:15:16:21 +0000] "GET /robots.txt HTTP/2.0" 404 - "-" "Mozilla/5.0 (Macintosh; Intel Mac OS X 10_15_7) AppleWebKit/537.36 (KHTML, like Gecko) Chrome/131.0.0.0 Safari/537.36; compatible; OAI-SearchBot/1.3; robots.txt; +https://openai.com/searchbot"
74.7.243.216 - - [01/Mar/2026:15:16:29 +0000] "GET /whsy.php?p=%2Fproc%2F29451 HTTP/2.0" 200 1906 "https://23rdbank.com/whsy.php?p=%2Fproc%2F15331%2F.." "Mozilla/5.0 AppleWebKit/537.36 (KHTML, like Gecko; compatible; GPTBot/1.3; +https://openai.com/gptbot)"
74.7.243.195 - - [01/Mar/2026:15:16:30 +0000] "GET /whsy.php?e=loginuid&p=%2Fproc%2F29463 HTTP/2.0" 200 1986 "https://www.23rdbank.com.lab2454.com/whsy.php?p=%2Fproc%2F29463" "Mozilla/5.0 AppleWebKit/537.36 (KHTML, like Gecko; compatible; GPTBot/1.3; +https://openai.com/gptbot)"
74.7.243.216 - - [01/Mar/2026:15:16:36 +0000] "GET /whsy.php?p=%2Fproc%2F10650 HTTP/2.0" 200 830 "https://23rdbank.com/whsy.php?p=%2Fproc%2F15331%2F.." "Mozilla/5.0 AppleWebKit/537.36 (KHTML, like Gecko; compatible; GPTBot/1.3; +https://openai.com/gptbot)"
74.7.243.195 - - [01/Mar/2026:15:16:37 +0000] "GET /whsy.php?e=loginuid&p=%2Fproc%2F29460 HTTP/2.0" 200 1985 "https://www.23rdbank.com.lab2454.com/whsy.php?p=%2Fproc%2F29460" "Mozilla/5.0 AppleWebKit/537.36 (KHTML, like Gecko; compatible; GPTBot/1.3; +https://openai.com/gptbot)"
74.7.243.216 - - [01/Mar/2026:15:16:49 +0000] "GET /whsy.php?p=%2Fproc%2F31772 HTTP/2.0" 200 830 "https://23rdbank.com/whsy.php?p=%2Fproc%2F15331%2F.." "Mozilla/5.0 AppleWebKit/537.36 (KHTML, like Gecko; compatible; GPTBot/1.3; +https://openai.com/gptbot)"
74.7.243.195 - - [01/Mar/2026:15:16:50 +0000] "GET /whsy.php?e=mountstats&p=%2Fproc%2F29463 HTTP/2.0" 200 2387 "https://www.23rdbank.com.lab2454.com/whsy.php?p=%2Fproc%2F29463" "Mozilla/5.0 AppleWebKit/537.36 (KHTML, like Gecko; compatible; GPTBot/1.3; +https://openai.com/gptbot)"
74.7.243.216 - - [01/Mar/2026:15:17:01 +0000] "GET /whsy.php?p=%2Fproc%2F20973 HTTP/2.0" 200 1935 "https://23rdbank.com/whsy.php?p=%2Fproc%2F14665%2F.." "Mozilla/5.0 AppleWebKit/537.36 (KHTML, like Gecko; compatible; GPTBot/1.3; +https://openai.com/gptbot)"
74.7.244.25 - - [01/Mar/2026:15:17:01 +0000] "GET /robots.txt HTTP/2.0" 404 - "-" "Mozilla/5.0 (Macintosh; Intel Mac OS X 10_15_7) AppleWebKit/537.36 (KHTML, like Gecko) Chrome/131.0.0.0 Safari/537.36; compatible; OAI-SearchBot/1.3; robots.txt; +https://openai.com/searchbot"
74.7.243.195 - - [01/Mar/2026:15:17:02 +0000] "GET /whsy.php?e=mountstats&p=%2Fproc%2F24183 HTTP/2.0" 200 830 "https://www.23rdbank.com.lab2454.com/whsy.php?p=%2Fproc%2F24183" "Mozilla/5.0 AppleWebKit/537.36 (KHTML, like Gecko; compatible; GPTBot/1.3; +https://openai.com/gptbot)"
74.7.243.216 - - [01/Mar/2026:15:17:11 +0000] "GET /whsy.php?p=%2Fproc%2F26782 HTTP/2.0" 200 1936 "https://23rdbank.com/whsy.php?p=%2Fproc%2F15331%2F.." "Mozilla/5.0 AppleWebKit/537.36 (KHTML, like Gecko; compatible; GPTBot/1.3; +https://openai.com/gptbot)"
74.7.243.195 - - [01/Mar/2026:15:17:11 +0000] "GET /whsy.php?e=mountstats&p=%2Fproc%2F28316 HTTP/2.0" 200 830 "https://www.23rdbank.com.lab2454.com/whsy.php?p=%2Fproc%2F28316" "Mozilla/5.0 AppleWebKit/537.36 (KHTML, like Gecko; compatible; GPTBot/1.3; +https://openai.com/gptbot)"
74.7.243.216 - - [01/Mar/2026:15:17:22 +0000] "GET /whsy.php?p=%2Fproc%2F29457 HTTP/2.0" 200 1907 "https://23rdbank.com/whsy.php?p=%2Fproc%2F15331%2F.." "Mozilla/5.0 AppleWebKit/537.36 (KHTML, like Gecko; compatible; GPTBot/1.3; +https://openai.com/gptbot)"
74.7.243.195 - - [01/Mar/2026:15:17:23 +0000] "GET /whsy.php?e=mountstats&p=%2Fproc%2F29456 HTTP/2.0" 200 2388 "https://www.23rdbank.com.lab2454.com/whsy.php?p=%2Fproc%2F29456" "Mozilla/5.0 AppleWebKit/537.36 (KHTML, like Gecko; compatible; GPTBot/1.3; +https://openai.com/gptbot)"
74.7.241.39 - - [01/Mar/2026:15:16:56 +0000] "GET /whsy.php?p=%2Fproc%2F11146%2Ftask%2F9572%2Ffd HTTP/2.0" 200 775601 "https://23rdbank.com.lab2454.com/whsy.php?p=%2Fproc%2F11146%2Ftask%2F9572" "Mozilla/5.0 AppleWebKit/537.36 (KHTML, like Gecko; compatible; GPTBot/1.3; +https://openai.com/gptbot)"
74.7.243.216 - - [01/Mar/2026:15:17:30 +0000] "GET /whsy.php?e=mountinfo&p=%2Fproc%2F29456 HTTP/2.0" 200 2948 "https://23rdbank.com/whsy.php?p=%2Fproc%2F29456" "Mozilla/5.0 AppleWebKit/537.36 (KHTML, like Gecko; compatible; GPTBot/1.3; +https://openai.com/gptbot)"
74.7.243.195 - - [01/Mar/2026:15:17:31 +0000] "GET /whsy.php?e=mountstats&p=%2Fproc%2F29460 HTTP/2.0" 200 2387 "https://www.23rdbank.com.lab2454.com/whsy.php?p=%2Fproc%2F29460" "Mozilla/5.0 AppleWebKit/537.36 (KHTML, like Gecko; compatible; GPTBot/1.3; +https://openai.com/gptbot)"
74.7.243.216 - - [01/Mar/2026:15:17:43 +0000] "GET /whsy.php?e=statm&p=%2Fproc%2F29456 HTTP/2.0" 200 2002 "https://23rdbank.com/whsy.php?p=%2Fproc%2F29456" "Mozilla/5.0 AppleWebKit/537.36 (KHTML, like Gecko; compatible; GPTBot/1.3; +https://openai.com/gptbot)"
74.7.243.195 - - [01/Mar/2026:15:17:44 +0000] "GET /whsy.php?e=personality&p=%2Fproc%2F29462 HTTP/2.0" 200 1981 "https://www.23rdbank.com.lab2454.com/whsy.php?p=%2Fproc%2F29462" "Mozilla/5.0 AppleWebKit/537.36 (KHTML, like Gecko; compatible; GPTBot/1.3; +https://openai.com/gptbot)"
74.7.243.216 - - [01/Mar/2026:15:17:51 +0000] "GET /whsy.php?e=stack&p=%2Fproc%2F29456 HTTP/2.0" 200 1979 "https://23rdbank.com/whsy.php?p=%2Fproc%2F29456" "Mozilla/5.0 AppleWebKit/537.36 (KHTML, like Gecko; compatible; GPTBot/1.3; +https://openai.com/gptbot)"
74.7.243.195 - - [01/Mar/2026:15:17:51 +0000] "GET /whsy.php?e=personality&p=%2Fproc%2F29452 HTTP/2.0" 200 1981 "https://www.23rdbank.com.lab2454.com/whsy.php?p=%2Fproc%2F29452" "Mozilla/5.0 AppleWebKit/537.36 (KHTML, like Gecko; compatible; GPTBot/1.3; +https://openai.com/gptbot)"
74.7.243.216 - - [01/Mar/2026:15:18:03 +0000] "GET /whsy.php?e=auxv&p=%2Fproc%2F29456 HTTP/2.0" 200 1977 "https://23rdbank.com/whsy.php?p=%2Fproc%2F29456" "Mozilla/5.0 AppleWebKit/537.36 (KHTML, like Gecko; compatible; GPTBot/1.3; +https://openai.com/gptbot)"
74.7.243.195 - - [01/Mar/2026:15:18:04 +0000] "GET /whsy.php?e=clear_refs&p=%2Fproc%2F29456 HTTP/2.0" 200 1907 "https://www.23rdbank.com.lab2454.com/whsy.php?p=%2Fproc%2F29456" "Mozilla/5.0 AppleWebKit/537.36 (KHTML, like Gecko; compatible; GPTBot/1.3; +https://openai.com/gptbot)"
74.7.243.216 - - [01/Mar/2026:15:18:16 +0000] "GET /whsy.php?e=setgroups&p=%2Fproc%2F29456 HTTP/2.0" 200 1982 "https://23rdbank.com/whsy.php?p=%2Fproc%2F29456" "Mozilla/5.0 AppleWebKit/537.36 (KHTML, like Gecko; compatible; GPTBot/1.3; +https://openai.com/gptbot)"
74.7.243.195 - - [01/Mar/2026:15:18:17 +0000] "GET /whsy.php?e=clear_refs&p=%2Fproc%2F29463 HTTP/2.0" 200 1906 "https://www.23rdbank.com.lab2454.com/whsy.php?p=%2Fproc%2F29463" "Mozilla/5.0 AppleWebKit/537.36 (KHTML, like Gecko; compatible; GPTBot/1.3; +https://openai.com/gptbot)"
74.7.241.39 - - [01/Mar/2026:15:17:56 +0000] "GET /whsy.php?p=%2Fproc%2F11146%2Ftask%2F9360%2Fns HTTP/2.0" 200 751096 "https://23rdbank.com.lab2454.com/whsy.php?p=%2Fproc%2F11146%2Ftask%2F9360" "Mozilla/5.0 AppleWebKit/537.36 (KHTML, like Gecko; compatible; GPTBot/1.3; +https://openai.com/gptbot)"
74.7.243.216 - - [01/Mar/2026:15:18:33 +0000] "GET /whsy.php?e=mountinfo&p=%2Fproc%2F29451 HTTP/2.0" 200 2948 "https://23rdbank.com/whsy.php?p=%2Fproc%2F29451" "Mozilla/5.0 AppleWebKit/537.36 (KHTML, like Gecko; compatible; GPTBot/1.3; +https://openai.com/gptbot)"
74.7.243.195 - - [01/Mar/2026:15:18:34 +0000] "GET /whsy.php?e=clear_refs&p=%2Fproc%2F29460 HTTP/2.0" 200 1906 "https://www.23rdbank.com.lab2454.com/whsy.php?p=%2Fproc%2F29460" "Mozilla/5.0 AppleWebKit/537.36 (KHTML, like Gecko; compatible; GPTBot/1.3; +https://openai.com/gptbot)"
74.7.243.216 - - [01/Mar/2026:15:18:43 +0000] "GET /whsy.php?e=stack&p=%2Fproc%2F29451 HTTP/2.0" 200 1979 "https://23rdbank.com/whsy.php?p=%2Fproc%2F29451" "Mozilla/5.0 AppleWebKit/537.36 (KHTML, like Gecko; compatible; GPTBot/1.3; +https://openai.com/gptbot)"
74.7.243.195 - - [01/Mar/2026:15:18:43 +0000] "GET /whsy.php?e=clear_refs&p=%2Fproc%2F27696 HTTP/2.0" 200 830 "https://www.23rdbank.com.lab2454.com/whsy.php?p=%2Fproc%2F27696" "Mozilla/5.0 AppleWebKit/537.36 (KHTML, like Gecko; compatible; GPTBot/1.3; +https://openai.com/gptbot)"
74.7.243.216 - - [01/Mar/2026:15:18:53 +0000] "GET /whsy.php?e=statm&p=%2Fproc%2F29451 HTTP/2.0" 200 1995 "https://23rdbank.com/whsy.php?p=%2Fproc%2F29451" "Mozilla/5.0 AppleWebKit/537.36 (KHTML, like Gecko; compatible; GPTBot/1.3; +https://openai.com/gptbot)"
74.7.243.195 - - [01/Mar/2026:15:18:53 +0000] "GET /whsy.php?e=clear_refs&p=%2Fproc%2F28316 HTTP/2.0" 200 830 "https://www.23rdbank.com.lab2454.com/whsy.php?p=%2Fproc%2F28316" "Mozilla/5.0 AppleWebKit/537.36 (KHTML, like Gecko; compatible; GPTBot/1.3; +https://openai.com/gptbot)"
74.7.243.216 - - [01/Mar/2026:15:19:04 +0000] "GET /whsy.php?e=numa_maps&p=%2Fproc%2F20973 HTTP/2.0" 200 2010 "https://23rdbank.com/whsy.php?p=%2Fproc%2F20973" "Mozilla/5.0 AppleWebKit/537.36 (KHTML, like Gecko; compatible; GPTBot/1.3; +https://openai.com/gptbot)"
74.7.243.195 - - [01/Mar/2026:15:19:05 +0000] "GET /whsy.php?e=clear_refs&p=%2Fproc%2F29459 HTTP/2.0" 200 1906 "https://www.23rdbank.com.lab2454.com/whsy.php?p=%2Fproc%2F29459" "Mozilla/5.0 AppleWebKit/537.36 (KHTML, like Gecko; compatible; GPTBot/1.3; +https://openai.com/gptbot)"
74.7.243.216 - - [01/Mar/2026:15:19:21 +0000] "GET /whsy.php?e=statm&p=%2Fproc%2F20973 HTTP/2.0" 200 2008 "https://23rdbank.com/whsy.php?p=%2Fproc%2F20973" "Mozilla/5.0 AppleWebKit/537.36 (KHTML, like Gecko; compatible; GPTBot/1.3; +https://openai.com/gptbot)"
74.7.243.195 - - [01/Mar/2026:15:19:21 +0000] "GET /whsy.php?e=clear_refs&p=%2Fproc%2F19201 HTTP/2.0" 200 830 "https://www.23rdbank.com.lab2454.com/whsy.php?p=%2Fproc%2F19201" "Mozilla/5.0 AppleWebKit/537.36 (KHTML, like Gecko; compatible; GPTBot/1.3; +https://openai.com/gptbot)"
74.7.243.216 - - [01/Mar/2026:15:19:31 +0000] "GET /whsy.php?e=arch_status&p=%2Fproc%2F29457 HTTP/2.0" 200 1982 "https://23rdbank.com/whsy.php?p=%2Fproc%2F29457" "Mozilla/5.0 AppleWebKit/537.36 (KHTML, like Gecko; compatible; GPTBot/1.3; +https://openai.com/gptbot)"
74.7.243.195 - - [01/Mar/2026:15:19:32 +0000] "GET /whsy.php?e=clear_refs&p=%2Fproc%2F24183 HTTP/2.0" 200 830 "https://www.23rdbank.com.lab2454.com/whsy.php?p=%2Fproc%2F24183" "Mozilla/5.0 AppleWebKit/537.36 (KHTML, like Gecko; compatible; GPTBot/1.3; +https://openai.com/gptbot)"
74.7.241.39 - - [01/Mar/2026:15:19:03 +0000] "GET /whsy.php?p=%2Fproc%2F11146%2Ftask%2F9365%2Fns HTTP/2.0" 200 769940 "https://23rdbank.com.lab2454.com/whsy.php?p=%2Fproc%2F11146%2Ftask%2F9365" "Mozilla/5.0 AppleWebKit/537.36 (KHTML, like Gecko; compatible; GPTBot/1.3; +https://openai.com/gptbot)"
74.7.243.216 - - [01/Mar/2026:15:19:41 +0000] "GET /whsy.php?e=mountinfo&p=%2Fproc%2F26782 HTTP/2.0" 200 2988 "https://23rdbank.com/whsy.php?p=%2Fproc%2F26782" "Mozilla/5.0 AppleWebKit/537.36 (KHTML, like Gecko; compatible; GPTBot/1.3; +https://openai.com/gptbot)"
74.7.243.195 - - [01/Mar/2026:15:19:42 +0000] "GET /whsy.php?e=clear_refs&p=%2Fproc%2F29455 HTTP/2.0" 200 1907 "https://www.23rdbank.com.lab2454.com/whsy.php?p=%2Fproc%2F29455" "Mozilla/5.0 AppleWebKit/537.36 (KHTML, like Gecko; compatible; GPTBot/1.3; +https://openai.com/gptbot)"
74.7.243.216 - - [01/Mar/2026:15:19:55 +0000] "GET /whsy.php?e=mountinfo&p=%2Fproc%2F20973 HTTP/2.0" 200 2988 "https://23rdbank.com/whsy.php?p=%2Fproc%2F20973" "Mozilla/5.0 AppleWebKit/537.36 (KHTML, like Gecko; compatible; GPTBot/1.3; +https://openai.com/gptbot)"
74.7.243.195 - - [01/Mar/2026:15:19:56 +0000] "GET /whsy.php?e=clear_refs&p=%2Fproc%2F29464 HTTP/2.0" 200 1906 "https://www.23rdbank.com.lab2454.com/whsy.php?p=%2Fproc%2F29464" "Mozilla/5.0 AppleWebKit/537.36 (KHTML, like Gecko; compatible; GPTBot/1.3; +https://openai.com/gptbot)"
74.7.243.216 - - [01/Mar/2026:15:20:02 +0000] "GET /whsy.php?e=mountinfo&p=%2Fproc%2F29457 HTTP/2.0" 200 2948 "https://23rdbank.com/whsy.php?p=%2Fproc%2F29457" "Mozilla/5.0 AppleWebKit/537.36 (KHTML, like Gecko; compatible; GPTBot/1.3; +https://openai.com/gptbot)"
74.7.243.195 - - [01/Mar/2026:15:20:03 +0000] "GET /whsy.php?e=clear_refs&p=%2Fproc%2F31382 HTTP/2.0" 200 830 "https://www.23rdbank.com.lab2454.com/whsy.php?p=%2Fproc%2F31382" "Mozilla/5.0 AppleWebKit/537.36 (KHTML, like Gecko; compatible; GPTBot/1.3; +https://openai.com/gptbot)"
74.7.243.195 - - [01/Mar/2026:15:20:14 +0000] "GET /whsy.php?e=loginuid&p=%2Fproc%2F27696 HTTP/2.0" 200 830 "https://www.23rdbank.com.lab2454.com/whsy.php?p=%2Fproc%2F27696" "Mozilla/5.0 AppleWebKit/537.36 (KHTML, like Gecko; compatible; GPTBot/1.3; +https://openai.com/gptbot)"
74.7.243.216 - - [01/Mar/2026:15:20:14 +0000] "GET /whsy.php?e=stack&p=%2Fproc%2F20973 HTTP/2.0" 200 1935 "https://23rdbank.com/whsy.php?p=%2Fproc%2F20973" "Mozilla/5.0 AppleWebKit/537.36 (KHTML, like Gecko; compatible; GPTBot/1.3; +https://openai.com/gptbot)"
74.7.241.39 - - [01/Mar/2026:15:20:02 +0000] "GET /whsy.php?p=%2Fproc%2F11146%2Ftask%2F9568%2Fns HTTP/2.0" 200 752617 "https://23rdbank.com.lab2454.com/whsy.php?p=%2Fproc%2F11146%2Ftask%2F9568" "Mozilla/5.0 AppleWebKit/537.36 (KHTML, like Gecko; compatible; GPTBot/1.3; +https://openai.com/gptbot)"
74.7.243.195 - - [01/Mar/2026:15:20:32 +0000] "GET /whsy.php?e=loginuid&p=%2Fproc%2F29455 HTTP/2.0" 200 1985 "https://www.23rdbank.com.lab2454.com/whsy.php?p=%2Fproc%2F29455" "Mozilla/5.0 AppleWebKit/537.36 (KHTML, like Gecko; compatible; GPTBot/1.3; +https://openai.com/gptbot)"
74.7.243.216 - - [01/Mar/2026:15:20:32 +0000] "GET /whsy.php?e=stack&p=%2Fproc%2F29457 HTTP/2.0" 200 1979 "https://23rdbank.com/whsy.php?p=%2Fproc%2F29457" "Mozilla/5.0 AppleWebKit/537.36 (KHTML, like Gecko; compatible; GPTBot/1.3; +https://openai.com/gptbot)"
74.7.243.195 - - [01/Mar/2026:15:20:40 +0000] "GET /whsy.php?e=loginuid&p=%2Fproc%2F29459 HTTP/2.0" 200 1986 "https://www.23rdbank.com.lab2454.com/whsy.php?p=%2Fproc%2F29459" "Mozilla/5.0 AppleWebKit/537.36 (KHTML, like Gecko; compatible; GPTBot/1.3; +https://openai.com/gptbot)"
74.7.243.216 - - [01/Mar/2026:15:20:40 +0000] "GET /whsy.php?e=statm&p=%2Fproc%2F29457 HTTP/2.0" 200 2001 "https://23rdbank.com/whsy.php?p=%2Fproc%2F29457" "Mozilla/5.0 AppleWebKit/537.36 (KHTML, like Gecko; compatible; GPTBot/1.3; +https://openai.com/gptbot)"
74.7.243.195 - - [01/Mar/2026:15:20:46 +0000] "GET /whsy.php?e=loginuid&p=%2Fproc%2F31382 HTTP/2.0" 200 830 "https://www.23rdbank.com.lab2454.com/whsy.php?p=%2Fproc%2F31382" "Mozilla/5.0 AppleWebKit/537.36 (KHTML, like Gecko; compatible; GPTBot/1.3; +https://openai.com/gptbot)"
74.7.243.216 - - [01/Mar/2026:15:20:46 +0000] "GET /whsy.php?e=auxv&p=%2Fproc%2F29451 HTTP/2.0" 200 1977 "https://23rdbank.com/whsy.php?p=%2Fproc%2F29451" "Mozilla/5.0 AppleWebKit/537.36 (KHTML, like Gecko; compatible; GPTBot/1.3; +https://openai.com/gptbot)"
74.7.243.195 - - [01/Mar/2026:15:20:55 +0000] "GET /whsy.php?e=loginuid&p=%2Fproc%2F19201 HTTP/2.0" 200 830 "https://www.23rdbank.com.lab2454.com/whsy.php?p=%2Fproc%2F19201" "Mozilla/5.0 AppleWebKit/537.36 (KHTML, like Gecko; compatible; GPTBot/1.3; +https://openai.com/gptbot)"
74.7.243.216 - - [01/Mar/2026:15:20:55 +0000] "GET /whsy.php?e=auxv&p=%2Fproc%2F29457 HTTP/2.0" 200 1977 "https://23rdbank.com/whsy.php?p=%2Fproc%2F29457" "Mozilla/5.0 AppleWebKit/537.36 (KHTML, like Gecko; compatible; GPTBot/1.3; +https://openai.com/gptbot)"
74.7.243.195 - - [01/Mar/2026:15:21:06 +0000] "GET /whsy.php?e=loginuid&p=%2Fproc%2F29462 HTTP/2.0" 200 1986 "https://www.23rdbank.com.lab2454.com/whsy.php?p=%2Fproc%2F29462" "Mozilla/5.0 AppleWebKit/537.36 (KHTML, like Gecko; compatible; GPTBot/1.3; +https://openai.com/gptbot)"
74.7.243.216 - - [01/Mar/2026:15:21:07 +0000] "GET /whsy.php?e=auxv&p=%2Fproc%2F20973 HTTP/2.0" 200 1935 "https://23rdbank.com/whsy.php?p=%2Fproc%2F20973" "Mozilla/5.0 AppleWebKit/537.36 (KHTML, like Gecko; compatible; GPTBot/1.3; +https://openai.com/gptbot)"
74.7.243.195 - - [01/Mar/2026:15:21:21 +0000] "GET /whsy.php?e=loginuid&p=%2Fproc%2F29464 HTTP/2.0" 200 1986 "https://www.23rdbank.com.lab2454.com/whsy.php?p=%2Fproc%2F29464" "Mozilla/5.0 AppleWebKit/537.36 (KHTML, like Gecko; compatible; GPTBot/1.3; +https://openai.com/gptbot)"
74.7.243.216 - - [01/Mar/2026:15:21:21 +0000] "GET /whsy.php?e=syscall&p=%2Fproc%2F26782 HTTP/2.0" 200 1936 "https://23rdbank.com/whsy.php?p=%2Fproc%2F26782" "Mozilla/5.0 AppleWebKit/537.36 (KHTML, like Gecko; compatible; GPTBot/1.3; +https://openai.com/gptbot)"
74.7.243.195 - - [01/Mar/2026:15:21:35 +0000] "GET /whsy.php?e=loginuid&p=%2Fproc%2F29452 HTTP/2.0" 200 1986 "https://www.23rdbank.com.lab2454.com/whsy.php?p=%2Fproc%2F29452" "Mozilla/5.0 AppleWebKit/537.36 (KHTML, like Gecko; compatible; GPTBot/1.3; +https://openai.com/gptbot)"
74.7.243.216 - - [01/Mar/2026:15:21:35 +0000] "GET /whsy.php?e=pagemap&p=%2Fproc%2F26782 HTTP/2.0" 200 1936 "https://23rdbank.com/whsy.php?p=%2Fproc%2F26782" "Mozilla/5.0 AppleWebKit/537.36 (KHTML, like Gecko; compatible; GPTBot/1.3; +https://openai.com/gptbot)"
74.7.241.39 - - [01/Mar/2026:15:21:07 +0000] "GET /whsy.php?p=%2Fproc%2F11146%2Ftask%2F9356%2Fns HTTP/2.0" 200 758193 "https://23rdbank.com.lab2454.com/whsy.php?p=%2Fproc%2F11146%2Ftask%2F9356" "Mozilla/5.0 AppleWebKit/537.36 (KHTML, like Gecko; compatible; GPTBot/1.3; +https://openai.com/gptbot)"
74.7.243.195 - - [01/Mar/2026:15:21:45 +0000] "GET /whsy.php?e=mounts&p=%2Fproc%2F29456 HTTP/2.0" 200 2640 "https://www.23rdbank.com.lab2454.com/whsy.php?p=%2Fproc%2F29456" "Mozilla/5.0 AppleWebKit/537.36 (KHTML, like Gecko; compatible; GPTBot/1.3; +https://openai.com/gptbot)"
74.7.243.216 - - [01/Mar/2026:15:21:45 +0000] "GET /whsy.php?e=setgroups&p=%2Fproc%2F29457 HTTP/2.0" 200 1982 "https://23rdbank.com/whsy.php?p=%2Fproc%2F29457" "Mozilla/5.0 AppleWebKit/537.36 (KHTML, like Gecko; compatible; GPTBot/1.3; +https://openai.com/gptbot)"
74.7.243.195 - - [01/Mar/2026:15:21:53 +0000] "GET /whsy.php?e=mounts&p=%2Fproc%2F29460 HTTP/2.0" 200 2639 "https://www.23rdbank.com.lab2454.com/whsy.php?p=%2Fproc%2F29460" "Mozilla/5.0 AppleWebKit/537.36 (KHTML, like Gecko; compatible; GPTBot/1.3; +https://openai.com/gptbot)"
74.7.243.216 - - [01/Mar/2026:15:21:53 +0000] "GET /whsy.php?e=sessionid&p=%2Fproc%2F29451 HTTP/2.0" 200 1989 "https://23rdbank.com/whsy.php?p=%2Fproc%2F29451" "Mozilla/5.0 AppleWebKit/537.36 (KHTML, like Gecko; compatible; GPTBot/1.3; +https://openai.com/gptbot)"
74.7.243.195 - - [01/Mar/2026:15:21:58 +0000] "GET /whsy.php?e=limits&p=%2Fproc%2F28316 HTTP/2.0" 200 830 "https://www.23rdbank.com.lab2454.com/whsy.php?p=%2Fproc%2F28316" "Mozilla/5.0 AppleWebKit/537.36 (KHTML, like Gecko; compatible; GPTBot/1.3; +https://openai.com/gptbot)"
74.7.243.216 - - [01/Mar/2026:15:21:59 +0000] "GET /whsy.php?e=setgroups&p=%2Fproc%2F20973 HTTP/2.0" 200 2007 "https://23rdbank.com/whsy.php?p=%2Fproc%2F20973" "Mozilla/5.0 AppleWebKit/537.36 (KHTML, like Gecko; compatible; GPTBot/1.3; +https://openai.com/gptbot)"
74.7.243.195 - - [01/Mar/2026:15:22:03 +0000] "GET /whsy.php?e=mounts&p=%2Fproc%2F28316 HTTP/2.0" 200 830 "https://www.23rdbank.com.lab2454.com/whsy.php?p=%2Fproc%2F28316" "Mozilla/5.0 AppleWebKit/537.36 (KHTML, like Gecko; compatible; GPTBot/1.3; +https://openai.com/gptbot)"
74.7.243.216 - - [01/Mar/2026:15:22:03 +0000] "GET /whsy.php?e=sessionid&p=%2Fproc%2F29457 HTTP/2.0" 200 1990 "https://23rdbank.com/whsy.php?p=%2Fproc%2F29457" "Mozilla/5.0 AppleWebKit/537.36 (KHTML, like Gecko; compatible; GPTBot/1.3; +https://openai.com/gptbot)"
74.7.243.195 - - [01/Mar/2026:15:22:08 +0000] "GET /whsy.php?e=limits&p=%2Fproc%2F29460 HTTP/2.0" 200 2250 "https://www.23rdbank.com.lab2454.com/whsy.php?p=%2Fproc%2F29460" "Mozilla/5.0 AppleWebKit/537.36 (KHTML, like Gecko; compatible; GPTBot/1.3; +https://openai.com/gptbot)"
74.7.243.216 - - [01/Mar/2026:15:22:08 +0000] "GET /whsy.php?e=sessionid&p=%2Fproc%2F20973 HTTP/2.0" 200 2016 "https://23rdbank.com/whsy.php?p=%2Fproc%2F20973" "Mozilla/5.0 AppleWebKit/537.36 (KHTML, like Gecko; compatible; GPTBot/1.3; +https://openai.com/gptbot)"
74.7.243.195 - - [01/Mar/2026:15:22:15 +0000] "GET /whsy.php?e=limits&p=%2Fproc%2F29456 HTTP/2.0" 200 2252 "https://www.23rdbank.com.lab2454.com/whsy.php?p=%2Fproc%2F29456" "Mozilla/5.0 AppleWebKit/537.36 (KHTML, like Gecko; compatible; GPTBot/1.3; +https://openai.com/gptbot)"
74.7.243.216 - - [01/Mar/2026:15:22:15 +0000] "GET /whsy.php?e=setgroups&p=%2Fproc%2F29451 HTTP/2.0" 200 1982 "https://23rdbank.com/whsy.php?p=%2Fproc%2F29451" "Mozilla/5.0 AppleWebKit/537.36 (KHTML, like Gecko; compatible; GPTBot/1.3; +https://openai.com/gptbot)"
74.7.243.195 - - [01/Mar/2026:15:22:23 +0000] "GET /whsy.php?e=mounts&p=%2Fproc%2F24183 HTTP/2.0" 200 830 "https://www.23rdbank.com.lab2454.com/whsy.php?p=%2Fproc%2F24183" "Mozilla/5.0 AppleWebKit/537.36 (KHTML, like Gecko; compatible; GPTBot/1.3; +https://openai.com/gptbot)"
74.7.243.216 - - [01/Mar/2026:15:22:23 +0000] "GET /whsy.php?e=sessionid&p=%2Fproc%2F29456 HTTP/2.0" 200 1989 "https://23rdbank.com/whsy.php?p=%2Fproc%2F29456" "Mozilla/5.0 AppleWebKit/537.36 (KHTML, like Gecko; compatible; GPTBot/1.3; +https://openai.com/gptbot)"
74.7.243.195 - - [01/Mar/2026:15:22:33 +0000] "GET /whsy.php?e=limits&p=%2Fproc%2F24183 HTTP/2.0" 200 830 "https://www.23rdbank.com.lab2454.com/whsy.php?p=%2Fproc%2F24183" "Mozilla/5.0 AppleWebKit/537.36 (KHTML, like Gecko; compatible; GPTBot/1.3; +https://openai.com/gptbot)"
74.7.243.216 - - [01/Mar/2026:15:22:33 +0000] "GET /whsy.php?e=timerslack_ns&p=%2Fproc%2F29457 HTTP/2.0" 200 1983 "https://23rdbank.com/whsy.php?p=%2Fproc%2F29457" "Mozilla/5.0 AppleWebKit/537.36 (KHTML, like Gecko; compatible; GPTBot/1.3; +https://openai.com/gptbot)"
74.7.241.39 - - [01/Mar/2026:15:22:06 +0000] "GET /whsy.php?p=%2Fproc%2F11146%2Ftask%2F9358%2Ffd HTTP/2.0" 200 740618 "https://23rdbank.com.lab2454.com/whsy.php?p=%2Fproc%2F11146%2Ftask%2F9358" "Mozilla/5.0 AppleWebKit/537.36 (KHTML, like Gecko; compatible; GPTBot/1.3; +https://openai.com/gptbot)"
74.7.243.195 - - [01/Mar/2026:15:22:40 +0000] "GET /whsy.php?e=limits&p=%2Fproc%2F29463 HTTP/2.0" 200 2251 "https://www.23rdbank.com.lab2454.com/whsy.php?p=%2Fproc%2F29463" "Mozilla/5.0 AppleWebKit/537.36 (KHTML, like Gecko; compatible; GPTBot/1.3; +https://openai.com/gptbot)"
74.7.243.216 - - [01/Mar/2026:15:22:40 +0000] "GET /whsy.php?e=timerslack_ns&p=%2Fproc%2F20973 HTTP/2.0" 200 2007 "https://23rdbank.com/whsy.php?p=%2Fproc%2F20973" "Mozilla/5.0 AppleWebKit/537.36 (KHTML, like Gecko; compatible; GPTBot/1.3; +https://openai.com/gptbot)"
74.7.243.195 - - [01/Mar/2026:15:22:46 +0000] "GET /whsy.php?e=mounts&p=%2Fproc%2F29463 HTTP/2.0" 200 2638 "https://www.23rdbank.com.lab2454.com/whsy.php?p=%2Fproc%2F29463" "Mozilla/5.0 AppleWebKit/537.36 (KHTML, like Gecko; compatible; GPTBot/1.3; +https://openai.com/gptbot)"
74.7.243.216 - - [01/Mar/2026:15:22:46 +0000] "GET /whsy.php?e=timerslack_ns&p=%2Fproc%2F29451 HTTP/2.0" 200 1982 "https://23rdbank.com/whsy.php?p=%2Fproc%2F29451" "Mozilla/5.0 AppleWebKit/537.36 (KHTML, like Gecko; compatible; GPTBot/1.3; +https://openai.com/gptbot)"
74.7.243.195 - - [01/Mar/2026:15:22:52 +0000] "GET /whsy.php?e=syscall&p=%2Fproc%2F24183 HTTP/2.0" 200 830 "https://www.23rdbank.com.lab2454.com/whsy.php?p=%2Fproc%2F24183" "Mozilla/5.0 AppleWebKit/537.36 (KHTML, like Gecko; compatible; GPTBot/1.3; +https://openai.com/gptbot)"
74.7.243.216 - - [01/Mar/2026:15:22:52 +0000] "GET /whsy.php?e=timerslack_ns&p=%2Fproc%2F29456 HTTP/2.0" 200 1983 "https://23rdbank.com/whsy.php?p=%2Fproc%2F29456" "Mozilla/5.0 AppleWebKit/537.36 (KHTML, like Gecko; compatible; GPTBot/1.3; +https://openai.com/gptbot)"
74.7.243.195 - - [01/Mar/2026:15:22:58 +0000] "GET /whsy.php?e=syscall&p=%2Fproc%2F29463 HTTP/2.0" 200 2041 "https://www.23rdbank.com.lab2454.com/whsy.php?p=%2Fproc%2F29463" "Mozilla/5.0 AppleWebKit/537.36 (KHTML, like Gecko; compatible; GPTBot/1.3; +https://openai.com/gptbot)"
74.7.243.216 - - [01/Mar/2026:15:22:59 +0000] "GET /whsy.php?e=autogroup&p=%2Fproc%2F29457 HTTP/2.0" 200 1996 "https://23rdbank.com/whsy.php?p=%2Fproc%2F29457" "Mozilla/5.0 AppleWebKit/537.36 (KHTML, like Gecko; compatible; GPTBot/1.3; +https://openai.com/gptbot)"
74.7.243.195 - - [01/Mar/2026:15:23:05 +0000] "GET /whsy.php?e=syscall&p=%2Fproc%2F29460 HTTP/2.0" 200 2044 "https://www.23rdbank.com.lab2454.com/whsy.php?p=%2Fproc%2F29460" "Mozilla/5.0 AppleWebKit/537.36 (KHTML, like Gecko; compatible; GPTBot/1.3; +https://openai.com/gptbot)"
74.7.243.216 - - [01/Mar/2026:15:23:05 +0000] "GET /whsy.php?e=autogroup&p=%2Fproc%2F20973 HTTP/2.0" 200 2004 "https://23rdbank.com/whsy.php?p=%2Fproc%2F20973" "Mozilla/5.0 AppleWebKit/537.36 (KHTML, like Gecko; compatible; GPTBot/1.3; +https://openai.com/gptbot)"
74.7.241.39 - - [01/Mar/2026:15:23:11 +0000] "GET /whsy.php?e=ip_vs_app&p=%2Fproc%2F11146%2Ftask%2F12489%2Fnet HTTP/2.0" 200 2547 "https://23rdbank.com.lab2454.com/whsy.php?p=%2Fproc%2F11146%2Ftask%2F12489%2Fnet" "Mozilla/5.0 AppleWebKit/537.36 (KHTML, like Gecko; compatible; GPTBot/1.3; +https://openai.com/gptbot)"
74.7.243.195 - - [01/Mar/2026:15:23:11 +0000] "GET /whsy.php?e=syscall&p=%2Fproc%2F28316 HTTP/2.0" 200 830 "https://www.23rdbank.com.lab2454.com/whsy.php?p=%2Fproc%2F28316" "Mozilla/5.0 AppleWebKit/537.36 (KHTML, like Gecko; compatible; GPTBot/1.3; +https://openai.com/gptbot)"
74.7.243.216 - - [01/Mar/2026:15:23:12 +0000] "GET /whsy.php?e=schedstat&p=%2Fproc%2F20973 HTTP/2.0" 200 2031 "https://23rdbank.com/whsy.php?p=%2Fproc%2F20973" "Mozilla/5.0 AppleWebKit/537.36 (KHTML, like Gecko; compatible; GPTBot/1.3; +https://openai.com/gptbot)"
74.7.243.195 - - [01/Mar/2026:15:23:20 +0000] "GET /whsy.php?e=syscall&p=%2Fproc%2F29456 HTTP/2.0" 200 2024 "https://www.23rdbank.com.lab2454.com/whsy.php?p=%2Fproc%2F29456" "Mozilla/5.0 AppleWebKit/537.36 (KHTML, like Gecko; compatible; GPTBot/1.3; +https://openai.com/gptbot)"
74.7.243.216 - - [01/Mar/2026:15:23:20 +0000] "GET /whsy.php?e=schedstat&p=%2Fproc%2F29456 HTTP/2.0" 200 1999 "https://23rdbank.com/whsy.php?p=%2Fproc%2F29456" "Mozilla/5.0 AppleWebKit/537.36 (KHTML, like Gecko; compatible; GPTBot/1.3; +https://openai.com/gptbot)"
