74.7.243.195 - - [01/Mar/2026:13:16:45 +0000] "GET /whsy.php?e=mountinfo&p=%2Fproc%2F13796%2Ftask%2F14009 HTTP/2.0" 200 830 "https://www.23rdbank.com.lab2454.com/whsy.php?p=%2Fproc%2F13796%2Ftask%2F14009" "Mozilla/5.0 AppleWebKit/537.36 (KHTML, like Gecko; compatible; GPTBot/1.3; +https://openai.com/gptbot)"
74.7.241.39 - - [01/Mar/2026:13:16:46 +0000] "GET /whsy.php?e=nf_log&p=%2Fproc%2F26918%2Fnet%2Fnetfilter HTTP/2.0" 200 885 "https://23rdbank.com.lab2454.com/whsy.php?p=%2Fproc%2F26918%2Fnet%2Fnetfilter" "Mozilla/5.0 AppleWebKit/537.36 (KHTML, like Gecko; compatible; GPTBot/1.3; +https://openai.com/gptbot)"
74.7.243.216 - - [01/Mar/2026:13:16:48 +0000] "GET /whsy.php?e=root&p=%2Fproc%2F13854 HTTP/2.0" 200 1936 "https://23rdbank.com/whsy.php?p=%2Fproc%2F13854" "Mozilla/5.0 AppleWebKit/537.36 (KHTML, like Gecko; compatible; GPTBot/1.3; +https://openai.com/gptbot)"
74.7.243.195 - - [01/Mar/2026:13:16:57 +0000] "GET /whsy.php?e=coredump_filter&p=%2Fproc%2F20575 HTTP/2.0" 200 830 "https://www.23rdbank.com.lab2454.com/whsy.php?p=%2Fproc%2F20575" "Mozilla/5.0 AppleWebKit/537.36 (KHTML, like Gecko; compatible; GPTBot/1.3; +https://openai.com/gptbot)"
74.7.241.39 - - [01/Mar/2026:13:16:58 +0000] "GET /whsy.php?e=nf_log&p=%2Fproc%2F25364%2Fnet%2Fnetfilter HTTP/2.0" 200 886 "https://23rdbank.com.lab2454.com/whsy.php?p=%2Fproc%2F25364%2Fnet%2Fnetfilter" "Mozilla/5.0 AppleWebKit/537.36 (KHTML, like Gecko; compatible; GPTBot/1.3; +https://openai.com/gptbot)"
74.7.243.216 - - [01/Mar/2026:13:17:00 +0000] "GET /whsy.php?e=stat&p=%2Fproc%2F12054 HTTP/2.0" 200 830 "https://23rdbank.com/whsy.php?p=%2Fproc%2F12054" "Mozilla/5.0 AppleWebKit/537.36 (KHTML, like Gecko; compatible; GPTBot/1.3; +https://openai.com/gptbot)"
74.7.243.195 - - [01/Mar/2026:13:17:06 +0000] "GET /whsy.php?e=coredump_filter&p=%2Fproc%2F23376 HTTP/2.0" 200 830 "https://www.23rdbank.com.lab2454.com/whsy.php?p=%2Fproc%2F23376" "Mozilla/5.0 AppleWebKit/537.36 (KHTML, like Gecko; compatible; GPTBot/1.3; +https://openai.com/gptbot)"
74.7.241.39 - - [01/Mar/2026:13:17:06 +0000] "GET /whsy.php?e=nf_log&p=%2Fproc%2F26917%2Fnet%2Fnetfilter HTTP/2.0" 200 886 "https://23rdbank.com.lab2454.com/whsy.php?p=%2Fproc%2F26917%2Fnet%2Fnetfilter" "Mozilla/5.0 AppleWebKit/537.36 (KHTML, like Gecko; compatible; GPTBot/1.3; +https://openai.com/gptbot)"
74.7.243.216 - - [01/Mar/2026:13:17:08 +0000] "GET /whsy.php?e=ksm_stat&p=%2Fproc%2F15331 HTTP/2.0" 200 1936 "https://23rdbank.com/whsy.php?p=%2Fproc%2F15331" "Mozilla/5.0 AppleWebKit/537.36 (KHTML, like Gecko; compatible; GPTBot/1.3; +https://openai.com/gptbot)"
74.7.243.195 - - [01/Mar/2026:13:17:14 +0000] "GET /whsy.php?e=coredump_filter&p=%2Fproc%2F29008 HTTP/2.0" 200 830 "https://www.23rdbank.com.lab2454.com/whsy.php?p=%2Fproc%2F29008" "Mozilla/5.0 AppleWebKit/537.36 (KHTML, like Gecko; compatible; GPTBot/1.3; +https://openai.com/gptbot)"
74.7.241.39 - - [01/Mar/2026:13:17:14 +0000] "GET /whsy.php?e=arp_tables_names&p=%2Fproc%2F11146%2Ftask%2F11246%2Fnet HTTP/2.0" 200 2466 "https://23rdbank.com.lab2454.com/whsy.php?p=%2Fproc%2F11146%2Ftask%2F11246%2Fnet" "Mozilla/5.0 AppleWebKit/537.36 (KHTML, like Gecko; compatible; GPTBot/1.3; +https://openai.com/gptbot)"
74.7.243.216 - - [01/Mar/2026:13:17:15 +0000] "GET /whsy.php?e=exe&p=%2Fproc%2F12054 HTTP/2.0" 200 830 "https://23rdbank.com/whsy.php?p=%2Fproc%2F12054" "Mozilla/5.0 AppleWebKit/537.36 (KHTML, like Gecko; compatible; GPTBot/1.3; +https://openai.com/gptbot)"
74.7.243.195 - - [01/Mar/2026:13:17:20 +0000] "GET /whsy.php?e=coredump_filter&p=%2Fproc%2F20353 HTTP/2.0" 200 830 "https://www.23rdbank.com.lab2454.com/whsy.php?p=%2Fproc%2F20353" "Mozilla/5.0 AppleWebKit/537.36 (KHTML, like Gecko; compatible; GPTBot/1.3; +https://openai.com/gptbot)"
74.7.241.39 - - [01/Mar/2026:13:17:20 +0000] "GET /whsy.php?e=io&p=%2Fproc%2F11146%2Ftask%2F11146 HTTP/2.0" 200 1793 "https://23rdbank.com.lab2454.com/whsy.php?p=%2Fproc%2F11146%2Ftask%2F11146" "Mozilla/5.0 AppleWebKit/537.36 (KHTML, like Gecko; compatible; GPTBot/1.3; +https://openai.com/gptbot)"
74.7.243.216 - - [01/Mar/2026:13:17:21 +0000] "GET /whsy.php?e=oom_score_adj&p=%2Fproc%2F13854 HTTP/2.0" 200 2008 "https://23rdbank.com/whsy.php?p=%2Fproc%2F13854" "Mozilla/5.0 AppleWebKit/537.36 (KHTML, like Gecko; compatible; GPTBot/1.3; +https://openai.com/gptbot)"
74.7.243.195 - - [01/Mar/2026:13:17:27 +0000] "GET /whsy.php?e=coredump_filter&p=%2Fproc%2F32304 HTTP/2.0" 200 830 "https://www.23rdbank.com.lab2454.com/whsy.php?p=%2Fproc%2F32304" "Mozilla/5.0 AppleWebKit/537.36 (KHTML, like Gecko; compatible; GPTBot/1.3; +https://openai.com/gptbot)"
74.7.241.39 - - [01/Mar/2026:13:17:27 +0000] "GET /whsy.php?e=ip_vs_stats_percpu&p=%2Fproc%2F11146%2Ftask%2F24282%2Fnet HTTP/2.0" 200 2660 "https://23rdbank.com.lab2454.com/whsy.php?p=%2Fproc%2F11146%2Ftask%2F24282%2Fnet" "Mozilla/5.0 AppleWebKit/537.36 (KHTML, like Gecko; compatible; GPTBot/1.3; +https://openai.com/gptbot)"
74.7.243.216 - - [01/Mar/2026:13:17:28 +0000] "GET /whsy.php?e=stack&p=%2Fproc%2F22253 HTTP/2.0" 200 830 "https://23rdbank.com/whsy.php?p=%2Fproc%2F22253" "Mozilla/5.0 AppleWebKit/537.36 (KHTML, like Gecko; compatible; GPTBot/1.3; +https://openai.com/gptbot)"
74.7.243.195 - - [01/Mar/2026:13:17:39 +0000] "GET /whsy.php?e=coredump_filter&p=%2Fproc%2F26675 HTTP/2.0" 200 1983 "https://www.23rdbank.com.lab2454.com/whsy.php?p=%2Fproc%2F26675" "Mozilla/5.0 AppleWebKit/537.36 (KHTML, like Gecko; compatible; GPTBot/1.3; +https://openai.com/gptbot)"
74.7.241.39 - - [01/Mar/2026:13:17:40 +0000] "GET /whsy.php?p=%2Fproc%2F12654%2Ftask%2F13327%2Fnet%2Fvlan HTTP/2.0" 200 830 "https://23rdbank.com.lab2454.com/whsy.php?p=%2Fproc%2F12654%2Ftask%2F13327%2Fnet" "Mozilla/5.0 AppleWebKit/537.36 (KHTML, like Gecko; compatible; GPTBot/1.3; +https://openai.com/gptbot)"
74.7.243.216 - - [01/Mar/2026:13:17:42 +0000] "GET /whsy.php?e=sched&p=%2Fproc%2F22253 HTTP/2.0" 200 830 "https://23rdbank.com/whsy.php?p=%2Fproc%2F22253" "Mozilla/5.0 AppleWebKit/537.36 (KHTML, like Gecko; compatible; GPTBot/1.3; +https://openai.com/gptbot)"
74.7.243.195 - - [01/Mar/2026:13:17:49 +0000] "GET /whsy.php?e=coredump_filter&p=%2Fproc%2F25334 HTTP/2.0" 200 830 "https://www.23rdbank.com.lab2454.com/whsy.php?p=%2Fproc%2F25334" "Mozilla/5.0 AppleWebKit/537.36 (KHTML, like Gecko; compatible; GPTBot/1.3; +https://openai.com/gptbot)"
74.7.241.39 - - [01/Mar/2026:13:17:50 +0000] "GET /whsy.php?p=%2Fproc%2F13796%2Ftask%2F14009%2Fnet%2Fstat HTTP/2.0" 200 830 "https://23rdbank.com.lab2454.com/whsy.php?p=%2Fproc%2F13796%2Ftask%2F14009%2Fnet" "Mozilla/5.0 AppleWebKit/537.36 (KHTML, like Gecko; compatible; GPTBot/1.3; +https://openai.com/gptbot)"
74.7.243.216 - - [01/Mar/2026:13:17:51 +0000] "GET /whsy.php?e=smaps&p=%2Fproc%2F22253 HTTP/2.0" 200 830 "https://23rdbank.com/whsy.php?p=%2Fproc%2F22253" "Mozilla/5.0 AppleWebKit/537.36 (KHTML, like Gecko; compatible; GPTBot/1.3; +https://openai.com/gptbot)"
74.7.243.195 - - [01/Mar/2026:13:17:58 +0000] "GET /whsy.php?e=coredump_filter&p=%2Fproc%2F25518 HTTP/2.0" 200 830 "https://www.23rdbank.com.lab2454.com/whsy.php?p=%2Fproc%2F25518" "Mozilla/5.0 AppleWebKit/537.36 (KHTML, like Gecko; compatible; GPTBot/1.3; +https://openai.com/gptbot)"
74.7.241.39 - - [01/Mar/2026:13:17:59 +0000] "GET /whsy.php?e=nfnetlink_log&p=%2Fproc%2F21250%2Fnet%2Fnetfilter HTTP/2.0" 200 830 "https://23rdbank.com.lab2454.com/whsy.php?p=%2Fproc%2F21250%2Fnet%2Fnetfilter" "Mozilla/5.0 AppleWebKit/537.36 (KHTML, like Gecko; compatible; GPTBot/1.3; +https://openai.com/gptbot)"
74.7.243.216 - - [01/Mar/2026:13:18:00 +0000] "GET /whsy.php?e=smaps&p=%2Fproc%2F10008 HTTP/2.0" 200 830 "https://23rdbank.com/whsy.php?p=%2Fproc%2F10008" "Mozilla/5.0 AppleWebKit/537.36 (KHTML, like Gecko; compatible; GPTBot/1.3; +https://openai.com/gptbot)"
74.7.243.195 - - [01/Mar/2026:13:18:04 +0000] "GET /whsy.php?e=coredump_filter&p=%2Fproc%2F27716 HTTP/2.0" 200 830 "https://www.23rdbank.com.lab2454.com/whsy.php?p=%2Fproc%2F27716" "Mozilla/5.0 AppleWebKit/537.36 (KHTML, like Gecko; compatible; GPTBot/1.3; +https://openai.com/gptbot)"
74.7.241.39 - - [01/Mar/2026:13:18:05 +0000] "GET /whsy.php?e=connector&p=%2Fproc%2F27716%2Fnet HTTP/2.0" 200 830 "https://23rdbank.com.lab2454.com/whsy.php?p=%2Fproc%2F27716%2Fnet" "Mozilla/5.0 AppleWebKit/537.36 (KHTML, like Gecko; compatible; GPTBot/1.3; +https://openai.com/gptbot)"
74.7.243.216 - - [01/Mar/2026:13:18:06 +0000] "GET /whsy.php?e=wchan&p=%2Fproc%2F22254 HTTP/2.0" 200 830 "https://23rdbank.com/whsy.php?p=%2Fproc%2F22254" "Mozilla/5.0 AppleWebKit/537.36 (KHTML, like Gecko; compatible; GPTBot/1.3; +https://openai.com/gptbot)"
74.7.243.195 - - [01/Mar/2026:13:18:09 +0000] "GET /whsy.php?e=coredump_filter&p=%2Fproc%2F28133 HTTP/2.0" 200 830 "https://www.23rdbank.com.lab2454.com/whsy.php?p=%2Fproc%2F28133" "Mozilla/5.0 AppleWebKit/537.36 (KHTML, like Gecko; compatible; GPTBot/1.3; +https://openai.com/gptbot)"
74.7.241.39 - - [01/Mar/2026:13:18:10 +0000] "GET /whsy.php?e=protocols&p=%2Fproc%2F21248%2Fnet HTTP/2.0" 200 830 "https://23rdbank.com.lab2454.com/whsy.php?p=%2Fproc%2F21248%2Fnet" "Mozilla/5.0 AppleWebKit/537.36 (KHTML, like Gecko; compatible; GPTBot/1.3; +https://openai.com/gptbot)"
74.7.243.216 - - [01/Mar/2026:13:18:10 +0000] "GET /whsy.php?e=smaps&p=%2Fproc%2F22254 HTTP/2.0" 200 830 "https://23rdbank.com/whsy.php?p=%2Fproc%2F22254" "Mozilla/5.0 AppleWebKit/537.36 (KHTML, like Gecko; compatible; GPTBot/1.3; +https://openai.com/gptbot)"
74.7.243.195 - - [01/Mar/2026:13:18:15 +0000] "GET /whsy.php?e=ip_mr_cache&p=%2Fproc%2F25929%2Fnet HTTP/2.0" 200 830 "https://www.23rdbank.com.lab2454.com/whsy.php?p=%2Fproc%2F25929%2Fnet" "Mozilla/5.0 AppleWebKit/537.36 (KHTML, like Gecko; compatible; GPTBot/1.3; +https://openai.com/gptbot)"
74.7.241.39 - - [01/Mar/2026:13:18:15 +0000] "GET /whsy.php?e=connector&p=%2Fproc%2F24535%2Fnet HTTP/2.0" 200 830 "https://23rdbank.com.lab2454.com/whsy.php?p=%2Fproc%2F24535%2Fnet" "Mozilla/5.0 AppleWebKit/537.36 (KHTML, like Gecko; compatible; GPTBot/1.3; +https://openai.com/gptbot)"
74.7.243.216 - - [01/Mar/2026:13:18:17 +0000] "GET /whsy.php?e=statm&p=%2Fproc%2F22254 HTTP/2.0" 200 830 "https://23rdbank.com/whsy.php?p=%2Fproc%2F22254" "Mozilla/5.0 AppleWebKit/537.36 (KHTML, like Gecko; compatible; GPTBot/1.3; +https://openai.com/gptbot)"
74.7.243.195 - - [01/Mar/2026:13:18:23 +0000] "GET /whsy.php?p=%2Fproc%2F32304%2Fnet%2Fstat HTTP/2.0" 200 830 "https://www.23rdbank.com.lab2454.com/whsy.php?p=%2Fproc%2F32304%2Fnet" "Mozilla/5.0 AppleWebKit/537.36 (KHTML, like Gecko; compatible; GPTBot/1.3; +https://openai.com/gptbot)"
74.7.241.39 - - [01/Mar/2026:13:18:24 +0000] "GET /whsy.php?e=fscreate&p=%2Fproc%2F22344%2Fattr HTTP/2.0" 200 830 "https://23rdbank.com.lab2454.com/whsy.php?p=%2Fproc%2F22344%2Fattr" "Mozilla/5.0 AppleWebKit/537.36 (KHTML, like Gecko; compatible; GPTBot/1.3; +https://openai.com/gptbot)"
74.7.243.216 - - [01/Mar/2026:13:18:26 +0000] "GET /whsy.php?e=statm&p=%2Fproc%2F22253 HTTP/2.0" 200 830 "https://23rdbank.com/whsy.php?p=%2Fproc%2F22253" "Mozilla/5.0 AppleWebKit/537.36 (KHTML, like Gecko; compatible; GPTBot/1.3; +https://openai.com/gptbot)"
74.7.243.195 - - [01/Mar/2026:13:18:30 +0000] "GET /whsy.php?p=%2Fproc%2F13796%2Fnet%2Frpc HTTP/2.0" 200 830 "https://www.23rdbank.com.lab2454.com/whsy.php?p=%2Fproc%2F13796%2Fnet" "Mozilla/5.0 AppleWebKit/537.36 (KHTML, like Gecko; compatible; GPTBot/1.3; +https://openai.com/gptbot)"
74.7.241.39 - - [01/Mar/2026:13:18:30 +0000] "GET /whsy.php?e=protocols&p=%2Fproc%2F22358%2Fnet HTTP/2.0" 200 830 "https://23rdbank.com.lab2454.com/whsy.php?p=%2Fproc%2F22358%2Fnet" "Mozilla/5.0 AppleWebKit/537.36 (KHTML, like Gecko; compatible; GPTBot/1.3; +https://openai.com/gptbot)"
74.7.243.216 - - [01/Mar/2026:13:18:31 +0000] "GET /whsy.php?e=sched&p=%2Fproc%2F22254 HTTP/2.0" 200 830 "https://23rdbank.com/whsy.php?p=%2Fproc%2F22254" "Mozilla/5.0 AppleWebKit/537.36 (KHTML, like Gecko; compatible; GPTBot/1.3; +https://openai.com/gptbot)"
74.7.243.195 - - [01/Mar/2026:13:18:39 +0000] "GET /whsy.php?p=%2Fproc%2F26675%2Fnet%2Fstat HTTP/2.0" 200 821 "https://www.23rdbank.com.lab2454.com/whsy.php?p=%2Fproc%2F26675%2Fnet" "Mozilla/5.0 AppleWebKit/537.36 (KHTML, like Gecko; compatible; GPTBot/1.3; +https://openai.com/gptbot)"
74.7.241.39 - - [01/Mar/2026:13:18:40 +0000] "GET /whsy.php?e=protocols&p=%2Fproc%2F22306%2Fnet HTTP/2.0" 200 830 "https://23rdbank.com.lab2454.com/whsy.php?p=%2Fproc%2F22306%2Fnet" "Mozilla/5.0 AppleWebKit/537.36 (KHTML, like Gecko; compatible; GPTBot/1.3; +https://openai.com/gptbot)"
74.7.243.216 - - [01/Mar/2026:13:18:41 +0000] "GET /whsy.php?e=stack&p=%2Fproc%2F22254 HTTP/2.0" 200 830 "https://23rdbank.com/whsy.php?p=%2Fproc%2F22254" "Mozilla/5.0 AppleWebKit/537.36 (KHTML, like Gecko; compatible; GPTBot/1.3; +https://openai.com/gptbot)"
74.7.243.195 - - [01/Mar/2026:13:18:48 +0000] "GET /whsy.php?p=%2Fproc%2F16769%2Fnet%2Fsctp HTTP/2.0" 200 752 "https://www.23rdbank.com.lab2454.com/whsy.php?p=%2Fproc%2F16769%2Fnet" "Mozilla/5.0 AppleWebKit/537.36 (KHTML, like Gecko; compatible; GPTBot/1.3; +https://openai.com/gptbot)"
74.7.243.216 - - [01/Mar/2026:13:19:03 +0000] "GET /whsy.php?e=wchan&p=%2Fproc%2F22253 HTTP/2.0" 200 830 "https://23rdbank.com/whsy.php?p=%2Fproc%2F22253" "Mozilla/5.0 AppleWebKit/537.36 (KHTML, like Gecko; compatible; GPTBot/1.3; +https://openai.com/gptbot)"
74.7.243.195 - - [01/Mar/2026:13:19:11 +0000] "GET /whsy.php?p=%2Fproc%2F22318%2Fnet%2Fvlan HTTP/2.0" 200 830 "https://www.23rdbank.com.lab2454.com/whsy.php?p=%2Fproc%2F22318%2Fnet" "Mozilla/5.0 AppleWebKit/537.36 (KHTML, like Gecko; compatible; GPTBot/1.3; +https://openai.com/gptbot)"
74.7.243.216 - - [01/Mar/2026:13:19:14 +0000] "GET /whsy.php?e=sched&p=%2Fproc%2F10008 HTTP/2.0" 200 830 "https://23rdbank.com/whsy.php?p=%2Fproc%2F10008" "Mozilla/5.0 AppleWebKit/537.36 (KHTML, like Gecko; compatible; GPTBot/1.3; +https://openai.com/gptbot)"
74.7.241.39 - - [01/Mar/2026:13:18:49 +0000] "GET /whsy.php?p=%2Fproc%2F11146%2Ftask%2F11146%2Ffd HTTP/2.0" 200 801343 "https://23rdbank.com.lab2454.com/whsy.php?e=io&p=%2Fproc%2F11146%2Ftask%2F11146" "Mozilla/5.0 AppleWebKit/537.36 (KHTML, like Gecko; compatible; GPTBot/1.3; +https://openai.com/gptbot)"
74.7.243.195 - - [01/Mar/2026:13:19:21 +0000] "GET /whsy.php?p=%2Fproc%2F16769%2Fnet%2Fstat HTTP/2.0" 200 820 "https://www.23rdbank.com.lab2454.com/whsy.php?p=%2Fproc%2F16769%2Fnet" "Mozilla/5.0 AppleWebKit/537.36 (KHTML, like Gecko; compatible; GPTBot/1.3; +https://openai.com/gptbot)"
74.7.243.216 - - [01/Mar/2026:13:19:22 +0000] "GET /whsy.php?e=gid_map&p=%2Fproc%2F22253 HTTP/2.0" 200 830 "https://23rdbank.com/whsy.php?p=%2Fproc%2F22253" "Mozilla/5.0 AppleWebKit/537.36 (KHTML, like Gecko; compatible; GPTBot/1.3; +https://openai.com/gptbot)"
74.7.241.39 - - [01/Mar/2026:13:19:26 +0000] "GET /whsy.php?e=connector&p=%2Fproc%2F27565%2Fnet HTTP/2.0" 200 2523 "https://23rdbank.com.lab2454.com/whsy.php?p=%2Fproc%2F27565%2Fnet" "Mozilla/5.0 AppleWebKit/537.36 (KHTML, like Gecko; compatible; GPTBot/1.3; +https://openai.com/gptbot)"
74.7.243.195 - - [01/Mar/2026:13:19:32 +0000] "GET /whsy.php?p=%2Fproc%2F20573%2Fnet%2Fstat HTTP/2.0" 200 830 "https://www.23rdbank.com.lab2454.com/whsy.php?p=%2Fproc%2F20573%2Fnet" "Mozilla/5.0 AppleWebKit/537.36 (KHTML, like Gecko; compatible; GPTBot/1.3; +https://openai.com/gptbot)"
74.7.243.216 - - [01/Mar/2026:13:19:36 +0000] "GET /whsy.php?e=uid_map&p=%2Fproc%2F22254 HTTP/2.0" 200 830 "https://23rdbank.com/whsy.php?p=%2Fproc%2F22254" "Mozilla/5.0 AppleWebKit/537.36 (KHTML, like Gecko; compatible; GPTBot/1.3; +https://openai.com/gptbot)"
74.7.241.39 - - [01/Mar/2026:13:19:40 +0000] "GET /whsy.php?e=protocols&p=%2Fproc%2F21250%2Fnet HTTP/2.0" 200 830 "https://23rdbank.com.lab2454.com/whsy.php?p=%2Fproc%2F21250%2Fnet" "Mozilla/5.0 AppleWebKit/537.36 (KHTML, like Gecko; compatible; GPTBot/1.3; +https://openai.com/gptbot)"
74.7.243.195 - - [01/Mar/2026:13:19:45 +0000] "GET /whsy.php?p=%2Fproc%2F18907%2Fnet%2Frpc HTTP/2.0" 200 861 "https://www.23rdbank.com.lab2454.com/whsy.php?p=%2Fproc%2F18907%2Fnet" "Mozilla/5.0 AppleWebKit/537.36 (KHTML, like Gecko; compatible; GPTBot/1.3; +https://openai.com/gptbot)"
74.7.243.216 - - [01/Mar/2026:13:19:48 +0000] "GET /whsy.php?e=uid_map&p=%2Fproc%2F22253 HTTP/2.0" 200 830 "https://23rdbank.com/whsy.php?p=%2Fproc%2F22253" "Mozilla/5.0 AppleWebKit/537.36 (KHTML, like Gecko; compatible; GPTBot/1.3; +https://openai.com/gptbot)"
74.7.241.39 - - [01/Mar/2026:13:19:52 +0000] "GET /whsy.php?e=protocols&p=%2Fproc%2F22706%2Fnet HTTP/2.0" 200 830 "https://23rdbank.com.lab2454.com/whsy.php?p=%2Fproc%2F22706%2Fnet" "Mozilla/5.0 AppleWebKit/537.36 (KHTML, like Gecko; compatible; GPTBot/1.3; +https://openai.com/gptbot)"
74.7.243.195 - - [01/Mar/2026:13:19:55 +0000] "GET /whsy.php?p=%2Fproc%2F25929%2Fnet%2Fvlan HTTP/2.0" 200 830 "https://www.23rdbank.com.lab2454.com/whsy.php?p=%2Fproc%2F25929%2Fnet" "Mozilla/5.0 AppleWebKit/537.36 (KHTML, like Gecko; compatible; GPTBot/1.3; +https://openai.com/gptbot)"
74.7.243.216 - - [01/Mar/2026:13:19:56 +0000] "GET /whsy.php?e=gid_map&p=%2Fproc%2F22254 HTTP/2.0" 200 830 "https://23rdbank.com/whsy.php?p=%2Fproc%2F22254" "Mozilla/5.0 AppleWebKit/537.36 (KHTML, like Gecko; compatible; GPTBot/1.3; +https://openai.com/gptbot)"
74.7.241.39 - - [01/Mar/2026:13:19:58 +0000] "GET /whsy.php?e=connector&p=%2Fproc%2F16231%2Fnet HTTP/2.0" 200 830 "https://23rdbank.com.lab2454.com/whsy.php?p=%2Fproc%2F16231%2Fnet" "Mozilla/5.0 AppleWebKit/537.36 (KHTML, like Gecko; compatible; GPTBot/1.3; +https://openai.com/gptbot)"
74.7.243.195 - - [01/Mar/2026:13:20:02 +0000] "GET /whsy.php?p=%2Fproc%2F26917%2Fnet%2Fstat HTTP/2.0" 200 820 "https://www.23rdbank.com.lab2454.com/whsy.php?p=%2Fproc%2F26917%2Fnet" "Mozilla/5.0 AppleWebKit/537.36 (KHTML, like Gecko; compatible; GPTBot/1.3; +https://openai.com/gptbot)"
74.7.243.216 - - [01/Mar/2026:13:20:05 +0000] "GET /whsy.php?e=ksm_stat&p=%2Fproc%2F13854 HTTP/2.0" 200 1936 "https://23rdbank.com/whsy.php?p=%2Fproc%2F13854" "Mozilla/5.0 AppleWebKit/537.36 (KHTML, like Gecko; compatible; GPTBot/1.3; +https://openai.com/gptbot)"
74.7.241.39 - - [01/Mar/2026:13:20:10 +0000] "GET /whsy.php?p=%2Fproc%2F12635%2Ftask%2F13254%2Fattr%2F.. HTTP/2.0" 200 830 "https://23rdbank.com.lab2454.com/whsy.php?p=%2Fproc%2F12635%2Ftask%2F13254%2Fattr" "Mozilla/5.0 AppleWebKit/537.36 (KHTML, like Gecko; compatible; GPTBot/1.3; +https://openai.com/gptbot)"
74.7.243.195 - - [01/Mar/2026:13:20:17 +0000] "GET /whsy.php?p=%2Fproc%2F12654%2Fnet%2Fstat HTTP/2.0" 200 830 "https://www.23rdbank.com.lab2454.com/whsy.php?p=%2Fproc%2F12654%2Fnet" "Mozilla/5.0 AppleWebKit/537.36 (KHTML, like Gecko; compatible; GPTBot/1.3; +https://openai.com/gptbot)"
74.7.243.216 - - [01/Mar/2026:13:20:18 +0000] "GET /whsy.php?e=cmdline&p=%2Fproc%2F10008 HTTP/2.0" 200 830 "https://23rdbank.com/whsy.php?p=%2Fproc%2F10008" "Mozilla/5.0 AppleWebKit/537.36 (KHTML, like Gecko; compatible; GPTBot/1.3; +https://openai.com/gptbot)"
74.7.241.39 - - [01/Mar/2026:13:20:21 +0000] "GET /whsy.php?p=%2Fproc%2F12654%2Ftask%2F13327%2Fattr%2F.. HTTP/2.0" 200 830 "https://23rdbank.com.lab2454.com/whsy.php?p=%2Fproc%2F12654%2Ftask%2F13327%2Fattr" "Mozilla/5.0 AppleWebKit/537.36 (KHTML, like Gecko; compatible; GPTBot/1.3; +https://openai.com/gptbot)"
74.7.243.195 - - [01/Mar/2026:13:20:28 +0000] "GET /whsy.php?p=%2Fproc%2F25364%2Fnet%2Fstat HTTP/2.0" 200 820 "https://www.23rdbank.com.lab2454.com/whsy.php?p=%2Fproc%2F25364%2Fnet" "Mozilla/5.0 AppleWebKit/537.36 (KHTML, like Gecko; compatible; GPTBot/1.3; +https://openai.com/gptbot)"
74.7.243.216 - - [01/Mar/2026:13:20:30 +0000] "GET /whsy.php?e=ksm_stat&p=%2Fproc%2F12054 HTTP/2.0" 200 830 "https://23rdbank.com/whsy.php?p=%2Fproc%2F12054" "Mozilla/5.0 AppleWebKit/537.36 (KHTML, like Gecko; compatible; GPTBot/1.3; +https://openai.com/gptbot)"
74.7.241.39 - - [01/Mar/2026:13:20:32 +0000] "GET /whsy.php?p=%2Fproc%2F25083%2Fnet%2Fsctp HTTP/2.0" 200 830 "https://23rdbank.com.lab2454.com/whsy.php?p=%2Fproc%2F25083%2Fnet" "Mozilla/5.0 AppleWebKit/537.36 (KHTML, like Gecko; compatible; GPTBot/1.3; +https://openai.com/gptbot)"
74.7.243.195 - - [01/Mar/2026:13:20:35 +0000] "GET /whsy.php?p=%2Fproc%2F16769%2Fnet%2Frpc HTTP/2.0" 200 861 "https://www.23rdbank.com.lab2454.com/whsy.php?p=%2Fproc%2F16769%2Fnet" "Mozilla/5.0 AppleWebKit/537.36 (KHTML, like Gecko; compatible; GPTBot/1.3; +https://openai.com/gptbot)"
74.7.243.216 - - [01/Mar/2026:13:20:36 +0000] "GET /whsy.php?e=ksm_stat&p=%2Fproc%2F18173 HTTP/2.0" 200 830 "https://23rdbank.com/whsy.php?p=%2Fproc%2F18173" "Mozilla/5.0 AppleWebKit/537.36 (KHTML, like Gecko; compatible; GPTBot/1.3; +https://openai.com/gptbot)"
74.7.241.39 - - [01/Mar/2026:13:20:40 +0000] "GET /whsy.php?p=%2Fproc%2F26918%2Fnet%2Frpc HTTP/2.0" 200 860 "https://23rdbank.com.lab2454.com/whsy.php?p=%2Fproc%2F26918%2Fnet" "Mozilla/5.0 AppleWebKit/537.36 (KHTML, like Gecko; compatible; GPTBot/1.3; +https://openai.com/gptbot)"
74.7.243.195 - - [01/Mar/2026:13:20:44 +0000] "GET /whsy.php?p=%2Fproc%2F13796%2Fnet%2Fsctp HTTP/2.0" 200 830 "https://www.23rdbank.com.lab2454.com/whsy.php?p=%2Fproc%2F13796%2Fnet" "Mozilla/5.0 AppleWebKit/537.36 (KHTML, like Gecko; compatible; GPTBot/1.3; +https://openai.com/gptbot)"
74.7.243.216 - - [01/Mar/2026:13:20:49 +0000] "GET /whsy.php?e=oom_score_adj&p=%2Fproc%2F15331 HTTP/2.0" 200 2008 "https://23rdbank.com/whsy.php?p=%2Fproc%2F15331" "Mozilla/5.0 AppleWebKit/537.36 (KHTML, like Gecko; compatible; GPTBot/1.3; +https://openai.com/gptbot)"
74.7.241.39 - - [01/Mar/2026:13:20:56 +0000] "GET /whsy.php?p=%2Fproc%2F25364%2Fnet%2Frpc HTTP/2.0" 200 861 "https://23rdbank.com.lab2454.com/whsy.php?p=%2Fproc%2F25364%2Fnet" "Mozilla/5.0 AppleWebKit/537.36 (KHTML, like Gecko; compatible; GPTBot/1.3; +https://openai.com/gptbot)"
74.7.243.195 - - [01/Mar/2026:13:21:02 +0000] "GET /whsy.php?p=%2Fproc%2F21248%2Fnet%2Fvlan HTTP/2.0" 200 830 "https://www.23rdbank.com.lab2454.com/whsy.php?p=%2Fproc%2F21248%2Fnet" "Mozilla/5.0 AppleWebKit/537.36 (KHTML, like Gecko; compatible; GPTBot/1.3; +https://openai.com/gptbot)"
74.7.243.216 - - [01/Mar/2026:13:21:05 +0000] "GET /whsy.php?e=maps&p=%2Fproc%2F15331 HTTP/2.0" 200 2118 "https://23rdbank.com/whsy.php?p=%2Fproc%2F15331" "Mozilla/5.0 AppleWebKit/537.36 (KHTML, like Gecko; compatible; GPTBot/1.3; +https://openai.com/gptbot)"
74.7.241.39 - - [01/Mar/2026:13:21:13 +0000] "GET /whsy.php?p=%2Fproc%2F12635%2Fnet%2Fsctp HTTP/2.0" 200 830 "https://23rdbank.com.lab2454.com/whsy.php?p=%2Fproc%2F12635%2Fnet" "Mozilla/5.0 AppleWebKit/537.36 (KHTML, like Gecko; compatible; GPTBot/1.3; +https://openai.com/gptbot)"
74.7.243.195 - - [01/Mar/2026:13:21:20 +0000] "GET /whsy.php?p=%2Fproc%2F23081%2Fnet%2Fstat HTTP/2.0" 200 830 "https://www.23rdbank.com.lab2454.com/whsy.php?p=%2Fproc%2F23081%2Fnet" "Mozilla/5.0 AppleWebKit/537.36 (KHTML, like Gecko; compatible; GPTBot/1.3; +https://openai.com/gptbot)"
74.7.243.216 - - [01/Mar/2026:13:21:23 +0000] "GET /whsy.php?e=root&p=%2Fproc%2F12054 HTTP/2.0" 200 830 "https://23rdbank.com/whsy.php?p=%2Fproc%2F12054" "Mozilla/5.0 AppleWebKit/537.36 (KHTML, like Gecko; compatible; GPTBot/1.3; +https://openai.com/gptbot)"
74.7.241.39 - - [01/Mar/2026:13:21:27 +0000] "GET /whsy.php?p=%2Fproc%2F18632%2Fnet%2Frpc HTTP/2.0" 200 861 "https://23rdbank.com.lab2454.com/whsy.php?p=%2Fproc%2F18632%2Fnet" "Mozilla/5.0 AppleWebKit/537.36 (KHTML, like Gecko; compatible; GPTBot/1.3; +https://openai.com/gptbot)"
74.7.243.195 - - [01/Mar/2026:13:21:38 +0000] "GET /whsy.php?e=nfnetlink_log&p=%2Fproc%2F12654%2Fnet%2Fnetfilter HTTP/2.0" 200 830 "https://www.23rdbank.com.lab2454.com/whsy.php?p=%2Fproc%2F12654%2Fnet%2Fnetfilter" "Mozilla/5.0 AppleWebKit/537.36 (KHTML, like Gecko; compatible; GPTBot/1.3; +https://openai.com/gptbot)"
74.7.243.216 - - [01/Mar/2026:13:21:41 +0000] "GET /whsy.php?e=comm&p=%2Fproc%2F15331 HTTP/2.0" 200 2007 "https://23rdbank.com/whsy.php?p=%2Fproc%2F15331" "Mozilla/5.0 AppleWebKit/537.36 (KHTML, like Gecko; compatible; GPTBot/1.3; +https://openai.com/gptbot)"
74.7.241.39 - - [01/Mar/2026:13:21:44 +0000] "GET /whsy.php?p=%2Fproc%2F16231%2Fnet%2Fsctp HTTP/2.0" 200 830 "https://23rdbank.com.lab2454.com/whsy.php?p=%2Fproc%2F16231%2Fnet" "Mozilla/5.0 AppleWebKit/537.36 (KHTML, like Gecko; compatible; GPTBot/1.3; +https://openai.com/gptbot)"
74.7.243.195 - - [01/Mar/2026:13:21:58 +0000] "GET /whsy.php?e=nfnetlink_log&p=%2Fproc%2F26917%2Fnet%2Fnetfilter HTTP/2.0" 200 732 "https://www.23rdbank.com.lab2454.com/whsy.php?p=%2Fproc%2F26917%2Fnet%2Fnetfilter" "Mozilla/5.0 AppleWebKit/537.36 (KHTML, like Gecko; compatible; GPTBot/1.3; +https://openai.com/gptbot)"
74.7.230.58 - - [01/Mar/2026:13:21:59 +0000] "GET /robots.txt HTTP/2.0" 404 - "-" "Mozilla/5.0 (Macintosh; Intel Mac OS X 10_15_7) AppleWebKit/537.36 (KHTML, like Gecko) Chrome/131.0.0.0 Safari/537.36; compatible; OAI-SearchBot/1.3; robots.txt; +https://openai.com/searchbot"
74.7.243.216 - - [01/Mar/2026:13:22:01 +0000] "GET /whsy.php?e=personality&p=%2Fproc%2F15331 HTTP/2.0" 200 1936 "https://23rdbank.com/whsy.php?p=%2Fproc%2F15331" "Mozilla/5.0 AppleWebKit/537.36 (KHTML, like Gecko; compatible; GPTBot/1.3; +https://openai.com/gptbot)"
74.7.241.39 - - [01/Mar/2026:13:22:06 +0000] "GET /whsy.php?p=%2Fproc%2F21248%2Fnet%2Fstat HTTP/2.0" 200 830 "https://23rdbank.com.lab2454.com/whsy.php?p=%2Fproc%2F21248%2Fnet" "Mozilla/5.0 AppleWebKit/537.36 (KHTML, like Gecko; compatible; GPTBot/1.3; +https://openai.com/gptbot)"
74.7.243.195 - - [01/Mar/2026:13:22:12 +0000] "GET /whsy.php?p=%2Fproc%2F18907%2Fnet%2Frpc%2Fnfsd.export HTTP/2.0" 200 742 "https://www.23rdbank.com.lab2454.com/whsy.php?p=%2Fproc%2F18907%2Fnet%2Frpc" "Mozilla/5.0 AppleWebKit/537.36 (KHTML, like Gecko; compatible; GPTBot/1.3; +https://openai.com/gptbot)"
74.7.243.216 - - [01/Mar/2026:13:22:15 +0000] "GET /whsy.php?e=oom_score_adj&p=%2Fproc%2F18173 HTTP/2.0" 200 830 "https://23rdbank.com/whsy.php?p=%2Fproc%2F18173" "Mozilla/5.0 AppleWebKit/537.36 (KHTML, like Gecko; compatible; GPTBot/1.3; +https://openai.com/gptbot)"
74.7.241.39 - - [01/Mar/2026:13:22:22 +0000] "GET /whsy.php?p=%2Fproc%2F22358%2Fnet%2Fsctp HTTP/2.0" 200 830 "https://23rdbank.com.lab2454.com/whsy.php?p=%2Fproc%2F22358%2Fnet" "Mozilla/5.0 AppleWebKit/537.36 (KHTML, like Gecko; compatible; GPTBot/1.3; +https://openai.com/gptbot)"
74.7.243.195 - - [01/Mar/2026:13:22:28 +0000] "GET /whsy.php?p=%2Fproc%2F18907%2Fnet%2Frpc%2Fauth.unix.gid HTTP/2.0" 200 746 "https://www.23rdbank.com.lab2454.com/whsy.php?p=%2Fproc%2F18907%2Fnet%2Frpc" "Mozilla/5.0 AppleWebKit/537.36 (KHTML, like Gecko; compatible; GPTBot/1.3; +https://openai.com/gptbot)"
74.7.243.216 - - [01/Mar/2026:13:22:31 +0000] "GET /whsy.php?e=oom_score_adj&p=%2Fproc%2F12054 HTTP/2.0" 200 830 "https://23rdbank.com/whsy.php?p=%2Fproc%2F12054" "Mozilla/5.0 AppleWebKit/537.36 (KHTML, like Gecko; compatible; GPTBot/1.3; +https://openai.com/gptbot)"
74.7.241.39 - - [01/Mar/2026:13:22:38 +0000] "GET /whsy.php?p=%2Fproc%2F22344%2Fnet%2Fsctp HTTP/2.0" 200 830 "https://23rdbank.com.lab2454.com/whsy.php?p=%2Fproc%2F22344%2Fnet" "Mozilla/5.0 AppleWebKit/537.36 (KHTML, like Gecko; compatible; GPTBot/1.3; +https://openai.com/gptbot)"
74.7.243.195 - - [01/Mar/2026:13:22:42 +0000] "GET /whsy.php?p=%2Fproc%2F18907%2Fnet%2Frpc%2Fnfs4.nametoid HTTP/2.0" 200 743 "https://www.23rdbank.com.lab2454.com/whsy.php?p=%2Fproc%2F18907%2Fnet%2Frpc" "Mozilla/5.0 AppleWebKit/537.36 (KHTML, like Gecko; compatible; GPTBot/1.3; +https://openai.com/gptbot)"
74.7.243.216 - - [01/Mar/2026:13:22:43 +0000] "GET /whsy.php?e=root&p=%2Fproc%2F15331 HTTP/2.0" 200 1936 "https://23rdbank.com/whsy.php?p=%2Fproc%2F15331" "Mozilla/5.0 AppleWebKit/537.36 (KHTML, like Gecko; compatible; GPTBot/1.3; +https://openai.com/gptbot)"
74.7.241.39 - - [01/Mar/2026:13:22:49 +0000] "GET /whsy.php?p=%2Fproc%2F22344%2Fnet%2Frpc HTTP/2.0" 200 830 "https://23rdbank.com.lab2454.com/whsy.php?p=%2Fproc%2F22344%2Fnet" "Mozilla/5.0 AppleWebKit/537.36 (KHTML, like Gecko; compatible; GPTBot/1.3; +https://openai.com/gptbot)"
74.7.243.195 - - [01/Mar/2026:13:22:57 +0000] "GET /whsy.php?p=%2Fproc%2F18907%2Fnet%2Frpc%2Fnfs4.idtoname HTTP/2.0" 200 743 "https://www.23rdbank.com.lab2454.com/whsy.php?p=%2Fproc%2F18907%2Fnet%2Frpc" "Mozilla/5.0 AppleWebKit/537.36 (KHTML, like Gecko; compatible; GPTBot/1.3; +https://openai.com/gptbot)"
74.7.243.216 - - [01/Mar/2026:13:23:00 +0000] "GET /whsy.php?e=clear_refs&p=%2Fproc%2F18173 HTTP/2.0" 200 830 "https://23rdbank.com/whsy.php?p=%2Fproc%2F18173" "Mozilla/5.0 AppleWebKit/537.36 (KHTML, like Gecko; compatible; GPTBot/1.3; +https://openai.com/gptbot)"
74.7.241.39 - - [01/Mar/2026:13:23:06 +0000] "GET /whsy.php?p=%2Fproc%2F22358%2Fnet%2Frpc HTTP/2.0" 200 830 "https://23rdbank.com.lab2454.com/whsy.php?p=%2Fproc%2F22358%2Fnet" "Mozilla/5.0 AppleWebKit/537.36 (KHTML, like Gecko; compatible; GPTBot/1.3; +https://openai.com/gptbot)"
74.7.243.195 - - [01/Mar/2026:13:23:14 +0000] "GET /whsy.php?p=%2Fproc%2F18907%2Fnet%2Frpc%2Fauth.rpcsec.context HTTP/2.0" 200 718 "https://www.23rdbank.com.lab2454.com/whsy.php?p=%2Fproc%2F18907%2Fnet%2Frpc" "Mozilla/5.0 AppleWebKit/537.36 (KHTML, like Gecko; compatible; GPTBot/1.3; +https://openai.com/gptbot)"
74.7.243.216 - - [01/Mar/2026:13:23:16 +0000] "GET /whsy.php?e=personality&p=%2Fproc%2F10008 HTTP/2.0" 200 830 "https://23rdbank.com/whsy.php?p=%2Fproc%2F10008" "Mozilla/5.0 AppleWebKit/537.36 (KHTML, like Gecko; compatible; GPTBot/1.3; +https://openai.com/gptbot)"
74.7.241.39 - - [01/Mar/2026:13:23:21 +0000] "GET /whsy.php?p=%2Fproc%2F12654%2Fnet%2Fsctp HTTP/2.0" 200 830 "https://23rdbank.com.lab2454.com/whsy.php?p=%2Fproc%2F12654%2Fnet" "Mozilla/5.0 AppleWebKit/537.36 (KHTML, like Gecko; compatible; GPTBot/1.3; +https://openai.com/gptbot)"
74.7.243.195 - - [01/Mar/2026:13:23:31 +0000] "GET /whsy.php?e=nfs&p=%2Fproc%2F16769%2Fnet%2Frpc HTTP/2.0" 200 954 "https://www.23rdbank.com.lab2454.com/whsy.php?p=%2Fproc%2F16769%2Fnet%2Frpc" "Mozilla/5.0 AppleWebKit/537.36 (KHTML, like Gecko; compatible; GPTBot/1.3; +https://openai.com/gptbot)"
74.7.243.216 - - [01/Mar/2026:13:23:37 +0000] "GET /whsy.php?e=maps&p=%2Fproc%2F18173 HTTP/2.0" 200 830 "https://23rdbank.com/whsy.php?p=%2Fproc%2F18173" "Mozilla/5.0 AppleWebKit/537.36 (KHTML, like Gecko; compatible; GPTBot/1.3; +https://openai.com/gptbot)"
74.7.241.39 - - [01/Mar/2026:13:23:44 +0000] "GET /whsy.php?p=%2Fproc%2F26918%2Fnet%2Frpc%2Fauth.unix.gid HTTP/2.0" 200 745 "https://23rdbank.com.lab2454.com/whsy.php?p=%2Fproc%2F26918%2Fnet%2Frpc" "Mozilla/5.0 AppleWebKit/537.36 (KHTML, like Gecko; compatible; GPTBot/1.3; +https://openai.com/gptbot)"
74.7.243.195 - - [01/Mar/2026:13:23:48 +0000] "GET /whsy.php?p=%2Fproc%2F16769%2Fnet%2Frpc%2Fnfsd.export HTTP/2.0" 200 742 "https://www.23rdbank.com.lab2454.com/whsy.php?p=%2Fproc%2F16769%2Fnet%2Frpc" "Mozilla/5.0 AppleWebKit/537.36 (KHTML, like Gecko; compatible; GPTBot/1.3; +https://openai.com/gptbot)"
74.7.243.216 - - [01/Mar/2026:13:23:49 +0000] "GET /whsy.php?e=stat&p=%2Fproc%2F15331 HTTP/2.0" 200 2125 "https://23rdbank.com/whsy.php?p=%2Fproc%2F15331" "Mozilla/5.0 AppleWebKit/537.36 (KHTML, like Gecko; compatible; GPTBot/1.3; +https://openai.com/gptbot)"
74.7.241.39 - - [01/Mar/2026:13:23:53 +0000] "GET /whsy.php?p=%2Fproc%2F25364%2Fnet%2Frpc%2Fauth.unix.gid HTTP/2.0" 200 745 "https://23rdbank.com.lab2454.com/whsy.php?p=%2Fproc%2F25364%2Fnet%2Frpc" "Mozilla/5.0 AppleWebKit/537.36 (KHTML, like Gecko; compatible; GPTBot/1.3; +https://openai.com/gptbot)"
74.7.243.195 - - [01/Mar/2026:13:23:56 +0000] "GET /whsy.php?p=%2Fproc%2F16769%2Fnet%2Frpc%2Fauth.unix.gid HTTP/2.0" 200 745 "https://www.23rdbank.com.lab2454.com/whsy.php?p=%2Fproc%2F16769%2Fnet%2Frpc" "Mozilla/5.0 AppleWebKit/537.36 (KHTML, like Gecko; compatible; GPTBot/1.3; +https://openai.com/gptbot)"
74.7.243.216 - - [01/Mar/2026:13:23:57 +0000] "GET /whsy.php?e=comm&p=%2Fproc%2F18173 HTTP/2.0" 200 830 "https://23rdbank.com/whsy.php?p=%2Fproc%2F18173" "Mozilla/5.0 AppleWebKit/537.36 (KHTML, like Gecko; compatible; GPTBot/1.3; +https://openai.com/gptbot)"
74.7.241.39 - - [01/Mar/2026:13:23:59 +0000] "GET /whsy.php?p=%2Fproc%2F26918%2Fnet%2Frpc%2Fnfs4.nametoid HTTP/2.0" 200 742 "https://23rdbank.com.lab2454.com/whsy.php?p=%2Fproc%2F26918%2Fnet%2Frpc" "Mozilla/5.0 AppleWebKit/537.36 (KHTML, like Gecko; compatible; GPTBot/1.3; +https://openai.com/gptbot)"
74.7.243.195 - - [01/Mar/2026:13:24:02 +0000] "GET /whsy.php?p=%2Fproc%2F16769%2Fnet%2Frpc%2Fnfs4.nametoid HTTP/2.0" 200 743 "https://www.23rdbank.com.lab2454.com/whsy.php?p=%2Fproc%2F16769%2Fnet%2Frpc" "Mozilla/5.0 AppleWebKit/537.36 (KHTML, like Gecko; compatible; GPTBot/1.3; +https://openai.com/gptbot)"
74.7.243.216 - - [01/Mar/2026:13:24:03 +0000] "GET /whsy.php?e=auxv&p=%2Fproc%2F10008 HTTP/2.0" 200 830 "https://23rdbank.com/whsy.php?p=%2Fproc%2F10008" "Mozilla/5.0 AppleWebKit/537.36 (KHTML, like Gecko; compatible; GPTBot/1.3; +https://openai.com/gptbot)"
74.7.241.39 - - [01/Mar/2026:13:24:05 +0000] "GET /whsy.php?p=%2Fproc%2F18632%2Fnet%2Frpc%2Fauth.unix.gid HTTP/2.0" 200 745 "https://23rdbank.com.lab2454.com/whsy.php?p=%2Fproc%2F18632%2Fnet%2Frpc" "Mozilla/5.0 AppleWebKit/537.36 (KHTML, like Gecko; compatible; GPTBot/1.3; +https://openai.com/gptbot)"
74.7.243.195 - - [01/Mar/2026:13:24:09 +0000] "GET /whsy.php?p=%2Fproc%2F16769%2Fnet%2Frpc%2Fnfs4.idtoname HTTP/2.0" 200 743 "https://www.23rdbank.com.lab2454.com/whsy.php?p=%2Fproc%2F16769%2Fnet%2Frpc" "Mozilla/5.0 AppleWebKit/537.36 (KHTML, like Gecko; compatible; GPTBot/1.3; +https://openai.com/gptbot)"
74.7.243.216 - - [01/Mar/2026:13:24:12 +0000] "GET /whsy.php?e=cwd&p=%2Fproc%2F22253 HTTP/2.0" 200 830 "https://23rdbank.com/whsy.php?p=%2Fproc%2F22253" "Mozilla/5.0 AppleWebKit/537.36 (KHTML, like Gecko; compatible; GPTBot/1.3; +https://openai.com/gptbot)"
74.7.241.39 - - [01/Mar/2026:13:24:18 +0000] "GET /whsy.php?p=%2Fproc%2F26918%2Fnet%2Frpc%2Fnfs4.idtoname HTTP/2.0" 200 742 "https://23rdbank.com.lab2454.com/whsy.php?p=%2Fproc%2F26918%2Fnet%2Frpc" "Mozilla/5.0 AppleWebKit/537.36 (KHTML, like Gecko; compatible; GPTBot/1.3; +https://openai.com/gptbot)"
74.7.243.195 - - [01/Mar/2026:13:24:22 +0000] "GET /whsy.php?p=%2Fproc%2F16769%2Fnet%2Frpc%2Fauth.rpcsec.context HTTP/2.0" 200 718 "https://www.23rdbank.com.lab2454.com/whsy.php?p=%2Fproc%2F16769%2Fnet%2Frpc" "Mozilla/5.0 AppleWebKit/537.36 (KHTML, like Gecko; compatible; GPTBot/1.3; +https://openai.com/gptbot)"
74.7.243.216 - - [01/Mar/2026:13:24:24 +0000] "GET /whsy.php?e=mem&p=%2Fproc%2F22253 HTTP/2.0" 200 830 "https://23rdbank.com/whsy.php?p=%2Fproc%2F22253" "Mozilla/5.0 AppleWebKit/537.36 (KHTML, like Gecko; compatible; GPTBot/1.3; +https://openai.com/gptbot)"
74.7.241.39 - - [01/Mar/2026:13:24:26 +0000] "GET /whsy.php?p=%2Fproc%2F18632%2Fnet%2Frpc%2Fnfs4.idtoname HTTP/2.0" 200 744 "https://23rdbank.com.lab2454.com/whsy.php?p=%2Fproc%2F18632%2Fnet%2Frpc" "Mozilla/5.0 AppleWebKit/537.36 (KHTML, like Gecko; compatible; GPTBot/1.3; +https://openai.com/gptbot)"
74.7.243.195 - - [01/Mar/2026:13:24:29 +0000] "GET /whsy.php?p=%2Fproc%2F16769%2Fnet%2Frpc%2Fauth.unix.ip HTTP/2.0" 200 744 "https://www.23rdbank.com.lab2454.com/whsy.php?p=%2Fproc%2F16769%2Fnet%2Frpc" "Mozilla/5.0 AppleWebKit/537.36 (KHTML, like Gecko; compatible; GPTBot/1.3; +https://openai.com/gptbot)"
74.7.243.216 - - [01/Mar/2026:13:24:30 +0000] "GET /whsy.php?e=exe&p=%2Fproc%2F22254 HTTP/2.0" 200 830 "https://23rdbank.com/whsy.php?p=%2Fproc%2F22254" "Mozilla/5.0 AppleWebKit/537.36 (KHTML, like Gecko; compatible; GPTBot/1.3; +https://openai.com/gptbot)"
74.7.241.39 - - [01/Mar/2026:13:24:33 +0000] "GET /whsy.php?p=%2Fproc%2F18632%2Fnet%2Frpc%2Fnfs4.nametoid HTTP/2.0" 200 743 "https://23rdbank.com.lab2454.com/whsy.php?p=%2Fproc%2F18632%2Fnet%2Frpc" "Mozilla/5.0 AppleWebKit/537.36 (KHTML, like Gecko; compatible; GPTBot/1.3; +https://openai.com/gptbot)"
74.7.243.195 - - [01/Mar/2026:13:24:37 +0000] "GET /whsy.php?p=%2Fproc%2F18907%2Fnet%2Frpc%2Fauth.rpcsec.init HTTP/2.0" 200 716 "https://www.23rdbank.com.lab2454.com/whsy.php?p=%2Fproc%2F18907%2Fnet%2Frpc" "Mozilla/5.0 AppleWebKit/537.36 (KHTML, like Gecko; compatible; GPTBot/1.3; +https://openai.com/gptbot)"
74.7.243.216 - - [01/Mar/2026:13:24:39 +0000] "GET /whsy.php?e=exe&p=%2Fproc%2F22253 HTTP/2.0" 200 830 "https://23rdbank.com/whsy.php?p=%2Fproc%2F22253" "Mozilla/5.0 AppleWebKit/537.36 (KHTML, like Gecko; compatible; GPTBot/1.3; +https://openai.com/gptbot)"
74.7.241.39 - - [01/Mar/2026:13:24:41 +0000] "GET /whsy.php?p=%2Fproc%2F25364%2Fnet%2Frpc%2Fnfsd.export HTTP/2.0" 200 742 "https://23rdbank.com.lab2454.com/whsy.php?p=%2Fproc%2F25364%2Fnet%2Frpc" "Mozilla/5.0 AppleWebKit/537.36 (KHTML, like Gecko; compatible; GPTBot/1.3; +https://openai.com/gptbot)"
74.7.243.195 - - [01/Mar/2026:13:24:43 +0000] "GET /whsy.php?p=%2Fproc%2F16769%2Fnet%2Frpc%2Fauth.rpcsec.init HTTP/2.0" 200 716 "https://www.23rdbank.com.lab2454.com/whsy.php?p=%2Fproc%2F16769%2Fnet%2Frpc" "Mozilla/5.0 AppleWebKit/537.36 (KHTML, like Gecko; compatible; GPTBot/1.3; +https://openai.com/gptbot)"
74.7.243.216 - - [01/Mar/2026:13:24:45 +0000] "GET /whsy.php?e=cwd&p=%2Fproc%2F22254 HTTP/2.0" 200 830 "https://23rdbank.com/whsy.php?p=%2Fproc%2F22254" "Mozilla/5.0 AppleWebKit/537.36 (KHTML, like Gecko; compatible; GPTBot/1.3; +https://openai.com/gptbot)"
74.7.241.39 - - [01/Mar/2026:13:24:47 +0000] "GET /whsy.php?p=%2Fproc%2F26918%2Fnet%2Frpc%2Fnfsd.export HTTP/2.0" 200 740 "https://23rdbank.com.lab2454.com/whsy.php?p=%2Fproc%2F26918%2Fnet%2Frpc" "Mozilla/5.0 AppleWebKit/537.36 (KHTML, like Gecko; compatible; GPTBot/1.3; +https://openai.com/gptbot)"
74.7.243.195 - - [01/Mar/2026:13:24:50 +0000] "GET /whsy.php?p=%2Fproc%2F18907%2Fnet%2Frpc%2Fauth.unix.ip HTTP/2.0" 200 745 "https://www.23rdbank.com.lab2454.com/whsy.php?p=%2Fproc%2F18907%2Fnet%2Frpc" "Mozilla/5.0 AppleWebKit/537.36 (KHTML, like Gecko; compatible; GPTBot/1.3; +https://openai.com/gptbot)"
74.7.243.216 - - [01/Mar/2026:13:24:52 +0000] "GET /whsy.php?e=mem&p=%2Fproc%2F22254 HTTP/2.0" 200 830 "https://23rdbank.com/whsy.php?p=%2Fproc%2F22254" "Mozilla/5.0 AppleWebKit/537.36 (KHTML, like Gecko; compatible; GPTBot/1.3; +https://openai.com/gptbot)"
74.7.241.39 - - [01/Mar/2026:13:24:55 +0000] "GET /whsy.php?p=%2Fproc%2F18632%2Fnet%2Frpc%2Fnfsd.export HTTP/2.0" 200 742 "https://23rdbank.com.lab2454.com/whsy.php?p=%2Fproc%2F18632%2Fnet%2Frpc" "Mozilla/5.0 AppleWebKit/537.36 (KHTML, like Gecko; compatible; GPTBot/1.3; +https://openai.com/gptbot)"
74.7.243.195 - - [01/Mar/2026:13:24:59 +0000] "GET /whsy.php?p=%2Fproc%2F18907%2Fnet%2Frpc%2Fauth.rpcsec.context%2F.. HTTP/2.0" 200 861 "https://www.23rdbank.com.lab2454.com/whsy.php?p=%2Fproc%2F18907%2Fnet%2Frpc%2Fauth.rpcsec.context" "Mozilla/5.0 AppleWebKit/537.36 (KHTML, like Gecko; compatible; GPTBot/1.3; +https://openai.com/gptbot)"
74.7.243.216 - - [01/Mar/2026:13:25:01 +0000] "GET /whsy.php?e=cgroup&p=%2Fproc%2F10008 HTTP/2.0" 200 830 "https://23rdbank.com/whsy.php?p=%2Fproc%2F10008" "Mozilla/5.0 AppleWebKit/537.36 (KHTML, like Gecko; compatible; GPTBot/1.3; +https://openai.com/gptbot)"
74.7.241.39 - - [01/Mar/2026:13:25:04 +0000] "GET /whsy.php?p=%2Fproc%2F25364%2Fnet%2Frpc%2Fauth.rpcsec.context HTTP/2.0" 200 718 "https://23rdbank.com.lab2454.com/whsy.php?p=%2Fproc%2F25364%2Fnet%2Frpc" "Mozilla/5.0 AppleWebKit/537.36 (KHTML, like Gecko; compatible; GPTBot/1.3; +https://openai.com/gptbot)"
74.7.243.195 - - [01/Mar/2026:13:25:06 +0000] "GET /whsy.php?p=%2Fproc%2F16769%2Fnet%2Frpc%2Fnfsd.fh HTTP/2.0" 200 739 "https://www.23rdbank.com.lab2454.com/whsy.php?p=%2Fproc%2F16769%2Fnet%2Frpc" "Mozilla/5.0 AppleWebKit/537.36 (KHTML, like Gecko; compatible; GPTBot/1.3; +https://openai.com/gptbot)"
74.7.243.216 - - [01/Mar/2026:13:25:08 +0000] "GET /whsy.php?e=cpuset&p=%2Fproc%2F10008 HTTP/2.0" 200 830 "https://23rdbank.com/whsy.php?p=%2Fproc%2F10008" "Mozilla/5.0 AppleWebKit/537.36 (KHTML, like Gecko; compatible; GPTBot/1.3; +https://openai.com/gptbot)"
74.7.241.39 - - [01/Mar/2026:13:25:11 +0000] "GET /whsy.php?p=%2Fproc%2F26918%2Fnet%2Frpc%2Fauth.rpcsec.context HTTP/2.0" 200 717 "https://23rdbank.com.lab2454.com/whsy.php?p=%2Fproc%2F26918%2Fnet%2Frpc" "Mozilla/5.0 AppleWebKit/537.36 (KHTML, like Gecko; compatible; GPTBot/1.3; +https://openai.com/gptbot)"
74.7.243.195 - - [01/Mar/2026:13:25:14 +0000] "GET /whsy.php?p=%2Fproc%2F18907%2Fnet%2Frpc%2Fnfsd.fh HTTP/2.0" 200 740 "https://www.23rdbank.com.lab2454.com/whsy.php?p=%2Fproc%2F18907%2Fnet%2Frpc" "Mozilla/5.0 AppleWebKit/537.36 (KHTML, like Gecko; compatible; GPTBot/1.3; +https://openai.com/gptbot)"
74.7.243.216 - - [01/Mar/2026:13:25:17 +0000] "GET /whsy.php?e=timens_offsets&p=%2Fproc%2F10008 HTTP/2.0" 200 830 "https://23rdbank.com/whsy.php?p=%2Fproc%2F10008" "Mozilla/5.0 AppleWebKit/537.36 (KHTML, like Gecko; compatible; GPTBot/1.3; +https://openai.com/gptbot)"
74.7.241.39 - - [01/Mar/2026:13:25:22 +0000] "GET /whsy.php?p=%2Fproc%2F18632%2Fnet%2Frpc%2Fauth.rpcsec.context HTTP/2.0" 200 718 "https://23rdbank.com.lab2454.com/whsy.php?p=%2Fproc%2F18632%2Fnet%2Frpc" "Mozilla/5.0 AppleWebKit/537.36 (KHTML, like Gecko; compatible; GPTBot/1.3; +https://openai.com/gptbot)"
74.7.243.195 - - [01/Mar/2026:13:25:28 +0000] "GET /whsy.php?p=%2Fproc%2F18907%2Fnet%2Frpc%2Fnfs4.idtoname%2F.. HTTP/2.0" 200 861 "https://www.23rdbank.com.lab2454.com/whsy.php?p=%2Fproc%2F18907%2Fnet%2Frpc%2Fnfs4.idtoname" "Mozilla/5.0 AppleWebKit/537.36 (KHTML, like Gecko; compatible; GPTBot/1.3; +https://openai.com/gptbot)"
74.7.243.216 - - [01/Mar/2026:13:25:31 +0000] "GET /whsy.php?e=timerslack_ns&p=%2Fproc%2F22253 HTTP/2.0" 200 830 "https://23rdbank.com/whsy.php?p=%2Fproc%2F22253" "Mozilla/5.0 AppleWebKit/537.36 (KHTML, like Gecko; compatible; GPTBot/1.3; +https://openai.com/gptbot)"
74.7.241.39 - - [01/Mar/2026:13:25:37 +0000] "GET /whsy.php?p=%2Fproc%2F18632%2Fnet%2Frpc%2Fauth.unix.ip HTTP/2.0" 200 744 "https://23rdbank.com.lab2454.com/whsy.php?p=%2Fproc%2F18632%2Fnet%2Frpc" "Mozilla/5.0 AppleWebKit/537.36 (KHTML, like Gecko; compatible; GPTBot/1.3; +https://openai.com/gptbot)"
74.7.243.195 - - [01/Mar/2026:13:25:41 +0000] "GET /whsy.php?p=%2Fproc%2F18907%2Fnet%2Frpc%2Fnfs4.nametoid%2F.. HTTP/2.0" 200 861 "https://www.23rdbank.com.lab2454.com/whsy.php?p=%2Fproc%2F18907%2Fnet%2Frpc%2Fnfs4.nametoid" "Mozilla/5.0 AppleWebKit/537.36 (KHTML, like Gecko; compatible; GPTBot/1.3; +https://openai.com/gptbot)"
74.7.243.216 - - [01/Mar/2026:13:25:43 +0000] "GET /whsy.php?e=timerslack_ns&p=%2Fproc%2F22254 HTTP/2.0" 200 830 "https://23rdbank.com/whsy.php?p=%2Fproc%2F22254" "Mozilla/5.0 AppleWebKit/537.36 (KHTML, like Gecko; compatible; GPTBot/1.3; +https://openai.com/gptbot)"
74.7.241.39 - - [01/Mar/2026:13:25:45 +0000] "GET /whsy.php?p=%2Fproc%2F26918%2Fnet%2Frpc%2Fauth.unix.ip HTTP/2.0" 200 743 "https://23rdbank.com.lab2454.com/whsy.php?p=%2Fproc%2F26918%2Fnet%2Frpc" "Mozilla/5.0 AppleWebKit/537.36 (KHTML, like Gecko; compatible; GPTBot/1.3; +https://openai.com/gptbot)"
74.7.243.195 - - [01/Mar/2026:13:25:48 +0000] "GET /whsy.php?e=nfnetlink_log&p=%2Fproc%2F18907%2Fnet%2Fnetfilter HTTP/2.0" 200 732 "https://www.23rdbank.com.lab2454.com/whsy.php?p=%2Fproc%2F18907%2Fnet%2Fnetfilter" "Mozilla/5.0 AppleWebKit/537.36 (KHTML, like Gecko; compatible; GPTBot/1.3; +https://openai.com/gptbot)"
74.7.243.216 - - [01/Mar/2026:13:25:52 +0000] "GET /whsy.php?e=cmdline&p=%2Fproc%2F18173 HTTP/2.0" 200 830 "https://23rdbank.com/whsy.php?p=%2Fproc%2F18173" "Mozilla/5.0 AppleWebKit/537.36 (KHTML, like Gecko; compatible; GPTBot/1.3; +https://openai.com/gptbot)"
74.7.241.39 - - [01/Mar/2026:13:25:58 +0000] "GET /whsy.php?p=%2Fproc%2F25364%2Fnet%2Frpc%2Fauth.unix.ip HTTP/2.0" 200 744 "https://23rdbank.com.lab2454.com/whsy.php?p=%2Fproc%2F25364%2Fnet%2Frpc" "Mozilla/5.0 AppleWebKit/537.36 (KHTML, like Gecko; compatible; GPTBot/1.3; +https://openai.com/gptbot)"
74.7.243.195 - - [01/Mar/2026:13:26:04 +0000] "GET /whsy.php?p=%2Fproc%2F16769%2Fnet%2Frpc%2Fauth.rpcsec.context%2F.. HTTP/2.0" 200 861 "https://www.23rdbank.com.lab2454.com/whsy.php?p=%2Fproc%2F16769%2Fnet%2Frpc%2Fauth.rpcsec.context" "Mozilla/5.0 AppleWebKit/537.36 (KHTML, like Gecko; compatible; GPTBot/1.3; +https://openai.com/gptbot)"
74.7.243.216 - - [01/Mar/2026:13:26:07 +0000] "GET /whsy.php?e=cmdline&p=%2Fproc%2F13854 HTTP/2.0" 200 830 "https://23rdbank.com/whsy.php?p=%2Fproc%2F13854" "Mozilla/5.0 AppleWebKit/537.36 (KHTML, like Gecko; compatible; GPTBot/1.3; +https://openai.com/gptbot)"
74.7.241.39 - - [01/Mar/2026:13:26:17 +0000] "GET /whsy.php?p=%2Fproc%2F26918%2Fnet%2Frpc%2Fauth.rpcsec.init HTTP/2.0" 200 715 "https://23rdbank.com.lab2454.com/whsy.php?p=%2Fproc%2F26918%2Fnet%2Frpc" "Mozilla/5.0 AppleWebKit/537.36 (KHTML, like Gecko; compatible; GPTBot/1.3; +https://openai.com/gptbot)"
74.7.243.195 - - [01/Mar/2026:13:26:20 +0000] "GET /whsy.php?e=nfnetlink_log&p=%2Fproc%2F16769%2Fnet%2Fnetfilter HTTP/2.0" 200 732 "https://www.23rdbank.com.lab2454.com/whsy.php?p=%2Fproc%2F16769%2Fnet%2Fnetfilter" "Mozilla/5.0 AppleWebKit/537.36 (KHTML, like Gecko; compatible; GPTBot/1.3; +https://openai.com/gptbot)"
74.7.243.216 - - [01/Mar/2026:13:26:22 +0000] "GET /whsy.php?e=oom_adj&p=%2Fproc%2F10008 HTTP/2.0" 200 830 "https://23rdbank.com/whsy.php?p=%2Fproc%2F10008" "Mozilla/5.0 AppleWebKit/537.36 (KHTML, like Gecko; compatible; GPTBot/1.3; +https://openai.com/gptbot)"
74.7.241.39 - - [01/Mar/2026:13:26:25 +0000] "GET /whsy.php?p=%2Fproc%2F25364%2Fnet%2Frpc%2Fauth.rpcsec.init HTTP/2.0" 200 716 "https://23rdbank.com.lab2454.com/whsy.php?p=%2Fproc%2F25364%2Fnet%2Frpc" "Mozilla/5.0 AppleWebKit/537.36 (KHTML, like Gecko; compatible; GPTBot/1.3; +https://openai.com/gptbot)"
74.7.243.195 - - [01/Mar/2026:13:26:27 +0000] "GET /whsy.php?e=nfnetlink_log&p=%2Fproc%2F13796%2Fnet%2Fnetfilter HTTP/2.0" 200 830 "https://www.23rdbank.com.lab2454.com/whsy.php?p=%2Fproc%2F13796%2Fnet%2Fnetfilter" "Mozilla/5.0 AppleWebKit/537.36 (KHTML, like Gecko; compatible; GPTBot/1.3; +https://openai.com/gptbot)"
74.7.243.216 - - [01/Mar/2026:13:26:30 +0000] "GET /whsy.php?e=smaps_rollup&p=%2Fproc%2F18173 HTTP/2.0" 200 830 "https://23rdbank.com/whsy.php?p=%2Fproc%2F18173" "Mozilla/5.0 AppleWebKit/537.36 (KHTML, like Gecko; compatible; GPTBot/1.3; +https://openai.com/gptbot)"
74.7.241.39 - - [01/Mar/2026:13:26:32 +0000] "GET /whsy.php?p=%2Fproc%2F18632%2Fnet%2Frpc%2Fauth.rpcsec.init HTTP/2.0" 200 716 "https://23rdbank.com.lab2454.com/whsy.php?p=%2Fproc%2F18632%2Fnet%2Frpc" "Mozilla/5.0 AppleWebKit/537.36 (KHTML, like Gecko; compatible; GPTBot/1.3; +https://openai.com/gptbot)"
74.7.243.195 - - [01/Mar/2026:13:26:35 +0000] "GET /whsy.php?e=nfnetlink_log&p=%2Fproc%2F20573%2Fnet%2Fnetfilter HTTP/2.0" 200 830 "https://www.23rdbank.com.lab2454.com/whsy.php?p=%2Fproc%2F20573%2Fnet%2Fnetfilter" "Mozilla/5.0 AppleWebKit/537.36 (KHTML, like Gecko; compatible; GPTBot/1.3; +https://openai.com/gptbot)"
74.7.243.216 - - [01/Mar/2026:13:26:38 +0000] "GET /whsy.php?e=timers&p=%2Fproc%2F22253 HTTP/2.0" 200 830 "https://23rdbank.com/whsy.php?p=%2Fproc%2F22253" "Mozilla/5.0 AppleWebKit/537.36 (KHTML, like Gecko; compatible; GPTBot/1.3; +https://openai.com/gptbot)"
74.7.241.39 - - [01/Mar/2026:13:26:41 +0000] "GET /whsy.php?p=%2Fproc%2F25364%2Fnet%2Frpc%2Fnfs4.nametoid HTTP/2.0" 200 743 "https://23rdbank.com.lab2454.com/whsy.php?p=%2Fproc%2F25364%2Fnet%2Frpc" "Mozilla/5.0 AppleWebKit/537.36 (KHTML, like Gecko; compatible; GPTBot/1.3; +https://openai.com/gptbot)"
74.7.243.195 - - [01/Mar/2026:13:26:44 +0000] "GET /whsy.php?e=nfnetlink_log&p=%2Fproc%2F25364%2Fnet%2Fnetfilter HTTP/2.0" 200 732 "https://www.23rdbank.com.lab2454.com/whsy.php?p=%2Fproc%2F25364%2Fnet%2Fnetfilter" "Mozilla/5.0 AppleWebKit/537.36 (KHTML, like Gecko; compatible; GPTBot/1.3; +https://openai.com/gptbot)"
74.7.243.216 - - [01/Mar/2026:13:26:48 +0000] "GET /whsy.php?e=status&p=%2Fproc%2F22253 HTTP/2.0" 200 830 "https://23rdbank.com/whsy.php?p=%2Fproc%2F22253" "Mozilla/5.0 AppleWebKit/537.36 (KHTML, like Gecko; compatible; GPTBot/1.3; +https://openai.com/gptbot)"
74.7.241.39 - - [01/Mar/2026:13:26:50 +0000] "GET /whsy.php?p=%2Fproc%2F25364%2Fnet%2Frpc%2Fnfs4.idtoname HTTP/2.0" 200 743 "https://23rdbank.com.lab2454.com/whsy.php?p=%2Fproc%2F25364%2Fnet%2Frpc" "Mozilla/5.0 AppleWebKit/537.36 (KHTML, like Gecko; compatible; GPTBot/1.3; +https://openai.com/gptbot)"
74.7.244.51 - - [01/Mar/2026:13:26:51 +0000] "GET /robots.txt HTTP/2.0" 404 - "-" "Mozilla/5.0 (Macintosh; Intel Mac OS X 10_15_7) AppleWebKit/537.36 (KHTML, like Gecko) Chrome/131.0.0.0 Safari/537.36; compatible; OAI-SearchBot/1.3; robots.txt; +https://openai.com/searchbot"
74.7.243.195 - - [01/Mar/2026:13:26:53 +0000] "GET /whsy.php?p=%2Fproc%2F23081%2Ftask%2F23100%2Fns HTTP/2.0" 200 830 "https://www.23rdbank.com.lab2454.com/whsy.php?p=%2Fproc%2F23081%2Ftask%2F23100" "Mozilla/5.0 AppleWebKit/537.36 (KHTML, like Gecko; compatible; GPTBot/1.3; +https://openai.com/gptbot)"
74.7.243.216 - - [01/Mar/2026:13:26:54 +0000] "GET /whsy.php?e=cpuset&p=%2Fproc%2F22254 HTTP/2.0" 200 830 "https://23rdbank.com/whsy.php?p=%2Fproc%2F22254" "Mozilla/5.0 AppleWebKit/537.36 (KHTML, like Gecko; compatible; GPTBot/1.3; +https://openai.com/gptbot)"
74.7.241.39 - - [01/Mar/2026:13:26:57 +0000] "GET /whsy.php?p=%2Fproc%2F25364%2Fnet%2Frpc%2Fauth.rpcsec.context%2F.. HTTP/2.0" 200 861 "https://23rdbank.com.lab2454.com/whsy.php?p=%2Fproc%2F25364%2Fnet%2Frpc%2Fauth.rpcsec.context" "Mozilla/5.0 AppleWebKit/537.36 (KHTML, like Gecko; compatible; GPTBot/1.3; +https://openai.com/gptbot)"
74.7.243.195 - - [01/Mar/2026:13:26:59 +0000] "GET /whsy.php?e=ip6_vti0&p=%2Fproc%2F13796%2Ftask%2F14009%2Fnet%2Fdev_snmp6 HTTP/2.0" 200 830 "https://www.23rdbank.com.lab2454.com/whsy.php?p=%2Fproc%2F13796%2Ftask%2F14009%2Fnet%2Fdev_snmp6" "Mozilla/5.0 AppleWebKit/537.36 (KHTML, like Gecko; compatible; GPTBot/1.3; +https://openai.com/gptbot)"
74.7.230.58 - - [01/Mar/2026:13:26:59 +0000] "GET /robots.txt HTTP/2.0" 404 - "-" "Mozilla/5.0 (Macintosh; Intel Mac OS X 10_15_7) AppleWebKit/537.36 (KHTML, like Gecko) Chrome/131.0.0.0 Safari/537.36; compatible; OAI-SearchBot/1.3; robots.txt; +https://openai.com/searchbot"
