74.7.244.51 - - [01/Mar/2026:13:42:02 +0000] "GET /robots.txt HTTP/2.0" 404 - "-" "Mozilla/5.0 (Macintosh; Intel Mac OS X 10_15_7) AppleWebKit/537.36 (KHTML, like Gecko) Chrome/131.0.0.0 Safari/537.36; compatible; OAI-SearchBot/1.3; robots.txt; +https://openai.com/searchbot"
74.7.243.195 - - [01/Mar/2026:13:42:03 +0000] "GET /whsy.php?p=%2Fproc%2F16769%2Ftask%2F16769 HTTP/2.0" 200 1795 "https://www.23rdbank.com.lab2454.com/whsy.php?p=%2Fproc%2F16769%2Ftask" "Mozilla/5.0 AppleWebKit/537.36 (KHTML, like Gecko; compatible; GPTBot/1.3; +https://openai.com/gptbot)"
74.7.243.216 - - [01/Mar/2026:13:42:04 +0000] "GET /whsy.php?e=stat&p=%2Fproc%2F22254 HTTP/2.0" 200 830 "https://23rdbank.com/whsy.php?p=%2Fproc%2F22254" "Mozilla/5.0 AppleWebKit/537.36 (KHTML, like Gecko; compatible; GPTBot/1.3; +https://openai.com/gptbot)"
74.7.241.39 - - [01/Mar/2026:13:42:06 +0000] "GET /whsy.php?e=ip_tables_matches&p=%2Fproc%2F11146%2Ftask%2F11156%2Fnet HTTP/2.0" 200 2467 "https://23rdbank.com.lab2454.com/whsy.php?p=%2Fproc%2F11146%2Ftask%2F11156%2Fnet" "Mozilla/5.0 AppleWebKit/537.36 (KHTML, like Gecko; compatible; GPTBot/1.3; +https://openai.com/gptbot)"
74.7.243.195 - - [01/Mar/2026:13:42:08 +0000] "GET /whsy.php?p=%2Fproc%2F12654%2Ftask%2F12654 HTTP/2.0" 200 830 "https://www.23rdbank.com.lab2454.com/whsy.php?p=%2Fproc%2F12654%2Ftask" "Mozilla/5.0 AppleWebKit/537.36 (KHTML, like Gecko; compatible; GPTBot/1.3; +https://openai.com/gptbot)"
74.7.243.216 - - [01/Mar/2026:13:42:09 +0000] "GET /whsy.php?e=root&p=%2Fproc%2F22253 HTTP/2.0" 200 830 "https://23rdbank.com/whsy.php?p=%2Fproc%2F22253" "Mozilla/5.0 AppleWebKit/537.36 (KHTML, like Gecko; compatible; GPTBot/1.3; +https://openai.com/gptbot)"
74.7.241.39 - - [01/Mar/2026:13:42:11 +0000] "GET /whsy.php?e=ip6_tables_targets&p=%2Fproc%2F11146%2Ftask%2F11233%2Fnet HTTP/2.0" 200 2466 "https://23rdbank.com.lab2454.com/whsy.php?p=%2Fproc%2F11146%2Ftask%2F11233%2Fnet" "Mozilla/5.0 AppleWebKit/537.36 (KHTML, like Gecko; compatible; GPTBot/1.3; +https://openai.com/gptbot)"
74.7.243.195 - - [01/Mar/2026:13:42:13 +0000] "GET /whsy.php?p=%2Fproc%2F23081%2Ftask%2F23081 HTTP/2.0" 200 830 "https://www.23rdbank.com.lab2454.com/whsy.php?p=%2Fproc%2F23081%2Ftask" "Mozilla/5.0 AppleWebKit/537.36 (KHTML, like Gecko; compatible; GPTBot/1.3; +https://openai.com/gptbot)"
74.7.243.216 - - [01/Mar/2026:13:42:14 +0000] "GET /whsy.php?e=maps&p=%2Fproc%2F10008 HTTP/2.0" 200 830 "https://23rdbank.com/whsy.php?p=%2Fproc%2F10008" "Mozilla/5.0 AppleWebKit/537.36 (KHTML, like Gecko; compatible; GPTBot/1.3; +https://openai.com/gptbot)"
74.7.241.39 - - [01/Mar/2026:13:42:16 +0000] "GET /whsy.php?e=ip6_tables_targets&p=%2Fproc%2F11146%2Ftask%2F11248%2Fnet HTTP/2.0" 200 2467 "https://23rdbank.com.lab2454.com/whsy.php?p=%2Fproc%2F11146%2Ftask%2F11248%2Fnet" "Mozilla/5.0 AppleWebKit/537.36 (KHTML, like Gecko; compatible; GPTBot/1.3; +https://openai.com/gptbot)"
74.7.243.195 - - [01/Mar/2026:13:42:17 +0000] "GET /whsy.php?e=softnet_stat&p=%2Fproc%2F3823%2Fnet HTTP/2.0" 200 2657 "https://www.23rdbank.com.lab2454.com/whsy.php?p=%2Fproc%2F3823%2Fnet" "Mozilla/5.0 AppleWebKit/537.36 (KHTML, like Gecko; compatible; GPTBot/1.3; +https://openai.com/gptbot)"
74.7.243.216 - - [01/Mar/2026:13:42:19 +0000] "GET /whsy.php?e=maps&p=%2Fproc%2F22254 HTTP/2.0" 200 830 "https://23rdbank.com/whsy.php?p=%2Fproc%2F22254" "Mozilla/5.0 AppleWebKit/537.36 (KHTML, like Gecko; compatible; GPTBot/1.3; +https://openai.com/gptbot)"
74.7.241.39 - - [01/Mar/2026:13:42:26 +0000] "GET /whsy.php?e=ip6_tables_targets&p=%2Fproc%2F11146%2Ftask%2F11159%2Fnet HTTP/2.0" 200 2467 "https://23rdbank.com.lab2454.com/whsy.php?p=%2Fproc%2F11146%2Ftask%2F11159%2Fnet" "Mozilla/5.0 AppleWebKit/537.36 (KHTML, like Gecko; compatible; GPTBot/1.3; +https://openai.com/gptbot)"
74.7.243.195 - - [01/Mar/2026:13:42:42 +0000] "GET /whsy.php?e=keycreate&p=%2Fproc%2F22318%2Fattr HTTP/2.0" 200 830 "https://www.23rdbank.com.lab2454.com/whsy.php?p=%2Fproc%2F22318%2Fattr" "Mozilla/5.0 AppleWebKit/537.36 (KHTML, like Gecko; compatible; GPTBot/1.3; +https://openai.com/gptbot)"
74.7.243.216 - - [01/Mar/2026:13:42:44 +0000] "GET /whsy.php?e=maps&p=%2Fproc%2F22253 HTTP/2.0" 200 830 "https://23rdbank.com/whsy.php?p=%2Fproc%2F22253" "Mozilla/5.0 AppleWebKit/537.36 (KHTML, like Gecko; compatible; GPTBot/1.3; +https://openai.com/gptbot)"
74.7.241.39 - - [01/Mar/2026:13:42:47 +0000] "GET /whsy.php?e=ip6_tables_matches&p=%2Fproc%2F11146%2Ftask%2F11154%2Fnet HTTP/2.0" 200 2467 "https://23rdbank.com.lab2454.com/whsy.php?p=%2Fproc%2F11146%2Ftask%2F11154%2Fnet" "Mozilla/5.0 AppleWebKit/537.36 (KHTML, like Gecko; compatible; GPTBot/1.3; +https://openai.com/gptbot)"
74.7.243.195 - - [01/Mar/2026:13:42:49 +0000] "GET /whsy.php?e=keycreate&p=%2Fproc%2F21248%2Fattr HTTP/2.0" 200 830 "https://www.23rdbank.com.lab2454.com/whsy.php?p=%2Fproc%2F21248%2Fattr" "Mozilla/5.0 AppleWebKit/537.36 (KHTML, like Gecko; compatible; GPTBot/1.3; +https://openai.com/gptbot)"
74.7.230.58 - - [01/Mar/2026:13:42:50 +0000] "GET /robots.txt HTTP/2.0" 404 - "-" "Mozilla/5.0 (Macintosh; Intel Mac OS X 10_15_7) AppleWebKit/537.36 (KHTML, like Gecko) Chrome/131.0.0.0 Safari/537.36; compatible; OAI-SearchBot/1.3; robots.txt; +https://openai.com/searchbot"
74.7.243.216 - - [01/Mar/2026:13:42:51 +0000] "GET /whsy.php?e=comm&p=%2Fproc%2F22254 HTTP/2.0" 200 830 "https://23rdbank.com/whsy.php?p=%2Fproc%2F22254" "Mozilla/5.0 AppleWebKit/537.36 (KHTML, like Gecko; compatible; GPTBot/1.3; +https://openai.com/gptbot)"
74.7.241.39 - - [01/Mar/2026:13:42:53 +0000] "GET /whsy.php?e=io&p=%2Fproc%2F11146%2Ftask%2F13960 HTTP/2.0" 200 830 "https://23rdbank.com.lab2454.com/whsy.php?p=%2Fproc%2F11146%2Ftask%2F13960" "Mozilla/5.0 AppleWebKit/537.36 (KHTML, like Gecko; compatible; GPTBot/1.3; +https://openai.com/gptbot)"
74.7.243.195 - - [01/Mar/2026:13:42:55 +0000] "GET /whsy.php?p=%2Fproc%2F9051%2Fnet%2Frpc%2Fnfs4.idtoname%2F.. HTTP/2.0" 200 830 "https://www.23rdbank.com.lab2454.com/whsy.php?p=%2Fproc%2F9051%2Fnet%2Frpc%2Fnfs4.idtoname" "Mozilla/5.0 AppleWebKit/537.36 (KHTML, like Gecko; compatible; GPTBot/1.3; +https://openai.com/gptbot)"
74.7.241.39 - - [01/Mar/2026:13:42:58 +0000] "GET /whsy.php?e=ip_mr_cache&p=%2Fproc%2F22344%2Fnet HTTP/2.0" 200 830 "https://23rdbank.com.lab2454.com/whsy.php?p=%2Fproc%2F22344%2Fnet" "Mozilla/5.0 AppleWebKit/537.36 (KHTML, like Gecko; compatible; GPTBot/1.3; +https://openai.com/gptbot)"
74.7.243.195 - - [01/Mar/2026:13:42:59 +0000] "GET /whsy.php?p=%2Fproc%2F9051%2Fnet%2Frpc%2Fnfs4.nametoid%2F.. HTTP/2.0" 200 830 "https://www.23rdbank.com.lab2454.com/whsy.php?p=%2Fproc%2F9051%2Fnet%2Frpc%2Fnfs4.nametoid" "Mozilla/5.0 AppleWebKit/537.36 (KHTML, like Gecko; compatible; GPTBot/1.3; +https://openai.com/gptbot)"
74.7.243.216 - - [01/Mar/2026:13:43:00 +0000] "GET /whsy.php?p=%2Fproc%2F27273 HTTP/2.0" 200 830 "https://23rdbank.com/whsy.php?p=%2Fproc%2F26675%2F.." "Mozilla/5.0 AppleWebKit/537.36 (KHTML, like Gecko; compatible; GPTBot/1.3; +https://openai.com/gptbot)"
74.7.241.39 - - [01/Mar/2026:13:43:02 +0000] "GET /whsy.php?p=%2Fproc%2F12635%2Ftask%2F13254%2Fnet%2F.. HTTP/2.0" 200 830 "https://23rdbank.com.lab2454.com/whsy.php?p=%2Fproc%2F12635%2Ftask%2F13254%2Fnet" "Mozilla/5.0 AppleWebKit/537.36 (KHTML, like Gecko; compatible; GPTBot/1.3; +https://openai.com/gptbot)"
74.7.243.195 - - [01/Mar/2026:13:43:03 +0000] "GET /whsy.php?p=%2Fproc%2F16769%2Fnet%2Fvlan HTTP/2.0" 200 662 "https://www.23rdbank.com.lab2454.com/whsy.php?p=%2Fproc%2F16769%2Fnet" "Mozilla/5.0 AppleWebKit/537.36 (KHTML, like Gecko; compatible; GPTBot/1.3; +https://openai.com/gptbot)"
74.7.243.216 - - [01/Mar/2026:13:43:05 +0000] "GET /whsy.php?e=clear_refs&p=%2Fproc%2F12054 HTTP/2.0" 200 830 "https://23rdbank.com/whsy.php?p=%2Fproc%2F12054" "Mozilla/5.0 AppleWebKit/537.36 (KHTML, like Gecko; compatible; GPTBot/1.3; +https://openai.com/gptbot)"
74.7.241.39 - - [01/Mar/2026:13:43:06 +0000] "GET /whsy.php?p=%2Fproc%2F13001%2Fnet%2Fstat HTTP/2.0" 200 830 "https://23rdbank.com.lab2454.com/whsy.php?p=%2Fproc%2F13001%2Fnet" "Mozilla/5.0 AppleWebKit/537.36 (KHTML, like Gecko; compatible; GPTBot/1.3; +https://openai.com/gptbot)"
74.7.243.195 - - [01/Mar/2026:13:43:08 +0000] "GET /whsy.php?e=sessionid&p=%2Fproc%2F25364%2Ftask%2F25364 HTTP/2.0" 200 1872 "https://www.23rdbank.com.lab2454.com/whsy.php?p=%2Fproc%2F25364%2Ftask%2F25364" "Mozilla/5.0 AppleWebKit/537.36 (KHTML, like Gecko; compatible; GPTBot/1.3; +https://openai.com/gptbot)"
74.7.243.216 - - [01/Mar/2026:13:43:09 +0000] "GET /whsy.php?e=clear_refs&p=%2Fproc%2F15331 HTTP/2.0" 200 1936 "https://23rdbank.com/whsy.php?p=%2Fproc%2F15331" "Mozilla/5.0 AppleWebKit/537.36 (KHTML, like Gecko; compatible; GPTBot/1.3; +https://openai.com/gptbot)"
74.7.241.39 - - [01/Mar/2026:13:43:11 +0000] "GET /whsy.php?p=%2Fproc%2F18867%2Fnet%2Fstat HTTP/2.0" 200 830 "https://23rdbank.com.lab2454.com/whsy.php?p=%2Fproc%2F18867%2Fnet" "Mozilla/5.0 AppleWebKit/537.36 (KHTML, like Gecko; compatible; GPTBot/1.3; +https://openai.com/gptbot)"
74.7.243.195 - - [01/Mar/2026:13:43:13 +0000] "GET /whsy.php?e=limits&p=%2Fproc%2F26917%2Ftask%2F26917 HTTP/2.0" 200 2111 "https://www.23rdbank.com.lab2454.com/whsy.php?p=%2Fproc%2F26917%2Ftask%2F26917" "Mozilla/5.0 AppleWebKit/537.36 (KHTML, like Gecko; compatible; GPTBot/1.3; +https://openai.com/gptbot)"
74.7.243.216 - - [01/Mar/2026:13:43:14 +0000] "GET /whsy.php?e=clear_refs&p=%2Fproc%2F10008 HTTP/2.0" 200 830 "https://23rdbank.com/whsy.php?p=%2Fproc%2F10008" "Mozilla/5.0 AppleWebKit/537.36 (KHTML, like Gecko; compatible; GPTBot/1.3; +https://openai.com/gptbot)"
74.7.241.39 - - [01/Mar/2026:13:43:16 +0000] "GET /whsy.php?p=%2Fproc%2F18907%2Fnet%2Fsctp HTTP/2.0" 200 753 "https://23rdbank.com.lab2454.com/whsy.php?p=%2Fproc%2F18907%2Fnet" "Mozilla/5.0 AppleWebKit/537.36 (KHTML, like Gecko; compatible; GPTBot/1.3; +https://openai.com/gptbot)"
74.7.243.195 - - [01/Mar/2026:13:43:17 +0000] "GET /whsy.php?p=%2Fproc%2F16769%2Ftask%2F16769%2F.. HTTP/2.0" 200 529 "https://www.23rdbank.com.lab2454.com/whsy.php?p=%2Fproc%2F16769%2Ftask%2F16769" "Mozilla/5.0 AppleWebKit/537.36 (KHTML, like Gecko; compatible; GPTBot/1.3; +https://openai.com/gptbot)"
74.7.243.216 - - [01/Mar/2026:13:43:18 +0000] "GET /whsy.php?e=status&p=%2Fproc%2F13854 HTTP/2.0" 200 830 "https://23rdbank.com/whsy.php?p=%2Fproc%2F13854" "Mozilla/5.0 AppleWebKit/537.36 (KHTML, like Gecko; compatible; GPTBot/1.3; +https://openai.com/gptbot)"
74.7.241.39 - - [01/Mar/2026:13:43:20 +0000] "GET /whsy.php?p=%2Fproc%2F26917%2Fnet%2Fstat HTTP/2.0" 200 820 "https://23rdbank.com.lab2454.com/whsy.php?p=%2Fproc%2F26917%2Fnet" "Mozilla/5.0 AppleWebKit/537.36 (KHTML, like Gecko; compatible; GPTBot/1.3; +https://openai.com/gptbot)"
74.7.243.195 - - [01/Mar/2026:13:43:22 +0000] "GET /whsy.php?e=cwd&p=%2Fproc%2F25364%2Ftask%2F25364 HTTP/2.0" 200 1795 "https://www.23rdbank.com.lab2454.com/whsy.php?p=%2Fproc%2F25364%2Ftask%2F25364" "Mozilla/5.0 AppleWebKit/537.36 (KHTML, like Gecko; compatible; GPTBot/1.3; +https://openai.com/gptbot)"
74.7.243.216 - - [01/Mar/2026:13:43:23 +0000] "GET /whsy.php?e=limits&p=%2Fproc%2F18173 HTTP/2.0" 200 830 "https://23rdbank.com/whsy.php?p=%2Fproc%2F18173" "Mozilla/5.0 AppleWebKit/537.36 (KHTML, like Gecko; compatible; GPTBot/1.3; +https://openai.com/gptbot)"
74.7.241.39 - - [01/Mar/2026:13:43:24 +0000] "GET /whsy.php?p=%2Fproc%2F27565%2Fnet%2Fstat HTTP/2.0" 200 821 "https://23rdbank.com.lab2454.com/whsy.php?p=%2Fproc%2F27565%2Fnet" "Mozilla/5.0 AppleWebKit/537.36 (KHTML, like Gecko; compatible; GPTBot/1.3; +https://openai.com/gptbot)"
74.7.243.195 - - [01/Mar/2026:13:43:26 +0000] "GET /whsy.php?e=snmp&p=%2Fproc%2F3823%2Fnet%2Fsctp HTTP/2.0" 200 1101 "https://www.23rdbank.com.lab2454.com/whsy.php?p=%2Fproc%2F3823%2Fnet%2Fsctp" "Mozilla/5.0 AppleWebKit/537.36 (KHTML, like Gecko; compatible; GPTBot/1.3; +https://openai.com/gptbot)"
74.7.243.216 - - [01/Mar/2026:13:43:27 +0000] "GET /whsy.php?e=limits&p=%2Fproc%2F30534 HTTP/2.0" 200 2233 "https://23rdbank.com/whsy.php?p=%2Fproc%2F30534" "Mozilla/5.0 AppleWebKit/537.36 (KHTML, like Gecko; compatible; GPTBot/1.3; +https://openai.com/gptbot)"
74.7.241.39 - - [01/Mar/2026:13:43:29 +0000] "GET /whsy.php?p=%2Fproc%2F25083%2Fnet%2Fstat HTTP/2.0" 200 830 "https://23rdbank.com.lab2454.com/whsy.php?p=%2Fproc%2F25083%2Fnet" "Mozilla/5.0 AppleWebKit/537.36 (KHTML, like Gecko; compatible; GPTBot/1.3; +https://openai.com/gptbot)"
74.7.243.195 - - [01/Mar/2026:13:43:30 +0000] "GET /whsy.php?e=keycreate&p=%2Fproc%2F18907%2Fattr HTTP/2.0" 200 864 "https://www.23rdbank.com.lab2454.com/whsy.php?p=%2Fproc%2F18907%2Fattr" "Mozilla/5.0 AppleWebKit/537.36 (KHTML, like Gecko; compatible; GPTBot/1.3; +https://openai.com/gptbot)"
74.7.243.216 - - [01/Mar/2026:13:43:31 +0000] "GET /whsy.php?e=mounts&p=%2Fproc%2F30534 HTTP/2.0" 200 2677 "https://23rdbank.com/whsy.php?p=%2Fproc%2F30534" "Mozilla/5.0 AppleWebKit/537.36 (KHTML, like Gecko; compatible; GPTBot/1.3; +https://openai.com/gptbot)"
74.7.241.39 - - [01/Mar/2026:13:43:33 +0000] "GET /whsy.php?p=%2Fproc%2F22358%2Fnet%2Fvlan HTTP/2.0" 200 830 "https://23rdbank.com.lab2454.com/whsy.php?p=%2Fproc%2F22358%2Fnet" "Mozilla/5.0 AppleWebKit/537.36 (KHTML, like Gecko; compatible; GPTBot/1.3; +https://openai.com/gptbot)"
74.7.243.195 - - [01/Mar/2026:13:43:34 +0000] "GET /whsy.php?e=keycreate&p=%2Fproc%2F13796%2Fattr HTTP/2.0" 200 830 "https://www.23rdbank.com.lab2454.com/whsy.php?p=%2Fproc%2F13796%2Fattr" "Mozilla/5.0 AppleWebKit/537.36 (KHTML, like Gecko; compatible; GPTBot/1.3; +https://openai.com/gptbot)"
74.7.243.216 - - [01/Mar/2026:13:43:35 +0000] "GET /whsy.php?e=limits&p=%2Fproc%2F12054 HTTP/2.0" 200 830 "https://23rdbank.com/whsy.php?p=%2Fproc%2F12054" "Mozilla/5.0 AppleWebKit/537.36 (KHTML, like Gecko; compatible; GPTBot/1.3; +https://openai.com/gptbot)"
74.7.241.39 - - [01/Mar/2026:13:43:37 +0000] "GET /whsy.php?p=%2Fproc%2F11953%2Fnet%2Frpc HTTP/2.0" 200 830 "https://23rdbank.com.lab2454.com/whsy.php?p=%2Fproc%2F11953%2Fnet" "Mozilla/5.0 AppleWebKit/537.36 (KHTML, like Gecko; compatible; GPTBot/1.3; +https://openai.com/gptbot)"
74.7.243.195 - - [01/Mar/2026:13:43:39 +0000] "GET /whsy.php?p=%2Fproc%2F6772 HTTP/2.0" 200 830 "https://www.23rdbank.com.lab2454.com/whsy.php?p=%2Fproc%2F16769%2F.." "Mozilla/5.0 AppleWebKit/537.36 (KHTML, like Gecko; compatible; GPTBot/1.3; +https://openai.com/gptbot)"
74.7.243.216 - - [01/Mar/2026:13:43:40 +0000] "GET /whsy.php?e=mounts&p=%2Fproc%2F12054 HTTP/2.0" 200 830 "https://23rdbank.com/whsy.php?p=%2Fproc%2F12054" "Mozilla/5.0 AppleWebKit/537.36 (KHTML, like Gecko; compatible; GPTBot/1.3; +https://openai.com/gptbot)"
74.7.241.39 - - [01/Mar/2026:13:43:42 +0000] "GET /whsy.php?p=%2Fproc%2F20784%2Fnet%2Fstat HTTP/2.0" 200 830 "https://23rdbank.com.lab2454.com/whsy.php?p=%2Fproc%2F20784%2Fnet" "Mozilla/5.0 AppleWebKit/537.36 (KHTML, like Gecko; compatible; GPTBot/1.3; +https://openai.com/gptbot)"
74.7.243.195 - - [01/Mar/2026:13:43:44 +0000] "GET /whsy.php?p=%2Fproc%2F5581 HTTP/2.0" 200 830 "https://www.23rdbank.com.lab2454.com/whsy.php?p=%2Fproc%2F9051%2F.." "Mozilla/5.0 AppleWebKit/537.36 (KHTML, like Gecko; compatible; GPTBot/1.3; +https://openai.com/gptbot)"
74.7.243.216 - - [01/Mar/2026:13:43:44 +0000] "GET /whsy.php?e=timers&p=%2Fproc%2F13854 HTTP/2.0" 200 830 "https://23rdbank.com/whsy.php?p=%2Fproc%2F13854" "Mozilla/5.0 AppleWebKit/537.36 (KHTML, like Gecko; compatible; GPTBot/1.3; +https://openai.com/gptbot)"
74.7.241.39 - - [01/Mar/2026:13:43:46 +0000] "GET /whsy.php?p=%2Fproc%2F16769%2Fnet%2Fstat HTTP/2.0" 200 820 "https://23rdbank.com.lab2454.com/whsy.php?p=%2Fproc%2F16769%2Fnet" "Mozilla/5.0 AppleWebKit/537.36 (KHTML, like Gecko; compatible; GPTBot/1.3; +https://openai.com/gptbot)"
74.7.243.195 - - [01/Mar/2026:13:43:48 +0000] "GET /whsy.php?p=%2Fproc%2F3436 HTTP/2.0" 200 830 "https://www.23rdbank.com.lab2454.com/whsy.php?p=%2Fproc%2F25929%2F.." "Mozilla/5.0 AppleWebKit/537.36 (KHTML, like Gecko; compatible; GPTBot/1.3; +https://openai.com/gptbot)"
74.7.243.216 - - [01/Mar/2026:13:43:49 +0000] "GET /whsy.php?e=mounts&p=%2Fproc%2F18173 HTTP/2.0" 200 830 "https://23rdbank.com/whsy.php?p=%2Fproc%2F18173" "Mozilla/5.0 AppleWebKit/537.36 (KHTML, like Gecko; compatible; GPTBot/1.3; +https://openai.com/gptbot)"
74.7.241.39 - - [01/Mar/2026:13:43:51 +0000] "GET /whsy.php?p=%2Fproc%2F30447%2Fnet%2Fstat HTTP/2.0" 200 830 "https://23rdbank.com.lab2454.com/whsy.php?p=%2Fproc%2F30447%2Fnet" "Mozilla/5.0 AppleWebKit/537.36 (KHTML, like Gecko; compatible; GPTBot/1.3; +https://openai.com/gptbot)"
74.7.243.195 - - [01/Mar/2026:13:43:52 +0000] "GET /whsy.php?p=%2Fproc%2F8582 HTTP/2.0" 200 830 "https://www.23rdbank.com.lab2454.com/whsy.php?p=%2Fproc%2F3823%2F.." "Mozilla/5.0 AppleWebKit/537.36 (KHTML, like Gecko; compatible; GPTBot/1.3; +https://openai.com/gptbot)"
74.7.243.216 - - [01/Mar/2026:13:43:53 +0000] "GET /whsy.php?e=syscall&p=%2Fproc%2F12054 HTTP/2.0" 200 830 "https://23rdbank.com/whsy.php?p=%2Fproc%2F12054" "Mozilla/5.0 AppleWebKit/537.36 (KHTML, like Gecko; compatible; GPTBot/1.3; +https://openai.com/gptbot)"
74.7.241.39 - - [01/Mar/2026:13:43:55 +0000] "GET /whsy.php?p=%2Fproc%2F18907%2Fnet%2Frpc HTTP/2.0" 200 861 "https://23rdbank.com.lab2454.com/whsy.php?p=%2Fproc%2F18907%2Fnet" "Mozilla/5.0 AppleWebKit/537.36 (KHTML, like Gecko; compatible; GPTBot/1.3; +https://openai.com/gptbot)"
74.7.243.195 - - [01/Mar/2026:13:43:57 +0000] "GET /whsy.php?p=%2Fproc%2F8581 HTTP/2.0" 200 830 "https://www.23rdbank.com.lab2454.com/whsy.php?p=%2Fproc%2F3823%2F.." "Mozilla/5.0 AppleWebKit/537.36 (KHTML, like Gecko; compatible; GPTBot/1.3; +https://openai.com/gptbot)"
74.7.243.216 - - [01/Mar/2026:13:43:57 +0000] "GET /whsy.php?e=pagemap&p=%2Fproc%2F18173 HTTP/2.0" 200 830 "https://23rdbank.com/whsy.php?p=%2Fproc%2F18173" "Mozilla/5.0 AppleWebKit/537.36 (KHTML, like Gecko; compatible; GPTBot/1.3; +https://openai.com/gptbot)"
74.7.241.39 - - [01/Mar/2026:13:43:59 +0000] "GET /whsy.php?p=%2Fproc%2F11953%2Fnet%2Fstat HTTP/2.0" 200 830 "https://23rdbank.com.lab2454.com/whsy.php?p=%2Fproc%2F11953%2Fnet" "Mozilla/5.0 AppleWebKit/537.36 (KHTML, like Gecko; compatible; GPTBot/1.3; +https://openai.com/gptbot)"
74.7.243.195 - - [01/Mar/2026:13:44:01 +0000] "GET /whsy.php?p=%2Fproc%2F7795 HTTP/2.0" 200 830 "https://www.23rdbank.com.lab2454.com/whsy.php?p=%2Fproc%2F16769%2F.." "Mozilla/5.0 AppleWebKit/537.36 (KHTML, like Gecko; compatible; GPTBot/1.3; +https://openai.com/gptbot)"
74.7.243.216 - - [01/Mar/2026:13:44:02 +0000] "GET /whsy.php?e=pagemap&p=%2Fproc%2F30534 HTTP/2.0" 200 1936 "https://23rdbank.com/whsy.php?p=%2Fproc%2F30534" "Mozilla/5.0 AppleWebKit/537.36 (KHTML, like Gecko; compatible; GPTBot/1.3; +https://openai.com/gptbot)"
74.7.241.39 - - [01/Mar/2026:13:44:03 +0000] "GET /whsy.php?p=%2Fproc%2F22706%2Fnet%2Fvlan HTTP/2.0" 200 830 "https://23rdbank.com.lab2454.com/whsy.php?p=%2Fproc%2F22706%2Fnet" "Mozilla/5.0 AppleWebKit/537.36 (KHTML, like Gecko; compatible; GPTBot/1.3; +https://openai.com/gptbot)"
74.7.243.195 - - [01/Mar/2026:13:44:05 +0000] "GET /whsy.php?p=%2Fproc%2F8664 HTTP/2.0" 200 830 "https://www.23rdbank.com.lab2454.com/whsy.php?p=%2Fproc%2F3823%2F.." "Mozilla/5.0 AppleWebKit/537.36 (KHTML, like Gecko; compatible; GPTBot/1.3; +https://openai.com/gptbot)"
74.7.243.216 - - [01/Mar/2026:13:44:06 +0000] "GET /whsy.php?e=smaps_rollup&p=%2Fproc%2F12054 HTTP/2.0" 200 830 "https://23rdbank.com/whsy.php?p=%2Fproc%2F12054" "Mozilla/5.0 AppleWebKit/537.36 (KHTML, like Gecko; compatible; GPTBot/1.3; +https://openai.com/gptbot)"
74.7.244.25 - - [01/Mar/2026:13:44:07 +0000] "GET /robots.txt HTTP/2.0" 404 - "-" "Mozilla/5.0 (Macintosh; Intel Mac OS X 10_15_7) AppleWebKit/537.36 (KHTML, like Gecko) Chrome/131.0.0.0 Safari/537.36; compatible; OAI-SearchBot/1.3; robots.txt; +https://openai.com/searchbot"
74.7.241.39 - - [01/Mar/2026:13:44:08 +0000] "GET /whsy.php?p=%2Fproc%2F13796%2Fnet%2Fsctp HTTP/2.0" 200 830 "https://23rdbank.com.lab2454.com/whsy.php?p=%2Fproc%2F13796%2Fnet" "Mozilla/5.0 AppleWebKit/537.36 (KHTML, like Gecko; compatible; GPTBot/1.3; +https://openai.com/gptbot)"
74.7.243.195 - - [01/Mar/2026:13:44:10 +0000] "GET /whsy.php?p=%2Fproc%2F3283 HTTP/2.0" 200 830 "https://www.23rdbank.com.lab2454.com/whsy.php?p=%2Fproc%2F26917%2F.." "Mozilla/5.0 AppleWebKit/537.36 (KHTML, like Gecko; compatible; GPTBot/1.3; +https://openai.com/gptbot)"
74.7.243.216 - - [01/Mar/2026:13:44:11 +0000] "GET /whsy.php?e=smaps_rollup&p=%2Fproc%2F15331 HTTP/2.0" 200 2120 "https://23rdbank.com/whsy.php?p=%2Fproc%2F15331" "Mozilla/5.0 AppleWebKit/537.36 (KHTML, like Gecko; compatible; GPTBot/1.3; +https://openai.com/gptbot)"
74.7.241.39 - - [01/Mar/2026:13:44:13 +0000] "GET /whsy.php?p=%2Fproc%2F13484%2Fnet%2Fstat HTTP/2.0" 200 830 "https://23rdbank.com.lab2454.com/whsy.php?p=%2Fproc%2F13484%2Fnet" "Mozilla/5.0 AppleWebKit/537.36 (KHTML, like Gecko; compatible; GPTBot/1.3; +https://openai.com/gptbot)"
74.7.243.195 - - [01/Mar/2026:13:44:14 +0000] "GET /whsy.php?p=%2Fproc%2F3086 HTTP/2.0" 200 1935 "https://www.23rdbank.com.lab2454.com/whsy.php?p=%2Fproc%2F9051%2F.." "Mozilla/5.0 AppleWebKit/537.36 (KHTML, like Gecko; compatible; GPTBot/1.3; +https://openai.com/gptbot)"
74.7.243.216 - - [01/Mar/2026:13:44:15 +0000] "GET /whsy.php?e=cmdline&p=%2Fproc%2F22253 HTTP/2.0" 200 830 "https://23rdbank.com/whsy.php?p=%2Fproc%2F22253" "Mozilla/5.0 AppleWebKit/537.36 (KHTML, like Gecko; compatible; GPTBot/1.3; +https://openai.com/gptbot)"
74.7.241.39 - - [01/Mar/2026:13:44:17 +0000] "GET /whsy.php?p=%2Fproc%2F13484%2Fnet%2Frpc HTTP/2.0" 200 830 "https://23rdbank.com.lab2454.com/whsy.php?p=%2Fproc%2F13484%2Fnet" "Mozilla/5.0 AppleWebKit/537.36 (KHTML, like Gecko; compatible; GPTBot/1.3; +https://openai.com/gptbot)"
74.7.243.195 - - [01/Mar/2026:13:44:19 +0000] "GET /whsy.php?p=%2Fproc%2F8663 HTTP/2.0" 200 830 "https://www.23rdbank.com.lab2454.com/whsy.php?p=%2Fproc%2F3823%2F.." "Mozilla/5.0 AppleWebKit/537.36 (KHTML, like Gecko; compatible; GPTBot/1.3; +https://openai.com/gptbot)"
74.7.243.216 - - [01/Mar/2026:13:44:20 +0000] "GET /whsy.php?e=cmdline&p=%2Fproc%2F22254 HTTP/2.0" 200 830 "https://23rdbank.com/whsy.php?p=%2Fproc%2F22254" "Mozilla/5.0 AppleWebKit/537.36 (KHTML, like Gecko; compatible; GPTBot/1.3; +https://openai.com/gptbot)"
74.7.241.39 - - [01/Mar/2026:13:44:21 +0000] "GET /whsy.php?p=%2Fproc%2F23081%2Fnet%2Fstat HTTP/2.0" 200 830 "https://23rdbank.com.lab2454.com/whsy.php?p=%2Fproc%2F23081%2Fnet" "Mozilla/5.0 AppleWebKit/537.36 (KHTML, like Gecko; compatible; GPTBot/1.3; +https://openai.com/gptbot)"
74.7.243.195 - - [01/Mar/2026:13:44:23 +0000] "GET /whsy.php?p=%2Fproc%2F5201 HTTP/2.0" 200 830 "https://www.23rdbank.com.lab2454.com/whsy.php?p=%2Fproc%2F26917%2F.." "Mozilla/5.0 AppleWebKit/537.36 (KHTML, like Gecko; compatible; GPTBot/1.3; +https://openai.com/gptbot)"
74.7.243.216 - - [01/Mar/2026:13:44:24 +0000] "GET /whsy.php?e=smaps_rollup&p=%2Fproc%2F10008 HTTP/2.0" 200 830 "https://23rdbank.com/whsy.php?p=%2Fproc%2F10008" "Mozilla/5.0 AppleWebKit/537.36 (KHTML, like Gecko; compatible; GPTBot/1.3; +https://openai.com/gptbot)"
74.7.241.39 - - [01/Mar/2026:13:44:26 +0000] "GET /whsy.php?p=%2Fproc%2F12635%2Fnet%2Fstat HTTP/2.0" 200 830 "https://23rdbank.com.lab2454.com/whsy.php?p=%2Fproc%2F12635%2Fnet" "Mozilla/5.0 AppleWebKit/537.36 (KHTML, like Gecko; compatible; GPTBot/1.3; +https://openai.com/gptbot)"
74.7.243.195 - - [01/Mar/2026:13:44:28 +0000] "GET /whsy.php?p=%2Fproc%2F2053 HTTP/2.0" 200 830 "https://www.23rdbank.com.lab2454.com/whsy.php?p=%2Fproc%2F25929%2F.." "Mozilla/5.0 AppleWebKit/537.36 (KHTML, like Gecko; compatible; GPTBot/1.3; +https://openai.com/gptbot)"
74.7.243.216 - - [01/Mar/2026:13:44:29 +0000] "GET /whsy.php?e=timens_offsets&p=%2Fproc%2F22254 HTTP/2.0" 200 830 "https://23rdbank.com/whsy.php?p=%2Fproc%2F22254" "Mozilla/5.0 AppleWebKit/537.36 (KHTML, like Gecko; compatible; GPTBot/1.3; +https://openai.com/gptbot)"
74.7.241.39 - - [01/Mar/2026:13:44:30 +0000] "GET /whsy.php?p=%2Fproc%2F11330%2Fnet%2Fstat HTTP/2.0" 200 830 "https://23rdbank.com.lab2454.com/whsy.php?p=%2Fproc%2F11330%2Fnet" "Mozilla/5.0 AppleWebKit/537.36 (KHTML, like Gecko; compatible; GPTBot/1.3; +https://openai.com/gptbot)"
74.7.243.195 - - [01/Mar/2026:13:44:32 +0000] "GET /whsy.php?p=%2Fproc%2F7800 HTTP/2.0" 200 830 "https://www.23rdbank.com.lab2454.com/whsy.php?p=%2Fproc%2F9051%2F.." "Mozilla/5.0 AppleWebKit/537.36 (KHTML, like Gecko; compatible; GPTBot/1.3; +https://openai.com/gptbot)"
74.7.243.216 - - [01/Mar/2026:13:44:34 +0000] "GET /whsy.php?e=timens_offsets&p=%2Fproc%2F22253 HTTP/2.0" 200 830 "https://23rdbank.com/whsy.php?p=%2Fproc%2F22253" "Mozilla/5.0 AppleWebKit/537.36 (KHTML, like Gecko; compatible; GPTBot/1.3; +https://openai.com/gptbot)"
74.7.241.39 - - [01/Mar/2026:13:44:35 +0000] "GET /whsy.php?p=%2Fproc%2F27716%2Fnet%2Fstat HTTP/2.0" 200 830 "https://23rdbank.com.lab2454.com/whsy.php?p=%2Fproc%2F27716%2Fnet" "Mozilla/5.0 AppleWebKit/537.36 (KHTML, like Gecko; compatible; GPTBot/1.3; +https://openai.com/gptbot)"
74.7.243.195 - - [01/Mar/2026:13:44:37 +0000] "GET /whsy.php?p=%2Fproc%2F3178 HTTP/2.0" 200 830 "https://www.23rdbank.com.lab2454.com/whsy.php?p=%2Fproc%2F9051%2F.." "Mozilla/5.0 AppleWebKit/537.36 (KHTML, like Gecko; compatible; GPTBot/1.3; +https://openai.com/gptbot)"
74.7.243.216 - - [01/Mar/2026:13:44:38 +0000] "GET /whsy.php?e=wchan&p=%2Fproc%2F10008 HTTP/2.0" 200 830 "https://23rdbank.com/whsy.php?p=%2Fproc%2F10008" "Mozilla/5.0 AppleWebKit/537.36 (KHTML, like Gecko; compatible; GPTBot/1.3; +https://openai.com/gptbot)"
74.7.241.39 - - [01/Mar/2026:13:44:40 +0000] "GET /whsy.php?p=%2Fproc%2F21248%2Fnet%2Fvlan HTTP/2.0" 200 830 "https://23rdbank.com.lab2454.com/whsy.php?p=%2Fproc%2F21248%2Fnet" "Mozilla/5.0 AppleWebKit/537.36 (KHTML, like Gecko; compatible; GPTBot/1.3; +https://openai.com/gptbot)"
74.7.243.195 - - [01/Mar/2026:13:44:42 +0000] "GET /whsy.php?p=%2Fproc%2F8580 HTTP/2.0" 200 830 "https://www.23rdbank.com.lab2454.com/whsy.php?p=%2Fproc%2F3823%2F.." "Mozilla/5.0 AppleWebKit/537.36 (KHTML, like Gecko; compatible; GPTBot/1.3; +https://openai.com/gptbot)"
74.7.243.216 - - [01/Mar/2026:13:44:43 +0000] "GET /whsy.php?e=io&p=%2Fproc%2F18173 HTTP/2.0" 200 830 "https://23rdbank.com/whsy.php?p=%2Fproc%2F18173" "Mozilla/5.0 AppleWebKit/537.36 (KHTML, like Gecko; compatible; GPTBot/1.3; +https://openai.com/gptbot)"
74.7.241.39 - - [01/Mar/2026:13:44:45 +0000] "GET /whsy.php?p=%2Fproc%2F18907%2Fnet%2Frpc%2Fnfsd.export HTTP/2.0" 200 742 "https://23rdbank.com.lab2454.com/whsy.php?p=%2Fproc%2F18907%2Fnet%2Frpc" "Mozilla/5.0 AppleWebKit/537.36 (KHTML, like Gecko; compatible; GPTBot/1.3; +https://openai.com/gptbot)"
74.7.243.195 - - [01/Mar/2026:13:44:46 +0000] "GET /whsy.php?p=%2Fproc%2F2654 HTTP/2.0" 200 830 "https://www.23rdbank.com.lab2454.com/whsy.php?p=%2Fproc%2F26917%2F.." "Mozilla/5.0 AppleWebKit/537.36 (KHTML, like Gecko; compatible; GPTBot/1.3; +https://openai.com/gptbot)"
74.7.243.216 - - [01/Mar/2026:13:44:47 +0000] "GET /whsy.php?e=io&p=%2Fproc%2F30534 HTTP/2.0" 200 1936 "https://23rdbank.com/whsy.php?p=%2Fproc%2F30534" "Mozilla/5.0 AppleWebKit/537.36 (KHTML, like Gecko; compatible; GPTBot/1.3; +https://openai.com/gptbot)"
74.7.241.39 - - [01/Mar/2026:13:44:49 +0000] "GET /whsy.php?p=%2Fproc%2F18907%2Fnet%2Frpc%2Fauth.unix.gid HTTP/2.0" 200 746 "https://23rdbank.com.lab2454.com/whsy.php?p=%2Fproc%2F18907%2Fnet%2Frpc" "Mozilla/5.0 AppleWebKit/537.36 (KHTML, like Gecko; compatible; GPTBot/1.3; +https://openai.com/gptbot)"
74.7.243.195 - - [01/Mar/2026:13:44:51 +0000] "GET /whsy.php?p=%2Fproc%2F7965 HTTP/2.0" 200 830 "https://www.23rdbank.com.lab2454.com/whsy.php?p=%2Fproc%2F25929%2F.." "Mozilla/5.0 AppleWebKit/537.36 (KHTML, like Gecko; compatible; GPTBot/1.3; +https://openai.com/gptbot)"
74.7.243.216 - - [01/Mar/2026:13:44:52 +0000] "GET /whsy.php?e=io&p=%2Fproc%2F12054 HTTP/2.0" 200 830 "https://23rdbank.com/whsy.php?p=%2Fproc%2F12054" "Mozilla/5.0 AppleWebKit/537.36 (KHTML, like Gecko; compatible; GPTBot/1.3; +https://openai.com/gptbot)"
74.7.241.39 - - [01/Mar/2026:13:44:53 +0000] "GET /whsy.php?p=%2Fproc%2F18907%2Fnet%2Frpc%2Fnfs4.idtoname HTTP/2.0" 200 743 "https://23rdbank.com.lab2454.com/whsy.php?p=%2Fproc%2F18907%2Fnet%2Frpc" "Mozilla/5.0 AppleWebKit/537.36 (KHTML, like Gecko; compatible; GPTBot/1.3; +https://openai.com/gptbot)"
74.7.243.195 - - [01/Mar/2026:13:44:55 +0000] "GET /whsy.php?p=%2Fproc%2F5299 HTTP/2.0" 200 830 "https://www.23rdbank.com.lab2454.com/whsy.php?p=%2Fproc%2F16769%2F.." "Mozilla/5.0 AppleWebKit/537.36 (KHTML, like Gecko; compatible; GPTBot/1.3; +https://openai.com/gptbot)"
74.7.243.216 - - [01/Mar/2026:13:44:56 +0000] "GET /whsy.php?e=pagemap&p=%2Fproc%2F12054 HTTP/2.0" 200 830 "https://23rdbank.com/whsy.php?p=%2Fproc%2F12054" "Mozilla/5.0 AppleWebKit/537.36 (KHTML, like Gecko; compatible; GPTBot/1.3; +https://openai.com/gptbot)"
74.7.241.39 - - [01/Mar/2026:13:44:58 +0000] "GET /whsy.php?p=%2Fproc%2F18907%2Fnet%2Frpc%2Fnfs4.nametoid HTTP/2.0" 200 743 "https://23rdbank.com.lab2454.com/whsy.php?p=%2Fproc%2F18907%2Fnet%2Frpc" "Mozilla/5.0 AppleWebKit/537.36 (KHTML, like Gecko; compatible; GPTBot/1.3; +https://openai.com/gptbot)"
74.7.243.195 - - [01/Mar/2026:13:44:59 +0000] "GET /whsy.php?p=%2Fproc%2F1645 HTTP/2.0" 200 830 "https://www.23rdbank.com.lab2454.com/whsy.php?p=%2Fproc%2F26675%2F.." "Mozilla/5.0 AppleWebKit/537.36 (KHTML, like Gecko; compatible; GPTBot/1.3; +https://openai.com/gptbot)"
74.7.243.216 - - [01/Mar/2026:13:45:00 +0000] "GET /whsy.php?e=syscall&p=%2Fproc%2F15331 HTTP/2.0" 200 1936 "https://23rdbank.com/whsy.php?p=%2Fproc%2F15331" "Mozilla/5.0 AppleWebKit/537.36 (KHTML, like Gecko; compatible; GPTBot/1.3; +https://openai.com/gptbot)"
74.7.241.39 - - [01/Mar/2026:13:45:02 +0000] "GET /whsy.php?p=%2Fproc%2F18907%2Fnet%2Frpc%2Fauth.rpcsec.context HTTP/2.0" 200 718 "https://23rdbank.com.lab2454.com/whsy.php?p=%2Fproc%2F18907%2Fnet%2Frpc" "Mozilla/5.0 AppleWebKit/537.36 (KHTML, like Gecko; compatible; GPTBot/1.3; +https://openai.com/gptbot)"
74.7.243.195 - - [01/Mar/2026:13:45:04 +0000] "GET /whsy.php?e=auxv&p=%2Fproc%2F3086 HTTP/2.0" 200 1935 "https://www.23rdbank.com.lab2454.com/whsy.php?p=%2Fproc%2F3086" "Mozilla/5.0 AppleWebKit/537.36 (KHTML, like Gecko; compatible; GPTBot/1.3; +https://openai.com/gptbot)"
74.7.243.216 - - [01/Mar/2026:13:45:05 +0000] "GET /whsy.php?e=personality&p=%2Fproc%2F22253 HTTP/2.0" 200 830 "https://23rdbank.com/whsy.php?p=%2Fproc%2F22253" "Mozilla/5.0 AppleWebKit/537.36 (KHTML, like Gecko; compatible; GPTBot/1.3; +https://openai.com/gptbot)"
74.7.241.39 - - [01/Mar/2026:13:45:06 +0000] "GET /whsy.php?p=%2Fproc%2F18907%2Fnet%2Frpc%2Fauth.rpcsec.init HTTP/2.0" 200 716 "https://23rdbank.com.lab2454.com/whsy.php?p=%2Fproc%2F18907%2Fnet%2Frpc" "Mozilla/5.0 AppleWebKit/537.36 (KHTML, like Gecko; compatible; GPTBot/1.3; +https://openai.com/gptbot)"
74.7.243.195 - - [01/Mar/2026:13:45:08 +0000] "GET /whsy.php?e=stat&p=%2Fproc%2F3086 HTTP/2.0" 200 2109 "https://www.23rdbank.com.lab2454.com/whsy.php?p=%2Fproc%2F3086" "Mozilla/5.0 AppleWebKit/537.36 (KHTML, like Gecko; compatible; GPTBot/1.3; +https://openai.com/gptbot)"
74.7.243.216 - - [01/Mar/2026:13:45:09 +0000] "GET /whsy.php?e=personality&p=%2Fproc%2F22254 HTTP/2.0" 200 830 "https://23rdbank.com/whsy.php?p=%2Fproc%2F22254" "Mozilla/5.0 AppleWebKit/537.36 (KHTML, like Gecko; compatible; GPTBot/1.3; +https://openai.com/gptbot)"
74.7.241.39 - - [01/Mar/2026:13:45:11 +0000] "GET /whsy.php?p=%2Fproc%2F18907%2Fnet%2Frpc%2Fauth.unix.ip HTTP/2.0" 200 745 "https://23rdbank.com.lab2454.com/whsy.php?p=%2Fproc%2F18907%2Fnet%2Frpc" "Mozilla/5.0 AppleWebKit/537.36 (KHTML, like Gecko; compatible; GPTBot/1.3; +https://openai.com/gptbot)"
74.7.243.195 - - [01/Mar/2026:13:45:13 +0000] "GET /whsy.php?e=gid_map&p=%2Fproc%2F3086 HTTP/2.0" 200 2023 "https://www.23rdbank.com.lab2454.com/whsy.php?p=%2Fproc%2F3086" "Mozilla/5.0 AppleWebKit/537.36 (KHTML, like Gecko; compatible; GPTBot/1.3; +https://openai.com/gptbot)"
74.7.243.216 - - [01/Mar/2026:13:45:14 +0000] "GET /whsy.php?e=pagemap&p=%2Fproc%2F15331 HTTP/2.0" 200 1936 "https://23rdbank.com/whsy.php?p=%2Fproc%2F15331" "Mozilla/5.0 AppleWebKit/537.36 (KHTML, like Gecko; compatible; GPTBot/1.3; +https://openai.com/gptbot)"
74.7.241.39 - - [01/Mar/2026:13:45:16 +0000] "GET /whsy.php?p=%2Fproc%2F18907%2Fnet%2Frpc%2Fnfsd.fh HTTP/2.0" 200 740 "https://23rdbank.com.lab2454.com/whsy.php?p=%2Fproc%2F18907%2Fnet%2Frpc" "Mozilla/5.0 AppleWebKit/537.36 (KHTML, like Gecko; compatible; GPTBot/1.3; +https://openai.com/gptbot)"
74.7.243.195 - - [01/Mar/2026:13:45:18 +0000] "GET /whsy.php?e=uid_map&p=%2Fproc%2F3086 HTTP/2.0" 200 2019 "https://www.23rdbank.com.lab2454.com/whsy.php?p=%2Fproc%2F3086" "Mozilla/5.0 AppleWebKit/537.36 (KHTML, like Gecko; compatible; GPTBot/1.3; +https://openai.com/gptbot)"
74.7.243.216 - - [01/Mar/2026:13:45:19 +0000] "GET /whsy.php?e=syscall&p=%2Fproc%2F10008 HTTP/2.0" 200 830 "https://23rdbank.com/whsy.php?p=%2Fproc%2F10008" "Mozilla/5.0 AppleWebKit/537.36 (KHTML, like Gecko; compatible; GPTBot/1.3; +https://openai.com/gptbot)"
74.7.241.39 - - [01/Mar/2026:13:45:21 +0000] "GET /whsy.php?p=%2Fproc%2F18867%2Fnet%2Frpc HTTP/2.0" 200 830 "https://23rdbank.com.lab2454.com/whsy.php?p=%2Fproc%2F18867%2Fnet" "Mozilla/5.0 AppleWebKit/537.36 (KHTML, like Gecko; compatible; GPTBot/1.3; +https://openai.com/gptbot)"
74.7.243.195 - - [01/Mar/2026:13:45:22 +0000] "GET /whsy.php?e=timerslack_ns&p=%2Fproc%2F3086 HTTP/2.0" 200 2005 "https://www.23rdbank.com.lab2454.com/whsy.php?p=%2Fproc%2F3086" "Mozilla/5.0 AppleWebKit/537.36 (KHTML, like Gecko; compatible; GPTBot/1.3; +https://openai.com/gptbot)"
74.7.243.216 - - [01/Mar/2026:13:45:23 +0000] "GET /whsy.php?e=limits&p=%2Fproc%2F13854 HTTP/2.0" 200 830 "https://23rdbank.com/whsy.php?p=%2Fproc%2F13854" "Mozilla/5.0 AppleWebKit/537.36 (KHTML, like Gecko; compatible; GPTBot/1.3; +https://openai.com/gptbot)"
74.7.241.39 - - [01/Mar/2026:13:45:25 +0000] "GET /whsy.php?p=%2Fproc%2F13484%2Fnet%2Fsctp HTTP/2.0" 200 830 "https://23rdbank.com.lab2454.com/whsy.php?p=%2Fproc%2F13484%2Fnet" "Mozilla/5.0 AppleWebKit/537.36 (KHTML, like Gecko; compatible; GPTBot/1.3; +https://openai.com/gptbot)"
74.7.243.195 - - [01/Mar/2026:13:45:27 +0000] "GET /whsy.php?e=oom_adj&p=%2Fproc%2F3086 HTTP/2.0" 200 2005 "https://www.23rdbank.com.lab2454.com/whsy.php?p=%2Fproc%2F3086" "Mozilla/5.0 AppleWebKit/537.36 (KHTML, like Gecko; compatible; GPTBot/1.3; +https://openai.com/gptbot)"
74.7.243.216 - - [01/Mar/2026:13:45:28 +0000] "GET /whsy.php?e=mounts&p=%2Fproc%2F13854 HTTP/2.0" 200 830 "https://23rdbank.com/whsy.php?p=%2Fproc%2F13854" "Mozilla/5.0 AppleWebKit/537.36 (KHTML, like Gecko; compatible; GPTBot/1.3; +https://openai.com/gptbot)"
74.7.241.39 - - [01/Mar/2026:13:45:30 +0000] "GET /whsy.php?p=%2Fproc%2F30447%2Fnet%2Fsctp HTTP/2.0" 200 830 "https://23rdbank.com.lab2454.com/whsy.php?p=%2Fproc%2F30447%2Fnet" "Mozilla/5.0 AppleWebKit/537.36 (KHTML, like Gecko; compatible; GPTBot/1.3; +https://openai.com/gptbot)"
74.7.243.195 - - [01/Mar/2026:13:45:31 +0000] "GET /whsy.php?e=maps&p=%2Fproc%2F3086 HTTP/2.0" 200 2116 "https://www.23rdbank.com.lab2454.com/whsy.php?p=%2Fproc%2F3086" "Mozilla/5.0 AppleWebKit/537.36 (KHTML, like Gecko; compatible; GPTBot/1.3; +https://openai.com/gptbot)"
74.7.243.216 - - [01/Mar/2026:13:45:32 +0000] "GET /whsy.php?e=comm&p=%2Fproc%2F12054 HTTP/2.0" 200 830 "https://23rdbank.com/whsy.php?p=%2Fproc%2F12054" "Mozilla/5.0 AppleWebKit/537.36 (KHTML, like Gecko; compatible; GPTBot/1.3; +https://openai.com/gptbot)"
74.7.241.39 - - [01/Mar/2026:13:45:34 +0000] "GET /whsy.php?p=%2Fproc%2F18867%2Fnet%2Fsctp HTTP/2.0" 200 830 "https://23rdbank.com.lab2454.com/whsy.php?p=%2Fproc%2F18867%2Fnet" "Mozilla/5.0 AppleWebKit/537.36 (KHTML, like Gecko; compatible; GPTBot/1.3; +https://openai.com/gptbot)"
74.7.243.195 - - [01/Mar/2026:13:45:35 +0000] "GET /whsy.php?e=oom_score_adj&p=%2Fproc%2F3086 HTTP/2.0" 200 2006 "https://www.23rdbank.com.lab2454.com/whsy.php?p=%2Fproc%2F3086" "Mozilla/5.0 AppleWebKit/537.36 (KHTML, like Gecko; compatible; GPTBot/1.3; +https://openai.com/gptbot)"
74.7.243.216 - - [01/Mar/2026:13:45:36 +0000] "GET /whsy.php?e=root&p=%2Fproc%2F18173 HTTP/2.0" 200 830 "https://23rdbank.com/whsy.php?p=%2Fproc%2F18173" "Mozilla/5.0 AppleWebKit/537.36 (KHTML, like Gecko; compatible; GPTBot/1.3; +https://openai.com/gptbot)"
74.7.241.39 - - [01/Mar/2026:13:45:38 +0000] "GET /whsy.php?p=%2Fproc%2F26918%2Fnet%2Fstat HTTP/2.0" 200 820 "https://23rdbank.com.lab2454.com/whsy.php?p=%2Fproc%2F26918%2Fnet" "Mozilla/5.0 AppleWebKit/537.36 (KHTML, like Gecko; compatible; GPTBot/1.3; +https://openai.com/gptbot)"
74.7.243.195 - - [01/Mar/2026:13:45:40 +0000] "GET /whsy.php?e=mounts&p=%2Fproc%2F3086 HTTP/2.0" 200 2675 "https://www.23rdbank.com.lab2454.com/whsy.php?p=%2Fproc%2F3086" "Mozilla/5.0 AppleWebKit/537.36 (KHTML, like Gecko; compatible; GPTBot/1.3; +https://openai.com/gptbot)"
74.7.243.216 - - [01/Mar/2026:13:45:41 +0000] "GET /whsy.php?e=maps&p=%2Fproc%2F12054 HTTP/2.0" 200 830 "https://23rdbank.com/whsy.php?p=%2Fproc%2F12054" "Mozilla/5.0 AppleWebKit/537.36 (KHTML, like Gecko; compatible; GPTBot/1.3; +https://openai.com/gptbot)"
74.7.241.39 - - [01/Mar/2026:13:45:42 +0000] "GET /whsy.php?p=%2Fproc%2F18907%2Fnet%2Frpc%2Fnfs4.idtoname%2F.. HTTP/2.0" 200 861 "https://23rdbank.com.lab2454.com/whsy.php?p=%2Fproc%2F18907%2Fnet%2Frpc%2Fnfs4.idtoname" "Mozilla/5.0 AppleWebKit/537.36 (KHTML, like Gecko; compatible; GPTBot/1.3; +https://openai.com/gptbot)"
74.7.243.195 - - [01/Mar/2026:13:45:44 +0000] "GET /whsy.php?e=limits&p=%2Fproc%2F3086 HTTP/2.0" 200 2251 "https://www.23rdbank.com.lab2454.com/whsy.php?p=%2Fproc%2F3086" "Mozilla/5.0 AppleWebKit/537.36 (KHTML, like Gecko; compatible; GPTBot/1.3; +https://openai.com/gptbot)"
74.7.243.216 - - [01/Mar/2026:13:45:45 +0000] "GET /whsy.php?e=root&p=%2Fproc%2F30534 HTTP/2.0" 200 1936 "https://23rdbank.com/whsy.php?p=%2Fproc%2F30534" "Mozilla/5.0 AppleWebKit/537.36 (KHTML, like Gecko; compatible; GPTBot/1.3; +https://openai.com/gptbot)"
74.7.241.39 - - [01/Mar/2026:13:45:47 +0000] "GET /whsy.php?p=%2Fproc%2F18907%2Fnet%2Frpc%2Fnfs4.nametoid%2F.. HTTP/2.0" 200 861 "https://23rdbank.com.lab2454.com/whsy.php?p=%2Fproc%2F18907%2Fnet%2Frpc%2Fnfs4.nametoid" "Mozilla/5.0 AppleWebKit/537.36 (KHTML, like Gecko; compatible; GPTBot/1.3; +https://openai.com/gptbot)"
74.7.243.195 - - [01/Mar/2026:13:45:49 +0000] "GET /whsy.php?e=coredump_filter&p=%2Fproc%2F3086 HTTP/2.0" 200 2006 "https://www.23rdbank.com.lab2454.com/whsy.php?p=%2Fproc%2F3086" "Mozilla/5.0 AppleWebKit/537.36 (KHTML, like Gecko; compatible; GPTBot/1.3; +https://openai.com/gptbot)"
74.7.243.216 - - [01/Mar/2026:13:45:50 +0000] "GET /whsy.php?e=mountstats&p=%2Fproc%2F10008 HTTP/2.0" 200 830 "https://23rdbank.com/whsy.php?p=%2Fproc%2F10008" "Mozilla/5.0 AppleWebKit/537.36 (KHTML, like Gecko; compatible; GPTBot/1.3; +https://openai.com/gptbot)"
74.7.241.39 - - [01/Mar/2026:13:45:52 +0000] "GET /whsy.php?p=%2Fproc%2F18907%2Fnet%2Frpc%2Fauth.rpcsec.context%2F.. HTTP/2.0" 200 861 "https://23rdbank.com.lab2454.com/whsy.php?p=%2Fproc%2F18907%2Fnet%2Frpc%2Fauth.rpcsec.context" "Mozilla/5.0 AppleWebKit/537.36 (KHTML, like Gecko; compatible; GPTBot/1.3; +https://openai.com/gptbot)"
74.7.243.195 - - [01/Mar/2026:13:45:53 +0000] "GET /whsy.php?e=timers&p=%2Fproc%2F3086 HTTP/2.0" 200 2002 "https://www.23rdbank.com.lab2454.com/whsy.php?p=%2Fproc%2F3086" "Mozilla/5.0 AppleWebKit/537.36 (KHTML, like Gecko; compatible; GPTBot/1.3; +https://openai.com/gptbot)"
74.7.243.216 - - [01/Mar/2026:13:45:54 +0000] "GET /whsy.php?e=cpuset&p=%2Fproc%2F15331 HTTP/2.0" 200 2006 "https://23rdbank.com/whsy.php?p=%2Fproc%2F15331" "Mozilla/5.0 AppleWebKit/537.36 (KHTML, like Gecko; compatible; GPTBot/1.3; +https://openai.com/gptbot)"
74.7.241.39 - - [01/Mar/2026:13:45:56 +0000] "GET /whsy.php?p=%2Fproc%2F30447%2Fnet%2Frpc HTTP/2.0" 200 830 "https://23rdbank.com.lab2454.com/whsy.php?p=%2Fproc%2F30447%2Fnet" "Mozilla/5.0 AppleWebKit/537.36 (KHTML, like Gecko; compatible; GPTBot/1.3; +https://openai.com/gptbot)"
74.7.243.195 - - [01/Mar/2026:13:45:58 +0000] "GET /whsy.php?e=status&p=%2Fproc%2F3086 HTTP/2.0" 200 2546 "https://www.23rdbank.com.lab2454.com/whsy.php?p=%2Fproc%2F3086" "Mozilla/5.0 AppleWebKit/537.36 (KHTML, like Gecko; compatible; GPTBot/1.3; +https://openai.com/gptbot)"
74.7.243.216 - - [01/Mar/2026:13:45:59 +0000] "GET /whsy.php?e=cgroup&p=%2Fproc%2F15331 HTTP/2.0" 200 2139 "https://23rdbank.com/whsy.php?p=%2Fproc%2F15331" "Mozilla/5.0 AppleWebKit/537.36 (KHTML, like Gecko; compatible; GPTBot/1.3; +https://openai.com/gptbot)"
74.7.241.39 - - [01/Mar/2026:13:46:01 +0000] "GET /whsy.php?p=%2Fproc%2F16769%2Fnet%2Fsctp HTTP/2.0" 200 752 "https://23rdbank.com.lab2454.com/whsy.php?p=%2Fproc%2F16769%2Fnet" "Mozilla/5.0 AppleWebKit/537.36 (KHTML, like Gecko; compatible; GPTBot/1.3; +https://openai.com/gptbot)"
74.7.243.195 - - [01/Mar/2026:13:46:02 +0000] "GET /whsy.php?e=ksm_stat&p=%2Fproc%2F3086 HTTP/2.0" 200 1935 "https://www.23rdbank.com.lab2454.com/whsy.php?p=%2Fproc%2F3086" "Mozilla/5.0 AppleWebKit/537.36 (KHTML, like Gecko; compatible; GPTBot/1.3; +https://openai.com/gptbot)"
74.7.243.216 - - [01/Mar/2026:13:46:03 +0000] "GET /whsy.php?e=mounts&p=%2Fproc%2F22253 HTTP/2.0" 200 830 "https://23rdbank.com/whsy.php?p=%2Fproc%2F22253" "Mozilla/5.0 AppleWebKit/537.36 (KHTML, like Gecko; compatible; GPTBot/1.3; +https://openai.com/gptbot)"
74.7.241.39 - - [01/Mar/2026:13:46:05 +0000] "GET /whsy.php?p=%2Fproc%2F21250%2Fnet%2Fvlan HTTP/2.0" 200 830 "https://23rdbank.com.lab2454.com/whsy.php?p=%2Fproc%2F21250%2Fnet" "Mozilla/5.0 AppleWebKit/537.36 (KHTML, like Gecko; compatible; GPTBot/1.3; +https://openai.com/gptbot)"
74.7.243.195 - - [01/Mar/2026:13:46:07 +0000] "GET /whsy.php?p=%2Fproc%2F3086%2Fattr HTTP/2.0" 200 799 "https://www.23rdbank.com.lab2454.com/whsy.php?p=%2Fproc%2F3086" "Mozilla/5.0 AppleWebKit/537.36 (KHTML, like Gecko; compatible; GPTBot/1.3; +https://openai.com/gptbot)"
74.7.243.216 - - [01/Mar/2026:13:46:08 +0000] "GET /whsy.php?e=limits&p=%2Fproc%2F22254 HTTP/2.0" 200 830 "https://23rdbank.com/whsy.php?p=%2Fproc%2F22254" "Mozilla/5.0 AppleWebKit/537.36 (KHTML, like Gecko; compatible; GPTBot/1.3; +https://openai.com/gptbot)"
74.7.241.39 - - [01/Mar/2026:13:46:10 +0000] "GET /whsy.php?p=%2Fproc%2F18632%2Fnet%2Fstat HTTP/2.0" 200 820 "https://23rdbank.com.lab2454.com/whsy.php?p=%2Fproc%2F18632%2Fnet" "Mozilla/5.0 AppleWebKit/537.36 (KHTML, like Gecko; compatible; GPTBot/1.3; +https://openai.com/gptbot)"
74.7.243.195 - - [01/Mar/2026:13:46:11 +0000] "GET /whsy.php?p=%2Fproc%2F3086%2Ftask HTTP/2.0" 200 489 "https://www.23rdbank.com.lab2454.com/whsy.php?p=%2Fproc%2F3086" "Mozilla/5.0 AppleWebKit/537.36 (KHTML, like Gecko; compatible; GPTBot/1.3; +https://openai.com/gptbot)"
74.7.243.216 - - [01/Mar/2026:13:46:12 +0000] "GET /whsy.php?e=mounts&p=%2Fproc%2F22254 HTTP/2.0" 200 830 "https://23rdbank.com/whsy.php?p=%2Fproc%2F22254" "Mozilla/5.0 AppleWebKit/537.36 (KHTML, like Gecko; compatible; GPTBot/1.3; +https://openai.com/gptbot)"
74.7.241.39 - - [01/Mar/2026:13:46:14 +0000] "GET /whsy.php?p=%2Fproc%2F16231%2Fnet%2Fstat HTTP/2.0" 200 830 "https://23rdbank.com.lab2454.com/whsy.php?p=%2Fproc%2F16231%2Fnet" "Mozilla/5.0 AppleWebKit/537.36 (KHTML, like Gecko; compatible; GPTBot/1.3; +https://openai.com/gptbot)"
74.7.243.195 - - [01/Mar/2026:13:46:16 +0000] "GET /whsy.php?e=cgroup&p=%2Fproc%2F3086 HTTP/2.0" 200 2137 "https://www.23rdbank.com.lab2454.com/whsy.php?p=%2Fproc%2F3086" "Mozilla/5.0 AppleWebKit/537.36 (KHTML, like Gecko; compatible; GPTBot/1.3; +https://openai.com/gptbot)"
74.7.243.216 - - [01/Mar/2026:13:46:17 +0000] "GET /whsy.php?e=limits&p=%2Fproc%2F22253 HTTP/2.0" 200 830 "https://23rdbank.com/whsy.php?p=%2Fproc%2F22253" "Mozilla/5.0 AppleWebKit/537.36 (KHTML, like Gecko; compatible; GPTBot/1.3; +https://openai.com/gptbot)"
74.7.241.39 - - [01/Mar/2026:13:46:19 +0000] "GET /whsy.php?p=%2Fproc%2F11953%2Fnet%2Fsctp HTTP/2.0" 200 830 "https://23rdbank.com.lab2454.com/whsy.php?p=%2Fproc%2F11953%2Fnet" "Mozilla/5.0 AppleWebKit/537.36 (KHTML, like Gecko; compatible; GPTBot/1.3; +https://openai.com/gptbot)"
74.7.243.195 - - [01/Mar/2026:13:46:20 +0000] "GET /whsy.php?e=cpuset&p=%2Fproc%2F3086 HTTP/2.0" 200 2004 "https://www.23rdbank.com.lab2454.com/whsy.php?p=%2Fproc%2F3086" "Mozilla/5.0 AppleWebKit/537.36 (KHTML, like Gecko; compatible; GPTBot/1.3; +https://openai.com/gptbot)"
74.7.243.216 - - [01/Mar/2026:13:46:21 +0000] "GET /whsy.php?e=loginuid&p=%2Fproc%2F22253 HTTP/2.0" 200 830 "https://23rdbank.com/whsy.php?p=%2Fproc%2F22253" "Mozilla/5.0 AppleWebKit/537.36 (KHTML, like Gecko; compatible; GPTBot/1.3; +https://openai.com/gptbot)"
74.7.241.39 - - [01/Mar/2026:13:46:23 +0000] "GET /whsy.php?p=%2Fproc%2F22306%2Fnet%2Fvlan HTTP/2.0" 200 830 "https://23rdbank.com.lab2454.com/whsy.php?p=%2Fproc%2F22306%2Fnet" "Mozilla/5.0 AppleWebKit/537.36 (KHTML, like Gecko; compatible; GPTBot/1.3; +https://openai.com/gptbot)"
74.7.243.195 - - [01/Mar/2026:13:46:25 +0000] "GET /whsy.php?e=numa_maps&p=%2Fproc%2F3086 HTTP/2.0" 200 2121 "https://www.23rdbank.com.lab2454.com/whsy.php?p=%2Fproc%2F3086" "Mozilla/5.0 AppleWebKit/537.36 (KHTML, like Gecko; compatible; GPTBot/1.3; +https://openai.com/gptbot)"
74.7.243.216 - - [01/Mar/2026:13:46:26 +0000] "GET /whsy.php?e=loginuid&p=%2Fproc%2F22254 HTTP/2.0" 200 830 "https://23rdbank.com/whsy.php?p=%2Fproc%2F22254" "Mozilla/5.0 AppleWebKit/537.36 (KHTML, like Gecko; compatible; GPTBot/1.3; +https://openai.com/gptbot)"
74.7.241.39 - - [01/Mar/2026:13:46:28 +0000] "GET /whsy.php?p=%2Fproc%2F13796%2Fnet%2Frpc HTTP/2.0" 200 830 "https://23rdbank.com.lab2454.com/whsy.php?p=%2Fproc%2F13796%2Fnet" "Mozilla/5.0 AppleWebKit/537.36 (KHTML, like Gecko; compatible; GPTBot/1.3; +https://openai.com/gptbot)"
74.7.243.195 - - [01/Mar/2026:13:46:30 +0000] "GET /whsy.php?e=oom_score&p=%2Fproc%2F3086 HTTP/2.0" 200 2005 "https://www.23rdbank.com.lab2454.com/whsy.php?p=%2Fproc%2F3086" "Mozilla/5.0 AppleWebKit/537.36 (KHTML, like Gecko; compatible; GPTBot/1.3; +https://openai.com/gptbot)"
74.7.243.216 - - [01/Mar/2026:13:46:31 +0000] "GET /whsy.php?e=numa_maps&p=%2Fproc%2F15331 HTTP/2.0" 200 2123 "https://23rdbank.com/whsy.php?p=%2Fproc%2F15331" "Mozilla/5.0 AppleWebKit/537.36 (KHTML, like Gecko; compatible; GPTBot/1.3; +https://openai.com/gptbot)"
74.7.241.39 - - [01/Mar/2026:13:46:32 +0000] "GET /whsy.php?p=%2Fproc%2F12654%2Fnet%2Fstat HTTP/2.0" 200 830 "https://23rdbank.com.lab2454.com/whsy.php?p=%2Fproc%2F12654%2Fnet" "Mozilla/5.0 AppleWebKit/537.36 (KHTML, like Gecko; compatible; GPTBot/1.3; +https://openai.com/gptbot)"
74.7.243.195 - - [01/Mar/2026:13:46:34 +0000] "GET /whsy.php?e=timens_offsets&p=%2Fproc%2F3086 HTTP/2.0" 200 2022 "https://www.23rdbank.com.lab2454.com/whsy.php?p=%2Fproc%2F3086" "Mozilla/5.0 AppleWebKit/537.36 (KHTML, like Gecko; compatible; GPTBot/1.3; +https://openai.com/gptbot)"
74.7.243.216 - - [01/Mar/2026:13:46:35 +0000] "GET /whsy.php?e=oom_score_adj&p=%2Fproc%2F22253 HTTP/2.0" 200 830 "https://23rdbank.com/whsy.php?p=%2Fproc%2F22253" "Mozilla/5.0 AppleWebKit/537.36 (KHTML, like Gecko; compatible; GPTBot/1.3; +https://openai.com/gptbot)"
74.7.241.39 - - [01/Mar/2026:13:46:37 +0000] "GET /whsy.php?p=%2Fproc%2F25364%2Fnet%2Fstat HTTP/2.0" 200 820 "https://23rdbank.com.lab2454.com/whsy.php?p=%2Fproc%2F25364%2Fnet" "Mozilla/5.0 AppleWebKit/537.36 (KHTML, like Gecko; compatible; GPTBot/1.3; +https://openai.com/gptbot)"
74.7.243.195 - - [01/Mar/2026:13:46:39 +0000] "GET /whsy.php?e=wchan&p=%2Fproc%2F3086 HTTP/2.0" 200 2003 "https://www.23rdbank.com.lab2454.com/whsy.php?p=%2Fproc%2F3086" "Mozilla/5.0 AppleWebKit/537.36 (KHTML, like Gecko; compatible; GPTBot/1.3; +https://openai.com/gptbot)"
74.7.243.216 - - [01/Mar/2026:13:46:40 +0000] "GET /whsy.php?e=oom_score_adj&p=%2Fproc%2F22254 HTTP/2.0" 200 830 "https://23rdbank.com/whsy.php?p=%2Fproc%2F22254" "Mozilla/5.0 AppleWebKit/537.36 (KHTML, like Gecko; compatible; GPTBot/1.3; +https://openai.com/gptbot)"
74.7.241.39 - - [01/Mar/2026:13:46:41 +0000] "GET /whsy.php?p=%2Fproc%2F24535%2Fnet%2Fstat HTTP/2.0" 200 830 "https://23rdbank.com.lab2454.com/whsy.php?p=%2Fproc%2F24535%2Fnet" "Mozilla/5.0 AppleWebKit/537.36 (KHTML, like Gecko; compatible; GPTBot/1.3; +https://openai.com/gptbot)"
74.7.243.195 - - [01/Mar/2026:13:46:43 +0000] "GET /whsy.php?e=statm&p=%2Fproc%2F3086 HTTP/2.0" 200 2025 "https://www.23rdbank.com.lab2454.com/whsy.php?p=%2Fproc%2F3086" "Mozilla/5.0 AppleWebKit/537.36 (KHTML, like Gecko; compatible; GPTBot/1.3; +https://openai.com/gptbot)"
74.7.243.216 - - [01/Mar/2026:13:46:44 +0000] "GET /whsy.php?e=timers&p=%2Fproc%2F15331 HTTP/2.0" 200 2005 "https://23rdbank.com/whsy.php?p=%2Fproc%2F15331" "Mozilla/5.0 AppleWebKit/537.36 (KHTML, like Gecko; compatible; GPTBot/1.3; +https://openai.com/gptbot)"
74.7.241.39 - - [01/Mar/2026:13:46:46 +0000] "GET /whsy.php?p=%2Fproc%2F16769%2Fnet%2Frpc HTTP/2.0" 200 861 "https://23rdbank.com.lab2454.com/whsy.php?p=%2Fproc%2F16769%2Fnet" "Mozilla/5.0 AppleWebKit/537.36 (KHTML, like Gecko; compatible; GPTBot/1.3; +https://openai.com/gptbot)"
74.7.243.195 - - [01/Mar/2026:13:46:47 +0000] "GET /whsy.php?e=stack&p=%2Fproc%2F3086 HTTP/2.0" 200 1935 "https://www.23rdbank.com.lab2454.com/whsy.php?p=%2Fproc%2F3086" "Mozilla/5.0 AppleWebKit/537.36 (KHTML, like Gecko; compatible; GPTBot/1.3; +https://openai.com/gptbot)"
74.7.243.216 - - [01/Mar/2026:13:46:48 +0000] "GET /whsy.php?e=cgroup&p=%2Fproc%2F13854 HTTP/2.0" 200 830 "https://23rdbank.com/whsy.php?p=%2Fproc%2F13854" "Mozilla/5.0 AppleWebKit/537.36 (KHTML, like Gecko; compatible; GPTBot/1.3; +https://openai.com/gptbot)"
74.7.241.39 - - [01/Mar/2026:13:46:50 +0000] "GET /whsy.php?p=%2Fproc%2F22344%2Fnet%2Fvlan HTTP/2.0" 200 830 "https://23rdbank.com.lab2454.com/whsy.php?p=%2Fproc%2F22344%2Fnet" "Mozilla/5.0 AppleWebKit/537.36 (KHTML, like Gecko; compatible; GPTBot/1.3; +https://openai.com/gptbot)"
