74.7.243.195 - - [01/Mar/2026:14:08:10 +0000] "GET /whsy.php?e=tcp&p=%2Fproc%2F3086%2Fnet HTTP/2.0" 200 11354 "https://www.23rdbank.com.lab2454.com/whsy.php?p=%2Fproc%2F3086%2Fnet" "Mozilla/5.0 AppleWebKit/537.36 (KHTML, like Gecko; compatible; GPTBot/1.3; +https://openai.com/gptbot)"
74.7.230.58 - - [01/Mar/2026:14:08:11 +0000] "GET /robots.txt HTTP/2.0" 404 - "-" "Mozilla/5.0 (Macintosh; Intel Mac OS X 10_15_7) AppleWebKit/537.36 (KHTML, like Gecko) Chrome/131.0.0.0 Safari/537.36; compatible; OAI-SearchBot/1.3; robots.txt; +https://openai.com/searchbot"
74.7.241.39 - - [01/Mar/2026:14:08:12 +0000] "GET /whsy.php?e=pppoe&p=%2Fproc%2F11146%2Ftask%2F11162%2Fnet HTTP/2.0" 200 2546 "https://23rdbank.com.lab2454.com/whsy.php?p=%2Fproc%2F11146%2Ftask%2F11162%2Fnet" "Mozilla/5.0 AppleWebKit/537.36 (KHTML, like Gecko; compatible; GPTBot/1.3; +https://openai.com/gptbot)"
74.7.243.216 - - [01/Mar/2026:14:08:25 +0000] "GET /whsy.php?e=psched&p=%2Fproc%2F15331%2Fnet HTTP/2.0" 200 2531 "https://23rdbank.com/whsy.php?p=%2Fproc%2F15331%2Fnet" "Mozilla/5.0 AppleWebKit/537.36 (KHTML, like Gecko; compatible; GPTBot/1.3; +https://openai.com/gptbot)"
74.7.243.195 - - [01/Mar/2026:14:08:28 +0000] "GET /whsy.php?e=sockcreate&p=%2Fproc%2F3086%2Fattr HTTP/2.0" 200 862 "https://www.23rdbank.com.lab2454.com/whsy.php?p=%2Fproc%2F3086%2Fattr" "Mozilla/5.0 AppleWebKit/537.36 (KHTML, like Gecko; compatible; GPTBot/1.3; +https://openai.com/gptbot)"
74.7.241.39 - - [01/Mar/2026:14:08:29 +0000] "GET /whsy.php?e=arp_tables_matches&p=%2Fproc%2F11146%2Ftask%2F11252%2Fnet HTTP/2.0" 200 2466 "https://23rdbank.com.lab2454.com/whsy.php?p=%2Fproc%2F11146%2Ftask%2F11252%2Fnet" "Mozilla/5.0 AppleWebKit/537.36 (KHTML, like Gecko; compatible; GPTBot/1.3; +https://openai.com/gptbot)"
74.7.243.216 - - [01/Mar/2026:14:08:37 +0000] "GET /whsy.php?e=current&p=%2Fproc%2F30534%2Fattr HTTP/2.0" 200 848 "https://23rdbank.com/whsy.php?p=%2Fproc%2F30534%2Fattr" "Mozilla/5.0 AppleWebKit/537.36 (KHTML, like Gecko; compatible; GPTBot/1.3; +https://openai.com/gptbot)"
74.7.243.195 - - [01/Mar/2026:14:08:41 +0000] "GET /whsy.php?e=ip6_mr_cache&p=%2Fproc%2F3086%2Fnet HTTP/2.0" 200 2550 "https://www.23rdbank.com.lab2454.com/whsy.php?p=%2Fproc%2F3086%2Fnet" "Mozilla/5.0 AppleWebKit/537.36 (KHTML, like Gecko; compatible; GPTBot/1.3; +https://openai.com/gptbot)"
74.7.241.39 - - [01/Mar/2026:14:08:43 +0000] "GET /whsy.php?e=ip6_tables_targets&p=%2Fproc%2F11146%2Ftask%2F11162%2Fnet HTTP/2.0" 200 2465 "https://23rdbank.com.lab2454.com/whsy.php?p=%2Fproc%2F11146%2Ftask%2F11162%2Fnet" "Mozilla/5.0 AppleWebKit/537.36 (KHTML, like Gecko; compatible; GPTBot/1.3; +https://openai.com/gptbot)"
74.7.243.216 - - [01/Mar/2026:14:08:49 +0000] "GET /whsy.php?e=sockstat&p=%2Fproc%2F30534%2Fnet HTTP/2.0" 200 2604 "https://23rdbank.com/whsy.php?p=%2Fproc%2F30534%2Fnet" "Mozilla/5.0 AppleWebKit/537.36 (KHTML, like Gecko; compatible; GPTBot/1.3; +https://openai.com/gptbot)"
74.7.243.195 - - [01/Mar/2026:14:08:51 +0000] "GET /whsy.php?p=%2Fproc%2F3086%2Fnet%2Fipt_hashlimit%2F.. HTTP/2.0" 200 2441 "https://www.23rdbank.com.lab2454.com/whsy.php?p=%2Fproc%2F3086%2Fnet%2Fipt_hashlimit" "Mozilla/5.0 AppleWebKit/537.36 (KHTML, like Gecko; compatible; GPTBot/1.3; +https://openai.com/gptbot)"
74.7.241.39 - - [01/Mar/2026:14:08:52 +0000] "GET /whsy.php?e=arp_tables_targets&p=%2Fproc%2F11146%2Ftask%2F11246%2Fnet HTTP/2.0" 200 2466 "https://23rdbank.com.lab2454.com/whsy.php?p=%2Fproc%2F11146%2Ftask%2F11246%2Fnet" "Mozilla/5.0 AppleWebKit/537.36 (KHTML, like Gecko; compatible; GPTBot/1.3; +https://openai.com/gptbot)"
74.7.243.216 - - [01/Mar/2026:14:08:59 +0000] "GET /whsy.php?e=rt_cache&p=%2Fproc%2F15331%2Fnet HTTP/2.0" 200 2598 "https://23rdbank.com/whsy.php?p=%2Fproc%2F15331%2Fnet" "Mozilla/5.0 AppleWebKit/537.36 (KHTML, like Gecko; compatible; GPTBot/1.3; +https://openai.com/gptbot)"
74.7.243.195 - - [01/Mar/2026:14:09:02 +0000] "GET /whsy.php?e=teql0&p=%2Fproc%2F3086%2Fnet%2Fdev_snmp6 HTTP/2.0" 200 1558 "https://www.23rdbank.com.lab2454.com/whsy.php?p=%2Fproc%2F3086%2Fnet%2Fdev_snmp6" "Mozilla/5.0 AppleWebKit/537.36 (KHTML, like Gecko; compatible; GPTBot/1.3; +https://openai.com/gptbot)"
74.7.241.39 - - [01/Mar/2026:14:09:03 +0000] "GET /whsy.php?e=arp_tables_matches&p=%2Fproc%2F11146%2Ftask%2F11232%2Fnet HTTP/2.0" 200 2466 "https://23rdbank.com.lab2454.com/whsy.php?p=%2Fproc%2F11146%2Ftask%2F11232%2Fnet" "Mozilla/5.0 AppleWebKit/537.36 (KHTML, like Gecko; compatible; GPTBot/1.3; +https://openai.com/gptbot)"
74.7.243.216 - - [01/Mar/2026:14:09:11 +0000] "GET /whsy.php?e=sockstat&p=%2Fproc%2F15331%2Fnet HTTP/2.0" 200 2602 "https://23rdbank.com/whsy.php?p=%2Fproc%2F15331%2Fnet" "Mozilla/5.0 AppleWebKit/537.36 (KHTML, like Gecko; compatible; GPTBot/1.3; +https://openai.com/gptbot)"
74.7.243.195 - - [01/Mar/2026:14:09:15 +0000] "GET /whsy.php?p=%2Fproc%2F3086%2Fnet%2Fip6t_hashlimit%2F.. HTTP/2.0" 200 2441 "https://www.23rdbank.com.lab2454.com/whsy.php?p=%2Fproc%2F3086%2Fnet%2Fip6t_hashlimit" "Mozilla/5.0 AppleWebKit/537.36 (KHTML, like Gecko; compatible; GPTBot/1.3; +https://openai.com/gptbot)"
74.7.241.39 - - [01/Mar/2026:14:09:17 +0000] "GET /whsy.php?e=ip_tables_targets&p=%2Fproc%2F11146%2Ftask%2F11162%2Fnet HTTP/2.0" 200 2465 "https://23rdbank.com.lab2454.com/whsy.php?p=%2Fproc%2F11146%2Ftask%2F11162%2Fnet" "Mozilla/5.0 AppleWebKit/537.36 (KHTML, like Gecko; compatible; GPTBot/1.3; +https://openai.com/gptbot)"
74.7.243.216 - - [01/Mar/2026:14:09:27 +0000] "GET /whsy.php?e=tls_stat&p=%2Fproc%2F15331%2Fnet HTTP/2.0" 200 2601 "https://23rdbank.com/whsy.php?p=%2Fproc%2F15331%2Fnet" "Mozilla/5.0 AppleWebKit/537.36 (KHTML, like Gecko; compatible; GPTBot/1.3; +https://openai.com/gptbot)"
74.7.243.195 - - [01/Mar/2026:14:09:29 +0000] "GET /whsy.php?e=ip_mr_cache&p=%2Fproc%2F3086%2Fnet HTTP/2.0" 200 2546 "https://www.23rdbank.com.lab2454.com/whsy.php?p=%2Fproc%2F3086%2Fnet" "Mozilla/5.0 AppleWebKit/537.36 (KHTML, like Gecko; compatible; GPTBot/1.3; +https://openai.com/gptbot)"
74.7.241.39 - - [01/Mar/2026:14:09:32 +0000] "GET /whsy.php?e=arp_tables_matches&p=%2Fproc%2F11146%2Ftask%2F11161%2Fnet HTTP/2.0" 200 2465 "https://23rdbank.com.lab2454.com/whsy.php?p=%2Fproc%2F11146%2Ftask%2F11161%2Fnet" "Mozilla/5.0 AppleWebKit/537.36 (KHTML, like Gecko; compatible; GPTBot/1.3; +https://openai.com/gptbot)"
74.7.243.216 - - [01/Mar/2026:14:09:39 +0000] "GET /whsy.php?e=netlink&p=%2Fproc%2F15331%2Fnet HTTP/2.0" 200 2812 "https://23rdbank.com/whsy.php?p=%2Fproc%2F15331%2Fnet" "Mozilla/5.0 AppleWebKit/537.36 (KHTML, like Gecko; compatible; GPTBot/1.3; +https://openai.com/gptbot)"
74.7.243.195 - - [01/Mar/2026:14:09:41 +0000] "GET /whsy.php?p=%2Fproc%2F28316 HTTP/2.0" 200 1936 "https://www.23rdbank.com.lab2454.com/whsy.php?p=%2Fproc%2F3086%2F.." "Mozilla/5.0 AppleWebKit/537.36 (KHTML, like Gecko; compatible; GPTBot/1.3; +https://openai.com/gptbot)"
74.7.241.39 - - [01/Mar/2026:14:09:43 +0000] "GET /whsy.php?e=ip_tables_targets&p=%2Fproc%2F11146%2Ftask%2F11161%2Fnet HTTP/2.0" 200 2465 "https://23rdbank.com.lab2454.com/whsy.php?p=%2Fproc%2F11146%2Ftask%2F11161%2Fnet" "Mozilla/5.0 AppleWebKit/537.36 (KHTML, like Gecko; compatible; GPTBot/1.3; +https://openai.com/gptbot)"
74.7.243.216 - - [01/Mar/2026:14:09:50 +0000] "GET /whsy.php?e=rt_cache&p=%2Fproc%2F30534%2Fnet HTTP/2.0" 200 2598 "https://23rdbank.com/whsy.php?p=%2Fproc%2F30534%2Fnet" "Mozilla/5.0 AppleWebKit/537.36 (KHTML, like Gecko; compatible; GPTBot/1.3; +https://openai.com/gptbot)"
74.7.244.25 - - [01/Mar/2026:14:09:51 +0000] "GET /robots.txt HTTP/2.0" 404 - "-" "Mozilla/5.0 (Macintosh; Intel Mac OS X 10_15_7) AppleWebKit/537.36 (KHTML, like Gecko) Chrome/131.0.0.0 Safari/537.36; compatible; OAI-SearchBot/1.3; robots.txt; +https://openai.com/searchbot"
74.7.243.195 - - [01/Mar/2026:14:09:53 +0000] "GET /whsy.php?p=%2Fproc%2F29464 HTTP/2.0" 200 1906 "https://www.23rdbank.com.lab2454.com/whsy.php?p=%2Fproc%2F3086%2F.." "Mozilla/5.0 AppleWebKit/537.36 (KHTML, like Gecko; compatible; GPTBot/1.3; +https://openai.com/gptbot)"
74.7.241.39 - - [01/Mar/2026:14:09:54 +0000] "GET /whsy.php?e=ip_tables_matches&p=%2Fproc%2F26664%2Ftask%2F26676%2Fnet HTTP/2.0" 200 830 "https://23rdbank.com.lab2454.com/whsy.php?p=%2Fproc%2F26664%2Ftask%2F26676%2Fnet" "Mozilla/5.0 AppleWebKit/537.36 (KHTML, like Gecko; compatible; GPTBot/1.3; +https://openai.com/gptbot)"
74.7.243.216 - - [01/Mar/2026:14:10:01 +0000] "GET /whsy.php?p=%2Fproc%2F15331%2Fnet%2Fipt_hashlimit HTTP/2.0" 200 500 "https://23rdbank.com/whsy.php?p=%2Fproc%2F15331%2Fnet" "Mozilla/5.0 AppleWebKit/537.36 (KHTML, like Gecko; compatible; GPTBot/1.3; +https://openai.com/gptbot)"
74.7.243.195 - - [01/Mar/2026:14:10:03 +0000] "GET /whsy.php?p=%2Fproc%2F29455 HTTP/2.0" 200 1907 "https://www.23rdbank.com.lab2454.com/whsy.php?p=%2Fproc%2F3086%2F.." "Mozilla/5.0 AppleWebKit/537.36 (KHTML, like Gecko; compatible; GPTBot/1.3; +https://openai.com/gptbot)"
74.7.241.39 - - [01/Mar/2026:14:10:04 +0000] "GET /whsy.php?e=ip6_tables_targets&p=%2Fproc%2F11146%2Ftask%2F11161%2Fnet HTTP/2.0" 200 2465 "https://23rdbank.com.lab2454.com/whsy.php?p=%2Fproc%2F11146%2Ftask%2F11161%2Fnet" "Mozilla/5.0 AppleWebKit/537.36 (KHTML, like Gecko; compatible; GPTBot/1.3; +https://openai.com/gptbot)"
74.7.243.216 - - [01/Mar/2026:14:10:10 +0000] "GET /whsy.php?p=%2Fproc%2F30534%2Fnet%2Fipt_hashlimit HTTP/2.0" 200 501 "https://23rdbank.com/whsy.php?p=%2Fproc%2F30534%2Fnet" "Mozilla/5.0 AppleWebKit/537.36 (KHTML, like Gecko; compatible; GPTBot/1.3; +https://openai.com/gptbot)"
74.7.243.195 - - [01/Mar/2026:14:10:12 +0000] "GET /whsy.php?p=%2Fproc%2F29459 HTTP/2.0" 200 1906 "https://www.23rdbank.com.lab2454.com/whsy.php?p=%2Fproc%2F3086%2F.." "Mozilla/5.0 AppleWebKit/537.36 (KHTML, like Gecko; compatible; GPTBot/1.3; +https://openai.com/gptbot)"
74.7.241.39 - - [01/Mar/2026:14:10:13 +0000] "GET /whsy.php?e=arp_tables_matches&p=%2Fproc%2F11146%2Ftask%2F11151%2Fnet HTTP/2.0" 200 2467 "https://23rdbank.com.lab2454.com/whsy.php?p=%2Fproc%2F11146%2Ftask%2F11151%2Fnet" "Mozilla/5.0 AppleWebKit/537.36 (KHTML, like Gecko; compatible; GPTBot/1.3; +https://openai.com/gptbot)"
74.7.243.216 - - [01/Mar/2026:14:10:21 +0000] "GET /whsy.php?p=%2Fproc%2F30534%2Fnet%2Fnetfilter HTTP/2.0" 200 732 "https://23rdbank.com/whsy.php?p=%2Fproc%2F30534%2Fnet" "Mozilla/5.0 AppleWebKit/537.36 (KHTML, like Gecko; compatible; GPTBot/1.3; +https://openai.com/gptbot)"
74.7.243.195 - - [01/Mar/2026:14:10:24 +0000] "GET /whsy.php?p=%2Fproc%2F29452 HTTP/2.0" 200 1906 "https://www.23rdbank.com.lab2454.com/whsy.php?p=%2Fproc%2F3086%2F.." "Mozilla/5.0 AppleWebKit/537.36 (KHTML, like Gecko; compatible; GPTBot/1.3; +https://openai.com/gptbot)"
74.7.241.39 - - [01/Mar/2026:14:10:25 +0000] "GET /whsy.php?e=arp_tables_targets&p=%2Fproc%2F11146%2Ftask%2F11232%2Fnet HTTP/2.0" 200 2466 "https://23rdbank.com.lab2454.com/whsy.php?p=%2Fproc%2F11146%2Ftask%2F11232%2Fnet" "Mozilla/5.0 AppleWebKit/537.36 (KHTML, like Gecko; compatible; GPTBot/1.3; +https://openai.com/gptbot)"
74.7.243.216 - - [01/Mar/2026:14:10:33 +0000] "GET /whsy.php?p=%2Fproc%2F22253%2Fmap_files HTTP/2.0" 200 830 "https://23rdbank.com/whsy.php?p=%2Fproc%2F22253" "Mozilla/5.0 AppleWebKit/537.36 (KHTML, like Gecko; compatible; GPTBot/1.3; +https://openai.com/gptbot)"
74.7.243.195 - - [01/Mar/2026:14:10:34 +0000] "GET /whsy.php?p=%2Fproc%2F29462 HTTP/2.0" 200 1907 "https://www.23rdbank.com.lab2454.com/whsy.php?p=%2Fproc%2F3086%2F.." "Mozilla/5.0 AppleWebKit/537.36 (KHTML, like Gecko; compatible; GPTBot/1.3; +https://openai.com/gptbot)"
74.7.241.39 - - [01/Mar/2026:14:10:35 +0000] "GET /whsy.php?e=arp_tables_targets&p=%2Fproc%2F11146%2Ftask%2F11231%2Fnet HTTP/2.0" 200 2466 "https://23rdbank.com.lab2454.com/whsy.php?p=%2Fproc%2F11146%2Ftask%2F11231%2Fnet" "Mozilla/5.0 AppleWebKit/537.36 (KHTML, like Gecko; compatible; GPTBot/1.3; +https://openai.com/gptbot)"
74.7.243.216 - - [01/Mar/2026:14:10:42 +0000] "GET /whsy.php?p=%2Fproc%2F22254%2Fmap_files HTTP/2.0" 200 830 "https://23rdbank.com/whsy.php?p=%2Fproc%2F22254" "Mozilla/5.0 AppleWebKit/537.36 (KHTML, like Gecko; compatible; GPTBot/1.3; +https://openai.com/gptbot)"
74.7.243.195 - - [01/Mar/2026:14:10:44 +0000] "GET /whsy.php?p=%2Fproc%2F31382 HTTP/2.0" 200 1936 "https://www.23rdbank.com.lab2454.com/whsy.php?p=%2Fproc%2F3086%2F.." "Mozilla/5.0 AppleWebKit/537.36 (KHTML, like Gecko; compatible; GPTBot/1.3; +https://openai.com/gptbot)"
74.7.241.39 - - [01/Mar/2026:14:10:45 +0000] "GET /whsy.php?e=arp_tables_targets&p=%2Fproc%2F11146%2Ftask%2F11252%2Fnet HTTP/2.0" 200 2466 "https://23rdbank.com.lab2454.com/whsy.php?p=%2Fproc%2F11146%2Ftask%2F11252%2Fnet" "Mozilla/5.0 AppleWebKit/537.36 (KHTML, like Gecko; compatible; GPTBot/1.3; +https://openai.com/gptbot)"
74.7.243.216 - - [01/Mar/2026:14:10:50 +0000] "GET /whsy.php?p=%2Fproc%2F18173%2Ffd HTTP/2.0" 200 830 "https://23rdbank.com/whsy.php?p=%2Fproc%2F18173" "Mozilla/5.0 AppleWebKit/537.36 (KHTML, like Gecko; compatible; GPTBot/1.3; +https://openai.com/gptbot)"
74.7.243.195 - - [01/Mar/2026:14:10:52 +0000] "GET /whsy.php?p=%2Fproc%2F27696 HTTP/2.0" 200 1936 "https://www.23rdbank.com.lab2454.com/whsy.php?p=%2Fproc%2F3086%2F.." "Mozilla/5.0 AppleWebKit/537.36 (KHTML, like Gecko; compatible; GPTBot/1.3; +https://openai.com/gptbot)"
74.7.241.39 - - [01/Mar/2026:14:10:53 +0000] "GET /whsy.php?e=arp_tables_targets&p=%2Fproc%2F11146%2Ftask%2F11152%2Fnet HTTP/2.0" 200 2467 "https://23rdbank.com.lab2454.com/whsy.php?p=%2Fproc%2F11146%2Ftask%2F11152%2Fnet" "Mozilla/5.0 AppleWebKit/537.36 (KHTML, like Gecko; compatible; GPTBot/1.3; +https://openai.com/gptbot)"
74.7.243.216 - - [01/Mar/2026:14:10:59 +0000] "GET /whsy.php?p=%2Fproc%2F12054%2Ffd HTTP/2.0" 200 830 "https://23rdbank.com/whsy.php?p=%2Fproc%2F12054" "Mozilla/5.0 AppleWebKit/537.36 (KHTML, like Gecko; compatible; GPTBot/1.3; +https://openai.com/gptbot)"
74.7.243.195 - - [01/Mar/2026:14:11:02 +0000] "GET /whsy.php?p=%2Fproc%2F29856 HTTP/2.0" 200 830 "https://www.23rdbank.com.lab2454.com/whsy.php?p=%2Fproc%2F3086%2F.." "Mozilla/5.0 AppleWebKit/537.36 (KHTML, like Gecko; compatible; GPTBot/1.3; +https://openai.com/gptbot)"
74.7.241.39 - - [01/Mar/2026:14:11:03 +0000] "GET /whsy.php?e=arp_tables_targets&p=%2Fproc%2F11146%2Ftask%2F11151%2Fnet HTTP/2.0" 200 2467 "https://23rdbank.com.lab2454.com/whsy.php?p=%2Fproc%2F11146%2Ftask%2F11151%2Fnet" "Mozilla/5.0 AppleWebKit/537.36 (KHTML, like Gecko; compatible; GPTBot/1.3; +https://openai.com/gptbot)"
74.7.243.195 - - [01/Mar/2026:14:11:13 +0000] "GET /whsy.php?p=%2Fproc%2F24183 HTTP/2.0" 200 1936 "https://www.23rdbank.com.lab2454.com/whsy.php?p=%2Fproc%2F3086%2F.." "Mozilla/5.0 AppleWebKit/537.36 (KHTML, like Gecko; compatible; GPTBot/1.3; +https://openai.com/gptbot)"
74.7.241.39 - - [01/Mar/2026:14:11:14 +0000] "GET /whsy.php?e=arp_tables_matches&p=%2Fproc%2F11146%2Ftask%2F11162%2Fnet HTTP/2.0" 200 2465 "https://23rdbank.com.lab2454.com/whsy.php?p=%2Fproc%2F11146%2Ftask%2F11162%2Fnet" "Mozilla/5.0 AppleWebKit/537.36 (KHTML, like Gecko; compatible; GPTBot/1.3; +https://openai.com/gptbot)"
74.7.243.195 - - [01/Mar/2026:14:11:25 +0000] "GET /whsy.php?p=%2Fproc%2F19201 HTTP/2.0" 200 1936 "https://www.23rdbank.com.lab2454.com/whsy.php?p=%2Fproc%2F3086%2F.." "Mozilla/5.0 AppleWebKit/537.36 (KHTML, like Gecko; compatible; GPTBot/1.3; +https://openai.com/gptbot)"
74.7.241.39 - - [01/Mar/2026:14:11:25 +0000] "GET /whsy.php?e=io&p=%2Fproc%2F11146%2Ftask%2F11151 HTTP/2.0" 200 1802 "https://23rdbank.com.lab2454.com/whsy.php?p=%2Fproc%2F11146%2Ftask%2F11151" "Mozilla/5.0 AppleWebKit/537.36 (KHTML, like Gecko; compatible; GPTBot/1.3; +https://openai.com/gptbot)"
74.7.243.216 - - [01/Mar/2026:14:11:09 +0000] "GET /whsy.php?p=%2Fproc%2F15331%2Fns HTTP/2.0" 200 703667 "https://23rdbank.com/whsy.php?p=%2Fproc%2F15331" "Mozilla/5.0 AppleWebKit/537.36 (KHTML, like Gecko; compatible; GPTBot/1.3; +https://openai.com/gptbot)"
74.7.243.195 - - [01/Mar/2026:14:11:39 +0000] "GET /whsy.php?e=mountinfo&p=%2Fproc%2F28316 HTTP/2.0" 200 2988 "https://www.23rdbank.com.lab2454.com/whsy.php?p=%2Fproc%2F28316" "Mozilla/5.0 AppleWebKit/537.36 (KHTML, like Gecko; compatible; GPTBot/1.3; +https://openai.com/gptbot)"
74.7.241.39 - - [01/Mar/2026:14:11:40 +0000] "GET /whsy.php?e=nfnetlink_log&p=%2Fproc%2F27565%2Fnet%2Fnetfilter HTTP/2.0" 200 732 "https://23rdbank.com.lab2454.com/whsy.php?p=%2Fproc%2F27565%2Fnet%2Fnetfilter" "Mozilla/5.0 AppleWebKit/537.36 (KHTML, like Gecko; compatible; GPTBot/1.3; +https://openai.com/gptbot)"
74.7.243.216 - - [01/Mar/2026:14:11:48 +0000] "GET /whsy.php?p=%2Fproc%2F18173%2Fns HTTP/2.0" 200 830 "https://23rdbank.com/whsy.php?p=%2Fproc%2F18173" "Mozilla/5.0 AppleWebKit/537.36 (KHTML, like Gecko; compatible; GPTBot/1.3; +https://openai.com/gptbot)"
74.7.243.195 - - [01/Mar/2026:14:11:48 +0000] "GET /whsy.php?e=mountinfo&p=%2Fproc%2F29464 HTTP/2.0" 200 2948 "https://www.23rdbank.com.lab2454.com/whsy.php?p=%2Fproc%2F29464" "Mozilla/5.0 AppleWebKit/537.36 (KHTML, like Gecko; compatible; GPTBot/1.3; +https://openai.com/gptbot)"
74.7.241.39 - - [01/Mar/2026:14:11:51 +0000] "GET /whsy.php?e=nfnetlink_log&p=%2Fproc%2F24535%2Fnet%2Fnetfilter HTTP/2.0" 200 830 "https://23rdbank.com.lab2454.com/whsy.php?p=%2Fproc%2F24535%2Fnet%2Fnetfilter" "Mozilla/5.0 AppleWebKit/537.36 (KHTML, like Gecko; compatible; GPTBot/1.3; +https://openai.com/gptbot)"
74.7.243.195 - - [01/Mar/2026:14:12:00 +0000] "GET /whsy.php?e=status&p=%2Fproc%2F29455 HTTP/2.0" 200 2501 "https://www.23rdbank.com.lab2454.com/whsy.php?p=%2Fproc%2F29455" "Mozilla/5.0 AppleWebKit/537.36 (KHTML, like Gecko; compatible; GPTBot/1.3; +https://openai.com/gptbot)"
74.7.243.216 - - [01/Mar/2026:14:12:00 +0000] "GET /whsy.php?p=%2Fproc%2F13854%2Fns HTTP/2.0" 200 830 "https://23rdbank.com/whsy.php?p=%2Fproc%2F13854" "Mozilla/5.0 AppleWebKit/537.36 (KHTML, like Gecko; compatible; GPTBot/1.3; +https://openai.com/gptbot)"
74.7.241.39 - - [01/Mar/2026:14:12:02 +0000] "GET /whsy.php?e=nfnetlink_log&p=%2Fproc%2F16231%2Fnet%2Fnetfilter HTTP/2.0" 200 830 "https://23rdbank.com.lab2454.com/whsy.php?p=%2Fproc%2F16231%2Fnet%2Fnetfilter" "Mozilla/5.0 AppleWebKit/537.36 (KHTML, like Gecko; compatible; GPTBot/1.3; +https://openai.com/gptbot)"
74.7.243.195 - - [01/Mar/2026:14:12:11 +0000] "GET /whsy.php?e=mountinfo&p=%2Fproc%2F29455 HTTP/2.0" 200 2948 "https://www.23rdbank.com.lab2454.com/whsy.php?p=%2Fproc%2F29455" "Mozilla/5.0 AppleWebKit/537.36 (KHTML, like Gecko; compatible; GPTBot/1.3; +https://openai.com/gptbot)"
74.7.241.39 - - [01/Mar/2026:14:12:17 +0000] "GET /whsy.php?e=ip6_flowlabel&p=%2Fproc%2F12635%2Fnet HTTP/2.0" 200 830 "https://23rdbank.com.lab2454.com/whsy.php?p=%2Fproc%2F12635%2Fnet" "Mozilla/5.0 AppleWebKit/537.36 (KHTML, like Gecko; compatible; GPTBot/1.3; +https://openai.com/gptbot)"
74.7.243.195 - - [01/Mar/2026:14:12:27 +0000] "GET /whsy.php?e=smaps_rollup&p=%2Fproc%2F29452 HTTP/2.0" 200 2231 "https://www.23rdbank.com.lab2454.com/whsy.php?p=%2Fproc%2F29452" "Mozilla/5.0 AppleWebKit/537.36 (KHTML, like Gecko; compatible; GPTBot/1.3; +https://openai.com/gptbot)"
74.7.241.39 - - [01/Mar/2026:14:12:29 +0000] "GET /whsy.php?e=ip6_flowlabel&p=%2Fproc%2F13796%2Fnet HTTP/2.0" 200 830 "https://23rdbank.com.lab2454.com/whsy.php?p=%2Fproc%2F13796%2Fnet" "Mozilla/5.0 AppleWebKit/537.36 (KHTML, like Gecko; compatible; GPTBot/1.3; +https://openai.com/gptbot)"
74.7.244.51 - - [01/Mar/2026:14:12:30 +0000] "GET /robots.txt HTTP/2.0" 404 - "-" "Mozilla/5.0 (Macintosh; Intel Mac OS X 10_15_7) AppleWebKit/537.36 (KHTML, like Gecko) Chrome/131.0.0.0 Safari/537.36; compatible; OAI-SearchBot/1.3; robots.txt; +https://openai.com/searchbot"
74.7.243.195 - - [01/Mar/2026:14:12:36 +0000] "GET /whsy.php?e=cmdline&p=%2Fproc%2F29462 HTTP/2.0" 200 2115 "https://www.23rdbank.com.lab2454.com/whsy.php?p=%2Fproc%2F29462" "Mozilla/5.0 AppleWebKit/537.36 (KHTML, like Gecko; compatible; GPTBot/1.3; +https://openai.com/gptbot)"
74.7.241.39 - - [01/Mar/2026:14:12:37 +0000] "GET /whsy.php?e=ip6_flowlabel&p=%2Fproc%2F12654%2Fnet HTTP/2.0" 200 830 "https://23rdbank.com.lab2454.com/whsy.php?p=%2Fproc%2F12654%2Fnet" "Mozilla/5.0 AppleWebKit/537.36 (KHTML, like Gecko; compatible; GPTBot/1.3; +https://openai.com/gptbot)"
74.7.243.216 - - [01/Mar/2026:14:12:12 +0000] "GET /whsy.php?p=%2Fproc%2F30534%2Ffd HTTP/2.0" 200 768649 "https://23rdbank.com/whsy.php?p=%2Fproc%2F30534" "Mozilla/5.0 AppleWebKit/537.36 (KHTML, like Gecko; compatible; GPTBot/1.3; +https://openai.com/gptbot)"
74.7.243.195 - - [01/Mar/2026:14:12:43 +0000] "GET /whsy.php?p=%2Fproc%2F31382%2Ftask HTTP/2.0" 200 490 "https://www.23rdbank.com.lab2454.com/whsy.php?p=%2Fproc%2F31382" "Mozilla/5.0 AppleWebKit/537.36 (KHTML, like Gecko; compatible; GPTBot/1.3; +https://openai.com/gptbot)"
74.7.241.39 - - [01/Mar/2026:14:12:44 +0000] "GET /whsy.php?e=ip6_flowlabel&p=%2Fproc%2F16769%2Fnet HTTP/2.0" 200 2550 "https://23rdbank.com.lab2454.com/whsy.php?p=%2Fproc%2F16769%2Fnet" "Mozilla/5.0 AppleWebKit/537.36 (KHTML, like Gecko; compatible; GPTBot/1.3; +https://openai.com/gptbot)"
74.7.243.216 - - [01/Mar/2026:14:12:47 +0000] "GET /whsy.php?p=%2Fproc%2F13854%2Ffd HTTP/2.0" 200 830 "https://23rdbank.com/whsy.php?p=%2Fproc%2F13854" "Mozilla/5.0 AppleWebKit/537.36 (KHTML, like Gecko; compatible; GPTBot/1.3; +https://openai.com/gptbot)"
74.7.243.195 - - [01/Mar/2026:14:12:50 +0000] "GET /whsy.php?e=mountinfo&p=%2Fproc%2F29452 HTTP/2.0" 200 2948 "https://www.23rdbank.com.lab2454.com/whsy.php?p=%2Fproc%2F29452" "Mozilla/5.0 AppleWebKit/537.36 (KHTML, like Gecko; compatible; GPTBot/1.3; +https://openai.com/gptbot)"
74.7.241.39 - - [01/Mar/2026:14:12:50 +0000] "GET /whsy.php?e=ip6_flowlabel&p=%2Fproc%2F23081%2Fnet HTTP/2.0" 200 830 "https://23rdbank.com.lab2454.com/whsy.php?p=%2Fproc%2F23081%2Fnet" "Mozilla/5.0 AppleWebKit/537.36 (KHTML, like Gecko; compatible; GPTBot/1.3; +https://openai.com/gptbot)"
74.7.243.195 - - [01/Mar/2026:14:13:02 +0000] "GET /whsy.php?e=mountinfo&p=%2Fproc%2F29462 HTTP/2.0" 200 2948 "https://www.23rdbank.com.lab2454.com/whsy.php?p=%2Fproc%2F29462" "Mozilla/5.0 AppleWebKit/537.36 (KHTML, like Gecko; compatible; GPTBot/1.3; +https://openai.com/gptbot)"
74.7.241.39 - - [01/Mar/2026:14:13:04 +0000] "GET /whsy.php?e=ip6_flowlabel&p=%2Fproc%2F18632%2Fnet HTTP/2.0" 200 2550 "https://23rdbank.com.lab2454.com/whsy.php?p=%2Fproc%2F18632%2Fnet" "Mozilla/5.0 AppleWebKit/537.36 (KHTML, like Gecko; compatible; GPTBot/1.3; +https://openai.com/gptbot)"
74.7.243.195 - - [01/Mar/2026:14:13:15 +0000] "GET /whsy.php?e=mountinfo&p=%2Fproc%2F24183 HTTP/2.0" 200 2987 "https://www.23rdbank.com.lab2454.com/whsy.php?p=%2Fproc%2F24183" "Mozilla/5.0 AppleWebKit/537.36 (KHTML, like Gecko; compatible; GPTBot/1.3; +https://openai.com/gptbot)"
74.7.241.39 - - [01/Mar/2026:14:13:16 +0000] "GET /whsy.php?e=ip6_flowlabel&p=%2Fproc%2F24535%2Fnet HTTP/2.0" 200 830 "https://23rdbank.com.lab2454.com/whsy.php?p=%2Fproc%2F24535%2Fnet" "Mozilla/5.0 AppleWebKit/537.36 (KHTML, like Gecko; compatible; GPTBot/1.3; +https://openai.com/gptbot)"
74.7.243.195 - - [01/Mar/2026:14:13:24 +0000] "GET /whsy.php?e=mountstats&p=%2Fproc%2F19201 HTTP/2.0" 200 1936 "https://www.23rdbank.com.lab2454.com/whsy.php?p=%2Fproc%2F19201" "Mozilla/5.0 AppleWebKit/537.36 (KHTML, like Gecko; compatible; GPTBot/1.3; +https://openai.com/gptbot)"
74.7.243.216 - - [01/Mar/2026:14:12:56 +0000] "GET /whsy.php?p=%2Fproc%2F15331%2Ffd HTTP/2.0" 200 680852 "https://23rdbank.com/whsy.php?p=%2Fproc%2F15331" "Mozilla/5.0 AppleWebKit/537.36 (KHTML, like Gecko; compatible; GPTBot/1.3; +https://openai.com/gptbot)"
74.7.241.39 - - [01/Mar/2026:14:13:26 +0000] "GET /whsy.php?e=ip6_flowlabel&p=%2Fproc%2F13001%2Fnet HTTP/2.0" 200 830 "https://23rdbank.com.lab2454.com/whsy.php?p=%2Fproc%2F13001%2Fnet" "Mozilla/5.0 AppleWebKit/537.36 (KHTML, like Gecko; compatible; GPTBot/1.3; +https://openai.com/gptbot)"
74.7.243.195 - - [01/Mar/2026:14:13:31 +0000] "GET /whsy.php?e=mountinfo&p=%2Fproc%2F27696 HTTP/2.0" 200 2988 "https://www.23rdbank.com.lab2454.com/whsy.php?p=%2Fproc%2F27696" "Mozilla/5.0 AppleWebKit/537.36 (KHTML, like Gecko; compatible; GPTBot/1.3; +https://openai.com/gptbot)"
74.7.241.39 - - [01/Mar/2026:14:13:32 +0000] "GET /whsy.php?e=ip6_flowlabel&p=%2Fproc%2F11953%2Fnet HTTP/2.0" 200 830 "https://23rdbank.com.lab2454.com/whsy.php?p=%2Fproc%2F11953%2Fnet" "Mozilla/5.0 AppleWebKit/537.36 (KHTML, like Gecko; compatible; GPTBot/1.3; +https://openai.com/gptbot)"
74.7.243.195 - - [01/Mar/2026:14:13:44 +0000] "GET /whsy.php?e=mountinfo&p=%2Fproc%2F19201 HTTP/2.0" 200 2988 "https://www.23rdbank.com.lab2454.com/whsy.php?p=%2Fproc%2F19201" "Mozilla/5.0 AppleWebKit/537.36 (KHTML, like Gecko; compatible; GPTBot/1.3; +https://openai.com/gptbot)"
74.7.241.39 - - [01/Mar/2026:14:13:45 +0000] "GET /whsy.php?e=ip6_flowlabel&p=%2Fproc%2F25364%2Fnet HTTP/2.0" 200 2551 "https://23rdbank.com.lab2454.com/whsy.php?p=%2Fproc%2F25364%2Fnet" "Mozilla/5.0 AppleWebKit/537.36 (KHTML, like Gecko; compatible; GPTBot/1.3; +https://openai.com/gptbot)"
74.7.243.195 - - [01/Mar/2026:14:13:54 +0000] "GET /whsy.php?e=mountinfo&p=%2Fproc%2F29459 HTTP/2.0" 200 2948 "https://www.23rdbank.com.lab2454.com/whsy.php?p=%2Fproc%2F29459" "Mozilla/5.0 AppleWebKit/537.36 (KHTML, like Gecko; compatible; GPTBot/1.3; +https://openai.com/gptbot)"
74.7.241.39 - - [01/Mar/2026:14:13:55 +0000] "GET /whsy.php?e=ip6_flowlabel&p=%2Fproc%2F13484%2Fnet HTTP/2.0" 200 830 "https://23rdbank.com.lab2454.com/whsy.php?p=%2Fproc%2F13484%2Fnet" "Mozilla/5.0 AppleWebKit/537.36 (KHTML, like Gecko; compatible; GPTBot/1.3; +https://openai.com/gptbot)"
74.7.243.216 - - [01/Mar/2026:14:13:32 +0000] "GET /whsy.php?p=%2Fproc%2F30534%2Fns HTTP/2.0" 200 738313 "https://23rdbank.com/whsy.php?p=%2Fproc%2F30534" "Mozilla/5.0 AppleWebKit/537.36 (KHTML, like Gecko; compatible; GPTBot/1.3; +https://openai.com/gptbot)"
74.7.243.195 - - [01/Mar/2026:14:14:02 +0000] "GET /whsy.php?e=mountinfo&p=%2Fproc%2F31382 HTTP/2.0" 200 2988 "https://www.23rdbank.com.lab2454.com/whsy.php?p=%2Fproc%2F31382" "Mozilla/5.0 AppleWebKit/537.36 (KHTML, like Gecko; compatible; GPTBot/1.3; +https://openai.com/gptbot)"
74.7.241.39 - - [01/Mar/2026:14:14:03 +0000] "GET /whsy.php?e=ip6_flowlabel&p=%2Fproc%2F26917%2Fnet HTTP/2.0" 200 2550 "https://23rdbank.com.lab2454.com/whsy.php?p=%2Fproc%2F26917%2Fnet" "Mozilla/5.0 AppleWebKit/537.36 (KHTML, like Gecko; compatible; GPTBot/1.3; +https://openai.com/gptbot)"
74.7.243.216 - - [01/Mar/2026:14:14:09 +0000] "GET /whsy.php?p=%2Fproc%2F12054%2Fns HTTP/2.0" 200 830 "https://23rdbank.com/whsy.php?p=%2Fproc%2F12054" "Mozilla/5.0 AppleWebKit/537.36 (KHTML, like Gecko; compatible; GPTBot/1.3; +https://openai.com/gptbot)"
74.7.243.195 - - [01/Mar/2026:14:14:09 +0000] "GET /whsy.php?e=statm&p=%2Fproc%2F24183 HTTP/2.0" 200 2008 "https://www.23rdbank.com.lab2454.com/whsy.php?p=%2Fproc%2F24183" "Mozilla/5.0 AppleWebKit/537.36 (KHTML, like Gecko; compatible; GPTBot/1.3; +https://openai.com/gptbot)"
74.7.241.39 - - [01/Mar/2026:14:14:10 +0000] "GET /whsy.php?e=ip6_flowlabel&p=%2Fproc%2F30447%2Fnet HTTP/2.0" 200 830 "https://23rdbank.com.lab2454.com/whsy.php?p=%2Fproc%2F30447%2Fnet" "Mozilla/5.0 AppleWebKit/537.36 (KHTML, like Gecko; compatible; GPTBot/1.3; +https://openai.com/gptbot)"
74.7.243.195 - - [01/Mar/2026:14:14:26 +0000] "GET /whsy.php?e=stack&p=%2Fproc%2F24183 HTTP/2.0" 200 1936 "https://www.23rdbank.com.lab2454.com/whsy.php?p=%2Fproc%2F24183" "Mozilla/5.0 AppleWebKit/537.36 (KHTML, like Gecko; compatible; GPTBot/1.3; +https://openai.com/gptbot)"
74.7.241.39 - - [01/Mar/2026:14:14:28 +0000] "GET /whsy.php?e=ip6_flowlabel&p=%2Fproc%2F11330%2Fnet HTTP/2.0" 200 830 "https://23rdbank.com.lab2454.com/whsy.php?p=%2Fproc%2F11330%2Fnet" "Mozilla/5.0 AppleWebKit/537.36 (KHTML, like Gecko; compatible; GPTBot/1.3; +https://openai.com/gptbot)"
74.7.243.195 - - [01/Mar/2026:14:14:38 +0000] "GET /whsy.php?e=statm&p=%2Fproc%2F28316 HTTP/2.0" 200 2030 "https://www.23rdbank.com.lab2454.com/whsy.php?p=%2Fproc%2F28316" "Mozilla/5.0 AppleWebKit/537.36 (KHTML, like Gecko; compatible; GPTBot/1.3; +https://openai.com/gptbot)"
74.7.241.39 - - [01/Mar/2026:14:14:39 +0000] "GET /whsy.php?e=ip6_flowlabel&p=%2Fproc%2F20784%2Fnet HTTP/2.0" 200 830 "https://23rdbank.com.lab2454.com/whsy.php?p=%2Fproc%2F20784%2Fnet" "Mozilla/5.0 AppleWebKit/537.36 (KHTML, like Gecko; compatible; GPTBot/1.3; +https://openai.com/gptbot)"
74.7.243.216 - - [01/Mar/2026:14:14:43 +0000] "GET /whsy.php?e=ip_vs&p=%2Fproc%2F15331%2Fnet HTTP/2.0" 200 2615 "https://23rdbank.com/whsy.php?p=%2Fproc%2F15331%2Fnet" "Mozilla/5.0 AppleWebKit/537.36 (KHTML, like Gecko; compatible; GPTBot/1.3; +https://openai.com/gptbot)"
74.7.243.195 - - [01/Mar/2026:14:14:49 +0000] "GET /whsy.php?e=stack&p=%2Fproc%2F28316 HTTP/2.0" 200 1936 "https://www.23rdbank.com.lab2454.com/whsy.php?p=%2Fproc%2F28316" "Mozilla/5.0 AppleWebKit/537.36 (KHTML, like Gecko; compatible; GPTBot/1.3; +https://openai.com/gptbot)"
74.7.241.39 - - [01/Mar/2026:14:14:50 +0000] "GET /whsy.php?e=ip6_flowlabel&p=%2Fproc%2F18867%2Fnet HTTP/2.0" 200 830 "https://23rdbank.com.lab2454.com/whsy.php?p=%2Fproc%2F18867%2Fnet" "Mozilla/5.0 AppleWebKit/537.36 (KHTML, like Gecko; compatible; GPTBot/1.3; +https://openai.com/gptbot)"
74.7.243.195 - - [01/Mar/2026:14:15:01 +0000] "GET /whsy.php?e=auxv&p=%2Fproc%2F28316 HTTP/2.0" 200 1936 "https://www.23rdbank.com.lab2454.com/whsy.php?p=%2Fproc%2F28316" "Mozilla/5.0 AppleWebKit/537.36 (KHTML, like Gecko; compatible; GPTBot/1.3; +https://openai.com/gptbot)"
74.7.241.39 - - [01/Mar/2026:14:15:02 +0000] "GET /whsy.php?e=ip6_flowlabel&p=%2Fproc%2F26918%2Fnet HTTP/2.0" 200 2550 "https://23rdbank.com.lab2454.com/whsy.php?p=%2Fproc%2F26918%2Fnet" "Mozilla/5.0 AppleWebKit/537.36 (KHTML, like Gecko; compatible; GPTBot/1.3; +https://openai.com/gptbot)"
74.7.243.216 - - [01/Mar/2026:14:15:13 +0000] "GET /whsy.php?e=anycast6&p=%2Fproc%2F30534%2Fnet HTTP/2.0" 200 2506 "https://23rdbank.com/whsy.php?p=%2Fproc%2F30534%2Fnet" "Mozilla/5.0 AppleWebKit/537.36 (KHTML, like Gecko; compatible; GPTBot/1.3; +https://openai.com/gptbot)"
74.7.243.195 - - [01/Mar/2026:14:15:13 +0000] "GET /whsy.php?e=auxv&p=%2Fproc%2F24183 HTTP/2.0" 200 1936 "https://www.23rdbank.com.lab2454.com/whsy.php?p=%2Fproc%2F24183" "Mozilla/5.0 AppleWebKit/537.36 (KHTML, like Gecko; compatible; GPTBot/1.3; +https://openai.com/gptbot)"
74.7.244.25 - - [01/Mar/2026:14:15:13 +0000] "GET /robots.txt HTTP/2.0" 404 - "-" "Mozilla/5.0 (Macintosh; Intel Mac OS X 10_15_7) AppleWebKit/537.36 (KHTML, like Gecko) Chrome/131.0.0.0 Safari/537.36; compatible; OAI-SearchBot/1.3; robots.txt; +https://openai.com/searchbot"
74.7.241.39 - - [01/Mar/2026:14:15:13 +0000] "GET /whsy.php?e=ip6_flowlabel&p=%2Fproc%2F25083%2Fnet HTTP/2.0" 200 830 "https://23rdbank.com.lab2454.com/whsy.php?p=%2Fproc%2F25083%2Fnet" "Mozilla/5.0 AppleWebKit/537.36 (KHTML, like Gecko; compatible; GPTBot/1.3; +https://openai.com/gptbot)"
74.7.243.195 - - [01/Mar/2026:14:15:40 +0000] "GET /whsy.php?e=pagemap&p=%2Fproc%2F29459 HTTP/2.0" 200 560 "https://www.23rdbank.com.lab2454.com/whsy.php?p=%2Fproc%2F29459" "Mozilla/5.0 AppleWebKit/537.36 (KHTML, like Gecko; compatible; GPTBot/1.3; +https://openai.com/gptbot)"
74.7.241.39 - - [01/Mar/2026:14:15:41 +0000] "GET /whsy.php?p=%2Fproc%2F12654%2Ftask%2F12686%2Fns HTTP/2.0" 200 830 "https://23rdbank.com.lab2454.com/whsy.php?p=%2Fproc%2F12654%2Ftask%2F12686" "Mozilla/5.0 AppleWebKit/537.36 (KHTML, like Gecko; compatible; GPTBot/1.3; +https://openai.com/gptbot)"
74.7.243.216 - - [01/Mar/2026:14:15:48 +0000] "GET /whsy.php?e=packet&p=%2Fproc%2F30534%2Fnet HTTP/2.0" 200 2571 "https://23rdbank.com/whsy.php?p=%2Fproc%2F30534%2Fnet" "Mozilla/5.0 AppleWebKit/537.36 (KHTML, like Gecko; compatible; GPTBot/1.3; +https://openai.com/gptbot)"
74.7.243.195 - - [01/Mar/2026:14:15:53 +0000] "GET /whsy.php?e=pagemap&p=%2Fproc%2F29464 HTTP/2.0" 200 560 "https://www.23rdbank.com.lab2454.com/whsy.php?p=%2Fproc%2F29464" "Mozilla/5.0 AppleWebKit/537.36 (KHTML, like Gecko; compatible; GPTBot/1.3; +https://openai.com/gptbot)"
74.7.241.39 - - [01/Mar/2026:14:15:54 +0000] "GET /whsy.php?p=%2Fproc%2F30447%2Ftask%2F30454%2Fns HTTP/2.0" 200 830 "https://23rdbank.com.lab2454.com/whsy.php?p=%2Fproc%2F30447%2Ftask%2F30454" "Mozilla/5.0 AppleWebKit/537.36 (KHTML, like Gecko; compatible; GPTBot/1.3; +https://openai.com/gptbot)"
74.7.243.216 - - [01/Mar/2026:14:15:59 +0000] "GET /whsy.php?e=projid_map&p=%2Fproc%2F15331 HTTP/2.0" 200 2028 "https://23rdbank.com/whsy.php?p=%2Fproc%2F15331" "Mozilla/5.0 AppleWebKit/537.36 (KHTML, like Gecko; compatible; GPTBot/1.3; +https://openai.com/gptbot)"
74.7.243.195 - - [01/Mar/2026:14:16:04 +0000] "GET /whsy.php?e=pagemap&p=%2Fproc%2F27696 HTTP/2.0" 200 830 "https://www.23rdbank.com.lab2454.com/whsy.php?p=%2Fproc%2F27696" "Mozilla/5.0 AppleWebKit/537.36 (KHTML, like Gecko; compatible; GPTBot/1.3; +https://openai.com/gptbot)"
74.7.241.39 - - [01/Mar/2026:14:16:04 +0000] "GET /whsy.php?p=%2Fproc%2F12654%2Ftask%2F12686%2Ffd HTTP/2.0" 200 830 "https://23rdbank.com.lab2454.com/whsy.php?p=%2Fproc%2F12654%2Ftask%2F12686" "Mozilla/5.0 AppleWebKit/537.36 (KHTML, like Gecko; compatible; GPTBot/1.3; +https://openai.com/gptbot)"
74.7.243.195 - - [01/Mar/2026:14:16:14 +0000] "GET /whsy.php?e=syscall&p=%2Fproc%2F29452 HTTP/2.0" 200 2019 "https://www.23rdbank.com.lab2454.com/whsy.php?p=%2Fproc%2F29452" "Mozilla/5.0 AppleWebKit/537.36 (KHTML, like Gecko; compatible; GPTBot/1.3; +https://openai.com/gptbot)"
74.7.241.39 - - [01/Mar/2026:14:16:14 +0000] "GET /whsy.php?e=ip6_tables_targets&p=%2Fproc%2F12654%2Ftask%2F12686%2Fnet HTTP/2.0" 200 830 "https://23rdbank.com.lab2454.com/whsy.php?p=%2Fproc%2F12654%2Ftask%2F12686%2Fnet" "Mozilla/5.0 AppleWebKit/537.36 (KHTML, like Gecko; compatible; GPTBot/1.3; +https://openai.com/gptbot)"
74.7.243.216 - - [01/Mar/2026:14:16:18 +0000] "GET /whsy.php?p=%2Fproc%2F12054%2Ffdinfo HTTP/2.0" 200 830 "https://23rdbank.com/whsy.php?p=%2Fproc%2F12054" "Mozilla/5.0 AppleWebKit/537.36 (KHTML, like Gecko; compatible; GPTBot/1.3; +https://openai.com/gptbot)"
74.7.243.195 - - [01/Mar/2026:14:16:22 +0000] "GET /whsy.php?e=syscall&p=%2Fproc%2F29462 HTTP/2.0" 200 2041 "https://www.23rdbank.com.lab2454.com/whsy.php?p=%2Fproc%2F29462" "Mozilla/5.0 AppleWebKit/537.36 (KHTML, like Gecko; compatible; GPTBot/1.3; +https://openai.com/gptbot)"
74.7.241.39 - - [01/Mar/2026:14:16:22 +0000] "GET /whsy.php?p=%2Fproc%2F13796%2Ftask%2F14009%2Fnet%2Fnfsfs HTTP/2.0" 200 830 "https://23rdbank.com.lab2454.com/whsy.php?p=%2Fproc%2F13796%2Ftask%2F14009%2Fnet" "Mozilla/5.0 AppleWebKit/537.36 (KHTML, like Gecko; compatible; GPTBot/1.3; +https://openai.com/gptbot)"
74.7.243.195 - - [01/Mar/2026:14:16:31 +0000] "GET /whsy.php?e=pagemap&p=%2Fproc%2F19201 HTTP/2.0" 200 1936 "https://www.23rdbank.com.lab2454.com/whsy.php?p=%2Fproc%2F19201" "Mozilla/5.0 AppleWebKit/537.36 (KHTML, like Gecko; compatible; GPTBot/1.3; +https://openai.com/gptbot)"
74.7.241.39 - - [01/Mar/2026:14:16:31 +0000] "GET /whsy.php?p=%2Fproc%2F11146%2Ftask%2F24282%2Fnet%2Fipt_hashlimit HTTP/2.0" 200 520 "https://23rdbank.com.lab2454.com/whsy.php?p=%2Fproc%2F11146%2Ftask%2F24282%2Fnet" "Mozilla/5.0 AppleWebKit/537.36 (KHTML, like Gecko; compatible; GPTBot/1.3; +https://openai.com/gptbot)"
74.7.243.216 - - [01/Mar/2026:14:16:36 +0000] "GET /whsy.php?e=if_inet6&p=%2Fproc%2F30534%2Fnet HTTP/2.0" 200 830 "https://23rdbank.com/whsy.php?p=%2Fproc%2F30534%2Fnet" "Mozilla/5.0 AppleWebKit/537.36 (KHTML, like Gecko; compatible; GPTBot/1.3; +https://openai.com/gptbot)"
74.7.241.39 - - [01/Mar/2026:14:16:39 +0000] "GET /whsy.php?e=coredump_filter&p=%2Fproc%2F26664 HTTP/2.0" 200 830 "https://23rdbank.com.lab2454.com/whsy.php?p=%2Fproc%2F26664" "Mozilla/5.0 AppleWebKit/537.36 (KHTML, like Gecko; compatible; GPTBot/1.3; +https://openai.com/gptbot)"
74.7.243.195 - - [01/Mar/2026:14:16:39 +0000] "GET /whsy.php?e=pagemap&p=%2Fproc%2F29455 HTTP/2.0" 200 560 "https://www.23rdbank.com.lab2454.com/whsy.php?p=%2Fproc%2F29455" "Mozilla/5.0 AppleWebKit/537.36 (KHTML, like Gecko; compatible; GPTBot/1.3; +https://openai.com/gptbot)"
74.7.241.39 - - [01/Mar/2026:14:16:48 +0000] "GET /whsy.php?e=coredump_filter&p=%2Fproc%2F27000 HTTP/2.0" 200 830 "https://23rdbank.com.lab2454.com/whsy.php?p=%2Fproc%2F27000" "Mozilla/5.0 AppleWebKit/537.36 (KHTML, like Gecko; compatible; GPTBot/1.3; +https://openai.com/gptbot)"
74.7.243.195 - - [01/Mar/2026:14:16:48 +0000] "GET /whsy.php?e=pagemap&p=%2Fproc%2F31382 HTTP/2.0" 200 830 "https://www.23rdbank.com.lab2454.com/whsy.php?p=%2Fproc%2F31382" "Mozilla/5.0 AppleWebKit/537.36 (KHTML, like Gecko; compatible; GPTBot/1.3; +https://openai.com/gptbot)"
74.7.243.216 - - [01/Mar/2026:14:16:55 +0000] "GET /whsy.php?e=udplite6&p=%2Fproc%2F30534%2Fnet HTTP/2.0" 200 830 "https://23rdbank.com/whsy.php?p=%2Fproc%2F30534%2Fnet" "Mozilla/5.0 AppleWebKit/537.36 (KHTML, like Gecko; compatible; GPTBot/1.3; +https://openai.com/gptbot)"
74.7.241.39 - - [01/Mar/2026:14:16:58 +0000] "GET /whsy.php?e=io&p=%2Fproc%2F11146%2Ftask%2F11158 HTTP/2.0" 200 1802 "https://23rdbank.com.lab2454.com/whsy.php?p=%2Fproc%2F11146%2Ftask%2F11158" "Mozilla/5.0 AppleWebKit/537.36 (KHTML, like Gecko; compatible; GPTBot/1.3; +https://openai.com/gptbot)"
74.7.243.195 - - [01/Mar/2026:14:16:59 +0000] "GET /whsy.php?e=pagemap&p=%2Fproc%2F29462 HTTP/2.0" 200 560 "https://www.23rdbank.com.lab2454.com/whsy.php?p=%2Fproc%2F29462" "Mozilla/5.0 AppleWebKit/537.36 (KHTML, like Gecko; compatible; GPTBot/1.3; +https://openai.com/gptbot)"
74.7.241.39 - - [01/Mar/2026:14:17:21 +0000] "GET /whsy.php?e=io&p=%2Fproc%2F11146%2Ftask%2F11159 HTTP/2.0" 200 1801 "https://23rdbank.com.lab2454.com/whsy.php?p=%2Fproc%2F11146%2Ftask%2F11159" "Mozilla/5.0 AppleWebKit/537.36 (KHTML, like Gecko; compatible; GPTBot/1.3; +https://openai.com/gptbot)"
74.7.243.216 - - [01/Mar/2026:14:17:22 +0000] "GET /whsy.php?e=if_inet6&p=%2Fproc%2F15331%2Fnet HTTP/2.0" 200 2570 "https://23rdbank.com/whsy.php?p=%2Fproc%2F15331%2Fnet" "Mozilla/5.0 AppleWebKit/537.36 (KHTML, like Gecko; compatible; GPTBot/1.3; +https://openai.com/gptbot)"
74.7.243.195 - - [01/Mar/2026:14:17:22 +0000] "GET /whsy.php?e=pagemap&p=%2Fproc%2F29452 HTTP/2.0" 200 560 "https://www.23rdbank.com.lab2454.com/whsy.php?p=%2Fproc%2F29452" "Mozilla/5.0 AppleWebKit/537.36 (KHTML, like Gecko; compatible; GPTBot/1.3; +https://openai.com/gptbot)"
74.7.241.39 - - [01/Mar/2026:14:17:36 +0000] "GET /whsy.php?e=io&p=%2Fproc%2F11146%2Ftask%2F11153 HTTP/2.0" 200 1801 "https://23rdbank.com.lab2454.com/whsy.php?p=%2Fproc%2F11146%2Ftask%2F11153" "Mozilla/5.0 AppleWebKit/537.36 (KHTML, like Gecko; compatible; GPTBot/1.3; +https://openai.com/gptbot)"
74.7.243.216 - - [01/Mar/2026:14:17:38 +0000] "GET /whsy.php?e=udplite6&p=%2Fproc%2F15331%2Fnet HTTP/2.0" 200 2585 "https://23rdbank.com/whsy.php?p=%2Fproc%2F15331%2Fnet" "Mozilla/5.0 AppleWebKit/537.36 (KHTML, like Gecko; compatible; GPTBot/1.3; +https://openai.com/gptbot)"
74.7.243.195 - - [01/Mar/2026:14:17:40 +0000] "GET /whsy.php?e=stack&p=%2Fproc%2F29464 HTTP/2.0" 200 1977 "https://www.23rdbank.com.lab2454.com/whsy.php?p=%2Fproc%2F29464" "Mozilla/5.0 AppleWebKit/537.36 (KHTML, like Gecko; compatible; GPTBot/1.3; +https://openai.com/gptbot)"
74.7.241.39 - - [01/Mar/2026:14:17:49 +0000] "GET /whsy.php?e=io&p=%2Fproc%2F11146%2Ftask%2F11157 HTTP/2.0" 200 1802 "https://23rdbank.com.lab2454.com/whsy.php?p=%2Fproc%2F11146%2Ftask%2F11157" "Mozilla/5.0 AppleWebKit/537.36 (KHTML, like Gecko; compatible; GPTBot/1.3; +https://openai.com/gptbot)"
74.7.243.216 - - [01/Mar/2026:14:17:51 +0000] "GET /whsy.php?e=snmp&p=%2Fproc%2F15331%2Fnet HTTP/2.0" 200 3230 "https://23rdbank.com/whsy.php?p=%2Fproc%2F15331%2Fnet" "Mozilla/5.0 AppleWebKit/537.36 (KHTML, like Gecko; compatible; GPTBot/1.3; +https://openai.com/gptbot)"
74.7.243.195 - - [01/Mar/2026:14:17:53 +0000] "GET /whsy.php?e=stack&p=%2Fproc%2F19201 HTTP/2.0" 200 830 "https://www.23rdbank.com.lab2454.com/whsy.php?p=%2Fproc%2F19201" "Mozilla/5.0 AppleWebKit/537.36 (KHTML, like Gecko; compatible; GPTBot/1.3; +https://openai.com/gptbot)"
74.7.241.39 - - [01/Mar/2026:14:18:00 +0000] "GET /whsy.php?e=io&p=%2Fproc%2F11146%2Ftask%2F11162 HTTP/2.0" 200 1800 "https://23rdbank.com.lab2454.com/whsy.php?p=%2Fproc%2F11146%2Ftask%2F11162" "Mozilla/5.0 AppleWebKit/537.36 (KHTML, like Gecko; compatible; GPTBot/1.3; +https://openai.com/gptbot)"
74.7.243.216 - - [01/Mar/2026:14:18:01 +0000] "GET /whsy.php?e=rt_acct&p=%2Fproc%2F15331%2Fnet HTTP/2.0" 200 2530 "https://23rdbank.com/whsy.php?p=%2Fproc%2F15331%2Fnet" "Mozilla/5.0 AppleWebKit/537.36 (KHTML, like Gecko; compatible; GPTBot/1.3; +https://openai.com/gptbot)"
74.7.243.195 - - [01/Mar/2026:14:18:02 +0000] "GET /whsy.php?e=statm&p=%2Fproc%2F27696 HTTP/2.0" 200 830 "https://www.23rdbank.com.lab2454.com/whsy.php?p=%2Fproc%2F27696" "Mozilla/5.0 AppleWebKit/537.36 (KHTML, like Gecko; compatible; GPTBot/1.3; +https://openai.com/gptbot)"
74.7.241.39 - - [01/Mar/2026:14:18:08 +0000] "GET /whsy.php?e=io&p=%2Fproc%2F11146%2Ftask%2F11161 HTTP/2.0" 200 1800 "https://23rdbank.com.lab2454.com/whsy.php?p=%2Fproc%2F11146%2Ftask%2F11161" "Mozilla/5.0 AppleWebKit/537.36 (KHTML, like Gecko; compatible; GPTBot/1.3; +https://openai.com/gptbot)"
74.7.243.216 - - [01/Mar/2026:14:18:09 +0000] "GET /whsy.php?e=rt_acct&p=%2Fproc%2F30534%2Fnet HTTP/2.0" 200 830 "https://23rdbank.com/whsy.php?p=%2Fproc%2F30534%2Fnet" "Mozilla/5.0 AppleWebKit/537.36 (KHTML, like Gecko; compatible; GPTBot/1.3; +https://openai.com/gptbot)"
74.7.243.195 - - [01/Mar/2026:14:18:10 +0000] "GET /whsy.php?e=statm&p=%2Fproc%2F31382 HTTP/2.0" 200 830 "https://www.23rdbank.com.lab2454.com/whsy.php?p=%2Fproc%2F31382" "Mozilla/5.0 AppleWebKit/537.36 (KHTML, like Gecko; compatible; GPTBot/1.3; +https://openai.com/gptbot)"
74.7.241.39 - - [01/Mar/2026:14:18:21 +0000] "GET /whsy.php?e=io&p=%2Fproc%2F26664%2Ftask%2F26676 HTTP/2.0" 200 830 "https://23rdbank.com.lab2454.com/whsy.php?p=%2Fproc%2F26664%2Ftask%2F26676" "Mozilla/5.0 AppleWebKit/537.36 (KHTML, like Gecko; compatible; GPTBot/1.3; +https://openai.com/gptbot)"
74.7.243.195 - - [01/Mar/2026:14:18:23 +0000] "GET /whsy.php?e=statm&p=%2Fproc%2F29459 HTTP/2.0" 200 2002 "https://www.23rdbank.com.lab2454.com/whsy.php?p=%2Fproc%2F29459" "Mozilla/5.0 AppleWebKit/537.36 (KHTML, like Gecko; compatible; GPTBot/1.3; +https://openai.com/gptbot)"
74.7.243.216 - - [01/Mar/2026:14:18:23 +0000] "GET /whsy.php?p=%2Fproc%2F15331%2Fnet%2Fnetfilter HTTP/2.0" 200 731 "https://23rdbank.com/whsy.php?p=%2Fproc%2F15331%2Fnet" "Mozilla/5.0 AppleWebKit/537.36 (KHTML, like Gecko; compatible; GPTBot/1.3; +https://openai.com/gptbot)"
74.7.241.39 - - [01/Mar/2026:14:18:38 +0000] "GET /whsy.php?e=ip6_tables_names&p=%2Fproc%2F18907%2Fnet HTTP/2.0" 200 2442 "https://23rdbank.com.lab2454.com/whsy.php?p=%2Fproc%2F18907%2Fnet" "Mozilla/5.0 AppleWebKit/537.36 (KHTML, like Gecko; compatible; GPTBot/1.3; +https://openai.com/gptbot)"
74.7.243.195 - - [01/Mar/2026:14:18:39 +0000] "GET /whsy.php?e=statm&p=%2Fproc%2F29455 HTTP/2.0" 200 2001 "https://www.23rdbank.com.lab2454.com/whsy.php?p=%2Fproc%2F29455" "Mozilla/5.0 AppleWebKit/537.36 (KHTML, like Gecko; compatible; GPTBot/1.3; +https://openai.com/gptbot)"
74.7.243.216 - - [01/Mar/2026:14:18:39 +0000] "GET /whsy.php?e=coredump_filter&p=%2Fproc%2F13854 HTTP/2.0" 200 830 "https://23rdbank.com/whsy.php?p=%2Fproc%2F13854" "Mozilla/5.0 AppleWebKit/537.36 (KHTML, like Gecko; compatible; GPTBot/1.3; +https://openai.com/gptbot)"
74.7.241.39 - - [01/Mar/2026:14:18:51 +0000] "GET /whsy.php?p=%2Fproc%2F11146%2Ftask%2F24282%2Fnet%2Fipt_hashlimit%2F.. HTTP/2.0" 200 2468 "https://23rdbank.com.lab2454.com/whsy.php?p=%2Fproc%2F11146%2Ftask%2F24282%2Fnet%2Fipt_hashlimit" "Mozilla/5.0 AppleWebKit/537.36 (KHTML, like Gecko; compatible; GPTBot/1.3; +https://openai.com/gptbot)"
74.7.243.195 - - [01/Mar/2026:14:18:54 +0000] "GET /whsy.php?e=statm&p=%2Fproc%2F19201 HTTP/2.0" 200 830 "https://www.23rdbank.com.lab2454.com/whsy.php?p=%2Fproc%2F19201" "Mozilla/5.0 AppleWebKit/537.36 (KHTML, like Gecko; compatible; GPTBot/1.3; +https://openai.com/gptbot)"
74.7.243.216 - - [01/Mar/2026:14:18:55 +0000] "GET /whsy.php?p=%2Fproc%2F10008%2Fmap_files HTTP/2.0" 200 830 "https://23rdbank.com/whsy.php?p=%2Fproc%2F10008" "Mozilla/5.0 AppleWebKit/537.36 (KHTML, like Gecko; compatible; GPTBot/1.3; +https://openai.com/gptbot)"
74.7.241.39 - - [01/Mar/2026:14:19:10 +0000] "GET /whsy.php?p=%2Fproc%2F11146%2Ftask%2F13960%2Ffdinfo HTTP/2.0" 200 830 "https://23rdbank.com.lab2454.com/whsy.php?p=%2Fproc%2F11146%2Ftask%2F13960" "Mozilla/5.0 AppleWebKit/537.36 (KHTML, like Gecko; compatible; GPTBot/1.3; +https://openai.com/gptbot)"
74.7.243.195 - - [01/Mar/2026:14:19:13 +0000] "GET /whsy.php?e=stack&p=%2Fproc%2F29455 HTTP/2.0" 200 1979 "https://www.23rdbank.com.lab2454.com/whsy.php?p=%2Fproc%2F29455" "Mozilla/5.0 AppleWebKit/537.36 (KHTML, like Gecko; compatible; GPTBot/1.3; +https://openai.com/gptbot)"
74.7.243.216 - - [01/Mar/2026:14:19:13 +0000] "GET /whsy.php?e=projid_map&p=%2Fproc%2F13854 HTTP/2.0" 200 830 "https://23rdbank.com/whsy.php?p=%2Fproc%2F13854" "Mozilla/5.0 AppleWebKit/537.36 (KHTML, like Gecko; compatible; GPTBot/1.3; +https://openai.com/gptbot)"
74.7.241.39 - - [01/Mar/2026:14:19:20 +0000] "GET /whsy.php?e=ip6_mr_vif&p=%2Fproc%2F18907%2Fnet HTTP/2.0" 200 2547 "https://23rdbank.com.lab2454.com/whsy.php?p=%2Fproc%2F18907%2Fnet" "Mozilla/5.0 AppleWebKit/537.36 (KHTML, like Gecko; compatible; GPTBot/1.3; +https://openai.com/gptbot)"
74.7.243.195 - - [01/Mar/2026:14:19:21 +0000] "GET /whsy.php?e=stack&p=%2Fproc%2F31382 HTTP/2.0" 200 830 "https://www.23rdbank.com.lab2454.com/whsy.php?p=%2Fproc%2F31382" "Mozilla/5.0 AppleWebKit/537.36 (KHTML, like Gecko; compatible; GPTBot/1.3; +https://openai.com/gptbot)"
74.7.243.216 - - [01/Mar/2026:14:19:21 +0000] "GET /whsy.php?e=projid_map&p=%2Fproc%2F12054 HTTP/2.0" 200 830 "https://23rdbank.com/whsy.php?p=%2Fproc%2F12054" "Mozilla/5.0 AppleWebKit/537.36 (KHTML, like Gecko; compatible; GPTBot/1.3; +https://openai.com/gptbot)"
74.7.241.39 - - [01/Mar/2026:14:19:39 +0000] "GET /whsy.php?e=arp_tables_targets&p=%2Fproc%2F12654%2Ftask%2F12686%2Fnet HTTP/2.0" 200 830 "https://23rdbank.com.lab2454.com/whsy.php?p=%2Fproc%2F12654%2Ftask%2F12686%2Fnet" "Mozilla/5.0 AppleWebKit/537.36 (KHTML, like Gecko; compatible; GPTBot/1.3; +https://openai.com/gptbot)"
74.7.243.195 - - [01/Mar/2026:14:19:40 +0000] "GET /whsy.php?e=stack&p=%2Fproc%2F29459 HTTP/2.0" 200 1979 "https://www.23rdbank.com.lab2454.com/whsy.php?p=%2Fproc%2F29459" "Mozilla/5.0 AppleWebKit/537.36 (KHTML, like Gecko; compatible; GPTBot/1.3; +https://openai.com/gptbot)"
74.7.243.216 - - [01/Mar/2026:14:19:40 +0000] "GET /whsy.php?e=projid_map&p=%2Fproc%2F30534 HTTP/2.0" 200 830 "https://23rdbank.com/whsy.php?p=%2Fproc%2F30534" "Mozilla/5.0 AppleWebKit/537.36 (KHTML, like Gecko; compatible; GPTBot/1.3; +https://openai.com/gptbot)"
74.7.241.39 - - [01/Mar/2026:14:19:52 +0000] "GET /whsy.php?e=ip_vs_stats&p=%2Fproc%2F25083%2Fnet HTTP/2.0" 200 830 "https://23rdbank.com.lab2454.com/whsy.php?p=%2Fproc%2F25083%2Fnet" "Mozilla/5.0 AppleWebKit/537.36 (KHTML, like Gecko; compatible; GPTBot/1.3; +https://openai.com/gptbot)"
74.7.243.195 - - [01/Mar/2026:14:19:53 +0000] "GET /whsy.php?e=statm&p=%2Fproc%2F29464 HTTP/2.0" 200 2002 "https://www.23rdbank.com.lab2454.com/whsy.php?p=%2Fproc%2F29464" "Mozilla/5.0 AppleWebKit/537.36 (KHTML, like Gecko; compatible; GPTBot/1.3; +https://openai.com/gptbot)"
74.7.243.216 - - [01/Mar/2026:14:19:53 +0000] "GET /whsy.php?e=projid_map&p=%2Fproc%2F18173 HTTP/2.0" 200 830 "https://23rdbank.com/whsy.php?p=%2Fproc%2F18173" "Mozilla/5.0 AppleWebKit/537.36 (KHTML, like Gecko; compatible; GPTBot/1.3; +https://openai.com/gptbot)"
74.7.241.39 - - [01/Mar/2026:14:20:04 +0000] "GET /whsy.php?e=ip_vs_stats&p=%2Fproc%2F23081%2Fnet HTTP/2.0" 200 830 "https://23rdbank.com.lab2454.com/whsy.php?p=%2Fproc%2F23081%2Fnet" "Mozilla/5.0 AppleWebKit/537.36 (KHTML, like Gecko; compatible; GPTBot/1.3; +https://openai.com/gptbot)"
74.7.243.195 - - [01/Mar/2026:14:20:07 +0000] "GET /whsy.php?e=stack&p=%2Fproc%2F27696 HTTP/2.0" 200 830 "https://www.23rdbank.com.lab2454.com/whsy.php?p=%2Fproc%2F27696" "Mozilla/5.0 AppleWebKit/537.36 (KHTML, like Gecko; compatible; GPTBot/1.3; +https://openai.com/gptbot)"
74.7.243.216 - - [01/Mar/2026:14:20:07 +0000] "GET /whsy.php?p=%2Fproc%2F18173%2Fmap_files HTTP/2.0" 200 830 "https://23rdbank.com/whsy.php?p=%2Fproc%2F18173" "Mozilla/5.0 AppleWebKit/537.36 (KHTML, like Gecko; compatible; GPTBot/1.3; +https://openai.com/gptbot)"
74.7.241.39 - - [01/Mar/2026:14:20:23 +0000] "GET /whsy.php?e=ip_mr_cache&p=%2Fproc%2F11330%2Fnet HTTP/2.0" 200 830 "https://23rdbank.com.lab2454.com/whsy.php?p=%2Fproc%2F11330%2Fnet" "Mozilla/5.0 AppleWebKit/537.36 (KHTML, like Gecko; compatible; GPTBot/1.3; +https://openai.com/gptbot)"
74.7.243.195 - - [01/Mar/2026:14:20:24 +0000] "GET /whsy.php?e=autogroup&p=%2Fproc%2F19201 HTTP/2.0" 200 830 "https://www.23rdbank.com.lab2454.com/whsy.php?p=%2Fproc%2F19201" "Mozilla/5.0 AppleWebKit/537.36 (KHTML, like Gecko; compatible; GPTBot/1.3; +https://openai.com/gptbot)"
74.7.243.216 - - [01/Mar/2026:14:20:24 +0000] "GET /whsy.php?p=%2Fproc%2F30534%2Fmap_files HTTP/2.0" 200 830 "https://23rdbank.com/whsy.php?p=%2Fproc%2F30534" "Mozilla/5.0 AppleWebKit/537.36 (KHTML, like Gecko; compatible; GPTBot/1.3; +https://openai.com/gptbot)"
74.7.241.39 - - [01/Mar/2026:14:20:32 +0000] "GET /whsy.php?e=ip_vs_stats&p=%2Fproc%2F18632%2Fnet HTTP/2.0" 200 2590 "https://23rdbank.com.lab2454.com/whsy.php?p=%2Fproc%2F18632%2Fnet" "Mozilla/5.0 AppleWebKit/537.36 (KHTML, like Gecko; compatible; GPTBot/1.3; +https://openai.com/gptbot)"
74.7.243.195 - - [01/Mar/2026:14:20:33 +0000] "GET /whsy.php?e=autogroup&p=%2Fproc%2F29459 HTTP/2.0" 200 1996 "https://www.23rdbank.com.lab2454.com/whsy.php?p=%2Fproc%2F29459" "Mozilla/5.0 AppleWebKit/537.36 (KHTML, like Gecko; compatible; GPTBot/1.3; +https://openai.com/gptbot)"
