74.7.243.195 - - [01/Mar/2026:13:03:16 +0000] "GET /whsy.php?e=ksm_merging_pages&p=%2Fproc%2F16691 HTTP/2.0" 200 830 "https://www.23rdbank.com.lab2454.com/whsy.php?p=%2Fproc%2F16691" "Mozilla/5.0 AppleWebKit/537.36 (KHTML, like Gecko; compatible; GPTBot/1.3; +https://openai.com/gptbot)"
74.7.241.39 - - [01/Mar/2026:13:03:16 +0000] "GET /whsy.php?p=%2Fproc%2F21744%2F.. HTTP/2.0" 200 830 "https://23rdbank.com.lab2454.com/whsy.php?p=%2Fproc%2F21744" "Mozilla/5.0 AppleWebKit/537.36 (KHTML, like Gecko; compatible; GPTBot/1.3; +https://openai.com/gptbot)"
65.108.125.120 - - [01/Mar/2026:13:03:16 +0000] "GET /whsy.php?e=1696449389.M91708P5972.node3636.myfcloud.com,S=1461,W=1490&p=/home/lab2454c/mail/adenbic.com/info/new HTTP/1.1" 200 11556 "-" "Mozilla/5.0 (compatible; MJ12bot/v1.4.8; http://mj12bot.com/)"
74.7.243.216 - - [01/Mar/2026:13:03:16 +0000] "GET /whsy.php?p=%2Fproc%2F30507 HTTP/2.0" 200 830 "https://23rdbank.com/whsy.php?p=%2Fproc%2F26675%2F.." "Mozilla/5.0 AppleWebKit/537.36 (KHTML, like Gecko; compatible; GPTBot/1.3; +https://openai.com/gptbot)"
65.108.125.120 - - [01/Mar/2026:13:03:18 +0000] "GET /whsy.php?e=1696465071.M502462P24769.node3636.myfcloud.com,S=2617,W=2696&p=/home/lab2454c/mail/incforce.com/info/new HTTP/1.1" 200 27211 "-" "Mozilla/5.0 (compatible; MJ12bot/v1.4.8; http://mj12bot.com/)"
65.108.125.120 - - [01/Mar/2026:13:03:20 +0000] "GET /whsy.php?e=1696532805.M291473P27347.node3636.myfcloud.com,S=2187,W=2242&p=/home/lab2454c/mail/incforce.com/info/new HTTP/1.1" 200 27112 "-" "Mozilla/5.0 (compatible; MJ12bot/v1.4.8; http://mj12bot.com/)"
65.108.125.120 - - [01/Mar/2026:13:03:21 +0000] "GET /whsy.php?e=1696534436.M667890P13051.node3636.myfcloud.com,S=1483,W=1512&p=/home/lab2454c/mail/adenbic.com/info/new HTTP/1.1" 200 11552 "-" "Mozilla/5.0 (compatible; MJ12bot/v1.4.8; http://mj12bot.com/)"
74.7.243.195 - - [01/Mar/2026:13:03:22 +0000] "GET /whsy.php?e=ksm_merging_pages&p=%2Fproc%2F20575 HTTP/2.0" 200 830 "https://www.23rdbank.com.lab2454.com/whsy.php?p=%2Fproc%2F20575" "Mozilla/5.0 AppleWebKit/537.36 (KHTML, like Gecko; compatible; GPTBot/1.3; +https://openai.com/gptbot)"
74.7.241.39 - - [01/Mar/2026:13:03:22 +0000] "GET /whsy.php?p=%2Fproc%2F12329%2F.. HTTP/2.0" 200 830 "https://23rdbank.com.lab2454.com/whsy.php?p=%2Fproc%2F12329" "Mozilla/5.0 AppleWebKit/537.36 (KHTML, like Gecko; compatible; GPTBot/1.3; +https://openai.com/gptbot)"
74.7.243.216 - - [01/Mar/2026:13:03:23 +0000] "GET /whsy.php?p=%2Fproc%2F15331 HTTP/2.0" 200 1936 "https://23rdbank.com/whsy.php?p=%2Fproc%2F26675%2F.." "Mozilla/5.0 AppleWebKit/537.36 (KHTML, like Gecko; compatible; GPTBot/1.3; +https://openai.com/gptbot)"
74.7.244.25 - - [01/Mar/2026:13:03:23 +0000] "GET /robots.txt HTTP/2.0" 404 - "-" "Mozilla/5.0 (Macintosh; Intel Mac OS X 10_15_7) AppleWebKit/537.36 (KHTML, like Gecko) Chrome/131.0.0.0 Safari/537.36; compatible; OAI-SearchBot/1.3; robots.txt; +https://openai.com/searchbot"
65.108.125.120 - - [01/Mar/2026:13:03:24 +0000] "GET /whsy.php?e=1696661511.M484495P1867.node3636.myfcloud.com,S=2683,W=2756&p=/home/lab2454c/mail/incforce.com/info/new HTTP/1.1" 200 27257 "-" "Mozilla/5.0 (compatible; MJ12bot/v1.4.8; http://mj12bot.com/)"
65.108.125.120 - - [01/Mar/2026:13:03:25 +0000] "GET /whsy.php?e=1696691271.M473262P2307.node3636.myfcloud.com,S=2182,W=2237&p=/home/lab2454c/mail/incforce.com/info/new HTTP/1.1" 200 27090 "-" "Mozilla/5.0 (compatible; MJ12bot/v1.4.8; http://mj12bot.com/)"
74.7.243.195 - - [01/Mar/2026:13:03:27 +0000] "GET /whsy.php?e=ksm_merging_pages&p=%2Fproc%2F14334 HTTP/2.0" 200 830 "https://www.23rdbank.com.lab2454.com/whsy.php?p=%2Fproc%2F14334" "Mozilla/5.0 AppleWebKit/537.36 (KHTML, like Gecko; compatible; GPTBot/1.3; +https://openai.com/gptbot)"
74.7.241.39 - - [01/Mar/2026:13:03:27 +0000] "GET /whsy.php?p=%2Fproc%2F21248%2F.. HTTP/2.0" 200 830 "https://23rdbank.com.lab2454.com/whsy.php?p=%2Fproc%2F21248" "Mozilla/5.0 AppleWebKit/537.36 (KHTML, like Gecko; compatible; GPTBot/1.3; +https://openai.com/gptbot)"
74.7.243.216 - - [01/Mar/2026:13:03:27 +0000] "GET /whsy.php?p=%2Fproc%2F29505 HTTP/2.0" 200 830 "https://23rdbank.com/whsy.php?p=%2Fproc%2F26675%2F.." "Mozilla/5.0 AppleWebKit/537.36 (KHTML, like Gecko; compatible; GPTBot/1.3; +https://openai.com/gptbot)"
65.108.125.120 - - [01/Mar/2026:13:03:27 +0000] "GET /whsy.php?e=1696705786.M337958P13129.node3636.myfcloud.com,S=3950,W=4036&p=/home/lab2454c/mail/incforce.com/info/new HTTP/1.1" 200 27561 "-" "Mozilla/5.0 (compatible; MJ12bot/v1.4.8; http://mj12bot.com/)"
65.108.125.120 - - [01/Mar/2026:13:03:29 +0000] "GET /whsy.php?e=1696733898.M59468P12284.node3636.myfcloud.com,S=1458,W=1487&p=/home/lab2454c/mail/adenbic.com/info/new HTTP/1.1" 200 11566 "-" "Mozilla/5.0 (compatible; MJ12bot/v1.4.8; http://mj12bot.com/)"
65.108.125.120 - - [01/Mar/2026:13:03:31 +0000] "GET /whsy.php?e=1696749268.M143793P9798.node3636.myfcloud.com,S=1670,W=1699&p=/home/lab2454c/mail/adenbic.com/info/new HTTP/1.1" 200 11676 "-" "Mozilla/5.0 (compatible; MJ12bot/v1.4.8; http://mj12bot.com/)"
74.7.243.195 - - [01/Mar/2026:13:03:31 +0000] "GET /whsy.php?p=%2Fproc%2F20573%2Fnet%2Fdev_snmp6 HTTP/2.0" 200 830 "https://www.23rdbank.com.lab2454.com/whsy.php?p=%2Fproc%2F20573%2Fnet" "Mozilla/5.0 AppleWebKit/537.36 (KHTML, like Gecko; compatible; GPTBot/1.3; +https://openai.com/gptbot)"
74.7.241.39 - - [01/Mar/2026:13:03:31 +0000] "GET /whsy.php?e=ksm_merging_pages&p=%2Fproc%2F11870 HTTP/2.0" 200 830 "https://23rdbank.com.lab2454.com/whsy.php?p=%2Fproc%2F11870" "Mozilla/5.0 AppleWebKit/537.36 (KHTML, like Gecko; compatible; GPTBot/1.3; +https://openai.com/gptbot)"
74.7.243.216 - - [01/Mar/2026:13:03:32 +0000] "GET /whsy.php?p=%2Fproc%2F13526 HTTP/2.0" 200 830 "https://23rdbank.com/whsy.php?p=%2Fproc%2F26675%2F.." "Mozilla/5.0 AppleWebKit/537.36 (KHTML, like Gecko; compatible; GPTBot/1.3; +https://openai.com/gptbot)"
65.108.125.120 - - [01/Mar/2026:13:03:32 +0000] "GET /whsy.php?e=1696833321.M972841P19200.node3636.myfcloud.com,S=4517,W=4617&p=/home/lab2454c/mail/incforce.com/info/new HTTP/1.1" 200 27701 "-" "Mozilla/5.0 (compatible; MJ12bot/v1.4.8; http://mj12bot.com/)"
65.108.125.120 - - [01/Mar/2026:13:03:34 +0000] "GET /whsy.php?e=1696848134.M757561P13488.node3636.myfcloud.com,S=22567,W=22806&p=/home/lab2454c/mail/incforce.com/info/new HTTP/1.1" 200 29437 "-" "Mozilla/5.0 (compatible; MJ12bot/v1.4.8; http://mj12bot.com/)"
65.108.125.120 - - [01/Mar/2026:13:03:36 +0000] "GET /whsy.php?e=1696856402.M617578P29716.node3636.myfcloud.com,S=3160,W=3244&p=/home/lab2454c/mail/incforce.com/info/new HTTP/1.1" 200 27371 "-" "Mozilla/5.0 (compatible; MJ12bot/v1.4.8; http://mj12bot.com/)"
74.7.243.195 - - [01/Mar/2026:13:03:38 +0000] "GET /whsy.php?p=%2Fproc%2F23081%2Fnet%2Fdev_snmp6 HTTP/2.0" 200 830 "https://www.23rdbank.com.lab2454.com/whsy.php?p=%2Fproc%2F23081%2Fnet" "Mozilla/5.0 AppleWebKit/537.36 (KHTML, like Gecko; compatible; GPTBot/1.3; +https://openai.com/gptbot)"
74.7.241.39 - - [01/Mar/2026:13:03:38 +0000] "GET /whsy.php?e=ksm_merging_pages&p=%2Fproc%2F23081 HTTP/2.0" 200 830 "https://23rdbank.com.lab2454.com/whsy.php?p=%2Fproc%2F23081" "Mozilla/5.0 AppleWebKit/537.36 (KHTML, like Gecko; compatible; GPTBot/1.3; +https://openai.com/gptbot)"
65.108.125.120 - - [01/Mar/2026:13:03:38 +0000] "GET /whsy.php?e=1696862541.M96773P9351.node3636.myfcloud.com,S=2026,W=2056&p=/home/lab2454c/mail/adenbic.com/info/new HTTP/1.1" 200 11812 "-" "Mozilla/5.0 (compatible; MJ12bot/v1.4.8; http://mj12bot.com/)"
74.7.243.216 - - [01/Mar/2026:13:03:39 +0000] "GET /whsy.php?p=%2Fproc%2F18173 HTTP/2.0" 200 1936 "https://23rdbank.com/whsy.php?p=%2Fproc%2F26675%2F.." "Mozilla/5.0 AppleWebKit/537.36 (KHTML, like Gecko; compatible; GPTBot/1.3; +https://openai.com/gptbot)"
65.108.125.120 - - [01/Mar/2026:13:03:40 +0000] "GET /whsy.php?e=1696885201.M950929P19943.node3636.myfcloud.com,S=2318,W=2363&p=/home/lab2454c/mail/adenbic.com/info/new HTTP/1.1" 200 12002 "-" "Mozilla/5.0 (compatible; MJ12bot/v1.4.8; http://mj12bot.com/)"
65.108.125.120 - - [01/Mar/2026:13:03:42 +0000] "GET /whsy.php?e=1696972293.M68746P12050.node3636.myfcloud.com,S=3193,W=3269&p=/home/lab2454c/mail/incforce.com/info/new HTTP/1.1" 200 27370 "-" "Mozilla/5.0 (compatible; MJ12bot/v1.4.8; http://mj12bot.com/)"
65.108.125.120 - - [01/Mar/2026:13:03:44 +0000] "GET /whsy.php?e=1697113772.M176911P29807.node3636.myfcloud.com,S=6358,W=6463&p=/home/lab2454c/mail/incforce.com/info/new HTTP/1.1" 200 28151 "-" "Mozilla/5.0 (compatible; MJ12bot/v1.4.8; http://mj12bot.com/)"
65.108.125.120 - - [01/Mar/2026:13:03:45 +0000] "GET /whsy.php?e=1697150685.M894406P2927.node3636.myfcloud.com,S=2701,W=2760&p=/home/lab2454c/mail/incforce.com/info/new HTTP/1.1" 200 27202 "-" "Mozilla/5.0 (compatible; MJ12bot/v1.4.8; http://mj12bot.com/)"
65.108.125.120 - - [01/Mar/2026:13:03:47 +0000] "GET /whsy.php?e=1697163525.M407437P13927.node3636.myfcloud.com,S=7909,W=8037&p=/home/lab2454c/mail/incforce.com/info/new HTTP/1.1" 200 28525 "-" "Mozilla/5.0 (compatible; MJ12bot/v1.4.8; http://mj12bot.com/)"
74.7.243.195 - - [01/Mar/2026:13:03:49 +0000] "GET /whsy.php?p=%2Fproc%2F16769%2Fnet%2Fdev_snmp6 HTTP/2.0" 200 982 "https://www.23rdbank.com.lab2454.com/whsy.php?p=%2Fproc%2F16769%2Fnet" "Mozilla/5.0 AppleWebKit/537.36 (KHTML, like Gecko; compatible; GPTBot/1.3; +https://openai.com/gptbot)"
74.7.241.39 - - [01/Mar/2026:13:03:49 +0000] "GET /whsy.php?p=%2Fproc%2F23081%2Ftask%2F23111 HTTP/2.0" 200 830 "https://23rdbank.com.lab2454.com/whsy.php?p=%2Fproc%2F23081%2Ftask" "Mozilla/5.0 AppleWebKit/537.36 (KHTML, like Gecko; compatible; GPTBot/1.3; +https://openai.com/gptbot)"
65.108.125.120 - - [01/Mar/2026:13:03:49 +0000] "GET /whsy.php?e=1697181594.M489938P13624.node3636.myfcloud.com,S=7146,W=7257&p=/home/lab2454c/mail/incforce.com/info/new HTTP/1.1" 200 28352 "-" "Mozilla/5.0 (compatible; MJ12bot/v1.4.8; http://mj12bot.com/)"
74.7.243.216 - - [01/Mar/2026:13:03:50 +0000] "GET /whsy.php?p=%2Fproc%2F29430 HTTP/2.0" 200 830 "https://23rdbank.com/whsy.php?p=%2Fproc%2F26675%2F.." "Mozilla/5.0 AppleWebKit/537.36 (KHTML, like Gecko; compatible; GPTBot/1.3; +https://openai.com/gptbot)"
65.108.125.120 - - [01/Mar/2026:13:03:51 +0000] "GET /whsy.php?e=1697184971.M475535P19974.node3636.myfcloud.com,S=7043,W=7154&p=/home/lab2454c/mail/incforce.com/info/new HTTP/1.1" 200 28388 "-" "Mozilla/5.0 (compatible; MJ12bot/v1.4.8; http://mj12bot.com/)"
65.108.125.120 - - [01/Mar/2026:13:03:52 +0000] "GET /whsy.php?e=1697185995.M6831P32665.node3636.myfcloud.com,S=2480,W=2535&p=/home/lab2454c/mail/incforce.com/info/new HTTP/1.1" 200 27202 "-" "Mozilla/5.0 (compatible; MJ12bot/v1.4.8; http://mj12bot.com/)"
65.108.125.120 - - [01/Mar/2026:13:03:54 +0000] "GET /whsy.php?e=1697274164.M298105P8244.node3636.myfcloud.com,S=4014,W=4100&p=/home/lab2454c/mail/incforce.com/info/new HTTP/1.1" 200 27599 "-" "Mozilla/5.0 (compatible; MJ12bot/v1.4.8; http://mj12bot.com/)"
65.108.125.120 - - [01/Mar/2026:13:03:56 +0000] "GET /whsy.php?e=1697326483.M909110P18772.node3636.myfcloud.com,S=2794,W=2868&p=/home/lab2454c/mail/incforce.com/info/new HTTP/1.1" 200 27281 "-" "Mozilla/5.0 (compatible; MJ12bot/v1.4.8; http://mj12bot.com/)"
65.108.125.120 - - [01/Mar/2026:13:03:58 +0000] "GET /whsy.php?e=1697384238.M924492P29080.node3636.myfcloud.com,S=1867,W=1896&p=/home/lab2454c/mail/adenbic.com/info/new HTTP/1.1" 200 11724 "-" "Mozilla/5.0 (compatible; MJ12bot/v1.4.8; http://mj12bot.com/)"
65.108.125.120 - - [01/Mar/2026:13:04:00 +0000] "GET /whsy.php?e=1697409644.M522225P7657.node3636.myfcloud.com,S=2110,W=2165&p=/home/lab2454c/mail/incforce.com/info/new HTTP/1.1" 200 27074 "-" "Mozilla/5.0 (compatible; MJ12bot/v1.4.8; http://mj12bot.com/)"
74.7.243.195 - - [01/Mar/2026:13:04:00 +0000] "GET /whsy.php?p=%2Fproc%2F13796%2Ftask%2F14009%2Fnet%2F.. HTTP/2.0" 200 830 "https://www.23rdbank.com.lab2454.com/whsy.php?p=%2Fproc%2F13796%2Ftask%2F14009%2Fnet" "Mozilla/5.0 AppleWebKit/537.36 (KHTML, like Gecko; compatible; GPTBot/1.3; +https://openai.com/gptbot)"
74.7.241.39 - - [01/Mar/2026:13:04:01 +0000] "GET /whsy.php?p=%2Fproc%2F23081%2Fnet%2Fxt_recent HTTP/2.0" 200 830 "https://23rdbank.com.lab2454.com/whsy.php?p=%2Fproc%2F23081%2Fnet" "Mozilla/5.0 AppleWebKit/537.36 (KHTML, like Gecko; compatible; GPTBot/1.3; +https://openai.com/gptbot)"
65.108.125.120 - - [01/Mar/2026:13:04:02 +0000] "GET /whsy.php?e=1697423118.M304477P613.node3636.myfcloud.com,S=3524,W=3596&p=/home/lab2454c/mail/incforce.com/info/new HTTP/1.1" 200 27471 "-" "Mozilla/5.0 (compatible; MJ12bot/v1.4.8; http://mj12bot.com/)"
74.7.243.216 - - [01/Mar/2026:13:04:02 +0000] "GET /whsy.php?e=timerslack_ns&p=%2Fproc%2F10008 HTTP/2.0" 200 2006 "https://23rdbank.com/whsy.php?p=%2Fproc%2F10008" "Mozilla/5.0 AppleWebKit/537.36 (KHTML, like Gecko; compatible; GPTBot/1.3; +https://openai.com/gptbot)"
65.108.125.120 - - [01/Mar/2026:13:04:03 +0000] "GET /whsy.php?e=1697444378.M812429P12421.node3636.myfcloud.com,S=2481,W=2528&p=/home/lab2454c/mail/adenbic.com/info/new HTTP/1.1" 200 12085 "-" "Mozilla/5.0 (compatible; MJ12bot/v1.4.8; http://mj12bot.com/)"
65.108.125.120 - - [01/Mar/2026:13:04:05 +0000] "GET /whsy.php?e=1697454037.M506548P719.node3636.myfcloud.com,S=22508,W=22747&p=/home/lab2454c/mail/incforce.com/info/new HTTP/1.1" 200 29423 "-" "Mozilla/5.0 (compatible; MJ12bot/v1.4.8; http://mj12bot.com/)"
65.108.125.120 - - [01/Mar/2026:13:04:07 +0000] "GET /whsy.php?e=1697551601.M832534P19668.node3636.myfcloud.com,S=5435,W=5561&p=/home/lab2454c/mail/incforce.com/info/new HTTP/1.1" 200 28028 "-" "Mozilla/5.0 (compatible; MJ12bot/v1.4.8; http://mj12bot.com/)"
65.108.125.120 - - [01/Mar/2026:13:04:09 +0000] "GET /whsy.php?e=1697561980.M854090P15725.node3636.myfcloud.com,S=1838,W=1867&p=/home/lab2454c/mail/adenbic.com/info/new HTTP/1.1" 200 11743 "-" "Mozilla/5.0 (compatible; MJ12bot/v1.4.8; http://mj12bot.com/)"
65.108.125.120 - - [01/Mar/2026:13:04:11 +0000] "GET /whsy.php?e=1697571709.M413073P28098.node3636.myfcloud.com,S=1970,W=1999&p=/home/lab2454c/mail/adenbic.com/info/new HTTP/1.1" 200 11783 "-" "Mozilla/5.0 (compatible; MJ12bot/v1.4.8; http://mj12bot.com/)"
74.7.243.195 - - [01/Mar/2026:13:04:11 +0000] "GET /whsy.php?e=ksm_merging_pages&p=%2Fproc%2F21250 HTTP/2.0" 200 830 "https://www.23rdbank.com.lab2454.com/whsy.php?p=%2Fproc%2F21250" "Mozilla/5.0 AppleWebKit/537.36 (KHTML, like Gecko; compatible; GPTBot/1.3; +https://openai.com/gptbot)"
74.7.241.39 - - [01/Mar/2026:13:04:12 +0000] "GET /whsy.php?p=%2Fproc%2F11146%2Ftask%2F29202%2Fnet%2Fipt_hashlimit%2F.. HTTP/2.0" 200 2467 "https://23rdbank.com.lab2454.com/whsy.php?p=%2Fproc%2F11146%2Ftask%2F29202%2Fnet%2Fipt_hashlimit" "Mozilla/5.0 AppleWebKit/537.36 (KHTML, like Gecko; compatible; GPTBot/1.3; +https://openai.com/gptbot)"
65.108.125.120 - - [01/Mar/2026:13:04:13 +0000] "GET /whsy.php?e=1697614798.M29023P13696.node3636.myfcloud.com,S=10917,W=11124&p=/home/lab2454c/mail/.spam/new HTTP/1.1" 200 54485 "-" "Mozilla/5.0 (compatible; MJ12bot/v1.4.8; http://mj12bot.com/)"
74.7.243.216 - - [01/Mar/2026:13:04:14 +0000] "GET /whsy.php?e=autogroup&p=%2Fproc%2F22254 HTTP/2.0" 200 2003 "https://23rdbank.com/whsy.php?p=%2Fproc%2F22254" "Mozilla/5.0 AppleWebKit/537.36 (KHTML, like Gecko; compatible; GPTBot/1.3; +https://openai.com/gptbot)"
65.108.125.120 - - [01/Mar/2026:13:04:15 +0000] "GET /whsy.php?e=1697627535.M43445P10818.node3636.myfcloud.com,S=6949,W=7057&p=/home/lab2454c/mail/incforce.com/info/new HTTP/1.1" 200 28343 "-" "Mozilla/5.0 (compatible; MJ12bot/v1.4.8; http://mj12bot.com/)"
65.108.125.120 - - [01/Mar/2026:13:04:16 +0000] "GET /whsy.php?e=1697635593.M761972P14233.node3636.myfcloud.com,S=1546,W=1576&p=/home/lab2454c/mail/adenbic.com/info/new HTTP/1.1" 200 11631 "-" "Mozilla/5.0 (compatible; MJ12bot/v1.4.8; http://mj12bot.com/)"
65.108.125.120 - - [01/Mar/2026:13:04:18 +0000] "GET /whsy.php?e=1697638884.M278985P18647.node3636.myfcloud.com,S=2246,W=2290&p=/home/lab2454c/mail/adenbic.com/info/new HTTP/1.1" 200 11965 "-" "Mozilla/5.0 (compatible; MJ12bot/v1.4.8; http://mj12bot.com/)"
65.108.125.120 - - [01/Mar/2026:13:04:20 +0000] "GET /whsy.php?e=1697732315.M720390P3665.node3636.myfcloud.com,S=2431,W=2477&p=/home/lab2454c/mail/adenbic.com/info/new HTTP/1.1" 200 12059 "-" "Mozilla/5.0 (compatible; MJ12bot/v1.4.8; http://mj12bot.com/)"
65.108.125.120 - - [01/Mar/2026:13:04:22 +0000] "GET /whsy.php?e=1697932899.M123305P24033.node3636.myfcloud.com,S=1616,W=1646&p=/home/lab2454c/mail/adenbic.com/info/new HTTP/1.1" 200 11670 "-" "Mozilla/5.0 (compatible; MJ12bot/v1.4.8; http://mj12bot.com/)"
74.7.243.195 - - [01/Mar/2026:13:04:22 +0000] "GET /whsy.php?e=ksm_merging_pages&p=%2Fproc%2F28868 HTTP/2.0" 200 830 "https://www.23rdbank.com.lab2454.com/whsy.php?p=%2Fproc%2F28868" "Mozilla/5.0 AppleWebKit/537.36 (KHTML, like Gecko; compatible; GPTBot/1.3; +https://openai.com/gptbot)"
74.7.241.39 - - [01/Mar/2026:13:04:23 +0000] "GET /whsy.php?e=ksm_merging_pages&p=%2Fproc%2F27000 HTTP/2.0" 200 830 "https://23rdbank.com.lab2454.com/whsy.php?p=%2Fproc%2F27000" "Mozilla/5.0 AppleWebKit/537.36 (KHTML, like Gecko; compatible; GPTBot/1.3; +https://openai.com/gptbot)"
65.108.125.120 - - [01/Mar/2026:13:04:24 +0000] "GET /whsy.php?e=1697950445.M67681P19008.node3636.myfcloud.com,S=2554,W=2609&p=/home/lab2454c/mail/incforce.com/info/new HTTP/1.1" 200 27190 "-" "Mozilla/5.0 (compatible; MJ12bot/v1.4.8; http://mj12bot.com/)"
74.7.243.216 - - [01/Mar/2026:13:04:25 +0000] "GET /whsy.php?e=autogroup&p=%2Fproc%2F22253 HTTP/2.0" 200 2002 "https://23rdbank.com/whsy.php?p=%2Fproc%2F22253" "Mozilla/5.0 AppleWebKit/537.36 (KHTML, like Gecko; compatible; GPTBot/1.3; +https://openai.com/gptbot)"
65.108.125.120 - - [01/Mar/2026:13:04:25 +0000] "GET /whsy.php?e=1698010596.M121676P14614.node3636.myfcloud.com,S=1548,W=1578&p=/home/lab2454c/mail/adenbic.com/info/new HTTP/1.1" 200 11632 "-" "Mozilla/5.0 (compatible; MJ12bot/v1.4.8; http://mj12bot.com/)"
65.108.125.120 - - [01/Mar/2026:13:04:27 +0000] "GET /whsy.php?e=1698013821.M446189P21122.node3636.myfcloud.com,S=2785,W=2836&p=/home/lab2454c/mail/adenbic.com/info/new HTTP/1.1" 200 12198 "-" "Mozilla/5.0 (compatible; MJ12bot/v1.4.8; http://mj12bot.com/)"
65.108.125.120 - - [01/Mar/2026:13:04:29 +0000] "GET /whsy.php?e=1698059990.M103531P31650.node3636.myfcloud.com,S=22588,W=22827&p=/home/lab2454c/mail/incforce.com/info/new HTTP/1.1" 200 29408 "-" "Mozilla/5.0 (compatible; MJ12bot/v1.4.8; http://mj12bot.com/)"
65.108.125.120 - - [01/Mar/2026:13:04:31 +0000] "GET /whsy.php?e=wpo-plugins-tables-list.json&p=/home/lab2454c/credityork.com/wp-content/uploads HTTP/1.1" 200 203977 "-" "Mozilla/5.0 (compatible; MJ12bot/v1.4.8; http://mj12bot.com/)"
74.7.243.195 - - [01/Mar/2026:13:04:34 +0000] "GET /whsy.php?e=ksm_merging_pages&p=%2Fproc%2F21248 HTTP/2.0" 200 830 "https://www.23rdbank.com.lab2454.com/whsy.php?p=%2Fproc%2F21248" "Mozilla/5.0 AppleWebKit/537.36 (KHTML, like Gecko; compatible; GPTBot/1.3; +https://openai.com/gptbot)"
74.7.241.39 - - [01/Mar/2026:13:04:35 +0000] "GET /whsy.php?e=ksm_merging_pages&p=%2Fproc%2F31335 HTTP/2.0" 200 830 "https://23rdbank.com.lab2454.com/whsy.php?p=%2Fproc%2F31335" "Mozilla/5.0 AppleWebKit/537.36 (KHTML, like Gecko; compatible; GPTBot/1.3; +https://openai.com/gptbot)"
74.7.243.216 - - [01/Mar/2026:13:04:36 +0000] "GET /whsy.php?e=schedstat&p=%2Fproc%2F22254 HTTP/2.0" 200 2020 "https://23rdbank.com/whsy.php?p=%2Fproc%2F22254" "Mozilla/5.0 AppleWebKit/537.36 (KHTML, like Gecko; compatible; GPTBot/1.3; +https://openai.com/gptbot)"
74.7.243.195 - - [01/Mar/2026:13:04:48 +0000] "GET /whsy.php?e=ksm_merging_pages&p=%2Fproc%2F21411 HTTP/2.0" 200 830 "https://www.23rdbank.com.lab2454.com/whsy.php?p=%2Fproc%2F21411" "Mozilla/5.0 AppleWebKit/537.36 (KHTML, like Gecko; compatible; GPTBot/1.3; +https://openai.com/gptbot)"
74.7.241.39 - - [01/Mar/2026:13:04:48 +0000] "GET /whsy.php?e=ksm_merging_pages&p=%2Fproc%2F25633 HTTP/2.0" 200 830 "https://23rdbank.com.lab2454.com/whsy.php?p=%2Fproc%2F25633" "Mozilla/5.0 AppleWebKit/537.36 (KHTML, like Gecko; compatible; GPTBot/1.3; +https://openai.com/gptbot)"
74.7.243.216 - - [01/Mar/2026:13:04:51 +0000] "GET /whsy.php?e=timerslack_ns&p=%2Fproc%2F13854 HTTP/2.0" 200 2008 "https://23rdbank.com/whsy.php?p=%2Fproc%2F13854" "Mozilla/5.0 AppleWebKit/537.36 (KHTML, like Gecko; compatible; GPTBot/1.3; +https://openai.com/gptbot)"
74.7.243.195 - - [01/Mar/2026:13:05:10 +0000] "GET /whsy.php?e=ksm_merging_pages&p=%2Fproc%2F28833 HTTP/2.0" 200 830 "https://www.23rdbank.com.lab2454.com/whsy.php?p=%2Fproc%2F28833" "Mozilla/5.0 AppleWebKit/537.36 (KHTML, like Gecko; compatible; GPTBot/1.3; +https://openai.com/gptbot)"
74.7.241.39 - - [01/Mar/2026:13:05:10 +0000] "GET /whsy.php?e=ksm_merging_pages&p=%2Fproc%2F19020 HTTP/2.0" 200 830 "https://23rdbank.com.lab2454.com/whsy.php?p=%2Fproc%2F19020" "Mozilla/5.0 AppleWebKit/537.36 (KHTML, like Gecko; compatible; GPTBot/1.3; +https://openai.com/gptbot)"
74.7.243.216 - - [01/Mar/2026:13:05:12 +0000] "GET /whsy.php?e=sessionid&p=%2Fproc%2F22253 HTTP/2.0" 200 2015 "https://23rdbank.com/whsy.php?p=%2Fproc%2F22253" "Mozilla/5.0 AppleWebKit/537.36 (KHTML, like Gecko; compatible; GPTBot/1.3; +https://openai.com/gptbot)"
74.7.243.195 - - [01/Mar/2026:13:05:19 +0000] "GET /whsy.php?e=ksm_merging_pages&p=%2Fproc%2F22318 HTTP/2.0" 200 830 "https://www.23rdbank.com.lab2454.com/whsy.php?p=%2Fproc%2F22318" "Mozilla/5.0 AppleWebKit/537.36 (KHTML, like Gecko; compatible; GPTBot/1.3; +https://openai.com/gptbot)"
74.7.241.39 - - [01/Mar/2026:13:05:19 +0000] "GET /whsy.php?e=ksm_merging_pages&p=%2Fproc%2F27375 HTTP/2.0" 200 830 "https://23rdbank.com.lab2454.com/whsy.php?p=%2Fproc%2F27375" "Mozilla/5.0 AppleWebKit/537.36 (KHTML, like Gecko; compatible; GPTBot/1.3; +https://openai.com/gptbot)"
74.7.243.216 - - [01/Mar/2026:13:05:20 +0000] "GET /whsy.php?e=timerslack_ns&p=%2Fproc%2F15331 HTTP/2.0" 200 2007 "https://23rdbank.com/whsy.php?p=%2Fproc%2F15331" "Mozilla/5.0 AppleWebKit/537.36 (KHTML, like Gecko; compatible; GPTBot/1.3; +https://openai.com/gptbot)"
65.108.125.120 - - [01/Mar/2026:13:04:33 +0000] "GET /whsy.php?p=/var/cpanel HTTP/1.1" 200 1000758 "-" "Mozilla/5.0 (compatible; MJ12bot/v1.4.8; http://mj12bot.com/)"
74.7.243.195 - - [01/Mar/2026:13:05:27 +0000] "GET /whsy.php?e=ksm_merging_pages&p=%2Fproc%2F20592 HTTP/2.0" 200 830 "https://www.23rdbank.com.lab2454.com/whsy.php?p=%2Fproc%2F20592" "Mozilla/5.0 AppleWebKit/537.36 (KHTML, like Gecko; compatible; GPTBot/1.3; +https://openai.com/gptbot)"
74.7.241.39 - - [01/Mar/2026:13:05:28 +0000] "GET /whsy.php?e=ksm_merging_pages&p=%2Fproc%2F17157 HTTP/2.0" 200 830 "https://23rdbank.com.lab2454.com/whsy.php?p=%2Fproc%2F17157" "Mozilla/5.0 AppleWebKit/537.36 (KHTML, like Gecko; compatible; GPTBot/1.3; +https://openai.com/gptbot)"
74.7.243.216 - - [01/Mar/2026:13:05:29 +0000] "GET /whsy.php?e=sessionid&p=%2Fproc%2F22254 HTTP/2.0" 200 2015 "https://23rdbank.com/whsy.php?p=%2Fproc%2F22254" "Mozilla/5.0 AppleWebKit/537.36 (KHTML, like Gecko; compatible; GPTBot/1.3; +https://openai.com/gptbot)"
74.7.243.195 - - [01/Mar/2026:13:05:35 +0000] "GET /whsy.php?e=nf_log&p=%2Fproc%2F16769%2Fnet%2Fnetfilter HTTP/2.0" 200 886 "https://www.23rdbank.com.lab2454.com/whsy.php?p=%2Fproc%2F16769%2Fnet%2Fnetfilter" "Mozilla/5.0 AppleWebKit/537.36 (KHTML, like Gecko; compatible; GPTBot/1.3; +https://openai.com/gptbot)"
74.7.241.39 - - [01/Mar/2026:13:05:35 +0000] "GET /whsy.php?e=ksm_merging_pages&p=%2Fproc%2F25363 HTTP/2.0" 200 830 "https://23rdbank.com.lab2454.com/whsy.php?p=%2Fproc%2F25363" "Mozilla/5.0 AppleWebKit/537.36 (KHTML, like Gecko; compatible; GPTBot/1.3; +https://openai.com/gptbot)"
74.7.243.216 - - [01/Mar/2026:13:05:37 +0000] "GET /whsy.php?e=setgroups&p=%2Fproc%2F22253 HTTP/2.0" 200 2006 "https://23rdbank.com/whsy.php?p=%2Fproc%2F22253" "Mozilla/5.0 AppleWebKit/537.36 (KHTML, like Gecko; compatible; GPTBot/1.3; +https://openai.com/gptbot)"
74.7.243.195 - - [01/Mar/2026:13:05:43 +0000] "GET /whsy.php?p=%2Fproc%2F12654%2Ftask%2F13327%2Fnet%2Fnfsfs HTTP/2.0" 200 830 "https://www.23rdbank.com.lab2454.com/whsy.php?p=%2Fproc%2F12654%2Ftask%2F13327%2Fnet" "Mozilla/5.0 AppleWebKit/537.36 (KHTML, like Gecko; compatible; GPTBot/1.3; +https://openai.com/gptbot)"
74.7.241.39 - - [01/Mar/2026:13:05:43 +0000] "GET /whsy.php?e=ksm_merging_pages&p=%2Fproc%2F25001 HTTP/2.0" 200 830 "https://23rdbank.com.lab2454.com/whsy.php?p=%2Fproc%2F25001" "Mozilla/5.0 AppleWebKit/537.36 (KHTML, like Gecko; compatible; GPTBot/1.3; +https://openai.com/gptbot)"
74.7.243.216 - - [01/Mar/2026:13:05:44 +0000] "GET /whsy.php?p=%2Fproc%2F18173%2Ffdinfo HTTP/2.0" 200 830 "https://23rdbank.com/whsy.php?p=%2Fproc%2F18173" "Mozilla/5.0 AppleWebKit/537.36 (KHTML, like Gecko; compatible; GPTBot/1.3; +https://openai.com/gptbot)"
74.7.243.195 - - [01/Mar/2026:13:05:50 +0000] "GET /whsy.php?e=coredump_filter&p=%2Fproc%2F19666 HTTP/2.0" 200 830 "https://www.23rdbank.com.lab2454.com/whsy.php?p=%2Fproc%2F19666" "Mozilla/5.0 AppleWebKit/537.36 (KHTML, like Gecko; compatible; GPTBot/1.3; +https://openai.com/gptbot)"
74.7.241.39 - - [01/Mar/2026:13:05:50 +0000] "GET /whsy.php?e=ksm_merging_pages&p=%2Fproc%2F12901 HTTP/2.0" 200 830 "https://23rdbank.com.lab2454.com/whsy.php?p=%2Fproc%2F12901" "Mozilla/5.0 AppleWebKit/537.36 (KHTML, like Gecko; compatible; GPTBot/1.3; +https://openai.com/gptbot)"
74.7.243.216 - - [01/Mar/2026:13:05:51 +0000] "GET /whsy.php?e=setgroups&p=%2Fproc%2F22254 HTTP/2.0" 200 2006 "https://23rdbank.com/whsy.php?p=%2Fproc%2F22254" "Mozilla/5.0 AppleWebKit/537.36 (KHTML, like Gecko; compatible; GPTBot/1.3; +https://openai.com/gptbot)"
74.7.243.195 - - [01/Mar/2026:13:05:58 +0000] "GET /whsy.php?e=coredump_filter&p=%2Fproc%2F31666 HTTP/2.0" 200 830 "https://www.23rdbank.com.lab2454.com/whsy.php?p=%2Fproc%2F31666" "Mozilla/5.0 AppleWebKit/537.36 (KHTML, like Gecko; compatible; GPTBot/1.3; +https://openai.com/gptbot)"
74.7.241.39 - - [01/Mar/2026:13:05:58 +0000] "GET /whsy.php?e=ksm_merging_pages&p=%2Fproc%2F27740 HTTP/2.0" 200 830 "https://23rdbank.com.lab2454.com/whsy.php?p=%2Fproc%2F27740" "Mozilla/5.0 AppleWebKit/537.36 (KHTML, like Gecko; compatible; GPTBot/1.3; +https://openai.com/gptbot)"
74.7.243.216 - - [01/Mar/2026:13:06:00 +0000] "GET /whsy.php?e=schedstat&p=%2Fproc%2F22253 HTTP/2.0" 200 2025 "https://23rdbank.com/whsy.php?p=%2Fproc%2F22253" "Mozilla/5.0 AppleWebKit/537.36 (KHTML, like Gecko; compatible; GPTBot/1.3; +https://openai.com/gptbot)"
65.108.125.120 - - [01/Mar/2026:13:05:22 +0000] "GET /whsy.php?p=/var/empty/sshd HTTP/1.1" 200 1001248 "-" "Mozilla/5.0 (compatible; MJ12bot/v1.4.8; http://mj12bot.com/)"
74.7.243.195 - - [01/Mar/2026:13:06:08 +0000] "GET /whsy.php?e=arp_tables_matches&p=%2Fproc%2F18907%2Fnet HTTP/2.0" 200 2442 "https://www.23rdbank.com.lab2454.com/whsy.php?p=%2Fproc%2F18907%2Fnet" "Mozilla/5.0 AppleWebKit/537.36 (KHTML, like Gecko; compatible; GPTBot/1.3; +https://openai.com/gptbot)"
74.7.243.216 - - [01/Mar/2026:13:06:10 +0000] "GET /whsy.php?e=stack&p=%2Fproc%2F13854 HTTP/2.0" 200 1936 "https://23rdbank.com/whsy.php?p=%2Fproc%2F13854" "Mozilla/5.0 AppleWebKit/537.36 (KHTML, like Gecko; compatible; GPTBot/1.3; +https://openai.com/gptbot)"
74.7.241.39 - - [01/Mar/2026:13:06:08 +0000] "GET /whsy.php?e=ksm_merging_pages&p=%2Fproc%2F13127 HTTP/2.0" 200 830 "https://23rdbank.com.lab2454.com/whsy.php?p=%2Fproc%2F13127" "Mozilla/5.0 AppleWebKit/537.36 (KHTML, like Gecko; compatible; GPTBot/1.3; +https://openai.com/gptbot)"
74.7.243.195 - - [01/Mar/2026:13:06:22 +0000] "GET /whsy.php?e=arp_tables_matches&p=%2Fproc%2F13796%2Fnet HTTP/2.0" 200 830 "https://www.23rdbank.com.lab2454.com/whsy.php?p=%2Fproc%2F13796%2Fnet" "Mozilla/5.0 AppleWebKit/537.36 (KHTML, like Gecko; compatible; GPTBot/1.3; +https://openai.com/gptbot)"
74.7.241.39 - - [01/Mar/2026:13:06:22 +0000] "GET /whsy.php?e=ksm_merging_pages&p=%2Fproc%2F16231 HTTP/2.0" 200 830 "https://23rdbank.com.lab2454.com/whsy.php?p=%2Fproc%2F16231" "Mozilla/5.0 AppleWebKit/537.36 (KHTML, like Gecko; compatible; GPTBot/1.3; +https://openai.com/gptbot)"
74.7.244.51 - - [01/Mar/2026:13:06:22 +0000] "GET /robots.txt HTTP/2.0" 404 - "-" "Mozilla/5.0 (Macintosh; Intel Mac OS X 10_15_7) AppleWebKit/537.36 (KHTML, like Gecko) Chrome/131.0.0.0 Safari/537.36; compatible; OAI-SearchBot/1.3; robots.txt; +https://openai.com/searchbot"
74.7.243.216 - - [01/Mar/2026:13:06:23 +0000] "GET /whsy.php?e=statm&p=%2Fproc%2F13854 HTTP/2.0" 200 2028 "https://23rdbank.com/whsy.php?p=%2Fproc%2F13854" "Mozilla/5.0 AppleWebKit/537.36 (KHTML, like Gecko; compatible; GPTBot/1.3; +https://openai.com/gptbot)"
74.7.243.195 - - [01/Mar/2026:13:06:27 +0000] "GET /whsy.php?e=ip6tnl0&p=%2Fproc%2F13796%2Ftask%2F14009%2Fnet%2Fdev_snmp6 HTTP/2.0" 200 830 "https://www.23rdbank.com.lab2454.com/whsy.php?p=%2Fproc%2F13796%2Ftask%2F14009%2Fnet%2Fdev_snmp6" "Mozilla/5.0 AppleWebKit/537.36 (KHTML, like Gecko; compatible; GPTBot/1.3; +https://openai.com/gptbot)"
74.7.241.39 - - [01/Mar/2026:13:06:28 +0000] "GET /whsy.php?e=ksm_merging_pages&p=%2Fproc%2F24757 HTTP/2.0" 200 830 "https://23rdbank.com.lab2454.com/whsy.php?p=%2Fproc%2F24757" "Mozilla/5.0 AppleWebKit/537.36 (KHTML, like Gecko; compatible; GPTBot/1.3; +https://openai.com/gptbot)"
74.7.230.58 - - [01/Mar/2026:13:06:28 +0000] "GET /robots.txt HTTP/2.0" 404 - "-" "Mozilla/5.0 (Macintosh; Intel Mac OS X 10_15_7) AppleWebKit/537.36 (KHTML, like Gecko) Chrome/131.0.0.0 Safari/537.36; compatible; OAI-SearchBot/1.3; robots.txt; +https://openai.com/searchbot"
74.7.243.216 - - [01/Mar/2026:13:06:29 +0000] "GET /whsy.php?e=pagemap&p=%2Fproc%2F22253 HTTP/2.0" 200 1935 "https://23rdbank.com/whsy.php?p=%2Fproc%2F22253" "Mozilla/5.0 AppleWebKit/537.36 (KHTML, like Gecko; compatible; GPTBot/1.3; +https://openai.com/gptbot)"
74.7.243.195 - - [01/Mar/2026:13:06:33 +0000] "GET /whsy.php?e=ip6gre0&p=%2Fproc%2F13796%2Ftask%2F14009%2Fnet%2Fdev_snmp6 HTTP/2.0" 200 830 "https://www.23rdbank.com.lab2454.com/whsy.php?p=%2Fproc%2F13796%2Ftask%2F14009%2Fnet%2Fdev_snmp6" "Mozilla/5.0 AppleWebKit/537.36 (KHTML, like Gecko; compatible; GPTBot/1.3; +https://openai.com/gptbot)"
74.7.241.39 - - [01/Mar/2026:13:06:33 +0000] "GET /whsy.php?e=ksm_merging_pages&p=%2Fproc%2F16762 HTTP/2.0" 200 830 "https://23rdbank.com.lab2454.com/whsy.php?p=%2Fproc%2F16762" "Mozilla/5.0 AppleWebKit/537.36 (KHTML, like Gecko; compatible; GPTBot/1.3; +https://openai.com/gptbot)"
74.7.243.216 - - [01/Mar/2026:13:06:34 +0000] "GET /whsy.php?e=syscall&p=%2Fproc%2F22253 HTTP/2.0" 200 1935 "https://23rdbank.com/whsy.php?p=%2Fproc%2F22253" "Mozilla/5.0 AppleWebKit/537.36 (KHTML, like Gecko; compatible; GPTBot/1.3; +https://openai.com/gptbot)"
74.7.243.195 - - [01/Mar/2026:13:06:38 +0000] "GET /whsy.php?e=connector&p=%2Fproc%2F22318%2Fnet HTTP/2.0" 200 830 "https://www.23rdbank.com.lab2454.com/whsy.php?p=%2Fproc%2F22318%2Fnet" "Mozilla/5.0 AppleWebKit/537.36 (KHTML, like Gecko; compatible; GPTBot/1.3; +https://openai.com/gptbot)"
74.7.241.39 - - [01/Mar/2026:13:06:38 +0000] "GET /whsy.php?e=ksm_merging_pages&p=%2Fproc%2F15911 HTTP/2.0" 200 830 "https://23rdbank.com.lab2454.com/whsy.php?p=%2Fproc%2F15911" "Mozilla/5.0 AppleWebKit/537.36 (KHTML, like Gecko; compatible; GPTBot/1.3; +https://openai.com/gptbot)"
74.7.243.216 - - [01/Mar/2026:13:06:39 +0000] "GET /whsy.php?e=syscall&p=%2Fproc%2F22254 HTTP/2.0" 200 1935 "https://23rdbank.com/whsy.php?p=%2Fproc%2F22254" "Mozilla/5.0 AppleWebKit/537.36 (KHTML, like Gecko; compatible; GPTBot/1.3; +https://openai.com/gptbot)"
74.7.243.195 - - [01/Mar/2026:13:06:43 +0000] "GET /whsy.php?e=connector&p=%2Fproc%2F25929%2Fnet HTTP/2.0" 200 830 "https://www.23rdbank.com.lab2454.com/whsy.php?p=%2Fproc%2F25929%2Fnet" "Mozilla/5.0 AppleWebKit/537.36 (KHTML, like Gecko; compatible; GPTBot/1.3; +https://openai.com/gptbot)"
74.7.241.39 - - [01/Mar/2026:13:06:43 +0000] "GET /whsy.php?e=ksm_merging_pages&p=%2Fproc%2F29656 HTTP/2.0" 200 830 "https://23rdbank.com.lab2454.com/whsy.php?p=%2Fproc%2F29656" "Mozilla/5.0 AppleWebKit/537.36 (KHTML, like Gecko; compatible; GPTBot/1.3; +https://openai.com/gptbot)"
74.7.243.216 - - [01/Mar/2026:13:06:43 +0000] "GET /whsy.php?e=pagemap&p=%2Fproc%2F22254 HTTP/2.0" 200 1935 "https://23rdbank.com/whsy.php?p=%2Fproc%2F22254" "Mozilla/5.0 AppleWebKit/537.36 (KHTML, like Gecko; compatible; GPTBot/1.3; +https://openai.com/gptbot)"
74.7.243.195 - - [01/Mar/2026:13:06:47 +0000] "GET /whsy.php?e=protocols&p=%2Fproc%2F25929%2Fnet HTTP/2.0" 200 830 "https://www.23rdbank.com.lab2454.com/whsy.php?p=%2Fproc%2F25929%2Fnet" "Mozilla/5.0 AppleWebKit/537.36 (KHTML, like Gecko; compatible; GPTBot/1.3; +https://openai.com/gptbot)"
74.7.241.39 - - [01/Mar/2026:13:06:47 +0000] "GET /whsy.php?e=ksm_merging_pages&p=%2Fproc%2F30280 HTTP/2.0" 200 830 "https://23rdbank.com.lab2454.com/whsy.php?p=%2Fproc%2F30280" "Mozilla/5.0 AppleWebKit/537.36 (KHTML, like Gecko; compatible; GPTBot/1.3; +https://openai.com/gptbot)"
74.7.243.216 - - [01/Mar/2026:13:06:48 +0000] "GET /whsy.php?e=schedstat&p=%2Fproc%2F13854 HTTP/2.0" 200 2030 "https://23rdbank.com/whsy.php?p=%2Fproc%2F13854" "Mozilla/5.0 AppleWebKit/537.36 (KHTML, like Gecko; compatible; GPTBot/1.3; +https://openai.com/gptbot)"
74.7.243.195 - - [01/Mar/2026:13:06:53 +0000] "GET /whsy.php?e=connector&p=%2Fproc%2F21248%2Fnet HTTP/2.0" 200 830 "https://www.23rdbank.com.lab2454.com/whsy.php?p=%2Fproc%2F21248%2Fnet" "Mozilla/5.0 AppleWebKit/537.36 (KHTML, like Gecko; compatible; GPTBot/1.3; +https://openai.com/gptbot)"
74.7.241.39 - - [01/Mar/2026:13:06:54 +0000] "GET /whsy.php?e=ksm_merging_pages&p=%2Fproc%2F15501 HTTP/2.0" 200 830 "https://23rdbank.com.lab2454.com/whsy.php?p=%2Fproc%2F15501" "Mozilla/5.0 AppleWebKit/537.36 (KHTML, like Gecko; compatible; GPTBot/1.3; +https://openai.com/gptbot)"
74.7.243.216 - - [01/Mar/2026:13:06:57 +0000] "GET /whsy.php?e=cwd&p=%2Fproc%2F13854 HTTP/2.0" 200 1936 "https://23rdbank.com/whsy.php?p=%2Fproc%2F13854" "Mozilla/5.0 AppleWebKit/537.36 (KHTML, like Gecko; compatible; GPTBot/1.3; +https://openai.com/gptbot)"
74.7.243.195 - - [01/Mar/2026:13:07:17 +0000] "GET /whsy.php?e=keycreate&p=%2Fproc%2F25364%2Fattr HTTP/2.0" 200 863 "https://www.23rdbank.com.lab2454.com/whsy.php?p=%2Fproc%2F25364%2Fattr" "Mozilla/5.0 AppleWebKit/537.36 (KHTML, like Gecko; compatible; GPTBot/1.3; +https://openai.com/gptbot)"
74.7.241.39 - - [01/Mar/2026:13:07:17 +0000] "GET /whsy.php?e=ksm_merging_pages&p=%2Fproc%2F27716 HTTP/2.0" 200 830 "https://23rdbank.com.lab2454.com/whsy.php?p=%2Fproc%2F27716" "Mozilla/5.0 AppleWebKit/537.36 (KHTML, like Gecko; compatible; GPTBot/1.3; +https://openai.com/gptbot)"
74.7.243.216 - - [01/Mar/2026:13:07:19 +0000] "GET /whsy.php?e=mem&p=%2Fproc%2F13854 HTTP/2.0" 200 1936 "https://23rdbank.com/whsy.php?p=%2Fproc%2F13854" "Mozilla/5.0 AppleWebKit/537.36 (KHTML, like Gecko; compatible; GPTBot/1.3; +https://openai.com/gptbot)"
74.7.243.195 - - [01/Mar/2026:13:07:28 +0000] "GET /whsy.php?e=keycreate&p=%2Fproc%2F20573%2Fattr HTTP/2.0" 200 830 "https://www.23rdbank.com.lab2454.com/whsy.php?p=%2Fproc%2F20573%2Fattr" "Mozilla/5.0 AppleWebKit/537.36 (KHTML, like Gecko; compatible; GPTBot/1.3; +https://openai.com/gptbot)"
74.7.241.39 - - [01/Mar/2026:13:07:28 +0000] "GET /whsy.php?e=ksm_merging_pages&p=%2Fproc%2F24535 HTTP/2.0" 200 830 "https://23rdbank.com.lab2454.com/whsy.php?p=%2Fproc%2F24535" "Mozilla/5.0 AppleWebKit/537.36 (KHTML, like Gecko; compatible; GPTBot/1.3; +https://openai.com/gptbot)"
74.7.243.216 - - [01/Mar/2026:13:07:30 +0000] "GET /whsy.php?e=mountinfo&p=%2Fproc%2F10008 HTTP/2.0" 200 2987 "https://23rdbank.com/whsy.php?p=%2Fproc%2F10008" "Mozilla/5.0 AppleWebKit/537.36 (KHTML, like Gecko; compatible; GPTBot/1.3; +https://openai.com/gptbot)"
74.7.243.195 - - [01/Mar/2026:13:07:38 +0000] "GET /whsy.php?e=keycreate&p=%2Fproc%2F23081%2Fattr HTTP/2.0" 200 830 "https://www.23rdbank.com.lab2454.com/whsy.php?p=%2Fproc%2F23081%2Fattr" "Mozilla/5.0 AppleWebKit/537.36 (KHTML, like Gecko; compatible; GPTBot/1.3; +https://openai.com/gptbot)"
74.7.241.39 - - [01/Mar/2026:13:07:38 +0000] "GET /whsy.php?e=ksm_merging_pages&p=%2Fproc%2F13001 HTTP/2.0" 200 830 "https://23rdbank.com.lab2454.com/whsy.php?p=%2Fproc%2F13001" "Mozilla/5.0 AppleWebKit/537.36 (KHTML, like Gecko; compatible; GPTBot/1.3; +https://openai.com/gptbot)"
74.7.243.216 - - [01/Mar/2026:13:07:40 +0000] "GET /whsy.php?e=stack&p=%2Fproc%2F15331 HTTP/2.0" 200 1936 "https://23rdbank.com/whsy.php?p=%2Fproc%2F15331" "Mozilla/5.0 AppleWebKit/537.36 (KHTML, like Gecko; compatible; GPTBot/1.3; +https://openai.com/gptbot)"
74.7.243.195 - - [01/Mar/2026:13:07:48 +0000] "GET /whsy.php?e=keycreate&p=%2Fproc%2F12654%2Fattr HTTP/2.0" 200 830 "https://www.23rdbank.com.lab2454.com/whsy.php?p=%2Fproc%2F12654%2Fattr" "Mozilla/5.0 AppleWebKit/537.36 (KHTML, like Gecko; compatible; GPTBot/1.3; +https://openai.com/gptbot)"
74.7.241.39 - - [01/Mar/2026:13:07:48 +0000] "GET /whsy.php?e=ksm_merging_pages&p=%2Fproc%2F11767 HTTP/2.0" 200 830 "https://23rdbank.com.lab2454.com/whsy.php?p=%2Fproc%2F11767" "Mozilla/5.0 AppleWebKit/537.36 (KHTML, like Gecko; compatible; GPTBot/1.3; +https://openai.com/gptbot)"
74.7.243.216 - - [01/Mar/2026:13:07:49 +0000] "GET /whsy.php?e=smaps&p=%2Fproc%2F13854 HTTP/2.0" 200 2121 "https://23rdbank.com/whsy.php?p=%2Fproc%2F13854" "Mozilla/5.0 AppleWebKit/537.36 (KHTML, like Gecko; compatible; GPTBot/1.3; +https://openai.com/gptbot)"
74.7.243.195 - - [01/Mar/2026:13:07:56 +0000] "GET /whsy.php?e=keycreate&p=%2Fproc%2F13258%2Fattr HTTP/2.0" 200 830 "https://www.23rdbank.com.lab2454.com/whsy.php?p=%2Fproc%2F13258%2Fattr" "Mozilla/5.0 AppleWebKit/537.36 (KHTML, like Gecko; compatible; GPTBot/1.3; +https://openai.com/gptbot)"
74.7.241.39 - - [01/Mar/2026:13:07:56 +0000] "GET /whsy.php?e=ksm_merging_pages&p=%2Fproc%2F32376 HTTP/2.0" 200 830 "https://23rdbank.com.lab2454.com/whsy.php?p=%2Fproc%2F32376" "Mozilla/5.0 AppleWebKit/537.36 (KHTML, like Gecko; compatible; GPTBot/1.3; +https://openai.com/gptbot)"
74.7.243.216 - - [01/Mar/2026:13:07:57 +0000] "GET /whsy.php?e=statm&p=%2Fproc%2F15331 HTTP/2.0" 200 2031 "https://23rdbank.com/whsy.php?p=%2Fproc%2F15331" "Mozilla/5.0 AppleWebKit/537.36 (KHTML, like Gecko; compatible; GPTBot/1.3; +https://openai.com/gptbot)"
74.7.243.195 - - [01/Mar/2026:13:08:04 +0000] "GET /whsy.php?e=keycreate&p=%2Fproc%2F19723%2Fattr HTTP/2.0" 200 830 "https://www.23rdbank.com.lab2454.com/whsy.php?p=%2Fproc%2F19723%2Fattr" "Mozilla/5.0 AppleWebKit/537.36 (KHTML, like Gecko; compatible; GPTBot/1.3; +https://openai.com/gptbot)"
74.7.241.39 - - [01/Mar/2026:13:08:04 +0000] "GET /whsy.php?e=ksm_merging_pages&p=%2Fproc%2F29694 HTTP/2.0" 200 830 "https://23rdbank.com.lab2454.com/whsy.php?p=%2Fproc%2F29694" "Mozilla/5.0 AppleWebKit/537.36 (KHTML, like Gecko; compatible; GPTBot/1.3; +https://openai.com/gptbot)"
74.7.243.216 - - [01/Mar/2026:13:08:06 +0000] "GET /whsy.php?e=mountinfo&p=%2Fproc%2F12054 HTTP/2.0" 200 2988 "https://23rdbank.com/whsy.php?p=%2Fproc%2F12054" "Mozilla/5.0 AppleWebKit/537.36 (KHTML, like Gecko; compatible; GPTBot/1.3; +https://openai.com/gptbot)"
74.7.243.195 - - [01/Mar/2026:13:08:15 +0000] "GET /whsy.php?e=keycreate&p=%2Fproc%2F26917%2Fattr HTTP/2.0" 200 863 "https://www.23rdbank.com.lab2454.com/whsy.php?p=%2Fproc%2F26917%2Fattr" "Mozilla/5.0 AppleWebKit/537.36 (KHTML, like Gecko; compatible; GPTBot/1.3; +https://openai.com/gptbot)"
74.7.241.39 - - [01/Mar/2026:13:08:16 +0000] "GET /whsy.php?e=ksm_merging_pages&p=%2Fproc%2F21744 HTTP/2.0" 200 830 "https://23rdbank.com.lab2454.com/whsy.php?p=%2Fproc%2F21744" "Mozilla/5.0 AppleWebKit/537.36 (KHTML, like Gecko; compatible; GPTBot/1.3; +https://openai.com/gptbot)"
74.7.243.216 - - [01/Mar/2026:13:08:18 +0000] "GET /whsy.php?e=mountinfo&p=%2Fproc%2F18173 HTTP/2.0" 200 830 "https://23rdbank.com/whsy.php?p=%2Fproc%2F18173" "Mozilla/5.0 AppleWebKit/537.36 (KHTML, like Gecko; compatible; GPTBot/1.3; +https://openai.com/gptbot)"
74.7.243.195 - - [01/Mar/2026:13:08:26 +0000] "GET /whsy.php?e=nf_log&p=%2Fproc%2F26917%2Fnet%2Fnetfilter HTTP/2.0" 200 886 "https://www.23rdbank.com.lab2454.com/whsy.php?p=%2Fproc%2F26917%2Fnet%2Fnetfilter" "Mozilla/5.0 AppleWebKit/537.36 (KHTML, like Gecko; compatible; GPTBot/1.3; +https://openai.com/gptbot)"
74.7.241.39 - - [01/Mar/2026:13:08:27 +0000] "GET /whsy.php?e=ksm_merging_pages&p=%2Fproc%2F11330 HTTP/2.0" 200 830 "https://23rdbank.com.lab2454.com/whsy.php?p=%2Fproc%2F11330" "Mozilla/5.0 AppleWebKit/537.36 (KHTML, like Gecko; compatible; GPTBot/1.3; +https://openai.com/gptbot)"
74.7.243.216 - - [01/Mar/2026:13:08:28 +0000] "GET /whsy.php?e=mountinfo&p=%2Fproc%2F13854 HTTP/2.0" 200 2988 "https://23rdbank.com/whsy.php?p=%2Fproc%2F13854" "Mozilla/5.0 AppleWebKit/537.36 (KHTML, like Gecko; compatible; GPTBot/1.3; +https://openai.com/gptbot)"
74.7.244.25 - - [01/Mar/2026:13:08:29 +0000] "GET /robots.txt HTTP/2.0" 404 - "-" "Mozilla/5.0 (Macintosh; Intel Mac OS X 10_15_7) AppleWebKit/537.36 (KHTML, like Gecko) Chrome/131.0.0.0 Safari/537.36; compatible; OAI-SearchBot/1.3; robots.txt; +https://openai.com/searchbot"
74.7.243.195 - - [01/Mar/2026:13:08:35 +0000] "GET /whsy.php?e=nf_log&p=%2Fproc%2F12654%2Fnet%2Fnetfilter HTTP/2.0" 200 830 "https://www.23rdbank.com.lab2454.com/whsy.php?p=%2Fproc%2F12654%2Fnet%2Fnetfilter" "Mozilla/5.0 AppleWebKit/537.36 (KHTML, like Gecko; compatible; GPTBot/1.3; +https://openai.com/gptbot)"
74.7.241.39 - - [01/Mar/2026:13:08:35 +0000] "GET /whsy.php?e=ksm_merging_pages&p=%2Fproc%2F24947 HTTP/2.0" 200 830 "https://23rdbank.com.lab2454.com/whsy.php?p=%2Fproc%2F24947" "Mozilla/5.0 AppleWebKit/537.36 (KHTML, like Gecko; compatible; GPTBot/1.3; +https://openai.com/gptbot)"
74.7.243.216 - - [01/Mar/2026:13:08:36 +0000] "GET /whsy.php?e=timerslack_ns&p=%2Fproc%2F18173 HTTP/2.0" 200 830 "https://23rdbank.com/whsy.php?p=%2Fproc%2F18173" "Mozilla/5.0 AppleWebKit/537.36 (KHTML, like Gecko; compatible; GPTBot/1.3; +https://openai.com/gptbot)"
74.7.243.195 - - [01/Mar/2026:13:08:44 +0000] "GET /whsy.php?e=nf_log&p=%2Fproc%2F20573%2Fnet%2Fnetfilter HTTP/2.0" 200 830 "https://www.23rdbank.com.lab2454.com/whsy.php?p=%2Fproc%2F20573%2Fnet%2Fnetfilter" "Mozilla/5.0 AppleWebKit/537.36 (KHTML, like Gecko; compatible; GPTBot/1.3; +https://openai.com/gptbot)"
74.7.241.39 - - [01/Mar/2026:13:08:44 +0000] "GET /whsy.php?p=%2Fproc%2F16769%2Fnet%2Fdev_snmp6 HTTP/2.0" 200 982 "https://23rdbank.com.lab2454.com/whsy.php?p=%2Fproc%2F16769%2Fnet" "Mozilla/5.0 AppleWebKit/537.36 (KHTML, like Gecko; compatible; GPTBot/1.3; +https://openai.com/gptbot)"
74.7.243.216 - - [01/Mar/2026:13:08:46 +0000] "GET /whsy.php?e=autogroup&p=%2Fproc%2F13854 HTTP/2.0" 200 2020 "https://23rdbank.com/whsy.php?p=%2Fproc%2F13854" "Mozilla/5.0 AppleWebKit/537.36 (KHTML, like Gecko; compatible; GPTBot/1.3; +https://openai.com/gptbot)"
74.7.243.195 - - [01/Mar/2026:13:08:56 +0000] "GET /whsy.php?e=nf_log&p=%2Fproc%2F26675%2Fnet%2Fnetfilter HTTP/2.0" 200 886 "https://www.23rdbank.com.lab2454.com/whsy.php?p=%2Fproc%2F26675%2Fnet%2Fnetfilter" "Mozilla/5.0 AppleWebKit/537.36 (KHTML, like Gecko; compatible; GPTBot/1.3; +https://openai.com/gptbot)"
74.7.241.39 - - [01/Mar/2026:13:08:56 +0000] "GET /whsy.php?p=%2Fproc%2F18867%2Fnet%2Fdev_snmp6 HTTP/2.0" 200 830 "https://23rdbank.com.lab2454.com/whsy.php?p=%2Fproc%2F18867%2Fnet" "Mozilla/5.0 AppleWebKit/537.36 (KHTML, like Gecko; compatible; GPTBot/1.3; +https://openai.com/gptbot)"
74.7.243.216 - - [01/Mar/2026:13:08:59 +0000] "GET /whsy.php?e=mountinfo&p=%2Fproc%2F15331 HTTP/2.0" 200 2988 "https://23rdbank.com/whsy.php?p=%2Fproc%2F15331" "Mozilla/5.0 AppleWebKit/537.36 (KHTML, like Gecko; compatible; GPTBot/1.3; +https://openai.com/gptbot)"
74.7.243.195 - - [01/Mar/2026:13:09:12 +0000] "GET /whsy.php?e=nf_log&p=%2Fproc%2F25364%2Fnet%2Fnetfilter HTTP/2.0" 200 886 "https://www.23rdbank.com.lab2454.com/whsy.php?p=%2Fproc%2F25364%2Fnet%2Fnetfilter" "Mozilla/5.0 AppleWebKit/537.36 (KHTML, like Gecko; compatible; GPTBot/1.3; +https://openai.com/gptbot)"
74.7.241.39 - - [01/Mar/2026:13:09:12 +0000] "GET /whsy.php?p=%2Fproc%2F20784%2Fnet%2Fdev_snmp6 HTTP/2.0" 200 830 "https://23rdbank.com.lab2454.com/whsy.php?p=%2Fproc%2F20784%2Fnet" "Mozilla/5.0 AppleWebKit/537.36 (KHTML, like Gecko; compatible; GPTBot/1.3; +https://openai.com/gptbot)"
74.7.243.216 - - [01/Mar/2026:13:09:14 +0000] "GET /whsy.php?e=stack&p=%2Fproc%2F12054 HTTP/2.0" 200 1936 "https://23rdbank.com/whsy.php?p=%2Fproc%2F12054" "Mozilla/5.0 AppleWebKit/537.36 (KHTML, like Gecko; compatible; GPTBot/1.3; +https://openai.com/gptbot)"
74.7.243.195 - - [01/Mar/2026:13:09:24 +0000] "GET /whsy.php?e=400000-798000&p=%2Fproc%2F26675%2Fmap_files HTTP/2.0" 200 14384 "https://www.23rdbank.com.lab2454.com/whsy.php?p=%2Fproc%2F26675%2Fmap_files" "Mozilla/5.0 AppleWebKit/537.36 (KHTML, like Gecko; compatible; GPTBot/1.3; +https://openai.com/gptbot)"
74.7.241.39 - - [01/Mar/2026:13:09:24 +0000] "GET /whsy.php?p=%2Fproc%2F23081%2Fnet%2Fdev_snmp6 HTTP/2.0" 200 830 "https://23rdbank.com.lab2454.com/whsy.php?p=%2Fproc%2F23081%2Fnet" "Mozilla/5.0 AppleWebKit/537.36 (KHTML, like Gecko; compatible; GPTBot/1.3; +https://openai.com/gptbot)"
74.7.243.216 - - [01/Mar/2026:13:09:26 +0000] "GET /whsy.php?e=wchan&p=%2Fproc%2F13854 HTTP/2.0" 200 2006 "https://23rdbank.com/whsy.php?p=%2Fproc%2F13854" "Mozilla/5.0 AppleWebKit/537.36 (KHTML, like Gecko; compatible; GPTBot/1.3; +https://openai.com/gptbot)"
74.7.243.195 - - [01/Mar/2026:13:09:33 +0000] "GET /whsy.php?p=%2Fproc%2F13796%2Ftask%2F14009%2Fnet%2Fstat HTTP/2.0" 200 830 "https://www.23rdbank.com.lab2454.com/whsy.php?p=%2Fproc%2F13796%2Ftask%2F14009%2Fnet" "Mozilla/5.0 AppleWebKit/537.36 (KHTML, like Gecko; compatible; GPTBot/1.3; +https://openai.com/gptbot)"
74.7.241.39 - - [01/Mar/2026:13:09:33 +0000] "GET /whsy.php?p=%2Fproc%2F11330%2Fnet%2Fdev_snmp6 HTTP/2.0" 200 830 "https://23rdbank.com.lab2454.com/whsy.php?p=%2Fproc%2F11330%2Fnet" "Mozilla/5.0 AppleWebKit/537.36 (KHTML, like Gecko; compatible; GPTBot/1.3; +https://openai.com/gptbot)"
74.7.243.216 - - [01/Mar/2026:13:09:34 +0000] "GET /whsy.php?e=statm&p=%2Fproc%2F18173 HTTP/2.0" 200 830 "https://23rdbank.com/whsy.php?p=%2Fproc%2F18173" "Mozilla/5.0 AppleWebKit/537.36 (KHTML, like Gecko; compatible; GPTBot/1.3; +https://openai.com/gptbot)"
74.7.243.195 - - [01/Mar/2026:13:09:40 +0000] "GET /whsy.php?p=%2Fproc%2F12654%2Ftask%2F13327%2Fnet%2Fvlan HTTP/2.0" 200 830 "https://www.23rdbank.com.lab2454.com/whsy.php?p=%2Fproc%2F12654%2Ftask%2F13327%2Fnet" "Mozilla/5.0 AppleWebKit/537.36 (KHTML, like Gecko; compatible; GPTBot/1.3; +https://openai.com/gptbot)"
74.7.241.39 - - [01/Mar/2026:13:09:41 +0000] "GET /whsy.php?p=%2Fproc%2F25083%2Fnet%2Fdev_snmp6 HTTP/2.0" 200 830 "https://23rdbank.com.lab2454.com/whsy.php?p=%2Fproc%2F25083%2Fnet" "Mozilla/5.0 AppleWebKit/537.36 (KHTML, like Gecko; compatible; GPTBot/1.3; +https://openai.com/gptbot)"
74.7.243.216 - - [01/Mar/2026:13:09:43 +0000] "GET /whsy.php?e=stack&p=%2Fproc%2F18173 HTTP/2.0" 200 830 "https://23rdbank.com/whsy.php?p=%2Fproc%2F18173" "Mozilla/5.0 AppleWebKit/537.36 (KHTML, like Gecko; compatible; GPTBot/1.3; +https://openai.com/gptbot)"
74.7.243.195 - - [01/Mar/2026:13:09:50 +0000] "GET /whsy.php?e=protocols&p=%2Fproc%2F22318%2Fnet HTTP/2.0" 200 830 "https://www.23rdbank.com.lab2454.com/whsy.php?p=%2Fproc%2F22318%2Fnet" "Mozilla/5.0 AppleWebKit/537.36 (KHTML, like Gecko; compatible; GPTBot/1.3; +https://openai.com/gptbot)"
74.7.241.39 - - [01/Mar/2026:13:09:51 +0000] "GET /whsy.php?p=%2Fproc%2F13001%2Fnet%2Fdev_snmp6 HTTP/2.0" 200 830 "https://23rdbank.com.lab2454.com/whsy.php?p=%2Fproc%2F13001%2Fnet" "Mozilla/5.0 AppleWebKit/537.36 (KHTML, like Gecko; compatible; GPTBot/1.3; +https://openai.com/gptbot)"
74.7.243.216 - - [01/Mar/2026:13:09:52 +0000] "GET /whsy.php?e=statm&p=%2Fproc%2F12054 HTTP/2.0" 200 2007 "https://23rdbank.com/whsy.php?p=%2Fproc%2F12054" "Mozilla/5.0 AppleWebKit/537.36 (KHTML, like Gecko; compatible; GPTBot/1.3; +https://openai.com/gptbot)"
74.7.243.195 - - [01/Mar/2026:13:10:02 +0000] "GET /whsy.php?e=connector&p=%2Fproc%2F32304%2Fnet HTTP/2.0" 200 830 "https://www.23rdbank.com.lab2454.com/whsy.php?p=%2Fproc%2F32304%2Fnet" "Mozilla/5.0 AppleWebKit/537.36 (KHTML, like Gecko; compatible; GPTBot/1.3; +https://openai.com/gptbot)"
74.7.241.39 - - [01/Mar/2026:13:10:03 +0000] "GET /whsy.php?p=%2Fproc%2F13484%2Ftask%2F13487%2Fnet HTTP/2.0" 200 830 "https://23rdbank.com.lab2454.com/whsy.php?p=%2Fproc%2F13484%2Ftask%2F13487" "Mozilla/5.0 AppleWebKit/537.36 (KHTML, like Gecko; compatible; GPTBot/1.3; +https://openai.com/gptbot)"
74.7.243.216 - - [01/Mar/2026:13:10:05 +0000] "GET /whsy.php?e=auxv&p=%2Fproc%2F18173 HTTP/2.0" 200 830 "https://23rdbank.com/whsy.php?p=%2Fproc%2F18173" "Mozilla/5.0 AppleWebKit/537.36 (KHTML, like Gecko; compatible; GPTBot/1.3; +https://openai.com/gptbot)"
74.7.243.195 - - [01/Mar/2026:13:10:12 +0000] "GET /whsy.php?e=connector&p=%2Fproc%2F26675%2Fnet HTTP/2.0" 200 2523 "https://www.23rdbank.com.lab2454.com/whsy.php?p=%2Fproc%2F26675%2Fnet" "Mozilla/5.0 AppleWebKit/537.36 (KHTML, like Gecko; compatible; GPTBot/1.3; +https://openai.com/gptbot)"
74.7.241.39 - - [01/Mar/2026:13:10:12 +0000] "GET /whsy.php?e=nf_log&p=%2Fproc%2F11146%2Fnet%2Fnetfilter HTTP/2.0" 200 885 "https://23rdbank.com.lab2454.com/whsy.php?p=%2Fproc%2F11146%2Fnet%2Fnetfilter" "Mozilla/5.0 AppleWebKit/537.36 (KHTML, like Gecko; compatible; GPTBot/1.3; +https://openai.com/gptbot)"
74.7.243.216 - - [01/Mar/2026:13:10:15 +0000] "GET /whsy.php?e=auxv&p=%2Fproc%2F12054 HTTP/2.0" 200 830 "https://23rdbank.com/whsy.php?p=%2Fproc%2F12054" "Mozilla/5.0 AppleWebKit/537.36 (KHTML, like Gecko; compatible; GPTBot/1.3; +https://openai.com/gptbot)"
74.7.243.195 - - [01/Mar/2026:13:10:30 +0000] "GET /whsy.php?e=protocols&p=%2Fproc%2F21248%2Fnet HTTP/2.0" 200 830 "https://www.23rdbank.com.lab2454.com/whsy.php?p=%2Fproc%2F21248%2Fnet" "Mozilla/5.0 AppleWebKit/537.36 (KHTML, like Gecko; compatible; GPTBot/1.3; +https://openai.com/gptbot)"
