74.7.243.195 - - [01/Mar/2026:14:31:40 +0000] "GET /whsy.php?e=smaps&p=%2Fproc%2F27696 HTTP/2.0" 200 830 "https://www.23rdbank.com.lab2454.com/whsy.php?p=%2Fproc%2F27696" "Mozilla/5.0 AppleWebKit/537.36 (KHTML, like Gecko; compatible; GPTBot/1.3; +https://openai.com/gptbot)"
74.7.243.216 - - [01/Mar/2026:14:31:49 +0000] "GET /whsy.php?e=mountinfo&p=%2Fproc%2F29460 HTTP/2.0" 200 2947 "https://23rdbank.com/whsy.php?p=%2Fproc%2F29460" "Mozilla/5.0 AppleWebKit/537.36 (KHTML, like Gecko; compatible; GPTBot/1.3; +https://openai.com/gptbot)"
74.7.241.39 - - [01/Mar/2026:14:32:02 +0000] "GET /whsy.php?e=fscreate&p=%2Fproc%2F26918%2Fattr HTTP/2.0" 200 857 "https://23rdbank.com.lab2454.com/whsy.php?p=%2Fproc%2F26918%2Fattr" "Mozilla/5.0 AppleWebKit/537.36 (KHTML, like Gecko; compatible; GPTBot/1.3; +https://openai.com/gptbot)"
74.7.243.195 - - [01/Mar/2026:14:32:04 +0000] "GET /whsy.php?e=stack&p=%2Fproc%2F29462 HTTP/2.0" 200 1978 "https://www.23rdbank.com.lab2454.com/whsy.php?p=%2Fproc%2F29462" "Mozilla/5.0 AppleWebKit/537.36 (KHTML, like Gecko; compatible; GPTBot/1.3; +https://openai.com/gptbot)"
74.7.243.216 - - [01/Mar/2026:14:32:10 +0000] "GET /whsy.php?e=mountinfo&p=%2Fproc%2F14665 HTTP/2.0" 200 2988 "https://23rdbank.com/whsy.php?p=%2Fproc%2F14665" "Mozilla/5.0 AppleWebKit/537.36 (KHTML, like Gecko; compatible; GPTBot/1.3; +https://openai.com/gptbot)"
74.7.241.39 - - [01/Mar/2026:14:32:16 +0000] "GET /whsy.php?e=config&p=%2Fproc%2F18632%2Fnet%2Fvlan HTTP/2.0" 200 662 "https://23rdbank.com.lab2454.com/whsy.php?p=%2Fproc%2F18632%2Fnet%2Fvlan" "Mozilla/5.0 AppleWebKit/537.36 (KHTML, like Gecko; compatible; GPTBot/1.3; +https://openai.com/gptbot)"
74.7.243.195 - - [01/Mar/2026:14:32:17 +0000] "GET /whsy.php?e=statm&p=%2Fproc%2F29452 HTTP/2.0" 200 2003 "https://www.23rdbank.com.lab2454.com/whsy.php?p=%2Fproc%2F29452" "Mozilla/5.0 AppleWebKit/537.36 (KHTML, like Gecko; compatible; GPTBot/1.3; +https://openai.com/gptbot)"
74.7.243.216 - - [01/Mar/2026:14:32:21 +0000] "GET /whsy.php?e=timerslack_ns&p=%2Fproc%2F14665 HTTP/2.0" 200 2007 "https://23rdbank.com/whsy.php?p=%2Fproc%2F14665" "Mozilla/5.0 AppleWebKit/537.36 (KHTML, like Gecko; compatible; GPTBot/1.3; +https://openai.com/gptbot)"
74.7.241.39 - - [01/Mar/2026:14:32:24 +0000] "GET /whsy.php?e=fscreate&p=%2Fproc%2F25364%2Fattr HTTP/2.0" 200 858 "https://23rdbank.com.lab2454.com/whsy.php?p=%2Fproc%2F25364%2Fattr" "Mozilla/5.0 AppleWebKit/537.36 (KHTML, like Gecko; compatible; GPTBot/1.3; +https://openai.com/gptbot)"
74.7.243.195 - - [01/Mar/2026:14:32:26 +0000] "GET /whsy.php?e=stack&p=%2Fproc%2F29452 HTTP/2.0" 200 1979 "https://www.23rdbank.com.lab2454.com/whsy.php?p=%2Fproc%2F29452" "Mozilla/5.0 AppleWebKit/537.36 (KHTML, like Gecko; compatible; GPTBot/1.3; +https://openai.com/gptbot)"
74.7.243.216 - - [01/Mar/2026:14:32:34 +0000] "GET /whsy.php?e=projid_map&p=%2Fproc%2F30032 HTTP/2.0" 200 2027 "https://23rdbank.com/whsy.php?p=%2Fproc%2F30032" "Mozilla/5.0 AppleWebKit/537.36 (KHTML, like Gecko; compatible; GPTBot/1.3; +https://openai.com/gptbot)"
74.7.241.39 - - [01/Mar/2026:14:32:38 +0000] "GET /whsy.php?e=protocols&p=%2Fproc%2F13484%2Fnet HTTP/2.0" 200 830 "https://23rdbank.com.lab2454.com/whsy.php?p=%2Fproc%2F13484%2Fnet" "Mozilla/5.0 AppleWebKit/537.36 (KHTML, like Gecko; compatible; GPTBot/1.3; +https://openai.com/gptbot)"
74.7.243.195 - - [01/Mar/2026:14:32:41 +0000] "GET /whsy.php?e=statm&p=%2Fproc%2F29462 HTTP/2.0" 200 2002 "https://www.23rdbank.com.lab2454.com/whsy.php?p=%2Fproc%2F29462" "Mozilla/5.0 AppleWebKit/537.36 (KHTML, like Gecko; compatible; GPTBot/1.3; +https://openai.com/gptbot)"
74.7.243.216 - - [01/Mar/2026:14:32:46 +0000] "GET /whsy.php?e=setgroups&p=%2Fproc%2F30032 HTTP/2.0" 200 2007 "https://23rdbank.com/whsy.php?p=%2Fproc%2F30032" "Mozilla/5.0 AppleWebKit/537.36 (KHTML, like Gecko; compatible; GPTBot/1.3; +https://openai.com/gptbot)"
74.7.241.39 - - [01/Mar/2026:14:32:49 +0000] "GET /whsy.php?e=fscreate&p=%2Fproc%2F25083%2Fattr HTTP/2.0" 200 830 "https://23rdbank.com.lab2454.com/whsy.php?p=%2Fproc%2F25083%2Fattr" "Mozilla/5.0 AppleWebKit/537.36 (KHTML, like Gecko; compatible; GPTBot/1.3; +https://openai.com/gptbot)"
74.7.244.51 - - [01/Mar/2026:14:32:50 +0000] "GET /robots.txt HTTP/2.0" 404 - "-" "Mozilla/5.0 (Macintosh; Intel Mac OS X 10_15_7) AppleWebKit/537.36 (KHTML, like Gecko) Chrome/131.0.0.0 Safari/537.36; compatible; OAI-SearchBot/1.3; robots.txt; +https://openai.com/searchbot"
74.7.243.195 - - [01/Mar/2026:14:32:51 +0000] "GET /whsy.php?e=oom_adj&p=%2Fproc%2F28316 HTTP/2.0" 200 2006 "https://www.23rdbank.com.lab2454.com/whsy.php?p=%2Fproc%2F28316" "Mozilla/5.0 AppleWebKit/537.36 (KHTML, like Gecko; compatible; GPTBot/1.3; +https://openai.com/gptbot)"
74.7.243.216 - - [01/Mar/2026:14:32:58 +0000] "GET /whsy.php?e=mountinfo&p=%2Fproc%2F30032 HTTP/2.0" 200 2988 "https://23rdbank.com/whsy.php?p=%2Fproc%2F30032" "Mozilla/5.0 AppleWebKit/537.36 (KHTML, like Gecko; compatible; GPTBot/1.3; +https://openai.com/gptbot)"
74.7.241.39 - - [01/Mar/2026:14:33:06 +0000] "GET /whsy.php?e=fscreate&p=%2Fproc%2F18632%2Fattr HTTP/2.0" 200 858 "https://23rdbank.com.lab2454.com/whsy.php?p=%2Fproc%2F18632%2Fattr" "Mozilla/5.0 AppleWebKit/537.36 (KHTML, like Gecko; compatible; GPTBot/1.3; +https://openai.com/gptbot)"
74.7.243.195 - - [01/Mar/2026:14:33:12 +0000] "GET /whsy.php?e=uid_map&p=%2Fproc%2F28316 HTTP/2.0" 200 2022 "https://www.23rdbank.com.lab2454.com/whsy.php?p=%2Fproc%2F28316" "Mozilla/5.0 AppleWebKit/537.36 (KHTML, like Gecko; compatible; GPTBot/1.3; +https://openai.com/gptbot)"
74.7.243.216 - - [01/Mar/2026:14:33:17 +0000] "GET /whsy.php?e=mountinfo&p=%2Fproc%2F29461 HTTP/2.0" 200 2948 "https://23rdbank.com/whsy.php?p=%2Fproc%2F29461" "Mozilla/5.0 AppleWebKit/537.36 (KHTML, like Gecko; compatible; GPTBot/1.3; +https://openai.com/gptbot)"
74.7.241.39 - - [01/Mar/2026:14:33:19 +0000] "GET /whsy.php?e=protocols&p=%2Fproc%2F30447%2Fnet HTTP/2.0" 200 830 "https://23rdbank.com.lab2454.com/whsy.php?p=%2Fproc%2F30447%2Fnet" "Mozilla/5.0 AppleWebKit/537.36 (KHTML, like Gecko; compatible; GPTBot/1.3; +https://openai.com/gptbot)"
74.7.243.195 - - [01/Mar/2026:14:33:21 +0000] "GET /whsy.php?e=uid_map&p=%2Fproc%2F24183 HTTP/2.0" 200 830 "https://www.23rdbank.com.lab2454.com/whsy.php?p=%2Fproc%2F24183" "Mozilla/5.0 AppleWebKit/537.36 (KHTML, like Gecko; compatible; GPTBot/1.3; +https://openai.com/gptbot)"
74.7.243.216 - - [01/Mar/2026:14:33:26 +0000] "GET /whsy.php?e=mountinfo&p=%2Fproc%2F29455 HTTP/2.0" 200 2948 "https://23rdbank.com/whsy.php?p=%2Fproc%2F29455" "Mozilla/5.0 AppleWebKit/537.36 (KHTML, like Gecko; compatible; GPTBot/1.3; +https://openai.com/gptbot)"
74.7.241.39 - - [01/Mar/2026:14:33:28 +0000] "GET /whsy.php?e=protocols&p=%2Fproc%2F11953%2Fnet HTTP/2.0" 200 830 "https://23rdbank.com.lab2454.com/whsy.php?p=%2Fproc%2F11953%2Fnet" "Mozilla/5.0 AppleWebKit/537.36 (KHTML, like Gecko; compatible; GPTBot/1.3; +https://openai.com/gptbot)"
74.7.243.195 - - [01/Mar/2026:14:33:29 +0000] "GET /whsy.php?e=gid_map&p=%2Fproc%2F28316 HTTP/2.0" 200 830 "https://www.23rdbank.com.lab2454.com/whsy.php?p=%2Fproc%2F28316" "Mozilla/5.0 AppleWebKit/537.36 (KHTML, like Gecko; compatible; GPTBot/1.3; +https://openai.com/gptbot)"
74.7.243.216 - - [01/Mar/2026:14:33:32 +0000] "GET /whsy.php?e=mountinfo&p=%2Fproc%2F29464 HTTP/2.0" 200 2948 "https://23rdbank.com/whsy.php?p=%2Fproc%2F29464" "Mozilla/5.0 AppleWebKit/537.36 (KHTML, like Gecko; compatible; GPTBot/1.3; +https://openai.com/gptbot)"
74.7.241.39 - - [01/Mar/2026:14:33:34 +0000] "GET /whsy.php?e=fscreate&p=%2Fproc%2F20784%2Fattr HTTP/2.0" 200 830 "https://23rdbank.com.lab2454.com/whsy.php?p=%2Fproc%2F20784%2Fattr" "Mozilla/5.0 AppleWebKit/537.36 (KHTML, like Gecko; compatible; GPTBot/1.3; +https://openai.com/gptbot)"
74.7.243.195 - - [01/Mar/2026:14:33:36 +0000] "GET /wp-blog-header.php HTTP/2.0" 200 20 "https://www.23rdbank.com.lab2454.com/" "Mozilla/5.0 AppleWebKit/537.36 (KHTML, like Gecko; compatible; GPTBot/1.3; +https://openai.com/gptbot)"
74.7.243.216 - - [01/Mar/2026:14:33:41 +0000] "GET /whsy.php?e=mountinfo&p=%2Fproc%2F26554 HTTP/2.0" 200 2988 "https://23rdbank.com/whsy.php?p=%2Fproc%2F26554" "Mozilla/5.0 AppleWebKit/537.36 (KHTML, like Gecko; compatible; GPTBot/1.3; +https://openai.com/gptbot)"
74.7.241.39 - - [01/Mar/2026:14:33:44 +0000] "GET /whsy.php?e=connector&p=%2Fproc%2F13796%2Fnet HTTP/2.0" 200 830 "https://23rdbank.com.lab2454.com/whsy.php?p=%2Fproc%2F13796%2Fnet" "Mozilla/5.0 AppleWebKit/537.36 (KHTML, like Gecko; compatible; GPTBot/1.3; +https://openai.com/gptbot)"
74.7.243.195 - - [01/Mar/2026:14:33:47 +0000] "GET /?C=M;O=A HTTP/2.0" 200 405 "https://www.23rdbank.com.lab2454.com/" "Mozilla/5.0 AppleWebKit/537.36 (KHTML, like Gecko; compatible; GPTBot/1.3; +https://openai.com/gptbot)"
74.7.230.58 - - [01/Mar/2026:14:33:47 +0000] "GET /robots.txt HTTP/2.0" 404 - "-" "Mozilla/5.0 (Macintosh; Intel Mac OS X 10_15_7) AppleWebKit/537.36 (KHTML, like Gecko) Chrome/131.0.0.0 Safari/537.36; compatible; OAI-SearchBot/1.3; robots.txt; +https://openai.com/searchbot"
74.7.243.216 - - [01/Mar/2026:14:33:52 +0000] "GET /whsy.php?e=statm&p=%2Fproc%2F29460 HTTP/2.0" 200 2001 "https://23rdbank.com/whsy.php?p=%2Fproc%2F29460" "Mozilla/5.0 AppleWebKit/537.36 (KHTML, like Gecko; compatible; GPTBot/1.3; +https://openai.com/gptbot)"
74.7.241.39 - - [01/Mar/2026:14:33:59 +0000] "GET /whsy.php?e=protocols&p=%2Fproc%2F18867%2Fnet HTTP/2.0" 200 830 "https://23rdbank.com.lab2454.com/whsy.php?p=%2Fproc%2F18867%2Fnet" "Mozilla/5.0 AppleWebKit/537.36 (KHTML, like Gecko; compatible; GPTBot/1.3; +https://openai.com/gptbot)"
74.7.243.195 - - [01/Mar/2026:14:34:01 +0000] "GET /?C=D;O=A HTTP/2.0" 200 401 "https://www.23rdbank.com.lab2454.com/" "Mozilla/5.0 AppleWebKit/537.36 (KHTML, like Gecko; compatible; GPTBot/1.3; +https://openai.com/gptbot)"
74.7.243.216 - - [01/Mar/2026:14:34:06 +0000] "GET /whsy.php?e=statm&p=%2Fproc%2F29461 HTTP/2.0" 200 2001 "https://23rdbank.com/whsy.php?p=%2Fproc%2F29461" "Mozilla/5.0 AppleWebKit/537.36 (KHTML, like Gecko; compatible; GPTBot/1.3; +https://openai.com/gptbot)"
74.7.241.39 - - [01/Mar/2026:14:34:08 +0000] "GET /whsy.php?e=fscreate&p=%2Fproc%2F23081%2Fattr HTTP/2.0" 200 830 "https://23rdbank.com.lab2454.com/whsy.php?p=%2Fproc%2F23081%2Fattr" "Mozilla/5.0 AppleWebKit/537.36 (KHTML, like Gecko; compatible; GPTBot/1.3; +https://openai.com/gptbot)"
74.7.243.195 - - [01/Mar/2026:14:34:10 +0000] "GET /?C=S;O=A HTTP/2.0" 200 401 "https://www.23rdbank.com.lab2454.com/" "Mozilla/5.0 AppleWebKit/537.36 (KHTML, like Gecko; compatible; GPTBot/1.3; +https://openai.com/gptbot)"
74.7.243.216 - - [01/Mar/2026:14:34:16 +0000] "GET /whsy.php?e=statm&p=%2Fproc%2F14665 HTTP/2.0" 200 2008 "https://23rdbank.com/whsy.php?p=%2Fproc%2F14665" "Mozilla/5.0 AppleWebKit/537.36 (KHTML, like Gecko; compatible; GPTBot/1.3; +https://openai.com/gptbot)"
74.7.241.39 - - [01/Mar/2026:14:34:20 +0000] "GET /whsy.php?e=connector&p=%2Fproc%2F18907%2Fnet HTTP/2.0" 200 2522 "https://23rdbank.com.lab2454.com/whsy.php?p=%2Fproc%2F18907%2Fnet" "Mozilla/5.0 AppleWebKit/537.36 (KHTML, like Gecko; compatible; GPTBot/1.3; +https://openai.com/gptbot)"
74.7.243.195 - - [01/Mar/2026:14:34:22 +0000] "GET /?C=N;O=D HTTP/2.0" 200 402 "https://www.23rdbank.com.lab2454.com/" "Mozilla/5.0 AppleWebKit/537.36 (KHTML, like Gecko; compatible; GPTBot/1.3; +https://openai.com/gptbot)"
74.7.243.216 - - [01/Mar/2026:14:34:26 +0000] "GET /whsy.php?e=stack&p=%2Fproc%2F29461 HTTP/2.0" 200 1978 "https://23rdbank.com/whsy.php?p=%2Fproc%2F29461" "Mozilla/5.0 AppleWebKit/537.36 (KHTML, like Gecko; compatible; GPTBot/1.3; +https://openai.com/gptbot)"
74.7.241.39 - - [01/Mar/2026:14:34:28 +0000] "GET /whsy.php?e=fscreate&p=%2Fproc%2F12654%2Fattr HTTP/2.0" 200 830 "https://23rdbank.com.lab2454.com/whsy.php?p=%2Fproc%2F12654%2Fattr" "Mozilla/5.0 AppleWebKit/537.36 (KHTML, like Gecko; compatible; GPTBot/1.3; +https://openai.com/gptbot)"
74.7.243.195 - - [01/Mar/2026:14:34:30 +0000] "GET /wp-cron.php HTTP/2.0" 200 20 "https://www.23rdbank.com.lab2454.com/" "Mozilla/5.0 AppleWebKit/537.36 (KHTML, like Gecko; compatible; GPTBot/1.3; +https://openai.com/gptbot)"
74.7.243.216 - - [01/Mar/2026:14:34:38 +0000] "GET /whsy.php?e=stack&p=%2Fproc%2F14665 HTTP/2.0" 200 1936 "https://23rdbank.com/whsy.php?p=%2Fproc%2F14665" "Mozilla/5.0 AppleWebKit/537.36 (KHTML, like Gecko; compatible; GPTBot/1.3; +https://openai.com/gptbot)"
74.7.241.39 - - [01/Mar/2026:14:34:40 +0000] "GET /whsy.php?e=fscreate&p=%2Fproc%2F26917%2Fattr HTTP/2.0" 200 858 "https://23rdbank.com.lab2454.com/whsy.php?p=%2Fproc%2F26917%2Fattr" "Mozilla/5.0 AppleWebKit/537.36 (KHTML, like Gecko; compatible; GPTBot/1.3; +https://openai.com/gptbot)"
74.7.243.195 - - [01/Mar/2026:14:34:42 +0000] "GET /whsy.php HTTP/2.0" 200 830 "https://www.23rdbank.com.lab2454.com/" "Mozilla/5.0 AppleWebKit/537.36 (KHTML, like Gecko; compatible; GPTBot/1.3; +https://openai.com/gptbot)"
74.7.243.216 - - [01/Mar/2026:14:34:46 +0000] "GET /whsy.php?e=stack&p=%2Fproc%2F29460 HTTP/2.0" 200 1978 "https://23rdbank.com/whsy.php?p=%2Fproc%2F29460" "Mozilla/5.0 AppleWebKit/537.36 (KHTML, like Gecko; compatible; GPTBot/1.3; +https://openai.com/gptbot)"
74.7.241.39 - - [01/Mar/2026:14:34:48 +0000] "GET /whsy.php?e=io&p=%2Fproc%2F11146%2Ftask%2F11239 HTTP/2.0" 200 1801 "https://23rdbank.com.lab2454.com/whsy.php?p=%2Fproc%2F11146%2Ftask%2F11239" "Mozilla/5.0 AppleWebKit/537.36 (KHTML, like Gecko; compatible; GPTBot/1.3; +https://openai.com/gptbot)"
74.7.243.195 - - [01/Mar/2026:14:34:53 +0000] "GET /whsy.php?e=oom_adj&p=%2Fproc%2F24183 HTTP/2.0" 200 830 "https://www.23rdbank.com.lab2454.com/whsy.php?p=%2Fproc%2F24183" "Mozilla/5.0 AppleWebKit/537.36 (KHTML, like Gecko; compatible; GPTBot/1.3; +https://openai.com/gptbot)"
74.7.243.216 - - [01/Mar/2026:14:34:59 +0000] "GET /whsy.php?e=auxv&p=%2Fproc%2F14665 HTTP/2.0" 200 1936 "https://23rdbank.com/whsy.php?p=%2Fproc%2F14665" "Mozilla/5.0 AppleWebKit/537.36 (KHTML, like Gecko; compatible; GPTBot/1.3; +https://openai.com/gptbot)"
74.7.241.39 - - [01/Mar/2026:14:35:02 +0000] "GET /whsy.php?e=io&p=%2Fproc%2F11146%2Ftask%2F11238 HTTP/2.0" 200 1802 "https://23rdbank.com.lab2454.com/whsy.php?p=%2Fproc%2F11146%2Ftask%2F11238" "Mozilla/5.0 AppleWebKit/537.36 (KHTML, like Gecko; compatible; GPTBot/1.3; +https://openai.com/gptbot)"
74.7.243.195 - - [01/Mar/2026:14:35:04 +0000] "GET /whsy.php?e=gid_map&p=%2Fproc%2F24183 HTTP/2.0" 200 830 "https://www.23rdbank.com.lab2454.com/whsy.php?p=%2Fproc%2F24183" "Mozilla/5.0 AppleWebKit/537.36 (KHTML, like Gecko; compatible; GPTBot/1.3; +https://openai.com/gptbot)"
74.7.243.216 - - [01/Mar/2026:14:35:08 +0000] "GET /whsy.php?e=auxv&p=%2Fproc%2F29460 HTTP/2.0" 200 1977 "https://23rdbank.com/whsy.php?p=%2Fproc%2F29460" "Mozilla/5.0 AppleWebKit/537.36 (KHTML, like Gecko; compatible; GPTBot/1.3; +https://openai.com/gptbot)"
74.7.241.39 - - [01/Mar/2026:14:35:12 +0000] "GET /whsy.php?e=io&p=%2Fproc%2F11146%2Ftask%2F11235 HTTP/2.0" 200 1802 "https://23rdbank.com.lab2454.com/whsy.php?p=%2Fproc%2F11146%2Ftask%2F11235" "Mozilla/5.0 AppleWebKit/537.36 (KHTML, like Gecko; compatible; GPTBot/1.3; +https://openai.com/gptbot)"
74.7.243.195 - - [01/Mar/2026:14:35:14 +0000] "GET /whsy.php?e=auxv&p=%2Fproc%2F27696 HTTP/2.0" 200 830 "https://www.23rdbank.com.lab2454.com/whsy.php?p=%2Fproc%2F27696" "Mozilla/5.0 AppleWebKit/537.36 (KHTML, like Gecko; compatible; GPTBot/1.3; +https://openai.com/gptbot)"
74.7.243.216 - - [01/Mar/2026:14:35:19 +0000] "GET /whsy.php?e=auxv&p=%2Fproc%2F29461 HTTP/2.0" 200 1977 "https://23rdbank.com/whsy.php?p=%2Fproc%2F29461" "Mozilla/5.0 AppleWebKit/537.36 (KHTML, like Gecko; compatible; GPTBot/1.3; +https://openai.com/gptbot)"
74.7.241.39 - - [01/Mar/2026:14:35:21 +0000] "GET /whsy.php?e=io&p=%2Fproc%2F11146%2Ftask%2F11253 HTTP/2.0" 200 1802 "https://23rdbank.com.lab2454.com/whsy.php?p=%2Fproc%2F11146%2Ftask%2F11253" "Mozilla/5.0 AppleWebKit/537.36 (KHTML, like Gecko; compatible; GPTBot/1.3; +https://openai.com/gptbot)"
74.7.243.195 - - [01/Mar/2026:14:35:22 +0000] "GET /whsy.php?e=auxv&p=%2Fproc%2F31382 HTTP/2.0" 200 830 "https://www.23rdbank.com.lab2454.com/whsy.php?p=%2Fproc%2F31382" "Mozilla/5.0 AppleWebKit/537.36 (KHTML, like Gecko; compatible; GPTBot/1.3; +https://openai.com/gptbot)"
74.7.243.216 - - [01/Mar/2026:14:35:24 +0000] "GET /whsy.php?e=pagemap&p=%2Fproc%2F29455 HTTP/2.0" 200 560 "https://23rdbank.com/whsy.php?p=%2Fproc%2F29455" "Mozilla/5.0 AppleWebKit/537.36 (KHTML, like Gecko; compatible; GPTBot/1.3; +https://openai.com/gptbot)"
74.7.241.39 - - [01/Mar/2026:14:35:26 +0000] "GET /whsy.php?e=nf_conntrack_expect&p=%2Fproc%2F11146%2Ftask%2F11152%2Fnet HTTP/2.0" 200 2467 "https://23rdbank.com.lab2454.com/whsy.php?p=%2Fproc%2F11146%2Ftask%2F11152%2Fnet" "Mozilla/5.0 AppleWebKit/537.36 (KHTML, like Gecko; compatible; GPTBot/1.3; +https://openai.com/gptbot)"
74.7.243.195 - - [01/Mar/2026:14:35:28 +0000] "GET /whsy.php?e=auxv&p=%2Fproc%2F29464 HTTP/2.0" 200 1977 "https://www.23rdbank.com.lab2454.com/whsy.php?p=%2Fproc%2F29464" "Mozilla/5.0 AppleWebKit/537.36 (KHTML, like Gecko; compatible; GPTBot/1.3; +https://openai.com/gptbot)"
74.7.243.216 - - [01/Mar/2026:14:35:32 +0000] "GET /whsy.php?e=pagemap&p=%2Fproc%2F26554 HTTP/2.0" 200 1936 "https://23rdbank.com/whsy.php?p=%2Fproc%2F26554" "Mozilla/5.0 AppleWebKit/537.36 (KHTML, like Gecko; compatible; GPTBot/1.3; +https://openai.com/gptbot)"
74.7.241.39 - - [01/Mar/2026:14:35:34 +0000] "GET /whsy.php?e=nf_conntrack_expect&p=%2Fproc%2F11146%2Ftask%2F11231%2Fnet HTTP/2.0" 200 2466 "https://23rdbank.com.lab2454.com/whsy.php?p=%2Fproc%2F11146%2Ftask%2F11231%2Fnet" "Mozilla/5.0 AppleWebKit/537.36 (KHTML, like Gecko; compatible; GPTBot/1.3; +https://openai.com/gptbot)"
74.7.243.195 - - [01/Mar/2026:14:35:37 +0000] "GET /?C=M;O=D HTTP/2.0" 200 398 "https://www.23rdbank.com.lab2454.com/?C=M;O=A" "Mozilla/5.0 AppleWebKit/537.36 (KHTML, like Gecko; compatible; GPTBot/1.3; +https://openai.com/gptbot)"
74.7.243.216 - - [01/Mar/2026:14:35:42 +0000] "GET /whsy.php?e=syscall&p=%2Fproc%2F29452 HTTP/2.0" 200 2019 "https://23rdbank.com/whsy.php?p=%2Fproc%2F29452" "Mozilla/5.0 AppleWebKit/537.36 (KHTML, like Gecko; compatible; GPTBot/1.3; +https://openai.com/gptbot)"
74.7.241.39 - - [01/Mar/2026:14:35:45 +0000] "GET /whsy.php?e=nf_conntrack_expect&p=%2Fproc%2F11146%2Ftask%2F11162%2Fnet HTTP/2.0" 200 2465 "https://23rdbank.com.lab2454.com/whsy.php?p=%2Fproc%2F11146%2Ftask%2F11162%2Fnet" "Mozilla/5.0 AppleWebKit/537.36 (KHTML, like Gecko; compatible; GPTBot/1.3; +https://openai.com/gptbot)"
74.7.243.195 - - [01/Mar/2026:14:35:46 +0000] "GET /?C=D;O=D HTTP/2.0" 200 402 "https://www.23rdbank.com.lab2454.com/?C=D;O=A" "Mozilla/5.0 AppleWebKit/537.36 (KHTML, like Gecko; compatible; GPTBot/1.3; +https://openai.com/gptbot)"
74.7.241.39 - - [01/Mar/2026:14:36:00 +0000] "GET /whsy.php?e=nf_conntrack_expect&p=%2Fproc%2F11146%2Ftask%2F11151%2Fnet HTTP/2.0" 200 2467 "https://23rdbank.com.lab2454.com/whsy.php?p=%2Fproc%2F11146%2Ftask%2F11151%2Fnet" "Mozilla/5.0 AppleWebKit/537.36 (KHTML, like Gecko; compatible; GPTBot/1.3; +https://openai.com/gptbot)"
74.7.243.216 - - [01/Mar/2026:14:35:55 +0000] "GET /whsy.php?e=pagemap&p=%2Fproc%2F29464 HTTP/2.0" 200 560 "https://23rdbank.com/whsy.php?p=%2Fproc%2F29464" "Mozilla/5.0 AppleWebKit/537.36 (KHTML, like Gecko; compatible; GPTBot/1.3; +https://openai.com/gptbot)"
74.7.243.195 - - [01/Mar/2026:14:36:03 +0000] "GET /whsy.php?e=auxv&p=%2Fproc%2F29459 HTTP/2.0" 200 1977 "https://www.23rdbank.com.lab2454.com/whsy.php?p=%2Fproc%2F29459" "Mozilla/5.0 AppleWebKit/537.36 (KHTML, like Gecko; compatible; GPTBot/1.3; +https://openai.com/gptbot)"
74.7.243.216 - - [01/Mar/2026:14:36:09 +0000] "GET /whsy.php?e=syscall&p=%2Fproc%2F30032 HTTP/2.0" 200 830 "https://23rdbank.com/whsy.php?p=%2Fproc%2F30032" "Mozilla/5.0 AppleWebKit/537.36 (KHTML, like Gecko; compatible; GPTBot/1.3; +https://openai.com/gptbot)"
74.7.244.25 - - [01/Mar/2026:14:36:09 +0000] "GET /robots.txt HTTP/2.0" 404 - "-" "Mozilla/5.0 (Macintosh; Intel Mac OS X 10_15_7) AppleWebKit/537.36 (KHTML, like Gecko) Chrome/131.0.0.0 Safari/537.36; compatible; OAI-SearchBot/1.3; robots.txt; +https://openai.com/searchbot"
74.7.241.39 - - [01/Mar/2026:14:36:13 +0000] "GET /whsy.php?e=nf_conntrack_expect&p=%2Fproc%2F11146%2Ftask%2F11232%2Fnet HTTP/2.0" 200 2466 "https://23rdbank.com.lab2454.com/whsy.php?p=%2Fproc%2F11146%2Ftask%2F11232%2Fnet" "Mozilla/5.0 AppleWebKit/537.36 (KHTML, like Gecko; compatible; GPTBot/1.3; +https://openai.com/gptbot)"
74.7.243.195 - - [01/Mar/2026:14:36:16 +0000] "GET /whsy.php?e=auxv&p=%2Fproc%2F19201 HTTP/2.0" 200 830 "https://www.23rdbank.com.lab2454.com/whsy.php?p=%2Fproc%2F19201" "Mozilla/5.0 AppleWebKit/537.36 (KHTML, like Gecko; compatible; GPTBot/1.3; +https://openai.com/gptbot)"
74.7.243.216 - - [01/Mar/2026:14:36:25 +0000] "GET /whsy.php?e=pagemap&p=%2Fproc%2F30032 HTTP/2.0" 200 830 "https://23rdbank.com/whsy.php?p=%2Fproc%2F30032" "Mozilla/5.0 AppleWebKit/537.36 (KHTML, like Gecko; compatible; GPTBot/1.3; +https://openai.com/gptbot)"
74.7.241.39 - - [01/Mar/2026:14:36:27 +0000] "GET /whsy.php?e=nf_conntrack_expect&p=%2Fproc%2F11146%2Ftask%2F11252%2Fnet HTTP/2.0" 200 2466 "https://23rdbank.com.lab2454.com/whsy.php?p=%2Fproc%2F11146%2Ftask%2F11252%2Fnet" "Mozilla/5.0 AppleWebKit/537.36 (KHTML, like Gecko; compatible; GPTBot/1.3; +https://openai.com/gptbot)"
74.7.243.195 - - [01/Mar/2026:14:36:29 +0000] "GET /whsy.php?e=auxv&p=%2Fproc%2F29455 HTTP/2.0" 200 1977 "https://www.23rdbank.com.lab2454.com/whsy.php?p=%2Fproc%2F29455" "Mozilla/5.0 AppleWebKit/537.36 (KHTML, like Gecko; compatible; GPTBot/1.3; +https://openai.com/gptbot)"
74.7.243.216 - - [01/Mar/2026:14:36:37 +0000] "GET /whsy.php?e=pagemap&p=%2Fproc%2F29452 HTTP/2.0" 200 560 "https://23rdbank.com/whsy.php?p=%2Fproc%2F29452" "Mozilla/5.0 AppleWebKit/537.36 (KHTML, like Gecko; compatible; GPTBot/1.3; +https://openai.com/gptbot)"
74.7.241.39 - - [01/Mar/2026:14:36:40 +0000] "GET /whsy.php?e=nf_conntrack_expect&p=%2Fproc%2F11146%2Ftask%2F11161%2Fnet HTTP/2.0" 200 2465 "https://23rdbank.com.lab2454.com/whsy.php?p=%2Fproc%2F11146%2Ftask%2F11161%2Fnet" "Mozilla/5.0 AppleWebKit/537.36 (KHTML, like Gecko; compatible; GPTBot/1.3; +https://openai.com/gptbot)"
74.7.243.195 - - [01/Mar/2026:14:36:42 +0000] "GET /whsy.php?e=setgroups&p=%2Fproc%2F29464 HTTP/2.0" 200 1982 "https://www.23rdbank.com.lab2454.com/whsy.php?p=%2Fproc%2F29464" "Mozilla/5.0 AppleWebKit/537.36 (KHTML, like Gecko; compatible; GPTBot/1.3; +https://openai.com/gptbot)"
74.7.243.216 - - [01/Mar/2026:14:36:48 +0000] "GET /whsy.php?p=%2Fproc%2F11119 HTTP/2.0" 200 1935 "https://23rdbank.com/whsy.php?p=%2Fproc%2F14665%2F.." "Mozilla/5.0 AppleWebKit/537.36 (KHTML, like Gecko; compatible; GPTBot/1.3; +https://openai.com/gptbot)"
74.7.241.39 - - [01/Mar/2026:14:36:50 +0000] "GET /whsy.php?e=nf_conntrack_expect&p=%2Fproc%2F11146%2Ftask%2F11246%2Fnet HTTP/2.0" 200 2466 "https://23rdbank.com.lab2454.com/whsy.php?p=%2Fproc%2F11146%2Ftask%2F11246%2Fnet" "Mozilla/5.0 AppleWebKit/537.36 (KHTML, like Gecko; compatible; GPTBot/1.3; +https://openai.com/gptbot)"
74.7.243.195 - - [01/Mar/2026:14:36:52 +0000] "GET /whsy.php?e=setgroups&p=%2Fproc%2F27696 HTTP/2.0" 200 830 "https://www.23rdbank.com.lab2454.com/whsy.php?p=%2Fproc%2F27696" "Mozilla/5.0 AppleWebKit/537.36 (KHTML, like Gecko; compatible; GPTBot/1.3; +https://openai.com/gptbot)"
74.7.243.216 - - [01/Mar/2026:14:37:09 +0000] "GET /whsy.php?e=stack&p=%2Fproc%2F29464 HTTP/2.0" 200 1977 "https://23rdbank.com/whsy.php?p=%2Fproc%2F29464" "Mozilla/5.0 AppleWebKit/537.36 (KHTML, like Gecko; compatible; GPTBot/1.3; +https://openai.com/gptbot)"
74.7.241.39 - - [01/Mar/2026:14:37:12 +0000] "GET /whsy.php?e=pppoe&p=%2Fproc%2F11146%2Ftask%2F11158%2Fnet HTTP/2.0" 200 2548 "https://23rdbank.com.lab2454.com/whsy.php?p=%2Fproc%2F11146%2Ftask%2F11158%2Fnet" "Mozilla/5.0 AppleWebKit/537.36 (KHTML, like Gecko; compatible; GPTBot/1.3; +https://openai.com/gptbot)"
74.7.243.195 - - [01/Mar/2026:14:37:14 +0000] "GET /whsy.php?e=sessionid&p=%2Fproc%2F29459 HTTP/2.0" 200 1989 "https://www.23rdbank.com.lab2454.com/whsy.php?p=%2Fproc%2F29459" "Mozilla/5.0 AppleWebKit/537.36 (KHTML, like Gecko; compatible; GPTBot/1.3; +https://openai.com/gptbot)"
74.7.243.216 - - [01/Mar/2026:14:37:21 +0000] "GET /whsy.php?e=statm&p=%2Fproc%2F26554 HTTP/2.0" 200 2034 "https://23rdbank.com/whsy.php?p=%2Fproc%2F26554" "Mozilla/5.0 AppleWebKit/537.36 (KHTML, like Gecko; compatible; GPTBot/1.3; +https://openai.com/gptbot)"
74.7.241.39 - - [01/Mar/2026:14:37:23 +0000] "GET /whsy.php?e=pppoe&p=%2Fproc%2F11146%2Ftask%2F11157%2Fnet HTTP/2.0" 200 2548 "https://23rdbank.com.lab2454.com/whsy.php?p=%2Fproc%2F11146%2Ftask%2F11157%2Fnet" "Mozilla/5.0 AppleWebKit/537.36 (KHTML, like Gecko; compatible; GPTBot/1.3; +https://openai.com/gptbot)"
74.7.243.195 - - [01/Mar/2026:14:37:25 +0000] "GET /whsy.php?e=sessionid&p=%2Fproc%2F29455 HTTP/2.0" 200 1988 "https://www.23rdbank.com.lab2454.com/whsy.php?p=%2Fproc%2F29455" "Mozilla/5.0 AppleWebKit/537.36 (KHTML, like Gecko; compatible; GPTBot/1.3; +https://openai.com/gptbot)"
93.158.213.25 - - [01/Mar/2026:14:37:28 +0000] "GET /robots.txt HTTP/1.1" 404 - "-" "Mozilla/5.0 (compatible; MJ12bot/v1.4.8; http://mj12bot.com/)"
93.158.213.25 - - [01/Mar/2026:14:37:29 +0000] "GET /whsy.php?e=.htaccess&p=/home/lab2454c/biocei.com/wp-includes/assets HTTP/1.1" 200 1112 "-" "Mozilla/5.0 (compatible; MJ12bot/v1.4.8; http://mj12bot.com/)"
93.158.213.25 - - [01/Mar/2026:14:37:31 +0000] "GET /whsy.php?e=.htaccess&p=/home/lab2454c/climatefinancebank.com/wp-includes/Requests HTTP/1.1" 200 900 "-" "Mozilla/5.0 (compatible; MJ12bot/v1.4.8; http://mj12bot.com/)"
93.158.213.25 - - [01/Mar/2026:14:37:33 +0000] "GET /whsy.php?e=.htaccess&p=/home/lab2454c/climatefinancebank.com/wp-includes/SimplePie HTTP/1.1" 200 1583 "-" "Mozilla/5.0 (compatible; MJ12bot/v1.4.8; http://mj12bot.com/)"
74.7.243.216 - - [01/Mar/2026:14:37:33 +0000] "GET /whsy.php?e=statm&p=%2Fproc%2F29464 HTTP/2.0" 200 2002 "https://23rdbank.com/whsy.php?p=%2Fproc%2F29464" "Mozilla/5.0 AppleWebKit/537.36 (KHTML, like Gecko; compatible; GPTBot/1.3; +https://openai.com/gptbot)"
93.158.213.25 - - [01/Mar/2026:14:37:35 +0000] "GET /whsy.php?e=.htaccess&p=/home/lab2454c/gemiton.com/wp-includes/certificates HTTP/1.1" 200 992 "-" "Mozilla/5.0 (compatible; MJ12bot/v1.4.8; http://mj12bot.com/)"
74.7.241.39 - - [01/Mar/2026:14:37:36 +0000] "GET /whsy.php?e=pppoe&p=%2Fproc%2F11146%2Ftask%2F11159%2Fnet HTTP/2.0" 200 2548 "https://23rdbank.com.lab2454.com/whsy.php?p=%2Fproc%2F11146%2Ftask%2F11159%2Fnet" "Mozilla/5.0 AppleWebKit/537.36 (KHTML, like Gecko; compatible; GPTBot/1.3; +https://openai.com/gptbot)"
93.158.213.25 - - [01/Mar/2026:14:37:37 +0000] "GET /whsy.php?e=.htaccess&p=/home/lab2454c/gemiton.com/wp-includes/css HTTP/1.1" 200 1958 "-" "Mozilla/5.0 (compatible; MJ12bot/v1.4.8; http://mj12bot.com/)"
74.7.243.195 - - [01/Mar/2026:14:37:38 +0000] "GET /whsy.php?e=schedstat&p=%2Fproc%2F29462 HTTP/2.0" 200 2002 "https://www.23rdbank.com.lab2454.com/whsy.php?p=%2Fproc%2F29462" "Mozilla/5.0 AppleWebKit/537.36 (KHTML, like Gecko; compatible; GPTBot/1.3; +https://openai.com/gptbot)"
93.158.213.25 - - [01/Mar/2026:14:37:38 +0000] "GET /whsy.php?e=.htaccess&p=/home/lab2454c/gemiton.com/wp-includes/images HTTP/1.1" 200 1646 "-" "Mozilla/5.0 (compatible; MJ12bot/v1.4.8; http://mj12bot.com/)"
93.158.213.25 - - [01/Mar/2026:14:37:41 +0000] "GET /whsy.php?e=.htaccess&p=/home/lab2454c/gemiton.com/wp-includes/php-compat HTTP/1.1" 200 901 "-" "Mozilla/5.0 (compatible; MJ12bot/v1.4.8; http://mj12bot.com/)"
93.158.213.25 - - [01/Mar/2026:14:37:43 +0000] "GET /whsy.php?e=.htaccess&p=/home/lab2454c/gemiton.com/wp-includes/rest-api HTTP/1.1" 200 1004 "-" "Mozilla/5.0 (compatible; MJ12bot/v1.4.8; http://mj12bot.com/)"
93.158.213.25 - - [01/Mar/2026:14:37:44 +0000] "GET /whsy.php?e=.htaccess&p=/home/lab2454c/gemiton.com/wp-includes/sitemaps HTTP/1.1" 200 1121 "-" "Mozilla/5.0 (compatible; MJ12bot/v1.4.8; http://mj12bot.com/)"
93.158.213.25 - - [01/Mar/2026:14:37:46 +0000] "GET /whsy.php?e=.htaccess&p=/home/lab2454c/gemiton.com/wp-includes/widgets HTTP/1.1" 200 1542 "-" "Mozilla/5.0 (compatible; MJ12bot/v1.4.8; http://mj12bot.com/)"
93.158.213.25 - - [01/Mar/2026:14:37:48 +0000] "GET /whsy.php?e=.htaccess&p=/home/lab2454c/igpma.com/wp-includes/ID3 HTTP/1.1" 200 1405 "-" "Mozilla/5.0 (compatible; MJ12bot/v1.4.8; http://mj12bot.com/)"
93.158.213.25 - - [01/Mar/2026:14:37:50 +0000] "GET /whsy.php?e=.htaccess&p=/home/lab2454c/igpma.com/wp-includes/IXR HTTP/1.1" 200 1236 "-" "Mozilla/5.0 (compatible; MJ12bot/v1.4.8; http://mj12bot.com/)"
74.7.243.216 - - [01/Mar/2026:14:37:51 +0000] "GET /whsy.php?e=stack&p=%2Fproc%2F29455 HTTP/2.0" 200 1979 "https://23rdbank.com/whsy.php?p=%2Fproc%2F29455" "Mozilla/5.0 AppleWebKit/537.36 (KHTML, like Gecko; compatible; GPTBot/1.3; +https://openai.com/gptbot)"
93.158.213.25 - - [01/Mar/2026:14:37:52 +0000] "GET /whsy.php?e=.htaccess&p=/home/lab2454c/igpma.com/wp-includes/SimplePie HTTP/1.1" 200 1552 "-" "Mozilla/5.0 (compatible; MJ12bot/v1.4.8; http://mj12bot.com/)"
93.158.213.25 - - [01/Mar/2026:14:37:53 +0000] "GET /whsy.php?e=.htaccess&p=/home/lab2454c/igpma.com/wp-includes/Text HTTP/1.1" 200 904 "-" "Mozilla/5.0 (compatible; MJ12bot/v1.4.8; http://mj12bot.com/)"
74.7.241.39 - - [01/Mar/2026:14:37:54 +0000] "GET /whsy.php?e=pppoe&p=%2Fproc%2F11146%2Ftask%2F11153%2Fnet HTTP/2.0" 200 2548 "https://23rdbank.com.lab2454.com/whsy.php?p=%2Fproc%2F11146%2Ftask%2F11153%2Fnet" "Mozilla/5.0 AppleWebKit/537.36 (KHTML, like Gecko; compatible; GPTBot/1.3; +https://openai.com/gptbot)"
74.7.244.51 - - [01/Mar/2026:14:37:55 +0000] "GET /robots.txt HTTP/2.0" 404 - "-" "Mozilla/5.0 (Macintosh; Intel Mac OS X 10_15_7) AppleWebKit/537.36 (KHTML, like Gecko) Chrome/131.0.0.0 Safari/537.36; compatible; OAI-SearchBot/1.3; robots.txt; +https://openai.com/searchbot"
93.158.213.25 - - [01/Mar/2026:14:37:55 +0000] "GET /whsy.php?e=.htaccess&p=/home/lab2454c/incforce.com/wp-includes/PHPMailer HTTP/1.1" 200 990 "-" "Mozilla/5.0 (compatible; MJ12bot/v1.4.8; http://mj12bot.com/)"
74.7.243.195 - - [01/Mar/2026:14:37:55 +0000] "GET /whsy.php?e=sessionid&p=%2Fproc%2F19201 HTTP/2.0" 200 830 "https://www.23rdbank.com.lab2454.com/whsy.php?p=%2Fproc%2F19201" "Mozilla/5.0 AppleWebKit/537.36 (KHTML, like Gecko; compatible; GPTBot/1.3; +https://openai.com/gptbot)"
93.158.213.25 - - [01/Mar/2026:14:37:57 +0000] "GET /whsy.php?e=.htaccess&p=/home/lab2454c/incforce.com/wp-includes/SimplePie HTTP/1.1" 200 1566 "-" "Mozilla/5.0 (compatible; MJ12bot/v1.4.8; http://mj12bot.com/)"
93.158.213.25 - - [01/Mar/2026:14:37:59 +0000] "GET /whsy.php?e=.htaccess&p=/home/lab2454c/incforce.com/wp-includes/css HTTP/1.1" 200 1900 "-" "Mozilla/5.0 (compatible; MJ12bot/v1.4.8; http://mj12bot.com/)"
93.158.213.25 - - [01/Mar/2026:14:38:00 +0000] "GET /whsy.php?e=.htaccess&p=/home/lab2454c/incforce.com/wp-includes/customize HTTP/1.1" 200 1940 "-" "Mozilla/5.0 (compatible; MJ12bot/v1.4.8; http://mj12bot.com/)"
74.7.243.216 - - [01/Mar/2026:14:38:02 +0000] "GET /whsy.php?e=statm&p=%2Fproc%2F29455 HTTP/2.0" 200 2001 "https://23rdbank.com/whsy.php?p=%2Fproc%2F29455" "Mozilla/5.0 AppleWebKit/537.36 (KHTML, like Gecko; compatible; GPTBot/1.3; +https://openai.com/gptbot)"
93.158.213.25 - - [01/Mar/2026:14:38:02 +0000] "GET /whsy.php?e=.htaccess&p=/home/lab2454c/incforce.com/wp-includes/fonts HTTP/1.1" 200 1175 "-" "Mozilla/5.0 (compatible; MJ12bot/v1.4.8; http://mj12bot.com/)"
93.158.213.25 - - [01/Mar/2026:14:38:04 +0000] "GET /whsy.php?e=.htaccess&p=/home/lab2454c/incforce.com/wp-includes/html-api HTTP/1.1" 200 1235 "-" "Mozilla/5.0 (compatible; MJ12bot/v1.4.8; http://mj12bot.com/)"
74.7.241.39 - - [01/Mar/2026:14:38:05 +0000] "GET /whsy.php?p=%2Fproc%2F13796%2Ftask%2F14009%2Fattr%2F.. HTTP/2.0" 200 830 "https://23rdbank.com.lab2454.com/whsy.php?p=%2Fproc%2F13796%2Ftask%2F14009%2Fattr" "Mozilla/5.0 AppleWebKit/537.36 (KHTML, like Gecko; compatible; GPTBot/1.3; +https://openai.com/gptbot)"
93.158.213.25 - - [01/Mar/2026:14:38:06 +0000] "GET /whsy.php?e=.htaccess&p=/home/lab2454c/incforce.com/wp-includes/pomo HTTP/1.1" 200 1037 "-" "Mozilla/5.0 (compatible; MJ12bot/v1.4.8; http://mj12bot.com/)"
93.158.213.25 - - [01/Mar/2026:14:38:07 +0000] "GET /whsy.php?e=.htaccess&p=/home/lab2454c/incforce.com/wp-includes/rest-api HTTP/1.1" 200 1034 "-" "Mozilla/5.0 (compatible; MJ12bot/v1.4.8; http://mj12bot.com/)"
93.158.213.25 - - [01/Mar/2026:14:38:09 +0000] "GET /whsy.php?e=.htaccess&p=/home/lab2454c/incforce.com/wp-includes/sitemaps HTTP/1.1" 200 1091 "-" "Mozilla/5.0 (compatible; MJ12bot/v1.4.8; http://mj12bot.com/)"
74.7.243.195 - - [01/Mar/2026:14:38:10 +0000] "GET /whsy.php?e=setgroups&p=%2Fproc%2F29455 HTTP/2.0" 200 1982 "https://www.23rdbank.com.lab2454.com/whsy.php?p=%2Fproc%2F29455" "Mozilla/5.0 AppleWebKit/537.36 (KHTML, like Gecko; compatible; GPTBot/1.3; +https://openai.com/gptbot)"
93.158.213.25 - - [01/Mar/2026:14:38:11 +0000] "GET /whsy.php?e=.htaccess&p=/home/lab2454c/incforce.com/wp-includes/sodium_compat HTTP/1.1" 200 1118 "-" "Mozilla/5.0 (compatible; MJ12bot/v1.4.8; http://mj12bot.com/)"
93.158.213.25 - - [01/Mar/2026:14:38:13 +0000] "GET /whsy.php?e=.htaccess&p=/home/lab2454c/incforce.com/wp-includes/widgets HTTP/1.1" 200 1552 "-" "Mozilla/5.0 (compatible; MJ12bot/v1.4.8; http://mj12bot.com/)"
93.158.213.25 - - [01/Mar/2026:14:38:15 +0000] "GET /whsy.php?e=.htaccess&p=/home/lab2454c/invest.equitablebarter.com/wp-includes/Text HTTP/1.1" 200 927 "-" "Mozilla/5.0 (compatible; MJ12bot/v1.4.8; http://mj12bot.com/)"
93.158.213.25 - - [01/Mar/2026:14:38:17 +0000] "GET /whsy.php?e=.htaccess&p=/home/lab2454c/invest.equitablebarter.com/wp-includes/assets HTTP/1.1" 200 1081 "-" "Mozilla/5.0 (compatible; MJ12bot/v1.4.8; http://mj12bot.com/)"
93.158.213.25 - - [01/Mar/2026:14:38:19 +0000] "GET /whsy.php?e=.htaccess&p=/home/lab2454c/invest.equitablebarter.com/wp-includes/css HTTP/1.1" 200 1970 "-" "Mozilla/5.0 (compatible; MJ12bot/v1.4.8; http://mj12bot.com/)"
93.158.213.25 - - [01/Mar/2026:14:38:21 +0000] "GET /whsy.php?e=.htaccess&p=/home/lab2454c/isaaclondston.com/wp-includes/style-engine HTTP/1.1" 200 1060 "-" "Mozilla/5.0 (compatible; MJ12bot/v1.4.8; http://mj12bot.com/)"
93.158.213.25 - - [01/Mar/2026:14:38:22 +0000] "GET /whsy.php?e=.htaccess&p=/home/lab2454c/mact34.com/wp-includes/images HTTP/1.1" 200 1670 "-" "Mozilla/5.0 (compatible; MJ12bot/v1.4.8; http://mj12bot.com/)"
74.7.243.216 - - [01/Mar/2026:14:38:23 +0000] "GET /whsy.php?e=stack&p=%2Fproc%2F26554 HTTP/2.0" 200 1936 "https://23rdbank.com/whsy.php?p=%2Fproc%2F26554" "Mozilla/5.0 AppleWebKit/537.36 (KHTML, like Gecko; compatible; GPTBot/1.3; +https://openai.com/gptbot)"
93.158.213.25 - - [01/Mar/2026:14:38:24 +0000] "GET /whsy.php?e=.htaccess&p=/home/lab2454c/mact34.com/wp-includes/widgets HTTP/1.1" 200 1517 "-" "Mozilla/5.0 (compatible; MJ12bot/v1.4.8; http://mj12bot.com/)"
93.158.213.25 - - [01/Mar/2026:14:38:26 +0000] "GET /whsy.php?e=.htaccess&p=/home/lab2454c/nfsin.com/wp-includes/IXR HTTP/1.1" 200 1363 "-" "Mozilla/5.0 (compatible; MJ12bot/v1.4.8; http://mj12bot.com/)"
74.7.241.39 - - [01/Mar/2026:14:38:27 +0000] "GET /whsy.php?e=ip6_tables_targets&p=%2Fproc%2F11146%2Ftask%2F29202%2Fnet HTTP/2.0" 200 2467 "https://23rdbank.com.lab2454.com/whsy.php?p=%2Fproc%2F11146%2Ftask%2F29202%2Fnet" "Mozilla/5.0 AppleWebKit/537.36 (KHTML, like Gecko; compatible; GPTBot/1.3; +https://openai.com/gptbot)"
93.158.213.25 - - [01/Mar/2026:14:38:28 +0000] "GET /whsy.php?e=.htaccess&p=/home/lab2454c/nfsin.com/wp-includes/PHPMailer HTTP/1.1" 200 1165 "-" "Mozilla/5.0 (compatible; MJ12bot/v1.4.8; http://mj12bot.com/)"
74.7.243.195 - - [01/Mar/2026:14:38:29 +0000] "GET /whsy.php?e=setgroups&p=%2Fproc%2F31382 HTTP/2.0" 200 830 "https://www.23rdbank.com.lab2454.com/whsy.php?p=%2Fproc%2F31382" "Mozilla/5.0 AppleWebKit/537.36 (KHTML, like Gecko; compatible; GPTBot/1.3; +https://openai.com/gptbot)"
93.158.213.25 - - [01/Mar/2026:14:38:29 +0000] "GET /whsy.php?e=.htaccess&p=/home/lab2454c/nfsin.com/wp-includes/SimplePie HTTP/1.1" 200 1031 "-" "Mozilla/5.0 (compatible; MJ12bot/v1.4.8; http://mj12bot.com/)"
93.158.213.25 - - [01/Mar/2026:14:38:31 +0000] "GET /whsy.php?e=.htaccess&p=/home/lab2454c/nfsin.com/wp-includes/Text HTTP/1.1" 200 1010 "-" "Mozilla/5.0 (compatible; MJ12bot/v1.4.8; http://mj12bot.com/)"
93.158.213.25 - - [01/Mar/2026:14:38:33 +0000] "GET /whsy.php?e=.htaccess&p=/home/lab2454c/nfsin.com/wp-includes/fonts HTTP/1.1" 200 1273 "-" "Mozilla/5.0 (compatible; MJ12bot/v1.4.8; http://mj12bot.com/)"
93.158.213.25 - - [01/Mar/2026:14:38:35 +0000] "GET /whsy.php?e=.htaccess&p=/home/lab2454c/veritserv.com/wp-includes/Text HTTP/1.1" 200 1058 "-" "Mozilla/5.0 (compatible; MJ12bot/v1.4.8; http://mj12bot.com/)"
74.7.243.216 - - [01/Mar/2026:14:38:35 +0000] "GET /whsy.php?e=sessionid&p=%2Fproc%2F29460 HTTP/2.0" 200 1989 "https://23rdbank.com/whsy.php?p=%2Fproc%2F29460" "Mozilla/5.0 AppleWebKit/537.36 (KHTML, like Gecko; compatible; GPTBot/1.3; +https://openai.com/gptbot)"
93.158.213.25 - - [01/Mar/2026:14:38:36 +0000] "GET /whsy.php?e=.htaccess&p=/home/lab2454c/veritserv.com/wp-includes/abilities-api HTTP/1.1" 200 1107 "-" "Mozilla/5.0 (compatible; MJ12bot/v1.4.8; http://mj12bot.com/)"
74.7.241.39 - - [01/Mar/2026:14:38:37 +0000] "GET /whsy.php?e=ip6_tables_matches&p=%2Fproc%2F11146%2Ftask%2F29202%2Fnet HTTP/2.0" 200 2467 "https://23rdbank.com.lab2454.com/whsy.php?p=%2Fproc%2F11146%2Ftask%2F29202%2Fnet" "Mozilla/5.0 AppleWebKit/537.36 (KHTML, like Gecko; compatible; GPTBot/1.3; +https://openai.com/gptbot)"
93.158.213.25 - - [01/Mar/2026:14:38:38 +0000] "GET /whsy.php?e=.htaccess&p=/home/lab2454c/veritserv.com/wp-includes/assets HTTP/1.1" 200 1235 "-" "Mozilla/5.0 (compatible; MJ12bot/v1.4.8; http://mj12bot.com/)"
74.7.243.195 - - [01/Mar/2026:14:38:38 +0000] "GET /whsy.php?e=sessionid&p=%2Fproc%2F29464 HTTP/2.0" 200 1989 "https://www.23rdbank.com.lab2454.com/whsy.php?p=%2Fproc%2F29464" "Mozilla/5.0 AppleWebKit/537.36 (KHTML, like Gecko; compatible; GPTBot/1.3; +https://openai.com/gptbot)"
93.158.213.25 - - [01/Mar/2026:14:38:40 +0000] "GET /whsy.php?e=.htaccess&p=/home/lab2454c/veritserv.com/wp-includes/block-bindings HTTP/1.1" 200 1156 "-" "Mozilla/5.0 (compatible; MJ12bot/v1.4.8; http://mj12bot.com/)"
93.158.213.25 - - [01/Mar/2026:14:38:42 +0000] "GET /whsy.php?e=.htaccess&p=/home/lab2454c/veritserv.com/wp-includes/block-patterns HTTP/1.1" 200 1278 "-" "Mozilla/5.0 (compatible; MJ12bot/v1.4.8; http://mj12bot.com/)"
93.158.213.25 - - [01/Mar/2026:14:38:43 +0000] "GET /whsy.php?e=.htaccess&p=/home/lab2454c/veritserv.com/wp-includes/block-supports HTTP/1.1" 200 1608 "-" "Mozilla/5.0 (compatible; MJ12bot/v1.4.8; http://mj12bot.com/)"
93.158.213.25 - - [01/Mar/2026:14:38:45 +0000] "GET /whsy.php?e=.sentry_tags&p=/var/imunify360 HTTP/1.1" 200 1231 "-" "Mozilla/5.0 (compatible; MJ12bot/v1.4.8; http://mj12bot.com/)"
74.7.243.216 - - [01/Mar/2026:14:38:47 +0000] "GET /whsy.php?e=setgroups&p=%2Fproc%2F29461 HTTP/2.0" 200 1982 "https://23rdbank.com/whsy.php?p=%2Fproc%2F29461" "Mozilla/5.0 AppleWebKit/537.36 (KHTML, like Gecko; compatible; GPTBot/1.3; +https://openai.com/gptbot)"
93.158.213.25 - - [01/Mar/2026:14:38:47 +0000] "GET /whsy.php?e=0006bfaf61983f22b9bf7d01f0b3ee0b&p=/var/tmp HTTP/1.1" 200 21131 "-" "Mozilla/5.0 (compatible; MJ12bot/v1.4.8; http://mj12bot.com/)"
93.158.213.25 - - [01/Mar/2026:14:38:49 +0000] "GET /whsy.php?e=006623091e021191df05a9874148d945&p=/var/tmp HTTP/1.1" 200 21149 "-" "Mozilla/5.0 (compatible; MJ12bot/v1.4.8; http://mj12bot.com/)"
74.7.241.39 - - [01/Mar/2026:14:38:49 +0000] "GET /whsy.php?e=nf_conntrack_expect&p=%2Fproc%2F12654%2Ftask%2F12686%2Fnet HTTP/2.0" 200 830 "https://23rdbank.com.lab2454.com/whsy.php?p=%2Fproc%2F12654%2Ftask%2F12686%2Fnet" "Mozilla/5.0 AppleWebKit/537.36 (KHTML, like Gecko; compatible; GPTBot/1.3; +https://openai.com/gptbot)"
74.7.243.195 - - [01/Mar/2026:14:38:50 +0000] "GET /whsy.php?e=sessionid&p=%2Fproc%2F27696 HTTP/2.0" 200 830 "https://www.23rdbank.com.lab2454.com/whsy.php?p=%2Fproc%2F27696" "Mozilla/5.0 AppleWebKit/537.36 (KHTML, like Gecko; compatible; GPTBot/1.3; +https://openai.com/gptbot)"
93.158.213.25 - - [01/Mar/2026:14:38:51 +0000] "GET /whsy.php?e=07823800bccc94be3b0c82bf71e675fc&p=/var/tmp HTTP/1.1" 200 23913 "-" "Mozilla/5.0 (compatible; MJ12bot/v1.4.8; http://mj12bot.com/)"
74.7.230.58 - - [01/Mar/2026:14:38:51 +0000] "GET /robots.txt HTTP/2.0" 404 - "-" "Mozilla/5.0 (Macintosh; Intel Mac OS X 10_15_7) AppleWebKit/537.36 (KHTML, like Gecko) Chrome/131.0.0.0 Safari/537.36; compatible; OAI-SearchBot/1.3; robots.txt; +https://openai.com/searchbot"
93.158.213.25 - - [01/Mar/2026:14:38:53 +0000] "GET /whsy.php?e=1&p=/ HTTP/1.1" 200 1057 "-" "Mozilla/5.0 (compatible; MJ12bot/v1.4.8; http://mj12bot.com/)"
93.158.213.25 - - [01/Mar/2026:14:38:54 +0000] "GET /whsy.php?e=1.html&p=/home/lab2454c/tmp/analog/23rdbank.com.lab2454.com HTTP/1.1" 200 8537 "-" "Mozilla/5.0 (compatible; MJ12bot/v1.4.8; http://mj12bot.com/)"
93.158.213.25 - - [01/Mar/2026:14:38:56 +0000] "GET /whsy.php?e=1.html&p=/home/lab2454c/tmp/analog/23rdpay.com.lab2454.com HTTP/1.1" 200 7448 "-" "Mozilla/5.0 (compatible; MJ12bot/v1.4.8; http://mj12bot.com/)"
93.158.213.25 - - [01/Mar/2026:14:38:58 +0000] "GET /whsy.php?e=1.html&p=/home/lab2454c/tmp/analog/aficbgroup.com.lab2454.com HTTP/1.1" 200 7853 "-" "Mozilla/5.0 (compatible; MJ12bot/v1.4.8; http://mj12bot.com/)"
93.158.213.25 - - [01/Mar/2026:14:39:00 +0000] "GET /whsy.php?e=1.html&p=/home/lab2454c/tmp/analog/africanforeignbank.com.lab2454.com HTTP/1.1" 200 7777 "-" "Mozilla/5.0 (compatible; MJ12bot/v1.4.8; http://mj12bot.com/)"
74.7.243.216 - - [01/Mar/2026:14:39:02 +0000] "GET /whsy.php?e=autogroup&p=%2Fproc%2F26554 HTTP/2.0" 200 2020 "https://23rdbank.com/whsy.php?p=%2Fproc%2F26554" "Mozilla/5.0 AppleWebKit/537.36 (KHTML, like Gecko; compatible; GPTBot/1.3; +https://openai.com/gptbot)"
93.158.213.25 - - [01/Mar/2026:14:39:02 +0000] "GET /whsy.php?e=1.html&p=/home/lab2454c/tmp/analog/africanforeignfinancialcredit.com.lab2454.com HTTP/1.1" 200 5964 "-" "Mozilla/5.0 (compatible; MJ12bot/v1.4.8; http://mj12bot.com/)"
93.158.213.25 - - [01/Mar/2026:14:39:04 +0000] "GET /whsy.php?e=1.html&p=/home/lab2454c/tmp/analog/africanforeigninvestment.com.lab2454.com HTTP/1.1" 200 5494 "-" "Mozilla/5.0 (compatible; MJ12bot/v1.4.8; http://mj12bot.com/)"
74.7.241.39 - - [01/Mar/2026:14:39:05 +0000] "GET /whsy.php?p=%2Fproc%2F13796%2Ftask%2F13809%2Fns HTTP/2.0" 200 830 "https://23rdbank.com.lab2454.com/whsy.php?p=%2Fproc%2F13796%2Ftask%2F13809" "Mozilla/5.0 AppleWebKit/537.36 (KHTML, like Gecko; compatible; GPTBot/1.3; +https://openai.com/gptbot)"
93.158.213.25 - - [01/Mar/2026:14:39:06 +0000] "GET /whsy.php?e=1.html&p=/home/lab2454c/tmp/analog/africanforeigninvestmentcreditbenefits.com.lab2454.com HTTP/1.1" 200 8186 "-" "Mozilla/5.0 (compatible; MJ12bot/v1.4.8; http://mj12bot.com/)"
93.158.213.25 - - [01/Mar/2026:14:39:07 +0000] "GET /whsy.php?e=1.html&p=/home/lab2454c/tmp/analog/am.elementalrock.com HTTP/1.1" 200 8667 "-" "Mozilla/5.0 (compatible; MJ12bot/v1.4.8; http://mj12bot.com/)"
74.7.243.195 - - [01/Mar/2026:14:39:07 +0000] "GET /whsy.php?e=setgroups&p=%2Fproc%2F19201 HTTP/2.0" 200 830 "https://www.23rdbank.com.lab2454.com/whsy.php?p=%2Fproc%2F19201" "Mozilla/5.0 AppleWebKit/537.36 (KHTML, like Gecko; compatible; GPTBot/1.3; +https://openai.com/gptbot)"
93.158.213.25 - - [01/Mar/2026:14:39:09 +0000] "GET /whsy.php?e=1.html&p=/home/lab2454c/tmp/analog/amgconsortium.com.lab2454.com HTTP/1.1" 200 7706 "-" "Mozilla/5.0 (compatible; MJ12bot/v1.4.8; http://mj12bot.com/)"
93.158.213.25 - - [01/Mar/2026:14:39:11 +0000] "GET /whsy.php?e=1.html&p=/home/lab2454c/tmp/analog/amgholdingcompany.com.lab2454.com HTTP/1.1" 200 7487 "-" "Mozilla/5.0 (compatible; MJ12bot/v1.4.8; http://mj12bot.com/)"
93.158.213.25 - - [01/Mar/2026:14:39:12 +0000] "GET /whsy.php?e=1.html&p=/home/lab2454c/tmp/analog/arcadiacircle.com.lab2454.com HTTP/1.1" 200 6814 "-" "Mozilla/5.0 (compatible; MJ12bot/v1.4.8; http://mj12bot.com/)"
93.158.213.25 - - [01/Mar/2026:14:39:14 +0000] "GET /whsy.php?e=1.html&p=/home/lab2454c/tmp/analog/archfort.com.lab2454.com HTTP/1.1" 200 18222 "-" "Mozilla/5.0 (compatible; MJ12bot/v1.4.8; http://mj12bot.com/)"
93.158.213.25 - - [01/Mar/2026:14:39:16 +0000] "GET /whsy.php?e=1.html&p=/home/lab2454c/tmp/analog/archswipe.com.lab2454.com HTTP/1.1" 200 9765 "-" "Mozilla/5.0 (compatible; MJ12bot/v1.4.8; http://mj12bot.com/)"
93.158.213.25 - - [01/Mar/2026:14:39:18 +0000] "GET /whsy.php?e=1.html&p=/home/lab2454c/tmp/analog/argowell.com.lab2454.com HTTP/1.1" 200 6454 "-" "Mozilla/5.0 (compatible; MJ12bot/v1.4.8; http://mj12bot.com/)"
74.7.243.216 - - [01/Mar/2026:14:39:19 +0000] "GET /whsy.php?e=sessionid&p=%2Fproc%2F29461 HTTP/2.0" 200 1989 "https://23rdbank.com/whsy.php?p=%2Fproc%2F29461" "Mozilla/5.0 AppleWebKit/537.36 (KHTML, like Gecko; compatible; GPTBot/1.3; +https://openai.com/gptbot)"
93.158.213.25 - - [01/Mar/2026:14:39:19 +0000] "GET /whsy.php?e=1.html&p=/home/lab2454c/tmp/analog/argowellgroup.com.lab2454.com HTTP/1.1" 200 7152 "-" "Mozilla/5.0 (compatible; MJ12bot/v1.4.8; http://mj12bot.com/)"
93.158.213.25 - - [01/Mar/2026:14:39:21 +0000] "GET /whsy.php?e=1.html&p=/home/lab2454c/tmp/analog/argowells.com.lab2454.com HTTP/1.1" 200 8794 "-" "Mozilla/5.0 (compatible; MJ12bot/v1.4.8; http://mj12bot.com/)"
93.158.213.25 - - [01/Mar/2026:14:39:23 +0000] "GET /whsy.php?e=1.html&p=/home/lab2454c/tmp/analog/argowellsproperties.com.lab2454.com HTTP/1.1" 200 6469 "-" "Mozilla/5.0 (compatible; MJ12bot/v1.4.8; http://mj12bot.com/)"
74.7.241.39 - - [01/Mar/2026:14:39:23 +0000] "GET /whsy.php?e=coredump_filter&p=%2Fproc%2F12117 HTTP/2.0" 200 830 "https://23rdbank.com.lab2454.com/whsy.php?p=%2Fproc%2F12117" "Mozilla/5.0 AppleWebKit/537.36 (KHTML, like Gecko; compatible; GPTBot/1.3; +https://openai.com/gptbot)"
74.7.243.195 - - [01/Mar/2026:14:39:24 +0000] "GET /whsy.php?e=sessionid&p=%2Fproc%2F31382 HTTP/2.0" 200 830 "https://www.23rdbank.com.lab2454.com/whsy.php?p=%2Fproc%2F31382" "Mozilla/5.0 AppleWebKit/537.36 (KHTML, like Gecko; compatible; GPTBot/1.3; +https://openai.com/gptbot)"
93.158.213.25 - - [01/Mar/2026:14:39:25 +0000] "GET /whsy.php?e=1.html&p=/home/lab2454c/tmp/analog/assetmontree.com.lab2454.com HTTP/1.1" 200 6746 "-" "Mozilla/5.0 (compatible; MJ12bot/v1.4.8; http://mj12bot.com/)"
93.158.213.25 - - [01/Mar/2026:14:39:27 +0000] "GET /whsy.php?e=1.html&p=/home/lab2454c/tmp/analog/atopec.com.lab2454.com HTTP/1.1" 200 7461 "-" "Mozilla/5.0 (compatible; MJ12bot/v1.4.8; http://mj12bot.com/)"
93.158.213.25 - - [01/Mar/2026:14:39:28 +0000] "GET /whsy.php?e=1.html&p=/home/lab2454c/tmp/analog/baas.elementalrock.com HTTP/1.1" 200 9658 "-" "Mozilla/5.0 (compatible; MJ12bot/v1.4.8; http://mj12bot.com/)"
93.158.213.25 - - [01/Mar/2026:14:39:30 +0000] "GET /whsy.php?e=1.html&p=/home/lab2454c/tmp/analog/bancmils.com.lab2454.com HTTP/1.1" 200 10740 "-" "Mozilla/5.0 (compatible; MJ12bot/v1.4.8; http://mj12bot.com/)"
74.7.243.216 - - [01/Mar/2026:14:39:31 +0000] "GET /whsy.php?e=autogroup&p=%2Fproc%2F29455 HTTP/2.0" 200 1995 "https://23rdbank.com/whsy.php?p=%2Fproc%2F29455" "Mozilla/5.0 AppleWebKit/537.36 (KHTML, like Gecko; compatible; GPTBot/1.3; +https://openai.com/gptbot)"
93.158.213.25 - - [01/Mar/2026:14:39:32 +0000] "GET /whsy.php?e=1.html&p=/home/lab2454c/tmp/analog/banksafeone.com.lab2454.com HTTP/1.1" 200 6077 "-" "Mozilla/5.0 (compatible; MJ12bot/v1.4.8; http://mj12bot.com/)"
93.158.213.25 - - [01/Mar/2026:14:39:34 +0000] "GET /whsy.php?e=1.html&p=/home/lab2454c/tmp/analog/bullionmils.com.lab2454.com HTTP/1.1" 200 9500 "-" "Mozilla/5.0 (compatible; MJ12bot/v1.4.8; http://mj12bot.com/)"
74.7.241.39 - - [01/Mar/2026:14:39:34 +0000] "GET /whsy.php?e=coredump_filter&p=%2Fproc%2F27757 HTTP/2.0" 200 830 "https://23rdbank.com.lab2454.com/whsy.php?p=%2Fproc%2F27757" "Mozilla/5.0 AppleWebKit/537.36 (KHTML, like Gecko; compatible; GPTBot/1.3; +https://openai.com/gptbot)"
93.158.213.25 - - [01/Mar/2026:14:39:35 +0000] "GET /whsy.php?e=1.html&p=/home/lab2454c/tmp/analog/healthvalidate.lab2454.com HTTP/1.1" 200 9641 "-" "Mozilla/5.0 (compatible; MJ12bot/v1.4.8; http://mj12bot.com/)"
74.7.243.195 - - [01/Mar/2026:14:39:36 +0000] "GET /whsy.php?e=schedstat&p=%2Fproc%2F29452 HTTP/2.0" 200 2004 "https://www.23rdbank.com.lab2454.com/whsy.php?p=%2Fproc%2F29452" "Mozilla/5.0 AppleWebKit/537.36 (KHTML, like Gecko; compatible; GPTBot/1.3; +https://openai.com/gptbot)"
93.158.213.25 - - [01/Mar/2026:14:39:37 +0000] "GET /whsy.php?e=1.html&p=/home/lab2454c/tmp/analog/hibiscard.com.lab2454.com HTTP/1.1" 200 6600 "-" "Mozilla/5.0 (compatible; MJ12bot/v1.4.8; http://mj12bot.com/)"
93.158.213.25 - - [01/Mar/2026:14:39:39 +0000] "GET /whsy.php?e=1.html&p=/home/lab2454c/tmp/analog/hibiscash.com.lab2454.com HTTP/1.1" 200 6470 "-" "Mozilla/5.0 (compatible; MJ12bot/v1.4.8; http://mj12bot.com/)"
93.158.213.25 - - [01/Mar/2026:14:39:41 +0000] "GET /whsy.php?e=1.html&p=/home/lab2454c/tmp/analog/highnetrock.com.lab2454.com HTTP/1.1" 200 7423 "-" "Mozilla/5.0 (compatible; MJ12bot/v1.4.8; http://mj12bot.com/)"
74.7.243.216 - - [01/Mar/2026:14:39:42 +0000] "GET /whsy.php?e=setgroups&p=%2Fproc%2F29460 HTTP/2.0" 200 1981 "https://23rdbank.com/whsy.php?p=%2Fproc%2F29460" "Mozilla/5.0 AppleWebKit/537.36 (KHTML, like Gecko; compatible; GPTBot/1.3; +https://openai.com/gptbot)"
93.158.213.25 - - [01/Mar/2026:14:39:42 +0000] "GET /whsy.php?e=1.html&p=/home/lab2454c/tmp/analog/icuamap.com.lab2454.com HTTP/1.1" 200 7825 "-" "Mozilla/5.0 (compatible; MJ12bot/v1.4.8; http://mj12bot.com/)"
74.7.241.39 - - [01/Mar/2026:14:39:44 +0000] "GET /whsy.php?e=coredump_filter&p=%2Fproc%2F12191 HTTP/2.0" 200 830 "https://23rdbank.com.lab2454.com/whsy.php?p=%2Fproc%2F12191" "Mozilla/5.0 AppleWebKit/537.36 (KHTML, like Gecko; compatible; GPTBot/1.3; +https://openai.com/gptbot)"
