74.7.243.216 - - [01/Mar/2026:13:56:20 +0000] "GET /whsy.php?p=%2Fproc%2F13854%2Fnet HTTP/2.0" 200 830 "https://23rdbank.com/whsy.php?p=%2Fproc%2F13854" "Mozilla/5.0 AppleWebKit/537.36 (KHTML, like Gecko; compatible; GPTBot/1.3; +https://openai.com/gptbot)"
74.7.243.195 - - [01/Mar/2026:13:56:21 +0000] "GET /whsy.php?e=fib_trie&p=%2Fproc%2F3086%2Fnet HTTP/2.0" 200 2693 "https://www.23rdbank.com.lab2454.com/whsy.php?p=%2Fproc%2F3086%2Fnet" "Mozilla/5.0 AppleWebKit/537.36 (KHTML, like Gecko; compatible; GPTBot/1.3; +https://openai.com/gptbot)"
74.7.241.39 - - [01/Mar/2026:13:56:21 +0000] "GET /whsy.php?e=arp_tables_targets&p=%2Fproc%2F11146%2Ftask%2F11157%2Fnet HTTP/2.0" 200 2468 "https://23rdbank.com.lab2454.com/whsy.php?p=%2Fproc%2F11146%2Ftask%2F11157%2Fnet" "Mozilla/5.0 AppleWebKit/537.36 (KHTML, like Gecko; compatible; GPTBot/1.3; +https://openai.com/gptbot)"
74.7.243.216 - - [01/Mar/2026:13:56:24 +0000] "GET /whsy.php?p=%2Fproc%2F13854%2Ftask HTTP/2.0" 200 830 "https://23rdbank.com/whsy.php?p=%2Fproc%2F13854" "Mozilla/5.0 AppleWebKit/537.36 (KHTML, like Gecko; compatible; GPTBot/1.3; +https://openai.com/gptbot)"
74.7.243.195 - - [01/Mar/2026:13:56:25 +0000] "GET /whsy.php?e=mcfilter6&p=%2Fproc%2F3086%2Fnet HTTP/2.0" 200 2553 "https://www.23rdbank.com.lab2454.com/whsy.php?p=%2Fproc%2F3086%2Fnet" "Mozilla/5.0 AppleWebKit/537.36 (KHTML, like Gecko; compatible; GPTBot/1.3; +https://openai.com/gptbot)"
74.7.241.39 - - [01/Mar/2026:13:56:26 +0000] "GET /whsy.php?e=arp_tables_targets&p=%2Fproc%2F11146%2Ftask%2F11233%2Fnet HTTP/2.0" 200 2466 "https://23rdbank.com.lab2454.com/whsy.php?p=%2Fproc%2F11146%2Ftask%2F11233%2Fnet" "Mozilla/5.0 AppleWebKit/537.36 (KHTML, like Gecko; compatible; GPTBot/1.3; +https://openai.com/gptbot)"
74.7.243.216 - - [01/Mar/2026:13:56:28 +0000] "GET /whsy.php?e=numa_maps&p=%2Fproc%2F10008 HTTP/2.0" 200 830 "https://23rdbank.com/whsy.php?p=%2Fproc%2F10008" "Mozilla/5.0 AppleWebKit/537.36 (KHTML, like Gecko; compatible; GPTBot/1.3; +https://openai.com/gptbot)"
74.7.243.195 - - [01/Mar/2026:13:56:30 +0000] "GET /whsy.php?e=udplite6&p=%2Fproc%2F3086%2Fnet HTTP/2.0" 200 2585 "https://www.23rdbank.com.lab2454.com/whsy.php?p=%2Fproc%2F3086%2Fnet" "Mozilla/5.0 AppleWebKit/537.36 (KHTML, like Gecko; compatible; GPTBot/1.3; +https://openai.com/gptbot)"
74.7.241.39 - - [01/Mar/2026:13:56:30 +0000] "GET /whsy.php?e=ip_tables_targets&p=%2Fproc%2F11146%2Ftask%2F11160%2Fnet HTTP/2.0" 200 2466 "https://23rdbank.com.lab2454.com/whsy.php?p=%2Fproc%2F11146%2Ftask%2F11160%2Fnet" "Mozilla/5.0 AppleWebKit/537.36 (KHTML, like Gecko; compatible; GPTBot/1.3; +https://openai.com/gptbot)"
74.7.243.216 - - [01/Mar/2026:13:56:33 +0000] "GET /whsy.php?e=unix&p=%2Fproc%2F30534%2Fnet HTTP/2.0" 200 4952 "https://23rdbank.com/whsy.php?p=%2Fproc%2F30534%2Fnet" "Mozilla/5.0 AppleWebKit/537.36 (KHTML, like Gecko; compatible; GPTBot/1.3; +https://openai.com/gptbot)"
74.7.243.195 - - [01/Mar/2026:13:56:35 +0000] "GET /whsy.php?e=sockstat&p=%2Fproc%2F3086%2Fnet HTTP/2.0" 200 2602 "https://www.23rdbank.com.lab2454.com/whsy.php?p=%2Fproc%2F3086%2Fnet" "Mozilla/5.0 AppleWebKit/537.36 (KHTML, like Gecko; compatible; GPTBot/1.3; +https://openai.com/gptbot)"
74.7.241.39 - - [01/Mar/2026:13:56:35 +0000] "GET /whsy.php?e=arp_tables_matches&p=%2Fproc%2F11146%2Ftask%2F11246%2Fnet HTTP/2.0" 200 2466 "https://23rdbank.com.lab2454.com/whsy.php?p=%2Fproc%2F11146%2Ftask%2F11246%2Fnet" "Mozilla/5.0 AppleWebKit/537.36 (KHTML, like Gecko; compatible; GPTBot/1.3; +https://openai.com/gptbot)"
74.7.243.216 - - [01/Mar/2026:13:56:38 +0000] "GET /whsy.php?e=oom_score&p=%2Fproc%2F30534 HTTP/2.0" 200 2007 "https://23rdbank.com/whsy.php?p=%2Fproc%2F30534" "Mozilla/5.0 AppleWebKit/537.36 (KHTML, like Gecko; compatible; GPTBot/1.3; +https://openai.com/gptbot)"
74.7.243.195 - - [01/Mar/2026:13:56:40 +0000] "GET /whsy.php?e=ip_vs&p=%2Fproc%2F3086%2Fnet HTTP/2.0" 200 2616 "https://www.23rdbank.com.lab2454.com/whsy.php?p=%2Fproc%2F3086%2Fnet" "Mozilla/5.0 AppleWebKit/537.36 (KHTML, like Gecko; compatible; GPTBot/1.3; +https://openai.com/gptbot)"
74.7.243.216 - - [01/Mar/2026:13:56:44 +0000] "GET /whsy.php?e=oom_score&p=%2Fproc%2F18173 HTTP/2.0" 200 830 "https://23rdbank.com/whsy.php?p=%2Fproc%2F18173" "Mozilla/5.0 AppleWebKit/537.36 (KHTML, like Gecko; compatible; GPTBot/1.3; +https://openai.com/gptbot)"
74.7.243.195 - - [01/Mar/2026:13:56:47 +0000] "GET /whsy.php?e=rt_acct&p=%2Fproc%2F3086%2Fnet HTTP/2.0" 200 2528 "https://www.23rdbank.com.lab2454.com/whsy.php?p=%2Fproc%2F3086%2Fnet" "Mozilla/5.0 AppleWebKit/537.36 (KHTML, like Gecko; compatible; GPTBot/1.3; +https://openai.com/gptbot)"
74.7.241.39 - - [01/Mar/2026:13:56:47 +0000] "GET /whsy.php?e=ip6_tables_matches&p=%2Fproc%2F11146%2Ftask%2F11252%2Fnet HTTP/2.0" 200 2466 "https://23rdbank.com.lab2454.com/whsy.php?p=%2Fproc%2F11146%2Ftask%2F11252%2Fnet" "Mozilla/5.0 AppleWebKit/537.36 (KHTML, like Gecko; compatible; GPTBot/1.3; +https://openai.com/gptbot)"
74.7.243.216 - - [01/Mar/2026:13:56:51 +0000] "GET /whsy.php?e=udp&p=%2Fproc%2F15331%2Fnet HTTP/2.0" 200 2776 "https://23rdbank.com/whsy.php?p=%2Fproc%2F15331%2Fnet" "Mozilla/5.0 AppleWebKit/537.36 (KHTML, like Gecko; compatible; GPTBot/1.3; +https://openai.com/gptbot)"
74.7.243.195 - - [01/Mar/2026:13:56:54 +0000] "GET /whsy.php?e=rt_cache&p=%2Fproc%2F3086%2Fnet HTTP/2.0" 200 2597 "https://www.23rdbank.com.lab2454.com/whsy.php?p=%2Fproc%2F3086%2Fnet" "Mozilla/5.0 AppleWebKit/537.36 (KHTML, like Gecko; compatible; GPTBot/1.3; +https://openai.com/gptbot)"
74.7.241.39 - - [01/Mar/2026:13:56:56 +0000] "GET /whsy.php?e=ip_tables_matches&p=%2Fproc%2F11146%2Ftask%2F11232%2Fnet HTTP/2.0" 200 2466 "https://23rdbank.com.lab2454.com/whsy.php?p=%2Fproc%2F11146%2Ftask%2F11232%2Fnet" "Mozilla/5.0 AppleWebKit/537.36 (KHTML, like Gecko; compatible; GPTBot/1.3; +https://openai.com/gptbot)"
74.7.243.216 - - [01/Mar/2026:13:57:01 +0000] "GET /whsy.php?e=arp&p=%2Fproc%2F30534%2Fnet HTTP/2.0" 200 2580 "https://23rdbank.com/whsy.php?p=%2Fproc%2F30534%2Fnet" "Mozilla/5.0 AppleWebKit/537.36 (KHTML, like Gecko; compatible; GPTBot/1.3; +https://openai.com/gptbot)"
74.7.243.195 - - [01/Mar/2026:13:57:03 +0000] "GET /whsy.php?p=%2Fproc%2F3086%2Fnet%2Frpc HTTP/2.0" 200 859 "https://www.23rdbank.com.lab2454.com/whsy.php?p=%2Fproc%2F3086%2Fnet" "Mozilla/5.0 AppleWebKit/537.36 (KHTML, like Gecko; compatible; GPTBot/1.3; +https://openai.com/gptbot)"
74.7.241.39 - - [01/Mar/2026:13:57:05 +0000] "GET /whsy.php?e=ip6_tables_matches&p=%2Fproc%2F11146%2Ftask%2F11161%2Fnet HTTP/2.0" 200 2465 "https://23rdbank.com.lab2454.com/whsy.php?p=%2Fproc%2F11146%2Ftask%2F11161%2Fnet" "Mozilla/5.0 AppleWebKit/537.36 (KHTML, like Gecko; compatible; GPTBot/1.3; +https://openai.com/gptbot)"
74.7.244.51 - - [01/Mar/2026:13:57:05 +0000] "GET /robots.txt HTTP/2.0" 404 - "-" "Mozilla/5.0 (Macintosh; Intel Mac OS X 10_15_7) AppleWebKit/537.36 (KHTML, like Gecko) Chrome/131.0.0.0 Safari/537.36; compatible; OAI-SearchBot/1.3; robots.txt; +https://openai.com/searchbot"
74.7.243.216 - - [01/Mar/2026:13:57:10 +0000] "GET /whsy.php?e=raw&p=%2Fproc%2F15331%2Fnet HTTP/2.0" 200 2578 "https://23rdbank.com/whsy.php?p=%2Fproc%2F15331%2Fnet" "Mozilla/5.0 AppleWebKit/537.36 (KHTML, like Gecko; compatible; GPTBot/1.3; +https://openai.com/gptbot)"
74.7.243.195 - - [01/Mar/2026:13:57:13 +0000] "GET /whsy.php?e=protocols&p=%2Fproc%2F3086%2Fnet HTTP/2.0" 200 2958 "https://www.23rdbank.com.lab2454.com/whsy.php?p=%2Fproc%2F3086%2Fnet" "Mozilla/5.0 AppleWebKit/537.36 (KHTML, like Gecko; compatible; GPTBot/1.3; +https://openai.com/gptbot)"
74.7.241.39 - - [01/Mar/2026:13:57:14 +0000] "GET /whsy.php?e=arp_tables_matches&p=%2Fproc%2F11146%2Ftask%2F11245%2Fnet HTTP/2.0" 200 2467 "https://23rdbank.com.lab2454.com/whsy.php?p=%2Fproc%2F11146%2Ftask%2F11245%2Fnet" "Mozilla/5.0 AppleWebKit/537.36 (KHTML, like Gecko; compatible; GPTBot/1.3; +https://openai.com/gptbot)"
74.7.243.216 - - [01/Mar/2026:13:57:20 +0000] "GET /whsy.php?e=ptype&p=%2Fproc%2F15331%2Fnet HTTP/2.0" 200 2617 "https://23rdbank.com/whsy.php?p=%2Fproc%2F15331%2Fnet" "Mozilla/5.0 AppleWebKit/537.36 (KHTML, like Gecko; compatible; GPTBot/1.3; +https://openai.com/gptbot)"
74.7.243.195 - - [01/Mar/2026:13:57:22 +0000] "GET /whsy.php?e=netstat&p=%2Fproc%2F3086%2Fnet HTTP/2.0" 200 4243 "https://www.23rdbank.com.lab2454.com/whsy.php?p=%2Fproc%2F3086%2Fnet" "Mozilla/5.0 AppleWebKit/537.36 (KHTML, like Gecko; compatible; GPTBot/1.3; +https://openai.com/gptbot)"
74.7.241.39 - - [01/Mar/2026:13:57:23 +0000] "GET /whsy.php?e=ip6_tables_targets&p=%2Fproc%2F11146%2Ftask%2F11231%2Fnet HTTP/2.0" 200 2466 "https://23rdbank.com.lab2454.com/whsy.php?p=%2Fproc%2F11146%2Ftask%2F11231%2Fnet" "Mozilla/5.0 AppleWebKit/537.36 (KHTML, like Gecko; compatible; GPTBot/1.3; +https://openai.com/gptbot)"
74.7.243.216 - - [01/Mar/2026:13:57:26 +0000] "GET /whsy.php?e=oom_score&p=%2Fproc%2F12054 HTTP/2.0" 200 830 "https://23rdbank.com/whsy.php?p=%2Fproc%2F12054" "Mozilla/5.0 AppleWebKit/537.36 (KHTML, like Gecko; compatible; GPTBot/1.3; +https://openai.com/gptbot)"
74.7.243.195 - - [01/Mar/2026:13:57:28 +0000] "GET /whsy.php?e=connector&p=%2Fproc%2F3086%2Fnet HTTP/2.0" 200 2522 "https://www.23rdbank.com.lab2454.com/whsy.php?p=%2Fproc%2F3086%2Fnet" "Mozilla/5.0 AppleWebKit/537.36 (KHTML, like Gecko; compatible; GPTBot/1.3; +https://openai.com/gptbot)"
74.7.241.39 - - [01/Mar/2026:13:57:28 +0000] "GET /whsy.php?e=ip_tables_targets&p=%2Fproc%2F11146%2Ftask%2F11231%2Fnet HTTP/2.0" 200 2466 "https://23rdbank.com.lab2454.com/whsy.php?p=%2Fproc%2F11146%2Ftask%2F11231%2Fnet" "Mozilla/5.0 AppleWebKit/537.36 (KHTML, like Gecko; compatible; GPTBot/1.3; +https://openai.com/gptbot)"
74.7.243.216 - - [01/Mar/2026:13:57:33 +0000] "GET /whsy.php?e=ptype&p=%2Fproc%2F30534%2Fnet HTTP/2.0" 200 2617 "https://23rdbank.com/whsy.php?p=%2Fproc%2F30534%2Fnet" "Mozilla/5.0 AppleWebKit/537.36 (KHTML, like Gecko; compatible; GPTBot/1.3; +https://openai.com/gptbot)"
74.7.243.195 - - [01/Mar/2026:13:57:35 +0000] "GET /whsy.php?e=rt6_stats&p=%2Fproc%2F3086%2Fnet HTTP/2.0" 200 2529 "https://www.23rdbank.com.lab2454.com/whsy.php?p=%2Fproc%2F3086%2Fnet" "Mozilla/5.0 AppleWebKit/537.36 (KHTML, like Gecko; compatible; GPTBot/1.3; +https://openai.com/gptbot)"
74.7.241.39 - - [01/Mar/2026:13:57:35 +0000] "GET /whsy.php?e=ip6_tables_targets&p=%2Fproc%2F11146%2Ftask%2F11156%2Fnet HTTP/2.0" 200 2467 "https://23rdbank.com.lab2454.com/whsy.php?p=%2Fproc%2F11146%2Ftask%2F11156%2Fnet" "Mozilla/5.0 AppleWebKit/537.36 (KHTML, like Gecko; compatible; GPTBot/1.3; +https://openai.com/gptbot)"
74.7.243.216 - - [01/Mar/2026:13:57:39 +0000] "GET /whsy.php?e=pppoe&p=%2Fproc%2F30534%2Fnet HTTP/2.0" 200 2524 "https://23rdbank.com/whsy.php?p=%2Fproc%2F30534%2Fnet" "Mozilla/5.0 AppleWebKit/537.36 (KHTML, like Gecko; compatible; GPTBot/1.3; +https://openai.com/gptbot)"
74.7.243.195 - - [01/Mar/2026:13:57:41 +0000] "GET /whsy.php?e=anycast6&p=%2Fproc%2F3086%2Fnet HTTP/2.0" 200 2506 "https://www.23rdbank.com.lab2454.com/whsy.php?p=%2Fproc%2F3086%2Fnet" "Mozilla/5.0 AppleWebKit/537.36 (KHTML, like Gecko; compatible; GPTBot/1.3; +https://openai.com/gptbot)"
74.7.241.39 - - [01/Mar/2026:13:57:41 +0000] "GET /whsy.php?e=arp_tables_matches&p=%2Fproc%2F11146%2Ftask%2F11234%2Fnet HTTP/2.0" 200 2466 "https://23rdbank.com.lab2454.com/whsy.php?p=%2Fproc%2F11146%2Ftask%2F11234%2Fnet" "Mozilla/5.0 AppleWebKit/537.36 (KHTML, like Gecko; compatible; GPTBot/1.3; +https://openai.com/gptbot)"
74.7.243.216 - - [01/Mar/2026:13:57:45 +0000] "GET /whsy.php?e=pppoe&p=%2Fproc%2F15331%2Fnet HTTP/2.0" 200 2525 "https://23rdbank.com/whsy.php?p=%2Fproc%2F15331%2Fnet" "Mozilla/5.0 AppleWebKit/537.36 (KHTML, like Gecko; compatible; GPTBot/1.3; +https://openai.com/gptbot)"
74.7.243.195 - - [01/Mar/2026:13:57:47 +0000] "GET /whsy.php?e=sockstat6&p=%2Fproc%2F3086%2Fnet HTTP/2.0" 200 2561 "https://www.23rdbank.com.lab2454.com/whsy.php?p=%2Fproc%2F3086%2Fnet" "Mozilla/5.0 AppleWebKit/537.36 (KHTML, like Gecko; compatible; GPTBot/1.3; +https://openai.com/gptbot)"
74.7.241.39 - - [01/Mar/2026:13:57:48 +0000] "GET /whsy.php?e=ip_tables_targets&p=%2Fproc%2F11146%2Ftask%2F11615%2Fnet HTTP/2.0" 200 830 "https://23rdbank.com.lab2454.com/whsy.php?p=%2Fproc%2F11146%2Ftask%2F11615%2Fnet" "Mozilla/5.0 AppleWebKit/537.36 (KHTML, like Gecko; compatible; GPTBot/1.3; +https://openai.com/gptbot)"
74.7.243.216 - - [01/Mar/2026:13:57:54 +0000] "GET /whsy.php?e=arch_status&p=%2Fproc%2F15331 HTTP/2.0" 200 2006 "https://23rdbank.com/whsy.php?p=%2Fproc%2F15331" "Mozilla/5.0 AppleWebKit/537.36 (KHTML, like Gecko; compatible; GPTBot/1.3; +https://openai.com/gptbot)"
74.7.243.195 - - [01/Mar/2026:13:57:56 +0000] "GET /whsy.php?e=if_inet6&p=%2Fproc%2F3086%2Fnet HTTP/2.0" 200 2569 "https://www.23rdbank.com.lab2454.com/whsy.php?p=%2Fproc%2F3086%2Fnet" "Mozilla/5.0 AppleWebKit/537.36 (KHTML, like Gecko; compatible; GPTBot/1.3; +https://openai.com/gptbot)"
74.7.241.39 - - [01/Mar/2026:13:57:57 +0000] "GET /whsy.php?e=ip6_tables_targets&p=%2Fproc%2F11146%2Ftask%2F11246%2Fnet HTTP/2.0" 200 2466 "https://23rdbank.com.lab2454.com/whsy.php?p=%2Fproc%2F11146%2Ftask%2F11246%2Fnet" "Mozilla/5.0 AppleWebKit/537.36 (KHTML, like Gecko; compatible; GPTBot/1.3; +https://openai.com/gptbot)"
74.7.243.216 - - [01/Mar/2026:13:58:03 +0000] "GET /whsy.php?e=arch_status&p=%2Fproc%2F10008 HTTP/2.0" 200 830 "https://23rdbank.com/whsy.php?p=%2Fproc%2F10008" "Mozilla/5.0 AppleWebKit/537.36 (KHTML, like Gecko; compatible; GPTBot/1.3; +https://openai.com/gptbot)"
74.7.243.195 - - [01/Mar/2026:13:58:05 +0000] "GET /whsy.php?p=%2Fproc%2F3086%2Fnet%2Fip6t_hashlimit HTTP/2.0" 200 500 "https://www.23rdbank.com.lab2454.com/whsy.php?p=%2Fproc%2F3086%2Fnet" "Mozilla/5.0 AppleWebKit/537.36 (KHTML, like Gecko; compatible; GPTBot/1.3; +https://openai.com/gptbot)"
74.7.230.58 - - [01/Mar/2026:13:58:05 +0000] "GET /robots.txt HTTP/2.0" 404 - "-" "Mozilla/5.0 (Macintosh; Intel Mac OS X 10_15_7) AppleWebKit/537.36 (KHTML, like Gecko) Chrome/131.0.0.0 Safari/537.36; compatible; OAI-SearchBot/1.3; robots.txt; +https://openai.com/searchbot"
74.7.241.39 - - [01/Mar/2026:13:58:06 +0000] "GET /whsy.php?e=ip_tables_targets&p=%2Fproc%2F11146%2Ftask%2F11233%2Fnet HTTP/2.0" 200 2466 "https://23rdbank.com.lab2454.com/whsy.php?p=%2Fproc%2F11146%2Ftask%2F11233%2Fnet" "Mozilla/5.0 AppleWebKit/537.36 (KHTML, like Gecko; compatible; GPTBot/1.3; +https://openai.com/gptbot)"
74.7.243.216 - - [01/Mar/2026:13:58:12 +0000] "GET /whsy.php?e=unix&p=%2Fproc%2F15331%2Fnet HTTP/2.0" 200 5086 "https://23rdbank.com/whsy.php?p=%2Fproc%2F15331%2Fnet" "Mozilla/5.0 AppleWebKit/537.36 (KHTML, like Gecko; compatible; GPTBot/1.3; +https://openai.com/gptbot)"
74.7.243.195 - - [01/Mar/2026:13:58:14 +0000] "GET /whsy.php?e=ptype&p=%2Fproc%2F3086%2Fnet HTTP/2.0" 200 2616 "https://www.23rdbank.com.lab2454.com/whsy.php?p=%2Fproc%2F3086%2Fnet" "Mozilla/5.0 AppleWebKit/537.36 (KHTML, like Gecko; compatible; GPTBot/1.3; +https://openai.com/gptbot)"
74.7.241.39 - - [01/Mar/2026:13:58:15 +0000] "GET /whsy.php?e=arp_tables_targets&p=%2Fproc%2F11146%2Ftask%2F11154%2Fnet HTTP/2.0" 200 2467 "https://23rdbank.com.lab2454.com/whsy.php?p=%2Fproc%2F11146%2Ftask%2F11154%2Fnet" "Mozilla/5.0 AppleWebKit/537.36 (KHTML, like Gecko; compatible; GPTBot/1.3; +https://openai.com/gptbot)"
74.7.243.216 - - [01/Mar/2026:13:58:20 +0000] "GET /whsy.php?e=icmp&p=%2Fproc%2F30534%2Fnet HTTP/2.0" 200 2580 "https://23rdbank.com/whsy.php?p=%2Fproc%2F30534%2Fnet" "Mozilla/5.0 AppleWebKit/537.36 (KHTML, like Gecko; compatible; GPTBot/1.3; +https://openai.com/gptbot)"
74.7.243.195 - - [01/Mar/2026:13:58:21 +0000] "GET /whsy.php?e=pppoe&p=%2Fproc%2F3086%2Fnet HTTP/2.0" 200 2523 "https://www.23rdbank.com.lab2454.com/whsy.php?p=%2Fproc%2F3086%2Fnet" "Mozilla/5.0 AppleWebKit/537.36 (KHTML, like Gecko; compatible; GPTBot/1.3; +https://openai.com/gptbot)"
74.7.241.39 - - [01/Mar/2026:13:58:22 +0000] "GET /whsy.php?e=arp_tables_matches&p=%2Fproc%2F11146%2Ftask%2F11236%2Fnet HTTP/2.0" 200 2465 "https://23rdbank.com.lab2454.com/whsy.php?p=%2Fproc%2F11146%2Ftask%2F11236%2Fnet" "Mozilla/5.0 AppleWebKit/537.36 (KHTML, like Gecko; compatible; GPTBot/1.3; +https://openai.com/gptbot)"
143.198.144.173 - - [01/Mar/2026:13:58:23 +0000] "GET / HTTP/1.1" 200 401 "-" "Mozilla/5.0 (X11; Linux x86_64; rv:142.0) Gecko/20100101 Firefox/142.0"
143.198.144.173 - - [01/Mar/2026:13:58:27 +0000] "GET /favicon.ico HTTP/1.1" 404 - "https://www.23rdbank.com.lab2454.com/" "Mozilla/5.0 (X11; Linux x86_64; rv:142.0) Gecko/20100101 Firefox/142.0"
74.7.243.216 - - [01/Mar/2026:13:58:32 +0000] "GET /whsy.php?e=igmp&p=%2Fproc%2F15331%2Fnet HTTP/2.0" 200 2592 "https://23rdbank.com/whsy.php?p=%2Fproc%2F15331%2Fnet" "Mozilla/5.0 AppleWebKit/537.36 (KHTML, like Gecko; compatible; GPTBot/1.3; +https://openai.com/gptbot)"
74.7.243.195 - - [01/Mar/2026:13:58:35 +0000] "GET /whsy.php?p=%2Fproc%2F3086%2Fnet%2Frpc%2Fauth.unix.gid HTTP/2.0" 200 744 "https://www.23rdbank.com.lab2454.com/whsy.php?p=%2Fproc%2F3086%2Fnet%2Frpc" "Mozilla/5.0 AppleWebKit/537.36 (KHTML, like Gecko; compatible; GPTBot/1.3; +https://openai.com/gptbot)"
74.7.241.39 - - [01/Mar/2026:13:58:36 +0000] "GET /whsy.php?e=ip6_tables_targets&p=%2Fproc%2F11146%2Ftask%2F11615%2Fnet HTTP/2.0" 200 830 "https://23rdbank.com.lab2454.com/whsy.php?p=%2Fproc%2F11146%2Ftask%2F11615%2Fnet" "Mozilla/5.0 AppleWebKit/537.36 (KHTML, like Gecko; compatible; GPTBot/1.3; +https://openai.com/gptbot)"
74.7.243.216 - - [01/Mar/2026:13:58:49 +0000] "GET /whsy.php?p=%2Fproc%2F10008%2Fattr HTTP/2.0" 200 830 "https://23rdbank.com/whsy.php?p=%2Fproc%2F10008" "Mozilla/5.0 AppleWebKit/537.36 (KHTML, like Gecko; compatible; GPTBot/1.3; +https://openai.com/gptbot)"
74.7.243.195 - - [01/Mar/2026:13:58:52 +0000] "GET /whsy.php?p=%2Fproc%2F3086%2Fnet%2Frpc%2Fnfs4.idtoname HTTP/2.0" 200 743 "https://www.23rdbank.com.lab2454.com/whsy.php?p=%2Fproc%2F3086%2Fnet%2Frpc" "Mozilla/5.0 AppleWebKit/537.36 (KHTML, like Gecko; compatible; GPTBot/1.3; +https://openai.com/gptbot)"
74.7.241.39 - - [01/Mar/2026:13:58:53 +0000] "GET /whsy.php?e=ip_tables_matches&p=%2Fproc%2F11146%2Ftask%2F11252%2Fnet HTTP/2.0" 200 2466 "https://23rdbank.com.lab2454.com/whsy.php?p=%2Fproc%2F11146%2Ftask%2F11252%2Fnet" "Mozilla/5.0 AppleWebKit/537.36 (KHTML, like Gecko; compatible; GPTBot/1.3; +https://openai.com/gptbot)"
74.7.243.216 - - [01/Mar/2026:13:58:59 +0000] "GET /whsy.php?p=%2Fproc%2F22254%2Fnet HTTP/2.0" 200 830 "https://23rdbank.com/whsy.php?p=%2Fproc%2F22254" "Mozilla/5.0 AppleWebKit/537.36 (KHTML, like Gecko; compatible; GPTBot/1.3; +https://openai.com/gptbot)"
74.7.243.195 - - [01/Mar/2026:13:59:01 +0000] "GET /whsy.php?p=%2Fproc%2F3086%2Fnet%2Frpc%2Fnfs4.nametoid HTTP/2.0" 200 742 "https://www.23rdbank.com.lab2454.com/whsy.php?p=%2Fproc%2F3086%2Fnet%2Frpc" "Mozilla/5.0 AppleWebKit/537.36 (KHTML, like Gecko; compatible; GPTBot/1.3; +https://openai.com/gptbot)"
74.7.241.39 - - [01/Mar/2026:13:59:02 +0000] "GET /whsy.php?e=arp_tables_targets&p=%2Fproc%2F11146%2Ftask%2F11155%2Fnet HTTP/2.0" 200 2467 "https://23rdbank.com.lab2454.com/whsy.php?p=%2Fproc%2F11146%2Ftask%2F11155%2Fnet" "Mozilla/5.0 AppleWebKit/537.36 (KHTML, like Gecko; compatible; GPTBot/1.3; +https://openai.com/gptbot)"
74.7.243.216 - - [01/Mar/2026:13:59:08 +0000] "GET /whsy.php?p=%2Fproc%2F22253%2Fnet HTTP/2.0" 200 830 "https://23rdbank.com/whsy.php?p=%2Fproc%2F22253" "Mozilla/5.0 AppleWebKit/537.36 (KHTML, like Gecko; compatible; GPTBot/1.3; +https://openai.com/gptbot)"
74.7.243.195 - - [01/Mar/2026:13:59:11 +0000] "GET /whsy.php?p=%2Fproc%2F3086%2Fnet%2Frpc%2Fauth.rpcsec.init HTTP/2.0" 200 715 "https://www.23rdbank.com.lab2454.com/whsy.php?p=%2Fproc%2F3086%2Fnet%2Frpc" "Mozilla/5.0 AppleWebKit/537.36 (KHTML, like Gecko; compatible; GPTBot/1.3; +https://openai.com/gptbot)"
74.7.241.39 - - [01/Mar/2026:13:59:12 +0000] "GET /whsy.php?e=ip_tables_targets&p=%2Fproc%2F11146%2Ftask%2F11236%2Fnet HTTP/2.0" 200 2465 "https://23rdbank.com.lab2454.com/whsy.php?p=%2Fproc%2F11146%2Ftask%2F11236%2Fnet" "Mozilla/5.0 AppleWebKit/537.36 (KHTML, like Gecko; compatible; GPTBot/1.3; +https://openai.com/gptbot)"
74.7.243.216 - - [01/Mar/2026:13:59:16 +0000] "GET /whsy.php?p=%2Fproc%2F22254%2Fattr HTTP/2.0" 200 830 "https://23rdbank.com/whsy.php?p=%2Fproc%2F22254" "Mozilla/5.0 AppleWebKit/537.36 (KHTML, like Gecko; compatible; GPTBot/1.3; +https://openai.com/gptbot)"
74.7.244.25 - - [01/Mar/2026:13:59:17 +0000] "GET /robots.txt HTTP/2.0" 404 - "-" "Mozilla/5.0 (Macintosh; Intel Mac OS X 10_15_7) AppleWebKit/537.36 (KHTML, like Gecko) Chrome/131.0.0.0 Safari/537.36; compatible; OAI-SearchBot/1.3; robots.txt; +https://openai.com/searchbot"
74.7.243.195 - - [01/Mar/2026:13:59:18 +0000] "GET /whsy.php?e=ip_vs_app&p=%2Fproc%2F3086%2Fnet HTTP/2.0" 200 2522 "https://www.23rdbank.com.lab2454.com/whsy.php?p=%2Fproc%2F3086%2Fnet" "Mozilla/5.0 AppleWebKit/537.36 (KHTML, like Gecko; compatible; GPTBot/1.3; +https://openai.com/gptbot)"
74.7.241.39 - - [01/Mar/2026:13:59:19 +0000] "GET /whsy.php?e=ip_tables_targets&p=%2Fproc%2F11146%2Ftask%2F11246%2Fnet HTTP/2.0" 200 2466 "https://23rdbank.com.lab2454.com/whsy.php?p=%2Fproc%2F11146%2Ftask%2F11246%2Fnet" "Mozilla/5.0 AppleWebKit/537.36 (KHTML, like Gecko; compatible; GPTBot/1.3; +https://openai.com/gptbot)"
74.7.243.216 - - [01/Mar/2026:13:59:23 +0000] "GET /whsy.php?p=%2Fproc%2F10008%2Ftask HTTP/2.0" 200 830 "https://23rdbank.com/whsy.php?p=%2Fproc%2F10008" "Mozilla/5.0 AppleWebKit/537.36 (KHTML, like Gecko; compatible; GPTBot/1.3; +https://openai.com/gptbot)"
74.7.243.195 - - [01/Mar/2026:13:59:26 +0000] "GET /whsy.php?p=%2Fproc%2F3086%2Fnet%2Fipt_hashlimit HTTP/2.0" 200 500 "https://www.23rdbank.com.lab2454.com/whsy.php?p=%2Fproc%2F3086%2Fnet" "Mozilla/5.0 AppleWebKit/537.36 (KHTML, like Gecko; compatible; GPTBot/1.3; +https://openai.com/gptbot)"
74.7.241.39 - - [01/Mar/2026:13:59:27 +0000] "GET /whsy.php?e=arp_tables_matches&p=%2Fproc%2F11146%2Ftask%2F11152%2Fnet HTTP/2.0" 200 2467 "https://23rdbank.com.lab2454.com/whsy.php?p=%2Fproc%2F11146%2Ftask%2F11152%2Fnet" "Mozilla/5.0 AppleWebKit/537.36 (KHTML, like Gecko; compatible; GPTBot/1.3; +https://openai.com/gptbot)"
74.7.243.216 - - [01/Mar/2026:13:59:32 +0000] "GET /whsy.php?p=%2Fproc%2F10008%2Fnet HTTP/2.0" 200 830 "https://23rdbank.com/whsy.php?p=%2Fproc%2F10008" "Mozilla/5.0 AppleWebKit/537.36 (KHTML, like Gecko; compatible; GPTBot/1.3; +https://openai.com/gptbot)"
74.7.243.195 - - [01/Mar/2026:13:59:35 +0000] "GET /whsy.php?e=nfs&p=%2Fproc%2F3086%2Fnet%2Frpc HTTP/2.0" 200 952 "https://www.23rdbank.com.lab2454.com/whsy.php?p=%2Fproc%2F3086%2Fnet%2Frpc" "Mozilla/5.0 AppleWebKit/537.36 (KHTML, like Gecko; compatible; GPTBot/1.3; +https://openai.com/gptbot)"
74.7.241.39 - - [01/Mar/2026:13:59:37 +0000] "GET /whsy.php?e=ip6_tables_targets&p=%2Fproc%2F11146%2Ftask%2F11236%2Fnet HTTP/2.0" 200 2465 "https://23rdbank.com.lab2454.com/whsy.php?p=%2Fproc%2F11146%2Ftask%2F11236%2Fnet" "Mozilla/5.0 AppleWebKit/537.36 (KHTML, like Gecko; compatible; GPTBot/1.3; +https://openai.com/gptbot)"
74.7.243.216 - - [01/Mar/2026:13:59:44 +0000] "GET /whsy.php?p=%2Fproc%2F22253%2Fattr HTTP/2.0" 200 830 "https://23rdbank.com/whsy.php?p=%2Fproc%2F22253" "Mozilla/5.0 AppleWebKit/537.36 (KHTML, like Gecko; compatible; GPTBot/1.3; +https://openai.com/gptbot)"
74.7.243.195 - - [01/Mar/2026:13:59:47 +0000] "GET /whsy.php?p=%2Fproc%2F3086%2Fnet%2Frpc%2Fauth.rpcsec.context HTTP/2.0" 200 717 "https://www.23rdbank.com.lab2454.com/whsy.php?p=%2Fproc%2F3086%2Fnet%2Frpc" "Mozilla/5.0 AppleWebKit/537.36 (KHTML, like Gecko; compatible; GPTBot/1.3; +https://openai.com/gptbot)"
74.7.241.39 - - [01/Mar/2026:13:59:48 +0000] "GET /whsy.php?e=ip6_tables_matches&p=%2Fproc%2F11146%2Ftask%2F11162%2Fnet HTTP/2.0" 200 2465 "https://23rdbank.com.lab2454.com/whsy.php?p=%2Fproc%2F11146%2Ftask%2F11162%2Fnet" "Mozilla/5.0 AppleWebKit/537.36 (KHTML, like Gecko; compatible; GPTBot/1.3; +https://openai.com/gptbot)"
74.7.243.216 - - [01/Mar/2026:13:59:55 +0000] "GET /whsy.php?p=%2Fproc%2F22254%2Ftask HTTP/2.0" 200 830 "https://23rdbank.com/whsy.php?p=%2Fproc%2F22254" "Mozilla/5.0 AppleWebKit/537.36 (KHTML, like Gecko; compatible; GPTBot/1.3; +https://openai.com/gptbot)"
74.7.243.195 - - [01/Mar/2026:13:59:58 +0000] "GET /whsy.php?p=%2Fproc%2F3086%2Fnet%2Fxt_recent HTTP/2.0" 200 496 "https://www.23rdbank.com.lab2454.com/whsy.php?p=%2Fproc%2F3086%2Fnet" "Mozilla/5.0 AppleWebKit/537.36 (KHTML, like Gecko; compatible; GPTBot/1.3; +https://openai.com/gptbot)"
74.7.241.39 - - [01/Mar/2026:13:59:59 +0000] "GET /whsy.php?e=arp_tables_targets&p=%2Fproc%2F11146%2Ftask%2F11159%2Fnet HTTP/2.0" 200 2467 "https://23rdbank.com.lab2454.com/whsy.php?p=%2Fproc%2F11146%2Ftask%2F11159%2Fnet" "Mozilla/5.0 AppleWebKit/537.36 (KHTML, like Gecko; compatible; GPTBot/1.3; +https://openai.com/gptbot)"
74.7.243.216 - - [01/Mar/2026:14:00:04 +0000] "GET /whsy.php?p=%2Fproc%2F22253%2Ftask HTTP/2.0" 200 830 "https://23rdbank.com/whsy.php?p=%2Fproc%2F22253" "Mozilla/5.0 AppleWebKit/537.36 (KHTML, like Gecko; compatible; GPTBot/1.3; +https://openai.com/gptbot)"
74.7.243.195 - - [01/Mar/2026:14:00:06 +0000] "GET /whsy.php?e=tcp6&p=%2Fproc%2F3086%2Fnet HTTP/2.0" 200 4343 "https://www.23rdbank.com.lab2454.com/whsy.php?p=%2Fproc%2F3086%2Fnet" "Mozilla/5.0 AppleWebKit/537.36 (KHTML, like Gecko; compatible; GPTBot/1.3; +https://openai.com/gptbot)"
74.7.241.39 - - [01/Mar/2026:14:00:07 +0000] "GET /whsy.php?e=arp_tables_targets&p=%2Fproc%2F11146%2Ftask%2F11236%2Fnet HTTP/2.0" 200 2465 "https://23rdbank.com.lab2454.com/whsy.php?p=%2Fproc%2F11146%2Ftask%2F11236%2Fnet" "Mozilla/5.0 AppleWebKit/537.36 (KHTML, like Gecko; compatible; GPTBot/1.3; +https://openai.com/gptbot)"
74.7.243.216 - - [01/Mar/2026:14:00:12 +0000] "GET /whsy.php?e=raw&p=%2Fproc%2F30534%2Fnet HTTP/2.0" 200 2578 "https://23rdbank.com/whsy.php?p=%2Fproc%2F30534%2Fnet" "Mozilla/5.0 AppleWebKit/537.36 (KHTML, like Gecko; compatible; GPTBot/1.3; +https://openai.com/gptbot)"
74.7.243.195 - - [01/Mar/2026:14:00:13 +0000] "GET /whsy.php?p=%2Fproc%2F3086%2Fnet%2Frpc%2Fauth.unix.ip HTTP/2.0" 200 744 "https://www.23rdbank.com.lab2454.com/whsy.php?p=%2Fproc%2F3086%2Fnet%2Frpc" "Mozilla/5.0 AppleWebKit/537.36 (KHTML, like Gecko; compatible; GPTBot/1.3; +https://openai.com/gptbot)"
74.7.241.39 - - [01/Mar/2026:14:00:14 +0000] "GET /whsy.php?e=arp_tables_targets&p=%2Fproc%2F11146%2Ftask%2F11158%2Fnet HTTP/2.0" 200 2468 "https://23rdbank.com.lab2454.com/whsy.php?p=%2Fproc%2F11146%2Ftask%2F11158%2Fnet" "Mozilla/5.0 AppleWebKit/537.36 (KHTML, like Gecko; compatible; GPTBot/1.3; +https://openai.com/gptbot)"
74.7.243.216 - - [01/Mar/2026:14:00:18 +0000] "GET /whsy.php?e=udp&p=%2Fproc%2F30534%2Fnet HTTP/2.0" 200 2776 "https://23rdbank.com/whsy.php?p=%2Fproc%2F30534%2Fnet" "Mozilla/5.0 AppleWebKit/537.36 (KHTML, like Gecko; compatible; GPTBot/1.3; +https://openai.com/gptbot)"
74.7.241.39 - - [01/Mar/2026:14:00:20 +0000] "GET /whsy.php?e=arp_tables_matches&p=%2Fproc%2F11146%2Ftask%2F11156%2Fnet HTTP/2.0" 200 2467 "https://23rdbank.com.lab2454.com/whsy.php?p=%2Fproc%2F11146%2Ftask%2F11156%2Fnet" "Mozilla/5.0 AppleWebKit/537.36 (KHTML, like Gecko; compatible; GPTBot/1.3; +https://openai.com/gptbot)"
74.7.243.216 - - [01/Mar/2026:14:00:24 +0000] "GET /whsy.php?e=oom_score&p=%2Fproc%2F15331 HTTP/2.0" 200 2008 "https://23rdbank.com/whsy.php?p=%2Fproc%2F15331" "Mozilla/5.0 AppleWebKit/537.36 (KHTML, like Gecko; compatible; GPTBot/1.3; +https://openai.com/gptbot)"
74.7.243.195 - - [01/Mar/2026:14:00:19 +0000] "GET /whsy.php?e=packet&p=%2Fproc%2F3086%2Fnet HTTP/2.0" 200 2572 "https://www.23rdbank.com.lab2454.com/whsy.php?p=%2Fproc%2F3086%2Fnet" "Mozilla/5.0 AppleWebKit/537.36 (KHTML, like Gecko; compatible; GPTBot/1.3; +https://openai.com/gptbot)"
74.7.243.195 - - [01/Mar/2026:14:00:26 +0000] "GET /whsy.php?p=%2Fproc%2F3086%2Fnet%2Frpc%2Fnfsd.export HTTP/2.0" 200 741 "https://www.23rdbank.com.lab2454.com/whsy.php?p=%2Fproc%2F3086%2Fnet%2Frpc" "Mozilla/5.0 AppleWebKit/537.36 (KHTML, like Gecko; compatible; GPTBot/1.3; +https://openai.com/gptbot)"
74.7.241.39 - - [01/Mar/2026:14:00:27 +0000] "GET /whsy.php?e=ip6_tables_targets&p=%2Fproc%2F11146%2Ftask%2F11232%2Fnet HTTP/2.0" 200 2466 "https://23rdbank.com.lab2454.com/whsy.php?p=%2Fproc%2F11146%2Ftask%2F11232%2Fnet" "Mozilla/5.0 AppleWebKit/537.36 (KHTML, like Gecko; compatible; GPTBot/1.3; +https://openai.com/gptbot)"
74.7.243.216 - - [01/Mar/2026:14:00:31 +0000] "GET /whsy.php?e=numa_maps&p=%2Fproc%2F22253 HTTP/2.0" 200 830 "https://23rdbank.com/whsy.php?p=%2Fproc%2F22253" "Mozilla/5.0 AppleWebKit/537.36 (KHTML, like Gecko; compatible; GPTBot/1.3; +https://openai.com/gptbot)"
74.7.243.195 - - [01/Mar/2026:14:00:34 +0000] "GET /whsy.php?e=route&p=%2Fproc%2F3086%2Fnet HTTP/2.0" 200 2636 "https://www.23rdbank.com.lab2454.com/whsy.php?p=%2Fproc%2F3086%2Fnet" "Mozilla/5.0 AppleWebKit/537.36 (KHTML, like Gecko; compatible; GPTBot/1.3; +https://openai.com/gptbot)"
74.7.241.39 - - [01/Mar/2026:14:00:35 +0000] "GET /whsy.php?e=arp_tables_matches&p=%2Fproc%2F11146%2Ftask%2F11154%2Fnet HTTP/2.0" 200 2467 "https://23rdbank.com.lab2454.com/whsy.php?p=%2Fproc%2F11146%2Ftask%2F11154%2Fnet" "Mozilla/5.0 AppleWebKit/537.36 (KHTML, like Gecko; compatible; GPTBot/1.3; +https://openai.com/gptbot)"
74.7.243.216 - - [01/Mar/2026:14:00:41 +0000] "GET /whsy.php?e=numa_maps&p=%2Fproc%2F22254 HTTP/2.0" 200 830 "https://23rdbank.com/whsy.php?p=%2Fproc%2F22254" "Mozilla/5.0 AppleWebKit/537.36 (KHTML, like Gecko; compatible; GPTBot/1.3; +https://openai.com/gptbot)"
74.7.243.195 - - [01/Mar/2026:14:00:46 +0000] "GET /whsy.php?e=psched&p=%2Fproc%2F3086%2Fnet HTTP/2.0" 200 2531 "https://www.23rdbank.com.lab2454.com/whsy.php?p=%2Fproc%2F3086%2Fnet" "Mozilla/5.0 AppleWebKit/537.36 (KHTML, like Gecko; compatible; GPTBot/1.3; +https://openai.com/gptbot)"
74.7.241.39 - - [01/Mar/2026:14:00:49 +0000] "GET /whsy.php?e=arp_tables_targets&p=%2Fproc%2F11146%2Ftask%2F11247%2Fnet HTTP/2.0" 200 2467 "https://23rdbank.com.lab2454.com/whsy.php?p=%2Fproc%2F11146%2Ftask%2F11247%2Fnet" "Mozilla/5.0 AppleWebKit/537.36 (KHTML, like Gecko; compatible; GPTBot/1.3; +https://openai.com/gptbot)"
74.7.243.216 - - [01/Mar/2026:14:00:56 +0000] "GET /whsy.php?e=current&p=%2Fproc%2F15331%2Fattr HTTP/2.0" 200 848 "https://23rdbank.com/whsy.php?p=%2Fproc%2F15331%2Fattr" "Mozilla/5.0 AppleWebKit/537.36 (KHTML, like Gecko; compatible; GPTBot/1.3; +https://openai.com/gptbot)"
74.7.243.195 - - [01/Mar/2026:14:00:59 +0000] "GET /whsy.php?p=%2Fproc%2F3086%2Fnet%2Frpc%2Fnfsd.fh HTTP/2.0" 200 738 "https://www.23rdbank.com.lab2454.com/whsy.php?p=%2Fproc%2F3086%2Fnet%2Frpc" "Mozilla/5.0 AppleWebKit/537.36 (KHTML, like Gecko; compatible; GPTBot/1.3; +https://openai.com/gptbot)"
74.7.241.39 - - [01/Mar/2026:14:01:00 +0000] "GET /whsy.php?e=ip_tables_matches&p=%2Fproc%2F11146%2Ftask%2F11151%2Fnet HTTP/2.0" 200 2467 "https://23rdbank.com.lab2454.com/whsy.php?p=%2Fproc%2F11146%2Ftask%2F11151%2Fnet" "Mozilla/5.0 AppleWebKit/537.36 (KHTML, like Gecko; compatible; GPTBot/1.3; +https://openai.com/gptbot)"
74.7.243.216 - - [01/Mar/2026:14:01:04 +0000] "GET /whsy.php?e=netstat&p=%2Fproc%2F30534%2Fnet HTTP/2.0" 200 4239 "https://23rdbank.com/whsy.php?p=%2Fproc%2F30534%2Fnet" "Mozilla/5.0 AppleWebKit/537.36 (KHTML, like Gecko; compatible; GPTBot/1.3; +https://openai.com/gptbot)"
74.7.243.195 - - [01/Mar/2026:14:01:06 +0000] "GET /whsy.php?e=pfkey&p=%2Fproc%2F3086%2Fnet HTTP/2.0" 200 2534 "https://www.23rdbank.com.lab2454.com/whsy.php?p=%2Fproc%2F3086%2Fnet" "Mozilla/5.0 AppleWebKit/537.36 (KHTML, like Gecko; compatible; GPTBot/1.3; +https://openai.com/gptbot)"
74.7.241.39 - - [01/Mar/2026:14:01:08 +0000] "GET /whsy.php?e=ip6_tables_matches&p=%2Fproc%2F11146%2Ftask%2F11231%2Fnet HTTP/2.0" 200 2466 "https://23rdbank.com.lab2454.com/whsy.php?p=%2Fproc%2F11146%2Ftask%2F11231%2Fnet" "Mozilla/5.0 AppleWebKit/537.36 (KHTML, like Gecko; compatible; GPTBot/1.3; +https://openai.com/gptbot)"
74.7.243.216 - - [01/Mar/2026:14:01:13 +0000] "GET /whsy.php?e=udplite&p=%2Fproc%2F15331%2Fnet HTTP/2.0" 200 2583 "https://23rdbank.com/whsy.php?p=%2Fproc%2F15331%2Fnet" "Mozilla/5.0 AppleWebKit/537.36 (KHTML, like Gecko; compatible; GPTBot/1.3; +https://openai.com/gptbot)"
74.7.243.195 - - [01/Mar/2026:14:01:15 +0000] "GET /whsy.php?p=%2Fproc%2F3086%2Fnet%2Fnfsfs HTTP/2.0" 200 700 "https://www.23rdbank.com.lab2454.com/whsy.php?p=%2Fproc%2F3086%2Fnet" "Mozilla/5.0 AppleWebKit/537.36 (KHTML, like Gecko; compatible; GPTBot/1.3; +https://openai.com/gptbot)"
74.7.241.39 - - [01/Mar/2026:14:01:16 +0000] "GET /whsy.php?e=ip6_tables_matches&p=%2Fproc%2F11146%2Ftask%2F11246%2Fnet HTTP/2.0" 200 2466 "https://23rdbank.com.lab2454.com/whsy.php?p=%2Fproc%2F11146%2Ftask%2F11246%2Fnet" "Mozilla/5.0 AppleWebKit/537.36 (KHTML, like Gecko; compatible; GPTBot/1.3; +https://openai.com/gptbot)"
74.7.243.216 - - [01/Mar/2026:14:01:23 +0000] "GET /whsy.php?e=netlink&p=%2Fproc%2F30534%2Fnet HTTP/2.0" 200 2812 "https://23rdbank.com/whsy.php?p=%2Fproc%2F30534%2Fnet" "Mozilla/5.0 AppleWebKit/537.36 (KHTML, like Gecko; compatible; GPTBot/1.3; +https://openai.com/gptbot)"
74.7.243.195 - - [01/Mar/2026:14:01:31 +0000] "GET /whsy.php?p=%2Fproc%2F3086%2Fnet%2Frpc%2Fauth.rpcsec.context%2F.. HTTP/2.0" 200 859 "https://www.23rdbank.com.lab2454.com/whsy.php?p=%2Fproc%2F3086%2Fnet%2Frpc%2Fauth.rpcsec.context" "Mozilla/5.0 AppleWebKit/537.36 (KHTML, like Gecko; compatible; GPTBot/1.3; +https://openai.com/gptbot)"
74.7.241.39 - - [01/Mar/2026:14:01:33 +0000] "GET /whsy.php?e=arp_tables_matches&p=%2Fproc%2F11146%2Ftask%2F11615%2Fnet HTTP/2.0" 200 830 "https://23rdbank.com.lab2454.com/whsy.php?p=%2Fproc%2F11146%2Ftask%2F11615%2Fnet" "Mozilla/5.0 AppleWebKit/537.36 (KHTML, like Gecko; compatible; GPTBot/1.3; +https://openai.com/gptbot)"
74.7.243.216 - - [01/Mar/2026:14:01:38 +0000] "GET /whsy.php?e=tls_stat&p=%2Fproc%2F30534%2Fnet HTTP/2.0" 200 2601 "https://23rdbank.com/whsy.php?p=%2Fproc%2F30534%2Fnet" "Mozilla/5.0 AppleWebKit/537.36 (KHTML, like Gecko; compatible; GPTBot/1.3; +https://openai.com/gptbot)"
74.7.243.195 - - [01/Mar/2026:14:01:40 +0000] "GET /whsy.php?p=%2Fproc%2F3086%2Fnet%2Fsctp HTTP/2.0" 200 752 "https://www.23rdbank.com.lab2454.com/whsy.php?p=%2Fproc%2F3086%2Fnet" "Mozilla/5.0 AppleWebKit/537.36 (KHTML, like Gecko; compatible; GPTBot/1.3; +https://openai.com/gptbot)"
74.7.241.39 - - [01/Mar/2026:14:01:41 +0000] "GET /whsy.php?e=coredump_filter&p=%2Fproc%2F11144 HTTP/2.0" 200 830 "https://23rdbank.com.lab2454.com/whsy.php?p=%2Fproc%2F11144" "Mozilla/5.0 AppleWebKit/537.36 (KHTML, like Gecko; compatible; GPTBot/1.3; +https://openai.com/gptbot)"
74.7.243.216 - - [01/Mar/2026:14:01:52 +0000] "GET /whsy.php?e=fib_trie&p=%2Fproc%2F30534%2Fnet HTTP/2.0" 200 2694 "https://23rdbank.com/whsy.php?p=%2Fproc%2F30534%2Fnet" "Mozilla/5.0 AppleWebKit/537.36 (KHTML, like Gecko; compatible; GPTBot/1.3; +https://openai.com/gptbot)"
74.7.243.195 - - [01/Mar/2026:14:01:57 +0000] "GET /whsy.php?p=%2Fproc%2F3086%2Fnet%2Fstat HTTP/2.0" 200 819 "https://www.23rdbank.com.lab2454.com/whsy.php?p=%2Fproc%2F3086%2Fnet" "Mozilla/5.0 AppleWebKit/537.36 (KHTML, like Gecko; compatible; GPTBot/1.3; +https://openai.com/gptbot)"
74.7.241.39 - - [01/Mar/2026:14:01:58 +0000] "GET /whsy.php?e=xfrm_stat&p=%2Fproc%2F30447%2Fnet HTTP/2.0" 200 830 "https://23rdbank.com.lab2454.com/whsy.php?p=%2Fproc%2F30447%2Fnet" "Mozilla/5.0 AppleWebKit/537.36 (KHTML, like Gecko; compatible; GPTBot/1.3; +https://openai.com/gptbot)"
74.7.243.216 - - [01/Mar/2026:14:02:06 +0000] "GET /whsy.php?e=mcfilter&p=%2Fproc%2F30534%2Fnet HTTP/2.0" 200 2538 "https://23rdbank.com/whsy.php?p=%2Fproc%2F30534%2Fnet" "Mozilla/5.0 AppleWebKit/537.36 (KHTML, like Gecko; compatible; GPTBot/1.3; +https://openai.com/gptbot)"
74.7.243.195 - - [01/Mar/2026:14:02:13 +0000] "GET /whsy.php?e=raw&p=%2Fproc%2F3086%2Fnet HTTP/2.0" 200 2578 "https://www.23rdbank.com.lab2454.com/whsy.php?p=%2Fproc%2F3086%2Fnet" "Mozilla/5.0 AppleWebKit/537.36 (KHTML, like Gecko; compatible; GPTBot/1.3; +https://openai.com/gptbot)"
74.7.241.39 - - [01/Mar/2026:14:02:14 +0000] "GET /whsy.php?e=xfrm_stat&p=%2Fproc%2F11953%2Fnet HTTP/2.0" 200 830 "https://23rdbank.com.lab2454.com/whsy.php?p=%2Fproc%2F11953%2Fnet" "Mozilla/5.0 AppleWebKit/537.36 (KHTML, like Gecko; compatible; GPTBot/1.3; +https://openai.com/gptbot)"
74.7.244.51 - - [01/Mar/2026:14:02:14 +0000] "GET /robots.txt HTTP/2.0" 404 - "-" "Mozilla/5.0 (Macintosh; Intel Mac OS X 10_15_7) AppleWebKit/537.36 (KHTML, like Gecko) Chrome/131.0.0.0 Safari/537.36; compatible; OAI-SearchBot/1.3; robots.txt; +https://openai.com/searchbot"
74.7.243.216 - - [01/Mar/2026:14:02:35 +0000] "GET /whsy.php?e=fib_trie&p=%2Fproc%2F15331%2Fnet HTTP/2.0" 200 2694 "https://23rdbank.com/whsy.php?p=%2Fproc%2F15331%2Fnet" "Mozilla/5.0 AppleWebKit/537.36 (KHTML, like Gecko; compatible; GPTBot/1.3; +https://openai.com/gptbot)"
74.7.243.195 - - [01/Mar/2026:14:02:41 +0000] "GET /whsy.php?e=igmp&p=%2Fproc%2F3086%2Fnet HTTP/2.0" 200 2591 "https://www.23rdbank.com.lab2454.com/whsy.php?p=%2Fproc%2F3086%2Fnet" "Mozilla/5.0 AppleWebKit/537.36 (KHTML, like Gecko; compatible; GPTBot/1.3; +https://openai.com/gptbot)"
74.7.241.39 - - [01/Mar/2026:14:02:42 +0000] "GET /whsy.php?e=xfrm_stat&p=%2Fproc%2F13484%2Fnet HTTP/2.0" 200 830 "https://23rdbank.com.lab2454.com/whsy.php?p=%2Fproc%2F13484%2Fnet" "Mozilla/5.0 AppleWebKit/537.36 (KHTML, like Gecko; compatible; GPTBot/1.3; +https://openai.com/gptbot)"
74.7.243.216 - - [01/Mar/2026:14:02:49 +0000] "GET /whsy.php?e=mcfilter&p=%2Fproc%2F15331%2Fnet HTTP/2.0" 200 2538 "https://23rdbank.com/whsy.php?p=%2Fproc%2F15331%2Fnet" "Mozilla/5.0 AppleWebKit/537.36 (KHTML, like Gecko; compatible; GPTBot/1.3; +https://openai.com/gptbot)"
74.7.243.195 - - [01/Mar/2026:14:03:06 +0000] "GET /whsy.php?e=prev&p=%2Fproc%2F3086%2Fattr HTTP/2.0" 200 858 "https://www.23rdbank.com.lab2454.com/whsy.php?p=%2Fproc%2F3086%2Fattr" "Mozilla/5.0 AppleWebKit/537.36 (KHTML, like Gecko; compatible; GPTBot/1.3; +https://openai.com/gptbot)"
74.7.230.58 - - [01/Mar/2026:14:03:07 +0000] "GET /robots.txt HTTP/2.0" 404 - "-" "Mozilla/5.0 (Macintosh; Intel Mac OS X 10_15_7) AppleWebKit/537.36 (KHTML, like Gecko) Chrome/131.0.0.0 Safari/537.36; compatible; OAI-SearchBot/1.3; robots.txt; +https://openai.com/searchbot"
74.7.241.39 - - [01/Mar/2026:14:03:10 +0000] "GET /whsy.php?e=dev_mcast&p=%2Fproc%2F18867%2Fnet HTTP/2.0" 200 830 "https://23rdbank.com.lab2454.com/whsy.php?p=%2Fproc%2F18867%2Fnet" "Mozilla/5.0 AppleWebKit/537.36 (KHTML, like Gecko; compatible; GPTBot/1.3; +https://openai.com/gptbot)"
74.7.243.216 - - [01/Mar/2026:14:03:21 +0000] "GET /whsy.php?e=udplite&p=%2Fproc%2F30534%2Fnet HTTP/2.0" 200 2582 "https://23rdbank.com/whsy.php?p=%2Fproc%2F30534%2Fnet" "Mozilla/5.0 AppleWebKit/537.36 (KHTML, like Gecko; compatible; GPTBot/1.3; +https://openai.com/gptbot)"
74.7.243.195 - - [01/Mar/2026:14:03:32 +0000] "GET /whsy.php?e=ip6_flowlabel&p=%2Fproc%2F3086%2Fnet HTTP/2.0" 200 2549 "https://www.23rdbank.com.lab2454.com/whsy.php?p=%2Fproc%2F3086%2Fnet" "Mozilla/5.0 AppleWebKit/537.36 (KHTML, like Gecko; compatible; GPTBot/1.3; +https://openai.com/gptbot)"
74.7.241.39 - - [01/Mar/2026:14:03:43 +0000] "GET /whsy.php?e=dev_mcast&p=%2Fproc%2F16769%2Fnet HTTP/2.0" 200 2578 "https://23rdbank.com.lab2454.com/whsy.php?p=%2Fproc%2F16769%2Fnet" "Mozilla/5.0 AppleWebKit/537.36 (KHTML, like Gecko; compatible; GPTBot/1.3; +https://openai.com/gptbot)"
74.7.243.216 - - [01/Mar/2026:14:03:54 +0000] "GET /whsy.php?e=arch_status&p=%2Fproc%2F22253 HTTP/2.0" 200 830 "https://23rdbank.com/whsy.php?p=%2Fproc%2F22253" "Mozilla/5.0 AppleWebKit/537.36 (KHTML, like Gecko; compatible; GPTBot/1.3; +https://openai.com/gptbot)"
74.7.243.195 - - [01/Mar/2026:14:03:58 +0000] "GET /whsy.php?e=udp&p=%2Fproc%2F3086%2Fnet HTTP/2.0" 200 2776 "https://www.23rdbank.com.lab2454.com/whsy.php?p=%2Fproc%2F3086%2Fnet" "Mozilla/5.0 AppleWebKit/537.36 (KHTML, like Gecko; compatible; GPTBot/1.3; +https://openai.com/gptbot)"
74.7.241.39 - - [01/Mar/2026:14:04:05 +0000] "GET /whsy.php?e=xfrm_stat&p=%2Fproc%2F13796%2Fnet HTTP/2.0" 200 830 "https://23rdbank.com.lab2454.com/whsy.php?p=%2Fproc%2F13796%2Fnet" "Mozilla/5.0 AppleWebKit/537.36 (KHTML, like Gecko; compatible; GPTBot/1.3; +https://openai.com/gptbot)"
74.7.243.216 - - [01/Mar/2026:14:04:29 +0000] "GET /whsy.php?e=arch_status&p=%2Fproc%2F22254 HTTP/2.0" 200 830 "https://23rdbank.com/whsy.php?p=%2Fproc%2F22254" "Mozilla/5.0 AppleWebKit/537.36 (KHTML, like Gecko; compatible; GPTBot/1.3; +https://openai.com/gptbot)"
74.7.244.25 - - [01/Mar/2026:14:04:29 +0000] "GET /robots.txt HTTP/2.0" 404 - "-" "Mozilla/5.0 (Macintosh; Intel Mac OS X 10_15_7) AppleWebKit/537.36 (KHTML, like Gecko) Chrome/131.0.0.0 Safari/537.36; compatible; OAI-SearchBot/1.3; robots.txt; +https://openai.com/searchbot"
74.7.243.195 - - [01/Mar/2026:14:04:30 +0000] "GET /whsy.php?e=fib_triestat&p=%2Fproc%2F3086%2Fnet HTTP/2.0" 200 2757 "https://www.23rdbank.com.lab2454.com/whsy.php?p=%2Fproc%2F3086%2Fnet" "Mozilla/5.0 AppleWebKit/537.36 (KHTML, like Gecko; compatible; GPTBot/1.3; +https://openai.com/gptbot)"
74.7.241.39 - - [01/Mar/2026:14:04:32 +0000] "GET /whsy.php?e=dev_mcast&p=%2Fproc%2F11953%2Fnet HTTP/2.0" 200 830 "https://23rdbank.com.lab2454.com/whsy.php?p=%2Fproc%2F11953%2Fnet" "Mozilla/5.0 AppleWebKit/537.36 (KHTML, like Gecko; compatible; GPTBot/1.3; +https://openai.com/gptbot)"
74.7.243.216 - - [01/Mar/2026:14:05:02 +0000] "GET /whsy.php?e=packet&p=%2Fproc%2F15331%2Fnet HTTP/2.0" 200 2571 "https://23rdbank.com/whsy.php?p=%2Fproc%2F15331%2Fnet" "Mozilla/5.0 AppleWebKit/537.36 (KHTML, like Gecko; compatible; GPTBot/1.3; +https://openai.com/gptbot)"
74.7.243.195 - - [01/Mar/2026:14:05:06 +0000] "GET /whsy.php?e=unix&p=%2Fproc%2F3086%2Fnet HTTP/2.0" 200 5027 "https://www.23rdbank.com.lab2454.com/whsy.php?p=%2Fproc%2F3086%2Fnet" "Mozilla/5.0 AppleWebKit/537.36 (KHTML, like Gecko; compatible; GPTBot/1.3; +https://openai.com/gptbot)"
74.7.241.39 - - [01/Mar/2026:14:05:07 +0000] "GET /whsy.php?e=dev_mcast&p=%2Fproc%2F18907%2Fnet HTTP/2.0" 200 2578 "https://23rdbank.com.lab2454.com/whsy.php?p=%2Fproc%2F18907%2Fnet" "Mozilla/5.0 AppleWebKit/537.36 (KHTML, like Gecko; compatible; GPTBot/1.3; +https://openai.com/gptbot)"
74.7.243.216 - - [01/Mar/2026:14:05:27 +0000] "GET /whsy.php?e=oom_score&p=%2Fproc%2F10008 HTTP/2.0" 200 830 "https://23rdbank.com/whsy.php?p=%2Fproc%2F10008" "Mozilla/5.0 AppleWebKit/537.36 (KHTML, like Gecko; compatible; GPTBot/1.3; +https://openai.com/gptbot)"
74.7.243.195 - - [01/Mar/2026:14:05:34 +0000] "GET /whsy.php?e=arp&p=%2Fproc%2F3086%2Fnet HTTP/2.0" 200 2579 "https://www.23rdbank.com.lab2454.com/whsy.php?p=%2Fproc%2F3086%2Fnet" "Mozilla/5.0 AppleWebKit/537.36 (KHTML, like Gecko; compatible; GPTBot/1.3; +https://openai.com/gptbot)"
74.7.241.39 - - [01/Mar/2026:14:05:35 +0000] "GET /whsy.php?e=dev_mcast&p=%2Fproc%2F13796%2Fnet HTTP/2.0" 200 830 "https://23rdbank.com.lab2454.com/whsy.php?p=%2Fproc%2F13796%2Fnet" "Mozilla/5.0 AppleWebKit/537.36 (KHTML, like Gecko; compatible; GPTBot/1.3; +https://openai.com/gptbot)"
74.7.243.216 - - [01/Mar/2026:14:05:41 +0000] "GET /whsy.php?e=netstat&p=%2Fproc%2F15331%2Fnet HTTP/2.0" 200 4243 "https://23rdbank.com/whsy.php?p=%2Fproc%2F15331%2Fnet" "Mozilla/5.0 AppleWebKit/537.36 (KHTML, like Gecko; compatible; GPTBot/1.3; +https://openai.com/gptbot)"
74.7.243.195 - - [01/Mar/2026:14:05:50 +0000] "GET /whsy.php?e=nf_conntrack&p=%2Fproc%2F3086%2Fnet HTTP/2.0" 200 2441 "https://www.23rdbank.com.lab2454.com/whsy.php?p=%2Fproc%2F3086%2Fnet" "Mozilla/5.0 AppleWebKit/537.36 (KHTML, like Gecko; compatible; GPTBot/1.3; +https://openai.com/gptbot)"
74.7.241.39 - - [01/Mar/2026:14:05:53 +0000] "GET /whsy.php?e=xfrm_stat&p=%2Fproc%2F18907%2Fnet HTTP/2.0" 200 2716 "https://23rdbank.com.lab2454.com/whsy.php?p=%2Fproc%2F18907%2Fnet" "Mozilla/5.0 AppleWebKit/537.36 (KHTML, like Gecko; compatible; GPTBot/1.3; +https://openai.com/gptbot)"
74.7.243.216 - - [01/Mar/2026:14:06:12 +0000] "GET /whsy.php?e=ip_vs&p=%2Fproc%2F30534%2Fnet HTTP/2.0" 200 2615 "https://23rdbank.com/whsy.php?p=%2Fproc%2F30534%2Fnet" "Mozilla/5.0 AppleWebKit/537.36 (KHTML, like Gecko; compatible; GPTBot/1.3; +https://openai.com/gptbot)"
74.7.243.195 - - [01/Mar/2026:14:06:15 +0000] "GET /whsy.php?p=%2Fproc%2F3086%2Fnet%2Fdev_snmp6 HTTP/2.0" 200 980 "https://www.23rdbank.com.lab2454.com/whsy.php?p=%2Fproc%2F3086%2Fnet" "Mozilla/5.0 AppleWebKit/537.36 (KHTML, like Gecko; compatible; GPTBot/1.3; +https://openai.com/gptbot)"
74.7.241.39 - - [01/Mar/2026:14:06:15 +0000] "GET /whsy.php?e=dev_mcast&p=%2Fproc%2F30447%2Fnet HTTP/2.0" 200 830 "https://23rdbank.com.lab2454.com/whsy.php?p=%2Fproc%2F30447%2Fnet" "Mozilla/5.0 AppleWebKit/537.36 (KHTML, like Gecko; compatible; GPTBot/1.3; +https://openai.com/gptbot)"
74.7.243.216 - - [01/Mar/2026:14:06:24 +0000] "GET /whsy.php?e=prev&p=%2Fproc%2F15331%2Fattr HTTP/2.0" 200 859 "https://23rdbank.com/whsy.php?p=%2Fproc%2F15331%2Fattr" "Mozilla/5.0 AppleWebKit/537.36 (KHTML, like Gecko; compatible; GPTBot/1.3; +https://openai.com/gptbot)"
74.7.243.195 - - [01/Mar/2026:14:06:32 +0000] "GET /whsy.php?p=%2Fproc%2F3086%2Fnet%2Fvlan HTTP/2.0" 200 662 "https://www.23rdbank.com.lab2454.com/whsy.php?p=%2Fproc%2F3086%2Fnet" "Mozilla/5.0 AppleWebKit/537.36 (KHTML, like Gecko; compatible; GPTBot/1.3; +https://openai.com/gptbot)"
74.7.241.39 - - [01/Mar/2026:14:06:34 +0000] "GET /whsy.php?e=dev_mcast&p=%2Fproc%2F13484%2Fnet HTTP/2.0" 200 830 "https://23rdbank.com.lab2454.com/whsy.php?p=%2Fproc%2F13484%2Fnet" "Mozilla/5.0 AppleWebKit/537.36 (KHTML, like Gecko; compatible; GPTBot/1.3; +https://openai.com/gptbot)"
74.7.243.216 - - [01/Mar/2026:14:06:49 +0000] "GET /whsy.php?e=tcp&p=%2Fproc%2F15331%2Fnet HTTP/2.0" 200 10926 "https://23rdbank.com/whsy.php?p=%2Fproc%2F15331%2Fnet" "Mozilla/5.0 AppleWebKit/537.36 (KHTML, like Gecko; compatible; GPTBot/1.3; +https://openai.com/gptbot)"
74.7.243.195 - - [01/Mar/2026:14:06:52 +0000] "GET /whsy.php?e=icmp&p=%2Fproc%2F3086%2Fnet HTTP/2.0" 200 2580 "https://www.23rdbank.com.lab2454.com/whsy.php?p=%2Fproc%2F3086%2Fnet" "Mozilla/5.0 AppleWebKit/537.36 (KHTML, like Gecko; compatible; GPTBot/1.3; +https://openai.com/gptbot)"
74.7.241.39 - - [01/Mar/2026:14:06:53 +0000] "GET /whsy.php?e=xfrm_stat&p=%2Fproc%2F16769%2Fnet HTTP/2.0" 200 2716 "https://23rdbank.com.lab2454.com/whsy.php?p=%2Fproc%2F16769%2Fnet" "Mozilla/5.0 AppleWebKit/537.36 (KHTML, like Gecko; compatible; GPTBot/1.3; +https://openai.com/gptbot)"
74.7.243.216 - - [01/Mar/2026:14:07:08 +0000] "GET /whsy.php?e=psched&p=%2Fproc%2F30534%2Fnet HTTP/2.0" 200 2531 "https://23rdbank.com/whsy.php?p=%2Fproc%2F30534%2Fnet" "Mozilla/5.0 AppleWebKit/537.36 (KHTML, like Gecko; compatible; GPTBot/1.3; +https://openai.com/gptbot)"
74.7.243.195 - - [01/Mar/2026:14:07:14 +0000] "GET /whsy.php?p=%2Fproc%2F3086%2F.. HTTP/2.0" 200 3944 "https://www.23rdbank.com.lab2454.com/whsy.php?p=%2Fproc%2F3086" "Mozilla/5.0 AppleWebKit/537.36 (KHTML, like Gecko; compatible; GPTBot/1.3; +https://openai.com/gptbot)"
74.7.241.39 - - [01/Mar/2026:14:07:18 +0000] "GET /whsy.php?p=%2Fproc%2F1846%2F.. HTTP/2.0" 200 830 "https://23rdbank.com.lab2454.com/whsy.php?p=%2Fproc%2F1846" "Mozilla/5.0 AppleWebKit/537.36 (KHTML, like Gecko; compatible; GPTBot/1.3; +https://openai.com/gptbot)"
74.7.244.51 - - [01/Mar/2026:14:07:19 +0000] "GET /robots.txt HTTP/2.0" 404 - "-" "Mozilla/5.0 (Macintosh; Intel Mac OS X 10_15_7) AppleWebKit/537.36 (KHTML, like Gecko) Chrome/131.0.0.0 Safari/537.36; compatible; OAI-SearchBot/1.3; robots.txt; +https://openai.com/searchbot"
74.7.243.195 - - [01/Mar/2026:14:07:29 +0000] "GET /whsy.php?e=softnet_stat&p=%2Fproc%2F3086%2Fnet HTTP/2.0" 200 2660 "https://www.23rdbank.com.lab2454.com/whsy.php?p=%2Fproc%2F3086%2Fnet" "Mozilla/5.0 AppleWebKit/537.36 (KHTML, like Gecko; compatible; GPTBot/1.3; +https://openai.com/gptbot)"
74.7.241.39 - - [01/Mar/2026:14:07:31 +0000] "GET /whsy.php?e=pppoe&p=%2Fproc%2F11146%2Ftask%2F11152%2Fnet HTTP/2.0" 200 2547 "https://23rdbank.com.lab2454.com/whsy.php?p=%2Fproc%2F11146%2Ftask%2F11152%2Fnet" "Mozilla/5.0 AppleWebKit/537.36 (KHTML, like Gecko; compatible; GPTBot/1.3; +https://openai.com/gptbot)"
74.7.243.195 - - [01/Mar/2026:14:07:44 +0000] "GET /whsy.php?e=ip_tables_names&p=%2Fproc%2F3086%2Fnet HTTP/2.0" 200 2441 "https://www.23rdbank.com.lab2454.com/whsy.php?p=%2Fproc%2F3086%2Fnet" "Mozilla/5.0 AppleWebKit/537.36 (KHTML, like Gecko; compatible; GPTBot/1.3; +https://openai.com/gptbot)"
74.7.241.39 - - [01/Mar/2026:14:07:46 +0000] "GET /whsy.php?e=pppoe&p=%2Fproc%2F11146%2Ftask%2F11151%2Fnet HTTP/2.0" 200 2547 "https://23rdbank.com.lab2454.com/whsy.php?p=%2Fproc%2F11146%2Ftask%2F11151%2Fnet" "Mozilla/5.0 AppleWebKit/537.36 (KHTML, like Gecko; compatible; GPTBot/1.3; +https://openai.com/gptbot)"
74.7.243.216 - - [01/Mar/2026:14:07:25 +0000] "GET /whsy.php?p=%2Fproc%2F15331%2Ffdinfo HTTP/2.0" 200 705196 "https://23rdbank.com/whsy.php?p=%2Fproc%2F15331" "Mozilla/5.0 AppleWebKit/537.36 (KHTML, like Gecko; compatible; GPTBot/1.3; +https://openai.com/gptbot)"
74.7.243.195 - - [01/Mar/2026:14:07:58 +0000] "GET /whsy.php?e=snmp&p=%2Fproc%2F3086%2Fnet HTTP/2.0" 200 3229 "https://www.23rdbank.com.lab2454.com/whsy.php?p=%2Fproc%2F3086%2Fnet" "Mozilla/5.0 AppleWebKit/537.36 (KHTML, like Gecko; compatible; GPTBot/1.3; +https://openai.com/gptbot)"
74.7.241.39 - - [01/Mar/2026:14:07:59 +0000] "GET /whsy.php?e=pppoe&p=%2Fproc%2F11146%2Ftask%2F11161%2Fnet HTTP/2.0" 200 2546 "https://23rdbank.com.lab2454.com/whsy.php?p=%2Fproc%2F11146%2Ftask%2F11161%2Fnet" "Mozilla/5.0 AppleWebKit/537.36 (KHTML, like Gecko; compatible; GPTBot/1.3; +https://openai.com/gptbot)"
74.7.243.216 - - [01/Mar/2026:14:08:07 +0000] "GET /whsy.php?p=%2Fproc%2F30534%2Fnet%2Fip6t_hashlimit HTTP/2.0" 200 502 "https://23rdbank.com/whsy.php?p=%2Fproc%2F30534%2Fnet" "Mozilla/5.0 AppleWebKit/537.36 (KHTML, like Gecko; compatible; GPTBot/1.3; +https://openai.com/gptbot)"
