PATH:
var
/
log
/
apache2
/
domlogs
/
lab2454c
74.7.227.26 - - [01/Mar/2026:12:15:16 +0000] "GET /whsy.php?e=snmp&p=%2Fproc%2F27565%2Fnet HTTP/2.0" 200 3230 "https://www.vkeycloud.com.lab2454.com/whsy.php?p=%2Fproc%2F27565%2Fnet" "Mozilla/5.0 AppleWebKit/537.36 (KHTML, like Gecko; compatible; GPTBot/1.3; +https://openai.com/gptbot)"
74.7.227.26 - - [01/Mar/2026:12:15:28 +0000] "GET /whsy.php?e=coredump_filter&p=%2Fproc%2F18907 HTTP/2.0" 200 2009 "https://www.vkeycloud.com.lab2454.com/whsy.php?p=%2Fproc%2F18907" "Mozilla/5.0 AppleWebKit/537.36 (KHTML, like Gecko; compatible; GPTBot/1.3; +https://openai.com/gptbot)"
74.7.227.26 - - [01/Mar/2026:12:15:40 +0000] "GET /whsy.php?p=%2Fproc%2F11146%2Fmap_files HTTP/2.0" 200 527237 "https://www.vkeycloud.com.lab2454.com/whsy.php?p=%2Fproc%2F11146" "Mozilla/5.0 AppleWebKit/537.36 (KHTML, like Gecko; compatible; GPTBot/1.3; +https://openai.com/gptbot)"
74.7.227.26 - - [01/Mar/2026:12:16:21 +0000] "GET /whsy.php?e=projid_map&p=%2Fproc%2F18907 HTTP/2.0" 200 2028 "https://www.vkeycloud.com.lab2454.com/whsy.php?p=%2Fproc%2F18907" "Mozilla/5.0 AppleWebKit/537.36 (KHTML, like Gecko; compatible; GPTBot/1.3; +https://openai.com/gptbot)"
74.7.227.26 - - [01/Mar/2026:12:17:08 +0000] "GET /whsy.php?e=ip_vs&p=%2Fproc%2F11146%2Fnet HTTP/2.0" 200 2614 "https://www.vkeycloud.com.lab2454.com/whsy.php?p=%2Fproc%2F11146%2Fnet" "Mozilla/5.0 AppleWebKit/537.36 (KHTML, like Gecko; compatible; GPTBot/1.3; +https://openai.com/gptbot)"
74.7.227.26 - - [01/Mar/2026:12:17:24 +0000] "GET /whsy.php?e=snmp&p=%2Fproc%2F11146%2Fnet HTTP/2.0" 200 3229 "https://www.vkeycloud.com.lab2454.com/whsy.php?p=%2Fproc%2F11146%2Fnet" "Mozilla/5.0 AppleWebKit/537.36 (KHTML, like Gecko; compatible; GPTBot/1.3; +https://openai.com/gptbot)"
74.7.227.26 - - [01/Mar/2026:12:17:44 +0000] "GET /whsy.php?e=projid_map&p=%2Fproc%2F18398 HTTP/2.0" 200 861 "https://www.vkeycloud.com.lab2454.com/whsy.php?p=%2Fproc%2F18398" "Mozilla/5.0 AppleWebKit/537.36 (KHTML, like Gecko; compatible; GPTBot/1.3; +https://openai.com/gptbot)"
74.7.227.26 - - [01/Mar/2026:12:18:02 +0000] "GET /whsy.php?e=projid_map&p=%2Fproc%2F16769 HTTP/2.0" 200 2028 "https://www.vkeycloud.com.lab2454.com/whsy.php?p=%2Fproc%2F16769" "Mozilla/5.0 AppleWebKit/537.36 (KHTML, like Gecko; compatible; GPTBot/1.3; +https://openai.com/gptbot)"
74.7.227.26 - - [01/Mar/2026:12:18:16 +0000] "GET /whsy.php?e=projid_map&p=%2Fproc%2F25364 HTTP/2.0" 200 2028 "https://www.vkeycloud.com.lab2454.com/whsy.php?p=%2Fproc%2F25364" "Mozilla/5.0 AppleWebKit/537.36 (KHTML, like Gecko; compatible; GPTBot/1.3; +https://openai.com/gptbot)"
74.7.227.26 - - [01/Mar/2026:12:18:33 +0000] "GET /whsy.php?e=projid_map&p=%2Fproc%2F17518 HTTP/2.0" 200 861 "https://www.vkeycloud.com.lab2454.com/whsy.php?p=%2Fproc%2F17518" "Mozilla/5.0 AppleWebKit/537.36 (KHTML, like Gecko; compatible; GPTBot/1.3; +https://openai.com/gptbot)"
74.7.227.26 - - [01/Mar/2026:12:18:50 +0000] "GET /whsy.php?e=projid_map&p=%2Fproc%2F26917 HTTP/2.0" 200 2028 "https://www.vkeycloud.com.lab2454.com/whsy.php?p=%2Fproc%2F26917" "Mozilla/5.0 AppleWebKit/537.36 (KHTML, like Gecko; compatible; GPTBot/1.3; +https://openai.com/gptbot)"
74.7.227.26 - - [01/Mar/2026:12:19:05 +0000] "GET /whsy.php?e=projid_map&p=%2Fproc%2F18632 HTTP/2.0" 200 2028 "https://www.vkeycloud.com.lab2454.com/whsy.php?p=%2Fproc%2F18632" "Mozilla/5.0 AppleWebKit/537.36 (KHTML, like Gecko; compatible; GPTBot/1.3; +https://openai.com/gptbot)"
74.7.227.26 - - [01/Mar/2026:12:19:22 +0000] "GET /whsy.php?e=projid_map&p=%2Fproc%2F18250 HTTP/2.0" 200 861 "https://www.vkeycloud.com.lab2454.com/whsy.php?p=%2Fproc%2F18250" "Mozilla/5.0 AppleWebKit/537.36 (KHTML, like Gecko; compatible; GPTBot/1.3; +https://openai.com/gptbot)"
74.7.227.26 - - [01/Mar/2026:12:19:35 +0000] "GET /whsy.php?e=projid_map&p=%2Fproc%2F26918 HTTP/2.0" 200 2027 "https://www.vkeycloud.com.lab2454.com/whsy.php?p=%2Fproc%2F26918" "Mozilla/5.0 AppleWebKit/537.36 (KHTML, like Gecko; compatible; GPTBot/1.3; +https://openai.com/gptbot)"
74.7.227.26 - - [01/Mar/2026:12:19:50 +0000] "GET /whsy.php?e=raw&p=%2Fproc%2F27565%2Fnet HTTP/2.0" 200 2579 "https://www.vkeycloud.com.lab2454.com/whsy.php?p=%2Fproc%2F27565%2Fnet" "Mozilla/5.0 AppleWebKit/537.36 (KHTML, like Gecko; compatible; GPTBot/1.3; +https://openai.com/gptbot)"
74.7.227.26 - - [01/Mar/2026:12:20:07 +0000] "GET /whsy.php?e=arp&p=%2Fproc%2F26917%2Fnet HTTP/2.0" 200 2580 "https://www.vkeycloud.com.lab2454.com/whsy.php?p=%2Fproc%2F26917%2Fnet" "Mozilla/5.0 AppleWebKit/537.36 (KHTML, like Gecko; compatible; GPTBot/1.3; +https://openai.com/gptbot)"
74.7.227.26 - - [01/Mar/2026:12:20:22 +0000] "GET /whsy.php?e=arp&p=%2Fproc%2F26918%2Fnet HTTP/2.0" 200 2579 "https://www.vkeycloud.com.lab2454.com/whsy.php?p=%2Fproc%2F26918%2Fnet" "Mozilla/5.0 AppleWebKit/537.36 (KHTML, like Gecko; compatible; GPTBot/1.3; +https://openai.com/gptbot)"
74.7.227.26 - - [01/Mar/2026:12:20:35 +0000] "GET /whsy.php?e=udp&p=%2Fproc%2F27565%2Fnet HTTP/2.0" 200 2776 "https://www.vkeycloud.com.lab2454.com/whsy.php?p=%2Fproc%2F27565%2Fnet" "Mozilla/5.0 AppleWebKit/537.36 (KHTML, like Gecko; compatible; GPTBot/1.3; +https://openai.com/gptbot)"
74.7.227.26 - - [01/Mar/2026:12:20:50 +0000] "GET /whsy.php?p=%2Fproc%2F16769%2Fmap_files HTTP/2.0" 200 752768 "https://www.vkeycloud.com.lab2454.com/whsy.php?p=%2Fproc%2F16769" "Mozilla/5.0 AppleWebKit/537.36 (KHTML, like Gecko; compatible; GPTBot/1.3; +https://openai.com/gptbot)"
74.7.227.26 - - [01/Mar/2026:12:21:57 +0000] "GET /whsy.php?p=%2Fproc%2F17518%2Fmap_files HTTP/2.0" 200 861 "https://www.vkeycloud.com.lab2454.com/whsy.php?p=%2Fproc%2F17518" "Mozilla/5.0 AppleWebKit/537.36 (KHTML, like Gecko; compatible; GPTBot/1.3; +https://openai.com/gptbot)"
74.7.227.26 - - [01/Mar/2026:12:22:34 +0000] "GET /whsy.php?p=%2Fproc%2F11146%2Ftask%2F24419%2Fattr%2F.. HTTP/2.0" 200 1802 "https://www.vkeycloud.com.lab2454.com/whsy.php?p=%2Fproc%2F11146%2Ftask%2F24419%2Fattr" "Mozilla/5.0 AppleWebKit/537.36 (KHTML, like Gecko; compatible; GPTBot/1.3; +https://openai.com/gptbot)"
74.7.227.26 - - [01/Mar/2026:12:23:09 +0000] "GET /whsy.php?p=%2Fproc%2F18398%2Fmap_files HTTP/2.0" 200 861 "https://www.vkeycloud.com.lab2454.com/whsy.php?p=%2Fproc%2F18398" "Mozilla/5.0 AppleWebKit/537.36 (KHTML, like Gecko; compatible; GPTBot/1.3; +https://openai.com/gptbot)"
74.7.230.62 - - [01/Mar/2026:12:23:17 +0000] "GET /robots.txt HTTP/2.0" 404 - "-" "Mozilla/5.0 (Macintosh; Intel Mac OS X 10_15_7) AppleWebKit/537.36 (KHTML, like Gecko) Chrome/131.0.0.0 Safari/537.36; compatible; OAI-SearchBot/1.3; robots.txt; +https://openai.com/searchbot"
74.7.227.26 - - [01/Mar/2026:12:23:43 +0000] "GET /whsy.php?p=%2Fproc%2F11146%2Ftask%2F24282%2Fattr%2F.. HTTP/2.0" 200 1802 "https://www.vkeycloud.com.lab2454.com/whsy.php?p=%2Fproc%2F11146%2Ftask%2F24282%2Fattr" "Mozilla/5.0 AppleWebKit/537.36 (KHTML, like Gecko; compatible; GPTBot/1.3; +https://openai.com/gptbot)"
74.7.227.26 - - [01/Mar/2026:12:24:11 +0000] "GET /whsy.php?p=%2Fproc%2F11146%2Ftask%2F24282%2Fnet%2F.. HTTP/2.0" 200 1802 "https://www.vkeycloud.com.lab2454.com/whsy.php?p=%2Fproc%2F11146%2Ftask%2F24282%2Fnet" "Mozilla/5.0 AppleWebKit/537.36 (KHTML, like Gecko; compatible; GPTBot/1.3; +https://openai.com/gptbot)"
74.7.227.26 - - [01/Mar/2026:12:24:24 +0000] "GET /whsy.php?p=%2Fproc%2F11146%2Ftask%2F29202%2Fattr%2F.. HTTP/2.0" 200 1802 "https://www.vkeycloud.com.lab2454.com/whsy.php?p=%2Fproc%2F11146%2Ftask%2F29202%2Fattr" "Mozilla/5.0 AppleWebKit/537.36 (KHTML, like Gecko; compatible; GPTBot/1.3; +https://openai.com/gptbot)"
74.7.227.26 - - [01/Mar/2026:12:24:40 +0000] "GET /whsy.php?p=%2Fproc%2F18907%2Fnet%2Fnetfilter HTTP/2.0" 200 732 "https://www.vkeycloud.com.lab2454.com/whsy.php?p=%2Fproc%2F18907%2Fnet" "Mozilla/5.0 AppleWebKit/537.36 (KHTML, like Gecko; compatible; GPTBot/1.3; +https://openai.com/gptbot)"
74.7.227.26 - - [01/Mar/2026:12:24:59 +0000] "GET /whsy.php?p=%2Fproc%2F11146%2Ftask%2F24419%2Fnet%2F.. HTTP/2.0" 200 1802 "https://www.vkeycloud.com.lab2454.com/whsy.php?p=%2Fproc%2F11146%2Ftask%2F24419%2Fnet" "Mozilla/5.0 AppleWebKit/537.36 (KHTML, like Gecko; compatible; GPTBot/1.3; +https://openai.com/gptbot)"
74.7.227.26 - - [01/Mar/2026:12:25:26 +0000] "GET /whsy.php?p=%2Fproc%2F11146%2Ftask%2F29202%2Fnet%2F.. HTTP/2.0" 200 1802 "https://www.vkeycloud.com.lab2454.com/whsy.php?p=%2Fproc%2F11146%2Ftask%2F29202%2Fnet" "Mozilla/5.0 AppleWebKit/537.36 (KHTML, like Gecko; compatible; GPTBot/1.3; +https://openai.com/gptbot)"
74.7.227.26 - - [01/Mar/2026:12:25:39 +0000] "GET /whsy.php?e=tcp&p=%2Fproc%2F16769%2Fnet HTTP/2.0" 200 8648 "https://www.vkeycloud.com.lab2454.com/whsy.php?p=%2Fproc%2F16769%2Fnet" "Mozilla/5.0 AppleWebKit/537.36 (KHTML, like Gecko; compatible; GPTBot/1.3; +https://openai.com/gptbot)"
74.7.227.26 - - [01/Mar/2026:12:25:49 +0000] "GET /whsy.php?e=arch_status&p=%2Fproc%2F648 HTTP/2.0" 200 861 "https://www.vkeycloud.com.lab2454.com/whsy.php?p=%2Fproc%2F648" "Mozilla/5.0 AppleWebKit/537.36 (KHTML, like Gecko; compatible; GPTBot/1.3; +https://openai.com/gptbot)"
74.7.227.26 - - [01/Mar/2026:12:26:02 +0000] "GET /whsy.php?e=io&p=%2Fproc%2F11146%2Ftask%2F13028 HTTP/2.0" 200 1801 "https://www.vkeycloud.com.lab2454.com/whsy.php?p=%2Fproc%2F11146%2Ftask%2F13028" "Mozilla/5.0 AppleWebKit/537.36 (KHTML, like Gecko; compatible; GPTBot/1.3; +https://openai.com/gptbot)"
74.7.227.26 - - [01/Mar/2026:12:26:21 +0000] "GET /whsy.php?p=%2Fproc%2F11146%2Ftask%2F13028%2Fnet%2Fip6t_hashlimit HTTP/2.0" 200 521 "https://www.vkeycloud.com.lab2454.com/whsy.php?p=%2Fproc%2F11146%2Ftask%2F13028%2Fnet" "Mozilla/5.0 AppleWebKit/537.36 (KHTML, like Gecko; compatible; GPTBot/1.3; +https://openai.com/gptbot)"
74.7.227.26 - - [01/Mar/2026:12:26:33 +0000] "GET /whsy.php?p=%2Fproc%2F11146%2Ftask%2F12785%2Fnet%2Fip6t_hashlimit HTTP/2.0" 200 522 "https://www.vkeycloud.com.lab2454.com/whsy.php?p=%2Fproc%2F11146%2Ftask%2F12785%2Fnet" "Mozilla/5.0 AppleWebKit/537.36 (KHTML, like Gecko; compatible; GPTBot/1.3; +https://openai.com/gptbot)"
74.7.227.26 - - [01/Mar/2026:12:26:41 +0000] "GET /whsy.php?p=%2Fproc%2F648%2Fattr HTTP/2.0" 200 861 "https://www.vkeycloud.com.lab2454.com/whsy.php?p=%2Fproc%2F648" "Mozilla/5.0 AppleWebKit/537.36 (KHTML, like Gecko; compatible; GPTBot/1.3; +https://openai.com/gptbot)"
74.7.227.26 - - [01/Mar/2026:12:27:03 +0000] "GET /whsy.php?p=%2Fproc%2F11146%2Ffdinfo HTTP/2.0" 200 846180 "https://www.vkeycloud.com.lab2454.com/whsy.php?p=%2Fproc%2F11146" "Mozilla/5.0 AppleWebKit/537.36 (KHTML, like Gecko; compatible; GPTBot/1.3; +https://openai.com/gptbot)"
74.7.227.26 - - [01/Mar/2026:12:27:42 +0000] "GET /whsy.php?p=%2Fproc%2F648%2Ftask HTTP/2.0" 200 861 "https://www.vkeycloud.com.lab2454.com/whsy.php?p=%2Fproc%2F648" "Mozilla/5.0 AppleWebKit/537.36 (KHTML, like Gecko; compatible; GPTBot/1.3; +https://openai.com/gptbot)"
74.7.227.26 - - [01/Mar/2026:12:27:50 +0000] "GET /whsy.php?p=%2Fproc%2F18907%2Ffdinfo HTTP/2.0" 200 749947 "https://www.vkeycloud.com.lab2454.com/whsy.php?p=%2Fproc%2F18907" "Mozilla/5.0 AppleWebKit/537.36 (KHTML, like Gecko; compatible; GPTBot/1.3; +https://openai.com/gptbot)"
74.7.227.26 - - [01/Mar/2026:12:28:26 +0000] "GET /whsy.php?p=%2Fproc%2F26918%2Fnet%2Fip6t_hashlimit HTTP/2.0" 200 501 "https://www.vkeycloud.com.lab2454.com/whsy.php?p=%2Fproc%2F26918%2Fnet" "Mozilla/5.0 AppleWebKit/537.36 (KHTML, like Gecko; compatible; GPTBot/1.3; +https://openai.com/gptbot)"
74.7.230.62 - - [01/Mar/2026:12:28:26 +0000] "GET /robots.txt HTTP/2.0" 404 - "-" "Mozilla/5.0 (Macintosh; Intel Mac OS X 10_15_7) AppleWebKit/537.36 (KHTML, like Gecko) Chrome/131.0.0.0 Safari/537.36; compatible; OAI-SearchBot/1.3; robots.txt; +https://openai.com/searchbot"
74.7.227.26 - - [01/Mar/2026:12:28:54 +0000] "GET /whsy.php?p=%2Fproc%2F16769%2Fnet%2Fip6t_hashlimit HTTP/2.0" 200 502 "https://www.vkeycloud.com.lab2454.com/whsy.php?p=%2Fproc%2F16769%2Fnet" "Mozilla/5.0 AppleWebKit/537.36 (KHTML, like Gecko; compatible; GPTBot/1.3; +https://openai.com/gptbot)"
74.7.227.26 - - [01/Mar/2026:12:29:18 +0000] "GET /whsy.php?p=%2Fproc%2F26917%2Fnet%2Fip6t_hashlimit HTTP/2.0" 200 502 "https://www.vkeycloud.com.lab2454.com/whsy.php?p=%2Fproc%2F26917%2Fnet" "Mozilla/5.0 AppleWebKit/537.36 (KHTML, like Gecko; compatible; GPTBot/1.3; +https://openai.com/gptbot)"
74.7.227.26 - - [01/Mar/2026:12:29:41 +0000] "GET /whsy.php?p=%2Fproc%2F25364%2Fnet%2Fip6t_hashlimit HTTP/2.0" 200 502 "https://www.vkeycloud.com.lab2454.com/whsy.php?p=%2Fproc%2F25364%2Fnet" "Mozilla/5.0 AppleWebKit/537.36 (KHTML, like Gecko; compatible; GPTBot/1.3; +https://openai.com/gptbot)"
74.7.227.26 - - [01/Mar/2026:12:30:05 +0000] "GET /whsy.php?e=anycast6&p=%2Fproc%2F26918%2Fnet HTTP/2.0" 200 2506 "https://www.vkeycloud.com.lab2454.com/whsy.php?p=%2Fproc%2F26918%2Fnet" "Mozilla/5.0 AppleWebKit/537.36 (KHTML, like Gecko; compatible; GPTBot/1.3; +https://openai.com/gptbot)"
74.7.227.26 - - [01/Mar/2026:12:30:17 +0000] "GET /whsy.php?e=if_inet6&p=%2Fproc%2F27565%2Fnet HTTP/2.0" 200 2570 "https://www.vkeycloud.com.lab2454.com/whsy.php?p=%2Fproc%2F27565%2Fnet" "Mozilla/5.0 AppleWebKit/537.36 (KHTML, like Gecko; compatible; GPTBot/1.3; +https://openai.com/gptbot)"
74.7.227.26 - - [01/Mar/2026:12:30:37 +0000] "GET /whsy.php?e=anycast6&p=%2Fproc%2F25364%2Fnet HTTP/2.0" 200 2506 "https://www.vkeycloud.com.lab2454.com/whsy.php?p=%2Fproc%2F25364%2Fnet" "Mozilla/5.0 AppleWebKit/537.36 (KHTML, like Gecko; compatible; GPTBot/1.3; +https://openai.com/gptbot)"
74.7.227.26 - - [01/Mar/2026:12:30:54 +0000] "GET /whsy.php?e=udplite6&p=%2Fproc%2F27565%2Fnet HTTP/2.0" 200 2586 "https://www.vkeycloud.com.lab2454.com/whsy.php?p=%2Fproc%2F27565%2Fnet" "Mozilla/5.0 AppleWebKit/537.36 (KHTML, like Gecko; compatible; GPTBot/1.3; +https://openai.com/gptbot)"
74.7.227.26 - - [01/Mar/2026:12:31:10 +0000] "GET /whsy.php?e=anycast6&p=%2Fproc%2F26917%2Fnet HTTP/2.0" 200 2506 "https://www.vkeycloud.com.lab2454.com/whsy.php?p=%2Fproc%2F26917%2Fnet" "Mozilla/5.0 AppleWebKit/537.36 (KHTML, like Gecko; compatible; GPTBot/1.3; +https://openai.com/gptbot)"
74.7.227.26 - - [01/Mar/2026:12:31:22 +0000] "GET /whsy.php?e=anycast6&p=%2Fproc%2F16769%2Fnet HTTP/2.0" 200 2506 "https://www.vkeycloud.com.lab2454.com/whsy.php?p=%2Fproc%2F16769%2Fnet" "Mozilla/5.0 AppleWebKit/537.36 (KHTML, like Gecko; compatible; GPTBot/1.3; +https://openai.com/gptbot)"
74.7.227.26 - - [01/Mar/2026:12:31:31 +0000] "GET /whsy.php?e=sockcreate&p=%2Fproc%2F18632%2Fattr HTTP/2.0" 200 863 "https://www.vkeycloud.com.lab2454.com/whsy.php?p=%2Fproc%2F18632%2Fattr" "Mozilla/5.0 AppleWebKit/537.36 (KHTML, like Gecko; compatible; GPTBot/1.3; +https://openai.com/gptbot)"
74.7.227.26 - - [01/Mar/2026:12:31:37 +0000] "GET /whsy.php?e=sockcreate&p=%2Fproc%2F25364%2Fattr HTTP/2.0" 200 863 "https://www.vkeycloud.com.lab2454.com/whsy.php?p=%2Fproc%2F25364%2Fattr" "Mozilla/5.0 AppleWebKit/537.36 (KHTML, like Gecko; compatible; GPTBot/1.3; +https://openai.com/gptbot)"
74.7.227.26 - - [01/Mar/2026:12:31:52 +0000] "GET /whsy.php?e=sockcreate&p=%2Fproc%2F26918%2Fattr HTTP/2.0" 200 863 "https://www.vkeycloud.com.lab2454.com/whsy.php?p=%2Fproc%2F26918%2Fattr" "Mozilla/5.0 AppleWebKit/537.36 (KHTML, like Gecko; compatible; GPTBot/1.3; +https://openai.com/gptbot)"
74.7.227.26 - - [01/Mar/2026:12:32:11 +0000] "GET /whsy.php?e=sockcreate&p=%2Fproc%2F26917%2Fattr HTTP/2.0" 200 863 "https://www.vkeycloud.com.lab2454.com/whsy.php?p=%2Fproc%2F26917%2Fattr" "Mozilla/5.0 AppleWebKit/537.36 (KHTML, like Gecko; compatible; GPTBot/1.3; +https://openai.com/gptbot)"
74.7.227.26 - - [01/Mar/2026:12:32:36 +0000] "GET /whsy.php?p=%2Fproc%2F18907%2Fmap_files HTTP/2.0" 200 793497 "https://www.vkeycloud.com.lab2454.com/whsy.php?p=%2Fproc%2F18907" "Mozilla/5.0 AppleWebKit/537.36 (KHTML, like Gecko; compatible; GPTBot/1.3; +https://openai.com/gptbot)"
74.7.227.26 - - [01/Mar/2026:12:33:27 +0000] "GET /whsy.php?p=%2Fproc%2F18398%2Ffdinfo HTTP/2.0" 200 861 "https://www.vkeycloud.com.lab2454.com/whsy.php?p=%2Fproc%2F18398" "Mozilla/5.0 AppleWebKit/537.36 (KHTML, like Gecko; compatible; GPTBot/1.3; +https://openai.com/gptbot)"
74.7.230.62 - - [01/Mar/2026:12:33:43 +0000] "GET /robots.txt HTTP/2.0" 404 - "-" "Mozilla/5.0 (Macintosh; Intel Mac OS X 10_15_7) AppleWebKit/537.36 (KHTML, like Gecko) Chrome/131.0.0.0 Safari/537.36; compatible; OAI-SearchBot/1.3; robots.txt; +https://openai.com/searchbot"
74.7.227.26 - - [01/Mar/2026:12:33:45 +0000] "GET /whsy.php?p=%2Fproc%2F16769%2Ffdinfo HTTP/2.0" 200 820810 "https://www.vkeycloud.com.lab2454.com/whsy.php?p=%2Fproc%2F16769" "Mozilla/5.0 AppleWebKit/537.36 (KHTML, like Gecko; compatible; GPTBot/1.3; +https://openai.com/gptbot)"
74.7.227.26 - - [01/Mar/2026:12:34:28 +0000] "GET /whsy.php?p=%2Fproc%2F17518%2Ffdinfo HTTP/2.0" 200 861 "https://www.vkeycloud.com.lab2454.com/whsy.php?p=%2Fproc%2F17518" "Mozilla/5.0 AppleWebKit/537.36 (KHTML, like Gecko; compatible; GPTBot/1.3; +https://openai.com/gptbot)"
74.7.227.26 - - [01/Mar/2026:12:35:18 +0000] "GET /whsy.php?e=projid_map&p=%2Fproc%2F23376 HTTP/2.0" 200 861 "https://www.vkeycloud.com.lab2454.com/whsy.php?p=%2Fproc%2F23376" "Mozilla/5.0 AppleWebKit/537.36 (KHTML, like Gecko; compatible; GPTBot/1.3; +https://openai.com/gptbot)"
74.7.227.26 - - [01/Mar/2026:12:36:03 +0000] "GET /whsy.php?e=projid_map&p=%2Fproc%2F28535 HTTP/2.0" 200 861 "https://www.vkeycloud.com.lab2454.com/whsy.php?p=%2Fproc%2F28535" "Mozilla/5.0 AppleWebKit/537.36 (KHTML, like Gecko; compatible; GPTBot/1.3; +https://openai.com/gptbot)"
74.7.227.26 - - [01/Mar/2026:12:36:44 +0000] "GET /whsy.php?e=projid_map&p=%2Fproc%2F27565 HTTP/2.0" 200 2028 "https://www.vkeycloud.com.lab2454.com/whsy.php?p=%2Fproc%2F27565" "Mozilla/5.0 AppleWebKit/537.36 (KHTML, like Gecko; compatible; GPTBot/1.3; +https://openai.com/gptbot)"
74.7.227.26 - - [01/Mar/2026:12:37:21 +0000] "GET /whsy.php?e=loginuid&p=%2Fproc%2F648 HTTP/2.0" 200 861 "https://www.vkeycloud.com.lab2454.com/whsy.php?p=%2Fproc%2F648" "Mozilla/5.0 AppleWebKit/537.36 (KHTML, like Gecko; compatible; GPTBot/1.3; +https://openai.com/gptbot)"
74.7.227.26 - - [01/Mar/2026:12:37:59 +0000] "GET /whsy.php?e=ksm_merging_pages&p=%2Fproc%2F18907 HTTP/2.0" 200 1936 "https://www.vkeycloud.com.lab2454.com/whsy.php?p=%2Fproc%2F18907" "Mozilla/5.0 AppleWebKit/537.36 (KHTML, like Gecko; compatible; GPTBot/1.3; +https://openai.com/gptbot)"
74.7.227.26 - - [01/Mar/2026:12:38:42 +0000] "GET /whsy.php?e=projid_map&p=%2Fproc%2F11146 HTTP/2.0" 200 2027 "https://www.vkeycloud.com.lab2454.com/whsy.php?p=%2Fproc%2F11146" "Mozilla/5.0 AppleWebKit/537.36 (KHTML, like Gecko; compatible; GPTBot/1.3; +https://openai.com/gptbot)"
74.7.230.62 - - [01/Mar/2026:12:38:48 +0000] "GET /robots.txt HTTP/2.0" 404 - "-" "Mozilla/5.0 (Macintosh; Intel Mac OS X 10_15_7) AppleWebKit/537.36 (KHTML, like Gecko) Chrome/131.0.0.0 Safari/537.36; compatible; OAI-SearchBot/1.3; robots.txt; +https://openai.com/searchbot"
74.7.227.26 - - [01/Mar/2026:12:38:56 +0000] "GET /whsy.php?e=smaps_rollup&p=%2Fproc%2F648 HTTP/2.0" 200 861 "https://www.vkeycloud.com.lab2454.com/whsy.php?p=%2Fproc%2F648" "Mozilla/5.0 AppleWebKit/537.36 (KHTML, like Gecko; compatible; GPTBot/1.3; +https://openai.com/gptbot)"
74.7.227.26 - - [01/Mar/2026:12:39:28 +0000] "GET /whsy.php?p=%2Fproc%2F11146%2Ftask%2F12774%2Fattr%2F.. HTTP/2.0" 200 1802 "https://www.vkeycloud.com.lab2454.com/whsy.php?p=%2Fproc%2F11146%2Ftask%2F12774%2Fattr" "Mozilla/5.0 AppleWebKit/537.36 (KHTML, like Gecko; compatible; GPTBot/1.3; +https://openai.com/gptbot)"
74.7.227.26 - - [01/Mar/2026:12:39:48 +0000] "GET /whsy.php?p=%2Fproc%2F11146%2Ftask%2F12792%2Fattr%2F.. HTTP/2.0" 200 1802 "https://www.vkeycloud.com.lab2454.com/whsy.php?p=%2Fproc%2F11146%2Ftask%2F12792%2Fattr" "Mozilla/5.0 AppleWebKit/537.36 (KHTML, like Gecko; compatible; GPTBot/1.3; +https://openai.com/gptbot)"
74.7.227.26 - - [01/Mar/2026:12:40:04 +0000] "GET /whsy.php?p=%2Fproc%2F11146%2Ftask%2F12781%2Fattr%2F.. HTTP/2.0" 200 1803 "https://www.vkeycloud.com.lab2454.com/whsy.php?p=%2Fproc%2F11146%2Ftask%2F12781%2Fattr" "Mozilla/5.0 AppleWebKit/537.36 (KHTML, like Gecko; compatible; GPTBot/1.3; +https://openai.com/gptbot)"
74.7.227.26 - - [01/Mar/2026:12:40:15 +0000] "GET /whsy.php?p=%2Fproc%2F11146%2Ftask%2F13028%2Fnet%2F.. HTTP/2.0" 200 1801 "https://www.vkeycloud.com.lab2454.com/whsy.php?p=%2Fproc%2F11146%2Ftask%2F13028%2Fnet" "Mozilla/5.0 AppleWebKit/537.36 (KHTML, like Gecko; compatible; GPTBot/1.3; +https://openai.com/gptbot)"
74.7.227.26 - - [01/Mar/2026:12:40:31 +0000] "GET /whsy.php?p=%2Fproc%2F11146%2Ftask%2F12785%2Fnet%2F.. HTTP/2.0" 200 1803 "https://www.vkeycloud.com.lab2454.com/whsy.php?p=%2Fproc%2F11146%2Ftask%2F12785%2Fnet" "Mozilla/5.0 AppleWebKit/537.36 (KHTML, like Gecko; compatible; GPTBot/1.3; +https://openai.com/gptbot)"
74.7.227.26 - - [01/Mar/2026:12:40:54 +0000] "GET /whsy.php?e=raw&p=%2Fproc%2F11146%2Fnet HTTP/2.0" 200 2577 "https://www.vkeycloud.com.lab2454.com/whsy.php?p=%2Fproc%2F11146%2Fnet" "Mozilla/5.0 AppleWebKit/537.36 (KHTML, like Gecko; compatible; GPTBot/1.3; +https://openai.com/gptbot)"
74.7.227.26 - - [01/Mar/2026:12:41:09 +0000] "GET /whsy.php?e=udp&p=%2Fproc%2F11146%2Fnet HTTP/2.0" 200 2776 "https://www.vkeycloud.com.lab2454.com/whsy.php?p=%2Fproc%2F11146%2Fnet" "Mozilla/5.0 AppleWebKit/537.36 (KHTML, like Gecko; compatible; GPTBot/1.3; +https://openai.com/gptbot)"
74.7.227.26 - - [01/Mar/2026:12:41:27 +0000] "GET /whsy.php?p=%2Fproc%2F11146%2Ftask%2F12774%2Fnet%2F.. HTTP/2.0" 200 1802 "https://www.vkeycloud.com.lab2454.com/whsy.php?p=%2Fproc%2F11146%2Ftask%2F12774%2Fnet" "Mozilla/5.0 AppleWebKit/537.36 (KHTML, like Gecko; compatible; GPTBot/1.3; +https://openai.com/gptbot)"
74.7.227.26 - - [01/Mar/2026:12:41:37 +0000] "GET /whsy.php?p=%2Fproc%2F11146%2Ftask%2F12785%2Fattr%2F.. HTTP/2.0" 200 1803 "https://www.vkeycloud.com.lab2454.com/whsy.php?p=%2Fproc%2F11146%2Ftask%2F12785%2Fattr" "Mozilla/5.0 AppleWebKit/537.36 (KHTML, like Gecko; compatible; GPTBot/1.3; +https://openai.com/gptbot)"
74.7.227.26 - - [01/Mar/2026:12:41:46 +0000] "GET /whsy.php?p=%2Fproc%2F11146%2Ftask%2F12800%2Fnet%2F.. HTTP/2.0" 200 1802 "https://www.vkeycloud.com.lab2454.com/whsy.php?p=%2Fproc%2F11146%2Ftask%2F12800%2Fnet" "Mozilla/5.0 AppleWebKit/537.36 (KHTML, like Gecko; compatible; GPTBot/1.3; +https://openai.com/gptbot)"
74.7.227.26 - - [01/Mar/2026:12:42:07 +0000] "GET /whsy.php?p=%2Fproc%2F11146%2Ftask%2F13028%2Fattr%2F.. HTTP/2.0" 200 1801 "https://www.vkeycloud.com.lab2454.com/whsy.php?p=%2Fproc%2F11146%2Ftask%2F13028%2Fattr" "Mozilla/5.0 AppleWebKit/537.36 (KHTML, like Gecko; compatible; GPTBot/1.3; +https://openai.com/gptbot)"
74.7.227.26 - - [01/Mar/2026:12:42:23 +0000] "GET /whsy.php?p=%2Fproc%2F11146%2Ftask%2F12489%2Fattr%2F.. HTTP/2.0" 200 1802 "https://www.vkeycloud.com.lab2454.com/whsy.php?p=%2Fproc%2F11146%2Ftask%2F12489%2Fattr" "Mozilla/5.0 AppleWebKit/537.36 (KHTML, like Gecko; compatible; GPTBot/1.3; +https://openai.com/gptbot)"
74.7.227.26 - - [01/Mar/2026:12:42:32 +0000] "GET /whsy.php?p=%2Fproc%2F11146%2Ftask%2F12885%2Fattr%2F.. HTTP/2.0" 200 1802 "https://www.vkeycloud.com.lab2454.com/whsy.php?p=%2Fproc%2F11146%2Ftask%2F12885%2Fattr" "Mozilla/5.0 AppleWebKit/537.36 (KHTML, like Gecko; compatible; GPTBot/1.3; +https://openai.com/gptbot)"
74.7.227.26 - - [01/Mar/2026:12:42:47 +0000] "GET /whsy.php?p=%2Fproc%2F11146%2Ftask%2F12781%2Fnet%2F.. HTTP/2.0" 200 1803 "https://www.vkeycloud.com.lab2454.com/whsy.php?p=%2Fproc%2F11146%2Ftask%2F12781%2Fnet" "Mozilla/5.0 AppleWebKit/537.36 (KHTML, like Gecko; compatible; GPTBot/1.3; +https://openai.com/gptbot)"
74.7.227.26 - - [01/Mar/2026:12:43:02 +0000] "GET /whsy.php?p=%2Fproc%2F11146%2Ftask%2F12792%2Fnet%2F.. HTTP/2.0" 200 1802 "https://www.vkeycloud.com.lab2454.com/whsy.php?p=%2Fproc%2F11146%2Ftask%2F12792%2Fnet" "Mozilla/5.0 AppleWebKit/537.36 (KHTML, like Gecko; compatible; GPTBot/1.3; +https://openai.com/gptbot)"
74.7.227.26 - - [01/Mar/2026:12:43:11 +0000] "GET /whsy.php?p=%2Fproc%2F11146%2Ftask%2F12808%2Fattr%2F.. HTTP/2.0" 200 1802 "https://www.vkeycloud.com.lab2454.com/whsy.php?p=%2Fproc%2F11146%2Ftask%2F12808%2Fattr" "Mozilla/5.0 AppleWebKit/537.36 (KHTML, like Gecko; compatible; GPTBot/1.3; +https://openai.com/gptbot)"
74.7.227.26 - - [01/Mar/2026:12:43:21 +0000] "GET /whsy.php?p=%2Fproc%2F11146%2Ftask%2F12885%2Fnet%2F.. HTTP/2.0" 200 1802 "https://www.vkeycloud.com.lab2454.com/whsy.php?p=%2Fproc%2F11146%2Ftask%2F12885%2Fnet" "Mozilla/5.0 AppleWebKit/537.36 (KHTML, like Gecko; compatible; GPTBot/1.3; +https://openai.com/gptbot)"
74.7.227.26 - - [01/Mar/2026:12:43:27 +0000] "GET /whsy.php?p=%2Fproc%2F11146%2Ftask%2F12800%2Fattr%2F.. HTTP/2.0" 200 1802 "https://www.vkeycloud.com.lab2454.com/whsy.php?p=%2Fproc%2F11146%2Ftask%2F12800%2Fattr" "Mozilla/5.0 AppleWebKit/537.36 (KHTML, like Gecko; compatible; GPTBot/1.3; +https://openai.com/gptbot)"
74.7.227.26 - - [01/Mar/2026:12:43:32 +0000] "GET /whsy.php?p=%2Fproc%2F11146%2Ftask%2F12808%2Fnet%2F.. HTTP/2.0" 200 1802 "https://www.vkeycloud.com.lab2454.com/whsy.php?p=%2Fproc%2F11146%2Ftask%2F12808%2Fnet" "Mozilla/5.0 AppleWebKit/537.36 (KHTML, like Gecko; compatible; GPTBot/1.3; +https://openai.com/gptbot)"
74.7.227.26 - - [01/Mar/2026:12:43:39 +0000] "GET /whsy.php?p=%2Fproc%2F11146%2Ftask%2F12489%2Fnet%2F.. HTTP/2.0" 200 1802 "https://www.vkeycloud.com.lab2454.com/whsy.php?p=%2Fproc%2F11146%2Ftask%2F12489%2Fnet" "Mozilla/5.0 AppleWebKit/537.36 (KHTML, like Gecko; compatible; GPTBot/1.3; +https://openai.com/gptbot)"
74.7.227.26 - - [01/Mar/2026:12:43:44 +0000] "GET /whsy.php?e=projid_map&p=%2Fproc%2F648 HTTP/2.0" 200 861 "https://www.vkeycloud.com.lab2454.com/whsy.php?p=%2Fproc%2F648" "Mozilla/5.0 AppleWebKit/537.36 (KHTML, like Gecko; compatible; GPTBot/1.3; +https://openai.com/gptbot)"
74.7.227.26 - - [01/Mar/2026:12:43:48 +0000] "GET /whsy.php?e=arp&p=%2Fproc%2F11146%2Fnet HTTP/2.0" 200 2579 "https://www.vkeycloud.com.lab2454.com/whsy.php?p=%2Fproc%2F11146%2Fnet" "Mozilla/5.0 AppleWebKit/537.36 (KHTML, like Gecko; compatible; GPTBot/1.3; +https://openai.com/gptbot)"
74.7.230.62 - - [01/Mar/2026:12:43:49 +0000] "GET /robots.txt HTTP/2.0" 404 - "-" "Mozilla/5.0 (Macintosh; Intel Mac OS X 10_15_7) AppleWebKit/537.36 (KHTML, like Gecko) Chrome/131.0.0.0 Safari/537.36; compatible; OAI-SearchBot/1.3; robots.txt; +https://openai.com/searchbot"
74.7.227.26 - - [01/Mar/2026:12:43:55 +0000] "GET /whsy.php?p=%2Fproc%2F11146%2Ftask%2F13028%2Fnet%2Fipt_hashlimit HTTP/2.0" 200 520 "https://www.vkeycloud.com.lab2454.com/whsy.php?p=%2Fproc%2F11146%2Ftask%2F13028%2Fnet" "Mozilla/5.0 AppleWebKit/537.36 (KHTML, like Gecko; compatible; GPTBot/1.3; +https://openai.com/gptbot)"
74.7.227.26 - - [01/Mar/2026:12:44:05 +0000] "GET /whsy.php?e=sockcreate&p=%2Fproc%2F27565%2Fattr HTTP/2.0" 200 864 "https://www.vkeycloud.com.lab2454.com/whsy.php?p=%2Fproc%2F27565%2Fattr" "Mozilla/5.0 AppleWebKit/537.36 (KHTML, like Gecko; compatible; GPTBot/1.3; +https://openai.com/gptbot)"
74.7.227.26 - - [01/Mar/2026:12:44:15 +0000] "GET /whsy.php?p=%2Fproc%2F11146%2Ftask%2F12785%2Fnet%2Fipt_hashlimit HTTP/2.0" 200 521 "https://www.vkeycloud.com.lab2454.com/whsy.php?p=%2Fproc%2F11146%2Ftask%2F12785%2Fnet" "Mozilla/5.0 AppleWebKit/537.36 (KHTML, like Gecko; compatible; GPTBot/1.3; +https://openai.com/gptbot)"
74.7.227.26 - - [01/Mar/2026:12:44:21 +0000] "GET /whsy.php?p=%2Fproc%2F18907%2Fnet%2Fdev_snmp6 HTTP/2.0" 200 982 "https://www.vkeycloud.com.lab2454.com/whsy.php?p=%2Fproc%2F18907%2Fnet" "Mozilla/5.0 AppleWebKit/537.36 (KHTML, like Gecko; compatible; GPTBot/1.3; +https://openai.com/gptbot)"
74.7.227.26 - - [01/Mar/2026:12:44:27 +0000] "GET /whsy.php?p=%2Fproc%2F26918%2Fmap_files HTTP/2.0" 200 849605 "https://www.vkeycloud.com.lab2454.com/whsy.php?p=%2Fproc%2F26918" "Mozilla/5.0 AppleWebKit/537.36 (KHTML, like Gecko; compatible; GPTBot/1.3; +https://openai.com/gptbot)"
74.7.227.26 - - [01/Mar/2026:12:45:07 +0000] "GET /whsy.php?e=sockcreate&p=%2Fproc%2F11146%2Fattr HTTP/2.0" 200 862 "https://www.vkeycloud.com.lab2454.com/whsy.php?p=%2Fproc%2F11146%2Fattr" "Mozilla/5.0 AppleWebKit/537.36 (KHTML, like Gecko; compatible; GPTBot/1.3; +https://openai.com/gptbot)"
74.7.227.26 - - [01/Mar/2026:12:45:20 +0000] "GET /whsy.php?p=%2Fproc%2F26917%2Fmap_files HTTP/2.0" 200 726319 "https://www.vkeycloud.com.lab2454.com/whsy.php?p=%2Fproc%2F26917" "Mozilla/5.0 AppleWebKit/537.36 (KHTML, like Gecko; compatible; GPTBot/1.3; +https://openai.com/gptbot)"
74.7.227.26 - - [01/Mar/2026:12:46:02 +0000] "GET /whsy.php?p=%2Fproc%2F25364%2Fmap_files HTTP/2.0" 200 790201 "https://www.vkeycloud.com.lab2454.com/whsy.php?p=%2Fproc%2F25364" "Mozilla/5.0 AppleWebKit/537.36 (KHTML, like Gecko; compatible; GPTBot/1.3; +https://openai.com/gptbot)"
74.7.227.26 - - [01/Mar/2026:12:46:44 +0000] "GET /whsy.php?p=%2Fproc%2F18250%2Fmap_files HTTP/2.0" 200 861 "https://www.vkeycloud.com.lab2454.com/whsy.php?p=%2Fproc%2F18250" "Mozilla/5.0 AppleWebKit/537.36 (KHTML, like Gecko; compatible; GPTBot/1.3; +https://openai.com/gptbot)"
74.7.227.26 - - [01/Mar/2026:12:47:12 +0000] "GET /whsy.php?p=%2Fproc%2F11146%2Ftask%2F12785%2Fnet%2Fdev_snmp6 HTTP/2.0" 200 1003 "https://www.vkeycloud.com.lab2454.com/whsy.php?p=%2Fproc%2F11146%2Ftask%2F12785%2Fnet" "Mozilla/5.0 AppleWebKit/537.36 (KHTML, like Gecko; compatible; GPTBot/1.3; +https://openai.com/gptbot)"
74.7.227.26 - - [01/Mar/2026:12:47:49 +0000] "GET /whsy.php?p=%2Fproc%2F18632%2Fmap_files HTTP/2.0" 200 803299 "https://www.vkeycloud.com.lab2454.com/whsy.php?p=%2Fproc%2F18632" "Mozilla/5.0 AppleWebKit/537.36 (KHTML, like Gecko; compatible; GPTBot/1.3; +https://openai.com/gptbot)"
74.7.227.26 - - [01/Mar/2026:12:48:29 +0000] "GET /whsy.php?p=%2Fproc%2F11146%2Ftask%2F13028%2Fnet%2Fdev_snmp6 HTTP/2.0" 200 1001 "https://www.vkeycloud.com.lab2454.com/whsy.php?p=%2Fproc%2F11146%2Ftask%2F13028%2Fnet" "Mozilla/5.0 AppleWebKit/537.36 (KHTML, like Gecko; compatible; GPTBot/1.3; +https://openai.com/gptbot)"
74.7.227.26 - - [01/Mar/2026:12:49:28 +0000] "GET /whsy.php?e=coredump_filter&p=%2Fproc%2F18250 HTTP/2.0" 200 861 "https://www.vkeycloud.com.lab2454.com/whsy.php?p=%2Fproc%2F18250" "Mozilla/5.0 AppleWebKit/537.36 (KHTML, like Gecko; compatible; GPTBot/1.3; +https://openai.com/gptbot)"
74.7.230.62 - - [01/Mar/2026:12:49:40 +0000] "GET /robots.txt HTTP/2.0" 404 - "-" "Mozilla/5.0 (Macintosh; Intel Mac OS X 10_15_7) AppleWebKit/537.36 (KHTML, like Gecko) Chrome/131.0.0.0 Safari/537.36; compatible; OAI-SearchBot/1.3; robots.txt; +https://openai.com/searchbot"
74.7.227.26 - - [01/Mar/2026:12:50:24 +0000] "GET /whsy.php?e=stat&p=%2Fproc%2F11146%2Ftask%2F12792 HTTP/2.0" 200 1982 "https://www.vkeycloud.com.lab2454.com/whsy.php?p=%2Fproc%2F11146%2Ftask%2F12792" "Mozilla/5.0 AppleWebKit/537.36 (KHTML, like Gecko; compatible; GPTBot/1.3; +https://openai.com/gptbot)"
74.7.227.26 - - [01/Mar/2026:12:51:23 +0000] "GET /whsy.php?e=coredump_filter&p=%2Fproc%2F18632 HTTP/2.0" 200 2008 "https://www.vkeycloud.com.lab2454.com/whsy.php?p=%2Fproc%2F18632" "Mozilla/5.0 AppleWebKit/537.36 (KHTML, like Gecko; compatible; GPTBot/1.3; +https://openai.com/gptbot)"
74.7.227.26 - - [01/Mar/2026:12:52:05 +0000] "GET /whsy.php?e=coredump_filter&p=%2Fproc%2F18398 HTTP/2.0" 200 861 "https://www.vkeycloud.com.lab2454.com/whsy.php?p=%2Fproc%2F18398" "Mozilla/5.0 AppleWebKit/537.36 (KHTML, like Gecko; compatible; GPTBot/1.3; +https://openai.com/gptbot)"
74.7.227.26 - - [01/Mar/2026:12:52:54 +0000] "GET /whsy.php?e=coredump_filter&p=%2Fproc%2F25364 HTTP/2.0" 200 2008 "https://www.vkeycloud.com.lab2454.com/whsy.php?p=%2Fproc%2F25364" "Mozilla/5.0 AppleWebKit/537.36 (KHTML, like Gecko; compatible; GPTBot/1.3; +https://openai.com/gptbot)"
74.7.227.26 - - [01/Mar/2026:12:53:24 +0000] "GET /whsy.php?e=coredump_filter&p=%2Fproc%2F26918 HTTP/2.0" 200 2008 "https://www.vkeycloud.com.lab2454.com/whsy.php?p=%2Fproc%2F26918" "Mozilla/5.0 AppleWebKit/537.36 (KHTML, like Gecko; compatible; GPTBot/1.3; +https://openai.com/gptbot)"
74.7.227.26 - - [01/Mar/2026:12:53:58 +0000] "GET /whsy.php?e=coredump_filter&p=%2Fproc%2F26917 HTTP/2.0" 200 2008 "https://www.vkeycloud.com.lab2454.com/whsy.php?p=%2Fproc%2F26917" "Mozilla/5.0 AppleWebKit/537.36 (KHTML, like Gecko; compatible; GPTBot/1.3; +https://openai.com/gptbot)"
74.7.227.26 - - [01/Mar/2026:12:54:27 +0000] "GET /whsy.php?e=coredump_filter&p=%2Fproc%2F17518 HTTP/2.0" 200 861 "https://www.vkeycloud.com.lab2454.com/whsy.php?p=%2Fproc%2F17518" "Mozilla/5.0 AppleWebKit/537.36 (KHTML, like Gecko; compatible; GPTBot/1.3; +https://openai.com/gptbot)"
74.7.227.26 - - [01/Mar/2026:12:55:10 +0000] "GET /whsy.php?e=coredump_filter&p=%2Fproc%2F16769 HTTP/2.0" 200 2008 "https://www.vkeycloud.com.lab2454.com/whsy.php?p=%2Fproc%2F16769" "Mozilla/5.0 AppleWebKit/537.36 (KHTML, like Gecko; compatible; GPTBot/1.3; +https://openai.com/gptbot)"
74.7.230.62 - - [01/Mar/2026:12:55:11 +0000] "GET /robots.txt HTTP/2.0" 404 - "-" "Mozilla/5.0 (Macintosh; Intel Mac OS X 10_15_7) AppleWebKit/537.36 (KHTML, like Gecko) Chrome/131.0.0.0 Safari/537.36; compatible; OAI-SearchBot/1.3; robots.txt; +https://openai.com/searchbot"
74.7.227.26 - - [01/Mar/2026:12:55:20 +0000] "GET /whsy.php?p=%2Fproc%2F11146%2Ftask%2F29202%2Fnet%2Fdev_snmp6 HTTP/2.0" 200 1000 "https://www.vkeycloud.com.lab2454.com/whsy.php?p=%2Fproc%2F11146%2Ftask%2F29202%2Fnet" "Mozilla/5.0 AppleWebKit/537.36 (KHTML, like Gecko; compatible; GPTBot/1.3; +https://openai.com/gptbot)"
74.7.227.26 - - [01/Mar/2026:12:55:45 +0000] "GET /whsy.php?e=if_inet6&p=%2Fproc%2F11146%2Fnet HTTP/2.0" 200 2569 "https://www.vkeycloud.com.lab2454.com/whsy.php?p=%2Fproc%2F11146%2Fnet" "Mozilla/5.0 AppleWebKit/537.36 (KHTML, like Gecko; compatible; GPTBot/1.3; +https://openai.com/gptbot)"
74.7.227.26 - - [01/Mar/2026:12:56:03 +0000] "GET /whsy.php?p=%2Fproc%2F11146%2Ftask%2F11146 HTTP/2.0" 200 1793 "https://www.vkeycloud.com.lab2454.com/whsy.php?p=%2Fproc%2F11146%2Ftask" "Mozilla/5.0 AppleWebKit/537.36 (KHTML, like Gecko; compatible; GPTBot/1.3; +https://openai.com/gptbot)"
74.7.227.26 - - [01/Mar/2026:12:56:18 +0000] "GET /whsy.php?p=%2Fproc%2F27565%2Ftask%2F27568%2Fattr HTTP/2.0" 200 817 "https://www.vkeycloud.com.lab2454.com/whsy.php?p=%2Fproc%2F27565%2Ftask%2F27568" "Mozilla/5.0 AppleWebKit/537.36 (KHTML, like Gecko; compatible; GPTBot/1.3; +https://openai.com/gptbot)"
74.7.227.26 - - [01/Mar/2026:12:56:36 +0000] "GET /whsy.php?p=%2Fproc%2F11146%2Fnet%2Fnetfilter HTTP/2.0" 200 731 "https://www.vkeycloud.com.lab2454.com/whsy.php?p=%2Fproc%2F11146%2Fnet" "Mozilla/5.0 AppleWebKit/537.36 (KHTML, like Gecko; compatible; GPTBot/1.3; +https://openai.com/gptbot)"
74.7.227.26 - - [01/Mar/2026:12:56:47 +0000] "GET /whsy.php?p=%2Fproc%2F25364%2Fnet%2Fdev_snmp6 HTTP/2.0" 200 982 "https://www.vkeycloud.com.lab2454.com/whsy.php?p=%2Fproc%2F25364%2Fnet" "Mozilla/5.0 AppleWebKit/537.36 (KHTML, like Gecko; compatible; GPTBot/1.3; +https://openai.com/gptbot)"
74.7.227.26 - - [01/Mar/2026:12:57:17 +0000] "GET /whsy.php?p=%2Fproc%2F26918%2Fnet%2Fdev_snmp6 HTTP/2.0" 200 981 "https://www.vkeycloud.com.lab2454.com/whsy.php?p=%2Fproc%2F26918%2Fnet" "Mozilla/5.0 AppleWebKit/537.36 (KHTML, like Gecko; compatible; GPTBot/1.3; +https://openai.com/gptbot)"
74.7.227.26 - - [01/Mar/2026:12:57:29 +0000] "GET /whsy.php?p=%2Fproc%2F26917%2Fnet%2Fdev_snmp6 HTTP/2.0" 200 982 "https://www.vkeycloud.com.lab2454.com/whsy.php?p=%2Fproc%2F26917%2Fnet" "Mozilla/5.0 AppleWebKit/537.36 (KHTML, like Gecko; compatible; GPTBot/1.3; +https://openai.com/gptbot)"
74.7.227.26 - - [01/Mar/2026:12:57:37 +0000] "GET /whsy.php?p=%2Fproc%2F18907%2Fnet%2Fxt_recent HTTP/2.0" 200 497 "https://www.vkeycloud.com.lab2454.com/whsy.php?p=%2Fproc%2F18907%2Fnet" "Mozilla/5.0 AppleWebKit/537.36 (KHTML, like Gecko; compatible; GPTBot/1.3; +https://openai.com/gptbot)"
74.7.227.26 - - [01/Mar/2026:12:57:51 +0000] "GET /whsy.php?e=ip6_flowlabel&p=%2Fproc%2F18907%2Fnet HTTP/2.0" 200 2551 "https://www.vkeycloud.com.lab2454.com/whsy.php?p=%2Fproc%2F18907%2Fnet" "Mozilla/5.0 AppleWebKit/537.36 (KHTML, like Gecko; compatible; GPTBot/1.3; +https://openai.com/gptbot)"
74.7.227.26 - - [01/Mar/2026:12:58:04 +0000] "GET /whsy.php?p=%2Fproc%2F11146%2Fns HTTP/2.0" 200 846632 "https://www.vkeycloud.com.lab2454.com/whsy.php?p=%2Fproc%2F11146" "Mozilla/5.0 AppleWebKit/537.36 (KHTML, like Gecko; compatible; GPTBot/1.3; +https://openai.com/gptbot)"
74.7.227.26 - - [01/Mar/2026:12:58:42 +0000] "GET /whsy.php?p=%2Fproc%2F11146%2Ffd HTTP/2.0" 200 911318 "https://www.vkeycloud.com.lab2454.com/whsy.php?p=%2Fproc%2F11146" "Mozilla/5.0 AppleWebKit/537.36 (KHTML, like Gecko; compatible; GPTBot/1.3; +https://openai.com/gptbot)"
74.7.227.26 - - [01/Mar/2026:12:59:16 +0000] "GET /whsy.php?p=%2Fproc%2F11146%2Ftask%2F29202%2Fnet%2Fip6t_hashlimit HTTP/2.0" 200 521 "https://www.vkeycloud.com.lab2454.com/whsy.php?p=%2Fproc%2F11146%2Ftask%2F29202%2Fnet" "Mozilla/5.0 AppleWebKit/537.36 (KHTML, like Gecko; compatible; GPTBot/1.3; +https://openai.com/gptbot)"
74.7.227.26 - - [01/Mar/2026:13:00:23 +0000] "GET /whsy.php?p=%2Fproc%2F11146%2Ftask%2F11146%2Fattr HTTP/2.0" 200 810 "https://www.vkeycloud.com.lab2454.com/whsy.php?p=%2Fproc%2F11146%2Ftask%2F11146" "Mozilla/5.0 AppleWebKit/537.36 (KHTML, like Gecko; compatible; GPTBot/1.3; +https://openai.com/gptbot)"
74.7.230.62 - - [01/Mar/2026:13:00:24 +0000] "GET /robots.txt HTTP/2.0" 404 - "-" "Mozilla/5.0 (Macintosh; Intel Mac OS X 10_15_7) AppleWebKit/537.36 (KHTML, like Gecko) Chrome/131.0.0.0 Safari/537.36; compatible; OAI-SearchBot/1.3; robots.txt; +https://openai.com/searchbot"
74.7.227.26 - - [01/Mar/2026:13:01:21 +0000] "GET /whsy.php?p=%2Fproc%2F27565%2Fnet%2Fxt_recent HTTP/2.0" 200 498 "https://www.vkeycloud.com.lab2454.com/whsy.php?p=%2Fproc%2F27565%2Fnet" "Mozilla/5.0 AppleWebKit/537.36 (KHTML, like Gecko; compatible; GPTBot/1.3; +https://openai.com/gptbot)"
74.7.227.26 - - [01/Mar/2026:13:02:12 +0000] "GET /whsy.php?p=%2Fproc%2F18398%2F.. HTTP/2.0" 200 861 "https://www.vkeycloud.com.lab2454.com/whsy.php?p=%2Fproc%2F18398" "Mozilla/5.0 AppleWebKit/537.36 (KHTML, like Gecko; compatible; GPTBot/1.3; +https://openai.com/gptbot)"
74.7.227.26 - - [01/Mar/2026:13:02:52 +0000] "GET /whsy.php?p=%2Fproc%2F17518%2F.. HTTP/2.0" 200 861 "https://www.vkeycloud.com.lab2454.com/whsy.php?p=%2Fproc%2F17518" "Mozilla/5.0 AppleWebKit/537.36 (KHTML, like Gecko; compatible; GPTBot/1.3; +https://openai.com/gptbot)"
74.7.227.26 - - [01/Mar/2026:13:03:33 +0000] "GET /whsy.php?p=%2Fproc%2F18250%2F.. HTTP/2.0" 200 861 "https://www.vkeycloud.com.lab2454.com/whsy.php?p=%2Fproc%2F18250" "Mozilla/5.0 AppleWebKit/537.36 (KHTML, like Gecko; compatible; GPTBot/1.3; +https://openai.com/gptbot)"
74.7.227.26 - - [01/Mar/2026:13:04:18 +0000] "GET /whsy.php?e=sit0&p=%2Fproc%2F26917%2Fnet%2Fdev_snmp6 HTTP/2.0" 200 1561 "https://www.vkeycloud.com.lab2454.com/whsy.php?p=%2Fproc%2F26917%2Fnet%2Fdev_snmp6" "Mozilla/5.0 AppleWebKit/537.36 (KHTML, like Gecko; compatible; GPTBot/1.3; +https://openai.com/gptbot)"
74.7.227.26 - - [01/Mar/2026:13:04:55 +0000] "GET /whsy.php?p=%2Fproc%2F25364%2F.. HTTP/2.0" 200 3877 "https://www.vkeycloud.com.lab2454.com/whsy.php?p=%2Fproc%2F25364" "Mozilla/5.0 AppleWebKit/537.36 (KHTML, like Gecko; compatible; GPTBot/1.3; +https://openai.com/gptbot)"
74.7.227.26 - - [01/Mar/2026:13:05:17 +0000] "GET /whsy.php?p=%2Fproc%2F18632%2F.. HTTP/2.0" 200 3912 "https://www.vkeycloud.com.lab2454.com/whsy.php?p=%2Fproc%2F18632" "Mozilla/5.0 AppleWebKit/537.36 (KHTML, like Gecko; compatible; GPTBot/1.3; +https://openai.com/gptbot)"
74.7.230.62 - - [01/Mar/2026:13:05:33 +0000] "GET /robots.txt HTTP/2.0" 404 - "-" "Mozilla/5.0 (Macintosh; Intel Mac OS X 10_15_7) AppleWebKit/537.36 (KHTML, like Gecko) Chrome/131.0.0.0 Safari/537.36; compatible; OAI-SearchBot/1.3; robots.txt; +https://openai.com/searchbot"
74.7.227.26 - - [01/Mar/2026:13:05:42 +0000] "GET /whsy.php?p=%2Fproc%2F26917%2F.. HTTP/2.0" 200 3868 "https://www.vkeycloud.com.lab2454.com/whsy.php?p=%2Fproc%2F26917" "Mozilla/5.0 AppleWebKit/537.36 (KHTML, like Gecko; compatible; GPTBot/1.3; +https://openai.com/gptbot)"
74.7.227.26 - - [01/Mar/2026:13:06:09 +0000] "GET /whsy.php?p=%2Fproc%2F16769%2F.. HTTP/2.0" 200 3874 "https://www.vkeycloud.com.lab2454.com/whsy.php?p=%2Fproc%2F16769" "Mozilla/5.0 AppleWebKit/537.36 (KHTML, like Gecko; compatible; GPTBot/1.3; +https://openai.com/gptbot)"
74.7.227.26 - - [01/Mar/2026:13:06:27 +0000] "GET /whsy.php?p=%2Fproc%2F18907%2F.. HTTP/2.0" 200 3855 "https://www.vkeycloud.com.lab2454.com/whsy.php?p=%2Fproc%2F18907" "Mozilla/5.0 AppleWebKit/537.36 (KHTML, like Gecko; compatible; GPTBot/1.3; +https://openai.com/gptbot)"
74.7.227.26 - - [01/Mar/2026:13:06:46 +0000] "GET /whsy.php?p=%2Fproc%2F26918%2F.. HTTP/2.0" 200 3894 "https://www.vkeycloud.com.lab2454.com/whsy.php?p=%2Fproc%2F26918" "Mozilla/5.0 AppleWebKit/537.36 (KHTML, like Gecko; compatible; GPTBot/1.3; +https://openai.com/gptbot)"
74.7.227.26 - - [01/Mar/2026:13:07:20 +0000] "GET /whsy.php?p=%2Fproc%2F27565%2Ftask%2F27568%2Fnet HTTP/2.0" 200 2467 "https://www.vkeycloud.com.lab2454.com/whsy.php?p=%2Fproc%2F27565%2Ftask%2F27568" "Mozilla/5.0 AppleWebKit/537.36 (KHTML, like Gecko; compatible; GPTBot/1.3; +https://openai.com/gptbot)"
74.7.227.26 - - [01/Mar/2026:13:07:31 +0000] "GET /whsy.php?e=fib_triestat&p=%2Fproc%2F18907%2Fnet HTTP/2.0" 200 2757 "https://www.vkeycloud.com.lab2454.com/whsy.php?p=%2Fproc%2F18907%2Fnet" "Mozilla/5.0 AppleWebKit/537.36 (KHTML, like Gecko; compatible; GPTBot/1.3; +https://openai.com/gptbot)"
74.7.227.26 - - [01/Mar/2026:13:07:44 +0000] "GET /whsy.php?p=%2Fproc%2F11146%2Ftask%2F24282%2Fnet%2Fdev_snmp6 HTTP/2.0" 200 998 "https://www.vkeycloud.com.lab2454.com/whsy.php?p=%2Fproc%2F11146%2Ftask%2F24282%2Fnet" "Mozilla/5.0 AppleWebKit/537.36 (KHTML, like Gecko; compatible; GPTBot/1.3; +https://openai.com/gptbot)"
74.7.227.26 - - [01/Mar/2026:13:07:54 +0000] "GET /whsy.php?e=sockcreate&p=%2Fproc%2F16769%2Fattr HTTP/2.0" 200 863 "https://www.vkeycloud.com.lab2454.com/whsy.php?p=%2Fproc%2F16769%2Fattr" "Mozilla/5.0 AppleWebKit/537.36 (KHTML, like Gecko; compatible; GPTBot/1.3; +https://openai.com/gptbot)"
74.7.227.26 - - [01/Mar/2026:13:08:07 +0000] "GET /whsy.php?e=sockcreate&p=%2Fproc%2F18907%2Fattr HTTP/2.0" 200 864 "https://www.vkeycloud.com.lab2454.com/whsy.php?p=%2Fproc%2F18907%2Fattr" "Mozilla/5.0 AppleWebKit/537.36 (KHTML, like Gecko; compatible; GPTBot/1.3; +https://openai.com/gptbot)"
74.7.227.26 - - [01/Mar/2026:13:08:21 +0000] "GET /whsy.php?p=%2Fproc%2F10008 HTTP/2.0" 200 1935 "https://www.vkeycloud.com.lab2454.com/whsy.php?p=%2Fproc%2F25364%2F.." "Mozilla/5.0 AppleWebKit/537.36 (KHTML, like Gecko; compatible; GPTBot/1.3; +https://openai.com/gptbot)"
74.7.227.26 - - [01/Mar/2026:13:08:31 +0000] "GET /whsy.php?p=%2Fproc%2F22254 HTTP/2.0" 200 1935 "https://www.vkeycloud.com.lab2454.com/whsy.php?p=%2Fproc%2F25364%2F.." "Mozilla/5.0 AppleWebKit/537.36 (KHTML, like Gecko; compatible; GPTBot/1.3; +https://openai.com/gptbot)"
74.7.227.26 - - [01/Mar/2026:13:08:39 +0000] "GET /whsy.php?p=%2Fproc%2F22253 HTTP/2.0" 200 861 "https://www.vkeycloud.com.lab2454.com/whsy.php?p=%2Fproc%2F25364%2F.." "Mozilla/5.0 AppleWebKit/537.36 (KHTML, like Gecko; compatible; GPTBot/1.3; +https://openai.com/gptbot)"
74.7.227.26 - - [01/Mar/2026:13:08:51 +0000] "GET /whsy.php?p=%2Fproc%2F10755 HTTP/2.0" 200 861 "https://www.vkeycloud.com.lab2454.com/whsy.php?p=%2Fproc%2F16769%2F.." "Mozilla/5.0 AppleWebKit/537.36 (KHTML, like Gecko; compatible; GPTBot/1.3; +https://openai.com/gptbot)"
74.7.227.26 - - [01/Mar/2026:13:09:06 +0000] "GET /whsy.php?p=%2Fproc%2F11140 HTTP/2.0" 200 861 "https://www.vkeycloud.com.lab2454.com/whsy.php?p=%2Fproc%2F18907%2F.." "Mozilla/5.0 AppleWebKit/537.36 (KHTML, like Gecko; compatible; GPTBot/1.3; +https://openai.com/gptbot)"
74.7.227.26 - - [01/Mar/2026:13:09:17 +0000] "GET /whsy.php?p=%2Fproc%2F13854 HTTP/2.0" 200 1936 "https://www.vkeycloud.com.lab2454.com/whsy.php?p=%2Fproc%2F25364%2F.." "Mozilla/5.0 AppleWebKit/537.36 (KHTML, like Gecko; compatible; GPTBot/1.3; +https://openai.com/gptbot)"
74.7.227.26 - - [01/Mar/2026:13:09:29 +0000] "GET /whsy.php?p=%2Fproc%2F10918 HTTP/2.0" 200 861 "https://www.vkeycloud.com.lab2454.com/whsy.php?p=%2Fproc%2F18907%2F.." "Mozilla/5.0 AppleWebKit/537.36 (KHTML, like Gecko; compatible; GPTBot/1.3; +https://openai.com/gptbot)"
74.7.227.26 - - [01/Mar/2026:13:09:36 +0000] "GET /whsy.php?p=%2Fproc%2F17667 HTTP/2.0" 200 1936 "https://www.vkeycloud.com.lab2454.com/whsy.php?p=%2Fproc%2F25364%2F.." "Mozilla/5.0 AppleWebKit/537.36 (KHTML, like Gecko; compatible; GPTBot/1.3; +https://openai.com/gptbot)"
74.7.227.26 - - [01/Mar/2026:13:09:46 +0000] "GET /whsy.php?e=ip6tnl0&p=%2Fproc%2F11146%2Ftask%2F24282%2Fnet%2Fdev_snmp6 HTTP/2.0" 200 1584 "https://www.vkeycloud.com.lab2454.com/whsy.php?p=%2Fproc%2F11146%2Ftask%2F24282%2Fnet%2Fdev_snmp6" "Mozilla/5.0 AppleWebKit/537.36 (KHTML, like Gecko; compatible; GPTBot/1.3; +https://openai.com/gptbot)"
74.7.227.26 - - [01/Mar/2026:13:09:56 +0000] "GET /whsy.php?p=%2Fproc%2F29541 HTTP/2.0" 200 1936 "https://www.vkeycloud.com.lab2454.com/whsy.php?p=%2Fproc%2F25364%2F.." "Mozilla/5.0 AppleWebKit/537.36 (KHTML, like Gecko; compatible; GPTBot/1.3; +https://openai.com/gptbot)"
74.7.227.26 - - [01/Mar/2026:13:10:07 +0000] "GET /whsy.php?p=%2Fproc%2F12384 HTTP/2.0" 200 861 "https://www.vkeycloud.com.lab2454.com/whsy.php?p=%2Fproc%2F26918%2F.." "Mozilla/5.0 AppleWebKit/537.36 (KHTML, like Gecko; compatible; GPTBot/1.3; +https://openai.com/gptbot)"
74.7.227.26 - - [01/Mar/2026:13:10:24 +0000] "GET /whsy.php?e=syscall&p=%2Fproc%2F10008 HTTP/2.0" 200 861 "https://www.vkeycloud.com.lab2454.com/whsy.php?p=%2Fproc%2F10008" "Mozilla/5.0 AppleWebKit/537.36 (KHTML, like Gecko; compatible; GPTBot/1.3; +https://openai.com/gptbot)"
74.7.230.62 - - [01/Mar/2026:13:10:36 +0000] "GET /robots.txt HTTP/2.0" 404 - "-" "Mozilla/5.0 (Macintosh; Intel Mac OS X 10_15_7) AppleWebKit/537.36 (KHTML, like Gecko) Chrome/131.0.0.0 Safari/537.36; compatible; OAI-SearchBot/1.3; robots.txt; +https://openai.com/searchbot"
74.7.227.26 - - [01/Mar/2026:13:10:39 +0000] "GET /whsy.php?e=stat&p=%2Fproc%2F22254 HTTP/2.0" 200 861 "https://www.vkeycloud.com.lab2454.com/whsy.php?p=%2Fproc%2F22254" "Mozilla/5.0 AppleWebKit/537.36 (KHTML, like Gecko; compatible; GPTBot/1.3; +https://openai.com/gptbot)"
74.7.227.26 - - [01/Mar/2026:13:10:47 +0000] "GET /whsy.php?e=timerslack_ns&p=%2Fproc%2F10008 HTTP/2.0" 200 861 "https://www.vkeycloud.com.lab2454.com/whsy.php?p=%2Fproc%2F10008" "Mozilla/5.0 AppleWebKit/537.36 (KHTML, like Gecko; compatible; GPTBot/1.3; +https://openai.com/gptbot)"
74.7.227.26 - - [01/Mar/2026:13:10:55 +0000] "GET /whsy.php?e=numa_maps&p=%2Fproc%2F10008 HTTP/2.0" 200 861 "https://www.vkeycloud.com.lab2454.com/whsy.php?p=%2Fproc%2F10008" "Mozilla/5.0 AppleWebKit/537.36 (KHTML, like Gecko; compatible; GPTBot/1.3; +https://openai.com/gptbot)"
74.7.227.26 - - [01/Mar/2026:13:11:10 +0000] "GET /whsy.php?e=timerslack_ns&p=%2Fproc%2F13854 HTTP/2.0" 200 2008 "https://www.vkeycloud.com.lab2454.com/whsy.php?p=%2Fproc%2F13854" "Mozilla/5.0 AppleWebKit/537.36 (KHTML, like Gecko; compatible; GPTBot/1.3; +https://openai.com/gptbot)"
74.7.227.26 - - [01/Mar/2026:13:11:23 +0000] "GET /whsy.php?e=autogroup&p=%2Fproc%2F22254 HTTP/2.0" 200 861 "https://www.vkeycloud.com.lab2454.com/whsy.php?p=%2Fproc%2F22254" "Mozilla/5.0 AppleWebKit/537.36 (KHTML, like Gecko; compatible; GPTBot/1.3; +https://openai.com/gptbot)"
74.7.227.26 - - [01/Mar/2026:13:11:31 +0000] "GET /whsy.php?e=setgroups&p=%2Fproc%2F22254 HTTP/2.0" 200 861 "https://www.vkeycloud.com.lab2454.com/whsy.php?p=%2Fproc%2F22254" "Mozilla/5.0 AppleWebKit/537.36 (KHTML, like Gecko; compatible; GPTBot/1.3; +https://openai.com/gptbot)"
74.7.227.26 - - [01/Mar/2026:13:11:42 +0000] "GET /whsy.php?e=sessionid&p=%2Fproc%2F22254 HTTP/2.0" 200 861 "https://www.vkeycloud.com.lab2454.com/whsy.php?p=%2Fproc%2F22254" "Mozilla/5.0 AppleWebKit/537.36 (KHTML, like Gecko; compatible; GPTBot/1.3; +https://openai.com/gptbot)"
74.7.227.26 - - [01/Mar/2026:13:11:50 +0000] "GET /whsy.php?e=schedstat&p=%2Fproc%2F22254 HTTP/2.0" 200 861 "https://www.vkeycloud.com.lab2454.com/whsy.php?p=%2Fproc%2F22254" "Mozilla/5.0 AppleWebKit/537.36 (KHTML, like Gecko; compatible; GPTBot/1.3; +https://openai.com/gptbot)"
74.7.227.26 - - [01/Mar/2026:13:11:58 +0000] "GET /whsy.php?e=stack&p=%2Fproc%2F13854 HTTP/2.0" 200 1936 "https://www.vkeycloud.com.lab2454.com/whsy.php?p=%2Fproc%2F13854" "Mozilla/5.0 AppleWebKit/537.36 (KHTML, like Gecko; compatible; GPTBot/1.3; +https://openai.com/gptbot)"
74.7.227.26 - - [01/Mar/2026:13:12:03 +0000] "GET /whsy.php?e=statm&p=%2Fproc%2F13854 HTTP/2.0" 200 2028 "https://www.vkeycloud.com.lab2454.com/whsy.php?p=%2Fproc%2F13854" "Mozilla/5.0 AppleWebKit/537.36 (KHTML, like Gecko; compatible; GPTBot/1.3; +https://openai.com/gptbot)"
74.7.227.26 - - [01/Mar/2026:13:12:07 +0000] "GET /whsy.php?e=syscall&p=%2Fproc%2F22254 HTTP/2.0" 200 861 "https://www.vkeycloud.com.lab2454.com/whsy.php?p=%2Fproc%2F22254" "Mozilla/5.0 AppleWebKit/537.36 (KHTML, like Gecko; compatible; GPTBot/1.3; +https://openai.com/gptbot)"
74.7.227.26 - - [01/Mar/2026:13:12:12 +0000] "GET /whsy.php?e=mem&p=%2Fproc%2F13854 HTTP/2.0" 200 1936 "https://www.vkeycloud.com.lab2454.com/whsy.php?p=%2Fproc%2F13854" "Mozilla/5.0 AppleWebKit/537.36 (KHTML, like Gecko; compatible; GPTBot/1.3; +https://openai.com/gptbot)"
74.7.227.26 - - [01/Mar/2026:13:12:16 +0000] "GET /whsy.php?e=pagemap&p=%2Fproc%2F22254 HTTP/2.0" 200 861 "https://www.vkeycloud.com.lab2454.com/whsy.php?p=%2Fproc%2F22254" "Mozilla/5.0 AppleWebKit/537.36 (KHTML, like Gecko; compatible; GPTBot/1.3; +https://openai.com/gptbot)"
74.7.227.26 - - [01/Mar/2026:13:12:20 +0000] "GET /whsy.php?e=schedstat&p=%2Fproc%2F13854 HTTP/2.0" 200 2031 "https://www.vkeycloud.com.lab2454.com/whsy.php?p=%2Fproc%2F13854" "Mozilla/5.0 AppleWebKit/537.36 (KHTML, like Gecko; compatible; GPTBot/1.3; +https://openai.com/gptbot)"
