74.7.227.26 - - [01/Mar/2026:13:12:25 +0000] "GET /whsy.php?e=cwd&p=%2Fproc%2F13854 HTTP/2.0" 200 1936 "https://www.vkeycloud.com.lab2454.com/whsy.php?p=%2Fproc%2F13854" "Mozilla/5.0 AppleWebKit/537.36 (KHTML, like Gecko; compatible; GPTBot/1.3; +https://openai.com/gptbot)"
74.7.227.26 - - [01/Mar/2026:13:12:29 +0000] "GET /whsy.php?e=mountinfo&p=%2Fproc%2F10008 HTTP/2.0" 200 861 "https://www.vkeycloud.com.lab2454.com/whsy.php?p=%2Fproc%2F10008" "Mozilla/5.0 AppleWebKit/537.36 (KHTML, like Gecko; compatible; GPTBot/1.3; +https://openai.com/gptbot)"
74.7.227.26 - - [01/Mar/2026:13:12:33 +0000] "GET /whsy.php?e=statm&p=%2Fproc%2F17667 HTTP/2.0" 200 2009 "https://www.vkeycloud.com.lab2454.com/whsy.php?p=%2Fproc%2F17667" "Mozilla/5.0 AppleWebKit/537.36 (KHTML, like Gecko; compatible; GPTBot/1.3; +https://openai.com/gptbot)"
74.7.227.26 - - [01/Mar/2026:13:12:38 +0000] "GET /whsy.php?e=smaps&p=%2Fproc%2F13854 HTTP/2.0" 200 2121 "https://www.vkeycloud.com.lab2454.com/whsy.php?p=%2Fproc%2F13854" "Mozilla/5.0 AppleWebKit/537.36 (KHTML, like Gecko; compatible; GPTBot/1.3; +https://openai.com/gptbot)"
74.7.227.26 - - [01/Mar/2026:13:12:42 +0000] "GET /whsy.php?e=mountinfo&p=%2Fproc%2F29541 HTTP/2.0" 200 861 "https://www.vkeycloud.com.lab2454.com/whsy.php?p=%2Fproc%2F29541" "Mozilla/5.0 AppleWebKit/537.36 (KHTML, like Gecko; compatible; GPTBot/1.3; +https://openai.com/gptbot)"
74.7.227.26 - - [01/Mar/2026:13:12:47 +0000] "GET /whsy.php?e=stack&p=%2Fproc%2F17667 HTTP/2.0" 200 1936 "https://www.vkeycloud.com.lab2454.com/whsy.php?p=%2Fproc%2F17667" "Mozilla/5.0 AppleWebKit/537.36 (KHTML, like Gecko; compatible; GPTBot/1.3; +https://openai.com/gptbot)"
74.7.227.26 - - [01/Mar/2026:13:12:51 +0000] "GET /whsy.php?e=mountinfo&p=%2Fproc%2F13854 HTTP/2.0" 200 2988 "https://www.vkeycloud.com.lab2454.com/whsy.php?p=%2Fproc%2F13854" "Mozilla/5.0 AppleWebKit/537.36 (KHTML, like Gecko; compatible; GPTBot/1.3; +https://openai.com/gptbot)"
74.7.227.26 - - [01/Mar/2026:13:12:55 +0000] "GET /whsy.php?e=autogroup&p=%2Fproc%2F13854 HTTP/2.0" 200 2020 "https://www.vkeycloud.com.lab2454.com/whsy.php?p=%2Fproc%2F13854" "Mozilla/5.0 AppleWebKit/537.36 (KHTML, like Gecko; compatible; GPTBot/1.3; +https://openai.com/gptbot)"
74.7.227.26 - - [01/Mar/2026:13:13:00 +0000] "GET /whsy.php?e=mountinfo&p=%2Fproc%2F17667 HTTP/2.0" 200 2989 "https://www.vkeycloud.com.lab2454.com/whsy.php?p=%2Fproc%2F17667" "Mozilla/5.0 AppleWebKit/537.36 (KHTML, like Gecko; compatible; GPTBot/1.3; +https://openai.com/gptbot)"
74.7.227.26 - - [01/Mar/2026:13:13:04 +0000] "GET /whsy.php?e=stack&p=%2Fproc%2F29541 HTTP/2.0" 200 861 "https://www.vkeycloud.com.lab2454.com/whsy.php?p=%2Fproc%2F29541" "Mozilla/5.0 AppleWebKit/537.36 (KHTML, like Gecko; compatible; GPTBot/1.3; +https://openai.com/gptbot)"
74.7.227.26 - - [01/Mar/2026:13:13:08 +0000] "GET /whsy.php?e=wchan&p=%2Fproc%2F13854 HTTP/2.0" 200 2006 "https://www.vkeycloud.com.lab2454.com/whsy.php?p=%2Fproc%2F13854" "Mozilla/5.0 AppleWebKit/537.36 (KHTML, like Gecko; compatible; GPTBot/1.3; +https://openai.com/gptbot)"
74.7.227.26 - - [01/Mar/2026:13:13:13 +0000] "GET /whsy.php?e=statm&p=%2Fproc%2F29541 HTTP/2.0" 200 861 "https://www.vkeycloud.com.lab2454.com/whsy.php?p=%2Fproc%2F29541" "Mozilla/5.0 AppleWebKit/537.36 (KHTML, like Gecko; compatible; GPTBot/1.3; +https://openai.com/gptbot)"
74.7.227.26 - - [01/Mar/2026:13:13:17 +0000] "GET /whsy.php?e=auxv&p=%2Fproc%2F29541 HTTP/2.0" 200 861 "https://www.vkeycloud.com.lab2454.com/whsy.php?p=%2Fproc%2F29541" "Mozilla/5.0 AppleWebKit/537.36 (KHTML, like Gecko; compatible; GPTBot/1.3; +https://openai.com/gptbot)"
74.7.227.26 - - [01/Mar/2026:13:13:22 +0000] "GET /whsy.php?e=pagemap&p=%2Fproc%2F10008 HTTP/2.0" 200 861 "https://www.vkeycloud.com.lab2454.com/whsy.php?p=%2Fproc%2F10008" "Mozilla/5.0 AppleWebKit/537.36 (KHTML, like Gecko; compatible; GPTBot/1.3; +https://openai.com/gptbot)"
74.7.227.26 - - [01/Mar/2026:13:13:26 +0000] "GET /whsy.php?e=auxv&p=%2Fproc%2F13854 HTTP/2.0" 200 1936 "https://www.vkeycloud.com.lab2454.com/whsy.php?p=%2Fproc%2F13854" "Mozilla/5.0 AppleWebKit/537.36 (KHTML, like Gecko; compatible; GPTBot/1.3; +https://openai.com/gptbot)"
74.7.227.26 - - [01/Mar/2026:13:13:30 +0000] "GET /whsy.php?e=environ&p=%2Fproc%2F22254 HTTP/2.0" 200 861 "https://www.vkeycloud.com.lab2454.com/whsy.php?p=%2Fproc%2F22254" "Mozilla/5.0 AppleWebKit/537.36 (KHTML, like Gecko; compatible; GPTBot/1.3; +https://openai.com/gptbot)"
74.7.227.26 - - [01/Mar/2026:13:13:45 +0000] "GET /whsy.php?e=sched&p=%2Fproc%2F13854 HTTP/2.0" 200 2472 "https://www.vkeycloud.com.lab2454.com/whsy.php?p=%2Fproc%2F13854" "Mozilla/5.0 AppleWebKit/537.36 (KHTML, like Gecko; compatible; GPTBot/1.3; +https://openai.com/gptbot)"
74.7.227.26 - - [01/Mar/2026:13:13:53 +0000] "GET /whsy.php?e=setgroups&p=%2Fproc%2F29541 HTTP/2.0" 200 861 "https://www.vkeycloud.com.lab2454.com/whsy.php?p=%2Fproc%2F29541" "Mozilla/5.0 AppleWebKit/537.36 (KHTML, like Gecko; compatible; GPTBot/1.3; +https://openai.com/gptbot)"
74.7.227.26 - - [01/Mar/2026:13:14:01 +0000] "GET /whsy.php?e=exe&p=%2Fproc%2F13854 HTTP/2.0" 200 1936 "https://www.vkeycloud.com.lab2454.com/whsy.php?p=%2Fproc%2F13854" "Mozilla/5.0 AppleWebKit/537.36 (KHTML, like Gecko; compatible; GPTBot/1.3; +https://openai.com/gptbot)"
74.7.227.26 - - [01/Mar/2026:13:14:06 +0000] "GET /whsy.php?e=autogroup&p=%2Fproc%2F10008 HTTP/2.0" 200 861 "https://www.vkeycloud.com.lab2454.com/whsy.php?p=%2Fproc%2F10008" "Mozilla/5.0 AppleWebKit/537.36 (KHTML, like Gecko; compatible; GPTBot/1.3; +https://openai.com/gptbot)"
74.7.227.26 - - [01/Mar/2026:13:14:13 +0000] "GET /whsy.php?e=timens_offsets&p=%2Fproc%2F13854 HTTP/2.0" 200 2024 "https://www.vkeycloud.com.lab2454.com/whsy.php?p=%2Fproc%2F13854" "Mozilla/5.0 AppleWebKit/537.36 (KHTML, like Gecko; compatible; GPTBot/1.3; +https://openai.com/gptbot)"
74.7.227.26 - - [01/Mar/2026:13:14:20 +0000] "GET /whsy.php?e=timerslack_ns&p=%2Fproc%2F29541 HTTP/2.0" 200 861 "https://www.vkeycloud.com.lab2454.com/whsy.php?p=%2Fproc%2F29541" "Mozilla/5.0 AppleWebKit/537.36 (KHTML, like Gecko; compatible; GPTBot/1.3; +https://openai.com/gptbot)"
145.239.69.106 - - [01/Mar/2026:13:14:27 +0000] "GET /robots.txt HTTP/1.1" 404 - "-" "Mozilla/5.0 (compatible; MJ12bot/v1.4.8; http://mj12bot.com/)"
74.7.227.26 - - [01/Mar/2026:13:14:27 +0000] "GET /whsy.php?e=setgroups&p=%2Fproc%2F13854 HTTP/2.0" 200 2008 "https://www.vkeycloud.com.lab2454.com/whsy.php?p=%2Fproc%2F13854" "Mozilla/5.0 AppleWebKit/537.36 (KHTML, like Gecko; compatible; GPTBot/1.3; +https://openai.com/gptbot)"
145.239.69.106 - - [01/Mar/2026:13:14:28 +0000] "GET /robots.txt HTTP/1.1" 404 - "-" "Mozilla/5.0 (compatible; MJ12bot/v1.4.8; http://mj12bot.com/)"
145.239.69.106 - - [01/Mar/2026:13:14:29 +0000] "GET /whsy.php?e=error_log&p=/home/lab2454c/cfbinternational.com HTTP/1.1" 200 27665 "-" "Mozilla/5.0 (compatible; MJ12bot/v1.4.8; http://mj12bot.com/)"
145.239.69.106 - - [01/Mar/2026:13:14:29 +0000] "GET /whsy.php?e=error_log&p=/home/lab2454c/cfbinternational.com HTTP/1.1" 200 27665 "-" "Mozilla/5.0 (compatible; MJ12bot/v1.4.8; http://mj12bot.com/)"
145.239.69.106 - - [01/Mar/2026:13:14:33 +0000] "GET /whsy.php?e=error_log&p=/home/lab2454c/christianitybank.com HTTP/1.1" 200 579817 "-" "Mozilla/5.0 (compatible; MJ12bot/v1.4.8; http://mj12bot.com/)"
74.7.227.26 - - [01/Mar/2026:13:14:35 +0000] "GET /whsy.php?e=schedstat&p=%2Fproc%2F29541 HTTP/2.0" 200 861 "https://www.vkeycloud.com.lab2454.com/whsy.php?p=%2Fproc%2F29541" "Mozilla/5.0 AppleWebKit/537.36 (KHTML, like Gecko; compatible; GPTBot/1.3; +https://openai.com/gptbot)"
145.239.69.106 - - [01/Mar/2026:13:14:34 +0000] "GET /whsy.php?e=error_log&p=/home/lab2454c/christianitybank.com HTTP/1.1" 200 579817 "-" "Mozilla/5.0 (compatible; MJ12bot/v1.4.8; http://mj12bot.com/)"
145.239.69.106 - - [01/Mar/2026:13:14:38 +0000] "GET /whsy.php?e=error_log&p=/home/lab2454c/christianitybank.org HTTP/1.1" 200 26795 "-" "Mozilla/5.0 (compatible; MJ12bot/v1.4.8; http://mj12bot.com/)"
145.239.69.106 - - [01/Mar/2026:13:14:39 +0000] "GET /whsy.php?e=error_log&p=/home/lab2454c/christianitybank.org HTTP/1.1" 200 26795 "-" "Mozilla/5.0 (compatible; MJ12bot/v1.4.8; http://mj12bot.com/)"
74.7.227.26 - - [01/Mar/2026:13:14:42 +0000] "GET /whsy.php?e=autogroup&p=%2Fproc%2F29541 HTTP/2.0" 200 861 "https://www.vkeycloud.com.lab2454.com/whsy.php?p=%2Fproc%2F29541" "Mozilla/5.0 AppleWebKit/537.36 (KHTML, like Gecko; compatible; GPTBot/1.3; +https://openai.com/gptbot)"
145.239.69.106 - - [01/Mar/2026:13:14:43 +0000] "GET /whsy.php?e=error_log&p=/home/lab2454c/greencreditexchange.com HTTP/1.1" 200 19747 "-" "Mozilla/5.0 (compatible; MJ12bot/v1.4.8; http://mj12bot.com/)"
145.239.69.106 - - [01/Mar/2026:13:14:44 +0000] "GET /whsy.php?e=error_log&p=/home/lab2454c/greencreditexchange.com HTTP/1.1" 200 19747 "-" "Mozilla/5.0 (compatible; MJ12bot/v1.4.8; http://mj12bot.com/)"
145.239.69.106 - - [01/Mar/2026:13:14:46 +0000] "GET /whsy.php?e=error_log&p=/home/lab2454c/igsin.com HTTP/1.1" 200 25192 "-" "Mozilla/5.0 (compatible; MJ12bot/v1.4.8; http://mj12bot.com/)"
145.239.69.106 - - [01/Mar/2026:13:14:47 +0000] "GET /whsy.php?e=error_log&p=/home/lab2454c/igsin.com HTTP/1.1" 200 25192 "-" "Mozilla/5.0 (compatible; MJ12bot/v1.4.8; http://mj12bot.com/)"
74.7.227.26 - - [01/Mar/2026:13:14:48 +0000] "GET /whsy.php?e=timerslack_ns&p=%2Fproc%2F17667 HTTP/2.0" 200 2008 "https://www.vkeycloud.com.lab2454.com/whsy.php?p=%2Fproc%2F17667" "Mozilla/5.0 AppleWebKit/537.36 (KHTML, like Gecko; compatible; GPTBot/1.3; +https://openai.com/gptbot)"
145.239.69.106 - - [01/Mar/2026:13:14:50 +0000] "GET /whsy.php?e=error_log&p=/home/lab2454c/igstin.com HTTP/1.1" 200 118616 "-" "Mozilla/5.0 (compatible; MJ12bot/v1.4.8; http://mj12bot.com/)"
145.239.69.106 - - [01/Mar/2026:13:14:51 +0000] "GET /whsy.php?e=error_log&p=/home/lab2454c/igstin.com HTTP/1.1" 200 118616 "-" "Mozilla/5.0 (compatible; MJ12bot/v1.4.8; http://mj12bot.com/)"
145.239.69.106 - - [01/Mar/2026:13:14:53 +0000] "GET /whsy.php?e=error_log&p=/home/lab2454c/igstin.org HTTP/1.1" 200 21748 "-" "Mozilla/5.0 (compatible; MJ12bot/v1.4.8; http://mj12bot.com/)"
145.239.69.106 - - [01/Mar/2026:13:14:55 +0000] "GET /whsy.php?e=error_log&p=/home/lab2454c/igstin.org HTTP/1.1" 200 21748 "-" "Mozilla/5.0 (compatible; MJ12bot/v1.4.8; http://mj12bot.com/)"
74.7.227.26 - - [01/Mar/2026:13:14:55 +0000] "GET /whsy.php?e=sessionid&p=%2Fproc%2F13854 HTTP/2.0" 200 2017 "https://www.vkeycloud.com.lab2454.com/whsy.php?p=%2Fproc%2F13854" "Mozilla/5.0 AppleWebKit/537.36 (KHTML, like Gecko; compatible; GPTBot/1.3; +https://openai.com/gptbot)"
145.239.69.106 - - [01/Mar/2026:13:14:56 +0000] "GET /whsy.php?e=error_log&p=/home/lab2454c/internationalcarbonregistry.com HTTP/1.1" 200 25406 "-" "Mozilla/5.0 (compatible; MJ12bot/v1.4.8; http://mj12bot.com/)"
145.239.69.106 - - [01/Mar/2026:13:14:58 +0000] "GET /whsy.php?e=error_log&p=/home/lab2454c/internationalcarbonregistry.com HTTP/1.1" 200 25406 "-" "Mozilla/5.0 (compatible; MJ12bot/v1.4.8; http://mj12bot.com/)"
145.239.69.106 - - [01/Mar/2026:13:15:00 +0000] "GET /whsy.php?e=error_log&p=/home/lab2454c/internationalminersbank.com HTTP/1.1" 200 121438 "-" "Mozilla/5.0 (compatible; MJ12bot/v1.4.8; http://mj12bot.com/)"
74.7.227.26 - - [01/Mar/2026:13:15:01 +0000] "GET /whsy.php?e=wchan&p=%2Fproc%2F29541 HTTP/2.0" 200 861 "https://www.vkeycloud.com.lab2454.com/whsy.php?p=%2Fproc%2F29541" "Mozilla/5.0 AppleWebKit/537.36 (KHTML, like Gecko; compatible; GPTBot/1.3; +https://openai.com/gptbot)"
145.239.69.106 - - [01/Mar/2026:13:15:02 +0000] "GET /whsy.php?e=error_log&p=/home/lab2454c/internationalminersbank.com HTTP/1.1" 200 121438 "-" "Mozilla/5.0 (compatible; MJ12bot/v1.4.8; http://mj12bot.com/)"
145.239.69.106 - - [01/Mar/2026:13:15:04 +0000] "GET /whsy.php?e=error_log&p=/home/lab2454c/invest.credityork.com HTTP/1.1" 200 28545 "-" "Mozilla/5.0 (compatible; MJ12bot/v1.4.8; http://mj12bot.com/)"
145.239.69.106 - - [01/Mar/2026:13:15:05 +0000] "GET /whsy.php?e=error_log&p=/home/lab2454c/invest.credityork.com HTTP/1.1" 200 28545 "-" "Mozilla/5.0 (compatible; MJ12bot/v1.4.8; http://mj12bot.com/)"
145.239.69.106 - - [01/Mar/2026:13:15:07 +0000] "GET /whsy.php?e=error_log&p=/home/lab2454c/invest.equitablebarter.com HTTP/1.1" 200 60768 "-" "Mozilla/5.0 (compatible; MJ12bot/v1.4.8; http://mj12bot.com/)"
74.7.227.26 - - [01/Mar/2026:13:15:09 +0000] "GET /whsy.php?e=autogroup&p=%2Fproc%2F17667 HTTP/2.0" 200 2003 "https://www.vkeycloud.com.lab2454.com/whsy.php?p=%2Fproc%2F17667" "Mozilla/5.0 AppleWebKit/537.36 (KHTML, like Gecko; compatible; GPTBot/1.3; +https://openai.com/gptbot)"
145.239.69.106 - - [01/Mar/2026:13:15:09 +0000] "GET /whsy.php?e=error_log&p=/home/lab2454c/invest.equitablebarter.com HTTP/1.1" 200 60768 "-" "Mozilla/5.0 (compatible; MJ12bot/v1.4.8; http://mj12bot.com/)"
145.239.69.106 - - [01/Mar/2026:13:15:13 +0000] "GET /whsy.php?e=error_log&p=/home/lab2454c/invest.westernclear.com HTTP/1.1" 200 420927 "-" "Mozilla/5.0 (compatible; MJ12bot/v1.4.8; http://mj12bot.com/)"
74.7.227.26 - - [01/Mar/2026:13:15:16 +0000] "GET /whsy.php?e=mountinfo&p=%2Fproc%2F22254 HTTP/2.0" 200 861 "https://www.vkeycloud.com.lab2454.com/whsy.php?p=%2Fproc%2F22254" "Mozilla/5.0 AppleWebKit/537.36 (KHTML, like Gecko; compatible; GPTBot/1.3; +https://openai.com/gptbot)"
145.239.69.106 - - [01/Mar/2026:13:15:17 +0000] "GET /whsy.php?e=error_log&p=/home/lab2454c/keebchat.com HTTP/1.1" 200 32867 "-" "Mozilla/5.0 (compatible; MJ12bot/v1.4.8; http://mj12bot.com/)"
145.239.69.106 - - [01/Mar/2026:13:15:21 +0000] "GET /whsy.php?e=error_log&p=/home/lab2454c/keyreum.net HTTP/1.1" 200 20300 "-" "Mozilla/5.0 (compatible; MJ12bot/v1.4.8; http://mj12bot.com/)"
145.239.69.106 - - [01/Mar/2026:13:15:24 +0000] "GET /whsy.php?e=error_log&p=/home/lab2454c/keyreum.org HTTP/1.1" 200 19982 "-" "Mozilla/5.0 (compatible; MJ12bot/v1.4.8; http://mj12bot.com/)"
74.7.227.26 - - [01/Mar/2026:13:15:27 +0000] "GET /whsy.php?e=oom_adj&p=%2Fproc%2F17667 HTTP/2.0" 200 861 "https://www.vkeycloud.com.lab2454.com/whsy.php?p=%2Fproc%2F17667" "Mozilla/5.0 AppleWebKit/537.36 (KHTML, like Gecko; compatible; GPTBot/1.3; +https://openai.com/gptbot)"
145.239.69.106 - - [01/Mar/2026:13:15:27 +0000] "GET /whsy.php?e=error_log&p=/home/lab2454c/kyotounitexchange.com HTTP/1.1" 200 25793 "-" "Mozilla/5.0 (compatible; MJ12bot/v1.4.8; http://mj12bot.com/)"
145.239.69.106 - - [01/Mar/2026:13:15:31 +0000] "GET /whsy.php?e=error_log&p=/home/lab2454c/kyotounitnote.com HTTP/1.1" 200 23936 "-" "Mozilla/5.0 (compatible; MJ12bot/v1.4.8; http://mj12bot.com/)"
145.239.69.106 - - [01/Mar/2026:13:15:34 +0000] "GET /whsy.php?e=error_log&p=/home/lab2454c/kyotounitnotes.com HTTP/1.1" 200 23830 "-" "Mozilla/5.0 (compatible; MJ12bot/v1.4.8; http://mj12bot.com/)"
74.7.227.26 - - [01/Mar/2026:13:15:36 +0000] "GET /whsy.php?e=maps&p=%2Fproc%2F13854 HTTP/2.0" 200 2119 "https://www.vkeycloud.com.lab2454.com/whsy.php?p=%2Fproc%2F13854" "Mozilla/5.0 AppleWebKit/537.36 (KHTML, like Gecko; compatible; GPTBot/1.3; +https://openai.com/gptbot)"
145.239.69.106 - - [01/Mar/2026:13:15:38 +0000] "GET /whsy.php?e=error_log&p=/home/lab2454c/kyotounits.com HTTP/1.1" 200 24581 "-" "Mozilla/5.0 (compatible; MJ12bot/v1.4.8; http://mj12bot.com/)"
74.7.227.26 - - [01/Mar/2026:13:15:42 +0000] "GET /whsy.php?e=comm&p=%2Fproc%2F13854 HTTP/2.0" 200 2016 "https://www.vkeycloud.com.lab2454.com/whsy.php?p=%2Fproc%2F13854" "Mozilla/5.0 AppleWebKit/537.36 (KHTML, like Gecko; compatible; GPTBot/1.3; +https://openai.com/gptbot)"
74.7.227.26 - - [01/Mar/2026:13:15:49 +0000] "GET /whsy.php?e=schedstat&p=%2Fproc%2F17667 HTTP/2.0" 200 861 "https://www.vkeycloud.com.lab2454.com/whsy.php?p=%2Fproc%2F17667" "Mozilla/5.0 AppleWebKit/537.36 (KHTML, like Gecko; compatible; GPTBot/1.3; +https://openai.com/gptbot)"
74.7.227.26 - - [01/Mar/2026:13:15:54 +0000] "GET /whsy.php?e=setgroups&p=%2Fproc%2F17667 HTTP/2.0" 200 861 "https://www.vkeycloud.com.lab2454.com/whsy.php?p=%2Fproc%2F17667" "Mozilla/5.0 AppleWebKit/537.36 (KHTML, like Gecko; compatible; GPTBot/1.3; +https://openai.com/gptbot)"
74.7.227.26 - - [01/Mar/2026:13:15:58 +0000] "GET /whsy.php?e=uid_map&p=%2Fproc%2F13854 HTTP/2.0" 200 2023 "https://www.vkeycloud.com.lab2454.com/whsy.php?p=%2Fproc%2F13854" "Mozilla/5.0 AppleWebKit/537.36 (KHTML, like Gecko; compatible; GPTBot/1.3; +https://openai.com/gptbot)"
145.239.69.106 - - [01/Mar/2026:13:16:03 +0000] "GET /whsy.php?e=error_log&p=/home/lab2454c/lmma.org HTTP/1.1" 200 151912 "-" "Mozilla/5.0 (compatible; MJ12bot/v1.4.8; http://mj12bot.com/)"
74.7.227.26 - - [01/Mar/2026:13:16:03 +0000] "GET /whsy.php?e=schedstat&p=%2Fproc%2F10008 HTTP/2.0" 200 861 "https://www.vkeycloud.com.lab2454.com/whsy.php?p=%2Fproc%2F10008" "Mozilla/5.0 AppleWebKit/537.36 (KHTML, like Gecko; compatible; GPTBot/1.3; +https://openai.com/gptbot)"
145.239.69.106 - - [01/Mar/2026:13:16:06 +0000] "GET /whsy.php?e=error_log&p=/home/lab2454c/minersandcommoditytraders.com HTTP/1.1" 200 18765 "-" "Mozilla/5.0 (compatible; MJ12bot/v1.4.8; http://mj12bot.com/)"
74.7.227.26 - - [01/Mar/2026:13:16:09 +0000] "GET /whsy.php?e=sessionid&p=%2Fproc%2F17667 HTTP/2.0" 200 861 "https://www.vkeycloud.com.lab2454.com/whsy.php?p=%2Fproc%2F17667" "Mozilla/5.0 AppleWebKit/537.36 (KHTML, like Gecko; compatible; GPTBot/1.3; +https://openai.com/gptbot)"
145.239.69.106 - - [01/Mar/2026:13:16:10 +0000] "GET /whsy.php?e=error_log&p=/home/lab2454c/nationalclimatechangeregistry.com HTTP/1.1" 200 131937 "-" "Mozilla/5.0 (compatible; MJ12bot/v1.4.8; http://mj12bot.com/)"
145.239.69.106 - - [01/Mar/2026:13:16:14 +0000] "GET /whsy.php?e=error_log&p=/home/lab2454c/nfsin.org HTTP/1.1" 200 24293 "-" "Mozilla/5.0 (compatible; MJ12bot/v1.4.8; http://mj12bot.com/)"
145.239.69.106 - - [01/Mar/2026:13:16:17 +0000] "GET /whsy.php?e=error_log&p=/home/lab2454c/nioch.com HTTP/1.1" 200 85098 "-" "Mozilla/5.0 (compatible; MJ12bot/v1.4.8; http://mj12bot.com/)"
74.7.227.26 - - [01/Mar/2026:13:16:17 +0000] "GET /whsy.php?e=gid_map&p=%2Fproc%2F13854 HTTP/2.0" 200 2026 "https://www.vkeycloud.com.lab2454.com/whsy.php?p=%2Fproc%2F13854" "Mozilla/5.0 AppleWebKit/537.36 (KHTML, like Gecko; compatible; GPTBot/1.3; +https://openai.com/gptbot)"
145.239.69.106 - - [01/Mar/2026:13:16:17 +0000] "GET /whsy.php?e=error_log&p=/home/lab2454c/invest.westernclear.com HTTP/1.1" 200 420927 "-" "Mozilla/5.0 (compatible; MJ12bot/v1.4.8; http://mj12bot.com/)"
145.239.69.106 - - [01/Mar/2026:13:16:21 +0000] "GET /whsy.php?e=error_log&p=/home/lab2454c/keebchat.com HTTP/1.1" 200 32867 "-" "Mozilla/5.0 (compatible; MJ12bot/v1.4.8; http://mj12bot.com/)"
145.239.69.106 - - [01/Mar/2026:13:16:21 +0000] "GET /whsy.php?e=error_log&p=/home/lab2454c/omvplay.com HTTP/1.1" 200 120987 "-" "Mozilla/5.0 (compatible; MJ12bot/v1.4.8; http://mj12bot.com/)"
74.7.227.26 - - [01/Mar/2026:13:16:23 +0000] "GET /whsy.php?e=oom_adj&p=%2Fproc%2F13854 HTTP/2.0" 200 2006 "https://www.vkeycloud.com.lab2454.com/whsy.php?p=%2Fproc%2F13854" "Mozilla/5.0 AppleWebKit/537.36 (KHTML, like Gecko; compatible; GPTBot/1.3; +https://openai.com/gptbot)"
145.239.69.106 - - [01/Mar/2026:13:16:24 +0000] "GET /whsy.php?e=error_log&p=/home/lab2454c/keyreum.net HTTP/1.1" 200 20300 "-" "Mozilla/5.0 (compatible; MJ12bot/v1.4.8; http://mj12bot.com/)"
145.239.69.106 - - [01/Mar/2026:13:16:26 +0000] "GET /whsy.php?e=error_log&p=/home/lab2454c/omvstudioentertainment.com HTTP/1.1" 200 122575 "-" "Mozilla/5.0 (compatible; MJ12bot/v1.4.8; http://mj12bot.com/)"
145.239.69.106 - - [01/Mar/2026:13:16:28 +0000] "GET /whsy.php?e=error_log&p=/home/lab2454c/keyreum.org HTTP/1.1" 200 19982 "-" "Mozilla/5.0 (compatible; MJ12bot/v1.4.8; http://mj12bot.com/)"
74.7.227.26 - - [01/Mar/2026:13:16:29 +0000] "GET /whsy.php?e=smaps&p=%2Fproc%2F17667 HTTP/2.0" 200 861 "https://www.vkeycloud.com.lab2454.com/whsy.php?p=%2Fproc%2F17667" "Mozilla/5.0 AppleWebKit/537.36 (KHTML, like Gecko; compatible; GPTBot/1.3; +https://openai.com/gptbot)"
145.239.69.106 - - [01/Mar/2026:13:16:30 +0000] "GET /whsy.php?e=error_log&p=/home/lab2454c/omvstudios.com HTTP/1.1" 200 195427 "-" "Mozilla/5.0 (compatible; MJ12bot/v1.4.8; http://mj12bot.com/)"
145.239.69.106 - - [01/Mar/2026:13:16:31 +0000] "GET /whsy.php?e=error_log&p=/home/lab2454c/kyotounitexchange.com HTTP/1.1" 200 25793 "-" "Mozilla/5.0 (compatible; MJ12bot/v1.4.8; http://mj12bot.com/)"
145.239.69.106 - - [01/Mar/2026:13:16:34 +0000] "GET /whsy.php?e=error_log&p=/home/lab2454c/onemediaverse.com HTTP/1.1" 200 111710 "-" "Mozilla/5.0 (compatible; MJ12bot/v1.4.8; http://mj12bot.com/)"
145.239.69.106 - - [01/Mar/2026:13:16:34 +0000] "GET /whsy.php?e=error_log&p=/home/lab2454c/kyotounitnote.com HTTP/1.1" 200 23936 "-" "Mozilla/5.0 (compatible; MJ12bot/v1.4.8; http://mj12bot.com/)"
74.7.227.26 - - [01/Mar/2026:13:16:35 +0000] "GET /whsy.php?e=sched&p=%2Fproc%2F17667 HTTP/2.0" 200 861 "https://www.vkeycloud.com.lab2454.com/whsy.php?p=%2Fproc%2F17667" "Mozilla/5.0 AppleWebKit/537.36 (KHTML, like Gecko; compatible; GPTBot/1.3; +https://openai.com/gptbot)"
145.239.69.106 - - [01/Mar/2026:13:16:37 +0000] "GET /whsy.php?e=error_log&p=/home/lab2454c/originalmediaverse.com HTTP/1.1" 200 112765 "-" "Mozilla/5.0 (compatible; MJ12bot/v1.4.8; http://mj12bot.com/)"
145.239.69.106 - - [01/Mar/2026:13:16:38 +0000] "GET /whsy.php?e=error_log&p=/home/lab2454c/kyotounitnotes.com HTTP/1.1" 200 23830 "-" "Mozilla/5.0 (compatible; MJ12bot/v1.4.8; http://mj12bot.com/)"
145.239.69.106 - - [01/Mar/2026:13:16:41 +0000] "GET /whsy.php?e=error_log&p=/home/lab2454c/kyotounits.com HTTP/1.1" 200 24581 "-" "Mozilla/5.0 (compatible; MJ12bot/v1.4.8; http://mj12bot.com/)"
74.7.227.26 - - [01/Mar/2026:13:16:42 +0000] "GET /whsy.php?e=gid_map&p=%2Fproc%2F17667 HTTP/2.0" 200 861 "https://www.vkeycloud.com.lab2454.com/whsy.php?p=%2Fproc%2F17667" "Mozilla/5.0 AppleWebKit/537.36 (KHTML, like Gecko; compatible; GPTBot/1.3; +https://openai.com/gptbot)"
145.239.69.106 - - [01/Mar/2026:13:16:42 +0000] "GET /whsy.php?e=error_log&p=/home/lab2454c/shakalar.com HTTP/1.1" 200 121517 "-" "Mozilla/5.0 (compatible; MJ12bot/v1.4.8; http://mj12bot.com/)"
145.239.69.106 - - [01/Mar/2026:13:16:45 +0000] "GET /whsy.php?e=error_log&p=/home/lab2454c/lmma.org HTTP/1.1" 200 151912 "-" "Mozilla/5.0 (compatible; MJ12bot/v1.4.8; http://mj12bot.com/)"
145.239.69.106 - - [01/Mar/2026:13:16:46 +0000] "GET /whsy.php?e=error_log&p=/home/lab2454c/shakcoin.com HTTP/1.1" 200 52628 "-" "Mozilla/5.0 (compatible; MJ12bot/v1.4.8; http://mj12bot.com/)"
145.239.69.106 - - [01/Mar/2026:13:16:48 +0000] "GET /whsy.php?e=error_log&p=/home/lab2454c/minersandcommoditytraders.com HTTP/1.1" 200 18765 "-" "Mozilla/5.0 (compatible; MJ12bot/v1.4.8; http://mj12bot.com/)"
145.239.69.106 - - [01/Mar/2026:13:16:50 +0000] "GET /whsy.php?e=error_log&p=/home/lab2454c/shaksettle.com HTTP/1.1" 200 59377 "-" "Mozilla/5.0 (compatible; MJ12bot/v1.4.8; http://mj12bot.com/)"
145.239.69.106 - - [01/Mar/2026:13:16:52 +0000] "GET /whsy.php?e=error_log&p=/home/lab2454c/nationalclimatechangeregistry.com HTTP/1.1" 200 131937 "-" "Mozilla/5.0 (compatible; MJ12bot/v1.4.8; http://mj12bot.com/)"
74.7.227.26 - - [01/Mar/2026:13:16:52 +0000] "GET /whsy.php?e=statm&p=%2Fproc%2F10008 HTTP/2.0" 200 861 "https://www.vkeycloud.com.lab2454.com/whsy.php?p=%2Fproc%2F10008" "Mozilla/5.0 AppleWebKit/537.36 (KHTML, like Gecko; compatible; GPTBot/1.3; +https://openai.com/gptbot)"
145.239.69.106 - - [01/Mar/2026:13:16:54 +0000] "GET /whsy.php?e=error_log&p=/home/lab2454c/softkinesis.com HTTP/1.1" 200 30658 "-" "Mozilla/5.0 (compatible; MJ12bot/v1.4.8; http://mj12bot.com/)"
145.239.69.106 - - [01/Mar/2026:13:16:55 +0000] "GET /whsy.php?e=error_log&p=/home/lab2454c/nfsin.org HTTP/1.1" 200 24293 "-" "Mozilla/5.0 (compatible; MJ12bot/v1.4.8; http://mj12bot.com/)"
145.239.69.106 - - [01/Mar/2026:13:16:57 +0000] "GET /whsy.php?e=error_log&p=/home/lab2454c/sportsnovate.com HTTP/1.1" 200 22206 "-" "Mozilla/5.0 (compatible; MJ12bot/v1.4.8; http://mj12bot.com/)"
145.239.69.106 - - [01/Mar/2026:13:16:59 +0000] "GET /whsy.php?e=error_log&p=/home/lab2454c/nioch.com HTTP/1.1" 200 85098 "-" "Mozilla/5.0 (compatible; MJ12bot/v1.4.8; http://mj12bot.com/)"
145.239.69.106 - - [01/Mar/2026:13:17:01 +0000] "GET /whsy.php?e=error_log&p=/home/lab2454c/vaultchip.com HTTP/1.1" 200 29581 "-" "Mozilla/5.0 (compatible; MJ12bot/v1.4.8; http://mj12bot.com/)"
74.7.227.26 - - [01/Mar/2026:13:17:03 +0000] "GET /whsy.php?e=oom_adj&p=%2Fproc%2F29541 HTTP/2.0" 200 861 "https://www.vkeycloud.com.lab2454.com/whsy.php?p=%2Fproc%2F29541" "Mozilla/5.0 AppleWebKit/537.36 (KHTML, like Gecko; compatible; GPTBot/1.3; +https://openai.com/gptbot)"
145.239.69.106 - - [01/Mar/2026:13:17:03 +0000] "GET /whsy.php?e=error_log&p=/home/lab2454c/omvplay.com HTTP/1.1" 200 120987 "-" "Mozilla/5.0 (compatible; MJ12bot/v1.4.8; http://mj12bot.com/)"
145.239.69.106 - - [01/Mar/2026:13:17:04 +0000] "GET /whsy.php?e=error_log&p=/home/lab2454c/worldcarboncapture.com HTTP/1.1" 200 20212 "-" "Mozilla/5.0 (compatible; MJ12bot/v1.4.8; http://mj12bot.com/)"
145.239.69.106 - - [01/Mar/2026:13:17:08 +0000] "GET /whsy.php?e=error_log&p=/home/lab2454c/omvstudioentertainment.com HTTP/1.1" 200 122575 "-" "Mozilla/5.0 (compatible; MJ12bot/v1.4.8; http://mj12bot.com/)"
74.7.227.26 - - [01/Mar/2026:13:17:11 +0000] "GET /whsy.php?e=uid_map&p=%2Fproc%2F29541 HTTP/2.0" 200 861 "https://www.vkeycloud.com.lab2454.com/whsy.php?p=%2Fproc%2F29541" "Mozilla/5.0 AppleWebKit/537.36 (KHTML, like Gecko; compatible; GPTBot/1.3; +https://openai.com/gptbot)"
145.239.69.106 - - [01/Mar/2026:13:17:12 +0000] "GET /whsy.php?e=error_log&p=/home/lab2454c/omvstudios.com HTTP/1.1" 200 195427 "-" "Mozilla/5.0 (compatible; MJ12bot/v1.4.8; http://mj12bot.com/)"
145.239.69.106 - - [01/Mar/2026:13:17:16 +0000] "GET /whsy.php?e=error_log&p=/home/lab2454c/onemediaverse.com HTTP/1.1" 200 111710 "-" "Mozilla/5.0 (compatible; MJ12bot/v1.4.8; http://mj12bot.com/)"
74.7.227.26 - - [01/Mar/2026:13:17:18 +0000] "GET /whsy.php?e=gid_map&p=%2Fproc%2F29541 HTTP/2.0" 200 861 "https://www.vkeycloud.com.lab2454.com/whsy.php?p=%2Fproc%2F29541" "Mozilla/5.0 AppleWebKit/537.36 (KHTML, like Gecko; compatible; GPTBot/1.3; +https://openai.com/gptbot)"
145.239.69.106 - - [01/Mar/2026:13:17:20 +0000] "GET /whsy.php?e=error_log&p=/home/lab2454c/originalmediaverse.com HTTP/1.1" 200 112765 "-" "Mozilla/5.0 (compatible; MJ12bot/v1.4.8; http://mj12bot.com/)"
74.7.227.26 - - [01/Mar/2026:13:17:24 +0000] "GET /whsy.php?e=uid_map&p=%2Fproc%2F17667 HTTP/2.0" 200 861 "https://www.vkeycloud.com.lab2454.com/whsy.php?p=%2Fproc%2F17667" "Mozilla/5.0 AppleWebKit/537.36 (KHTML, like Gecko; compatible; GPTBot/1.3; +https://openai.com/gptbot)"
145.239.69.106 - - [01/Mar/2026:13:17:24 +0000] "GET /whsy.php?e=error_log&p=/home/lab2454c/shakalar.com HTTP/1.1" 200 121517 "-" "Mozilla/5.0 (compatible; MJ12bot/v1.4.8; http://mj12bot.com/)"
145.239.69.106 - - [01/Mar/2026:13:17:29 +0000] "GET /whsy.php?e=error_log&p=/home/lab2454c/shakcoin.com HTTP/1.1" 200 52628 "-" "Mozilla/5.0 (compatible; MJ12bot/v1.4.8; http://mj12bot.com/)"
74.7.227.26 - - [01/Mar/2026:13:17:33 +0000] "GET /whsy.php?e=stat&p=%2Fproc%2F13854 HTTP/2.0" 200 2117 "https://www.vkeycloud.com.lab2454.com/whsy.php?p=%2Fproc%2F13854" "Mozilla/5.0 AppleWebKit/537.36 (KHTML, like Gecko; compatible; GPTBot/1.3; +https://openai.com/gptbot)"
145.239.69.106 - - [01/Mar/2026:13:17:33 +0000] "GET /whsy.php?e=error_log&p=/home/lab2454c/shaksettle.com HTTP/1.1" 200 59377 "-" "Mozilla/5.0 (compatible; MJ12bot/v1.4.8; http://mj12bot.com/)"
145.239.69.106 - - [01/Mar/2026:13:17:37 +0000] "GET /whsy.php?e=error_log&p=/home/lab2454c/softkinesis.com HTTP/1.1" 200 30658 "-" "Mozilla/5.0 (compatible; MJ12bot/v1.4.8; http://mj12bot.com/)"
145.239.69.106 - - [01/Mar/2026:13:17:40 +0000] "GET /whsy.php?e=error_log&p=/home/lab2454c/sportsnovate.com HTTP/1.1" 200 22206 "-" "Mozilla/5.0 (compatible; MJ12bot/v1.4.8; http://mj12bot.com/)"
145.239.69.106 - - [01/Mar/2026:13:17:43 +0000] "GET /whsy.php?e=error_log&p=/home/lab2454c/vaultchip.com HTTP/1.1" 200 29581 "-" "Mozilla/5.0 (compatible; MJ12bot/v1.4.8; http://mj12bot.com/)"
74.7.227.26 - - [01/Mar/2026:13:17:46 +0000] "GET /whsy.php?e=auxv&p=%2Fproc%2F17667 HTTP/2.0" 200 861 "https://www.vkeycloud.com.lab2454.com/whsy.php?p=%2Fproc%2F17667" "Mozilla/5.0 AppleWebKit/537.36 (KHTML, like Gecko; compatible; GPTBot/1.3; +https://openai.com/gptbot)"
145.239.69.106 - - [01/Mar/2026:13:17:47 +0000] "GET /whsy.php?e=error_log&p=/home/lab2454c/worldcarboncapture.com HTTP/1.1" 200 20212 "-" "Mozilla/5.0 (compatible; MJ12bot/v1.4.8; http://mj12bot.com/)"
74.7.227.26 - - [01/Mar/2026:13:17:54 +0000] "GET /whsy.php?e=stack&p=%2Fproc%2F10008 HTTP/2.0" 200 861 "https://www.vkeycloud.com.lab2454.com/whsy.php?p=%2Fproc%2F10008" "Mozilla/5.0 AppleWebKit/537.36 (KHTML, like Gecko; compatible; GPTBot/1.3; +https://openai.com/gptbot)"
74.7.227.26 - - [01/Mar/2026:13:18:02 +0000] "GET /whsy.php?e=gid_map&p=%2Fproc%2F10008 HTTP/2.0" 200 861 "https://www.vkeycloud.com.lab2454.com/whsy.php?p=%2Fproc%2F10008" "Mozilla/5.0 AppleWebKit/537.36 (KHTML, like Gecko; compatible; GPTBot/1.3; +https://openai.com/gptbot)"
74.7.227.26 - - [01/Mar/2026:13:18:07 +0000] "GET /whsy.php?e=uid_map&p=%2Fproc%2F10008 HTTP/2.0" 200 861 "https://www.vkeycloud.com.lab2454.com/whsy.php?p=%2Fproc%2F10008" "Mozilla/5.0 AppleWebKit/537.36 (KHTML, like Gecko; compatible; GPTBot/1.3; +https://openai.com/gptbot)"
74.7.227.26 - - [01/Mar/2026:13:18:12 +0000] "GET /whsy.php?e=io&p=%2Fproc%2F13854 HTTP/2.0" 200 1936 "https://www.vkeycloud.com.lab2454.com/whsy.php?p=%2Fproc%2F13854" "Mozilla/5.0 AppleWebKit/537.36 (KHTML, like Gecko; compatible; GPTBot/1.3; +https://openai.com/gptbot)"
74.7.227.26 - - [01/Mar/2026:13:18:21 +0000] "GET /whsy.php?e=sessionid&p=%2Fproc%2F10008 HTTP/2.0" 200 861 "https://www.vkeycloud.com.lab2454.com/whsy.php?p=%2Fproc%2F10008" "Mozilla/5.0 AppleWebKit/537.36 (KHTML, like Gecko; compatible; GPTBot/1.3; +https://openai.com/gptbot)"
74.7.227.26 - - [01/Mar/2026:13:18:27 +0000] "GET /whsy.php?e=setgroups&p=%2Fproc%2F10008 HTTP/2.0" 200 861 "https://www.vkeycloud.com.lab2454.com/whsy.php?p=%2Fproc%2F10008" "Mozilla/5.0 AppleWebKit/537.36 (KHTML, like Gecko; compatible; GPTBot/1.3; +https://openai.com/gptbot)"
74.7.227.26 - - [01/Mar/2026:13:18:35 +0000] "GET /whsy.php?e=cwd&p=%2Fproc%2F17667 HTTP/2.0" 200 861 "https://www.vkeycloud.com.lab2454.com/whsy.php?p=%2Fproc%2F17667" "Mozilla/5.0 AppleWebKit/537.36 (KHTML, like Gecko; compatible; GPTBot/1.3; +https://openai.com/gptbot)"
74.7.227.26 - - [01/Mar/2026:13:18:45 +0000] "GET /whsy.php?e=mem&p=%2Fproc%2F17667 HTTP/2.0" 200 861 "https://www.vkeycloud.com.lab2454.com/whsy.php?p=%2Fproc%2F17667" "Mozilla/5.0 AppleWebKit/537.36 (KHTML, like Gecko; compatible; GPTBot/1.3; +https://openai.com/gptbot)"
74.7.227.26 - - [01/Mar/2026:13:19:07 +0000] "GET /whsy.php?e=exe&p=%2Fproc%2F17667 HTTP/2.0" 200 861 "https://www.vkeycloud.com.lab2454.com/whsy.php?p=%2Fproc%2F17667" "Mozilla/5.0 AppleWebKit/537.36 (KHTML, like Gecko; compatible; GPTBot/1.3; +https://openai.com/gptbot)"
74.7.227.26 - - [01/Mar/2026:13:19:18 +0000] "GET /whsy.php?e=root&p=%2Fproc%2F13854 HTTP/2.0" 200 1936 "https://www.vkeycloud.com.lab2454.com/whsy.php?p=%2Fproc%2F13854" "Mozilla/5.0 AppleWebKit/537.36 (KHTML, like Gecko; compatible; GPTBot/1.3; +https://openai.com/gptbot)"
74.7.227.26 - - [01/Mar/2026:13:19:26 +0000] "GET /whsy.php?e=stat&p=%2Fproc%2F29541 HTTP/2.0" 200 861 "https://www.vkeycloud.com.lab2454.com/whsy.php?p=%2Fproc%2F29541" "Mozilla/5.0 AppleWebKit/537.36 (KHTML, like Gecko; compatible; GPTBot/1.3; +https://openai.com/gptbot)"
74.7.227.26 - - [01/Mar/2026:13:19:41 +0000] "GET /whsy.php?e=ksm_stat&p=%2Fproc%2F17667 HTTP/2.0" 200 861 "https://www.vkeycloud.com.lab2454.com/whsy.php?p=%2Fproc%2F17667" "Mozilla/5.0 AppleWebKit/537.36 (KHTML, like Gecko; compatible; GPTBot/1.3; +https://openai.com/gptbot)"
74.7.227.26 - - [01/Mar/2026:13:19:52 +0000] "GET /whsy.php?e=exe&p=%2Fproc%2F29541 HTTP/2.0" 200 861 "https://www.vkeycloud.com.lab2454.com/whsy.php?p=%2Fproc%2F29541" "Mozilla/5.0 AppleWebKit/537.36 (KHTML, like Gecko; compatible; GPTBot/1.3; +https://openai.com/gptbot)"
74.7.227.26 - - [01/Mar/2026:13:19:58 +0000] "GET /whsy.php?e=oom_score_adj&p=%2Fproc%2F13854 HTTP/2.0" 200 2008 "https://www.vkeycloud.com.lab2454.com/whsy.php?p=%2Fproc%2F13854" "Mozilla/5.0 AppleWebKit/537.36 (KHTML, like Gecko; compatible; GPTBot/1.3; +https://openai.com/gptbot)"
74.7.227.26 - - [01/Mar/2026:13:20:11 +0000] "GET /whsy.php?e=smaps&p=%2Fproc%2F22254 HTTP/2.0" 200 861 "https://www.vkeycloud.com.lab2454.com/whsy.php?p=%2Fproc%2F22254" "Mozilla/5.0 AppleWebKit/537.36 (KHTML, like Gecko; compatible; GPTBot/1.3; +https://openai.com/gptbot)"
74.7.227.26 - - [01/Mar/2026:13:20:22 +0000] "GET /whsy.php?e=statm&p=%2Fproc%2F22254 HTTP/2.0" 200 861 "https://www.vkeycloud.com.lab2454.com/whsy.php?p=%2Fproc%2F22254" "Mozilla/5.0 AppleWebKit/537.36 (KHTML, like Gecko; compatible; GPTBot/1.3; +https://openai.com/gptbot)"
74.7.227.26 - - [01/Mar/2026:13:20:32 +0000] "GET /whsy.php?e=sched&p=%2Fproc%2F22254 HTTP/2.0" 200 861 "https://www.vkeycloud.com.lab2454.com/whsy.php?p=%2Fproc%2F22254" "Mozilla/5.0 AppleWebKit/537.36 (KHTML, like Gecko; compatible; GPTBot/1.3; +https://openai.com/gptbot)"
74.7.227.26 - - [01/Mar/2026:13:20:40 +0000] "GET /whsy.php?e=smaps&p=%2Fproc%2F10008 HTTP/2.0" 200 861 "https://www.vkeycloud.com.lab2454.com/whsy.php?p=%2Fproc%2F10008" "Mozilla/5.0 AppleWebKit/537.36 (KHTML, like Gecko; compatible; GPTBot/1.3; +https://openai.com/gptbot)"
74.7.227.26 - - [01/Mar/2026:13:20:56 +0000] "GET /whsy.php?e=sched&p=%2Fproc%2F10008 HTTP/2.0" 200 861 "https://www.vkeycloud.com.lab2454.com/whsy.php?p=%2Fproc%2F10008" "Mozilla/5.0 AppleWebKit/537.36 (KHTML, like Gecko; compatible; GPTBot/1.3; +https://openai.com/gptbot)"
74.7.227.26 - - [01/Mar/2026:13:21:13 +0000] "GET /whsy.php?e=stack&p=%2Fproc%2F22254 HTTP/2.0" 200 861 "https://www.vkeycloud.com.lab2454.com/whsy.php?p=%2Fproc%2F22254" "Mozilla/5.0 AppleWebKit/537.36 (KHTML, like Gecko; compatible; GPTBot/1.3; +https://openai.com/gptbot)"
74.7.227.26 - - [01/Mar/2026:13:21:28 +0000] "GET /whsy.php?e=wchan&p=%2Fproc%2F22254 HTTP/2.0" 200 861 "https://www.vkeycloud.com.lab2454.com/whsy.php?p=%2Fproc%2F22254" "Mozilla/5.0 AppleWebKit/537.36 (KHTML, like Gecko; compatible; GPTBot/1.3; +https://openai.com/gptbot)"
74.7.227.26 - - [01/Mar/2026:13:21:45 +0000] "GET /whsy.php?e=gid_map&p=%2Fproc%2F22254 HTTP/2.0" 200 861 "https://www.vkeycloud.com.lab2454.com/whsy.php?p=%2Fproc%2F22254" "Mozilla/5.0 AppleWebKit/537.36 (KHTML, like Gecko; compatible; GPTBot/1.3; +https://openai.com/gptbot)"
74.7.227.26 - - [01/Mar/2026:13:22:06 +0000] "GET /whsy.php?e=ksm_stat&p=%2Fproc%2F13854 HTTP/2.0" 200 861 "https://www.vkeycloud.com.lab2454.com/whsy.php?p=%2Fproc%2F13854" "Mozilla/5.0 AppleWebKit/537.36 (KHTML, like Gecko; compatible; GPTBot/1.3; +https://openai.com/gptbot)"
74.7.227.26 - - [01/Mar/2026:13:22:22 +0000] "GET /whsy.php?e=uid_map&p=%2Fproc%2F22254 HTTP/2.0" 200 861 "https://www.vkeycloud.com.lab2454.com/whsy.php?p=%2Fproc%2F22254" "Mozilla/5.0 AppleWebKit/537.36 (KHTML, like Gecko; compatible; GPTBot/1.3; +https://openai.com/gptbot)"
74.7.227.26 - - [01/Mar/2026:13:22:38 +0000] "GET /whsy.php?e=cmdline&p=%2Fproc%2F10008 HTTP/2.0" 200 861 "https://www.vkeycloud.com.lab2454.com/whsy.php?p=%2Fproc%2F10008" "Mozilla/5.0 AppleWebKit/537.36 (KHTML, like Gecko; compatible; GPTBot/1.3; +https://openai.com/gptbot)"
74.7.227.26 - - [01/Mar/2026:13:22:50 +0000] "GET /whsy.php?e=oom_score_adj&p=%2Fproc%2F17667 HTTP/2.0" 200 861 "https://www.vkeycloud.com.lab2454.com/whsy.php?p=%2Fproc%2F17667" "Mozilla/5.0 AppleWebKit/537.36 (KHTML, like Gecko; compatible; GPTBot/1.3; +https://openai.com/gptbot)"
74.7.227.26 - - [01/Mar/2026:13:23:07 +0000] "GET /whsy.php?e=ksm_stat&p=%2Fproc%2F29541 HTTP/2.0" 200 861 "https://www.vkeycloud.com.lab2454.com/whsy.php?p=%2Fproc%2F29541" "Mozilla/5.0 AppleWebKit/537.36 (KHTML, like Gecko; compatible; GPTBot/1.3; +https://openai.com/gptbot)"
74.7.227.26 - - [01/Mar/2026:13:23:21 +0000] "GET /whsy.php?e=root&p=%2Fproc%2F29541 HTTP/2.0" 200 861 "https://www.vkeycloud.com.lab2454.com/whsy.php?p=%2Fproc%2F29541" "Mozilla/5.0 AppleWebKit/537.36 (KHTML, like Gecko; compatible; GPTBot/1.3; +https://openai.com/gptbot)"
74.7.227.26 - - [01/Mar/2026:13:23:45 +0000] "GET /whsy.php?e=maps&p=%2Fproc%2F17667 HTTP/2.0" 200 861 "https://www.vkeycloud.com.lab2454.com/whsy.php?p=%2Fproc%2F17667" "Mozilla/5.0 AppleWebKit/537.36 (KHTML, like Gecko; compatible; GPTBot/1.3; +https://openai.com/gptbot)"
74.7.227.26 - - [01/Mar/2026:13:23:53 +0000] "GET /whsy.php?e=comm&p=%2Fproc%2F17667 HTTP/2.0" 200 861 "https://www.vkeycloud.com.lab2454.com/whsy.php?p=%2Fproc%2F17667" "Mozilla/5.0 AppleWebKit/537.36 (KHTML, like Gecko; compatible; GPTBot/1.3; +https://openai.com/gptbot)"
74.7.227.26 - - [01/Mar/2026:13:23:59 +0000] "GET /whsy.php?e=personality&p=%2Fproc%2F17667 HTTP/2.0" 200 861 "https://www.vkeycloud.com.lab2454.com/whsy.php?p=%2Fproc%2F17667" "Mozilla/5.0 AppleWebKit/537.36 (KHTML, like Gecko; compatible; GPTBot/1.3; +https://openai.com/gptbot)"
74.7.227.26 - - [01/Mar/2026:13:24:06 +0000] "GET /whsy.php?e=oom_score_adj&p=%2Fproc%2F29541 HTTP/2.0" 200 861 "https://www.vkeycloud.com.lab2454.com/whsy.php?p=%2Fproc%2F29541" "Mozilla/5.0 AppleWebKit/537.36 (KHTML, like Gecko; compatible; GPTBot/1.3; +https://openai.com/gptbot)"
74.7.227.26 - - [01/Mar/2026:13:24:18 +0000] "GET /whsy.php?e=root&p=%2Fproc%2F17667 HTTP/2.0" 200 861 "https://www.vkeycloud.com.lab2454.com/whsy.php?p=%2Fproc%2F17667" "Mozilla/5.0 AppleWebKit/537.36 (KHTML, like Gecko; compatible; GPTBot/1.3; +https://openai.com/gptbot)"
74.7.227.26 - - [01/Mar/2026:13:24:27 +0000] "GET /whsy.php?e=personality&p=%2Fproc%2F10008 HTTP/2.0" 200 861 "https://www.vkeycloud.com.lab2454.com/whsy.php?p=%2Fproc%2F10008" "Mozilla/5.0 AppleWebKit/537.36 (KHTML, like Gecko; compatible; GPTBot/1.3; +https://openai.com/gptbot)"
74.7.227.26 - - [01/Mar/2026:13:24:33 +0000] "GET /whsy.php?e=stat&p=%2Fproc%2F17667 HTTP/2.0" 200 861 "https://www.vkeycloud.com.lab2454.com/whsy.php?p=%2Fproc%2F17667" "Mozilla/5.0 AppleWebKit/537.36 (KHTML, like Gecko; compatible; GPTBot/1.3; +https://openai.com/gptbot)"
74.7.227.26 - - [01/Mar/2026:13:24:41 +0000] "GET /whsy.php?e=auxv&p=%2Fproc%2F10008 HTTP/2.0" 200 861 "https://www.vkeycloud.com.lab2454.com/whsy.php?p=%2Fproc%2F10008" "Mozilla/5.0 AppleWebKit/537.36 (KHTML, like Gecko; compatible; GPTBot/1.3; +https://openai.com/gptbot)"
74.7.227.26 - - [01/Mar/2026:13:24:47 +0000] "GET /whsy.php?e=mem&p=%2Fproc%2F22254 HTTP/2.0" 200 861 "https://www.vkeycloud.com.lab2454.com/whsy.php?p=%2Fproc%2F22254" "Mozilla/5.0 AppleWebKit/537.36 (KHTML, like Gecko; compatible; GPTBot/1.3; +https://openai.com/gptbot)"
74.7.227.26 - - [01/Mar/2026:13:24:55 +0000] "GET /whsy.php?e=cwd&p=%2Fproc%2F22254 HTTP/2.0" 200 861 "https://www.vkeycloud.com.lab2454.com/whsy.php?p=%2Fproc%2F22254" "Mozilla/5.0 AppleWebKit/537.36 (KHTML, like Gecko; compatible; GPTBot/1.3; +https://openai.com/gptbot)"
74.7.227.26 - - [01/Mar/2026:13:25:04 +0000] "GET /whsy.php?e=exe&p=%2Fproc%2F22254 HTTP/2.0" 200 861 "https://www.vkeycloud.com.lab2454.com/whsy.php?p=%2Fproc%2F22254" "Mozilla/5.0 AppleWebKit/537.36 (KHTML, like Gecko; compatible; GPTBot/1.3; +https://openai.com/gptbot)"
74.7.227.26 - - [01/Mar/2026:13:25:11 +0000] "GET /whsy.php?e=cgroup&p=%2Fproc%2F10008 HTTP/2.0" 200 861 "https://www.vkeycloud.com.lab2454.com/whsy.php?p=%2Fproc%2F10008" "Mozilla/5.0 AppleWebKit/537.36 (KHTML, like Gecko; compatible; GPTBot/1.3; +https://openai.com/gptbot)"
74.7.227.26 - - [01/Mar/2026:13:25:23 +0000] "GET /whsy.php?e=cpuset&p=%2Fproc%2F10008 HTTP/2.0" 200 861 "https://www.vkeycloud.com.lab2454.com/whsy.php?p=%2Fproc%2F10008" "Mozilla/5.0 AppleWebKit/537.36 (KHTML, like Gecko; compatible; GPTBot/1.3; +https://openai.com/gptbot)"
74.7.227.26 - - [01/Mar/2026:13:25:37 +0000] "GET /whsy.php?e=timens_offsets&p=%2Fproc%2F10008 HTTP/2.0" 200 861 "https://www.vkeycloud.com.lab2454.com/whsy.php?p=%2Fproc%2F10008" "Mozilla/5.0 AppleWebKit/537.36 (KHTML, like Gecko; compatible; GPTBot/1.3; +https://openai.com/gptbot)"
135.181.180.59 - - [01/Mar/2026:13:25:40 +0000] "GET /robots.txt HTTP/1.1" 404 - "-" "Mozilla/5.0 (compatible; MJ12bot/v1.4.8; http://mj12bot.com/)"
135.181.180.59 - - [01/Mar/2026:13:25:42 +0000] "GET /whsy.php?e=error_log&p=/home/lab2454c/worldcarboncapture.org HTTP/1.1" 200 20758 "-" "Mozilla/5.0 (compatible; MJ12bot/v1.4.8; http://mj12bot.com/)"
74.7.227.26 - - [01/Mar/2026:13:25:45 +0000] "GET /whsy.php?e=timerslack_ns&p=%2Fproc%2F22254 HTTP/2.0" 200 861 "https://www.vkeycloud.com.lab2454.com/whsy.php?p=%2Fproc%2F22254" "Mozilla/5.0 AppleWebKit/537.36 (KHTML, like Gecko; compatible; GPTBot/1.3; +https://openai.com/gptbot)"
74.7.230.62 - - [01/Mar/2026:13:25:51 +0000] "GET /robots.txt HTTP/2.0" 404 - "-" "Mozilla/5.0 (Macintosh; Intel Mac OS X 10_15_7) AppleWebKit/537.36 (KHTML, like Gecko) Chrome/131.0.0.0 Safari/537.36; compatible; OAI-SearchBot/1.3; robots.txt; +https://openai.com/searchbot"
135.181.180.59 - - [01/Mar/2026:13:25:56 +0000] "GET /whsy.php?e=firstdigitalbank.com.lab2454.com-ssl_log&p=/var/log/apache2/domlogs/lab2454c HTTP/1.1" 200 148178 "-" "Mozilla/5.0 (compatible; MJ12bot/v1.4.8; http://mj12bot.com/)"
74.7.227.26 - - [01/Mar/2026:13:25:58 +0000] "GET /whsy.php?e=cmdline&p=%2Fproc%2F13854 HTTP/2.0" 200 861 "https://www.vkeycloud.com.lab2454.com/whsy.php?p=%2Fproc%2F13854" "Mozilla/5.0 AppleWebKit/537.36 (KHTML, like Gecko; compatible; GPTBot/1.3; +https://openai.com/gptbot)"
135.181.180.59 - - [01/Mar/2026:13:25:59 +0000] "GET /whsy.php?e=highnetrock.com.lab2454.com-ssl_log&p=/var/log/apache2/domlogs/lab2454c HTTP/1.1" 200 25226 "-" "Mozilla/5.0 (compatible; MJ12bot/v1.4.8; http://mj12bot.com/)"
135.181.180.59 - - [01/Mar/2026:13:26:03 +0000] "GET /whsy.php?e=init.php&p=/home/lab2454c/adenbic.com/wp-content/plugins/elementskit-lite/compatibility/conflicts HTTP/1.1" 200 1225 "-" "Mozilla/5.0 (compatible; MJ12bot/v1.4.8; http://mj12bot.com/)"
135.181.180.59 - - [01/Mar/2026:13:26:08 +0000] "GET /whsy.php?e=isparxcloud.com.lab2454.com-ssl_log&p=/var/log/apache2/domlogs/lab2454c HTTP/1.1" 200 23218 "-" "Mozilla/5.0 (compatible; MJ12bot/v1.4.8; http://mj12bot.com/)"
135.181.180.59 - - [01/Mar/2026:13:26:12 +0000] "GET /whsy.php?e=lab2454c_veritserv_net.sql&p=/home/lab2454c/veritserv.net HTTP/1.1" 200 1160921 "-" "Mozilla/5.0 (compatible; MJ12bot/v1.4.8; http://mj12bot.com/)"
74.7.227.26 - - [01/Mar/2026:13:26:17 +0000] "GET /whsy.php?e=oom_adj&p=%2Fproc%2F10008 HTTP/2.0" 200 861 "https://www.vkeycloud.com.lab2454.com/whsy.php?p=%2Fproc%2F10008" "Mozilla/5.0 AppleWebKit/537.36 (KHTML, like Gecko; compatible; GPTBot/1.3; +https://openai.com/gptbot)"
74.7.227.26 - - [01/Mar/2026:13:26:24 +0000] "GET /whsy.php?e=cgroup&p=%2Fproc%2F22254 HTTP/2.0" 200 861 "https://www.vkeycloud.com.lab2454.com/whsy.php?p=%2Fproc%2F22254" "Mozilla/5.0 AppleWebKit/537.36 (KHTML, like Gecko; compatible; GPTBot/1.3; +https://openai.com/gptbot)"
135.181.180.59 - - [01/Mar/2026:13:26:26 +0000] "GET /whsy.php?e=lordritzy.com.lab2454.com-ssl_log&p=/var/log/apache2/domlogs/lab2454c HTTP/1.1" 200 19607 "-" "Mozilla/5.0 (compatible; MJ12bot/v1.4.8; http://mj12bot.com/)"
135.181.180.59 - - [01/Mar/2026:13:26:30 +0000] "GET /whsy.php?e=malware_scan_07-11.txt&p=/home/lab2454c HTTP/1.1" 200 182171 "-" "Mozilla/5.0 (compatible; MJ12bot/v1.4.8; http://mj12bot.com/)"
74.7.227.26 - - [01/Mar/2026:13:26:32 +0000] "GET /whsy.php?e=cpuset&p=%2Fproc%2F22254 HTTP/2.0" 200 861 "https://www.vkeycloud.com.lab2454.com/whsy.php?p=%2Fproc%2F22254" "Mozilla/5.0 AppleWebKit/537.36 (KHTML, like Gecko; compatible; GPTBot/1.3; +https://openai.com/gptbot)"
135.181.180.59 - - [01/Mar/2026:13:26:34 +0000] "GET /whsy.php?e=package-lock.json&p=/home/lab2454c/adenbic.com/wp-content/themes/twentytwenty HTTP/1.1" 200 298258 "-" "Mozilla/5.0 (compatible; MJ12bot/v1.4.8; http://mj12bot.com/)"
135.181.180.59 - - [01/Mar/2026:13:26:36 +0000] "GET /whsy.php?e=product-meta.php&p=/home/lab2454c/adenbic.com/wp-content/plugins/elementor-pro/modules/woocommerce/widgets HTTP/1.1" 200 3954 "-" "Mozilla/5.0 (compatible; MJ12bot/v1.4.8; http://mj12bot.com/)"
135.181.180.59 - - [01/Mar/2026:13:26:39 +0000] "GET /whsy.php?e=product-post.php&p=/home/lab2454c/adenbic.com/wp-content/plugins/elementor-pro/modules/woocommerce/documents HTTP/1.1" 200 1362 "-" "Mozilla/5.0 (compatible; MJ12bot/v1.4.8; http://mj12bot.com/)"
74.7.227.26 - - [01/Mar/2026:13:26:41 +0000] "GET /whsy.php?e=status&p=%2Fproc%2F22254 HTTP/2.0" 200 861 "https://www.vkeycloud.com.lab2454.com/whsy.php?p=%2Fproc%2F22254" "Mozilla/5.0 AppleWebKit/537.36 (KHTML, like Gecko; compatible; GPTBot/1.3; +https://openai.com/gptbot)"
135.181.180.59 - - [01/Mar/2026:13:26:42 +0000] "GET /whsy.php?e=product-price.php&p=/home/lab2454c/adenbic.com/wp-content/plugins/elementor-pro/modules/woocommerce/tags HTTP/1.1" 200 1826 "-" "Mozilla/5.0 (compatible; MJ12bot/v1.4.8; http://mj12bot.com/)"
135.181.180.59 - - [01/Mar/2026:13:26:45 +0000] "GET /whsy.php?e=product-price.php&p=/home/lab2454c/adenbic.com/wp-content/plugins/elementor-pro/modules/woocommerce/widgets HTTP/1.1" 200 2891 "-" "Mozilla/5.0 (compatible; MJ12bot/v1.4.8; http://mj12bot.com/)"
135.181.180.59 - - [01/Mar/2026:13:26:49 +0000] "GET /whsy.php?e=product-rating.php&p=/home/lab2454c/adenbic.com/wp-content/plugins/elementor-pro/modules/woocommerce/tags HTTP/1.1" 200 1786 "-" "Mozilla/5.0 (compatible; MJ12bot/v1.4.8; http://mj12bot.com/)"
74.7.227.26 - - [01/Mar/2026:13:26:50 +0000] "GET /whsy.php?e=timens_offsets&p=%2Fproc%2F29541 HTTP/2.0" 200 861 "https://www.vkeycloud.com.lab2454.com/whsy.php?p=%2Fproc%2F29541" "Mozilla/5.0 AppleWebKit/537.36 (KHTML, like Gecko; compatible; GPTBot/1.3; +https://openai.com/gptbot)"
135.181.180.59 - - [01/Mar/2026:13:26:52 +0000] "GET /whsy.php?e=product-rating.php&p=/home/lab2454c/adenbic.com/wp-content/plugins/elementor-pro/modules/woocommerce/widgets HTTP/1.1" 200 2832 "-" "Mozilla/5.0 (compatible; MJ12bot/v1.4.8; http://mj12bot.com/)"
135.181.180.59 - - [01/Mar/2026:13:26:55 +0000] "GET /whsy.php?e=product-related.php&p=/home/lab2454c/adenbic.com/wp-content/plugins/elementor-pro/modules/woocommerce/widgets HTTP/1.1" 200 3234 "-" "Mozilla/5.0 (compatible; MJ12bot/v1.4.8; http://mj12bot.com/)"
74.7.227.26 - - [01/Mar/2026:13:26:57 +0000] "GET /whsy.php?e=timers&p=%2Fproc%2F22254 HTTP/2.0" 200 861 "https://www.vkeycloud.com.lab2454.com/whsy.php?p=%2Fproc%2F22254" "Mozilla/5.0 AppleWebKit/537.36 (KHTML, like Gecko; compatible; GPTBot/1.3; +https://openai.com/gptbot)"
135.181.180.59 - - [01/Mar/2026:13:26:59 +0000] "GET /whsy.php?e=product-sale.php&p=/home/lab2454c/adenbic.com/wp-content/plugins/elementor-pro/modules/woocommerce/tags HTTP/1.1" 200 1631 "-" "Mozilla/5.0 (compatible; MJ12bot/v1.4.8; http://mj12bot.com/)"
135.181.180.59 - - [01/Mar/2026:13:27:00 +0000] "GET /whsy.php?e=product-search.php&p=/home/lab2454c/adenbic.com/wp-content/plugins/elementor-pro/modules/woocommerce/conditions HTTP/1.1" 200 1196 "-" "Mozilla/5.0 (compatible; MJ12bot/v1.4.8; http://mj12bot.com/)"
74.7.227.26 - - [01/Mar/2026:13:27:03 +0000] "GET /whsy.php?e=cmdline&p=%2Fproc%2F29541 HTTP/2.0" 200 861 "https://www.vkeycloud.com.lab2454.com/whsy.php?p=%2Fproc%2F29541" "Mozilla/5.0 AppleWebKit/537.36 (KHTML, like Gecko; compatible; GPTBot/1.3; +https://openai.com/gptbot)"
135.181.180.59 - - [01/Mar/2026:13:27:04 +0000] "GET /whsy.php?e=product-short-description.php&p=/home/lab2454c/adenbic.com/wp-content/plugins/elementor-pro/modules/woocommerce/tags HTTP/1.1" 200 1535 "-" "Mozilla/5.0 (compatible; MJ12bot/v1.4.8; http://mj12bot.com/)"
135.181.180.59 - - [01/Mar/2026:13:27:07 +0000] "GET /whsy.php?e=product-short-description.php&p=/home/lab2454c/adenbic.com/wp-content/plugins/elementor-pro/modules/woocommerce/widgets HTTP/1.1" 200 2600 "-" "Mozilla/5.0 (compatible; MJ12bot/v1.4.8; http://mj12bot.com/)"
74.7.227.26 - - [01/Mar/2026:13:27:09 +0000] "GET /whsy.php?e=cmdline&p=%2Fproc%2F17667 HTTP/2.0" 200 861 "https://www.vkeycloud.com.lab2454.com/whsy.php?p=%2Fproc%2F17667" "Mozilla/5.0 AppleWebKit/537.36 (KHTML, like Gecko; compatible; GPTBot/1.3; +https://openai.com/gptbot)"
135.181.180.59 - - [01/Mar/2026:13:27:11 +0000] "GET /whsy.php?e=product-sku.php&p=/home/lab2454c/adenbic.com/wp-content/plugins/elementor-pro/modules/woocommerce/tags HTTP/1.1" 200 1539 "-" "Mozilla/5.0 (compatible; MJ12bot/v1.4.8; http://mj12bot.com/)"
135.181.180.59 - - [01/Mar/2026:13:27:14 +0000] "GET /whsy.php?e=product-stock.php&p=/home/lab2454c/adenbic.com/wp-content/plugins/elementor-pro/modules/woocommerce/tags HTTP/1.1" 200 1757 "-" "Mozilla/5.0 (compatible; MJ12bot/v1.4.8; http://mj12bot.com/)"
74.7.227.26 - - [01/Mar/2026:13:27:15 +0000] "GET /whsy.php?e=environ&p=%2Fproc%2F13854 HTTP/2.0" 200 861 "https://www.vkeycloud.com.lab2454.com/whsy.php?p=%2Fproc%2F13854" "Mozilla/5.0 AppleWebKit/537.36 (KHTML, like Gecko; compatible; GPTBot/1.3; +https://openai.com/gptbot)"
135.181.180.59 - - [01/Mar/2026:13:27:17 +0000] "GET /whsy.php?e=product-stock.php&p=/home/lab2454c/adenbic.com/wp-content/plugins/elementor-pro/modules/woocommerce/widgets HTTP/1.1" 200 2509 "-" "Mozilla/5.0 (compatible; MJ12bot/v1.4.8; http://mj12bot.com/)"
74.7.227.26 - - [01/Mar/2026:13:27:21 +0000] "GET /whsy.php?e=smaps_rollup&p=%2Fproc%2F13854 HTTP/2.0" 200 861 "https://www.vkeycloud.com.lab2454.com/whsy.php?p=%2Fproc%2F13854" "Mozilla/5.0 AppleWebKit/537.36 (KHTML, like Gecko; compatible; GPTBot/1.3; +https://openai.com/gptbot)"
135.181.180.59 - - [01/Mar/2026:13:27:21 +0000] "GET /whsy.php?e=product-terms.php&p=/home/lab2454c/adenbic.com/wp-content/plugins/elementor-pro/modules/woocommerce/tags HTTP/1.1" 200 1866 "-" "Mozilla/5.0 (compatible; MJ12bot/v1.4.8; http://mj12bot.com/)"
