135.181.180.59 - - [01/Mar/2026:13:27:24 +0000] "GET /whsy.php?e=product-title.php&p=/home/lab2454c/adenbic.com/wp-content/plugins/elementor-pro/modules/woocommerce/tags HTTP/1.1" 200 1525 "-" "Mozilla/5.0 (compatible; MJ12bot/v1.4.8; http://mj12bot.com/)"
74.7.227.26 - - [01/Mar/2026:13:27:26 +0000] "GET /whsy.php?e=timens_offsets&p=%2Fproc%2F17667 HTTP/2.0" 200 861 "https://www.vkeycloud.com.lab2454.com/whsy.php?p=%2Fproc%2F17667" "Mozilla/5.0 AppleWebKit/537.36 (KHTML, like Gecko; compatible; GPTBot/1.3; +https://openai.com/gptbot)"
135.181.180.59 - - [01/Mar/2026:13:27:28 +0000] "GET /whsy.php?e=product-title.php&p=/home/lab2454c/adenbic.com/wp-content/plugins/elementor-pro/modules/woocommerce/widgets HTTP/1.1" 200 2389 "-" "Mozilla/5.0 (compatible; MJ12bot/v1.4.8; http://mj12bot.com/)"
74.7.227.26 - - [01/Mar/2026:13:27:30 +0000] "GET /whsy.php?e=io&p=%2Fproc%2F17667 HTTP/2.0" 200 861 "https://www.vkeycloud.com.lab2454.com/whsy.php?p=%2Fproc%2F17667" "Mozilla/5.0 AppleWebKit/537.36 (KHTML, like Gecko; compatible; GPTBot/1.3; +https://openai.com/gptbot)"
135.181.180.59 - - [01/Mar/2026:13:27:31 +0000] "GET /whsy.php?e=product-upsell.php&p=/home/lab2454c/adenbic.com/wp-content/plugins/elementor-pro/modules/woocommerce/widgets HTTP/1.1" 200 3001 "-" "Mozilla/5.0 (compatible; MJ12bot/v1.4.8; http://mj12bot.com/)"
74.7.227.26 - - [01/Mar/2026:13:27:34 +0000] "GET /whsy.php?e=personality&p=%2Fproc%2F13854 HTTP/2.0" 200 861 "https://www.vkeycloud.com.lab2454.com/whsy.php?p=%2Fproc%2F13854" "Mozilla/5.0 AppleWebKit/537.36 (KHTML, like Gecko; compatible; GPTBot/1.3; +https://openai.com/gptbot)"
135.181.180.59 - - [01/Mar/2026:13:27:35 +0000] "GET /whsy.php?e=product.php&p=/home/lab2454c/adenbic.com/wp-content/plugins/elementor-pro/modules/woocommerce/documents HTTP/1.1" 200 2564 "-" "Mozilla/5.0 (compatible; MJ12bot/v1.4.8; http://mj12bot.com/)"
135.181.180.59 - - [01/Mar/2026:13:27:38 +0000] "GET /whsy.php?e=products-base.php&p=/home/lab2454c/adenbic.com/wp-content/plugins/elementor-pro/modules/woocommerce/widgets HTTP/1.1" 200 4425 "-" "Mozilla/5.0 (compatible; MJ12bot/v1.4.8; http://mj12bot.com/)"
74.7.227.26 - - [01/Mar/2026:13:27:39 +0000] "GET /whsy.php?e=mem&p=%2Fproc%2F10008 HTTP/2.0" 200 861 "https://www.vkeycloud.com.lab2454.com/whsy.php?p=%2Fproc%2F10008" "Mozilla/5.0 AppleWebKit/537.36 (KHTML, like Gecko; compatible; GPTBot/1.3; +https://openai.com/gptbot)"
74.7.227.26 - - [01/Mar/2026:13:27:43 +0000] "GET /whsy.php?e=cwd&p=%2Fproc%2F10008 HTTP/2.0" 200 861 "https://www.vkeycloud.com.lab2454.com/whsy.php?p=%2Fproc%2F10008" "Mozilla/5.0 AppleWebKit/537.36 (KHTML, like Gecko; compatible; GPTBot/1.3; +https://openai.com/gptbot)"
135.181.180.59 - - [01/Mar/2026:13:27:46 +0000] "GET /whsy.php?e=products-deprecated.php&p=/home/lab2454c/adenbic.com/wp-content/plugins/elementor-pro/modules/woocommerce/widgets HTTP/1.1" 200 3448 "-" "Mozilla/5.0 (compatible; MJ12bot/v1.4.8; http://mj12bot.com/)"
74.7.227.26 - - [01/Mar/2026:13:27:47 +0000] "GET /whsy.php?e=mem&p=%2Fproc%2F29541 HTTP/2.0" 200 861 "https://www.vkeycloud.com.lab2454.com/whsy.php?p=%2Fproc%2F29541" "Mozilla/5.0 AppleWebKit/537.36 (KHTML, like Gecko; compatible; GPTBot/1.3; +https://openai.com/gptbot)"
135.181.180.59 - - [01/Mar/2026:13:27:49 +0000] "GET /whsy.php?e=products.php&p=/home/lab2454c/adenbic.com/wp-content/plugins/elementor-pro/modules/woocommerce/widgets HTTP/1.1" 200 3309 "-" "Mozilla/5.0 (compatible; MJ12bot/v1.4.8; http://mj12bot.com/)"
74.7.227.26 - - [01/Mar/2026:13:27:52 +0000] "GET /whsy.php?e=exe&p=%2Fproc%2F10008 HTTP/2.0" 200 861 "https://www.vkeycloud.com.lab2454.com/whsy.php?p=%2Fproc%2F10008" "Mozilla/5.0 AppleWebKit/537.36 (KHTML, like Gecko; compatible; GPTBot/1.3; +https://openai.com/gptbot)"
135.181.180.59 - - [01/Mar/2026:13:27:52 +0000] "GET /whsy.php?e=progress.php&p=/home/lab2454c/adenbic.com/wp-content/plugins/elementor/includes/widgets HTTP/1.1" 200 3986 "-" "Mozilla/5.0 (compatible; MJ12bot/v1.4.8; http://mj12bot.com/)"
135.181.180.59 - - [01/Mar/2026:13:27:56 +0000] "GET /whsy.php?e=rating.php&p=/home/lab2454c/adenbic.com/wp-content/plugins/elementskit-lite/libs/rating HTTP/1.1" 200 3884 "-" "Mozilla/5.0 (compatible; MJ12bot/v1.4.8; http://mj12bot.com/)"
74.7.227.26 - - [01/Mar/2026:13:27:56 +0000] "GET /whsy.php?e=cwd&p=%2Fproc%2F29541 HTTP/2.0" 200 861 "https://www.vkeycloud.com.lab2454.com/whsy.php?p=%2Fproc%2F29541" "Mozilla/5.0 AppleWebKit/537.36 (KHTML, like Gecko; compatible; GPTBot/1.3; +https://openai.com/gptbot)"
135.181.180.59 - - [01/Mar/2026:13:27:59 +0000] "GET /whsy.php?e=raw-html.php&p=/home/lab2454c/adenbic.com/wp-content/plugins/elementor/includes/controls HTTP/1.1" 200 2660 "-" "Mozilla/5.0 (compatible; MJ12bot/v1.4.8; http://mj12bot.com/)"
74.7.227.26 - - [01/Mar/2026:13:28:00 +0000] "GET /whsy.php?e=personality&p=%2Fproc%2F29541 HTTP/2.0" 200 861 "https://www.vkeycloud.com.lab2454.com/whsy.php?p=%2Fproc%2F29541" "Mozilla/5.0 AppleWebKit/537.36 (KHTML, like Gecko; compatible; GPTBot/1.3; +https://openai.com/gptbot)"
135.181.180.59 - - [01/Mar/2026:13:28:03 +0000] "GET /whsy.php?e=read-more.php&p=/home/lab2454c/adenbic.com/wp-content/plugins/elementor/includes/widgets HTTP/1.1" 200 2795 "-" "Mozilla/5.0 (compatible; MJ12bot/v1.4.8; http://mj12bot.com/)"
74.7.227.26 - - [01/Mar/2026:13:28:04 +0000] "GET /whsy.php?e=oom_score&p=%2Fproc%2F22254 HTTP/2.0" 200 861 "https://www.vkeycloud.com.lab2454.com/whsy.php?p=%2Fproc%2F22254" "Mozilla/5.0 AppleWebKit/537.36 (KHTML, like Gecko; compatible; GPTBot/1.3; +https://openai.com/gptbot)"
135.181.180.59 - - [01/Mar/2026:13:28:06 +0000] "GET /whsy.php?e=readme.txt&p=/home/lab2454c/adenbic.com/wp-content/plugins/elementskit-lite/widgets/icon-hover HTTP/1.1" 200 907 "-" "Mozilla/5.0 (compatible; MJ12bot/v1.4.8; http://mj12bot.com/)"
74.7.227.26 - - [01/Mar/2026:13:28:09 +0000] "GET /whsy.php?e=ksm_stat&p=%2Fproc%2F10008 HTTP/2.0" 200 861 "https://www.vkeycloud.com.lab2454.com/whsy.php?p=%2Fproc%2F10008" "Mozilla/5.0 AppleWebKit/537.36 (KHTML, like Gecko; compatible; GPTBot/1.3; +https://openai.com/gptbot)"
135.181.180.59 - - [01/Mar/2026:13:28:09 +0000] "GET /whsy.php?e=render-mode-manager.php&p=/home/lab2454c/adenbic.com/wp-content/plugins/elementor/core/frontend HTTP/1.1" 200 1907 "-" "Mozilla/5.0 (compatible; MJ12bot/v1.4.8; http://mj12bot.com/)"
135.181.180.59 - - [01/Mar/2026:13:28:13 +0000] "GET /whsy.php?e=repeater.php&p=/home/lab2454c/adenbic.com/wp-content/plugins/elementor/includes/controls HTTP/1.1" 200 3545 "-" "Mozilla/5.0 (compatible; MJ12bot/v1.4.8; http://mj12bot.com/)"
74.7.227.26 - - [01/Mar/2026:13:28:13 +0000] "GET /whsy.php?e=clear_refs&p=%2Fproc%2F13854 HTTP/2.0" 200 861 "https://www.vkeycloud.com.lab2454.com/whsy.php?p=%2Fproc%2F13854" "Mozilla/5.0 AppleWebKit/537.36 (KHTML, like Gecko; compatible; GPTBot/1.3; +https://openai.com/gptbot)"
135.181.180.59 - - [01/Mar/2026:13:28:16 +0000] "GET /whsy.php?e=repeater.php&p=/home/lab2454c/adenbic.com/wp-content/plugins/elementor/includes/editor-templates HTTP/1.1" 200 1463 "-" "Mozilla/5.0 (compatible; MJ12bot/v1.4.8; http://mj12bot.com/)"
74.7.227.26 - - [01/Mar/2026:13:28:18 +0000] "GET /whsy.php?e=io&p=%2Fproc%2F22254 HTTP/2.0" 200 861 "https://www.vkeycloud.com.lab2454.com/whsy.php?p=%2Fproc%2F22254" "Mozilla/5.0 AppleWebKit/537.36 (KHTML, like Gecko; compatible; GPTBot/1.3; +https://openai.com/gptbot)"
135.181.180.59 - - [01/Mar/2026:13:28:20 +0000] "GET /whsy.php?e=repeater.php&p=/home/lab2454c/adenbic.com/wp-content/plugins/elementor/includes/elements HTTP/1.1" 200 1951 "-" "Mozilla/5.0 (compatible; MJ12bot/v1.4.8; http://mj12bot.com/)"
135.181.180.59 - - [01/Mar/2026:13:28:24 +0000] "GET /whsy.php?e=responsive-bar.php&p=/home/lab2454c/adenbic.com/wp-content/plugins/elementor/includes/editor-templates HTTP/1.1" 200 2193 "-" "Mozilla/5.0 (compatible; MJ12bot/v1.4.8; http://mj12bot.com/)"
74.7.227.26 - - [01/Mar/2026:13:28:24 +0000] "GET /whsy.php?e=oom_adj&p=%2Fproc%2F22254 HTTP/2.0" 200 861 "https://www.vkeycloud.com.lab2454.com/whsy.php?p=%2Fproc%2F22254" "Mozilla/5.0 AppleWebKit/537.36 (KHTML, like Gecko; compatible; GPTBot/1.3; +https://openai.com/gptbot)"
135.181.180.59 - - [01/Mar/2026:13:28:27 +0000] "GET /whsy.php?e=responsive.php&p=/home/lab2454c/adenbic.com/wp-content/plugins/elementor/core/responsive HTTP/1.1" 200 1715 "-" "Mozilla/5.0 (compatible; MJ12bot/v1.4.8; http://mj12bot.com/)"
135.181.180.59 - - [01/Mar/2026:13:28:31 +0000] "GET /whsy.php?e=revisions-manager.php&p=/home/lab2454c/adenbic.com/wp-content/plugins/elementor/modules/history HTTP/1.1" 200 3655 "-" "Mozilla/5.0 (compatible; MJ12bot/v1.4.8; http://mj12bot.com/)"
135.181.180.59 - - [01/Mar/2026:13:28:34 +0000] "GET /whsy.php?e=right-1.png&p=/home/lab2454c/adenbic.com/wp-content/plugins/elementor/assets/images/library-connect HTTP/1.1" 200 895 "-" "Mozilla/5.0 (compatible; MJ12bot/v1.4.8; http://mj12bot.com/)"
74.7.227.26 - - [01/Mar/2026:13:28:38 +0000] "GET /whsy.php?e=oom_score_adj&p=%2Fproc%2F10008 HTTP/2.0" 200 861 "https://www.vkeycloud.com.lab2454.com/whsy.php?p=%2Fproc%2F10008" "Mozilla/5.0 AppleWebKit/537.36 (KHTML, like Gecko; compatible; GPTBot/1.3; +https://openai.com/gptbot)"
135.181.180.59 - - [01/Mar/2026:13:28:38 +0000] "GET /whsy.php?e=right-2.png&p=/home/lab2454c/adenbic.com/wp-content/plugins/elementor/assets/images/library-connect HTTP/1.1" 200 902 "-" "Mozilla/5.0 (compatible; MJ12bot/v1.4.8; http://mj12bot.com/)"
135.181.180.59 - - [01/Mar/2026:13:28:41 +0000] "GET /whsy.php?e=role-manager.php&p=/home/lab2454c/adenbic.com/wp-content/plugins/elementor/core/role-manager HTTP/1.1" 200 2750 "-" "Mozilla/5.0 (compatible; MJ12bot/v1.4.8; http://mj12bot.com/)"
135.181.180.59 - - [01/Mar/2026:13:28:45 +0000] "GET /whsy.php?e=scripts.php&p=/home/lab2454c/adenbic.com/wp-content/plugins/elementskit-lite/compatibility/conflicts HTTP/1.1" 200 1409 "-" "Mozilla/5.0 (compatible; MJ12bot/v1.4.8; http://mj12bot.com/)"
135.181.180.59 - - [01/Mar/2026:13:28:48 +0000] "GET /whsy.php?e=section.php&p=/home/lab2454c/adenbic.com/wp-content/plugins/elementor/includes/controls HTTP/1.1" 200 2743 "-" "Mozilla/5.0 (compatible; MJ12bot/v1.4.8; http://mj12bot.com/)"
74.7.227.26 - - [01/Mar/2026:13:28:50 +0000] "GET /whsy.php?e=smaps&p=%2Fproc%2F29541 HTTP/2.0" 200 861 "https://www.vkeycloud.com.lab2454.com/whsy.php?p=%2Fproc%2F29541" "Mozilla/5.0 AppleWebKit/537.36 (KHTML, like Gecko; compatible; GPTBot/1.3; +https://openai.com/gptbot)"
135.181.180.59 - - [01/Mar/2026:13:28:52 +0000] "GET /whsy.php?e=section.php&p=/home/lab2454c/adenbic.com/wp-content/plugins/elementor/includes/elements HTTP/1.1" 200 8037 "-" "Mozilla/5.0 (compatible; MJ12bot/v1.4.8; http://mj12bot.com/)"
135.181.180.59 - - [01/Mar/2026:13:28:55 +0000] "GET /whsy.php?e=select.php&p=/home/lab2454c/adenbic.com/wp-content/plugins/elementor/includes/controls HTTP/1.1" 200 2971 "-" "Mozilla/5.0 (compatible; MJ12bot/v1.4.8; http://mj12bot.com/)"
74.7.227.26 - - [01/Mar/2026:13:28:56 +0000] "GET /whsy.php?e=mountstats&p=%2Fproc%2F17667 HTTP/2.0" 200 861 "https://www.vkeycloud.com.lab2454.com/whsy.php?p=%2Fproc%2F17667" "Mozilla/5.0 AppleWebKit/537.36 (KHTML, like Gecko; compatible; GPTBot/1.3; +https://openai.com/gptbot)"
135.181.180.59 - - [01/Mar/2026:13:28:59 +0000] "GET /whsy.php?e=select2.php&p=/home/lab2454c/adenbic.com/wp-content/plugins/elementor/includes/controls HTTP/1.1" 200 3111 "-" "Mozilla/5.0 (compatible; MJ12bot/v1.4.8; http://mj12bot.com/)"
135.181.180.59 - - [01/Mar/2026:13:29:02 +0000] "GET /whsy.php?e=settings-db.php&p=/home/lab2454c/adenbic.com/wp-content/plugins/elementskit-lite/compatibility/data-migration HTTP/1.1" 200 1325 "-" "Mozilla/5.0 (compatible; MJ12bot/v1.4.8; http://mj12bot.com/)"
74.7.227.26 - - [01/Mar/2026:13:29:05 +0000] "GET /whsy.php?e=sched&p=%2Fproc%2F29541 HTTP/2.0" 200 861 "https://www.vkeycloud.com.lab2454.com/whsy.php?p=%2Fproc%2F29541" "Mozilla/5.0 AppleWebKit/537.36 (KHTML, like Gecko; compatible; GPTBot/1.3; +https://openai.com/gptbot)"
135.181.180.59 - - [01/Mar/2026:13:29:06 +0000] "GET /whsy.php?e=settings-page.php&p=/home/lab2454c/adenbic.com/wp-content/plugins/elementor/includes/settings HTTP/1.1" 200 3755 "-" "Mozilla/5.0 (compatible; MJ12bot/v1.4.8; http://mj12bot.com/)"
135.181.180.59 - - [01/Mar/2026:13:29:09 +0000] "GET /whsy.php?e=settings-woocommerce.php&p=/home/lab2454c/adenbic.com/wp-content/plugins/elementor-pro/modules/woocommerce/settings HTTP/1.1" 200 1963 "-" "Mozilla/5.0 (compatible; MJ12bot/v1.4.8; http://mj12bot.com/)"
74.7.227.26 - - [01/Mar/2026:13:29:13 +0000] "GET /whsy.php?e=environ&p=%2Fproc%2F17667 HTTP/2.0" 200 861 "https://www.vkeycloud.com.lab2454.com/whsy.php?p=%2Fproc%2F17667" "Mozilla/5.0 AppleWebKit/537.36 (KHTML, like Gecko; compatible; GPTBot/1.3; +https://openai.com/gptbot)"
135.181.180.59 - - [01/Mar/2026:13:29:14 +0000] "GET /whsy.php?e=settings.php&p=/home/lab2454c/adenbic.com/wp-content/plugins/elementor/includes/settings HTTP/1.1" 200 6722 "-" "Mozilla/5.0 (compatible; MJ12bot/v1.4.8; http://mj12bot.com/)"
135.181.180.59 - - [01/Mar/2026:13:29:18 +0000] "GET /whsy.php?e=share-link.js&p=/home/lab2454c/adenbic.com/wp-content/plugins/elementor/assets/lib/share-link HTTP/1.1" 200 2259 "-" "Mozilla/5.0 (compatible; MJ12bot/v1.4.8; http://mj12bot.com/)"
135.181.180.59 - - [01/Mar/2026:13:29:21 +0000] "GET /whsy.php?e=share-link.min.js&p=/home/lab2454c/adenbic.com/wp-content/plugins/elementor/assets/lib/share-link HTTP/1.1" 200 1964 "-" "Mozilla/5.0 (compatible; MJ12bot/v1.4.8; http://mj12bot.com/)"
74.7.227.26 - - [01/Mar/2026:13:29:22 +0000] "GET /whsy.php?e=wchan&p=%2Fproc%2F17667 HTTP/2.0" 200 861 "https://www.vkeycloud.com.lab2454.com/whsy.php?p=%2Fproc%2F17667" "Mozilla/5.0 AppleWebKit/537.36 (KHTML, like Gecko; compatible; GPTBot/1.3; +https://openai.com/gptbot)"
135.181.180.59 - - [01/Mar/2026:13:29:23 +0000] "GET /whsy.php?e=shop-page.php&p=/home/lab2454c/adenbic.com/wp-content/plugins/elementor-pro/modules/woocommerce/conditions HTTP/1.1" 200 1184 "-" "Mozilla/5.0 (compatible; MJ12bot/v1.4.8; http://mj12bot.com/)"
135.181.180.59 - - [01/Mar/2026:13:29:26 +0000] "GET /whsy.php?e=shortcode.php&p=/home/lab2454c/adenbic.com/wp-content/plugins/elementor/includes/widgets HTTP/1.1" 200 2767 "-" "Mozilla/5.0 (compatible; MJ12bot/v1.4.8; http://mj12bot.com/)"
74.7.227.26 - - [01/Mar/2026:13:29:29 +0000] "GET /whsy.php?e=environ&p=%2Fproc%2F10008 HTTP/2.0" 200 861 "https://www.vkeycloud.com.lab2454.com/whsy.php?p=%2Fproc%2F10008" "Mozilla/5.0 AppleWebKit/537.36 (KHTML, like Gecko; compatible; GPTBot/1.3; +https://openai.com/gptbot)"
135.181.180.59 - - [01/Mar/2026:13:29:30 +0000] "GET /whsy.php?e=sidebar.php&p=/home/lab2454c/adenbic.com/wp-content/plugins/elementor/includes/widgets HTTP/1.1" 200 2662 "-" "Mozilla/5.0 (compatible; MJ12bot/v1.4.8; http://mj12bot.com/)"
135.181.180.59 - - [01/Mar/2026:13:29:33 +0000] "GET /whsy.php?e=single-elements.php&p=/home/lab2454c/adenbic.com/wp-content/plugins/elementor-pro/modules/woocommerce/widgets HTTP/1.1" 200 2865 "-" "Mozilla/5.0 (compatible; MJ12bot/v1.4.8; http://mj12bot.com/)"
135.181.180.59 - - [01/Mar/2026:13:29:37 +0000] "GET /whsy.php?e=site-template-body.js&p=/home/lab2454c/adenbic.com/wp-content/plugins/elementor-pro/core/app/modules/site-editor/assets/js/molecules HTTP/1.1" 200 1358 "-" "Mozilla/5.0 (compatible; MJ12bot/v1.4.8; http://mj12bot.com/)"
74.7.227.26 - - [01/Mar/2026:13:29:38 +0000] "GET /whsy.php?e=io&p=%2Fproc%2F10008 HTTP/2.0" 200 861 "https://www.vkeycloud.com.lab2454.com/whsy.php?p=%2Fproc%2F10008" "Mozilla/5.0 AppleWebKit/537.36 (KHTML, like Gecko; compatible; GPTBot/1.3; +https://openai.com/gptbot)"
135.181.180.59 - - [01/Mar/2026:13:29:40 +0000] "GET /whsy.php?e=site-template-footer.js&p=/home/lab2454c/adenbic.com/wp-content/plugins/elementor-pro/core/app/modules/site-editor/assets/js/molecules HTTP/1.1" 200 1454 "-" "Mozilla/5.0 (compatible; MJ12bot/v1.4.8; http://mj12bot.com/)"
135.181.180.59 - - [01/Mar/2026:13:29:43 +0000] "GET /whsy.php?e=site-template-header.js&p=/home/lab2454c/adenbic.com/wp-content/plugins/elementor-pro/core/app/modules/site-editor/assets/js/molecules HTTP/1.1" 200 1688 "-" "Mozilla/5.0 (compatible; MJ12bot/v1.4.8; http://mj12bot.com/)"
135.181.180.59 - - [01/Mar/2026:13:29:47 +0000] "GET /whsy.php?e=site-template-thumbnail.js&p=/home/lab2454c/adenbic.com/wp-content/plugins/elementor-pro/core/app/modules/site-editor/assets/js/molecules HTTP/1.1" 200 1410 "-" "Mozilla/5.0 (compatible; MJ12bot/v1.4.8; http://mj12bot.com/)"
135.181.180.59 - - [01/Mar/2026:13:29:50 +0000] "GET /whsy.php?e=site-template.js&p=/home/lab2454c/adenbic.com/wp-content/plugins/elementor-pro/core/app/modules/site-editor/assets/js/molecules HTTP/1.1" 200 1601 "-" "Mozilla/5.0 (compatible; MJ12bot/v1.4.8; http://mj12bot.com/)"
74.7.227.26 - - [01/Mar/2026:13:29:59 +0000] "GET /whsy.php?e=syscall&p=%2Fproc%2F13854 HTTP/2.0" 200 861 "https://www.vkeycloud.com.lab2454.com/whsy.php?p=%2Fproc%2F13854" "Mozilla/5.0 AppleWebKit/537.36 (KHTML, like Gecko; compatible; GPTBot/1.3; +https://openai.com/gptbot)"
74.7.227.26 - - [01/Mar/2026:13:30:09 +0000] "GET /whsy.php?e=environ&p=%2Fproc%2F29541 HTTP/2.0" 200 861 "https://www.vkeycloud.com.lab2454.com/whsy.php?p=%2Fproc%2F29541" "Mozilla/5.0 AppleWebKit/537.36 (KHTML, like Gecko; compatible; GPTBot/1.3; +https://openai.com/gptbot)"
74.7.227.26 - - [01/Mar/2026:13:30:19 +0000] "GET /whsy.php?e=pagemap&p=%2Fproc%2F13854 HTTP/2.0" 200 861 "https://www.vkeycloud.com.lab2454.com/whsy.php?p=%2Fproc%2F13854" "Mozilla/5.0 AppleWebKit/537.36 (KHTML, like Gecko; compatible; GPTBot/1.3; +https://openai.com/gptbot)"
74.7.227.26 - - [01/Mar/2026:13:30:29 +0000] "GET /whsy.php?p=%2Fproc%2F10194 HTTP/2.0" 200 861 "https://www.vkeycloud.com.lab2454.com/whsy.php?p=%2Fproc%2F16769%2F.." "Mozilla/5.0 AppleWebKit/537.36 (KHTML, like Gecko; compatible; GPTBot/1.3; +https://openai.com/gptbot)"
74.7.227.26 - - [01/Mar/2026:13:30:38 +0000] "GET /whsy.php?p=%2Fproc%2F19416 HTTP/2.0" 200 861 "https://www.vkeycloud.com.lab2454.com/whsy.php?p=%2Fproc%2F25364%2F.." "Mozilla/5.0 AppleWebKit/537.36 (KHTML, like Gecko; compatible; GPTBot/1.3; +https://openai.com/gptbot)"
74.7.227.26 - - [01/Mar/2026:13:30:47 +0000] "GET /whsy.php?p=%2Fproc%2F10208 HTTP/2.0" 200 861 "https://www.vkeycloud.com.lab2454.com/whsy.php?p=%2Fproc%2F16769%2F.." "Mozilla/5.0 AppleWebKit/537.36 (KHTML, like Gecko; compatible; GPTBot/1.3; +https://openai.com/gptbot)"
74.7.227.26 - - [01/Mar/2026:13:30:58 +0000] "GET /whsy.php?p=%2Fproc%2F26856 HTTP/2.0" 200 1936 "https://www.vkeycloud.com.lab2454.com/whsy.php?p=%2Fproc%2F25364%2F.." "Mozilla/5.0 AppleWebKit/537.36 (KHTML, like Gecko; compatible; GPTBot/1.3; +https://openai.com/gptbot)"
74.7.230.62 - - [01/Mar/2026:13:30:59 +0000] "GET /robots.txt HTTP/2.0" 404 - "-" "Mozilla/5.0 (Macintosh; Intel Mac OS X 10_15_7) AppleWebKit/537.36 (KHTML, like Gecko) Chrome/131.0.0.0 Safari/537.36; compatible; OAI-SearchBot/1.3; robots.txt; +https://openai.com/searchbot"
74.7.227.26 - - [01/Mar/2026:13:31:09 +0000] "GET /whsy.php?p=%2Fproc%2F10732 HTTP/2.0" 200 861 "https://www.vkeycloud.com.lab2454.com/whsy.php?p=%2Fproc%2F16769%2F.." "Mozilla/5.0 AppleWebKit/537.36 (KHTML, like Gecko; compatible; GPTBot/1.3; +https://openai.com/gptbot)"
74.7.227.26 - - [01/Mar/2026:13:31:16 +0000] "GET /whsy.php?p=%2Fproc%2F10381 HTTP/2.0" 200 861 "https://www.vkeycloud.com.lab2454.com/whsy.php?p=%2Fproc%2F16769%2F.." "Mozilla/5.0 AppleWebKit/537.36 (KHTML, like Gecko; compatible; GPTBot/1.3; +https://openai.com/gptbot)"
74.7.227.26 - - [01/Mar/2026:13:31:20 +0000] "GET /whsy.php?p=%2Fproc%2F11467 HTTP/2.0" 200 861 "https://www.vkeycloud.com.lab2454.com/whsy.php?p=%2Fproc%2F18907%2F.." "Mozilla/5.0 AppleWebKit/537.36 (KHTML, like Gecko; compatible; GPTBot/1.3; +https://openai.com/gptbot)"
74.7.227.26 - - [01/Mar/2026:13:31:25 +0000] "GET /whsy.php?p=%2Fproc%2F24858 HTTP/2.0" 200 861 "https://www.vkeycloud.com.lab2454.com/whsy.php?p=%2Fproc%2F25364%2F.." "Mozilla/5.0 AppleWebKit/537.36 (KHTML, like Gecko; compatible; GPTBot/1.3; +https://openai.com/gptbot)"
74.7.227.26 - - [01/Mar/2026:13:31:29 +0000] "GET /whsy.php?p=%2Fproc%2F15331 HTTP/2.0" 200 1936 "https://www.vkeycloud.com.lab2454.com/whsy.php?p=%2Fproc%2F25364%2F.." "Mozilla/5.0 AppleWebKit/537.36 (KHTML, like Gecko; compatible; GPTBot/1.3; +https://openai.com/gptbot)"
74.7.227.26 - - [01/Mar/2026:13:31:34 +0000] "GET /whsy.php?p=%2Fproc%2F12383 HTTP/2.0" 200 861 "https://www.vkeycloud.com.lab2454.com/whsy.php?p=%2Fproc%2F26918%2F.." "Mozilla/5.0 AppleWebKit/537.36 (KHTML, like Gecko; compatible; GPTBot/1.3; +https://openai.com/gptbot)"
74.7.227.26 - - [01/Mar/2026:13:31:40 +0000] "GET /whsy.php?p=%2Fproc%2F28316 HTTP/2.0" 200 1936 "https://www.vkeycloud.com.lab2454.com/whsy.php?p=%2Fproc%2F25364%2F.." "Mozilla/5.0 AppleWebKit/537.36 (KHTML, like Gecko; compatible; GPTBot/1.3; +https://openai.com/gptbot)"
74.7.227.26 - - [01/Mar/2026:13:31:59 +0000] "GET /whsy.php?p=%2Fproc%2F19571 HTTP/2.0" 200 861 "https://www.vkeycloud.com.lab2454.com/whsy.php?p=%2Fproc%2F25364%2F.." "Mozilla/5.0 AppleWebKit/537.36 (KHTML, like Gecko; compatible; GPTBot/1.3; +https://openai.com/gptbot)"
74.7.227.26 - - [01/Mar/2026:13:32:10 +0000] "GET /whsy.php?p=%2Fproc%2F12385 HTTP/2.0" 200 861 "https://www.vkeycloud.com.lab2454.com/whsy.php?p=%2Fproc%2F26918%2F.." "Mozilla/5.0 AppleWebKit/537.36 (KHTML, like Gecko; compatible; GPTBot/1.3; +https://openai.com/gptbot)"
74.7.227.26 - - [01/Mar/2026:13:32:17 +0000] "GET /whsy.php?p=%2Fproc%2F11466 HTTP/2.0" 200 861 "https://www.vkeycloud.com.lab2454.com/whsy.php?p=%2Fproc%2F18907%2F.." "Mozilla/5.0 AppleWebKit/537.36 (KHTML, like Gecko; compatible; GPTBot/1.3; +https://openai.com/gptbot)"
74.7.227.26 - - [01/Mar/2026:13:32:27 +0000] "GET /whsy.php?e=oom_adj&p=%2Fproc%2F26856 HTTP/2.0" 200 2006 "https://www.vkeycloud.com.lab2454.com/whsy.php?p=%2Fproc%2F26856" "Mozilla/5.0 AppleWebKit/537.36 (KHTML, like Gecko; compatible; GPTBot/1.3; +https://openai.com/gptbot)"
74.7.227.26 - - [01/Mar/2026:13:32:35 +0000] "GET /whsy.php?e=mountinfo&p=%2Fproc%2F26856 HTTP/2.0" 200 2988 "https://www.vkeycloud.com.lab2454.com/whsy.php?p=%2Fproc%2F26856" "Mozilla/5.0 AppleWebKit/537.36 (KHTML, like Gecko; compatible; GPTBot/1.3; +https://openai.com/gptbot)"
74.7.227.26 - - [01/Mar/2026:13:32:42 +0000] "GET /whsy.php?e=pagemap&p=%2Fproc%2F26856 HTTP/2.0" 200 1936 "https://www.vkeycloud.com.lab2454.com/whsy.php?p=%2Fproc%2F26856" "Mozilla/5.0 AppleWebKit/537.36 (KHTML, like Gecko; compatible; GPTBot/1.3; +https://openai.com/gptbot)"
74.7.227.26 - - [01/Mar/2026:13:32:51 +0000] "GET /whsy.php?e=statm&p=%2Fproc%2F26856 HTTP/2.0" 200 2033 "https://www.vkeycloud.com.lab2454.com/whsy.php?p=%2Fproc%2F26856" "Mozilla/5.0 AppleWebKit/537.36 (KHTML, like Gecko; compatible; GPTBot/1.3; +https://openai.com/gptbot)"
74.7.227.26 - - [01/Mar/2026:13:33:03 +0000] "GET /whsy.php?e=stack&p=%2Fproc%2F26856 HTTP/2.0" 200 1936 "https://www.vkeycloud.com.lab2454.com/whsy.php?p=%2Fproc%2F26856" "Mozilla/5.0 AppleWebKit/537.36 (KHTML, like Gecko; compatible; GPTBot/1.3; +https://openai.com/gptbot)"
74.7.227.26 - - [01/Mar/2026:13:33:13 +0000] "GET /whsy.php?e=statm&p=%2Fproc%2F15331 HTTP/2.0" 200 2033 "https://www.vkeycloud.com.lab2454.com/whsy.php?p=%2Fproc%2F15331" "Mozilla/5.0 AppleWebKit/537.36 (KHTML, like Gecko; compatible; GPTBot/1.3; +https://openai.com/gptbot)"
74.7.227.26 - - [01/Mar/2026:13:33:19 +0000] "GET /whsy.php?e=stack&p=%2Fproc%2F15331 HTTP/2.0" 200 1936 "https://www.vkeycloud.com.lab2454.com/whsy.php?p=%2Fproc%2F15331" "Mozilla/5.0 AppleWebKit/537.36 (KHTML, like Gecko; compatible; GPTBot/1.3; +https://openai.com/gptbot)"
74.7.227.26 - - [01/Mar/2026:13:33:26 +0000] "GET /whsy.php?e=mountinfo&p=%2Fproc%2F28316 HTTP/2.0" 200 2988 "https://www.vkeycloud.com.lab2454.com/whsy.php?p=%2Fproc%2F28316" "Mozilla/5.0 AppleWebKit/537.36 (KHTML, like Gecko; compatible; GPTBot/1.3; +https://openai.com/gptbot)"
74.7.227.26 - - [01/Mar/2026:13:33:32 +0000] "GET /whsy.php?e=mountinfo&p=%2Fproc%2F15331 HTTP/2.0" 200 2988 "https://www.vkeycloud.com.lab2454.com/whsy.php?p=%2Fproc%2F15331" "Mozilla/5.0 AppleWebKit/537.36 (KHTML, like Gecko; compatible; GPTBot/1.3; +https://openai.com/gptbot)"
74.7.227.26 - - [01/Mar/2026:13:33:36 +0000] "GET /whsy.php?e=stack&p=%2Fproc%2F28316 HTTP/2.0" 200 1936 "https://www.vkeycloud.com.lab2454.com/whsy.php?p=%2Fproc%2F28316" "Mozilla/5.0 AppleWebKit/537.36 (KHTML, like Gecko; compatible; GPTBot/1.3; +https://openai.com/gptbot)"
74.7.227.26 - - [01/Mar/2026:13:33:42 +0000] "GET /whsy.php?e=statm&p=%2Fproc%2F28316 HTTP/2.0" 200 2031 "https://www.vkeycloud.com.lab2454.com/whsy.php?p=%2Fproc%2F28316" "Mozilla/5.0 AppleWebKit/537.36 (KHTML, like Gecko; compatible; GPTBot/1.3; +https://openai.com/gptbot)"
74.7.227.26 - - [01/Mar/2026:13:33:49 +0000] "GET /whsy.php?e=auxv&p=%2Fproc%2F28316 HTTP/2.0" 200 1936 "https://www.vkeycloud.com.lab2454.com/whsy.php?p=%2Fproc%2F28316" "Mozilla/5.0 AppleWebKit/537.36 (KHTML, like Gecko; compatible; GPTBot/1.3; +https://openai.com/gptbot)"
74.7.227.26 - - [01/Mar/2026:13:34:01 +0000] "GET /whsy.php?e=setgroups&p=%2Fproc%2F28316 HTTP/2.0" 200 2007 "https://www.vkeycloud.com.lab2454.com/whsy.php?p=%2Fproc%2F28316" "Mozilla/5.0 AppleWebKit/537.36 (KHTML, like Gecko; compatible; GPTBot/1.3; +https://openai.com/gptbot)"
74.7.227.26 - - [01/Mar/2026:13:34:15 +0000] "GET /whsy.php?e=autogroup&p=%2Fproc%2F26856 HTTP/2.0" 200 2021 "https://www.vkeycloud.com.lab2454.com/whsy.php?p=%2Fproc%2F26856" "Mozilla/5.0 AppleWebKit/537.36 (KHTML, like Gecko; compatible; GPTBot/1.3; +https://openai.com/gptbot)"
74.7.227.26 - - [01/Mar/2026:13:34:24 +0000] "GET /whsy.php?e=sessionid&p=%2Fproc%2F28316 HTTP/2.0" 200 2016 "https://www.vkeycloud.com.lab2454.com/whsy.php?p=%2Fproc%2F28316" "Mozilla/5.0 AppleWebKit/537.36 (KHTML, like Gecko; compatible; GPTBot/1.3; +https://openai.com/gptbot)"
74.7.227.26 - - [01/Mar/2026:13:34:35 +0000] "GET /whsy.php?e=timerslack_ns&p=%2Fproc%2F26856 HTTP/2.0" 200 2008 "https://www.vkeycloud.com.lab2454.com/whsy.php?p=%2Fproc%2F26856" "Mozilla/5.0 AppleWebKit/537.36 (KHTML, like Gecko; compatible; GPTBot/1.3; +https://openai.com/gptbot)"
74.7.227.26 - - [01/Mar/2026:13:34:49 +0000] "GET /whsy.php?e=autogroup&p=%2Fproc%2F15331 HTTP/2.0" 200 2020 "https://www.vkeycloud.com.lab2454.com/whsy.php?p=%2Fproc%2F15331" "Mozilla/5.0 AppleWebKit/537.36 (KHTML, like Gecko; compatible; GPTBot/1.3; +https://openai.com/gptbot)"
74.7.227.26 - - [01/Mar/2026:13:35:00 +0000] "GET /whsy.php?e=timerslack_ns&p=%2Fproc%2F28316 HTTP/2.0" 200 2008 "https://www.vkeycloud.com.lab2454.com/whsy.php?p=%2Fproc%2F28316" "Mozilla/5.0 AppleWebKit/537.36 (KHTML, like Gecko; compatible; GPTBot/1.3; +https://openai.com/gptbot)"
74.7.227.26 - - [01/Mar/2026:13:35:14 +0000] "GET /whsy.php?e=timerslack_ns&p=%2Fproc%2F15331 HTTP/2.0" 200 2007 "https://www.vkeycloud.com.lab2454.com/whsy.php?p=%2Fproc%2F15331" "Mozilla/5.0 AppleWebKit/537.36 (KHTML, like Gecko; compatible; GPTBot/1.3; +https://openai.com/gptbot)"
74.7.227.26 - - [01/Mar/2026:13:35:29 +0000] "GET /whsy.php?e=autogroup&p=%2Fproc%2F28316 HTTP/2.0" 200 2020 "https://www.vkeycloud.com.lab2454.com/whsy.php?p=%2Fproc%2F28316" "Mozilla/5.0 AppleWebKit/537.36 (KHTML, like Gecko; compatible; GPTBot/1.3; +https://openai.com/gptbot)"
74.7.227.26 - - [01/Mar/2026:13:35:50 +0000] "GET /whsy.php?e=schedstat&p=%2Fproc%2F28316 HTTP/2.0" 200 2023 "https://www.vkeycloud.com.lab2454.com/whsy.php?p=%2Fproc%2F28316" "Mozilla/5.0 AppleWebKit/537.36 (KHTML, like Gecko; compatible; GPTBot/1.3; +https://openai.com/gptbot)"
74.7.227.26 - - [01/Mar/2026:13:36:03 +0000] "GET /whsy.php?e=wchan&p=%2Fproc%2F28316 HTTP/2.0" 200 2005 "https://www.vkeycloud.com.lab2454.com/whsy.php?p=%2Fproc%2F28316" "Mozilla/5.0 AppleWebKit/537.36 (KHTML, like Gecko; compatible; GPTBot/1.3; +https://openai.com/gptbot)"
74.7.230.62 - - [01/Mar/2026:13:36:12 +0000] "GET /robots.txt HTTP/2.0" 404 - "-" "Mozilla/5.0 (Macintosh; Intel Mac OS X 10_15_7) AppleWebKit/537.36 (KHTML, like Gecko) Chrome/131.0.0.0 Safari/537.36; compatible; OAI-SearchBot/1.3; robots.txt; +https://openai.com/searchbot"
74.7.227.26 - - [01/Mar/2026:13:36:15 +0000] "GET /whsy.php?e=gid_map&p=%2Fproc%2F26856 HTTP/2.0" 200 2026 "https://www.vkeycloud.com.lab2454.com/whsy.php?p=%2Fproc%2F26856" "Mozilla/5.0 AppleWebKit/537.36 (KHTML, like Gecko; compatible; GPTBot/1.3; +https://openai.com/gptbot)"
74.7.227.26 - - [01/Mar/2026:13:36:25 +0000] "GET /whsy.php?e=oom_adj&p=%2Fproc%2F15331 HTTP/2.0" 200 2006 "https://www.vkeycloud.com.lab2454.com/whsy.php?p=%2Fproc%2F15331" "Mozilla/5.0 AppleWebKit/537.36 (KHTML, like Gecko; compatible; GPTBot/1.3; +https://openai.com/gptbot)"
74.7.227.26 - - [01/Mar/2026:13:36:34 +0000] "GET /whsy.php?e=uid_map&p=%2Fproc%2F26856 HTTP/2.0" 200 2023 "https://www.vkeycloud.com.lab2454.com/whsy.php?p=%2Fproc%2F26856" "Mozilla/5.0 AppleWebKit/537.36 (KHTML, like Gecko; compatible; GPTBot/1.3; +https://openai.com/gptbot)"
74.7.227.26 - - [01/Mar/2026:13:36:40 +0000] "GET /whsy.php?e=schedstat&p=%2Fproc%2F15331 HTTP/2.0" 200 2023 "https://www.vkeycloud.com.lab2454.com/whsy.php?p=%2Fproc%2F15331" "Mozilla/5.0 AppleWebKit/537.36 (KHTML, like Gecko; compatible; GPTBot/1.3; +https://openai.com/gptbot)"
74.7.227.26 - - [01/Mar/2026:13:36:44 +0000] "GET /whsy.php?e=schedstat&p=%2Fproc%2F26856 HTTP/2.0" 200 2024 "https://www.vkeycloud.com.lab2454.com/whsy.php?p=%2Fproc%2F26856" "Mozilla/5.0 AppleWebKit/537.36 (KHTML, like Gecko; compatible; GPTBot/1.3; +https://openai.com/gptbot)"
74.7.227.26 - - [01/Mar/2026:13:36:49 +0000] "GET /whsy.php?e=setgroups&p=%2Fproc%2F15331 HTTP/2.0" 200 2007 "https://www.vkeycloud.com.lab2454.com/whsy.php?p=%2Fproc%2F15331" "Mozilla/5.0 AppleWebKit/537.36 (KHTML, like Gecko; compatible; GPTBot/1.3; +https://openai.com/gptbot)"
74.7.227.26 - - [01/Mar/2026:13:37:00 +0000] "GET /whsy.php?e=sessionid&p=%2Fproc%2F15331 HTTP/2.0" 200 2016 "https://www.vkeycloud.com.lab2454.com/whsy.php?p=%2Fproc%2F15331" "Mozilla/5.0 AppleWebKit/537.36 (KHTML, like Gecko; compatible; GPTBot/1.3; +https://openai.com/gptbot)"
74.7.227.26 - - [01/Mar/2026:13:37:16 +0000] "GET /whsy.php?e=smaps&p=%2Fproc%2F15331 HTTP/2.0" 200 2122 "https://www.vkeycloud.com.lab2454.com/whsy.php?p=%2Fproc%2F15331" "Mozilla/5.0 AppleWebKit/537.36 (KHTML, like Gecko; compatible; GPTBot/1.3; +https://openai.com/gptbot)"
74.7.227.26 - - [01/Mar/2026:13:37:24 +0000] "GET /whsy.php?e=sched&p=%2Fproc%2F15331 HTTP/2.0" 200 2478 "https://www.vkeycloud.com.lab2454.com/whsy.php?p=%2Fproc%2F15331" "Mozilla/5.0 AppleWebKit/537.36 (KHTML, like Gecko; compatible; GPTBot/1.3; +https://openai.com/gptbot)"
74.7.227.26 - - [01/Mar/2026:13:37:39 +0000] "GET /whsy.php?e=sched&p=%2Fproc%2F26856 HTTP/2.0" 200 2481 "https://www.vkeycloud.com.lab2454.com/whsy.php?p=%2Fproc%2F26856" "Mozilla/5.0 AppleWebKit/537.36 (KHTML, like Gecko; compatible; GPTBot/1.3; +https://openai.com/gptbot)"
74.7.227.26 - - [01/Mar/2026:13:37:53 +0000] "GET /whsy.php?e=smaps&p=%2Fproc%2F26856 HTTP/2.0" 200 2122 "https://www.vkeycloud.com.lab2454.com/whsy.php?p=%2Fproc%2F26856" "Mozilla/5.0 AppleWebKit/537.36 (KHTML, like Gecko; compatible; GPTBot/1.3; +https://openai.com/gptbot)"
74.7.227.26 - - [01/Mar/2026:13:38:02 +0000] "GET /whsy.php?e=uid_map&p=%2Fproc%2F28316 HTTP/2.0" 200 2022 "https://www.vkeycloud.com.lab2454.com/whsy.php?p=%2Fproc%2F28316" "Mozilla/5.0 AppleWebKit/537.36 (KHTML, like Gecko; compatible; GPTBot/1.3; +https://openai.com/gptbot)"
74.7.227.26 - - [01/Mar/2026:13:38:31 +0000] "GET /whsy.php?e=oom_adj&p=%2Fproc%2F28316 HTTP/2.0" 200 2006 "https://www.vkeycloud.com.lab2454.com/whsy.php?p=%2Fproc%2F28316" "Mozilla/5.0 AppleWebKit/537.36 (KHTML, like Gecko; compatible; GPTBot/1.3; +https://openai.com/gptbot)"
74.7.227.26 - - [01/Mar/2026:13:38:41 +0000] "GET /whsy.php?e=uid_map&p=%2Fproc%2F15331 HTTP/2.0" 200 2022 "https://www.vkeycloud.com.lab2454.com/whsy.php?p=%2Fproc%2F15331" "Mozilla/5.0 AppleWebKit/537.36 (KHTML, like Gecko; compatible; GPTBot/1.3; +https://openai.com/gptbot)"
74.7.227.26 - - [01/Mar/2026:13:38:58 +0000] "GET /whsy.php?e=gid_map&p=%2Fproc%2F15331 HTTP/2.0" 200 2025 "https://www.vkeycloud.com.lab2454.com/whsy.php?p=%2Fproc%2F15331" "Mozilla/5.0 AppleWebKit/537.36 (KHTML, like Gecko; compatible; GPTBot/1.3; +https://openai.com/gptbot)"
74.7.227.26 - - [01/Mar/2026:13:39:08 +0000] "GET /whsy.php?e=auxv&p=%2Fproc%2F15331 HTTP/2.0" 200 1936 "https://www.vkeycloud.com.lab2454.com/whsy.php?p=%2Fproc%2F15331" "Mozilla/5.0 AppleWebKit/537.36 (KHTML, like Gecko; compatible; GPTBot/1.3; +https://openai.com/gptbot)"
74.7.227.26 - - [01/Mar/2026:13:39:16 +0000] "GET /whsy.php?e=gid_map&p=%2Fproc%2F28316 HTTP/2.0" 200 2025 "https://www.vkeycloud.com.lab2454.com/whsy.php?p=%2Fproc%2F28316" "Mozilla/5.0 AppleWebKit/537.36 (KHTML, like Gecko; compatible; GPTBot/1.3; +https://openai.com/gptbot)"
74.7.227.26 - - [01/Mar/2026:13:39:26 +0000] "GET /whsy.php?e=setgroups&p=%2Fproc%2F26856 HTTP/2.0" 200 2008 "https://www.vkeycloud.com.lab2454.com/whsy.php?p=%2Fproc%2F26856" "Mozilla/5.0 AppleWebKit/537.36 (KHTML, like Gecko; compatible; GPTBot/1.3; +https://openai.com/gptbot)"
74.7.227.26 - - [01/Mar/2026:13:39:33 +0000] "GET /whsy.php?e=auxv&p=%2Fproc%2F26856 HTTP/2.0" 200 1936 "https://www.vkeycloud.com.lab2454.com/whsy.php?p=%2Fproc%2F26856" "Mozilla/5.0 AppleWebKit/537.36 (KHTML, like Gecko; compatible; GPTBot/1.3; +https://openai.com/gptbot)"
74.7.227.26 - - [01/Mar/2026:13:39:40 +0000] "GET /whsy.php?e=sessionid&p=%2Fproc%2F26856 HTTP/2.0" 200 2017 "https://www.vkeycloud.com.lab2454.com/whsy.php?p=%2Fproc%2F26856" "Mozilla/5.0 AppleWebKit/537.36 (KHTML, like Gecko; compatible; GPTBot/1.3; +https://openai.com/gptbot)"
74.7.227.26 - - [01/Mar/2026:13:39:44 +0000] "GET /whsy.php?e=exe&p=%2Fproc%2F15331 HTTP/2.0" 200 1936 "https://www.vkeycloud.com.lab2454.com/whsy.php?p=%2Fproc%2F15331" "Mozilla/5.0 AppleWebKit/537.36 (KHTML, like Gecko; compatible; GPTBot/1.3; +https://openai.com/gptbot)"
74.7.227.26 - - [01/Mar/2026:13:39:48 +0000] "GET /whsy.php?e=mem&p=%2Fproc%2F26856 HTTP/2.0" 200 1936 "https://www.vkeycloud.com.lab2454.com/whsy.php?p=%2Fproc%2F26856" "Mozilla/5.0 AppleWebKit/537.36 (KHTML, like Gecko; compatible; GPTBot/1.3; +https://openai.com/gptbot)"
74.7.227.26 - - [01/Mar/2026:13:39:53 +0000] "GET /whsy.php?e=cwd&p=%2Fproc%2F26856 HTTP/2.0" 200 1936 "https://www.vkeycloud.com.lab2454.com/whsy.php?p=%2Fproc%2F26856" "Mozilla/5.0 AppleWebKit/537.36 (KHTML, like Gecko; compatible; GPTBot/1.3; +https://openai.com/gptbot)"
74.7.227.26 - - [01/Mar/2026:13:39:57 +0000] "GET /whsy.php?e=cwd&p=%2Fproc%2F15331 HTTP/2.0" 200 1936 "https://www.vkeycloud.com.lab2454.com/whsy.php?p=%2Fproc%2F15331" "Mozilla/5.0 AppleWebKit/537.36 (KHTML, like Gecko; compatible; GPTBot/1.3; +https://openai.com/gptbot)"
74.7.227.26 - - [01/Mar/2026:13:40:01 +0000] "GET /whsy.php?e=exe&p=%2Fproc%2F26856 HTTP/2.0" 200 1936 "https://www.vkeycloud.com.lab2454.com/whsy.php?p=%2Fproc%2F26856" "Mozilla/5.0 AppleWebKit/537.36 (KHTML, like Gecko; compatible; GPTBot/1.3; +https://openai.com/gptbot)"
74.7.227.26 - - [01/Mar/2026:13:40:05 +0000] "GET /whsy.php?e=mem&p=%2Fproc%2F15331 HTTP/2.0" 200 1936 "https://www.vkeycloud.com.lab2454.com/whsy.php?p=%2Fproc%2F15331" "Mozilla/5.0 AppleWebKit/537.36 (KHTML, like Gecko; compatible; GPTBot/1.3; +https://openai.com/gptbot)"
74.7.227.26 - - [01/Mar/2026:13:40:10 +0000] "GET /whsy.php?e=ksm_stat&p=%2Fproc%2F15331 HTTP/2.0" 200 1936 "https://www.vkeycloud.com.lab2454.com/whsy.php?p=%2Fproc%2F15331" "Mozilla/5.0 AppleWebKit/537.36 (KHTML, like Gecko; compatible; GPTBot/1.3; +https://openai.com/gptbot)"
74.7.227.26 - - [01/Mar/2026:13:40:14 +0000] "GET /whsy.php?e=stat&p=%2Fproc%2F28316 HTTP/2.0" 200 2128 "https://www.vkeycloud.com.lab2454.com/whsy.php?p=%2Fproc%2F28316" "Mozilla/5.0 AppleWebKit/537.36 (KHTML, like Gecko; compatible; GPTBot/1.3; +https://openai.com/gptbot)"
74.7.227.26 - - [01/Mar/2026:13:40:18 +0000] "GET /whsy.php?e=ksm_stat&p=%2Fproc%2F26856 HTTP/2.0" 200 1936 "https://www.vkeycloud.com.lab2454.com/whsy.php?p=%2Fproc%2F26856" "Mozilla/5.0 AppleWebKit/537.36 (KHTML, like Gecko; compatible; GPTBot/1.3; +https://openai.com/gptbot)"
74.7.227.26 - - [01/Mar/2026:13:40:22 +0000] "GET /whsy.php?e=exe&p=%2Fproc%2F28316 HTTP/2.0" 200 1936 "https://www.vkeycloud.com.lab2454.com/whsy.php?p=%2Fproc%2F28316" "Mozilla/5.0 AppleWebKit/537.36 (KHTML, like Gecko; compatible; GPTBot/1.3; +https://openai.com/gptbot)"
74.7.227.26 - - [01/Mar/2026:13:40:26 +0000] "GET /whsy.php?e=cmdline&p=%2Fproc%2F26856 HTTP/2.0" 200 2024 "https://www.vkeycloud.com.lab2454.com/whsy.php?p=%2Fproc%2F26856" "Mozilla/5.0 AppleWebKit/537.36 (KHTML, like Gecko; compatible; GPTBot/1.3; +https://openai.com/gptbot)"
74.7.227.26 - - [01/Mar/2026:13:40:31 +0000] "GET /whsy.php?e=oom_score_adj&p=%2Fproc%2F15331 HTTP/2.0" 200 2008 "https://www.vkeycloud.com.lab2454.com/whsy.php?p=%2Fproc%2F15331" "Mozilla/5.0 AppleWebKit/537.36 (KHTML, like Gecko; compatible; GPTBot/1.3; +https://openai.com/gptbot)"
74.7.227.26 - - [01/Mar/2026:13:40:35 +0000] "GET /whsy.php?e=maps&p=%2Fproc%2F15331 HTTP/2.0" 200 2119 "https://www.vkeycloud.com.lab2454.com/whsy.php?p=%2Fproc%2F15331" "Mozilla/5.0 AppleWebKit/537.36 (KHTML, like Gecko; compatible; GPTBot/1.3; +https://openai.com/gptbot)"
74.7.227.26 - - [01/Mar/2026:13:40:39 +0000] "GET /whsy.php?e=ksm_stat&p=%2Fproc%2F28316 HTTP/2.0" 200 1936 "https://www.vkeycloud.com.lab2454.com/whsy.php?p=%2Fproc%2F28316" "Mozilla/5.0 AppleWebKit/537.36 (KHTML, like Gecko; compatible; GPTBot/1.3; +https://openai.com/gptbot)"
74.7.227.26 - - [01/Mar/2026:13:40:43 +0000] "GET /whsy.php?e=comm&p=%2Fproc%2F15331 HTTP/2.0" 200 2007 "https://www.vkeycloud.com.lab2454.com/whsy.php?p=%2Fproc%2F15331" "Mozilla/5.0 AppleWebKit/537.36 (KHTML, like Gecko; compatible; GPTBot/1.3; +https://openai.com/gptbot)"
74.7.227.26 - - [01/Mar/2026:13:40:48 +0000] "GET /whsy.php?e=oom_score_adj&p=%2Fproc%2F26856 HTTP/2.0" 200 2008 "https://www.vkeycloud.com.lab2454.com/whsy.php?p=%2Fproc%2F26856" "Mozilla/5.0 AppleWebKit/537.36 (KHTML, like Gecko; compatible; GPTBot/1.3; +https://openai.com/gptbot)"
74.7.227.26 - - [01/Mar/2026:13:40:52 +0000] "GET /whsy.php?e=root&p=%2Fproc%2F28316 HTTP/2.0" 200 1936 "https://www.vkeycloud.com.lab2454.com/whsy.php?p=%2Fproc%2F28316" "Mozilla/5.0 AppleWebKit/537.36 (KHTML, like Gecko; compatible; GPTBot/1.3; +https://openai.com/gptbot)"
74.7.227.26 - - [01/Mar/2026:13:40:56 +0000] "GET /whsy.php?e=personality&p=%2Fproc%2F15331 HTTP/2.0" 200 1936 "https://www.vkeycloud.com.lab2454.com/whsy.php?p=%2Fproc%2F15331" "Mozilla/5.0 AppleWebKit/537.36 (KHTML, like Gecko; compatible; GPTBot/1.3; +https://openai.com/gptbot)"
74.7.227.26 - - [01/Mar/2026:13:41:00 +0000] "GET /whsy.php?e=comm&p=%2Fproc%2F26856 HTTP/2.0" 200 2008 "https://www.vkeycloud.com.lab2454.com/whsy.php?p=%2Fproc%2F26856" "Mozilla/5.0 AppleWebKit/537.36 (KHTML, like Gecko; compatible; GPTBot/1.3; +https://openai.com/gptbot)"
74.7.227.26 - - [01/Mar/2026:13:41:05 +0000] "GET /whsy.php?e=oom_score_adj&p=%2Fproc%2F28316 HTTP/2.0" 200 2008 "https://www.vkeycloud.com.lab2454.com/whsy.php?p=%2Fproc%2F28316" "Mozilla/5.0 AppleWebKit/537.36 (KHTML, like Gecko; compatible; GPTBot/1.3; +https://openai.com/gptbot)"
74.7.227.26 - - [01/Mar/2026:13:41:10 +0000] "GET /whsy.php?e=root&p=%2Fproc%2F26856 HTTP/2.0" 200 1936 "https://www.vkeycloud.com.lab2454.com/whsy.php?p=%2Fproc%2F26856" "Mozilla/5.0 AppleWebKit/537.36 (KHTML, like Gecko; compatible; GPTBot/1.3; +https://openai.com/gptbot)"
74.7.230.62 - - [01/Mar/2026:13:41:11 +0000] "GET /robots.txt HTTP/2.0" 404 - "-" "Mozilla/5.0 (Macintosh; Intel Mac OS X 10_15_7) AppleWebKit/537.36 (KHTML, like Gecko) Chrome/131.0.0.0 Safari/537.36; compatible; OAI-SearchBot/1.3; robots.txt; +https://openai.com/searchbot"
74.7.227.26 - - [01/Mar/2026:13:41:17 +0000] "GET /whsy.php?e=maps&p=%2Fproc%2F26856 HTTP/2.0" 200 2119 "https://www.vkeycloud.com.lab2454.com/whsy.php?p=%2Fproc%2F26856" "Mozilla/5.0 AppleWebKit/537.36 (KHTML, like Gecko; compatible; GPTBot/1.3; +https://openai.com/gptbot)"
74.7.227.26 - - [01/Mar/2026:13:41:26 +0000] "GET /whsy.php?e=personality&p=%2Fproc%2F26856 HTTP/2.0" 200 1936 "https://www.vkeycloud.com.lab2454.com/whsy.php?p=%2Fproc%2F26856" "Mozilla/5.0 AppleWebKit/537.36 (KHTML, like Gecko; compatible; GPTBot/1.3; +https://openai.com/gptbot)"
74.7.227.26 - - [01/Mar/2026:13:41:34 +0000] "GET /whsy.php?e=root&p=%2Fproc%2F15331 HTTP/2.0" 200 1936 "https://www.vkeycloud.com.lab2454.com/whsy.php?p=%2Fproc%2F15331" "Mozilla/5.0 AppleWebKit/537.36 (KHTML, like Gecko; compatible; GPTBot/1.3; +https://openai.com/gptbot)"
74.7.227.26 - - [01/Mar/2026:13:41:40 +0000] "GET /whsy.php?e=stat&p=%2Fproc%2F15331 HTTP/2.0" 200 2129 "https://www.vkeycloud.com.lab2454.com/whsy.php?p=%2Fproc%2F15331" "Mozilla/5.0 AppleWebKit/537.36 (KHTML, like Gecko; compatible; GPTBot/1.3; +https://openai.com/gptbot)"
74.7.227.26 - - [01/Mar/2026:13:41:44 +0000] "GET /whsy.php?e=timens_offsets&p=%2Fproc%2F28316 HTTP/2.0" 200 2023 "https://www.vkeycloud.com.lab2454.com/whsy.php?p=%2Fproc%2F28316" "Mozilla/5.0 AppleWebKit/537.36 (KHTML, like Gecko; compatible; GPTBot/1.3; +https://openai.com/gptbot)"
74.7.227.26 - - [01/Mar/2026:13:41:48 +0000] "GET /whsy.php?e=cpuset&p=%2Fproc%2F26856 HTTP/2.0" 200 2006 "https://www.vkeycloud.com.lab2454.com/whsy.php?p=%2Fproc%2F26856" "Mozilla/5.0 AppleWebKit/537.36 (KHTML, like Gecko; compatible; GPTBot/1.3; +https://openai.com/gptbot)"
74.7.227.26 - - [01/Mar/2026:13:41:53 +0000] "GET /whsy.php?e=cmdline&p=%2Fproc%2F28316 HTTP/2.0" 200 2023 "https://www.vkeycloud.com.lab2454.com/whsy.php?p=%2Fproc%2F28316" "Mozilla/5.0 AppleWebKit/537.36 (KHTML, like Gecko; compatible; GPTBot/1.3; +https://openai.com/gptbot)"
74.7.227.26 - - [01/Mar/2026:13:41:57 +0000] "GET /whsy.php?e=cgroup&p=%2Fproc%2F26856 HTTP/2.0" 200 2140 "https://www.vkeycloud.com.lab2454.com/whsy.php?p=%2Fproc%2F26856" "Mozilla/5.0 AppleWebKit/537.36 (KHTML, like Gecko; compatible; GPTBot/1.3; +https://openai.com/gptbot)"
74.7.227.26 - - [01/Mar/2026:13:42:01 +0000] "GET /whsy.php?e=cmdline&p=%2Fproc%2F15331 HTTP/2.0" 200 2024 "https://www.vkeycloud.com.lab2454.com/whsy.php?p=%2Fproc%2F15331" "Mozilla/5.0 AppleWebKit/537.36 (KHTML, like Gecko; compatible; GPTBot/1.3; +https://openai.com/gptbot)"
74.7.227.26 - - [01/Mar/2026:13:42:06 +0000] "GET /whsy.php?e=timens_offsets&p=%2Fproc%2F26856 HTTP/2.0" 200 2024 "https://www.vkeycloud.com.lab2454.com/whsy.php?p=%2Fproc%2F26856" "Mozilla/5.0 AppleWebKit/537.36 (KHTML, like Gecko; compatible; GPTBot/1.3; +https://openai.com/gptbot)"
74.7.227.26 - - [01/Mar/2026:13:42:11 +0000] "GET /whsy.php?e=io&p=%2Fproc%2F15331 HTTP/2.0" 200 1936 "https://www.vkeycloud.com.lab2454.com/whsy.php?p=%2Fproc%2F15331" "Mozilla/5.0 AppleWebKit/537.36 (KHTML, like Gecko; compatible; GPTBot/1.3; +https://openai.com/gptbot)"
74.7.227.26 - - [01/Mar/2026:13:42:16 +0000] "GET /whsy.php?e=timens_offsets&p=%2Fproc%2F15331 HTTP/2.0" 200 2022 "https://www.vkeycloud.com.lab2454.com/whsy.php?p=%2Fproc%2F15331" "Mozilla/5.0 AppleWebKit/537.36 (KHTML, like Gecko; compatible; GPTBot/1.3; +https://openai.com/gptbot)"
74.7.227.26 - - [01/Mar/2026:13:42:32 +0000] "GET /whsy.php?e=io&p=%2Fproc%2F26856 HTTP/2.0" 200 1936 "https://www.vkeycloud.com.lab2454.com/whsy.php?p=%2Fproc%2F26856" "Mozilla/5.0 AppleWebKit/537.36 (KHTML, like Gecko; compatible; GPTBot/1.3; +https://openai.com/gptbot)"
74.7.227.26 - - [01/Mar/2026:13:42:47 +0000] "GET /whsy.php?e=mem&p=%2Fproc%2F28316 HTTP/2.0" 200 1936 "https://www.vkeycloud.com.lab2454.com/whsy.php?p=%2Fproc%2F28316" "Mozilla/5.0 AppleWebKit/537.36 (KHTML, like Gecko; compatible; GPTBot/1.3; +https://openai.com/gptbot)"
74.7.227.26 - - [01/Mar/2026:13:42:53 +0000] "GET /whsy.php?e=cwd&p=%2Fproc%2F28316 HTTP/2.0" 200 1936 "https://www.vkeycloud.com.lab2454.com/whsy.php?p=%2Fproc%2F28316" "Mozilla/5.0 AppleWebKit/537.36 (KHTML, like Gecko; compatible; GPTBot/1.3; +https://openai.com/gptbot)"
74.7.227.26 - - [01/Mar/2026:13:42:58 +0000] "GET /whsy.php?e=personality&p=%2Fproc%2F28316 HTTP/2.0" 200 1936 "https://www.vkeycloud.com.lab2454.com/whsy.php?p=%2Fproc%2F28316" "Mozilla/5.0 AppleWebKit/537.36 (KHTML, like Gecko; compatible; GPTBot/1.3; +https://openai.com/gptbot)"
74.7.227.26 - - [01/Mar/2026:13:43:02 +0000] "GET /whsy.php?e=smaps&p=%2Fproc%2F28316 HTTP/2.0" 200 2122 "https://www.vkeycloud.com.lab2454.com/whsy.php?p=%2Fproc%2F28316" "Mozilla/5.0 AppleWebKit/537.36 (KHTML, like Gecko; compatible; GPTBot/1.3; +https://openai.com/gptbot)"
74.7.227.26 - - [01/Mar/2026:13:43:07 +0000] "GET /whsy.php?e=mountstats&p=%2Fproc%2F15331 HTTP/2.0" 200 1936 "https://www.vkeycloud.com.lab2454.com/whsy.php?p=%2Fproc%2F15331" "Mozilla/5.0 AppleWebKit/537.36 (KHTML, like Gecko; compatible; GPTBot/1.3; +https://openai.com/gptbot)"
74.7.227.26 - - [01/Mar/2026:13:43:11 +0000] "GET /whsy.php?e=wchan&p=%2Fproc%2F26856 HTTP/2.0" 200 2006 "https://www.vkeycloud.com.lab2454.com/whsy.php?p=%2Fproc%2F26856" "Mozilla/5.0 AppleWebKit/537.36 (KHTML, like Gecko; compatible; GPTBot/1.3; +https://openai.com/gptbot)"
74.7.227.26 - - [01/Mar/2026:13:43:16 +0000] "GET /whsy.php?e=wchan&p=%2Fproc%2F15331 HTTP/2.0" 200 2005 "https://www.vkeycloud.com.lab2454.com/whsy.php?p=%2Fproc%2F15331" "Mozilla/5.0 AppleWebKit/537.36 (KHTML, like Gecko; compatible; GPTBot/1.3; +https://openai.com/gptbot)"
74.7.227.26 - - [01/Mar/2026:13:43:20 +0000] "GET /whsy.php?e=sched&p=%2Fproc%2F28316 HTTP/2.0" 200 2482 "https://www.vkeycloud.com.lab2454.com/whsy.php?p=%2Fproc%2F28316" "Mozilla/5.0 AppleWebKit/537.36 (KHTML, like Gecko; compatible; GPTBot/1.3; +https://openai.com/gptbot)"
74.7.227.26 - - [01/Mar/2026:13:43:24 +0000] "GET /whsy.php?e=environ&p=%2Fproc%2F26856 HTTP/2.0" 200 1936 "https://www.vkeycloud.com.lab2454.com/whsy.php?p=%2Fproc%2F26856" "Mozilla/5.0 AppleWebKit/537.36 (KHTML, like Gecko; compatible; GPTBot/1.3; +https://openai.com/gptbot)"
74.7.227.26 - - [01/Mar/2026:13:43:29 +0000] "GET /whsy.php?e=environ&p=%2Fproc%2F15331 HTTP/2.0" 200 1936 "https://www.vkeycloud.com.lab2454.com/whsy.php?p=%2Fproc%2F15331" "Mozilla/5.0 AppleWebKit/537.36 (KHTML, like Gecko; compatible; GPTBot/1.3; +https://openai.com/gptbot)"
74.7.227.26 - - [01/Mar/2026:13:43:33 +0000] "GET /whsy.php?p=%2Fproc%2F12357 HTTP/2.0" 200 861 "https://www.vkeycloud.com.lab2454.com/whsy.php?p=%2Fproc%2F26918%2F.." "Mozilla/5.0 AppleWebKit/537.36 (KHTML, like Gecko; compatible; GPTBot/1.3; +https://openai.com/gptbot)"
74.7.227.26 - - [01/Mar/2026:13:43:38 +0000] "GET /whsy.php?p=%2Fproc%2F10508 HTTP/2.0" 200 861 "https://www.vkeycloud.com.lab2454.com/whsy.php?p=%2Fproc%2F16769%2F.." "Mozilla/5.0 AppleWebKit/537.36 (KHTML, like Gecko; compatible; GPTBot/1.3; +https://openai.com/gptbot)"
74.7.227.26 - - [01/Mar/2026:13:43:42 +0000] "GET /whsy.php?p=%2Fproc%2F10242 HTTP/2.0" 200 861 "https://www.vkeycloud.com.lab2454.com/whsy.php?p=%2Fproc%2F16769%2F.." "Mozilla/5.0 AppleWebKit/537.36 (KHTML, like Gecko; compatible; GPTBot/1.3; +https://openai.com/gptbot)"
74.7.227.26 - - [01/Mar/2026:13:43:46 +0000] "GET /whsy.php?e=environ&p=%2Fproc%2F28316 HTTP/2.0" 200 1936 "https://www.vkeycloud.com.lab2454.com/whsy.php?p=%2Fproc%2F28316" "Mozilla/5.0 AppleWebKit/537.36 (KHTML, like Gecko; compatible; GPTBot/1.3; +https://openai.com/gptbot)"
74.7.227.26 - - [01/Mar/2026:13:43:51 +0000] "GET /whsy.php?p=%2Fproc%2F11901 HTTP/2.0" 200 861 "https://www.vkeycloud.com.lab2454.com/whsy.php?p=%2Fproc%2F26918%2F.." "Mozilla/5.0 AppleWebKit/537.36 (KHTML, like Gecko; compatible; GPTBot/1.3; +https://openai.com/gptbot)"
74.7.227.26 - - [01/Mar/2026:13:43:55 +0000] "GET /whsy.php?p=%2Fproc%2F12378 HTTP/2.0" 200 861 "https://www.vkeycloud.com.lab2454.com/whsy.php?p=%2Fproc%2F26918%2F.." "Mozilla/5.0 AppleWebKit/537.36 (KHTML, like Gecko; compatible; GPTBot/1.3; +https://openai.com/gptbot)"
74.7.227.26 - - [01/Mar/2026:13:43:59 +0000] "GET /whsy.php?p=%2Fproc%2F10787 HTTP/2.0" 200 861 "https://www.vkeycloud.com.lab2454.com/whsy.php?p=%2Fproc%2F16769%2F.." "Mozilla/5.0 AppleWebKit/537.36 (KHTML, like Gecko; compatible; GPTBot/1.3; +https://openai.com/gptbot)"
74.7.227.26 - - [01/Mar/2026:13:44:04 +0000] "GET /whsy.php?p=%2Fproc%2F22943 HTTP/2.0" 200 861 "https://www.vkeycloud.com.lab2454.com/whsy.php?p=%2Fproc%2F25364%2F.." "Mozilla/5.0 AppleWebKit/537.36 (KHTML, like Gecko; compatible; GPTBot/1.3; +https://openai.com/gptbot)"
74.7.227.26 - - [01/Mar/2026:13:44:08 +0000] "GET /whsy.php?p=%2Fproc%2F12386 HTTP/2.0" 200 861 "https://www.vkeycloud.com.lab2454.com/whsy.php?p=%2Fproc%2F26918%2F.." "Mozilla/5.0 AppleWebKit/537.36 (KHTML, like Gecko; compatible; GPTBot/1.3; +https://openai.com/gptbot)"
74.7.227.26 - - [01/Mar/2026:13:44:13 +0000] "GET /whsy.php?p=%2Fproc%2F26291 HTTP/2.0" 200 861 "https://www.vkeycloud.com.lab2454.com/whsy.php?p=%2Fproc%2F25364%2F.." "Mozilla/5.0 AppleWebKit/537.36 (KHTML, like Gecko; compatible; GPTBot/1.3; +https://openai.com/gptbot)"
74.7.227.26 - - [01/Mar/2026:13:44:17 +0000] "GET /whsy.php?p=%2Fproc%2F32391 HTTP/2.0" 200 861 "https://www.vkeycloud.com.lab2454.com/whsy.php?p=%2Fproc%2F25364%2F.." "Mozilla/5.0 AppleWebKit/537.36 (KHTML, like Gecko; compatible; GPTBot/1.3; +https://openai.com/gptbot)"
74.7.227.26 - - [01/Mar/2026:13:44:22 +0000] "GET /whsy.php?p=%2Fproc%2F12054 HTTP/2.0" 200 861 "https://www.vkeycloud.com.lab2454.com/whsy.php?p=%2Fproc%2F25364%2F.." "Mozilla/5.0 AppleWebKit/537.36 (KHTML, like Gecko; compatible; GPTBot/1.3; +https://openai.com/gptbot)"
74.7.227.26 - - [01/Mar/2026:13:44:26 +0000] "GET /whsy.php?p=%2Fproc%2F12364 HTTP/2.0" 200 861 "https://www.vkeycloud.com.lab2454.com/whsy.php?p=%2Fproc%2F26918%2F.." "Mozilla/5.0 AppleWebKit/537.36 (KHTML, like Gecko; compatible; GPTBot/1.3; +https://openai.com/gptbot)"
