74.7.227.26 - - [01/Mar/2026:15:17:15 +0000] "GET /whsy.php?p=%2Fproc%2F29089 HTTP/2.0" 200 861 "https://www.vkeycloud.com.lab2454.com/whsy.php?p=%2Fproc%2F27565%2F.." "Mozilla/5.0 AppleWebKit/537.36 (KHTML, like Gecko; compatible; GPTBot/1.3; +https://openai.com/gptbot)"
74.7.227.26 - - [01/Mar/2026:15:17:28 +0000] "GET /whsy.php?p=%2Fproc%2F14381 HTTP/2.0" 200 861 "https://www.vkeycloud.com.lab2454.com/whsy.php?e=9040&p=%2Fproc" "Mozilla/5.0 AppleWebKit/537.36 (KHTML, like Gecko; compatible; GPTBot/1.3; +https://openai.com/gptbot)"
74.7.227.26 - - [01/Mar/2026:15:17:37 +0000] "GET /whsy.php?p=%2Fproc%2F11930 HTTP/2.0" 200 861 "https://www.vkeycloud.com.lab2454.com/whsy.php?e=9042&p=%2Fproc" "Mozilla/5.0 AppleWebKit/537.36 (KHTML, like Gecko; compatible; GPTBot/1.3; +https://openai.com/gptbot)"
74.7.227.26 - - [01/Mar/2026:15:17:47 +0000] "GET /whsy.php?p=%2Fproc%2F12784 HTTP/2.0" 200 861 "https://www.vkeycloud.com.lab2454.com/whsy.php?e=9042&p=%2Fproc" "Mozilla/5.0 AppleWebKit/537.36 (KHTML, like Gecko; compatible; GPTBot/1.3; +https://openai.com/gptbot)"
74.7.227.26 - - [01/Mar/2026:15:17:56 +0000] "GET /whsy.php?p=%2Fproc%2F27391 HTTP/2.0" 200 1936 "https://www.vkeycloud.com.lab2454.com/whsy.php?p=%2Fproc%2F27565%2F.." "Mozilla/5.0 AppleWebKit/537.36 (KHTML, like Gecko; compatible; GPTBot/1.3; +https://openai.com/gptbot)"
74.7.227.26 - - [01/Mar/2026:15:18:09 +0000] "GET /whsy.php?p=%2Fproc%2F29456 HTTP/2.0" 200 1907 "https://www.vkeycloud.com.lab2454.com/whsy.php?p=%2Fproc%2F27565%2F.." "Mozilla/5.0 AppleWebKit/537.36 (KHTML, like Gecko; compatible; GPTBot/1.3; +https://openai.com/gptbot)"
74.7.227.26 - - [01/Mar/2026:15:18:26 +0000] "GET /whsy.php?p=%2Fproc%2F14385 HTTP/2.0" 200 861 "https://www.vkeycloud.com.lab2454.com/whsy.php?e=9040&p=%2Fproc" "Mozilla/5.0 AppleWebKit/537.36 (KHTML, like Gecko; compatible; GPTBot/1.3; +https://openai.com/gptbot)"
74.7.227.26 - - [01/Mar/2026:15:18:39 +0000] "GET /whsy.php?p=%2Fproc%2F14034 HTTP/2.0" 200 861 "https://www.vkeycloud.com.lab2454.com/whsy.php?e=9041&p=%2Fproc" "Mozilla/5.0 AppleWebKit/537.36 (KHTML, like Gecko; compatible; GPTBot/1.3; +https://openai.com/gptbot)"
74.7.227.26 - - [01/Mar/2026:15:18:48 +0000] "GET /whsy.php?p=%2Fproc%2F11486 HTTP/2.0" 200 1936 "https://www.vkeycloud.com.lab2454.com/whsy.php?p=%2Fproc%2F27565%2F.." "Mozilla/5.0 AppleWebKit/537.36 (KHTML, like Gecko; compatible; GPTBot/1.3; +https://openai.com/gptbot)"
74.7.227.26 - - [01/Mar/2026:15:18:58 +0000] "GET /whsy.php?e=mountinfo&p=%2Fproc%2F26554 HTTP/2.0" 200 2988 "https://www.vkeycloud.com.lab2454.com/whsy.php?p=%2Fproc%2F26554" "Mozilla/5.0 AppleWebKit/537.36 (KHTML, like Gecko; compatible; GPTBot/1.3; +https://openai.com/gptbot)"
74.7.227.26 - - [01/Mar/2026:15:19:15 +0000] "GET /whsy.php?e=pagemap&p=%2Fproc%2F26554 HTTP/2.0" 200 1936 "https://www.vkeycloud.com.lab2454.com/whsy.php?p=%2Fproc%2F26554" "Mozilla/5.0 AppleWebKit/537.36 (KHTML, like Gecko; compatible; GPTBot/1.3; +https://openai.com/gptbot)"
74.7.227.26 - - [01/Mar/2026:15:19:26 +0000] "GET /whsy.php?e=stack&p=%2Fproc%2F26554 HTTP/2.0" 200 1936 "https://www.vkeycloud.com.lab2454.com/whsy.php?p=%2Fproc%2F26554" "Mozilla/5.0 AppleWebKit/537.36 (KHTML, like Gecko; compatible; GPTBot/1.3; +https://openai.com/gptbot)"
74.7.227.26 - - [01/Mar/2026:15:19:35 +0000] "GET /whsy.php?e=statm&p=%2Fproc%2F26554 HTTP/2.0" 200 2033 "https://www.vkeycloud.com.lab2454.com/whsy.php?p=%2Fproc%2F26554" "Mozilla/5.0 AppleWebKit/537.36 (KHTML, like Gecko; compatible; GPTBot/1.3; +https://openai.com/gptbot)"
74.7.227.26 - - [01/Mar/2026:15:19:49 +0000] "GET /whsy.php?e=autogroup&p=%2Fproc%2F26554 HTTP/2.0" 200 2020 "https://www.vkeycloud.com.lab2454.com/whsy.php?p=%2Fproc%2F26554" "Mozilla/5.0 AppleWebKit/537.36 (KHTML, like Gecko; compatible; GPTBot/1.3; +https://openai.com/gptbot)"
74.7.227.26 - - [01/Mar/2026:15:19:59 +0000] "GET /whsy.php?e=timerslack_ns&p=%2Fproc%2F26554 HTTP/2.0" 200 2008 "https://www.vkeycloud.com.lab2454.com/whsy.php?p=%2Fproc%2F26554" "Mozilla/5.0 AppleWebKit/537.36 (KHTML, like Gecko; compatible; GPTBot/1.3; +https://openai.com/gptbot)"
74.7.227.26 - - [01/Mar/2026:15:20:08 +0000] "GET /whsy.php?e=autogroup&p=%2Fproc%2F27391 HTTP/2.0" 200 2020 "https://www.vkeycloud.com.lab2454.com/whsy.php?p=%2Fproc%2F27391" "Mozilla/5.0 AppleWebKit/537.36 (KHTML, like Gecko; compatible; GPTBot/1.3; +https://openai.com/gptbot)"
74.7.227.26 - - [01/Mar/2026:15:20:20 +0000] "GET /whsy.php?e=mem&p=%2Fproc%2F29456 HTTP/2.0" 200 1979 "https://www.vkeycloud.com.lab2454.com/whsy.php?p=%2Fproc%2F29456" "Mozilla/5.0 AppleWebKit/537.36 (KHTML, like Gecko; compatible; GPTBot/1.3; +https://openai.com/gptbot)"
74.7.227.26 - - [01/Mar/2026:15:20:36 +0000] "GET /whsy.php?e=mountinfo&p=%2Fproc%2F29456 HTTP/2.0" 200 2948 "https://www.vkeycloud.com.lab2454.com/whsy.php?p=%2Fproc%2F29456" "Mozilla/5.0 AppleWebKit/537.36 (KHTML, like Gecko; compatible; GPTBot/1.3; +https://openai.com/gptbot)"
74.7.227.26 - - [01/Mar/2026:15:20:43 +0000] "GET /whsy.php?e=mountinfo&p=%2Fproc%2F27391 HTTP/2.0" 200 2988 "https://www.vkeycloud.com.lab2454.com/whsy.php?p=%2Fproc%2F27391" "Mozilla/5.0 AppleWebKit/537.36 (KHTML, like Gecko; compatible; GPTBot/1.3; +https://openai.com/gptbot)"
74.7.227.26 - - [01/Mar/2026:15:20:50 +0000] "GET /whsy.php?e=smaps_rollup&p=%2Fproc%2F11486 HTTP/2.0" 200 2009 "https://www.vkeycloud.com.lab2454.com/whsy.php?p=%2Fproc%2F11486" "Mozilla/5.0 AppleWebKit/537.36 (KHTML, like Gecko; compatible; GPTBot/1.3; +https://openai.com/gptbot)"
74.7.227.26 - - [01/Mar/2026:15:21:00 +0000] "GET /whsy.php?e=syscall&p=%2Fproc%2F11486 HTTP/2.0" 200 1936 "https://www.vkeycloud.com.lab2454.com/whsy.php?p=%2Fproc%2F11486" "Mozilla/5.0 AppleWebKit/537.36 (KHTML, like Gecko; compatible; GPTBot/1.3; +https://openai.com/gptbot)"
74.7.227.26 - - [01/Mar/2026:15:21:16 +0000] "GET /whsy.php?e=mountinfo&p=%2Fproc%2F11486 HTTP/2.0" 200 2988 "https://www.vkeycloud.com.lab2454.com/whsy.php?p=%2Fproc%2F11486" "Mozilla/5.0 AppleWebKit/537.36 (KHTML, like Gecko; compatible; GPTBot/1.3; +https://openai.com/gptbot)"
74.7.227.26 - - [01/Mar/2026:15:21:26 +0000] "GET /whsy.php?e=timerslack_ns&p=%2Fproc%2F11486 HTTP/2.0" 200 2007 "https://www.vkeycloud.com.lab2454.com/whsy.php?p=%2Fproc%2F11486" "Mozilla/5.0 AppleWebKit/537.36 (KHTML, like Gecko; compatible; GPTBot/1.3; +https://openai.com/gptbot)"
74.7.227.26 - - [01/Mar/2026:15:21:40 +0000] "GET /whsy.php?e=stack&p=%2Fproc%2F29456 HTTP/2.0" 200 1979 "https://www.vkeycloud.com.lab2454.com/whsy.php?p=%2Fproc%2F29456" "Mozilla/5.0 AppleWebKit/537.36 (KHTML, like Gecko; compatible; GPTBot/1.3; +https://openai.com/gptbot)"
74.7.227.26 - - [01/Mar/2026:15:21:48 +0000] "GET /whsy.php?e=statm&p=%2Fproc%2F27391 HTTP/2.0" 200 2032 "https://www.vkeycloud.com.lab2454.com/whsy.php?p=%2Fproc%2F27391" "Mozilla/5.0 AppleWebKit/537.36 (KHTML, like Gecko; compatible; GPTBot/1.3; +https://openai.com/gptbot)"
74.7.227.26 - - [01/Mar/2026:15:21:56 +0000] "GET /whsy.php?e=statm&p=%2Fproc%2F11486 HTTP/2.0" 200 2008 "https://www.vkeycloud.com.lab2454.com/whsy.php?p=%2Fproc%2F11486" "Mozilla/5.0 AppleWebKit/537.36 (KHTML, like Gecko; compatible; GPTBot/1.3; +https://openai.com/gptbot)"
74.7.227.26 - - [01/Mar/2026:15:22:01 +0000] "GET /whsy.php?e=stack&p=%2Fproc%2F11486 HTTP/2.0" 200 1936 "https://www.vkeycloud.com.lab2454.com/whsy.php?p=%2Fproc%2F11486" "Mozilla/5.0 AppleWebKit/537.36 (KHTML, like Gecko; compatible; GPTBot/1.3; +https://openai.com/gptbot)"
74.7.227.26 - - [01/Mar/2026:15:22:05 +0000] "GET /whsy.php?e=stack&p=%2Fproc%2F27391 HTTP/2.0" 200 1936 "https://www.vkeycloud.com.lab2454.com/whsy.php?p=%2Fproc%2F27391" "Mozilla/5.0 AppleWebKit/537.36 (KHTML, like Gecko; compatible; GPTBot/1.3; +https://openai.com/gptbot)"
74.7.227.26 - - [01/Mar/2026:15:22:10 +0000] "GET /whsy.php?e=auxv&p=%2Fproc%2F11486 HTTP/2.0" 200 1936 "https://www.vkeycloud.com.lab2454.com/whsy.php?p=%2Fproc%2F11486" "Mozilla/5.0 AppleWebKit/537.36 (KHTML, like Gecko; compatible; GPTBot/1.3; +https://openai.com/gptbot)"
74.7.227.26 - - [01/Mar/2026:15:22:20 +0000] "GET /whsy.php?e=statm&p=%2Fproc%2F29456 HTTP/2.0" 200 2002 "https://www.vkeycloud.com.lab2454.com/whsy.php?p=%2Fproc%2F29456" "Mozilla/5.0 AppleWebKit/537.36 (KHTML, like Gecko; compatible; GPTBot/1.3; +https://openai.com/gptbot)"
74.7.227.26 - - [01/Mar/2026:15:22:28 +0000] "GET /whsy.php?e=auxv&p=%2Fproc%2F27391 HTTP/2.0" 200 1936 "https://www.vkeycloud.com.lab2454.com/whsy.php?p=%2Fproc%2F27391" "Mozilla/5.0 AppleWebKit/537.36 (KHTML, like Gecko; compatible; GPTBot/1.3; +https://openai.com/gptbot)"
74.7.227.26 - - [01/Mar/2026:15:22:36 +0000] "GET /whsy.php?e=wchan&p=%2Fproc%2F11486 HTTP/2.0" 200 2005 "https://www.vkeycloud.com.lab2454.com/whsy.php?p=%2Fproc%2F11486" "Mozilla/5.0 AppleWebKit/537.36 (KHTML, like Gecko; compatible; GPTBot/1.3; +https://openai.com/gptbot)"
74.7.227.26 - - [01/Mar/2026:15:22:42 +0000] "GET /whsy.php?e=auxv&p=%2Fproc%2F29456 HTTP/2.0" 200 1977 "https://www.vkeycloud.com.lab2454.com/whsy.php?p=%2Fproc%2F29456" "Mozilla/5.0 AppleWebKit/537.36 (KHTML, like Gecko; compatible; GPTBot/1.3; +https://openai.com/gptbot)"
104.152.52.214 - - [01/Mar/2026:15:22:48 +0000] "GET / HTTP/1.1" 200 1380 "-" "curl/7.61.1"
104.152.52.214 - - [01/Mar/2026:15:22:48 +0000] "GET /favicon.ico HTTP/1.1" 404 - "-" "curl/7.61.1"
74.7.227.26 - - [01/Mar/2026:15:22:49 +0000] "GET /whsy.php?e=sessionid&p=%2Fproc%2F27391 HTTP/2.0" 200 2016 "https://www.vkeycloud.com.lab2454.com/whsy.php?p=%2Fproc%2F27391" "Mozilla/5.0 AppleWebKit/537.36 (KHTML, like Gecko; compatible; GPTBot/1.3; +https://openai.com/gptbot)"
74.7.227.26 - - [01/Mar/2026:15:22:55 +0000] "GET /whsy.php?e=sessionid&p=%2Fproc%2F29456 HTTP/2.0" 200 1989 "https://www.vkeycloud.com.lab2454.com/whsy.php?p=%2Fproc%2F29456" "Mozilla/5.0 AppleWebKit/537.36 (KHTML, like Gecko; compatible; GPTBot/1.3; +https://openai.com/gptbot)"
74.7.227.26 - - [01/Mar/2026:15:23:01 +0000] "GET /whsy.php?e=setgroups&p=%2Fproc%2F29456 HTTP/2.0" 200 1982 "https://www.vkeycloud.com.lab2454.com/whsy.php?p=%2Fproc%2F29456" "Mozilla/5.0 AppleWebKit/537.36 (KHTML, like Gecko; compatible; GPTBot/1.3; +https://openai.com/gptbot)"
74.7.227.26 - - [01/Mar/2026:15:23:08 +0000] "GET /whsy.php?e=setgroups&p=%2Fproc%2F27391 HTTP/2.0" 200 2007 "https://www.vkeycloud.com.lab2454.com/whsy.php?p=%2Fproc%2F27391" "Mozilla/5.0 AppleWebKit/537.36 (KHTML, like Gecko; compatible; GPTBot/1.3; +https://openai.com/gptbot)"
74.7.227.26 - - [01/Mar/2026:15:23:15 +0000] "GET /whsy.php?e=timerslack_ns&p=%2Fproc%2F29456 HTTP/2.0" 200 1983 "https://www.vkeycloud.com.lab2454.com/whsy.php?p=%2Fproc%2F29456" "Mozilla/5.0 AppleWebKit/537.36 (KHTML, like Gecko; compatible; GPTBot/1.3; +https://openai.com/gptbot)"
74.7.227.26 - - [01/Mar/2026:15:23:26 +0000] "GET /whsy.php?e=timerslack_ns&p=%2Fproc%2F27391 HTTP/2.0" 200 2007 "https://www.vkeycloud.com.lab2454.com/whsy.php?p=%2Fproc%2F27391" "Mozilla/5.0 AppleWebKit/537.36 (KHTML, like Gecko; compatible; GPTBot/1.3; +https://openai.com/gptbot)"
74.7.227.26 - - [01/Mar/2026:15:23:35 +0000] "GET /whsy.php?e=setgroups&p=%2Fproc%2F11486 HTTP/2.0" 200 2007 "https://www.vkeycloud.com.lab2454.com/whsy.php?p=%2Fproc%2F11486" "Mozilla/5.0 AppleWebKit/537.36 (KHTML, like Gecko; compatible; GPTBot/1.3; +https://openai.com/gptbot)"
74.7.227.26 - - [01/Mar/2026:15:23:43 +0000] "GET /whsy.php?e=schedstat&p=%2Fproc%2F27391 HTTP/2.0" 200 2026 "https://www.vkeycloud.com.lab2454.com/whsy.php?p=%2Fproc%2F27391" "Mozilla/5.0 AppleWebKit/537.36 (KHTML, like Gecko; compatible; GPTBot/1.3; +https://openai.com/gptbot)"
74.7.227.26 - - [01/Mar/2026:15:23:49 +0000] "GET /whsy.php?e=schedstat&p=%2Fproc%2F29456 HTTP/2.0" 200 1999 "https://www.vkeycloud.com.lab2454.com/whsy.php?p=%2Fproc%2F29456" "Mozilla/5.0 AppleWebKit/537.36 (KHTML, like Gecko; compatible; GPTBot/1.3; +https://openai.com/gptbot)"
74.7.227.26 - - [01/Mar/2026:15:23:54 +0000] "GET /whsy.php?e=sessionid&p=%2Fproc%2F11486 HTTP/2.0" 200 2016 "https://www.vkeycloud.com.lab2454.com/whsy.php?p=%2Fproc%2F11486" "Mozilla/5.0 AppleWebKit/537.36 (KHTML, like Gecko; compatible; GPTBot/1.3; +https://openai.com/gptbot)"
74.7.227.26 - - [01/Mar/2026:15:23:59 +0000] "GET /whsy.php?e=schedstat&p=%2Fproc%2F11486 HTTP/2.0" 200 2033 "https://www.vkeycloud.com.lab2454.com/whsy.php?p=%2Fproc%2F11486" "Mozilla/5.0 AppleWebKit/537.36 (KHTML, like Gecko; compatible; GPTBot/1.3; +https://openai.com/gptbot)"
74.7.227.26 - - [01/Mar/2026:15:24:05 +0000] "GET /whsy.php?e=autogroup&p=%2Fproc%2F29456 HTTP/2.0" 200 1996 "https://www.vkeycloud.com.lab2454.com/whsy.php?p=%2Fproc%2F29456" "Mozilla/5.0 AppleWebKit/537.36 (KHTML, like Gecko; compatible; GPTBot/1.3; +https://openai.com/gptbot)"
74.7.227.26 - - [01/Mar/2026:15:24:11 +0000] "GET /whsy.php?e=autogroup&p=%2Fproc%2F11486 HTTP/2.0" 200 2003 "https://www.vkeycloud.com.lab2454.com/whsy.php?p=%2Fproc%2F11486" "Mozilla/5.0 AppleWebKit/537.36 (KHTML, like Gecko; compatible; GPTBot/1.3; +https://openai.com/gptbot)"
74.7.227.26 - - [01/Mar/2026:15:24:18 +0000] "GET /whsy.php?e=wchan&p=%2Fproc%2F27391 HTTP/2.0" 200 2005 "https://www.vkeycloud.com.lab2454.com/whsy.php?p=%2Fproc%2F27391" "Mozilla/5.0 AppleWebKit/537.36 (KHTML, like Gecko; compatible; GPTBot/1.3; +https://openai.com/gptbot)"
74.7.227.26 - - [01/Mar/2026:15:24:23 +0000] "GET /whsy.php?e=wchan&p=%2Fproc%2F29456 HTTP/2.0" 200 1988 "https://www.vkeycloud.com.lab2454.com/whsy.php?p=%2Fproc%2F29456" "Mozilla/5.0 AppleWebKit/537.36 (KHTML, like Gecko; compatible; GPTBot/1.3; +https://openai.com/gptbot)"
74.7.227.26 - - [01/Mar/2026:15:24:28 +0000] "GET /whsy.php?e=gid_map&p=%2Fproc%2F26554 HTTP/2.0" 200 2025 "https://www.vkeycloud.com.lab2454.com/whsy.php?p=%2Fproc%2F26554" "Mozilla/5.0 AppleWebKit/537.36 (KHTML, like Gecko; compatible; GPTBot/1.3; +https://openai.com/gptbot)"
74.7.227.26 - - [01/Mar/2026:15:24:33 +0000] "GET /whsy.php?e=uid_map&p=%2Fproc%2F26554 HTTP/2.0" 200 2022 "https://www.vkeycloud.com.lab2454.com/whsy.php?p=%2Fproc%2F26554" "Mozilla/5.0 AppleWebKit/537.36 (KHTML, like Gecko; compatible; GPTBot/1.3; +https://openai.com/gptbot)"
74.7.227.26 - - [01/Mar/2026:15:24:38 +0000] "GET /whsy.php?e=gid_map&p=%2Fproc%2F11486 HTTP/2.0" 200 2026 "https://www.vkeycloud.com.lab2454.com/whsy.php?p=%2Fproc%2F11486" "Mozilla/5.0 AppleWebKit/537.36 (KHTML, like Gecko; compatible; GPTBot/1.3; +https://openai.com/gptbot)"
74.7.227.26 - - [01/Mar/2026:15:24:42 +0000] "GET /whsy.php?e=schedstat&p=%2Fproc%2F26554 HTTP/2.0" 200 2027 "https://www.vkeycloud.com.lab2454.com/whsy.php?p=%2Fproc%2F26554" "Mozilla/5.0 AppleWebKit/537.36 (KHTML, like Gecko; compatible; GPTBot/1.3; +https://openai.com/gptbot)"
74.7.227.26 - - [01/Mar/2026:15:24:47 +0000] "GET /whsy.php?e=stat&p=%2Fproc%2F11486 HTTP/2.0" 200 2103 "https://www.vkeycloud.com.lab2454.com/whsy.php?p=%2Fproc%2F11486" "Mozilla/5.0 AppleWebKit/537.36 (KHTML, like Gecko; compatible; GPTBot/1.3; +https://openai.com/gptbot)"
74.7.227.26 - - [01/Mar/2026:15:24:51 +0000] "GET /whsy.php?e=uid_map&p=%2Fproc%2F11486 HTTP/2.0" 200 2022 "https://www.vkeycloud.com.lab2454.com/whsy.php?p=%2Fproc%2F11486" "Mozilla/5.0 AppleWebKit/537.36 (KHTML, like Gecko; compatible; GPTBot/1.3; +https://openai.com/gptbot)"
74.7.227.26 - - [01/Mar/2026:15:24:56 +0000] "GET /whsy.php?e=sched&p=%2Fproc%2F26554 HTTP/2.0" 200 2476 "https://www.vkeycloud.com.lab2454.com/whsy.php?p=%2Fproc%2F26554" "Mozilla/5.0 AppleWebKit/537.36 (KHTML, like Gecko; compatible; GPTBot/1.3; +https://openai.com/gptbot)"
74.7.227.26 - - [01/Mar/2026:15:25:01 +0000] "GET /whsy.php?e=smaps&p=%2Fproc%2F26554 HTTP/2.0" 200 2121 "https://www.vkeycloud.com.lab2454.com/whsy.php?p=%2Fproc%2F26554" "Mozilla/5.0 AppleWebKit/537.36 (KHTML, like Gecko; compatible; GPTBot/1.3; +https://openai.com/gptbot)"
74.7.227.26 - - [01/Mar/2026:15:25:05 +0000] "GET /whsy.php?e=smaps&p=%2Fproc%2F11486 HTTP/2.0" 200 2007 "https://www.vkeycloud.com.lab2454.com/whsy.php?p=%2Fproc%2F11486" "Mozilla/5.0 AppleWebKit/537.36 (KHTML, like Gecko; compatible; GPTBot/1.3; +https://openai.com/gptbot)"
74.7.227.26 - - [01/Mar/2026:15:25:10 +0000] "GET /whsy.php?e=uid_map&p=%2Fproc%2F27391 HTTP/2.0" 200 2022 "https://www.vkeycloud.com.lab2454.com/whsy.php?p=%2Fproc%2F27391" "Mozilla/5.0 AppleWebKit/537.36 (KHTML, like Gecko; compatible; GPTBot/1.3; +https://openai.com/gptbot)"
74.7.227.26 - - [01/Mar/2026:15:25:17 +0000] "GET /whsy.php?e=oom_adj&p=%2Fproc%2F27391 HTTP/2.0" 200 2006 "https://www.vkeycloud.com.lab2454.com/whsy.php?p=%2Fproc%2F27391" "Mozilla/5.0 AppleWebKit/537.36 (KHTML, like Gecko; compatible; GPTBot/1.3; +https://openai.com/gptbot)"
74.7.227.26 - - [01/Mar/2026:15:25:25 +0000] "GET /whsy.php?e=oom_adj&p=%2Fproc%2F11486 HTTP/2.0" 200 2006 "https://www.vkeycloud.com.lab2454.com/whsy.php?p=%2Fproc%2F11486" "Mozilla/5.0 AppleWebKit/537.36 (KHTML, like Gecko; compatible; GPTBot/1.3; +https://openai.com/gptbot)"
74.7.227.26 - - [01/Mar/2026:15:25:39 +0000] "GET /whsy.php?e=oom_adj&p=%2Fproc%2F29456 HTTP/2.0" 200 1981 "https://www.vkeycloud.com.lab2454.com/whsy.php?p=%2Fproc%2F29456" "Mozilla/5.0 AppleWebKit/537.36 (KHTML, like Gecko; compatible; GPTBot/1.3; +https://openai.com/gptbot)"
74.7.227.26 - - [01/Mar/2026:15:25:46 +0000] "GET /whsy.php?e=uid_map&p=%2Fproc%2F29456 HTTP/2.0" 200 1994 "https://www.vkeycloud.com.lab2454.com/whsy.php?p=%2Fproc%2F29456" "Mozilla/5.0 AppleWebKit/537.36 (KHTML, like Gecko; compatible; GPTBot/1.3; +https://openai.com/gptbot)"
74.7.227.26 - - [01/Mar/2026:15:25:54 +0000] "GET /whsy.php?e=gid_map&p=%2Fproc%2F27391 HTTP/2.0" 200 2025 "https://www.vkeycloud.com.lab2454.com/whsy.php?p=%2Fproc%2F27391" "Mozilla/5.0 AppleWebKit/537.36 (KHTML, like Gecko; compatible; GPTBot/1.3; +https://openai.com/gptbot)"
74.7.227.26 - - [01/Mar/2026:15:26:04 +0000] "GET /whsy.php?e=gid_map&p=%2Fproc%2F29456 HTTP/2.0" 200 1997 "https://www.vkeycloud.com.lab2454.com/whsy.php?p=%2Fproc%2F29456" "Mozilla/5.0 AppleWebKit/537.36 (KHTML, like Gecko; compatible; GPTBot/1.3; +https://openai.com/gptbot)"
135.181.180.59 - - [01/Mar/2026:15:26:05 +0000] "GET /robots.txt HTTP/1.1" 404 - "-" "Mozilla/5.0 (compatible; MJ12bot/v1.4.8; http://mj12bot.com/)"
135.181.180.59 - - [01/Mar/2026:15:26:06 +0000] "GET /whsy.php?e=.htaccess&p=/home/lab2454c/adenbic.com/cgi-bin HTTP/1.1" 200 1018 "-" "Mozilla/5.0 (compatible; MJ12bot/v1.4.8; http://mj12bot.com/)"
74.7.227.26 - - [01/Mar/2026:15:26:11 +0000] "GET /whsy.php?e=sessionid&p=%2Fproc%2F26554 HTTP/2.0" 200 2016 "https://www.vkeycloud.com.lab2454.com/whsy.php?p=%2Fproc%2F26554" "Mozilla/5.0 AppleWebKit/537.36 (KHTML, like Gecko; compatible; GPTBot/1.3; +https://openai.com/gptbot)"
135.181.180.59 - - [01/Mar/2026:15:26:12 +0000] "GET /whsy.php?e=switcher.php&p=/home/lab2454c/adenbic.com/wp-content/plugins/elementor/includes/controls HTTP/1.1" 200 2854 "-" "Mozilla/5.0 (compatible; MJ12bot/v1.4.8; http://mj12bot.com/)"
135.181.180.59 - - [01/Mar/2026:15:26:15 +0000] "GET /whsy.php?e=template-type.js&p=/home/lab2454c/adenbic.com/wp-content/plugins/elementor-pro/core/app/modules/site-editor/assets/js/pages HTTP/1.1" 200 1489 "-" "Mozilla/5.0 (compatible; MJ12bot/v1.4.8; http://mj12bot.com/)"
135.181.180.59 - - [01/Mar/2026:15:26:18 +0000] "GET /whsy.php?e=template-type.scss&p=/home/lab2454c/adenbic.com/wp-content/plugins/elementor-pro/core/app/modules/site-editor/assets/js/pages HTTP/1.1" 200 1086 "-" "Mozilla/5.0 (compatible; MJ12bot/v1.4.8; http://mj12bot.com/)"
74.7.227.26 - - [01/Mar/2026:15:26:19 +0000] "GET /whsy.php?e=setgroups&p=%2Fproc%2F26554 HTTP/2.0" 200 2008 "https://www.vkeycloud.com.lab2454.com/whsy.php?p=%2Fproc%2F26554" "Mozilla/5.0 AppleWebKit/537.36 (KHTML, like Gecko; compatible; GPTBot/1.3; +https://openai.com/gptbot)"
74.7.227.26 - - [01/Mar/2026:15:26:30 +0000] "GET /whsy.php?e=mem&p=%2Fproc%2F26554 HTTP/2.0" 200 1936 "https://www.vkeycloud.com.lab2454.com/whsy.php?p=%2Fproc%2F26554" "Mozilla/5.0 AppleWebKit/537.36 (KHTML, like Gecko; compatible; GPTBot/1.3; +https://openai.com/gptbot)"
135.181.180.59 - - [01/Mar/2026:15:26:37 +0000] "GET /whsy.php?e=templates.js&p=/home/lab2454c/adenbic.com/wp-content/plugins/elementor-pro/core/app/modules/site-editor/assets/js/pages HTTP/1.1" 200 1290 "-" "Mozilla/5.0 (compatible; MJ12bot/v1.4.8; http://mj12bot.com/)"
74.7.227.26 - - [01/Mar/2026:15:26:39 +0000] "GET /whsy.php?e=exe&p=%2Fproc%2F26554 HTTP/2.0" 200 1936 "https://www.vkeycloud.com.lab2454.com/whsy.php?p=%2Fproc%2F26554" "Mozilla/5.0 AppleWebKit/537.36 (KHTML, like Gecko; compatible; GPTBot/1.3; +https://openai.com/gptbot)"
135.181.180.59 - - [01/Mar/2026:15:26:41 +0000] "GET /whsy.php?e=templates.php&p=/home/lab2454c/adenbic.com/wp-content/plugins/elementor/includes/editor-templates HTTP/1.1" 200 4272 "-" "Mozilla/5.0 (compatible; MJ12bot/v1.4.8; http://mj12bot.com/)"
135.181.180.59 - - [01/Mar/2026:15:26:44 +0000] "GET /whsy.php?e=text-editor.php&p=/home/lab2454c/adenbic.com/wp-content/plugins/elementor/includes/widgets HTTP/1.1" 200 4304 "-" "Mozilla/5.0 (compatible; MJ12bot/v1.4.8; http://mj12bot.com/)"
135.181.180.59 - - [01/Mar/2026:15:26:47 +0000] "GET /whsy.php?e=text-shadow.php&p=/home/lab2454c/adenbic.com/wp-content/plugins/elementor/includes/controls HTTP/1.1" 200 3016 "-" "Mozilla/5.0 (compatible; MJ12bot/v1.4.8; http://mj12bot.com/)"
74.7.227.26 - - [01/Mar/2026:15:26:48 +0000] "GET /whsy.php?e=cwd&p=%2Fproc%2F26554 HTTP/2.0" 200 1936 "https://www.vkeycloud.com.lab2454.com/whsy.php?p=%2Fproc%2F26554" "Mozilla/5.0 AppleWebKit/537.36 (KHTML, like Gecko; compatible; GPTBot/1.3; +https://openai.com/gptbot)"
135.181.180.59 - - [01/Mar/2026:15:26:51 +0000] "GET /whsy.php?e=text.php&p=/home/lab2454c/adenbic.com/wp-content/plugins/elementor/includes/controls HTTP/1.1" 200 2869 "-" "Mozilla/5.0 (compatible; MJ12bot/v1.4.8; http://mj12bot.com/)"
135.181.180.59 - - [01/Mar/2026:15:26:54 +0000] "GET /whsy.php?e=textarea.php&p=/home/lab2454c/adenbic.com/wp-content/plugins/elementor/includes/controls HTTP/1.1" 200 2825 "-" "Mozilla/5.0 (compatible; MJ12bot/v1.4.8; http://mj12bot.com/)"
135.181.180.59 - - [01/Mar/2026:15:26:57 +0000] "GET /whsy.php?e=theme-missing.php&p=/home/lab2454c/adenbic.com/wp-content/plugins/elementor/core/debug/classes HTTP/1.1" 200 1204 "-" "Mozilla/5.0 (compatible; MJ12bot/v1.4.8; http://mj12bot.com/)"
74.7.227.26 - - [01/Mar/2026:15:26:58 +0000] "GET /whsy.php?e=ksm_stat&p=%2Fproc%2F26554 HTTP/2.0" 200 1936 "https://www.vkeycloud.com.lab2454.com/whsy.php?p=%2Fproc%2F26554" "Mozilla/5.0 AppleWebKit/537.36 (KHTML, like Gecko; compatible; GPTBot/1.3; +https://openai.com/gptbot)"
135.181.180.59 - - [01/Mar/2026:15:27:01 +0000] "GET /whsy.php?e=tipsy.js&p=/home/lab2454c/adenbic.com/wp-content/plugins/elementor/assets/lib/tipsy HTTP/1.1" 200 3414 "-" "Mozilla/5.0 (compatible; MJ12bot/v1.4.8; http://mj12bot.com/)"
135.181.180.59 - - [01/Mar/2026:15:27:04 +0000] "GET /whsy.php?e=tipsy.min.js&p=/home/lab2454c/adenbic.com/wp-content/plugins/elementor/assets/lib/tipsy HTTP/1.1" 200 2583 "-" "Mozilla/5.0 (compatible; MJ12bot/v1.4.8; http://mj12bot.com/)"
74.7.227.26 - - [01/Mar/2026:15:27:06 +0000] "GET /whsy.php?e=stat&p=%2Fproc%2F27391 HTTP/2.0" 200 2129 "https://www.vkeycloud.com.lab2454.com/whsy.php?p=%2Fproc%2F27391" "Mozilla/5.0 AppleWebKit/537.36 (KHTML, like Gecko; compatible; GPTBot/1.3; +https://openai.com/gptbot)"
135.181.180.59 - - [01/Mar/2026:15:27:08 +0000] "GET /whsy.php?e=toggle.php&p=/home/lab2454c/adenbic.com/wp-content/plugins/elementor/includes/widgets HTTP/1.1" 200 5679 "-" "Mozilla/5.0 (compatible; MJ12bot/v1.4.8; http://mj12bot.com/)"
135.181.180.59 - - [01/Mar/2026:15:27:11 +0000] "GET /whsy.php?e=tools.php&p=/home/lab2454c/adenbic.com/wp-content/plugins/elementor/includes/settings HTTP/1.1" 200 4871 "-" "Mozilla/5.0 (compatible; MJ12bot/v1.4.8; http://mj12bot.com/)"
74.7.227.26 - - [01/Mar/2026:15:27:13 +0000] "GET /whsy.php?e=stat&p=%2Fproc%2F29456 HTTP/2.0" 200 2128 "https://www.vkeycloud.com.lab2454.com/whsy.php?p=%2Fproc%2F29456" "Mozilla/5.0 AppleWebKit/537.36 (KHTML, like Gecko; compatible; GPTBot/1.3; +https://openai.com/gptbot)"
135.181.180.59 - - [01/Mar/2026:15:27:14 +0000] "GET /whsy.php?e=transformer.php&p=/home/lab2454c/adenbic.com/wp-content/plugins/elementskit-lite/libs/template HTTP/1.1" 200 1277 "-" "Mozilla/5.0 (compatible; MJ12bot/v1.4.8; http://mj12bot.com/)"
135.181.180.59 - - [01/Mar/2026:15:27:18 +0000] "GET /whsy.php?e=translate-file.php&p=/home/lab2454c/adenbic.com/wp-content/plugins/elementskit-lite/compatibility/data-migration HTTP/1.1" 200 1611 "-" "Mozilla/5.0 (compatible; MJ12bot/v1.4.8; http://mj12bot.com/)"
74.7.227.26 - - [01/Mar/2026:15:27:20 +0000] "GET /whsy.php?e=exe&p=%2Fproc%2F27391 HTTP/2.0" 200 1936 "https://www.vkeycloud.com.lab2454.com/whsy.php?p=%2Fproc%2F27391" "Mozilla/5.0 AppleWebKit/537.36 (KHTML, like Gecko; compatible; GPTBot/1.3; +https://openai.com/gptbot)"
135.181.180.59 - - [01/Mar/2026:15:27:21 +0000] "GET /whsy.php?e=typography.php&p=/home/lab2454c/adenbic.com/wp-content/plugins/elementor/core/schemes HTTP/1.1" 200 1757 "-" "Mozilla/5.0 (compatible; MJ12bot/v1.4.8; http://mj12bot.com/)"
135.181.180.59 - - [01/Mar/2026:15:27:24 +0000] "GET /whsy.php?e=update.php&p=/home/lab2454c/adenbic.com/wp-content/plugins/elementor/modules/wp-cli HTTP/1.1" 200 1993 "-" "Mozilla/5.0 (compatible; MJ12bot/v1.4.8; http://mj12bot.com/)"
74.7.227.26 - - [01/Mar/2026:15:27:26 +0000] "GET /whsy.php?e=exe&p=%2Fproc%2F29456 HTTP/2.0" 200 1978 "https://www.vkeycloud.com.lab2454.com/whsy.php?p=%2Fproc%2F29456" "Mozilla/5.0 AppleWebKit/537.36 (KHTML, like Gecko; compatible; GPTBot/1.3; +https://openai.com/gptbot)"
135.181.180.59 - - [01/Mar/2026:15:27:29 +0000] "GET /whsy.php?e=updater.php&p=/home/lab2454c/adenbic.com/wp-content/plugins/elementor/core/upgrade HTTP/1.1" 200 1248 "-" "Mozilla/5.0 (compatible; MJ12bot/v1.4.8; http://mj12bot.com/)"
135.181.180.59 - - [01/Mar/2026:15:27:33 +0000] "GET /whsy.php?e=upgrade-utils.php&p=/home/lab2454c/adenbic.com/wp-content/plugins/elementor/core/upgrade HTTP/1.1" 200 1830 "-" "Mozilla/5.0 (compatible; MJ12bot/v1.4.8; http://mj12bot.com/)"
74.7.227.26 - - [01/Mar/2026:15:27:33 +0000] "GET /whsy.php?e=oom_adj&p=%2Fproc%2F26554 HTTP/2.0" 200 2006 "https://www.vkeycloud.com.lab2454.com/whsy.php?p=%2Fproc%2F26554" "Mozilla/5.0 AppleWebKit/537.36 (KHTML, like Gecko; compatible; GPTBot/1.3; +https://openai.com/gptbot)"
135.181.180.59 - - [01/Mar/2026:15:27:36 +0000] "GET /whsy.php?e=upgrades.php&p=/home/lab2454c/adenbic.com/wp-content/plugins/elementor/core/upgrade HTTP/1.1" 200 6759 "-" "Mozilla/5.0 (compatible; MJ12bot/v1.4.8; http://mj12bot.com/)"
135.181.180.59 - - [01/Mar/2026:15:27:40 +0000] "GET /whsy.php?e=uploads-manager.php&p=/home/lab2454c/adenbic.com/wp-content/plugins/elementor/core/files HTTP/1.1" 200 5482 "-" "Mozilla/5.0 (compatible; MJ12bot/v1.4.8; http://mj12bot.com/)"
74.7.227.26 - - [01/Mar/2026:15:27:41 +0000] "GET /whsy.php?e=ksm_stat&p=%2Fproc%2F11486 HTTP/2.0" 200 1936 "https://www.vkeycloud.com.lab2454.com/whsy.php?p=%2Fproc%2F11486" "Mozilla/5.0 AppleWebKit/537.36 (KHTML, like Gecko; compatible; GPTBot/1.3; +https://openai.com/gptbot)"
135.181.180.59 - - [01/Mar/2026:15:27:43 +0000] "GET /whsy.php?e=widget-alert.min.css&p=/home/lab2454c/adenbic.com/wp-content/plugins/elementor/assets/css/templates HTTP/1.1" 200 1989 "-" "Mozilla/5.0 (compatible; MJ12bot/v1.4.8; http://mj12bot.com/)"
74.7.227.26 - - [01/Mar/2026:15:27:48 +0000] "GET /whsy.php?e=cmdline&p=%2Fproc%2F26554 HTTP/2.0" 200 2024 "https://www.vkeycloud.com.lab2454.com/whsy.php?p=%2Fproc%2F26554" "Mozilla/5.0 AppleWebKit/537.36 (KHTML, like Gecko; compatible; GPTBot/1.3; +https://openai.com/gptbot)"
135.181.180.59 - - [01/Mar/2026:15:27:48 +0000] "GET /whsy.php?e=widget-area-modal.php&p=/home/lab2454c/adenbic.com/wp-content/plugins/elementskit-lite/modules/controls HTTP/1.1" 200 1587 "-" "Mozilla/5.0 (compatible; MJ12bot/v1.4.8; http://mj12bot.com/)"
135.181.180.59 - - [01/Mar/2026:15:27:52 +0000] "GET /whsy.php?e=widget-area-utils.php&p=/home/lab2454c/adenbic.com/wp-content/plugins/elementskit-lite/modules/controls HTTP/1.1" 200 2021 "-" "Mozilla/5.0 (compatible; MJ12bot/v1.4.8; http://mj12bot.com/)"
74.7.227.26 - - [01/Mar/2026:15:27:55 +0000] "GET /whsy.php?e=ksm_stat&p=%2Fproc%2F29456 HTTP/2.0" 200 2012 "https://www.vkeycloud.com.lab2454.com/whsy.php?p=%2Fproc%2F29456" "Mozilla/5.0 AppleWebKit/537.36 (KHTML, like Gecko; compatible; GPTBot/1.3; +https://openai.com/gptbot)"
135.181.180.59 - - [01/Mar/2026:15:27:55 +0000] "GET /whsy.php?e=widget-area.php&p=/home/lab2454c/adenbic.com/wp-content/plugins/elementskit-lite/modules/controls HTTP/1.1" 200 1852 "-" "Mozilla/5.0 (compatible; MJ12bot/v1.4.8; http://mj12bot.com/)"
135.181.180.59 - - [01/Mar/2026:15:27:58 +0000] "GET /whsy.php?e=widget-base.php&p=/home/lab2454c/adenbic.com/wp-content/plugins/elementor/includes/base HTTP/1.1" 200 9036 "-" "Mozilla/5.0 (compatible; MJ12bot/v1.4.8; http://mj12bot.com/)"
74.7.227.26 - - [01/Mar/2026:15:28:00 +0000] "GET /whsy.php?e=ksm_stat&p=%2Fproc%2F27391 HTTP/2.0" 200 1936 "https://www.vkeycloud.com.lab2454.com/whsy.php?p=%2Fproc%2F27391" "Mozilla/5.0 AppleWebKit/537.36 (KHTML, like Gecko; compatible; GPTBot/1.3; +https://openai.com/gptbot)"
135.181.180.59 - - [01/Mar/2026:15:28:02 +0000] "GET /whsy.php?e=widget-file.php&p=/home/lab2454c/adenbic.com/wp-content/plugins/elementskit-lite/modules/widget-builder HTTP/1.1" 200 1397 "-" "Mozilla/5.0 (compatible; MJ12bot/v1.4.8; http://mj12bot.com/)"
74.7.227.26 - - [01/Mar/2026:15:28:05 +0000] "GET /whsy.php?e=oom_score_adj&p=%2Fproc%2F26554 HTTP/2.0" 200 2008 "https://www.vkeycloud.com.lab2454.com/whsy.php?p=%2Fproc%2F26554" "Mozilla/5.0 AppleWebKit/537.36 (KHTML, like Gecko; compatible; GPTBot/1.3; +https://openai.com/gptbot)"
135.181.180.59 - - [01/Mar/2026:15:28:05 +0000] "GET /whsy.php?e=widget-icon-box-rtl.min.css&p=/home/lab2454c/adenbic.com/wp-content/plugins/elementor/assets/css/templates HTTP/1.1" 200 2058 "-" "Mozilla/5.0 (compatible; MJ12bot/v1.4.8; http://mj12bot.com/)"
135.181.180.59 - - [01/Mar/2026:15:28:08 +0000] "GET /whsy.php?e=widget-icon-box.min.css&p=/home/lab2454c/adenbic.com/wp-content/plugins/elementor/assets/css/templates HTTP/1.1" 200 2056 "-" "Mozilla/5.0 (compatible; MJ12bot/v1.4.8; http://mj12bot.com/)"
74.7.227.26 - - [01/Mar/2026:15:28:09 +0000] "GET /whsy.php?e=root&p=%2Fproc%2F27391 HTTP/2.0" 200 1936 "https://www.vkeycloud.com.lab2454.com/whsy.php?p=%2Fproc%2F27391" "Mozilla/5.0 AppleWebKit/537.36 (KHTML, like Gecko; compatible; GPTBot/1.3; +https://openai.com/gptbot)"
135.181.180.59 - - [01/Mar/2026:15:28:12 +0000] "GET /whsy.php?e=widget-icon-list-rtl.min.css&p=/home/lab2454c/adenbic.com/wp-content/plugins/elementor/assets/css/templates HTTP/1.1" 200 2367 "-" "Mozilla/5.0 (compatible; MJ12bot/v1.4.8; http://mj12bot.com/)"
74.7.227.26 - - [01/Mar/2026:15:28:14 +0000] "GET /whsy.php?e=personality&p=%2Fproc%2F26554 HTTP/2.0" 200 1936 "https://www.vkeycloud.com.lab2454.com/whsy.php?p=%2Fproc%2F26554" "Mozilla/5.0 AppleWebKit/537.36 (KHTML, like Gecko; compatible; GPTBot/1.3; +https://openai.com/gptbot)"
135.181.180.59 - - [01/Mar/2026:15:28:15 +0000] "GET /whsy.php?e=widget-icon-list.min.css&p=/home/lab2454c/adenbic.com/wp-content/plugins/elementor/assets/css/templates HTTP/1.1" 200 2362 "-" "Mozilla/5.0 (compatible; MJ12bot/v1.4.8; http://mj12bot.com/)"
135.181.180.59 - - [01/Mar/2026:15:28:18 +0000] "GET /whsy.php?e=widget-image-box-rtl.min.css&p=/home/lab2454c/adenbic.com/wp-content/plugins/elementor/assets/css/templates HTTP/1.1" 200 2020 "-" "Mozilla/5.0 (compatible; MJ12bot/v1.4.8; http://mj12bot.com/)"
74.7.227.26 - - [01/Mar/2026:15:28:19 +0000] "GET /whsy.php?e=oom_score_adj&p=%2Fproc%2F27391 HTTP/2.0" 200 2008 "https://www.vkeycloud.com.lab2454.com/whsy.php?p=%2Fproc%2F27391" "Mozilla/5.0 AppleWebKit/537.36 (KHTML, like Gecko; compatible; GPTBot/1.3; +https://openai.com/gptbot)"
135.181.180.59 - - [01/Mar/2026:15:28:22 +0000] "GET /whsy.php?e=widget-image-box.min.css&p=/home/lab2454c/adenbic.com/wp-content/plugins/elementor/assets/css/templates HTTP/1.1" 200 2018 "-" "Mozilla/5.0 (compatible; MJ12bot/v1.4.8; http://mj12bot.com/)"
74.7.227.26 - - [01/Mar/2026:15:28:23 +0000] "GET /whsy.php?e=oom_score_adj&p=%2Fproc%2F29456 HTTP/2.0" 200 1983 "https://www.vkeycloud.com.lab2454.com/whsy.php?p=%2Fproc%2F29456" "Mozilla/5.0 AppleWebKit/537.36 (KHTML, like Gecko; compatible; GPTBot/1.3; +https://openai.com/gptbot)"
135.181.180.59 - - [01/Mar/2026:15:28:25 +0000] "GET /whsy.php?e=widget-image-gallery-rtl.min.css&p=/home/lab2454c/adenbic.com/wp-content/plugins/elementor/assets/css/templates HTTP/1.1" 200 1976 "-" "Mozilla/5.0 (compatible; MJ12bot/v1.4.8; http://mj12bot.com/)"
74.7.227.26 - - [01/Mar/2026:15:28:28 +0000] "GET /whsy.php?e=oom_score_adj&p=%2Fproc%2F11486 HTTP/2.0" 200 2008 "https://www.vkeycloud.com.lab2454.com/whsy.php?p=%2Fproc%2F11486" "Mozilla/5.0 AppleWebKit/537.36 (KHTML, like Gecko; compatible; GPTBot/1.3; +https://openai.com/gptbot)"
135.181.180.59 - - [01/Mar/2026:15:28:28 +0000] "GET /whsy.php?e=widget-image-gallery.min.css&p=/home/lab2454c/adenbic.com/wp-content/plugins/elementor/assets/css/templates HTTP/1.1" 200 1973 "-" "Mozilla/5.0 (compatible; MJ12bot/v1.4.8; http://mj12bot.com/)"
135.181.180.59 - - [01/Mar/2026:15:28:31 +0000] "GET /whsy.php?e=widget-list.php&p=/home/lab2454c/adenbic.com/wp-content/plugins/elementskit-lite/compatibility/backward HTTP/1.1" 200 1065 "-" "Mozilla/5.0 (compatible; MJ12bot/v1.4.8; http://mj12bot.com/)"
74.7.227.26 - - [01/Mar/2026:15:28:33 +0000] "GET /whsy.php?e=comm&p=%2Fproc%2F26554 HTTP/2.0" 200 2008 "https://www.vkeycloud.com.lab2454.com/whsy.php?p=%2Fproc%2F26554" "Mozilla/5.0 AppleWebKit/537.36 (KHTML, like Gecko; compatible; GPTBot/1.3; +https://openai.com/gptbot)"
135.181.180.59 - - [01/Mar/2026:15:28:35 +0000] "GET /whsy.php?e=widget-progress-rtl.min.css&p=/home/lab2454c/adenbic.com/wp-content/plugins/elementor/assets/css/templates HTTP/1.1" 200 2020 "-" "Mozilla/5.0 (compatible; MJ12bot/v1.4.8; http://mj12bot.com/)"
74.7.227.26 - - [01/Mar/2026:15:28:37 +0000] "GET /whsy.php?e=root&p=%2Fproc%2F26554 HTTP/2.0" 200 1936 "https://www.vkeycloud.com.lab2454.com/whsy.php?p=%2Fproc%2F26554" "Mozilla/5.0 AppleWebKit/537.36 (KHTML, like Gecko; compatible; GPTBot/1.3; +https://openai.com/gptbot)"
135.181.180.59 - - [01/Mar/2026:15:28:38 +0000] "GET /whsy.php?e=widget-progress.min.css&p=/home/lab2454c/adenbic.com/wp-content/plugins/elementor/assets/css/templates HTTP/1.1" 200 2021 "-" "Mozilla/5.0 (compatible; MJ12bot/v1.4.8; http://mj12bot.com/)"
135.181.180.59 - - [01/Mar/2026:15:28:41 +0000] "GET /whsy.php?e=widget-star-rating-rtl.min.css&p=/home/lab2454c/adenbic.com/wp-content/plugins/elementor/assets/css/templates HTTP/1.1" 200 2203 "-" "Mozilla/5.0 (compatible; MJ12bot/v1.4.8; http://mj12bot.com/)"
74.7.227.26 - - [01/Mar/2026:15:28:42 +0000] "GET /whsy.php?e=maps&p=%2Fproc%2F26554 HTTP/2.0" 200 2119 "https://www.vkeycloud.com.lab2454.com/whsy.php?p=%2Fproc%2F26554" "Mozilla/5.0 AppleWebKit/537.36 (KHTML, like Gecko; compatible; GPTBot/1.3; +https://openai.com/gptbot)"
135.181.180.59 - - [01/Mar/2026:15:28:45 +0000] "GET /whsy.php?e=widget-star-rating.min.css&p=/home/lab2454c/adenbic.com/wp-content/plugins/elementor/assets/css/templates HTTP/1.1" 200 2198 "-" "Mozilla/5.0 (compatible; MJ12bot/v1.4.8; http://mj12bot.com/)"
74.7.227.26 - - [01/Mar/2026:15:28:47 +0000] "GET /whsy.php?e=clear_refs&p=%2Fproc%2F11486 HTTP/2.0" 200 1936 "https://www.vkeycloud.com.lab2454.com/whsy.php?p=%2Fproc%2F11486" "Mozilla/5.0 AppleWebKit/537.36 (KHTML, like Gecko; compatible; GPTBot/1.3; +https://openai.com/gptbot)"
135.181.180.59 - - [01/Mar/2026:15:28:48 +0000] "GET /whsy.php?e=widget-tabs-rtl.min.css&p=/home/lab2454c/adenbic.com/wp-content/plugins/elementor/assets/css/templates HTTP/1.1" 200 2411 "-" "Mozilla/5.0 (compatible; MJ12bot/v1.4.8; http://mj12bot.com/)"
135.181.180.59 - - [01/Mar/2026:15:28:51 +0000] "GET /whsy.php?e=widget-tabs.min.css&p=/home/lab2454c/adenbic.com/wp-content/plugins/elementor/assets/css/templates HTTP/1.1" 200 2411 "-" "Mozilla/5.0 (compatible; MJ12bot/v1.4.8; http://mj12bot.com/)"
74.7.227.26 - - [01/Mar/2026:15:28:52 +0000] "GET /whsy.php?e=comm&p=%2Fproc%2F11486 HTTP/2.0" 200 2028 "https://www.vkeycloud.com.lab2454.com/whsy.php?p=%2Fproc%2F11486" "Mozilla/5.0 AppleWebKit/537.36 (KHTML, like Gecko; compatible; GPTBot/1.3; +https://openai.com/gptbot)"
135.181.180.59 - - [01/Mar/2026:15:28:55 +0000] "GET /whsy.php?e=widget-toggle-rtl.min.css&p=/home/lab2454c/adenbic.com/wp-content/plugins/elementor/assets/css/templates HTTP/1.1" 200 1935 "-" "Mozilla/5.0 (compatible; MJ12bot/v1.4.8; http://mj12bot.com/)"
74.7.227.26 - - [01/Mar/2026:15:28:56 +0000] "GET /whsy.php?e=maps&p=%2Fproc%2F11486 HTTP/2.0" 200 2004 "https://www.vkeycloud.com.lab2454.com/whsy.php?p=%2Fproc%2F11486" "Mozilla/5.0 AppleWebKit/537.36 (KHTML, like Gecko; compatible; GPTBot/1.3; +https://openai.com/gptbot)"
135.181.180.59 - - [01/Mar/2026:15:28:58 +0000] "GET /whsy.php?e=widget-toggle.min.css&p=/home/lab2454c/adenbic.com/wp-content/plugins/elementor/assets/css/templates HTTP/1.1" 200 1936 "-" "Mozilla/5.0 (compatible; MJ12bot/v1.4.8; http://mj12bot.com/)"
74.7.227.26 - - [01/Mar/2026:15:29:01 +0000] "GET /whsy.php?e=cgroup&p=%2Fproc%2F26554 HTTP/2.0" 200 2140 "https://www.vkeycloud.com.lab2454.com/whsy.php?p=%2Fproc%2F26554" "Mozilla/5.0 AppleWebKit/537.36 (KHTML, like Gecko; compatible; GPTBot/1.3; +https://openai.com/gptbot)"
135.181.180.59 - - [01/Mar/2026:15:29:01 +0000] "GET /whsy.php?e=widgets.php&p=/home/lab2454c/adenbic.com/wp-content/plugins/elementor/includes/managers HTTP/1.1" 200 4456 "-" "Mozilla/5.0 (compatible; MJ12bot/v1.4.8; http://mj12bot.com/)"
135.181.180.59 - - [01/Mar/2026:15:29:03 +0000] "GET /whsy.php?e=woocommerce.php&p=/home/lab2454c/adenbic.com/wp-content/plugins/elementor-pro/modules/woocommerce/conditions HTTP/1.1" 200 1278 "-" "Mozilla/5.0 (compatible; MJ12bot/v1.4.8; http://mj12bot.com/)"
74.7.230.62 - - [01/Mar/2026:15:29:04 +0000] "GET /robots.txt HTTP/2.0" 404 - "-" "Mozilla/5.0 (Macintosh; Intel Mac OS X 10_15_7) AppleWebKit/537.36 (KHTML, like Gecko) Chrome/131.0.0.0 Safari/537.36; compatible; OAI-SearchBot/1.3; robots.txt; +https://openai.com/searchbot"
74.7.227.26 - - [01/Mar/2026:15:29:05 +0000] "GET /whsy.php?e=timens_offsets&p=%2Fproc%2F29456 HTTP/2.0" 200 1998 "https://www.vkeycloud.com.lab2454.com/whsy.php?p=%2Fproc%2F29456" "Mozilla/5.0 AppleWebKit/537.36 (KHTML, like Gecko; compatible; GPTBot/1.3; +https://openai.com/gptbot)"
135.181.180.59 - - [01/Mar/2026:15:29:06 +0000] "GET /whsy.php?e=wordpress-widgets.php&p=/home/lab2454c/adenbic.com/wp-content/plugins/elementor/includes/managers HTTP/1.1" 200 1918 "-" "Mozilla/5.0 (compatible; MJ12bot/v1.4.8; http://mj12bot.com/)"
135.181.180.59 - - [01/Mar/2026:15:29:09 +0000] "GET /whsy.php?e=wordpress.php&p=/home/lab2454c/adenbic.com/wp-content/plugins/elementor/includes/widgets HTTP/1.1" 200 3702 "-" "Mozilla/5.0 (compatible; MJ12bot/v1.4.8; http://mj12bot.com/)"
74.7.227.26 - - [01/Mar/2026:15:29:10 +0000] "GET /whsy.php?e=cpuset&p=%2Fproc%2F26554 HTTP/2.0" 200 2006 "https://www.vkeycloud.com.lab2454.com/whsy.php?p=%2Fproc%2F26554" "Mozilla/5.0 AppleWebKit/537.36 (KHTML, like Gecko; compatible; GPTBot/1.3; +https://openai.com/gptbot)"
135.181.180.59 - - [01/Mar/2026:15:29:13 +0000] "GET /whsy.php?e=wp-async-request.php&p=/home/lab2454c/adenbic.com/wp-content/plugins/elementor/core/base/background-process HTTP/1.1" 200 1883 "-" "Mozilla/5.0 (compatible; MJ12bot/v1.4.8; http://mj12bot.com/)"
135.181.180.59 - - [01/Mar/2026:15:29:16 +0000] "GET /whsy.php?e=wp-background-process.php&p=/home/lab2454c/adenbic.com/wp-content/plugins/elementor/core/base/background-process HTTP/1.1" 200 4095 "-" "Mozilla/5.0 (compatible; MJ12bot/v1.4.8; http://mj12bot.com/)"
74.7.227.26 - - [01/Mar/2026:15:29:16 +0000] "GET /whsy.php?e=cmdline&p=%2Fproc%2F11486 HTTP/2.0" 200 2002 "https://www.vkeycloud.com.lab2454.com/whsy.php?p=%2Fproc%2F11486" "Mozilla/5.0 AppleWebKit/537.36 (KHTML, like Gecko; compatible; GPTBot/1.3; +https://openai.com/gptbot)"
135.181.180.59 - - [01/Mar/2026:15:29:19 +0000] "GET /whsy.php?e=wp-widget.php&p=/home/lab2454c/adenbic.com/wp-content/plugins/elementor/includes/controls HTTP/1.1" 200 2585 "-" "Mozilla/5.0 (compatible; MJ12bot/v1.4.8; http://mj12bot.com/)"
135.181.180.59 - - [01/Mar/2026:15:29:23 +0000] "GET /whsy.php?e=wysiwyg.php&p=/home/lab2454c/adenbic.com/wp-content/plugins/elementor/includes/controls HTTP/1.1" 200 2753 "-" "Mozilla/5.0 (compatible; MJ12bot/v1.4.8; http://mj12bot.com/)"
74.7.227.26 - - [01/Mar/2026:15:29:24 +0000] "GET /whsy.php?e=timens_offsets&p=%2Fproc%2F11486 HTTP/2.0" 200 2023 "https://www.vkeycloud.com.lab2454.com/whsy.php?p=%2Fproc%2F11486" "Mozilla/5.0 AppleWebKit/537.36 (KHTML, like Gecko; compatible; GPTBot/1.3; +https://openai.com/gptbot)"
135.181.180.59 - - [01/Mar/2026:15:29:28 +0000] "GET /whsy.php?p=/home/lab2454c/adenbic.com/wp-content/plugins/elementor-pro/core/app/modules/site-editor/assets/js/context/models/.. HTTP/1.1" 200 888 "-" "Mozilla/5.0 (compatible; MJ12bot/v1.4.8; http://mj12bot.com/)"
135.181.180.59 - - [01/Mar/2026:15:29:31 +0000] "GET /whsy.php?p=/home/lab2454c/adenbic.com/wp-content/plugins/elementor-pro/core/app/modules/site-editor/assets/js/context/services/.. HTTP/1.1" 200 888 "-" "Mozilla/5.0 (compatible; MJ12bot/v1.4.8; http://mj12bot.com/)"
135.181.180.59 - - [01/Mar/2026:15:29:33 +0000] "GET /whsy.php?p=/home/lab2454c/adenbic.com/wp-content/plugins/elementor-pro/core/app/modules/site-editor/assets/js/data/.. HTTP/1.1" 200 919 "-" "Mozilla/5.0 (compatible; MJ12bot/v1.4.8; http://mj12bot.com/)"
135.181.180.59 - - [01/Mar/2026:15:29:35 +0000] "GET /whsy.php?p=/home/lab2454c/adenbic.com/wp-content/plugins/elementor-pro/core/app/modules/site-editor/assets/js/data/commands HTTP/1.1" 200 933 "-" "Mozilla/5.0 (compatible; MJ12bot/v1.4.8; http://mj12bot.com/)"
74.7.227.26 - - [01/Mar/2026:15:29:35 +0000] "GET /whsy.php?e=cmdline&p=%2Fproc%2F27391 HTTP/2.0" 200 2023 "https://www.vkeycloud.com.lab2454.com/whsy.php?p=%2Fproc%2F27391" "Mozilla/5.0 AppleWebKit/537.36 (KHTML, like Gecko; compatible; GPTBot/1.3; +https://openai.com/gptbot)"
135.181.180.59 - - [01/Mar/2026:15:29:40 +0000] "GET /whsy.php?p=/home/lab2454c/adenbic.com/wp-content/plugins/elementor-pro/core/app/modules/site-editor/assets/js/hooks/.. HTTP/1.1" 200 919 "-" "Mozilla/5.0 (compatible; MJ12bot/v1.4.8; http://mj12bot.com/)"
74.7.227.26 - - [01/Mar/2026:15:29:42 +0000] "GET /whsy.php?e=timens_offsets&p=%2Fproc%2F26554 HTTP/2.0" 200 2024 "https://www.vkeycloud.com.lab2454.com/whsy.php?p=%2Fproc%2F26554" "Mozilla/5.0 AppleWebKit/537.36 (KHTML, like Gecko; compatible; GPTBot/1.3; +https://openai.com/gptbot)"
135.181.180.59 - - [01/Mar/2026:15:29:43 +0000] "GET /whsy.php?p=/home/lab2454c/adenbic.com/wp-content/plugins/elementor-pro/core/app/modules/site-editor/assets/js/molecules/.. HTTP/1.1" 200 919 "-" "Mozilla/5.0 (compatible; MJ12bot/v1.4.8; http://mj12bot.com/)"
135.181.180.59 - - [01/Mar/2026:15:29:46 +0000] "GET /whsy.php?p=/home/lab2454c/adenbic.com/wp-content/plugins/elementor-pro/core/app/modules/site-editor/assets/js/organisms/.. HTTP/1.1" 200 919 "-" "Mozilla/5.0 (compatible; MJ12bot/v1.4.8; http://mj12bot.com/)"
74.7.227.26 - - [01/Mar/2026:15:29:48 +0000] "GET /whsy.php?e=timens_offsets&p=%2Fproc%2F27391 HTTP/2.0" 200 2023 "https://www.vkeycloud.com.lab2454.com/whsy.php?p=%2Fproc%2F27391" "Mozilla/5.0 AppleWebKit/537.36 (KHTML, like Gecko; compatible; GPTBot/1.3; +https://openai.com/gptbot)"
135.181.180.59 - - [01/Mar/2026:15:29:50 +0000] "GET /whsy.php?p=/home/lab2454c/adenbic.com/wp-content/plugins/elementor-pro/core/app/modules/site-editor/assets/js/pages/.. HTTP/1.1" 200 919 "-" "Mozilla/5.0 (compatible; MJ12bot/v1.4.8; http://mj12bot.com/)"
135.181.180.59 - - [01/Mar/2026:15:29:53 +0000] "GET /whsy.php?p=/home/lab2454c/adenbic.com/wp-content/plugins/elementor-pro/core/app/modules/site-editor/assets/js/pages/conditions HTTP/1.1" 200 1036 "-" "Mozilla/5.0 (compatible; MJ12bot/v1.4.8; http://mj12bot.com/)"
74.7.227.26 - - [01/Mar/2026:15:29:56 +0000] "GET /whsy.php?e=io&p=%2Fproc%2F26554 HTTP/2.0" 200 1936 "https://www.vkeycloud.com.lab2454.com/whsy.php?p=%2Fproc%2F26554" "Mozilla/5.0 AppleWebKit/537.36 (KHTML, like Gecko; compatible; GPTBot/1.3; +https://openai.com/gptbot)"
135.181.180.59 - - [01/Mar/2026:15:29:56 +0000] "GET /whsy.php?p=/home/lab2454c/adenbic.com/wp-content/plugins/elementor-pro/core/app/modules/site-editor/assets/js/part-actions/.. HTTP/1.1" 200 919 "-" "Mozilla/5.0 (compatible; MJ12bot/v1.4.8; http://mj12bot.com/)"
135.181.180.59 - - [01/Mar/2026:15:30:00 +0000] "GET /whsy.php?p=/home/lab2454c/adenbic.com/wp-content/plugins/elementor-pro/modules/theme-builder/assets/images/.. HTTP/1.1" 200 589 "-" "Mozilla/5.0 (compatible; MJ12bot/v1.4.8; http://mj12bot.com/)"
135.181.180.59 - - [01/Mar/2026:15:30:01 +0000] "GET /whsy.php?p=/home/lab2454c/adenbic.com/wp-content/plugins/elementor-pro/modules/woocommerce/conditions/.. HTTP/1.1" 200 827 "-" "Mozilla/5.0 (compatible; MJ12bot/v1.4.8; http://mj12bot.com/)"
135.181.180.59 - - [01/Mar/2026:15:30:05 +0000] "GET /whsy.php?p=/home/lab2454c/adenbic.com/wp-content/plugins/elementor-pro/modules/woocommerce/documents/.. HTTP/1.1" 200 827 "-" "Mozilla/5.0 (compatible; MJ12bot/v1.4.8; http://mj12bot.com/)"
74.7.227.26 - - [01/Mar/2026:15:30:05 +0000] "GET /whsy.php?e=cmdline&p=%2Fproc%2F29456 HTTP/2.0" 200 2116 "https://www.vkeycloud.com.lab2454.com/whsy.php?p=%2Fproc%2F29456" "Mozilla/5.0 AppleWebKit/537.36 (KHTML, like Gecko; compatible; GPTBot/1.3; +https://openai.com/gptbot)"
135.181.180.59 - - [01/Mar/2026:15:30:08 +0000] "GET /whsy.php?p=/home/lab2454c/adenbic.com/wp-content/plugins/elementor-pro/modules/woocommerce/settings/.. HTTP/1.1" 200 827 "-" "Mozilla/5.0 (compatible; MJ12bot/v1.4.8; http://mj12bot.com/)"
135.181.180.59 - - [01/Mar/2026:15:30:11 +0000] "GET /whsy.php?p=/home/lab2454c/adenbic.com/wp-content/plugins/elementor-pro/modules/woocommerce/skins/.. HTTP/1.1" 200 827 "-" "Mozilla/5.0 (compatible; MJ12bot/v1.4.8; http://mj12bot.com/)"
135.181.180.59 - - [01/Mar/2026:15:30:14 +0000] "GET /whsy.php?p=/home/lab2454c/adenbic.com/wp-content/plugins/elementor-pro/modules/woocommerce/tags/.. HTTP/1.1" 200 827 "-" "Mozilla/5.0 (compatible; MJ12bot/v1.4.8; http://mj12bot.com/)"
135.181.180.59 - - [01/Mar/2026:15:30:18 +0000] "GET /whsy.php?p=/home/lab2454c/adenbic.com/wp-content/plugins/elementor-pro/modules/woocommerce/tags/traits HTTP/1.1" 200 767 "-" "Mozilla/5.0 (compatible; MJ12bot/v1.4.8; http://mj12bot.com/)"
74.7.227.26 - - [01/Mar/2026:15:30:18 +0000] "GET /whsy.php?e=exe&p=%2Fproc%2F11486 HTTP/2.0" 200 1936 "https://www.vkeycloud.com.lab2454.com/whsy.php?p=%2Fproc%2F11486" "Mozilla/5.0 AppleWebKit/537.36 (KHTML, like Gecko; compatible; GPTBot/1.3; +https://openai.com/gptbot)"
135.181.180.59 - - [01/Mar/2026:15:30:21 +0000] "GET /whsy.php?p=/home/lab2454c/adenbic.com/wp-content/plugins/elementor-pro/modules/woocommerce/wc-templates/.. HTTP/1.1" 200 827 "-" "Mozilla/5.0 (compatible; MJ12bot/v1.4.8; http://mj12bot.com/)"
135.181.180.59 - - [01/Mar/2026:15:30:24 +0000] "GET /whsy.php?p=/home/lab2454c/adenbic.com/wp-content/plugins/elementor-pro/modules/woocommerce/wc-templates/cart HTTP/1.1" 200 766 "-" "Mozilla/5.0 (compatible; MJ12bot/v1.4.8; http://mj12bot.com/)"
135.181.180.59 - - [01/Mar/2026:15:30:28 +0000] "GET /whsy.php?p=/home/lab2454c/adenbic.com/wp-content/plugins/elementor-pro/modules/woocommerce/widgets/.. HTTP/1.1" 200 827 "-" "Mozilla/5.0 (compatible; MJ12bot/v1.4.8; http://mj12bot.com/)"
74.7.227.26 - - [01/Mar/2026:15:30:28 +0000] "GET /whsy.php?e=cwd&p=%2Fproc%2F27391 HTTP/2.0" 200 1936 "https://www.vkeycloud.com.lab2454.com/whsy.php?p=%2Fproc%2F27391" "Mozilla/5.0 AppleWebKit/537.36 (KHTML, like Gecko; compatible; GPTBot/1.3; +https://openai.com/gptbot)"
135.181.180.59 - - [01/Mar/2026:15:30:31 +0000] "GET /whsy.php?p=/home/lab2454c/adenbic.com/wp-content/plugins/elementor/assets/css/templates/.. HTTP/1.1" 200 3028 "-" "Mozilla/5.0 (compatible; MJ12bot/v1.4.8; http://mj12bot.com/)"
135.181.180.59 - - [01/Mar/2026:15:30:34 +0000] "GET /whsy.php?p=/home/lab2454c/adenbic.com/wp-content/plugins/elementor/assets/images/app/.. HTTP/1.1" 200 1089 "-" "Mozilla/5.0 (compatible; MJ12bot/v1.4.8; http://mj12bot.com/)"
135.181.180.59 - - [01/Mar/2026:15:30:38 +0000] "GET /whsy.php?p=/home/lab2454c/adenbic.com/wp-content/plugins/elementor/assets/images/app/site-editor HTTP/1.1" 200 1010 "-" "Mozilla/5.0 (compatible; MJ12bot/v1.4.8; http://mj12bot.com/)"
74.7.227.26 - - [01/Mar/2026:15:30:40 +0000] "GET /whsy.php?e=cwd&p=%2Fproc%2F11486 HTTP/2.0" 200 1936 "https://www.vkeycloud.com.lab2454.com/whsy.php?p=%2Fproc%2F11486" "Mozilla/5.0 AppleWebKit/537.36 (KHTML, like Gecko; compatible; GPTBot/1.3; +https://openai.com/gptbot)"
135.181.180.59 - - [01/Mar/2026:15:30:41 +0000] "GET /whsy.php?p=/home/lab2454c/adenbic.com/wp-content/plugins/elementor/assets/images/library-connect/.. HTTP/1.1" 200 1089 "-" "Mozilla/5.0 (compatible; MJ12bot/v1.4.8; http://mj12bot.com/)"
135.181.180.59 - - [01/Mar/2026:15:30:45 +0000] "GET /whsy.php?p=/home/lab2454c/adenbic.com/wp-content/plugins/elementor/assets/lib/animate.css/.. HTTP/1.1" 200 836 "-" "Mozilla/5.0 (compatible; MJ12bot/v1.4.8; http://mj12bot.com/)"
135.181.180.59 - - [01/Mar/2026:15:30:48 +0000] "GET /whsy.php?p=/home/lab2454c/adenbic.com/wp-content/plugins/elementor/assets/lib/animations/.. HTTP/1.1" 200 836 "-" "Mozilla/5.0 (compatible; MJ12bot/v1.4.8; http://mj12bot.com/)"
135.181.180.59 - - [01/Mar/2026:15:30:51 +0000] "GET /whsy.php?p=/home/lab2454c/adenbic.com/wp-content/plugins/elementor/assets/lib/backbone/.. HTTP/1.1" 200 836 "-" "Mozilla/5.0 (compatible; MJ12bot/v1.4.8; http://mj12bot.com/)"
