176.65.132.19 - - [01/Mar/2026:13:57:20 +0000] "GET /wp-admin/ HTTP/1.1" 302 20 "https://elementalmill.com/wp-login.php" "Mozilla/5.0 (Macintosh; Intel Mac OS X 13_6_1) AppleWebKit/605.1.15 (KHTML, like Gecko) Version/16.6 Safari/605.1.15"
66.249.64.39 - - [01/Mar/2026:13:57:23 +0000] "GET /shopping/products/1619702622 HTTP/1.1" 200 24293 "-" "Mozilla/5.0 (Linux; Android 6.0.1; Nexus 5X Build/MMB29P) AppleWebKit/537.36 (KHTML, like Gecko) Chrome/144.0.7559.132 Mobile Safari/537.36 (compatible; Googlebot/2.1; +http://www.google.com/bot.html)"
144.76.32.114 - - [01/Mar/2026:13:57:23 +0000] "GET /shopping/products/1619596423 HTTP/1.1" 200 24321 "-" "Mozilla/5.0 (compatible; SERankingBacklinksBot/1.0; +https://seranking.com/backlinks-crawler)"
3.211.105.134 - - [01/Mar/2026:13:57:23 +0000] "GET /shop/pg/2014852 HTTP/1.1" 200 25788 "-" "Mozilla/5.0 AppleWebKit/537.36 (KHTML, like Gecko; compatible; Amazonbot/0.1; +https://developer.amazon.com/support/amazonbot) Chrome/119.0.6045.214 Safari/537.36"
74.7.242.62 - - [01/Mar/2026:13:57:23 +0000] "GET /shop/pg/16201426409 HTTP/2.0" 200 25436 "https://www.elementalmill.com.lab2454.com/shop/pg/16201205533" "Mozilla/5.0 AppleWebKit/537.36 (KHTML, like Gecko; compatible; GPTBot/1.3; +https://openai.com/gptbot)"
176.65.132.19 - - [01/Mar/2026:13:57:23 +0000] "GET /wp-admin/ HTTP/1.1" 302 20 "https://elementalmill.com/wp-login.php" "Mozilla/5.0 (Macintosh; Intel Mac OS X 13_6_1) AppleWebKit/605.1.15 (KHTML, like Gecko) Version/16.6 Safari/605.1.15"
98.83.8.142 - - [01/Mar/2026:13:57:25 +0000] "GET /shop/pg/1324870 HTTP/1.1" 200 24649 "-" "Mozilla/5.0 AppleWebKit/537.36 (KHTML, like Gecko; compatible; Amazonbot/0.1; +https://developer.amazon.com/support/amazonbot) Chrome/119.0.6045.214 Safari/537.36"
176.65.132.19 - - [01/Mar/2026:13:57:26 +0000] "GET /wp-admin/ HTTP/1.1" 302 20 "https://elementalmill.com/wp-login.php" "Mozilla/5.0 (Macintosh; Intel Mac OS X 13_6_1) AppleWebKit/605.1.15 (KHTML, like Gecko) Version/16.6 Safari/605.1.15"
144.76.32.114 - - [01/Mar/2026:13:57:27 +0000] "GET /shopping/products/1618326170 HTTP/1.1" 200 24273 "-" "Mozilla/5.0 (compatible; SERankingBacklinksBot/1.0; +https://seranking.com/backlinks-crawler)"
66.249.64.39 - - [01/Mar/2026:13:57:28 +0000] "GET /shop/customer/bookmark.php?shopping/products/1618449811 HTTP/1.1" 200 24666 "-" "Mozilla/5.0 (Linux; Android 6.0.1; Nexus 5X Build/MMB29P) AppleWebKit/537.36 (KHTML, like Gecko) Chrome/144.0.7559.132 Mobile Safari/537.36 (compatible; Googlebot/2.1; +http://www.google.com/bot.html)"
176.65.132.19 - - [01/Mar/2026:13:57:29 +0000] "GET /wp-admin/ HTTP/1.1" 302 20 "https://elementalmill.com/wp-login.php" "Mozilla/5.0 (Macintosh; Intel Mac OS X 13_6_1) AppleWebKit/605.1.15 (KHTML, like Gecko) Version/16.6 Safari/605.1.15"
44.206.65.8 - - [01/Mar/2026:13:57:30 +0000] "GET /shop/pg/24852 HTTP/1.1" 200 24394 "-" "Mozilla/5.0 AppleWebKit/537.36 (KHTML, like Gecko; compatible; Amazonbot/0.1; +https://developer.amazon.com/support/amazonbot) Chrome/119.0.6045.214 Safari/537.36"
74.7.242.62 - - [01/Mar/2026:13:57:31 +0000] "GET /shop/pg/16201433488 HTTP/2.0" 200 25029 "https://www.elementalmill.com.lab2454.com/shop/pg/1428088" "Mozilla/5.0 AppleWebKit/537.36 (KHTML, like Gecko; compatible; GPTBot/1.3; +https://openai.com/gptbot)"
144.76.32.114 - - [01/Mar/2026:13:57:32 +0000] "GET /shopping/products/1619596430 HTTP/1.1" 200 24448 "-" "Mozilla/5.0 (compatible; SERankingBacklinksBot/1.0; +https://seranking.com/backlinks-crawler)"
176.65.132.19 - - [01/Mar/2026:13:57:31 +0000] "GET /wp-admin/ HTTP/1.1" 302 20 "https://elementalmill.com/wp-login.php" "Mozilla/5.0 (Macintosh; Intel Mac OS X 13_6_1) AppleWebKit/605.1.15 (KHTML, like Gecko) Version/16.6 Safari/605.1.15"
3.232.102.111 - - [01/Mar/2026:13:57:34 +0000] "GET /?category/16221002839 HTTP/1.1" 200 17849 "-" "Mozilla/5.0 AppleWebKit/537.36 (KHTML, like Gecko; compatible; Amazonbot/0.1; +https://developer.amazon.com/support/amazonbot) Chrome/119.0.6045.214 Safari/537.36"
176.65.132.19 - - [01/Mar/2026:13:57:34 +0000] "GET /wp-admin/ HTTP/1.1" 302 20 "https://elementalmill.com/wp-login.php" "Mozilla/5.0 (Macintosh; Intel Mac OS X 13_6_1) AppleWebKit/605.1.15 (KHTML, like Gecko) Version/16.6 Safari/605.1.15"
144.76.32.114 - - [01/Mar/2026:13:57:36 +0000] "GET /shopping/products/1618326190 HTTP/1.1" 200 24788 "-" "Mozilla/5.0 (compatible; SERankingBacklinksBot/1.0; +https://seranking.com/backlinks-crawler)"
74.7.242.62 - - [01/Mar/2026:13:57:39 +0000] "GET /shop/pg/1703689 HTTP/2.0" 200 24602 "https://www.elementalmill.com.lab2454.com/shop/pg/1702529" "Mozilla/5.0 AppleWebKit/537.36 (KHTML, like Gecko; compatible; GPTBot/1.3; +https://openai.com/gptbot)"
176.65.132.19 - - [01/Mar/2026:13:57:38 +0000] "GET /wp-admin/ HTTP/1.1" 302 20 "https://elementalmill.com/wp-login.php" "Mozilla/5.0 (Macintosh; Intel Mac OS X 13_6_1) AppleWebKit/605.1.15 (KHTML, like Gecko) Version/16.6 Safari/605.1.15"
144.76.32.114 - - [01/Mar/2026:13:57:40 +0000] "GET /shopping/products/1619596472 HTTP/1.1" 200 24994 "-" "Mozilla/5.0 (compatible; SERankingBacklinksBot/1.0; +https://seranking.com/backlinks-crawler)"
216.73.216.34 - - [01/Mar/2026:13:57:40 +0000] "GET /shopping/products/16222069459 HTTP/2.0" 200 25104 "-" "Mozilla/5.0 AppleWebKit/537.36 (KHTML, like Gecko; compatible; ClaudeBot/1.0; +claudebot@anthropic.com)"
216.73.216.34 - - [01/Mar/2026:13:57:40 +0000] "GET /shopping/products/16211865057 HTTP/2.0" 200 24885 "-" "Mozilla/5.0 AppleWebKit/537.36 (KHTML, like Gecko; compatible; ClaudeBot/1.0; +claudebot@anthropic.com)"
216.73.216.34 - - [01/Mar/2026:13:57:40 +0000] "GET /shopping/products/16222117870 HTTP/2.0" 200 25095 "-" "Mozilla/5.0 AppleWebKit/537.36 (KHTML, like Gecko; compatible; ClaudeBot/1.0; +claudebot@anthropic.com)"
216.73.216.34 - - [01/Mar/2026:13:57:40 +0000] "GET /shopping/products/16222064080 HTTP/2.0" 200 24863 "-" "Mozilla/5.0 AppleWebKit/537.36 (KHTML, like Gecko; compatible; ClaudeBot/1.0; +claudebot@anthropic.com)"
216.73.216.34 - - [01/Mar/2026:13:57:40 +0000] "GET /shopping/products/16222065873 HTTP/2.0" 200 25334 "-" "Mozilla/5.0 AppleWebKit/537.36 (KHTML, like Gecko; compatible; ClaudeBot/1.0; +claudebot@anthropic.com)"
44.223.116.180 - - [01/Mar/2026:13:57:40 +0000] "GET /shop/pg/200341 HTTP/1.1" 200 24364 "-" "Mozilla/5.0 AppleWebKit/537.36 (KHTML, like Gecko; compatible; Amazonbot/0.1; +https://developer.amazon.com/support/amazonbot) Chrome/119.0.6045.214 Safari/537.36"
216.73.216.34 - - [01/Mar/2026:13:57:40 +0000] "GET /shopping/products/16211800509 HTTP/2.0" 200 24809 "-" "Mozilla/5.0 AppleWebKit/537.36 (KHTML, like Gecko; compatible; ClaudeBot/1.0; +claudebot@anthropic.com)"
216.73.216.34 - - [01/Mar/2026:13:57:40 +0000] "GET /shopping/products/16222094561 HTTP/2.0" 200 25620 "-" "Mozilla/5.0 AppleWebKit/537.36 (KHTML, like Gecko; compatible; ClaudeBot/1.0; +claudebot@anthropic.com)"
66.249.64.39 - - [01/Mar/2026:13:57:41 +0000] "GET /shopping/products/1618227128 HTTP/1.1" 200 25147 "-" "Mozilla/5.0 (Linux; Android 6.0.1; Nexus 5X Build/MMB29P) AppleWebKit/537.36 (KHTML, like Gecko) Chrome/144.0.7559.132 Mobile Safari/537.36 (compatible; Googlebot/2.1; +http://www.google.com/bot.html)"
216.73.216.34 - - [01/Mar/2026:13:57:41 +0000] "GET /shopping/products/16222123249 HTTP/2.0" 200 25495 "-" "Mozilla/5.0 AppleWebKit/537.36 (KHTML, like Gecko; compatible; ClaudeBot/1.0; +claudebot@anthropic.com)"
216.73.216.34 - - [01/Mar/2026:13:57:41 +0000] "GET /shopping/products/16222105319 HTTP/2.0" 200 24929 "-" "Mozilla/5.0 AppleWebKit/537.36 (KHTML, like Gecko; compatible; ClaudeBot/1.0; +claudebot@anthropic.com)"
52.70.123.241 - - [01/Mar/2026:13:57:41 +0000] "GET /?category/16231002530 HTTP/1.1" 200 28791 "-" "Mozilla/5.0 AppleWebKit/537.36 (KHTML, like Gecko; compatible; Amazonbot/0.1; +https://developer.amazon.com/support/amazonbot) Chrome/119.0.6045.214 Safari/537.36"
216.73.216.34 - - [01/Mar/2026:13:57:41 +0000] "GET /shopping/products/16211766442 HTTP/2.0" 200 24670 "-" "Mozilla/5.0 AppleWebKit/537.36 (KHTML, like Gecko; compatible; ClaudeBot/1.0; +claudebot@anthropic.com)"
216.73.216.34 - - [01/Mar/2026:13:57:41 +0000] "GET /shopping/products/16211886573 HTTP/2.0" 200 24968 "-" "Mozilla/5.0 AppleWebKit/537.36 (KHTML, like Gecko; compatible; ClaudeBot/1.0; +claudebot@anthropic.com)"
176.65.132.19 - - [01/Mar/2026:13:57:40 +0000] "GET /wp-admin/ HTTP/1.1" 302 20 "https://elementalmill.com/wp-login.php" "Mozilla/5.0 (Macintosh; Intel Mac OS X 13_6_1) AppleWebKit/605.1.15 (KHTML, like Gecko) Version/16.6 Safari/605.1.15"
216.73.216.34 - - [01/Mar/2026:13:57:42 +0000] "GET /shopping/products/16211843541 HTTP/2.0" 200 24939 "-" "Mozilla/5.0 AppleWebKit/537.36 (KHTML, like Gecko; compatible; ClaudeBot/1.0; +claudebot@anthropic.com)"
216.73.216.34 - - [01/Mar/2026:13:57:42 +0000] "GET /shopping/products/16222116077 HTTP/2.0" 200 25480 "-" "Mozilla/5.0 AppleWebKit/537.36 (KHTML, like Gecko; compatible; ClaudeBot/1.0; +claudebot@anthropic.com)"
216.73.216.34 - - [01/Mar/2026:13:57:42 +0000] "GET /shopping/products/16211791544 HTTP/2.0" 200 25658 "-" "Mozilla/5.0 AppleWebKit/537.36 (KHTML, like Gecko; compatible; ClaudeBot/1.0; +claudebot@anthropic.com)"
216.73.216.34 - - [01/Mar/2026:13:57:42 +0000] "GET /shopping/products/16211770028 HTTP/2.0" 200 24646 "-" "Mozilla/5.0 AppleWebKit/537.36 (KHTML, like Gecko; compatible; ClaudeBot/1.0; +claudebot@anthropic.com)"
216.73.216.34 - - [01/Mar/2026:13:57:42 +0000] "GET /shopping/products/16222103526 HTTP/2.0" 200 24507 "-" "Mozilla/5.0 AppleWebKit/537.36 (KHTML, like Gecko; compatible; ClaudeBot/1.0; +claudebot@anthropic.com)"
216.73.216.34 - - [01/Mar/2026:13:57:43 +0000] "GET /shopping/products/161810523 HTTP/2.0" 200 24676 "-" "Mozilla/5.0 AppleWebKit/537.36 (KHTML, like Gecko; compatible; ClaudeBot/1.0; +claudebot@anthropic.com)"
144.76.32.114 - - [01/Mar/2026:13:57:44 +0000] "GET /shopping/products/1618326200 HTTP/1.1" 200 24853 "-" "Mozilla/5.0 (compatible; SERankingBacklinksBot/1.0; +https://seranking.com/backlinks-crawler)"
66.249.64.39 - - [01/Mar/2026:13:57:44 +0000] "GET /shop/customer/bookmark.php?shopping/products/1618175689 HTTP/1.1" 200 24640 "-" "Mozilla/5.0 (Linux; Android 6.0.1; Nexus 5X Build/MMB29P) AppleWebKit/537.36 (KHTML, like Gecko) Chrome/144.0.7559.132 Mobile Safari/537.36 (compatible; Googlebot/2.1; +http://www.google.com/bot.html)"
176.65.132.19 - - [01/Mar/2026:13:57:43 +0000] "GET /wp-admin/ HTTP/1.1" 302 20 "https://elementalmill.com/wp-login.php" "Mozilla/5.0 (Macintosh; Intel Mac OS X 13_6_1) AppleWebKit/605.1.15 (KHTML, like Gecko) Version/16.6 Safari/605.1.15"
74.7.242.62 - - [01/Mar/2026:13:57:46 +0000] "GET /shop/pg/16201193010 HTTP/2.0" 200 25093 "https://www.elementalmill.com.lab2454.com/shop/pg/16211563670" "Mozilla/5.0 AppleWebKit/537.36 (KHTML, like Gecko; compatible; GPTBot/1.3; +https://openai.com/gptbot)"
50.19.221.48 - - [01/Mar/2026:13:57:46 +0000] "GET /shop/pg/617120 HTTP/1.1" 200 24806 "-" "Mozilla/5.0 AppleWebKit/537.36 (KHTML, like Gecko; compatible; Amazonbot/0.1; +https://developer.amazon.com/support/amazonbot) Chrome/119.0.6045.214 Safari/537.36"
176.65.132.19 - - [01/Mar/2026:13:57:46 +0000] "GET /wp-admin/ HTTP/1.1" 302 20 "https://elementalmill.com/wp-login.php" "Mozilla/5.0 (Macintosh; Intel Mac OS X 13_6_1) AppleWebKit/605.1.15 (KHTML, like Gecko) Version/16.6 Safari/605.1.15"
144.76.32.114 - - [01/Mar/2026:13:57:48 +0000] "GET /shopping/products/1619596476 HTTP/1.1" 200 24519 "-" "Mozilla/5.0 (compatible; SERankingBacklinksBot/1.0; +https://seranking.com/backlinks-crawler)"
52.21.62.139 - - [01/Mar/2026:13:57:49 +0000] "GET /category/16221001828 HTTP/1.1" 200 18461 "-" "Mozilla/5.0 AppleWebKit/537.36 (KHTML, like Gecko; compatible; Amazonbot/0.1; +https://developer.amazon.com/support/amazonbot) Chrome/119.0.6045.214 Safari/537.36"
176.65.132.19 - - [01/Mar/2026:13:57:49 +0000] "GET /wp-admin/ HTTP/1.1" 302 20 "https://elementalmill.com/wp-login.php" "Mozilla/5.0 (Macintosh; Intel Mac OS X 13_6_1) AppleWebKit/605.1.15 (KHTML, like Gecko) Version/16.6 Safari/605.1.15"
144.76.32.114 - - [01/Mar/2026:13:57:52 +0000] "GET /shopping/products/1618326231 HTTP/1.1" 200 24558 "-" "Mozilla/5.0 (compatible; SERankingBacklinksBot/1.0; +https://seranking.com/backlinks-crawler)"
176.65.132.19 - - [01/Mar/2026:13:57:52 +0000] "GET /wp-admin/ HTTP/1.1" 302 20 "https://elementalmill.com/wp-login.php" "Mozilla/5.0 (Macintosh; Intel Mac OS X 13_6_1) AppleWebKit/605.1.15 (KHTML, like Gecko) Version/16.6 Safari/605.1.15"
44.215.235.20 - - [01/Mar/2026:13:57:53 +0000] "GET /shop/pg/249487 HTTP/1.1" 200 25196 "-" "Mozilla/5.0 AppleWebKit/537.36 (KHTML, like Gecko; compatible; Amazonbot/0.1; +https://developer.amazon.com/support/amazonbot) Chrome/119.0.6045.214 Safari/537.36"
5.255.231.15 - - [01/Mar/2026:13:57:53 +0000] "GET /shopping/products/162146551636 HTTP/1.1" 200 25210 "-" "Mozilla/5.0 (compatible; YandexBot/3.0; +http://yandex.com/bots)"
66.249.64.39 - - [01/Mar/2026:13:57:55 +0000] "GET /shopping/products/16211605961 HTTP/1.1" 200 24697 "-" "Mozilla/5.0 (Linux; Android 6.0.1; Nexus 5X Build/MMB29P) AppleWebKit/537.36 (KHTML, like Gecko) Chrome/144.0.7559.132 Mobile Safari/537.36 (compatible; Googlebot/2.1; +http://www.google.com/bot.html)"
74.7.242.62 - - [01/Mar/2026:13:57:56 +0000] "GET /shop/pg/1429253 HTTP/2.0" 200 24597 "https://www.elementalmill.com.lab2454.com/shop/pg/1428088" "Mozilla/5.0 AppleWebKit/537.36 (KHTML, like Gecko; compatible; GPTBot/1.3; +https://openai.com/gptbot)"
144.76.32.114 - - [01/Mar/2026:13:57:56 +0000] "GET /shopping/products/1619596520 HTTP/1.1" 200 24801 "-" "Mozilla/5.0 (compatible; SERankingBacklinksBot/1.0; +https://seranking.com/backlinks-crawler)"
176.65.132.19 - - [01/Mar/2026:13:57:56 +0000] "GET /wp-admin/ HTTP/1.1" 302 20 "https://elementalmill.com/wp-login.php" "Mozilla/5.0 (Macintosh; Intel Mac OS X 13_6_1) AppleWebKit/605.1.15 (KHTML, like Gecko) Version/16.6 Safari/605.1.15"
18.214.251.19 - - [01/Mar/2026:13:57:57 +0000] "GET /shop/pg/1702150 HTTP/1.1" 200 24418 "-" "Mozilla/5.0 AppleWebKit/537.36 (KHTML, like Gecko; compatible; Amazonbot/0.1; +https://developer.amazon.com/support/amazonbot) Chrome/119.0.6045.214 Safari/537.36"
144.76.32.114 - - [01/Mar/2026:13:58:01 +0000] "GET /shopping/products/1618326340 HTTP/1.1" 200 24715 "-" "Mozilla/5.0 (compatible; SERankingBacklinksBot/1.0; +https://seranking.com/backlinks-crawler)"
52.70.138.176 - - [01/Mar/2026:13:58:01 +0000] "GET /shop/pg/369103 HTTP/1.1" 200 24729 "-" "Mozilla/5.0 AppleWebKit/537.36 (KHTML, like Gecko; compatible; Amazonbot/0.1; +https://developer.amazon.com/support/amazonbot) Chrome/119.0.6045.214 Safari/537.36"
176.65.132.19 - - [01/Mar/2026:13:58:00 +0000] "GET /wp-admin/ HTTP/1.1" 302 20 "https://elementalmill.com/wp-login.php" "Mozilla/5.0 (Macintosh; Intel Mac OS X 13_6_1) AppleWebKit/605.1.15 (KHTML, like Gecko) Version/16.6 Safari/605.1.15"
139.162.194.112 - - [01/Mar/2026:13:58:02 +0000] "POST /wp-cron.php?doing_wp_cron=1772373482.5244119167327880859375 HTTP/1.1" 404 13168 "-" "WordPress/6.9.1; https://elementalmill.com"
74.7.242.62 - - [01/Mar/2026:13:58:05 +0000] "GET /shop/pg/16211686059 HTTP/2.0" 200 25448 "https://www.elementalmill.com.lab2454.com/shop/pg/16201465159" "Mozilla/5.0 AppleWebKit/537.36 (KHTML, like Gecko; compatible; GPTBot/1.3; +https://openai.com/gptbot)"
144.76.32.114 - - [01/Mar/2026:13:58:05 +0000] "GET /shopping/products/1619596573 HTTP/1.1" 200 24088 "-" "Mozilla/5.0 (compatible; SERankingBacklinksBot/1.0; +https://seranking.com/backlinks-crawler)"
176.65.132.19 - - [01/Mar/2026:13:58:04 +0000] "GET /wp-admin/ HTTP/1.1" 302 20 "https://elementalmill.com/wp-login.php" "Mozilla/5.0 (Macintosh; Intel Mac OS X 13_6_1) AppleWebKit/605.1.15 (KHTML, like Gecko) Version/16.6 Safari/605.1.15"
18.232.36.1 - - [01/Mar/2026:13:58:05 +0000] "GET /shop/pg/28974 HTTP/1.1" 200 24538 "-" "Mozilla/5.0 AppleWebKit/537.36 (KHTML, like Gecko; compatible; Amazonbot/0.1; +https://developer.amazon.com/support/amazonbot) Chrome/119.0.6045.214 Safari/537.36"
176.65.132.19 - - [01/Mar/2026:13:58:07 +0000] "GET /wp-admin/ HTTP/1.1" 302 20 "https://elementalmill.com/wp-login.php" "Mozilla/5.0 (Macintosh; Intel Mac OS X 13_6_1) AppleWebKit/605.1.15 (KHTML, like Gecko) Version/16.6 Safari/605.1.15"
184.72.84.154 - - [01/Mar/2026:13:58:09 +0000] "GET /?shopping/products/1618152024 HTTP/1.1" 200 24625 "-" "Mozilla/5.0 AppleWebKit/537.36 (KHTML, like Gecko; compatible; Amazonbot/0.1; +https://developer.amazon.com/support/amazonbot) Chrome/119.0.6045.214 Safari/537.36"
144.76.32.114 - - [01/Mar/2026:13:58:09 +0000] "GET /shopping/products/1618326347 HTTP/1.1" 200 24132 "-" "Mozilla/5.0 (compatible; SERankingBacklinksBot/1.0; +https://seranking.com/backlinks-crawler)"
176.65.132.19 - - [01/Mar/2026:13:58:10 +0000] "GET /wp-admin/ HTTP/1.1" 302 20 "https://elementalmill.com/wp-login.php" "Mozilla/5.0 (Macintosh; Intel Mac OS X 13_6_1) AppleWebKit/605.1.15 (KHTML, like Gecko) Version/16.6 Safari/605.1.15"
35.170.205.140 - - [01/Mar/2026:13:58:13 +0000] "GET /?category/16221002423 HTTP/1.1" 200 20387 "-" "Mozilla/5.0 AppleWebKit/537.36 (KHTML, like Gecko; compatible; Amazonbot/0.1; +https://developer.amazon.com/support/amazonbot) Chrome/119.0.6045.214 Safari/537.36"
144.76.32.114 - - [01/Mar/2026:13:58:13 +0000] "GET /shopping/products/1619596740 HTTP/1.1" 200 25268 "-" "Mozilla/5.0 (compatible; SERankingBacklinksBot/1.0; +https://seranking.com/backlinks-crawler)"
176.65.132.19 - - [01/Mar/2026:13:58:13 +0000] "GET /wp-admin/ HTTP/1.1" 302 20 "https://elementalmill.com/wp-login.php" "Mozilla/5.0 (Macintosh; Intel Mac OS X 13_6_1) AppleWebKit/605.1.15 (KHTML, like Gecko) Version/16.6 Safari/605.1.15"
74.7.242.62 - - [01/Mar/2026:13:58:15 +0000] "GET /shop/pg/1330220 HTTP/2.0" 200 24898 "https://www.elementalmill.com.lab2454.com/shop/pg/1329058" "Mozilla/5.0 AppleWebKit/537.36 (KHTML, like Gecko; compatible; GPTBot/1.3; +https://openai.com/gptbot)"
44.220.2.97 - - [01/Mar/2026:13:58:17 +0000] "GET /?category/16231001344 HTTP/1.1" 200 19725 "-" "Mozilla/5.0 AppleWebKit/537.36 (KHTML, like Gecko; compatible; Amazonbot/0.1; +https://developer.amazon.com/support/amazonbot) Chrome/119.0.6045.214 Safari/537.36"
144.76.32.114 - - [01/Mar/2026:13:58:17 +0000] "GET /shopping/products/1618326398 HTTP/1.1" 200 24442 "-" "Mozilla/5.0 (compatible; SERankingBacklinksBot/1.0; +https://seranking.com/backlinks-crawler)"
176.65.132.19 - - [01/Mar/2026:13:58:16 +0000] "GET /wp-admin/ HTTP/1.1" 302 20 "https://elementalmill.com/wp-login.php" "Mozilla/5.0 (Macintosh; Intel Mac OS X 13_6_1) AppleWebKit/605.1.15 (KHTML, like Gecko) Version/16.6 Safari/605.1.15"
74.7.227.51 - - [01/Mar/2026:13:58:18 +0000] "GET /shop/pg/1618345025 HTTP/2.0" 200 24428 "https://elementalmill.com/shop/pg/161861958" "Mozilla/5.0 AppleWebKit/537.36 (KHTML, like Gecko; compatible; GPTBot/1.3; +https://openai.com/gptbot)"
176.65.132.19 - - [01/Mar/2026:13:58:20 +0000] "GET /wp-admin/ HTTP/1.1" 302 20 "https://elementalmill.com/wp-login.php" "Mozilla/5.0 (Macintosh; Intel Mac OS X 13_6_1) AppleWebKit/605.1.15 (KHTML, like Gecko) Version/16.6 Safari/605.1.15"
52.44.229.124 - - [01/Mar/2026:13:58:22 +0000] "GET /shop/pg/95310 HTTP/1.1" 200 24364 "-" "Mozilla/5.0 AppleWebKit/537.36 (KHTML, like Gecko; compatible; Amazonbot/0.1; +https://developer.amazon.com/support/amazonbot) Chrome/119.0.6045.214 Safari/537.36"
144.76.32.114 - - [01/Mar/2026:13:58:22 +0000] "GET /shopping/products/1619596753 HTTP/1.1" 200 24672 "-" "Mozilla/5.0 (compatible; SERankingBacklinksBot/1.0; +https://seranking.com/backlinks-crawler)"
74.7.242.62 - - [01/Mar/2026:13:58:23 +0000] "GET /shop/pg/1242465 HTTP/2.0" 200 25542 "https://www.elementalmill.com.lab2454.com/shop/pg/16201026016" "Mozilla/5.0 AppleWebKit/537.36 (KHTML, like Gecko; compatible; GPTBot/1.3; +https://openai.com/gptbot)"
176.65.132.19 - - [01/Mar/2026:13:58:23 +0000] "GET /wp-admin/ HTTP/1.1" 302 20 "https://elementalmill.com/wp-login.php" "Mozilla/5.0 (Macintosh; Intel Mac OS X 13_6_1) AppleWebKit/605.1.15 (KHTML, like Gecko) Version/16.6 Safari/605.1.15"
44.215.235.20 - - [01/Mar/2026:13:58:25 +0000] "GET /?category/16181000930 HTTP/1.1" 200 23305 "-" "Mozilla/5.0 AppleWebKit/537.36 (KHTML, like Gecko; compatible; Amazonbot/0.1; +https://developer.amazon.com/support/amazonbot) Chrome/119.0.6045.214 Safari/537.36"
144.76.32.114 - - [01/Mar/2026:13:58:26 +0000] "GET /shopping/products/1618326408 HTTP/1.1" 200 24941 "-" "Mozilla/5.0 (compatible; SERankingBacklinksBot/1.0; +https://seranking.com/backlinks-crawler)"
216.73.216.34 - - [01/Mar/2026:13:58:26 +0000] "GET /shopping/products/16222071252 HTTP/2.0" 200 24828 "-" "Mozilla/5.0 AppleWebKit/537.36 (KHTML, like Gecko; compatible; ClaudeBot/1.0; +claudebot@anthropic.com)"
216.73.216.34 - - [01/Mar/2026:13:58:26 +0000] "GET /shopping/products/16211877608 HTTP/2.0" 200 24645 "-" "Mozilla/5.0 AppleWebKit/537.36 (KHTML, like Gecko; compatible; ClaudeBot/1.0; +claudebot@anthropic.com)"
216.73.216.34 - - [01/Mar/2026:13:58:26 +0000] "GET /shopping/products/16211816646 HTTP/2.0" 200 25469 "-" "Mozilla/5.0 AppleWebKit/537.36 (KHTML, like Gecko; compatible; ClaudeBot/1.0; +claudebot@anthropic.com)"
216.73.216.34 - - [01/Mar/2026:13:58:27 +0000] "GET /shopping/products/16211884780 HTTP/2.0" 200 24581 "-" "Mozilla/5.0 AppleWebKit/537.36 (KHTML, like Gecko; compatible; ClaudeBot/1.0; +claudebot@anthropic.com)"
216.73.216.34 - - [01/Mar/2026:13:58:27 +0000] "GET /shopping/products/16222089182 HTTP/2.0" 200 26006 "-" "Mozilla/5.0 AppleWebKit/537.36 (KHTML, like Gecko; compatible; ClaudeBot/1.0; +claudebot@anthropic.com)"
216.73.216.34 - - [01/Mar/2026:13:58:27 +0000] "GET /shopping/products/16211979809 HTTP/2.0" 200 24398 "-" "Mozilla/5.0 AppleWebKit/537.36 (KHTML, like Gecko; compatible; ClaudeBot/1.0; +claudebot@anthropic.com)"
216.73.216.34 - - [01/Mar/2026:13:58:27 +0000] "GET /shopping/products/16211768235 HTTP/2.0" 200 24728 "-" "Mozilla/5.0 AppleWebKit/537.36 (KHTML, like Gecko; compatible; ClaudeBot/1.0; +claudebot@anthropic.com)"
176.65.132.19 - - [01/Mar/2026:13:58:27 +0000] "GET /wp-admin/ HTTP/1.1" 302 20 "https://elementalmill.com/wp-login.php" "Mozilla/5.0 (Macintosh; Intel Mac OS X 13_6_1) AppleWebKit/605.1.15 (KHTML, like Gecko) Version/16.6 Safari/605.1.15"
216.73.216.34 - - [01/Mar/2026:13:58:28 +0000] "GET /shopping/products/16211854299 HTTP/2.0" 200 24582 "-" "Mozilla/5.0 AppleWebKit/537.36 (KHTML, like Gecko; compatible; ClaudeBot/1.0; +claudebot@anthropic.com)"
216.73.216.34 - - [01/Mar/2026:13:58:29 +0000] "GET /shopping/products/16211838162 HTTP/2.0" 200 24565 "-" "Mozilla/5.0 AppleWebKit/537.36 (KHTML, like Gecko; compatible; ClaudeBot/1.0; +claudebot@anthropic.com)"
74.7.227.51 - - [01/Mar/2026:13:58:29 +0000] "GET /shop/pg/1618302092 HTTP/2.0" 200 24436 "https://elementalmill.com/shop/pg/161819045" "Mozilla/5.0 AppleWebKit/537.36 (KHTML, like Gecko; compatible; GPTBot/1.3; +https://openai.com/gptbot)"
216.73.216.34 - - [01/Mar/2026:13:58:29 +0000] "GET /shopping/products/16211814853 HTTP/2.0" 200 25385 "-" "Mozilla/5.0 AppleWebKit/537.36 (KHTML, like Gecko; compatible; ClaudeBot/1.0; +claudebot@anthropic.com)"
216.73.216.34 - - [01/Mar/2026:13:58:29 +0000] "GET /shopping/products/16211759270 HTTP/2.0" 200 24936 "-" "Mozilla/5.0 AppleWebKit/537.36 (KHTML, like Gecko; compatible; ClaudeBot/1.0; +claudebot@anthropic.com)"
216.73.216.34 - - [01/Mar/2026:13:58:29 +0000] "GET /shopping/products/16211841748 HTTP/2.0" 200 25123 "-" "Mozilla/5.0 AppleWebKit/537.36 (KHTML, like Gecko; compatible; ClaudeBot/1.0; +claudebot@anthropic.com)"
216.73.216.34 - - [01/Mar/2026:13:58:29 +0000] "GET /shopping/products/16222062287 HTTP/2.0" 200 25555 "-" "Mozilla/5.0 AppleWebKit/537.36 (KHTML, like Gecko; compatible; ClaudeBot/1.0; +claudebot@anthropic.com)"
216.73.216.34 - - [01/Mar/2026:13:58:30 +0000] "GET /shopping/products/16211882987 HTTP/2.0" 200 24507 "-" "Mozilla/5.0 AppleWebKit/537.36 (KHTML, like Gecko; compatible; ClaudeBot/1.0; +claudebot@anthropic.com)"
216.73.216.34 - - [01/Mar/2026:13:58:30 +0000] "GET /shopping/products/16211787958 HTTP/2.0" 200 24541 "-" "Mozilla/5.0 AppleWebKit/537.36 (KHTML, like Gecko; compatible; ClaudeBot/1.0; +claudebot@anthropic.com)"
216.73.216.34 - - [01/Mar/2026:13:58:30 +0000] "GET /shopping/products/16211827404 HTTP/2.0" 200 24887 "-" "Mozilla/5.0 AppleWebKit/537.36 (KHTML, like Gecko; compatible; ClaudeBot/1.0; +claudebot@anthropic.com)"
216.73.216.34 - - [01/Mar/2026:13:58:30 +0000] "GET /shopping/products/16222078424 HTTP/2.0" 200 25257 "-" "Mozilla/5.0 AppleWebKit/537.36 (KHTML, like Gecko; compatible; ClaudeBot/1.0; +claudebot@anthropic.com)"
144.76.32.114 - - [01/Mar/2026:13:58:30 +0000] "GET /shopping/products/1619596778 HTTP/1.1" 200 24262 "-" "Mozilla/5.0 (compatible; SERankingBacklinksBot/1.0; +https://seranking.com/backlinks-crawler)"
34.231.181.240 - - [01/Mar/2026:13:58:31 +0000] "GET /?category/16211000628 HTTP/1.1" 200 27563 "-" "Mozilla/5.0 AppleWebKit/537.36 (KHTML, like Gecko; compatible; Amazonbot/0.1; +https://developer.amazon.com/support/amazonbot) Chrome/119.0.6045.214 Safari/537.36"
216.73.216.34 - - [01/Mar/2026:13:58:31 +0000] "GET /shopping/products/16222031806 HTTP/2.0" 200 25965 "-" "Mozilla/5.0 AppleWebKit/537.36 (KHTML, like Gecko; compatible; ClaudeBot/1.0; +claudebot@anthropic.com)"
216.73.216.34 - - [01/Mar/2026:13:58:31 +0000] "GET /shopping/products/16222021048 HTTP/2.0" 200 24906 "-" "Mozilla/5.0 AppleWebKit/537.36 (KHTML, like Gecko; compatible; ClaudeBot/1.0; +claudebot@anthropic.com)"
216.73.216.34 - - [01/Mar/2026:13:58:31 +0000] "GET /shopping/products/16222067666 HTTP/2.0" 200 24701 "-" "Mozilla/5.0 AppleWebKit/537.36 (KHTML, like Gecko; compatible; ClaudeBot/1.0; +claudebot@anthropic.com)"
216.73.216.34 - - [01/Mar/2026:13:58:31 +0000] "GET /shopping/products/16211829197 HTTP/2.0" 200 24725 "-" "Mozilla/5.0 AppleWebKit/537.36 (KHTML, like Gecko; compatible; ClaudeBot/1.0; +claudebot@anthropic.com)"
176.65.132.19 - - [01/Mar/2026:13:58:30 +0000] "GET /wp-admin/profile.php HTTP/1.1" 404 12378 "https://elementalmill.com/wp-login.php" "Mozilla/5.0 (Macintosh; Intel Mac OS X 13_6_1) AppleWebKit/605.1.15 (KHTML, like Gecko) Version/16.6 Safari/605.1.15"
216.73.216.34 - - [01/Mar/2026:13:58:32 +0000] "GET /shopping/products/16222035392 HTTP/2.0" 200 24907 "-" "Mozilla/5.0 AppleWebKit/537.36 (KHTML, like Gecko; compatible; ClaudeBot/1.0; +claudebot@anthropic.com)"
216.73.216.34 - - [01/Mar/2026:13:58:32 +0000] "GET /shopping/products/16222040771 HTTP/2.0" 200 25245 "-" "Mozilla/5.0 AppleWebKit/537.36 (KHTML, like Gecko; compatible; ClaudeBot/1.0; +claudebot@anthropic.com)"
216.73.216.34 - - [01/Mar/2026:13:58:32 +0000] "GET /shopping/products/16222033599 HTTP/2.0" 200 24654 "-" "Mozilla/5.0 AppleWebKit/537.36 (KHTML, like Gecko; compatible; ClaudeBot/1.0; +claudebot@anthropic.com)"
216.73.216.34 - - [01/Mar/2026:13:58:33 +0000] "GET /shopping/products/16222055115 HTTP/2.0" 200 25042 "-" "Mozilla/5.0 AppleWebKit/537.36 (KHTML, like Gecko; compatible; ClaudeBot/1.0; +claudebot@anthropic.com)"
216.73.216.34 - - [01/Mar/2026:13:58:33 +0000] "GET /shopping/products/16222080217 HTTP/2.0" 200 25578 "-" "Mozilla/5.0 AppleWebKit/537.36 (KHTML, like Gecko; compatible; ClaudeBot/1.0; +claudebot@anthropic.com)"
216.73.216.34 - - [01/Mar/2026:13:58:33 +0000] "GET /shopping/products/16222046150 HTTP/2.0" 200 24042 "-" "Mozilla/5.0 AppleWebKit/537.36 (KHTML, like Gecko; compatible; ClaudeBot/1.0; +claudebot@anthropic.com)"
216.73.216.34 - - [01/Mar/2026:13:58:34 +0000] "GET /shopping/products/16211870436 HTTP/2.0" 200 24323 "-" "Mozilla/5.0 AppleWebKit/537.36 (KHTML, like Gecko; compatible; ClaudeBot/1.0; +claudebot@anthropic.com)"
216.73.216.34 - - [01/Mar/2026:13:58:34 +0000] "GET /shopping/products/16211848920 HTTP/2.0" 200 24999 "-" "Mozilla/5.0 AppleWebKit/537.36 (KHTML, like Gecko; compatible; ClaudeBot/1.0; +claudebot@anthropic.com)"
216.73.216.34 - - [01/Mar/2026:13:58:34 +0000] "GET /shopping/products/16222146558 HTTP/2.0" 200 25347 "-" "Mozilla/5.0 AppleWebKit/537.36 (KHTML, like Gecko; compatible; ClaudeBot/1.0; +claudebot@anthropic.com)"
23.21.119.232 - - [01/Mar/2026:13:58:34 +0000] "GET /shop/pg/2355170 HTTP/1.1" 200 25638 "-" "Mozilla/5.0 AppleWebKit/537.36 (KHTML, like Gecko; compatible; Amazonbot/0.1; +https://developer.amazon.com/support/amazonbot) Chrome/119.0.6045.214 Safari/537.36"
176.65.132.19 - - [01/Mar/2026:13:58:33 +0000] "GET /wp-admin/edit.php HTTP/1.1" 404 12378 "https://elementalmill.com/wp-login.php" "Mozilla/5.0 (Macintosh; Intel Mac OS X 13_6_1) AppleWebKit/605.1.15 (KHTML, like Gecko) Version/16.6 Safari/605.1.15"
216.73.216.34 - - [01/Mar/2026:13:58:35 +0000] "GET /shopping/products/16222074838 HTTP/2.0" 200 25350 "-" "Mozilla/5.0 AppleWebKit/537.36 (KHTML, like Gecko; compatible; ClaudeBot/1.0; +claudebot@anthropic.com)"
216.73.216.34 - - [01/Mar/2026:13:58:35 +0000] "GET /shopping/products/16211985188 HTTP/2.0" 200 24722 "-" "Mozilla/5.0 AppleWebKit/537.36 (KHTML, like Gecko; compatible; ClaudeBot/1.0; +claudebot@anthropic.com)"
216.73.216.34 - - [01/Mar/2026:13:58:35 +0000] "GET /shopping/products/16211804095 HTTP/2.0" 200 24909 "-" "Mozilla/5.0 AppleWebKit/537.36 (KHTML, like Gecko; compatible; ClaudeBot/1.0; +claudebot@anthropic.com)"
216.73.216.34 - - [01/Mar/2026:13:58:35 +0000] "GET /shopping/products/16211960086 HTTP/2.0" 200 25960 "-" "Mozilla/5.0 AppleWebKit/537.36 (KHTML, like Gecko; compatible; ClaudeBot/1.0; +claudebot@anthropic.com)"
144.76.32.114 - - [01/Mar/2026:13:58:35 +0000] "GET /shopping/products/1618326432 HTTP/1.1" 200 24394 "-" "Mozilla/5.0 (compatible; SERankingBacklinksBot/1.0; +https://seranking.com/backlinks-crawler)"
100.24.149.244 - - [01/Mar/2026:13:58:37 +0000] "GET /shop/pg/603458 HTTP/1.1" 200 25208 "-" "Mozilla/5.0 AppleWebKit/537.36 (KHTML, like Gecko; compatible; Amazonbot/0.1; +https://developer.amazon.com/support/amazonbot) Chrome/119.0.6045.214 Safari/537.36"
74.7.242.62 - - [01/Mar/2026:13:58:38 +0000] "GET /shop/pg/1501275 HTTP/2.0" 200 24123 "https://www.elementalmill.com.lab2454.com/shop/pg/16201284814" "Mozilla/5.0 AppleWebKit/537.36 (KHTML, like Gecko; compatible; GPTBot/1.3; +https://openai.com/gptbot)"
176.65.132.19 - - [01/Mar/2026:13:58:37 +0000] "GET /wp-admin/plugins.php HTTP/1.1" 404 12378 "https://elementalmill.com/wp-login.php" "Mozilla/5.0 (Macintosh; Intel Mac OS X 13_6_1) AppleWebKit/605.1.15 (KHTML, like Gecko) Version/16.6 Safari/605.1.15"
144.76.32.114 - - [01/Mar/2026:13:58:40 +0000] "GET /shopping/products/1619596839 HTTP/1.1" 200 24082 "-" "Mozilla/5.0 (compatible; SERankingBacklinksBot/1.0; +https://seranking.com/backlinks-crawler)"
176.65.132.19 - - [01/Mar/2026:13:58:40 +0000] "POST /wp-login.php HTTP/1.1" 200 2967 "https://elementalmill.com/wp-login.php" "Mozilla/5.0 (Macintosh; Intel Mac OS X 10_15_7) AppleWebKit/537.36 (KHTML, like Gecko) Chrome/121.0.0.0 Safari/537.36"
98.83.94.113 - - [01/Mar/2026:13:58:42 +0000] "GET /?shopping/products/1618222024 HTTP/1.1" 200 24247 "-" "Mozilla/5.0 AppleWebKit/537.36 (KHTML, like Gecko; compatible; Amazonbot/0.1; +https://developer.amazon.com/support/amazonbot) Chrome/119.0.6045.214 Safari/537.36"
66.249.64.40 - - [01/Mar/2026:13:58:42 +0000] "GET /shop/customer/bookmark.php?shopping/products/16211717174 HTTP/1.1" 200 25352 "-" "Mozilla/5.0 (Linux; Android 6.0.1; Nexus 5X Build/MMB29P) AppleWebKit/537.36 (KHTML, like Gecko) Chrome/144.0.7559.132 Mobile Safari/537.36 (compatible; Googlebot/2.1; +http://www.google.com/bot.html)"
144.76.32.114 - - [01/Mar/2026:13:58:44 +0000] "GET /shopping/products/1618326495 HTTP/1.1" 200 24759 "-" "Mozilla/5.0 (compatible; SERankingBacklinksBot/1.0; +https://seranking.com/backlinks-crawler)"
74.7.227.51 - - [01/Mar/2026:13:58:44 +0000] "GET /shop/pg/161864839 HTTP/2.0" 200 24916 "https://elementalmill.com/shop/pg/61001" "Mozilla/5.0 AppleWebKit/537.36 (KHTML, like Gecko; compatible; GPTBot/1.3; +https://openai.com/gptbot)"
176.65.132.19 - - [01/Mar/2026:13:58:43 +0000] "GET /wp-admin/index.php HTTP/1.1" 301 20 "https://elementalmill.com/wp-login.php" "Mozilla/5.0 (Windows NT 11.0; Win64; x64) AppleWebKit/537.36 (KHTML, like Gecko) Chrome/119.0.0.0 Safari/537.36"
3.216.86.144 - - [01/Mar/2026:13:58:46 +0000] "GET /?category/16211001773 HTTP/1.1" 200 27524 "-" "Mozilla/5.0 AppleWebKit/537.36 (KHTML, like Gecko; compatible; Amazonbot/0.1; +https://developer.amazon.com/support/amazonbot) Chrome/119.0.6045.214 Safari/537.36"
176.65.132.19 - - [01/Mar/2026:13:58:46 +0000] "GET /wp-admin/ HTTP/1.1" 302 20 "https://elementalmill.com/wp-login.php" "Mozilla/5.0 (Windows NT 11.0; Win64; x64) AppleWebKit/537.36 (KHTML, like Gecko) Chrome/119.0.0.0 Safari/537.36"
144.76.32.114 - - [01/Mar/2026:13:58:48 +0000] "GET /shopping/products/1619596849 HTTP/1.1" 200 24604 "-" "Mozilla/5.0 (compatible; SERankingBacklinksBot/1.0; +https://seranking.com/backlinks-crawler)"
52.205.113.104 - - [01/Mar/2026:13:58:51 +0000] "GET /?shopping/products/16201420888 HTTP/1.1" 200 24770 "-" "Mozilla/5.0 AppleWebKit/537.36 (KHTML, like Gecko; compatible; Amazonbot/0.1; +https://developer.amazon.com/support/amazonbot) Chrome/119.0.6045.214 Safari/537.36"
176.65.132.19 - - [01/Mar/2026:13:58:50 +0000] "GET /wp-admin/ HTTP/1.1" 302 20 "https://elementalmill.com/wp-login.php" "Mozilla/5.0 (Windows NT 11.0; Win64; x64) AppleWebKit/537.36 (KHTML, like Gecko) Chrome/119.0.0.0 Safari/537.36"
144.76.32.114 - - [01/Mar/2026:13:58:53 +0000] "GET /shopping/products/1618326516 HTTP/1.1" 200 24384 "-" "Mozilla/5.0 (compatible; SERankingBacklinksBot/1.0; +https://seranking.com/backlinks-crawler)"
176.65.132.19 - - [01/Mar/2026:13:58:53 +0000] "GET /wp-admin/ HTTP/1.1" 302 20 "https://elementalmill.com/wp-login.php" "Mozilla/5.0 (Windows NT 11.0; Win64; x64) AppleWebKit/537.36 (KHTML, like Gecko) Chrome/119.0.0.0 Safari/537.36"
54.156.55.147 - - [01/Mar/2026:13:58:54 +0000] "GET /shop/pg/16201393111 HTTP/1.1" 200 24654 "-" "Mozilla/5.0 AppleWebKit/537.36 (KHTML, like Gecko; compatible; Amazonbot/0.1; +https://developer.amazon.com/support/amazonbot) Chrome/119.0.6045.214 Safari/537.36"
74.7.242.62 - - [01/Mar/2026:13:58:55 +0000] "GET /shop/pg/1460918 HTTP/2.0" 200 24958 "https://www.elementalmill.com.lab2454.com/shop/pg/1459747" "Mozilla/5.0 AppleWebKit/537.36 (KHTML, like Gecko; compatible; GPTBot/1.3; +https://openai.com/gptbot)"
144.76.32.114 - - [01/Mar/2026:13:58:57 +0000] "GET /shopping/products/1619596949 HTTP/1.1" 200 24183 "-" "Mozilla/5.0 (compatible; SERankingBacklinksBot/1.0; +https://seranking.com/backlinks-crawler)"
176.65.132.19 - - [01/Mar/2026:13:58:56 +0000] "GET /wp-admin/ HTTP/1.1" 302 20 "https://elementalmill.com/wp-login.php" "Mozilla/5.0 (Windows NT 11.0; Win64; x64) AppleWebKit/537.36 (KHTML, like Gecko) Chrome/119.0.0.0 Safari/537.36"
44.209.89.189 - - [01/Mar/2026:13:58:59 +0000] "GET /shop/pg/1694365 HTTP/1.1" 200 24497 "-" "Mozilla/5.0 AppleWebKit/537.36 (KHTML, like Gecko; compatible; Amazonbot/0.1; +https://developer.amazon.com/support/amazonbot) Chrome/119.0.6045.214 Safari/537.36"
176.65.132.19 - - [01/Mar/2026:13:58:59 +0000] "GET /wp-admin/ HTTP/1.1" 302 20 "https://elementalmill.com/wp-login.php" "Mozilla/5.0 (Windows NT 11.0; Win64; x64) AppleWebKit/537.36 (KHTML, like Gecko) Chrome/119.0.0.0 Safari/537.36"
144.76.32.114 - - [01/Mar/2026:13:59:01 +0000] "GET /shopping/products/1618326537 HTTP/1.1" 200 24359 "-" "Mozilla/5.0 (compatible; SERankingBacklinksBot/1.0; +https://seranking.com/backlinks-crawler)"
52.5.232.250 - - [01/Mar/2026:13:59:01 +0000] "GET /shop/pg/202714 HTTP/1.1" 200 24462 "-" "Mozilla/5.0 AppleWebKit/537.36 (KHTML, like Gecko; compatible; Amazonbot/0.1; +https://developer.amazon.com/support/amazonbot) Chrome/119.0.6045.214 Safari/537.36"
216.73.216.34 - - [01/Mar/2026:13:59:01 +0000] "GET /shopping/products/16222087389 HTTP/2.0" 200 25206 "-" "Mozilla/5.0 AppleWebKit/537.36 (KHTML, like Gecko; compatible; ClaudeBot/1.0; +claudebot@anthropic.com)"
216.73.216.34 - - [01/Mar/2026:13:59:02 +0000] "GET /shopping/products/16222058701 HTTP/2.0" 200 24607 "-" "Mozilla/5.0 AppleWebKit/537.36 (KHTML, like Gecko; compatible; ClaudeBot/1.0; +claudebot@anthropic.com)"
216.73.216.34 - - [01/Mar/2026:13:59:01 +0000] "GET /shopping/products/16222024634 HTTP/2.0" 200 25547 "-" "Mozilla/5.0 AppleWebKit/537.36 (KHTML, like Gecko; compatible; ClaudeBot/1.0; +claudebot@anthropic.com)"
216.73.216.34 - - [01/Mar/2026:13:59:01 +0000] "GET /shopping/products/16211750305 HTTP/2.0" 200 24524 "-" "Mozilla/5.0 AppleWebKit/537.36 (KHTML, like Gecko; compatible; ClaudeBot/1.0; +claudebot@anthropic.com)"
216.73.216.34 - - [01/Mar/2026:13:59:02 +0000] "GET /shopping/products/16222076631 HTTP/2.0" 200 25494 "-" "Mozilla/5.0 AppleWebKit/537.36 (KHTML, like Gecko; compatible; ClaudeBot/1.0; +claudebot@anthropic.com)"
216.73.216.34 - - [01/Mar/2026:13:59:02 +0000] "GET /shopping/products/16211823818 HTTP/2.0" 200 25351 "-" "Mozilla/5.0 AppleWebKit/537.36 (KHTML, like Gecko; compatible; ClaudeBot/1.0; +claudebot@anthropic.com)"
216.73.216.34 - - [01/Mar/2026:13:59:02 +0000] "GET /shopping/products/16211813060 HTTP/2.0" 200 25104 "-" "Mozilla/5.0 AppleWebKit/537.36 (KHTML, like Gecko; compatible; ClaudeBot/1.0; +claudebot@anthropic.com)"
216.73.216.34 - - [01/Mar/2026:13:59:02 +0000] "GET /shopping/products/16222142972 HTTP/2.0" 200 25250 "-" "Mozilla/5.0 AppleWebKit/537.36 (KHTML, like Gecko; compatible; ClaudeBot/1.0; +claudebot@anthropic.com)"
216.73.216.34 - - [01/Mar/2026:13:59:03 +0000] "GET /shopping/products/16211807681 HTTP/2.0" 200 25279 "-" "Mozilla/5.0 AppleWebKit/537.36 (KHTML, like Gecko; compatible; ClaudeBot/1.0; +claudebot@anthropic.com)"
216.73.216.34 - - [01/Mar/2026:13:59:03 +0000] "GET /shopping/products/16211777200 HTTP/2.0" 200 25635 "-" "Mozilla/5.0 AppleWebKit/537.36 (KHTML, like Gecko; compatible; ClaudeBot/1.0; +claudebot@anthropic.com)"
216.73.216.34 - - [01/Mar/2026:13:59:03 +0000] "GET /shopping/products/16222060494 HTTP/2.0" 200 24449 "-" "Mozilla/5.0 AppleWebKit/537.36 (KHTML, like Gecko; compatible; ClaudeBot/1.0; +claudebot@anthropic.com)"
216.73.216.34 - - [01/Mar/2026:13:59:03 +0000] "GET /shopping/products/16211847127 HTTP/2.0" 200 24024 "-" "Mozilla/5.0 AppleWebKit/537.36 (KHTML, like Gecko; compatible; ClaudeBot/1.0; +claudebot@anthropic.com)"
216.73.216.34 - - [01/Mar/2026:13:59:03 +0000] "GET /shop/order/make_estimate?locker_flg=true HTTP/2.0" 200 24562 "-" "Mozilla/5.0 AppleWebKit/537.36 (KHTML, like Gecko; compatible; ClaudeBot/1.0; +claudebot@anthropic.com)"
216.73.216.34 - - [01/Mar/2026:13:59:04 +0000] "GET /shopping/products/16222092768 HTTP/2.0" 200 24790 "-" "Mozilla/5.0 AppleWebKit/537.36 (KHTML, like Gecko; compatible; ClaudeBot/1.0; +claudebot@anthropic.com)"
216.73.216.34 - - [01/Mar/2026:13:59:04 +0000] "GET /shopping/products/16211836369 HTTP/2.0" 200 24855 "-" "Mozilla/5.0 AppleWebKit/537.36 (KHTML, like Gecko; compatible; ClaudeBot/1.0; +claudebot@anthropic.com)"
216.73.216.34 - - [01/Mar/2026:13:59:04 +0000] "GET /shopping/products/16222101733 HTTP/2.0" 200 24974 "-" "Mozilla/5.0 AppleWebKit/537.36 (KHTML, like Gecko; compatible; ClaudeBot/1.0; +claudebot@anthropic.com)"
216.73.216.34 - - [01/Mar/2026:13:59:04 +0000] "GET /shopping/products/16211830990 HTTP/2.0" 200 25214 "-" "Mozilla/5.0 AppleWebKit/537.36 (KHTML, like Gecko; compatible; ClaudeBot/1.0; +claudebot@anthropic.com)"
144.76.32.114 - - [01/Mar/2026:13:59:05 +0000] "GET /shopping/products/1619596952 HTTP/1.1" 200 24271 "-" "Mozilla/5.0 (compatible; SERankingBacklinksBot/1.0; +https://seranking.com/backlinks-crawler)"
74.7.242.62 - - [01/Mar/2026:13:59:06 +0000] "GET /shop/pg/1720647 HTTP/2.0" 200 26692 "https://www.elementalmill.com.lab2454.com/shop/pg/16201504192" "Mozilla/5.0 AppleWebKit/537.36 (KHTML, like Gecko; compatible; GPTBot/1.3; +https://openai.com/gptbot)"
176.65.132.19 - - [01/Mar/2026:13:59:04 +0000] "GET /wp-admin/ HTTP/1.1" 302 20 "https://elementalmill.com/wp-login.php" "Mozilla/5.0 (Windows NT 11.0; Win64; x64) AppleWebKit/537.36 (KHTML, like Gecko) Chrome/119.0.0.0 Safari/537.36"
3.226.106.93 - - [01/Mar/2026:13:59:07 +0000] "GET /?category/16201001135 HTTP/1.1" 200 25229 "-" "Mozilla/5.0 AppleWebKit/537.36 (KHTML, like Gecko; compatible; Amazonbot/0.1; +https://developer.amazon.com/support/amazonbot) Chrome/119.0.6045.214 Safari/537.36"
139.162.194.112 - - [01/Mar/2026:13:59:06 +0000] "POST /wp-cron.php?doing_wp_cron=1772373546.5472218990325927734375 HTTP/1.1" 404 13178 "-" "WordPress/6.9.1; https://elementalmill.com"
74.7.227.51 - - [01/Mar/2026:13:59:08 +0000] "GET /shop/pg/161835676 HTTP/2.0" 200 24742 "https://elementalmill.com/shop/pg/31798" "Mozilla/5.0 AppleWebKit/537.36 (KHTML, like Gecko; compatible; GPTBot/1.3; +https://openai.com/gptbot)"
144.76.32.114 - - [01/Mar/2026:13:59:10 +0000] "GET /shopping/products/1618326604 HTTP/1.1" 200 24622 "-" "Mozilla/5.0 (compatible; SERankingBacklinksBot/1.0; +https://seranking.com/backlinks-crawler)"
176.65.132.19 - - [01/Mar/2026:13:59:08 +0000] "GET /wp-admin/ HTTP/1.1" 302 20 "https://elementalmill.com/wp-login.php" "Mozilla/5.0 (Windows NT 11.0; Win64; x64) AppleWebKit/537.36 (KHTML, like Gecko) Chrome/119.0.0.0 Safari/537.36"
35.170.205.140 - - [01/Mar/2026:13:59:11 +0000] "GET /?shopping/products/1619783001 HTTP/1.1" 200 24847 "-" "Mozilla/5.0 AppleWebKit/537.36 (KHTML, like Gecko; compatible; Amazonbot/0.1; +https://developer.amazon.com/support/amazonbot) Chrome/119.0.6045.214 Safari/537.36"
176.65.132.19 - - [01/Mar/2026:13:59:11 +0000] "GET /wp-admin/ HTTP/1.1" 302 20 "https://elementalmill.com/wp-login.php" "Mozilla/5.0 (Windows NT 11.0; Win64; x64) AppleWebKit/537.36 (KHTML, like Gecko) Chrome/119.0.0.0 Safari/537.36"
52.44.174.136 - - [01/Mar/2026:13:59:13 +0000] "GET /shop/pg/1066201 HTTP/1.1" 200 24485 "-" "Mozilla/5.0 AppleWebKit/537.36 (KHTML, like Gecko; compatible; Amazonbot/0.1; +https://developer.amazon.com/support/amazonbot) Chrome/119.0.6045.214 Safari/537.36"
144.76.32.114 - - [01/Mar/2026:13:59:14 +0000] "GET /shopping/products/1619596956 HTTP/1.1" 200 24028 "-" "Mozilla/5.0 (compatible; SERankingBacklinksBot/1.0; +https://seranking.com/backlinks-crawler)"
74.7.242.62 - - [01/Mar/2026:13:59:15 +0000] "GET /shop/pg/1642868 HTTP/2.0" 200 24672 "https://www.elementalmill.com.lab2454.com/shop/pg/16201426409" "Mozilla/5.0 AppleWebKit/537.36 (KHTML, like Gecko; compatible; GPTBot/1.3; +https://openai.com/gptbot)"
176.65.132.19 - - [01/Mar/2026:13:59:15 +0000] "GET /wp-admin/ HTTP/1.1" 302 20 "https://elementalmill.com/wp-login.php" "Mozilla/5.0 (Windows NT 11.0; Win64; x64) AppleWebKit/537.36 (KHTML, like Gecko) Chrome/119.0.0.0 Safari/537.36"
100.27.153.9 - - [01/Mar/2026:13:59:17 +0000] "GET /?shopping/products/16201098973 HTTP/1.1" 200 25015 "-" "Mozilla/5.0 AppleWebKit/537.36 (KHTML, like Gecko; compatible; Amazonbot/0.1; +https://developer.amazon.com/support/amazonbot) Chrome/119.0.6045.214 Safari/537.36"
144.76.32.114 - - [01/Mar/2026:13:59:17 +0000] "GET /shopping/products/1618326616 HTTP/1.1" 200 24422 "-" "Mozilla/5.0 (compatible; SERankingBacklinksBot/1.0; +https://seranking.com/backlinks-crawler)"
176.65.132.19 - - [01/Mar/2026:13:59:17 +0000] "GET /wp-admin/ HTTP/1.1" 302 20 "https://elementalmill.com/wp-login.php" "Mozilla/5.0 (Windows NT 11.0; Win64; x64) AppleWebKit/537.36 (KHTML, like Gecko) Chrome/119.0.0.0 Safari/537.36"
95.108.213.199 - - [01/Mar/2026:13:59:19 +0000] "GET /shopping/products/162027792346 HTTP/1.1" 200 24856 "-" "Mozilla/5.0 (compatible; YandexBot/3.0; +http://yandex.com/bots)"
144.76.32.114 - - [01/Mar/2026:13:59:21 +0000] "GET /shopping/products/1619596981 HTTP/1.1" 200 25073 "-" "Mozilla/5.0 (compatible; SERankingBacklinksBot/1.0; +https://seranking.com/backlinks-crawler)"
176.65.132.19 - - [01/Mar/2026:13:59:21 +0000] "GET /wp-admin/ HTTP/1.1" 302 20 "https://elementalmill.com/wp-login.php" "Mozilla/5.0 (Windows NT 11.0; Win64; x64) AppleWebKit/537.36 (KHTML, like Gecko) Chrome/119.0.0.0 Safari/537.36"
74.7.242.62 - - [01/Mar/2026:13:59:23 +0000] "GET /shop/pg/16211654388 HTTP/2.0" 200 24882 "https://www.elementalmill.com.lab2454.com/shop/pg/16201433488" "Mozilla/5.0 AppleWebKit/537.36 (KHTML, like Gecko; compatible; GPTBot/1.3; +https://openai.com/gptbot)"
35.174.141.243 - - [01/Mar/2026:13:59:24 +0000] "GET /shop/pg/1352006 HTTP/1.1" 200 25189 "-" "Mozilla/5.0 AppleWebKit/537.36 (KHTML, like Gecko; compatible; Amazonbot/0.1; +https://developer.amazon.com/support/amazonbot) Chrome/119.0.6045.214 Safari/537.36"
176.65.132.19 - - [01/Mar/2026:13:59:24 +0000] "GET /wp-admin/ HTTP/1.1" 302 20 "https://elementalmill.com/wp-login.php" "Mozilla/5.0 (Windows NT 11.0; Win64; x64) AppleWebKit/537.36 (KHTML, like Gecko) Chrome/119.0.0.0 Safari/537.36"
74.7.227.51 - - [01/Mar/2026:13:59:25 +0000] "GET /shop/pg/161839612 HTTP/2.0" 200 25240 "https://elementalmill.com/shop/pg/35738" "Mozilla/5.0 AppleWebKit/537.36 (KHTML, like Gecko; compatible; GPTBot/1.3; +https://openai.com/gptbot)"
144.76.32.114 - - [01/Mar/2026:13:59:26 +0000] "GET /shopping/products/1618326617 HTTP/1.1" 200 24315 "-" "Mozilla/5.0 (compatible; SERankingBacklinksBot/1.0; +https://seranking.com/backlinks-crawler)"
44.207.252.58 - - [01/Mar/2026:13:59:27 +0000] "GET /?category/16221002103 HTTP/1.1" 200 20181 "-" "Mozilla/5.0 AppleWebKit/537.36 (KHTML, like Gecko; compatible; Amazonbot/0.1; +https://developer.amazon.com/support/amazonbot) Chrome/119.0.6045.214 Safari/537.36"
176.65.132.19 - - [01/Mar/2026:13:59:27 +0000] "GET /wp-admin/ HTTP/1.1" 302 20 "https://elementalmill.com/wp-login.php" "Mozilla/5.0 (Windows NT 11.0; Win64; x64) AppleWebKit/537.36 (KHTML, like Gecko) Chrome/119.0.0.0 Safari/537.36"
144.76.32.114 - - [01/Mar/2026:13:59:30 +0000] "GET /shopping/products/1619597068 HTTP/1.1" 200 24333 "-" "Mozilla/5.0 (compatible; SERankingBacklinksBot/1.0; +https://seranking.com/backlinks-crawler)"
176.65.132.19 - - [01/Mar/2026:13:59:30 +0000] "GET /wp-admin/ HTTP/1.1" 302 20 "https://elementalmill.com/wp-login.php" "Mozilla/5.0 (Windows NT 11.0; Win64; x64) AppleWebKit/537.36 (KHTML, like Gecko) Chrome/119.0.0.0 Safari/537.36"
50.16.72.185 - - [01/Mar/2026:13:59:34 +0000] "GET /category/16201001186 HTTP/1.1" 200 17569 "-" "Mozilla/5.0 AppleWebKit/537.36 (KHTML, like Gecko; compatible; Amazonbot/0.1; +https://developer.amazon.com/support/amazonbot) Chrome/119.0.6045.214 Safari/537.36"
74.7.242.62 - - [01/Mar/2026:13:59:33 +0000] "GET /shop/pg/16211709095 HTTP/2.0" 200 24796 "https://www.elementalmill.com.lab2454.com/shop/pg/1703689" "Mozilla/5.0 AppleWebKit/537.36 (KHTML, like Gecko; compatible; GPTBot/1.3; +https://openai.com/gptbot)"
216.73.216.34 - - [01/Mar/2026:13:59:34 +0000] "GET /shopping/products/16211822025 HTTP/2.0" 200 24734 "-" "Mozilla/5.0 AppleWebKit/537.36 (KHTML, like Gecko; compatible; ClaudeBot/1.0; +claudebot@anthropic.com)"
216.73.216.34 - - [01/Mar/2026:13:59:34 +0000] "GET /shopping/products/16222022841 HTTP/2.0" 200 24646 "-" "Mozilla/5.0 AppleWebKit/537.36 (KHTML, like Gecko; compatible; ClaudeBot/1.0; +claudebot@anthropic.com)"
216.73.216.34 - - [01/Mar/2026:13:59:34 +0000] "GET /shopping/products/16211811267 HTTP/2.0" 200 24865 "-" "Mozilla/5.0 AppleWebKit/537.36 (KHTML, like Gecko; compatible; ClaudeBot/1.0; +claudebot@anthropic.com)"
216.73.216.34 - - [01/Mar/2026:13:59:34 +0000] "GET /shopping/products/16222083803 HTTP/2.0" 200 25147 "-" "Mozilla/5.0 AppleWebKit/537.36 (KHTML, like Gecko; compatible; ClaudeBot/1.0; +claudebot@anthropic.com)"
216.73.216.34 - - [01/Mar/2026:13:59:34 +0000] "GET /shopping/products/16222144765 HTTP/2.0" 200 24733 "-" "Mozilla/5.0 AppleWebKit/537.36 (KHTML, like Gecko; compatible; ClaudeBot/1.0; +claudebot@anthropic.com)"
216.73.216.34 - - [01/Mar/2026:13:59:34 +0000] "GET /shopping/products/16222085596 HTTP/2.0" 200 25249 "-" "Mozilla/5.0 AppleWebKit/537.36 (KHTML, like Gecko; compatible; ClaudeBot/1.0; +claudebot@anthropic.com)"
34.236.41.241 - - [01/Mar/2026:13:59:34 +0000] "GET /?shopping/products/16201300560 HTTP/1.1" 200 25953 "-" "Mozilla/5.0 AppleWebKit/537.36 (KHTML, like Gecko; compatible; Amazonbot/0.1; +https://developer.amazon.com/support/amazonbot) Chrome/119.0.6045.214 Safari/537.36"
176.65.132.19 - - [01/Mar/2026:13:59:33 +0000] "GET /wp-admin/ HTTP/1.1" 302 20 "https://elementalmill.com/wp-login.php" "Mozilla/5.0 (Windows NT 11.0; Win64; x64) AppleWebKit/537.36 (KHTML, like Gecko) Chrome/119.0.0.0 Safari/537.36"
144.76.32.114 - - [01/Mar/2026:13:59:35 +0000] "GET /shopping/products/1618326621 HTTP/1.1" 200 24624 "-" "Mozilla/5.0 (compatible; SERankingBacklinksBot/1.0; +https://seranking.com/backlinks-crawler)"
216.73.216.34 - - [01/Mar/2026:13:59:35 +0000] "GET /shopping/products/16211795130 HTTP/2.0" 200 25705 "-" "Mozilla/5.0 AppleWebKit/537.36 (KHTML, like Gecko; compatible; ClaudeBot/1.0; +claudebot@anthropic.com)"
216.73.216.34 - - [01/Mar/2026:13:59:34 +0000] "GET /shopping/products/16222026427 HTTP/2.0" 200 24932 "-" "Mozilla/5.0 AppleWebKit/537.36 (KHTML, like Gecko; compatible; ClaudeBot/1.0; +claudebot@anthropic.com)"
216.73.216.34 - - [01/Mar/2026:13:59:36 +0000] "GET /shopping/products/16222126835 HTTP/2.0" 200 25775 "-" "Mozilla/5.0 AppleWebKit/537.36 (KHTML, like Gecko; compatible; ClaudeBot/1.0; +claudebot@anthropic.com)"
216.73.216.34 - - [01/Mar/2026:13:59:36 +0000] "GET /shopping/products/16211850713 HTTP/2.0" 200 26800 "-" "Mozilla/5.0 AppleWebKit/537.36 (KHTML, like Gecko; compatible; ClaudeBot/1.0; +claudebot@anthropic.com)"
216.73.216.34 - - [01/Mar/2026:13:59:36 +0000] "GET /shopping/products/16211947535 HTTP/2.0" 200 25095 "-" "Mozilla/5.0 AppleWebKit/537.36 (KHTML, like Gecko; compatible; ClaudeBot/1.0; +claudebot@anthropic.com)"
216.73.216.34 - - [01/Mar/2026:13:59:36 +0000] "GET /shopping/products/16211773614 HTTP/2.0" 200 24929 "-" "Mozilla/5.0 AppleWebKit/537.36 (KHTML, like Gecko; compatible; ClaudeBot/1.0; +claudebot@anthropic.com)"
