74.7.242.62 - - [01/Mar/2026:14:27:15 +0000] "GET /shop/pg/16201463570 HTTP/2.0" 200 24966 "https://www.elementalmill.com.lab2454.com/shop/pg/16201242676" "Mozilla/5.0 AppleWebKit/537.36 (KHTML, like Gecko; compatible; GPTBot/1.3; +https://openai.com/gptbot)"
34.234.197.175 - - [01/Mar/2026:14:27:17 +0000] "GET /shop/pg/1355202 HTTP/1.1" 200 24739 "-" "Mozilla/5.0 AppleWebKit/537.36 (KHTML, like Gecko; compatible; Amazonbot/0.1; +https://developer.amazon.com/support/amazonbot) Chrome/119.0.6045.214 Safari/537.36"
176.65.132.19 - - [01/Mar/2026:14:27:15 +0000] "GET /wp-admin/profile.php HTTP/1.1" 404 12378 "https://elementalmill.com/wp-login.php" "Mozilla/5.0 (X11; Linux x86_64) AppleWebKit/537.36 (KHTML, like Gecko) Chrome/118.0.0.0 Safari/537.36"
144.76.32.114 - - [01/Mar/2026:14:27:18 +0000] "GET /shopping/products/1619605945 HTTP/1.1" 200 24302 "-" "Mozilla/5.0 (compatible; SERankingBacklinksBot/1.0; +https://seranking.com/backlinks-crawler)"
176.65.132.19 - - [01/Mar/2026:14:27:19 +0000] "GET /wp-admin/edit.php HTTP/1.1" 404 12378 "https://elementalmill.com/wp-login.php" "Mozilla/5.0 (X11; Linux x86_64) AppleWebKit/537.36 (KHTML, like Gecko) Chrome/118.0.0.0 Safari/537.36"
3.212.205.90 - - [01/Mar/2026:14:27:21 +0000] "GET /shop/pg/620506 HTTP/1.1" 200 25358 "-" "Mozilla/5.0 AppleWebKit/537.36 (KHTML, like Gecko; compatible; Amazonbot/0.1; +https://developer.amazon.com/support/amazonbot) Chrome/119.0.6045.214 Safari/537.36"
144.76.32.114 - - [01/Mar/2026:14:27:22 +0000] "GET /shopping/products/1618334564 HTTP/1.1" 200 25196 "-" "Mozilla/5.0 (compatible; SERankingBacklinksBot/1.0; +https://seranking.com/backlinks-crawler)"
176.65.132.19 - - [01/Mar/2026:14:27:22 +0000] "GET /wp-admin/plugins.php HTTP/1.1" 404 12378 "https://elementalmill.com/wp-login.php" "Mozilla/5.0 (X11; Linux x86_64) AppleWebKit/537.36 (KHTML, like Gecko) Chrome/118.0.0.0 Safari/537.36"
54.197.114.76 - - [01/Mar/2026:14:27:25 +0000] "GET /shop/pg/43429 HTTP/1.1" 200 24938 "-" "Mozilla/5.0 AppleWebKit/537.36 (KHTML, like Gecko; compatible; Amazonbot/0.1; +https://developer.amazon.com/support/amazonbot) Chrome/119.0.6045.214 Safari/537.36"
74.7.227.51 - - [01/Mar/2026:14:27:26 +0000] "GET /shop/pg/161846722 HTTP/2.0" 200 25324 "https://elementalmill.com/shop/pg/42854" "Mozilla/5.0 AppleWebKit/537.36 (KHTML, like Gecko; compatible; GPTBot/1.3; +https://openai.com/gptbot)"
74.7.242.62 - - [01/Mar/2026:14:27:26 +0000] "GET /shop/pg/16201262765 HTTP/2.0" 200 24940 "https://www.elementalmill.com.lab2454.com/shop/pg/16201041869" "Mozilla/5.0 AppleWebKit/537.36 (KHTML, like Gecko; compatible; GPTBot/1.3; +https://openai.com/gptbot)"
176.65.132.19 - - [01/Mar/2026:14:27:25 +0000] "POST /wp-login.php HTTP/1.1" 200 2966 "https://elementalmill.com/wp-login.php" "Mozilla/5.0 (X11; Linux x86_64) AppleWebKit/537.36 (KHTML, like Gecko) Chrome/121.0.0.0 Safari/537.36"
144.76.32.114 - - [01/Mar/2026:14:27:26 +0000] "GET /shopping/products/1619606090 HTTP/1.1" 200 24372 "-" "Mozilla/5.0 (compatible; SERankingBacklinksBot/1.0; +https://seranking.com/backlinks-crawler)"
34.234.197.175 - - [01/Mar/2026:14:27:29 +0000] "GET /shop/pg/16201368688 HTTP/1.1" 200 25132 "-" "Mozilla/5.0 AppleWebKit/537.36 (KHTML, like Gecko; compatible; Amazonbot/0.1; +https://developer.amazon.com/support/amazonbot) Chrome/119.0.6045.214 Safari/537.36"
176.65.132.19 - - [01/Mar/2026:14:27:28 +0000] "GET /wp-admin/index.php HTTP/1.1" 301 20 "https://elementalmill.com/wp-login.php" "Mozilla/5.0 (Macintosh; Intel Mac OS X 13_6_1) AppleWebKit/605.1.15 (KHTML, like Gecko) Version/16.6 Safari/605.1.15"
144.76.32.114 - - [01/Mar/2026:14:27:31 +0000] "GET /shopping/products/1618334624 HTTP/1.1" 200 25008 "-" "Mozilla/5.0 (compatible; SERankingBacklinksBot/1.0; +https://seranking.com/backlinks-crawler)"
176.65.132.19 - - [01/Mar/2026:14:27:31 +0000] "GET /wp-admin/ HTTP/1.1" 302 20 "https://elementalmill.com/wp-login.php" "Mozilla/5.0 (Macintosh; Intel Mac OS X 13_6_1) AppleWebKit/605.1.15 (KHTML, like Gecko) Version/16.6 Safari/605.1.15"
18.209.201.119 - - [01/Mar/2026:14:27:33 +0000] "GET /shop/pg/16201452058 HTTP/1.1" 200 25491 "-" "Mozilla/5.0 AppleWebKit/537.36 (KHTML, like Gecko; compatible; Amazonbot/0.1; +https://developer.amazon.com/support/amazonbot) Chrome/119.0.6045.214 Safari/537.36"
144.76.32.114 - - [01/Mar/2026:14:27:35 +0000] "GET /shopping/products/1619606137 HTTP/1.1" 200 24478 "-" "Mozilla/5.0 (compatible; SERankingBacklinksBot/1.0; +https://seranking.com/backlinks-crawler)"
5.255.231.181 - - [01/Mar/2026:14:27:35 +0000] "GET /shopping/products/162024885533 HTTP/1.1" 200 26376 "-" "Mozilla/5.0 (compatible; YandexBot/3.0; +http://yandex.com/bots)"
176.65.132.19 - - [01/Mar/2026:14:27:34 +0000] "GET /wp-admin/ HTTP/1.1" 302 20 "https://elementalmill.com/wp-login.php" "Mozilla/5.0 (Macintosh; Intel Mac OS X 13_6_1) AppleWebKit/605.1.15 (KHTML, like Gecko) Version/16.6 Safari/605.1.15"
52.71.46.142 - - [01/Mar/2026:14:27:37 +0000] "GET /?category/16211001297 HTTP/1.1" 200 26936 "-" "Mozilla/5.0 AppleWebKit/537.36 (KHTML, like Gecko; compatible; Amazonbot/0.1; +https://developer.amazon.com/support/amazonbot) Chrome/119.0.6045.214 Safari/537.36"
176.65.132.19 - - [01/Mar/2026:14:27:37 +0000] "GET /wp-admin/ HTTP/1.1" 302 20 "https://elementalmill.com/wp-login.php" "Mozilla/5.0 (Macintosh; Intel Mac OS X 13_6_1) AppleWebKit/605.1.15 (KHTML, like Gecko) Version/16.6 Safari/605.1.15"
52.204.89.12 - - [01/Mar/2026:14:27:41 +0000] "GET /shop/pg/207042 HTTP/1.1" 200 24290 "-" "Mozilla/5.0 AppleWebKit/537.36 (KHTML, like Gecko; compatible; Amazonbot/0.1; +https://developer.amazon.com/support/amazonbot) Chrome/119.0.6045.214 Safari/537.36"
144.76.32.114 - - [01/Mar/2026:14:27:39 +0000] "GET /shopping/products/1618334707 HTTP/1.1" 200 24773 "-" "Mozilla/5.0 (compatible; SERankingBacklinksBot/1.0; +https://seranking.com/backlinks-crawler)"
176.65.132.19 - - [01/Mar/2026:14:27:40 +0000] "GET /wp-admin/ HTTP/1.1" 302 20 "https://elementalmill.com/wp-login.php" "Mozilla/5.0 (Macintosh; Intel Mac OS X 13_6_1) AppleWebKit/605.1.15 (KHTML, like Gecko) Version/16.6 Safari/605.1.15"
74.7.242.62 - - [01/Mar/2026:14:27:39 +0000] "GET /shop/pg/16201342786 HTTP/2.0" 200 25905 "https://www.elementalmill.com.lab2454.com/shop/pg/1337392" "Mozilla/5.0 AppleWebKit/537.36 (KHTML, like Gecko; compatible; GPTBot/1.3; +https://openai.com/gptbot)"
52.71.216.196 - - [01/Mar/2026:14:27:45 +0000] "GET /shop/pg/1660000 HTTP/1.1" 200 24785 "-" "Mozilla/5.0 AppleWebKit/537.36 (KHTML, like Gecko; compatible; Amazonbot/0.1; +https://developer.amazon.com/support/amazonbot) Chrome/119.0.6045.214 Safari/537.36"
176.65.132.19 - - [01/Mar/2026:14:27:45 +0000] "GET /wp-admin/ HTTP/1.1" 302 20 "https://elementalmill.com/wp-login.php" "Mozilla/5.0 (Macintosh; Intel Mac OS X 13_6_1) AppleWebKit/605.1.15 (KHTML, like Gecko) Version/16.6 Safari/605.1.15"
144.76.32.114 - - [01/Mar/2026:14:27:47 +0000] "GET /shopping/products/1619606145 HTTP/1.1" 200 24287 "-" "Mozilla/5.0 (compatible; SERankingBacklinksBot/1.0; +https://seranking.com/backlinks-crawler)"
18.235.81.246 - - [01/Mar/2026:14:27:49 +0000] "GET /shop/pg/507344 HTTP/1.1" 200 25321 "-" "Mozilla/5.0 AppleWebKit/537.36 (KHTML, like Gecko; compatible; Amazonbot/0.1; +https://developer.amazon.com/support/amazonbot) Chrome/119.0.6045.214 Safari/537.36"
176.65.132.19 - - [01/Mar/2026:14:27:48 +0000] "GET /wp-admin/ HTTP/1.1" 302 20 "https://elementalmill.com/wp-login.php" "Mozilla/5.0 (Macintosh; Intel Mac OS X 13_6_1) AppleWebKit/605.1.15 (KHTML, like Gecko) Version/16.6 Safari/605.1.15"
144.76.32.114 - - [01/Mar/2026:14:27:51 +0000] "GET /shopping/products/1618334753 HTTP/1.1" 200 24283 "-" "Mozilla/5.0 (compatible; SERankingBacklinksBot/1.0; +https://seranking.com/backlinks-crawler)"
66.249.64.41 - - [01/Mar/2026:14:27:51 +0000] "GET /shopping/products/16222330847 HTTP/1.1" 200 25430 "-" "Mozilla/5.0 (Linux; Android 6.0.1; Nexus 5X Build/MMB29P) AppleWebKit/537.36 (KHTML, like Gecko) Chrome/144.0.7559.132 Mobile Safari/537.36 (compatible; Googlebot/2.1; +http://www.google.com/bot.html)"
74.7.227.51 - - [01/Mar/2026:14:27:53 +0000] "GET /shop/pg/161825233 HTTP/2.0" 200 24518 "https://elementalmill.com/shop/pg/21369" "Mozilla/5.0 AppleWebKit/537.36 (KHTML, like Gecko; compatible; GPTBot/1.3; +https://openai.com/gptbot)"
52.3.104.214 - - [01/Mar/2026:14:27:53 +0000] "GET /shop/pg/161857322 HTTP/1.1" 200 24156 "-" "Mozilla/5.0 AppleWebKit/537.36 (KHTML, like Gecko; compatible; Amazonbot/0.1; +https://developer.amazon.com/support/amazonbot) Chrome/119.0.6045.214 Safari/537.36"
176.65.132.19 - - [01/Mar/2026:14:27:51 +0000] "GET /wp-admin/ HTTP/1.1" 302 20 "https://elementalmill.com/wp-login.php" "Mozilla/5.0 (Macintosh; Intel Mac OS X 13_6_1) AppleWebKit/605.1.15 (KHTML, like Gecko) Version/16.6 Safari/605.1.15"
144.76.32.114 - - [01/Mar/2026:14:27:55 +0000] "GET /shopping/products/1619606222 HTTP/1.1" 200 25870 "-" "Mozilla/5.0 (compatible; SERankingBacklinksBot/1.0; +https://seranking.com/backlinks-crawler)"
176.65.132.19 - - [01/Mar/2026:14:27:55 +0000] "GET /wp-admin/ HTTP/1.1" 302 20 "https://elementalmill.com/wp-login.php" "Mozilla/5.0 (Macintosh; Intel Mac OS X 13_6_1) AppleWebKit/605.1.15 (KHTML, like Gecko) Version/16.6 Safari/605.1.15"
18.214.251.19 - - [01/Mar/2026:14:27:57 +0000] "GET /shop/pg/1593001 HTTP/1.1" 200 25386 "-" "Mozilla/5.0 AppleWebKit/537.36 (KHTML, like Gecko; compatible; Amazonbot/0.1; +https://developer.amazon.com/support/amazonbot) Chrome/119.0.6045.214 Safari/537.36"
144.76.32.114 - - [01/Mar/2026:14:27:59 +0000] "GET /shopping/products/1618334822 HTTP/1.1" 200 24693 "-" "Mozilla/5.0 (compatible; SERankingBacklinksBot/1.0; +https://seranking.com/backlinks-crawler)"
74.7.242.62 - - [01/Mar/2026:14:27:59 +0000] "GET /shop/pg/16201486415 HTTP/2.0" 200 24920 "https://www.elementalmill.com.lab2454.com/shop/pg/16201265525" "Mozilla/5.0 AppleWebKit/537.36 (KHTML, like Gecko; compatible; GPTBot/1.3; +https://openai.com/gptbot)"
176.65.132.19 - - [01/Mar/2026:14:27:58 +0000] "GET /wp-admin/ HTTP/1.1" 302 20 "https://elementalmill.com/wp-login.php" "Mozilla/5.0 (Macintosh; Intel Mac OS X 13_6_1) AppleWebKit/605.1.15 (KHTML, like Gecko) Version/16.6 Safari/605.1.15"
54.87.62.248 - - [01/Mar/2026:14:28:01 +0000] "GET /shop/pg/16201391342 HTTP/1.1" 200 24706 "-" "Mozilla/5.0 AppleWebKit/537.36 (KHTML, like Gecko; compatible; Amazonbot/0.1; +https://developer.amazon.com/support/amazonbot) Chrome/119.0.6045.214 Safari/537.36"
139.162.194.112 - - [01/Mar/2026:14:28:01 +0000] "POST /wp-cron.php?doing_wp_cron=1772375281.0176849365234375000000 HTTP/1.1" 404 13178 "-" "WordPress/6.9.1; https://elementalmill.com"
144.76.32.114 - - [01/Mar/2026:14:28:03 +0000] "GET /shopping/products/1619606254 HTTP/1.1" 200 24445 "-" "Mozilla/5.0 (compatible; SERankingBacklinksBot/1.0; +https://seranking.com/backlinks-crawler)"
176.65.132.19 - - [01/Mar/2026:14:28:02 +0000] "GET /wp-admin/ HTTP/1.1" 302 20 "https://elementalmill.com/wp-login.php" "Mozilla/5.0 (Macintosh; Intel Mac OS X 13_6_1) AppleWebKit/605.1.15 (KHTML, like Gecko) Version/16.6 Safari/605.1.15"
52.200.58.199 - - [01/Mar/2026:14:28:05 +0000] "GET /shop/pg/308094 HTTP/1.1" 200 24719 "-" "Mozilla/5.0 AppleWebKit/537.36 (KHTML, like Gecko; compatible; Amazonbot/0.1; +https://developer.amazon.com/support/amazonbot) Chrome/119.0.6045.214 Safari/537.36"
176.65.132.19 - - [01/Mar/2026:14:28:06 +0000] "GET /wp-admin/ HTTP/1.1" 302 20 "https://elementalmill.com/wp-login.php" "Mozilla/5.0 (Macintosh; Intel Mac OS X 13_6_1) AppleWebKit/605.1.15 (KHTML, like Gecko) Version/16.6 Safari/605.1.15"
144.76.32.114 - - [01/Mar/2026:14:28:07 +0000] "GET /shopping/products/1618334850 HTTP/1.1" 200 25020 "-" "Mozilla/5.0 (compatible; SERankingBacklinksBot/1.0; +https://seranking.com/backlinks-crawler)"
44.209.89.189 - - [01/Mar/2026:14:28:09 +0000] "GET /shop/pg/66227 HTTP/1.1" 200 24750 "-" "Mozilla/5.0 AppleWebKit/537.36 (KHTML, like Gecko; compatible; Amazonbot/0.1; +https://developer.amazon.com/support/amazonbot) Chrome/119.0.6045.214 Safari/537.36"
176.65.132.19 - - [01/Mar/2026:14:28:08 +0000] "GET /wp-admin/ HTTP/1.1" 302 20 "https://elementalmill.com/wp-login.php" "Mozilla/5.0 (Macintosh; Intel Mac OS X 13_6_1) AppleWebKit/605.1.15 (KHTML, like Gecko) Version/16.6 Safari/605.1.15"
144.76.32.114 - - [01/Mar/2026:14:28:12 +0000] "GET /shopping/products/1619606282 HTTP/1.1" 200 24754 "-" "Mozilla/5.0 (compatible; SERankingBacklinksBot/1.0; +https://seranking.com/backlinks-crawler)"
52.3.127.170 - - [01/Mar/2026:14:28:13 +0000] "GET /shop/pg/40534 HTTP/1.1" 200 24141 "-" "Mozilla/5.0 AppleWebKit/537.36 (KHTML, like Gecko; compatible; Amazonbot/0.1; +https://developer.amazon.com/support/amazonbot) Chrome/119.0.6045.214 Safari/537.36"
176.65.132.19 - - [01/Mar/2026:14:28:11 +0000] "GET /wp-admin/ HTTP/1.1" 302 20 "https://elementalmill.com/wp-login.php" "Mozilla/5.0 (Macintosh; Intel Mac OS X 13_6_1) AppleWebKit/605.1.15 (KHTML, like Gecko) Version/16.6 Safari/605.1.15"
74.7.242.62 - - [01/Mar/2026:14:28:15 +0000] "GET /shop/pg/1366262 HTTP/2.0" 200 24817 "https://www.elementalmill.com.lab2454.com/shop/pg/16211741361" "Mozilla/5.0 AppleWebKit/537.36 (KHTML, like Gecko; compatible; GPTBot/1.3; +https://openai.com/gptbot)"
176.65.132.19 - - [01/Mar/2026:14:28:14 +0000] "GET /wp-admin/ HTTP/1.1" 302 20 "https://elementalmill.com/wp-login.php" "Mozilla/5.0 (Macintosh; Intel Mac OS X 13_6_1) AppleWebKit/605.1.15 (KHTML, like Gecko) Version/16.6 Safari/605.1.15"
144.76.32.114 - - [01/Mar/2026:14:28:16 +0000] "GET /shopping/products/1618334877 HTTP/1.1" 200 24326 "-" "Mozilla/5.0 (compatible; SERankingBacklinksBot/1.0; +https://seranking.com/backlinks-crawler)"
34.193.2.57 - - [01/Mar/2026:14:28:17 +0000] "GET /shop/pg/1383859 HTTP/1.1" 200 24648 "-" "Mozilla/5.0 AppleWebKit/537.36 (KHTML, like Gecko; compatible; Amazonbot/0.1; +https://developer.amazon.com/support/amazonbot) Chrome/119.0.6045.214 Safari/537.36"
176.65.132.19 - - [01/Mar/2026:14:28:17 +0000] "GET /wp-admin/ HTTP/1.1" 302 20 "https://elementalmill.com/wp-login.php" "Mozilla/5.0 (Macintosh; Intel Mac OS X 13_6_1) AppleWebKit/605.1.15 (KHTML, like Gecko) Version/16.6 Safari/605.1.15"
144.76.32.114 - - [01/Mar/2026:14:28:20 +0000] "GET /shopping/products/1619606298 HTTP/1.1" 200 25077 "-" "Mozilla/5.0 (compatible; SERankingBacklinksBot/1.0; +https://seranking.com/backlinks-crawler)"
3.219.80.71 - - [01/Mar/2026:14:28:21 +0000] "GET /?shopping/products/1619990463 HTTP/1.1" 200 24867 "-" "Mozilla/5.0 AppleWebKit/537.36 (KHTML, like Gecko; compatible; Amazonbot/0.1; +https://developer.amazon.com/support/amazonbot) Chrome/119.0.6045.214 Safari/537.36"
176.65.132.19 - - [01/Mar/2026:14:28:20 +0000] "GET /wp-admin/ HTTP/1.1" 302 20 "https://elementalmill.com/wp-login.php" "Mozilla/5.0 (Macintosh; Intel Mac OS X 13_6_1) AppleWebKit/605.1.15 (KHTML, like Gecko) Version/16.6 Safari/605.1.15"
176.65.132.19 - - [01/Mar/2026:14:28:23 +0000] "GET /wp-admin/ HTTP/1.1" 302 20 "https://elementalmill.com/wp-login.php" "Mozilla/5.0 (Macintosh; Intel Mac OS X 13_6_1) AppleWebKit/605.1.15 (KHTML, like Gecko) Version/16.6 Safari/605.1.15"
144.76.32.114 - - [01/Mar/2026:14:28:25 +0000] "GET /shopping/products/1618334938 HTTP/1.1" 200 24551 "-" "Mozilla/5.0 (compatible; SERankingBacklinksBot/1.0; +https://seranking.com/backlinks-crawler)"
52.44.229.124 - - [01/Mar/2026:14:28:25 +0000] "GET /shop/pg/1831773 HTTP/1.1" 200 24552 "-" "Mozilla/5.0 AppleWebKit/537.36 (KHTML, like Gecko; compatible; Amazonbot/0.1; +https://developer.amazon.com/support/amazonbot) Chrome/119.0.6045.214 Safari/537.36"
74.7.242.62 - - [01/Mar/2026:14:28:27 +0000] "GET /shop/pg/16201188370 HTTP/2.0" 200 25779 "https://www.elementalmill.com.lab2454.com/shop/pg/1182966" "Mozilla/5.0 AppleWebKit/537.36 (KHTML, like Gecko; compatible; GPTBot/1.3; +https://openai.com/gptbot)"
176.65.132.19 - - [01/Mar/2026:14:28:26 +0000] "GET /wp-admin/ HTTP/1.1" 302 20 "https://elementalmill.com/wp-login.php" "Mozilla/5.0 (Macintosh; Intel Mac OS X 13_6_1) AppleWebKit/605.1.15 (KHTML, like Gecko) Version/16.6 Safari/605.1.15"
144.76.32.114 - - [01/Mar/2026:14:28:29 +0000] "GET /shopping/products/1619606360 HTTP/1.1" 200 24386 "-" "Mozilla/5.0 (compatible; SERankingBacklinksBot/1.0; +https://seranking.com/backlinks-crawler)"
35.173.18.61 - - [01/Mar/2026:14:28:29 +0000] "GET /shop/pg/2007146 HTTP/1.1" 200 24842 "-" "Mozilla/5.0 AppleWebKit/537.36 (KHTML, like Gecko; compatible; Amazonbot/0.1; +https://developer.amazon.com/support/amazonbot) Chrome/119.0.6045.214 Safari/537.36"
176.65.132.19 - - [01/Mar/2026:14:28:30 +0000] "GET /wp-admin/ HTTP/1.1" 302 20 "https://elementalmill.com/wp-login.php" "Mozilla/5.0 (Macintosh; Intel Mac OS X 13_6_1) AppleWebKit/605.1.15 (KHTML, like Gecko) Version/16.6 Safari/605.1.15"
66.249.64.40 - - [01/Mar/2026:14:28:32 +0000] "GET /shop/customer/bookmark.php?shopping/products/1619721898 HTTP/1.1" 200 24787 "-" "Mozilla/5.0 (Linux; Android 6.0.1; Nexus 5X Build/MMB29P) AppleWebKit/537.36 (KHTML, like Gecko) Chrome/144.0.7559.132 Mobile Safari/537.36 (compatible; Googlebot/2.1; +http://www.google.com/bot.html)"
18.215.24.66 - - [01/Mar/2026:14:28:33 +0000] "GET /shop/pg/16201344168 HTTP/1.1" 200 24365 "-" "Mozilla/5.0 AppleWebKit/537.36 (KHTML, like Gecko; compatible; Amazonbot/0.1; +https://developer.amazon.com/support/amazonbot) Chrome/119.0.6045.214 Safari/537.36"
144.76.32.114 - - [01/Mar/2026:14:28:33 +0000] "GET /shopping/products/1618334943 HTTP/1.1" 200 24187 "-" "Mozilla/5.0 (compatible; SERankingBacklinksBot/1.0; +https://seranking.com/backlinks-crawler)"
176.65.132.19 - - [01/Mar/2026:14:28:33 +0000] "GET /wp-admin/ HTTP/1.1" 302 20 "https://elementalmill.com/wp-login.php" "Mozilla/5.0 (Macintosh; Intel Mac OS X 13_6_1) AppleWebKit/605.1.15 (KHTML, like Gecko) Version/16.6 Safari/605.1.15"
34.196.6.199 - - [01/Mar/2026:14:28:37 +0000] "GET /shop/pg/69976 HTTP/1.1" 200 24496 "-" "Mozilla/5.0 AppleWebKit/537.36 (KHTML, like Gecko; compatible; Amazonbot/0.1; +https://developer.amazon.com/support/amazonbot) Chrome/119.0.6045.214 Safari/537.36"
74.7.227.51 - - [01/Mar/2026:14:28:37 +0000] "GET /shop/pg/161862892 HTTP/2.0" 200 24333 "https://elementalmill.com/shop/pg/59026" "Mozilla/5.0 AppleWebKit/537.36 (KHTML, like Gecko; compatible; GPTBot/1.3; +https://openai.com/gptbot)"
144.76.32.114 - - [01/Mar/2026:14:28:38 +0000] "GET /shopping/products/1619606365 HTTP/1.1" 200 25434 "-" "Mozilla/5.0 (compatible; SERankingBacklinksBot/1.0; +https://seranking.com/backlinks-crawler)"
176.65.132.19 - - [01/Mar/2026:14:28:37 +0000] "GET /wp-admin/ HTTP/1.1" 302 20 "https://elementalmill.com/wp-login.php" "Mozilla/5.0 (Macintosh; Intel Mac OS X 13_6_1) AppleWebKit/605.1.15 (KHTML, like Gecko) Version/16.6 Safari/605.1.15"
18.206.47.187 - - [01/Mar/2026:14:28:41 +0000] "GET /shop/pg/711102 HTTP/1.1" 200 25326 "-" "Mozilla/5.0 AppleWebKit/537.36 (KHTML, like Gecko; compatible; Amazonbot/0.1; +https://developer.amazon.com/support/amazonbot) Chrome/119.0.6045.214 Safari/537.36"
176.65.132.19 - - [01/Mar/2026:14:28:40 +0000] "GET /wp-admin/ HTTP/1.1" 302 20 "https://elementalmill.com/wp-login.php" "Mozilla/5.0 (Macintosh; Intel Mac OS X 13_6_1) AppleWebKit/605.1.15 (KHTML, like Gecko) Version/16.6 Safari/605.1.15"
144.76.32.114 - - [01/Mar/2026:14:28:42 +0000] "GET /shopping/products/1618335030 HTTP/1.1" 200 25111 "-" "Mozilla/5.0 (compatible; SERankingBacklinksBot/1.0; +https://seranking.com/backlinks-crawler)"
74.7.242.62 - - [01/Mar/2026:14:28:43 +0000] "GET /shop/pg/1677589 HTTP/2.0" 200 25056 "https://www.elementalmill.com.lab2454.com/shop/pg/16201461135" "Mozilla/5.0 AppleWebKit/537.36 (KHTML, like Gecko; compatible; GPTBot/1.3; +https://openai.com/gptbot)"
176.65.132.19 - - [01/Mar/2026:14:28:43 +0000] "GET /wp-admin/ HTTP/1.1" 302 20 "https://elementalmill.com/wp-login.php" "Mozilla/5.0 (Macintosh; Intel Mac OS X 13_6_1) AppleWebKit/605.1.15 (KHTML, like Gecko) Version/16.6 Safari/605.1.15"
35.173.18.61 - - [01/Mar/2026:14:28:45 +0000] "GET /shop/pg/1332228 HTTP/1.1" 200 24850 "-" "Mozilla/5.0 AppleWebKit/537.36 (KHTML, like Gecko; compatible; Amazonbot/0.1; +https://developer.amazon.com/support/amazonbot) Chrome/119.0.6045.214 Safari/537.36"
144.76.32.114 - - [01/Mar/2026:14:28:46 +0000] "GET /shopping/products/1619606415 HTTP/1.1" 200 24612 "-" "Mozilla/5.0 (compatible; SERankingBacklinksBot/1.0; +https://seranking.com/backlinks-crawler)"
176.65.132.19 - - [01/Mar/2026:14:28:46 +0000] "GET /wp-admin/ HTTP/1.1" 302 20 "https://elementalmill.com/wp-login.php" "Mozilla/5.0 (Macintosh; Intel Mac OS X 13_6_1) AppleWebKit/605.1.15 (KHTML, like Gecko) Version/16.6 Safari/605.1.15"
18.214.124.6 - - [01/Mar/2026:14:28:49 +0000] "GET /shop/pg/2548870 HTTP/1.1" 200 24259 "-" "Mozilla/5.0 AppleWebKit/537.36 (KHTML, like Gecko; compatible; Amazonbot/0.1; +https://developer.amazon.com/support/amazonbot) Chrome/119.0.6045.214 Safari/537.36"
144.76.32.114 - - [01/Mar/2026:14:28:50 +0000] "GET /shopping/products/1618335039 HTTP/1.1" 200 24173 "-" "Mozilla/5.0 (compatible; SERankingBacklinksBot/1.0; +https://seranking.com/backlinks-crawler)"
176.65.132.19 - - [01/Mar/2026:14:28:50 +0000] "GET /wp-admin/ HTTP/1.1" 302 20 "https://elementalmill.com/wp-login.php" "Mozilla/5.0 (Macintosh; Intel Mac OS X 13_6_1) AppleWebKit/605.1.15 (KHTML, like Gecko) Version/16.6 Safari/605.1.15"
18.205.91.101 - - [01/Mar/2026:14:28:53 +0000] "GET /shop/pg/1591181 HTTP/1.1" 200 24403 "-" "Mozilla/5.0 AppleWebKit/537.36 (KHTML, like Gecko; compatible; Amazonbot/0.1; +https://developer.amazon.com/support/amazonbot) Chrome/119.0.6045.214 Safari/537.36"
144.76.32.114 - - [01/Mar/2026:14:28:54 +0000] "GET /shopping/products/1619606420 HTTP/1.1" 200 24394 "-" "Mozilla/5.0 (compatible; SERankingBacklinksBot/1.0; +https://seranking.com/backlinks-crawler)"
176.65.132.19 - - [01/Mar/2026:14:28:53 +0000] "GET /wp-admin/ HTTP/1.1" 302 20 "https://elementalmill.com/wp-login.php" "Mozilla/5.0 (Macintosh; Intel Mac OS X 13_6_1) AppleWebKit/605.1.15 (KHTML, like Gecko) Version/16.6 Safari/605.1.15"
74.7.227.51 - - [01/Mar/2026:14:28:55 +0000] "GET /shop/pg/161832616 HTTP/2.0" 200 24101 "https://elementalmill.com/shop/pg/28738" "Mozilla/5.0 AppleWebKit/537.36 (KHTML, like Gecko; compatible; GPTBot/1.3; +https://openai.com/gptbot)"
52.202.233.37 - - [01/Mar/2026:14:28:57 +0000] "GET /shop/pg/16201400172 HTTP/1.1" 200 24568 "-" "Mozilla/5.0 AppleWebKit/537.36 (KHTML, like Gecko; compatible; Amazonbot/0.1; +https://developer.amazon.com/support/amazonbot) Chrome/119.0.6045.214 Safari/537.36"
176.65.132.19 - - [01/Mar/2026:14:28:56 +0000] "GET /wp-admin/ HTTP/1.1" 302 20 "https://elementalmill.com/wp-login.php" "Mozilla/5.0 (Macintosh; Intel Mac OS X 13_6_1) AppleWebKit/605.1.15 (KHTML, like Gecko) Version/16.6 Safari/605.1.15"
144.76.32.114 - - [01/Mar/2026:14:28:58 +0000] "GET /shopping/products/1618335042 HTTP/1.1" 200 24663 "-" "Mozilla/5.0 (compatible; SERankingBacklinksBot/1.0; +https://seranking.com/backlinks-crawler)"
98.83.94.113 - - [01/Mar/2026:14:29:01 +0000] "GET /shop/pg/16201383780 HTTP/1.1" 200 25033 "-" "Mozilla/5.0 AppleWebKit/537.36 (KHTML, like Gecko; compatible; Amazonbot/0.1; +https://developer.amazon.com/support/amazonbot) Chrome/119.0.6045.214 Safari/537.36"
176.65.132.19 - - [01/Mar/2026:14:29:00 +0000] "GET /wp-admin/ HTTP/1.1" 302 20 "https://elementalmill.com/wp-login.php" "Mozilla/5.0 (Macintosh; Intel Mac OS X 13_6_1) AppleWebKit/605.1.15 (KHTML, like Gecko) Version/16.6 Safari/605.1.15"
144.76.32.114 - - [01/Mar/2026:14:29:03 +0000] "GET /shopping/products/1619606437 HTTP/1.1" 200 24289 "-" "Mozilla/5.0 (compatible; SERankingBacklinksBot/1.0; +https://seranking.com/backlinks-crawler)"
139.162.194.112 - - [01/Mar/2026:14:29:02 +0000] "POST /wp-cron.php?doing_wp_cron=1772375342.8530108928680419921875 HTTP/1.1" 404 13168 "-" "WordPress/6.9.1; https://elementalmill.com"
35.169.240.53 - - [01/Mar/2026:14:29:05 +0000] "GET /shop/pg/1239421 HTTP/1.1" 200 25266 "-" "Mozilla/5.0 AppleWebKit/537.36 (KHTML, like Gecko; compatible; Amazonbot/0.1; +https://developer.amazon.com/support/amazonbot) Chrome/119.0.6045.214 Safari/537.36"
74.7.242.62 - - [01/Mar/2026:14:29:06 +0000] "GET /shop/pg/1716005 HTTP/2.0" 200 24788 "https://www.elementalmill.com.lab2454.com/shop/pg/16201499540" "Mozilla/5.0 AppleWebKit/537.36 (KHTML, like Gecko; compatible; GPTBot/1.3; +https://openai.com/gptbot)"
176.65.132.19 - - [01/Mar/2026:14:29:05 +0000] "GET /wp-admin/ HTTP/1.1" 302 20 "https://elementalmill.com/wp-login.php" "Mozilla/5.0 (Macintosh; Intel Mac OS X 13_6_1) AppleWebKit/605.1.15 (KHTML, like Gecko) Version/16.6 Safari/605.1.15"
144.76.32.114 - - [01/Mar/2026:14:29:07 +0000] "GET /shopping/products/1618335057 HTTP/1.1" 200 24487 "-" "Mozilla/5.0 (compatible; SERankingBacklinksBot/1.0; +https://seranking.com/backlinks-crawler)"
98.83.8.142 - - [01/Mar/2026:14:29:09 +0000] "GET /?shopping/products/1619698973 HTTP/1.1" 200 24295 "-" "Mozilla/5.0 AppleWebKit/537.36 (KHTML, like Gecko; compatible; Amazonbot/0.1; +https://developer.amazon.com/support/amazonbot) Chrome/119.0.6045.214 Safari/537.36"
176.65.132.19 - - [01/Mar/2026:14:29:08 +0000] "GET /wp-admin/ HTTP/1.1" 302 20 "https://elementalmill.com/wp-login.php" "Mozilla/5.0 (Macintosh; Intel Mac OS X 13_6_1) AppleWebKit/605.1.15 (KHTML, like Gecko) Version/16.6 Safari/605.1.15"
144.76.32.114 - - [01/Mar/2026:14:29:11 +0000] "GET /shopping/products/1619606481 HTTP/1.1" 200 24267 "-" "Mozilla/5.0 (compatible; SERankingBacklinksBot/1.0; +https://seranking.com/backlinks-crawler)"
52.203.237.170 - - [01/Mar/2026:14:29:13 +0000] "GET /?shopping/products/16201320204 HTTP/1.1" 200 26199 "-" "Mozilla/5.0 AppleWebKit/537.36 (KHTML, like Gecko; compatible; Amazonbot/0.1; +https://developer.amazon.com/support/amazonbot) Chrome/119.0.6045.214 Safari/537.36"
176.65.132.19 - - [01/Mar/2026:14:29:12 +0000] "GET /wp-admin/profile.php HTTP/1.1" 404 12378 "https://elementalmill.com/wp-login.php" "Mozilla/5.0 (Macintosh; Intel Mac OS X 13_6_1) AppleWebKit/605.1.15 (KHTML, like Gecko) Version/16.6 Safari/605.1.15"
144.76.32.114 - - [01/Mar/2026:14:29:15 +0000] "GET /shopping/products/1618335147 HTTP/1.1" 200 24284 "-" "Mozilla/5.0 (compatible; SERankingBacklinksBot/1.0; +https://seranking.com/backlinks-crawler)"
176.65.132.19 - - [01/Mar/2026:14:29:15 +0000] "GET /wp-admin/edit.php HTTP/1.1" 404 12378 "https://elementalmill.com/wp-login.php" "Mozilla/5.0 (Macintosh; Intel Mac OS X 13_6_1) AppleWebKit/605.1.15 (KHTML, like Gecko) Version/16.6 Safari/605.1.15"
74.7.227.51 - - [01/Mar/2026:14:29:16 +0000] "GET /shop/pg/161881945 HTTP/2.0" 200 24483 "https://elementalmill.com/shop/pg/78073" "Mozilla/5.0 AppleWebKit/537.36 (KHTML, like Gecko; compatible; GPTBot/1.3; +https://openai.com/gptbot)"
34.202.88.37 - - [01/Mar/2026:14:29:17 +0000] "GET /shop/pg/1711098 HTTP/1.1" 200 24527 "-" "Mozilla/5.0 AppleWebKit/537.36 (KHTML, like Gecko; compatible; Amazonbot/0.1; +https://developer.amazon.com/support/amazonbot) Chrome/119.0.6045.214 Safari/537.36"
144.76.32.114 - - [01/Mar/2026:14:29:19 +0000] "GET /shopping/products/1619606523 HTTP/1.1" 200 25160 "-" "Mozilla/5.0 (compatible; SERankingBacklinksBot/1.0; +https://seranking.com/backlinks-crawler)"
176.65.132.19 - - [01/Mar/2026:14:29:18 +0000] "GET /wp-admin/plugins.php HTTP/1.1" 404 12378 "https://elementalmill.com/wp-login.php" "Mozilla/5.0 (Macintosh; Intel Mac OS X 13_6_1) AppleWebKit/605.1.15 (KHTML, like Gecko) Version/16.6 Safari/605.1.15"
44.216.172.204 - - [01/Mar/2026:14:29:21 +0000] "GET /shop/pg/1168168 HTTP/1.1" 200 24708 "-" "Mozilla/5.0 AppleWebKit/537.36 (KHTML, like Gecko; compatible; Amazonbot/0.1; +https://developer.amazon.com/support/amazonbot) Chrome/119.0.6045.214 Safari/537.36"
176.65.132.19 - - [01/Mar/2026:14:29:22 +0000] "POST /wp-login.php HTTP/1.1" 200 2964 "https://elementalmill.com/wp-login.php" "Mozilla/5.0 (Macintosh; Intel Mac OS X 13_6_1) AppleWebKit/537.36 (KHTML, like Gecko) Chrome/118.0.0.0 Safari/537.36"
144.76.32.114 - - [01/Mar/2026:14:29:23 +0000] "GET /shopping/products/1618335160 HTTP/1.1" 200 24884 "-" "Mozilla/5.0 (compatible; SERankingBacklinksBot/1.0; +https://seranking.com/backlinks-crawler)"
98.80.130.239 - - [01/Mar/2026:14:29:25 +0000] "GET /category/16221005054 HTTP/1.1" 200 27040 "-" "Mozilla/5.0 AppleWebKit/537.36 (KHTML, like Gecko; compatible; Amazonbot/0.1; +https://developer.amazon.com/support/amazonbot) Chrome/119.0.6045.214 Safari/537.36"
176.65.132.19 - - [01/Mar/2026:14:29:24 +0000] "GET /wp-admin/index.php HTTP/1.1" 301 20 "https://elementalmill.com/wp-login.php" "Mozilla/5.0 (Windows NT 10.0; Win64; x64) AppleWebKit/537.36 (KHTML, like Gecko) Chrome/118.0.0.0 Safari/537.36"
74.7.242.62 - - [01/Mar/2026:14:29:22 +0000] "GET /shop/pg/16211696447 HTTP/2.0" 200 24948 "https://www.elementalmill.com.lab2454.com/shop/pg/1691049" "Mozilla/5.0 AppleWebKit/537.36 (KHTML, like Gecko; compatible; GPTBot/1.3; +https://openai.com/gptbot)"
144.76.32.114 - - [01/Mar/2026:14:29:27 +0000] "GET /shopping/products/1619606657 HTTP/1.1" 200 24964 "-" "Mozilla/5.0 (compatible; SERankingBacklinksBot/1.0; +https://seranking.com/backlinks-crawler)"
54.166.104.83 - - [01/Mar/2026:14:29:29 +0000] "GET /category/16211001235 HTTP/1.1" 200 26504 "-" "Mozilla/5.0 AppleWebKit/537.36 (KHTML, like Gecko; compatible; Amazonbot/0.1; +https://developer.amazon.com/support/amazonbot) Chrome/119.0.6045.214 Safari/537.36"
176.65.132.19 - - [01/Mar/2026:14:29:27 +0000] "GET /wp-admin/ HTTP/1.1" 302 20 "https://elementalmill.com/wp-login.php" "Mozilla/5.0 (Windows NT 10.0; Win64; x64) AppleWebKit/537.36 (KHTML, like Gecko) Chrome/118.0.0.0 Safari/537.36"
144.76.32.114 - - [01/Mar/2026:14:29:31 +0000] "GET /shopping/products/1618335175 HTTP/1.1" 200 24489 "-" "Mozilla/5.0 (compatible; SERankingBacklinksBot/1.0; +https://seranking.com/backlinks-crawler)"
74.7.227.51 - - [01/Mar/2026:14:29:32 +0000] "GET /shop/pg/161844841 HTTP/2.0" 200 24539 "https://elementalmill.com/shop/pg/40973" "Mozilla/5.0 AppleWebKit/537.36 (KHTML, like Gecko; compatible; GPTBot/1.3; +https://openai.com/gptbot)"
176.65.132.19 - - [01/Mar/2026:14:29:31 +0000] "GET /wp-admin/ HTTP/1.1" 302 20 "https://elementalmill.com/wp-login.php" "Mozilla/5.0 (Windows NT 10.0; Win64; x64) AppleWebKit/537.36 (KHTML, like Gecko) Chrome/118.0.0.0 Safari/537.36"
44.206.93.215 - - [01/Mar/2026:14:29:33 +0000] "GET /shop/pg/482914 HTTP/1.1" 200 24211 "-" "Mozilla/5.0 AppleWebKit/537.36 (KHTML, like Gecko; compatible; Amazonbot/0.1; +https://developer.amazon.com/support/amazonbot) Chrome/119.0.6045.214 Safari/537.36"
144.76.32.114 - - [01/Mar/2026:14:29:35 +0000] "GET /shopping/products/1619606686 HTTP/1.1" 200 24362 "-" "Mozilla/5.0 (compatible; SERankingBacklinksBot/1.0; +https://seranking.com/backlinks-crawler)"
176.65.132.19 - - [01/Mar/2026:14:29:34 +0000] "GET /wp-admin/ HTTP/1.1" 302 20 "https://elementalmill.com/wp-login.php" "Mozilla/5.0 (Windows NT 10.0; Win64; x64) AppleWebKit/537.36 (KHTML, like Gecko) Chrome/118.0.0.0 Safari/537.36"
74.7.242.62 - - [01/Mar/2026:14:29:36 +0000] "GET /shop/pg/1278869 HTTP/2.0" 200 25079 "https://www.elementalmill.com.lab2454.com/shop/pg/16201062416" "Mozilla/5.0 AppleWebKit/537.36 (KHTML, like Gecko; compatible; GPTBot/1.3; +https://openai.com/gptbot)"
54.209.100.30 - - [01/Mar/2026:14:29:37 +0000] "GET /shop/pg/616610 HTTP/1.1" 200 24479 "-" "Mozilla/5.0 AppleWebKit/537.36 (KHTML, like Gecko; compatible; Amazonbot/0.1; +https://developer.amazon.com/support/amazonbot) Chrome/119.0.6045.214 Safari/537.36"
176.65.132.19 - - [01/Mar/2026:14:29:37 +0000] "GET /wp-admin/ HTTP/1.1" 302 20 "https://elementalmill.com/wp-login.php" "Mozilla/5.0 (Windows NT 10.0; Win64; x64) AppleWebKit/537.36 (KHTML, like Gecko) Chrome/118.0.0.0 Safari/537.36"
144.76.32.114 - - [01/Mar/2026:14:29:39 +0000] "GET /shopping/products/1618335182 HTTP/1.1" 200 24582 "-" "Mozilla/5.0 (compatible; SERankingBacklinksBot/1.0; +https://seranking.com/backlinks-crawler)"
98.82.107.102 - - [01/Mar/2026:14:29:41 +0000] "GET /shop/pg/16201391186 HTTP/1.1" 200 24783 "-" "Mozilla/5.0 AppleWebKit/537.36 (KHTML, like Gecko; compatible; Amazonbot/0.1; +https://developer.amazon.com/support/amazonbot) Chrome/119.0.6045.214 Safari/537.36"
176.65.132.19 - - [01/Mar/2026:14:29:40 +0000] "GET /wp-admin/ HTTP/1.1" 302 20 "https://elementalmill.com/wp-login.php" "Mozilla/5.0 (Windows NT 10.0; Win64; x64) AppleWebKit/537.36 (KHTML, like Gecko) Chrome/118.0.0.0 Safari/537.36"
144.76.32.114 - - [01/Mar/2026:14:29:43 +0000] "GET /shopping/products/1619606785 HTTP/1.1" 200 24149 "-" "Mozilla/5.0 (compatible; SERankingBacklinksBot/1.0; +https://seranking.com/backlinks-crawler)"
176.65.132.19 - - [01/Mar/2026:14:29:43 +0000] "GET /wp-admin/ HTTP/1.1" 302 20 "https://elementalmill.com/wp-login.php" "Mozilla/5.0 (Windows NT 10.0; Win64; x64) AppleWebKit/537.36 (KHTML, like Gecko) Chrome/118.0.0.0 Safari/537.36"
50.16.216.166 - - [01/Mar/2026:14:29:45 +0000] "GET /shop/pg/997729 HTTP/1.1" 200 24070 "-" "Mozilla/5.0 AppleWebKit/537.36 (KHTML, like Gecko; compatible; Amazonbot/0.1; +https://developer.amazon.com/support/amazonbot) Chrome/119.0.6045.214 Safari/537.36"
144.76.32.114 - - [01/Mar/2026:14:29:48 +0000] "GET /shopping/products/1618335196 HTTP/1.1" 200 24304 "-" "Mozilla/5.0 (compatible; SERankingBacklinksBot/1.0; +https://seranking.com/backlinks-crawler)"
176.65.132.19 - - [01/Mar/2026:14:29:46 +0000] "GET /wp-admin/ HTTP/1.1" 302 20 "https://elementalmill.com/wp-login.php" "Mozilla/5.0 (Windows NT 10.0; Win64; x64) AppleWebKit/537.36 (KHTML, like Gecko) Chrome/118.0.0.0 Safari/537.36"
54.157.99.244 - - [01/Mar/2026:14:29:49 +0000] "GET /shop/pg/300980 HTTP/1.1" 200 24602 "-" "Mozilla/5.0 AppleWebKit/537.36 (KHTML, like Gecko; compatible; Amazonbot/0.1; +https://developer.amazon.com/support/amazonbot) Chrome/119.0.6045.214 Safari/537.36"
176.65.132.19 - - [01/Mar/2026:14:29:50 +0000] "GET /wp-admin/ HTTP/1.1" 302 20 "https://elementalmill.com/wp-login.php" "Mozilla/5.0 (Windows NT 10.0; Win64; x64) AppleWebKit/537.36 (KHTML, like Gecko) Chrome/118.0.0.0 Safari/537.36"
144.76.32.114 - - [01/Mar/2026:14:29:52 +0000] "GET /shopping/products/1619606792 HTTP/1.1" 200 24224 "-" "Mozilla/5.0 (compatible; SERankingBacklinksBot/1.0; +https://seranking.com/backlinks-crawler)"
3.218.103.254 - - [01/Mar/2026:14:29:53 +0000] "GET /shop/pg/1004401 HTTP/1.1" 200 25560 "-" "Mozilla/5.0 AppleWebKit/537.36 (KHTML, like Gecko; compatible; Amazonbot/0.1; +https://developer.amazon.com/support/amazonbot) Chrome/119.0.6045.214 Safari/537.36"
176.65.132.19 - - [01/Mar/2026:14:29:54 +0000] "GET /wp-admin/ HTTP/1.1" 302 20 "https://elementalmill.com/wp-login.php" "Mozilla/5.0 (Windows NT 10.0; Win64; x64) AppleWebKit/537.36 (KHTML, like Gecko) Chrome/118.0.0.0 Safari/537.36"
144.76.32.114 - - [01/Mar/2026:14:29:56 +0000] "GET /shopping/products/1618335223 HTTP/1.1" 200 24663 "-" "Mozilla/5.0 (compatible; SERankingBacklinksBot/1.0; +https://seranking.com/backlinks-crawler)"
3.218.35.239 - - [01/Mar/2026:14:29:57 +0000] "GET /?shopping/products/1619645626 HTTP/1.1" 200 24238 "-" "Mozilla/5.0 AppleWebKit/537.36 (KHTML, like Gecko; compatible; Amazonbot/0.1; +https://developer.amazon.com/support/amazonbot) Chrome/119.0.6045.214 Safari/537.36"
176.65.132.19 - - [01/Mar/2026:14:29:57 +0000] "GET /wp-admin/ HTTP/1.1" 302 20 "https://elementalmill.com/wp-login.php" "Mozilla/5.0 (Windows NT 10.0; Win64; x64) AppleWebKit/537.36 (KHTML, like Gecko) Chrome/118.0.0.0 Safari/537.36"
74.7.242.62 - - [01/Mar/2026:14:30:00 +0000] "GET /shop/pg/16201266481 HTTP/2.0" 200 25885 "https://www.elementalmill.com.lab2454.com/shop/pg/1261095" "Mozilla/5.0 AppleWebKit/537.36 (KHTML, like Gecko; compatible; GPTBot/1.3; +https://openai.com/gptbot)"
23.21.228.180 - - [01/Mar/2026:14:30:01 +0000] "GET /?category/16221001403 HTTP/1.1" 200 24056 "-" "Mozilla/5.0 AppleWebKit/537.36 (KHTML, like Gecko; compatible; Amazonbot/0.1; +https://developer.amazon.com/support/amazonbot) Chrome/119.0.6045.214 Safari/537.36"
144.76.32.114 - - [01/Mar/2026:14:30:01 +0000] "GET /shopping/products/1619606806 HTTP/1.1" 200 24635 "-" "Mozilla/5.0 (compatible; SERankingBacklinksBot/1.0; +https://seranking.com/backlinks-crawler)"
176.65.132.19 - - [01/Mar/2026:14:30:00 +0000] "GET /wp-admin/ HTTP/1.1" 302 20 "https://elementalmill.com/wp-login.php" "Mozilla/5.0 (Windows NT 10.0; Win64; x64) AppleWebKit/537.36 (KHTML, like Gecko) Chrome/118.0.0.0 Safari/537.36"
100.24.149.244 - - [01/Mar/2026:14:30:05 +0000] "GET /?category/16201002117 HTTP/1.1" 200 19050 "-" "Mozilla/5.0 AppleWebKit/537.36 (KHTML, like Gecko; compatible; Amazonbot/0.1; +https://developer.amazon.com/support/amazonbot) Chrome/119.0.6045.214 Safari/537.36"
144.76.32.114 - - [01/Mar/2026:14:30:05 +0000] "GET /shopping/products/1618335228 HTTP/1.1" 200 25364 "-" "Mozilla/5.0 (compatible; SERankingBacklinksBot/1.0; +https://seranking.com/backlinks-crawler)"
95.108.213.175 - - [01/Mar/2026:14:30:05 +0000] "GET /shopping/products/16219867163 HTTP/1.1" 200 25394 "-" "Mozilla/5.0 (compatible; YandexBot/3.0; +http://yandex.com/bots)"
95.108.213.164 - - [01/Mar/2026:14:30:05 +0000] "GET /shopping/products/16217269338 HTTP/1.1" 200 25219 "-" "Mozilla/5.0 (compatible; YandexBot/3.0; +http://yandex.com/bots)"
176.65.132.19 - - [01/Mar/2026:14:30:03 +0000] "GET /wp-admin/ HTTP/1.1" 302 20 "https://elementalmill.com/wp-login.php" "Mozilla/5.0 (Windows NT 10.0; Win64; x64) AppleWebKit/537.36 (KHTML, like Gecko) Chrome/118.0.0.0 Safari/537.36"
139.162.194.112 - - [01/Mar/2026:14:30:06 +0000] "POST /wp-cron.php?doing_wp_cron=1772375406.3201270103454589843750 HTTP/1.1" 404 13168 "-" "WordPress/6.9.1; https://elementalmill.com"
98.84.131.195 - - [01/Mar/2026:14:30:09 +0000] "GET /shop/pg/25795 HTTP/1.1" 200 24550 "-" "Mozilla/5.0 AppleWebKit/537.36 (KHTML, like Gecko; compatible; Amazonbot/0.1; +https://developer.amazon.com/support/amazonbot) Chrome/119.0.6045.214 Safari/537.36"
144.76.32.114 - - [01/Mar/2026:14:30:09 +0000] "GET /shopping/products/1619606833 HTTP/1.1" 200 24723 "-" "Mozilla/5.0 (compatible; SERankingBacklinksBot/1.0; +https://seranking.com/backlinks-crawler)"
176.65.132.19 - - [01/Mar/2026:14:30:08 +0000] "GET /wp-admin/ HTTP/1.1" 302 20 "https://elementalmill.com/wp-login.php" "Mozilla/5.0 (Windows NT 10.0; Win64; x64) AppleWebKit/537.36 (KHTML, like Gecko) Chrome/118.0.0.0 Safari/537.36"
66.249.64.39 - - [01/Mar/2026:14:30:10 +0000] "GET /shopping/products/16211515037 HTTP/1.1" 200 24607 "-" "Mozilla/5.0 (Linux; Android 6.0.1; Nexus 5X Build/MMB29P) AppleWebKit/537.36 (KHTML, like Gecko) Chrome/144.0.7559.132 Mobile Safari/537.36 (compatible; Googlebot/2.1; +http://www.google.com/bot.html)"
74.7.227.51 - - [01/Mar/2026:14:30:12 +0000] "GET /shop/pg/161880874 HTTP/2.0" 200 24461 "https://elementalmill.com/shop/pg/77020" "Mozilla/5.0 AppleWebKit/537.36 (KHTML, like Gecko; compatible; GPTBot/1.3; +https://openai.com/gptbot)"
176.65.132.19 - - [01/Mar/2026:14:30:11 +0000] "GET /wp-admin/ HTTP/1.1" 302 20 "https://elementalmill.com/wp-login.php" "Mozilla/5.0 (Windows NT 10.0; Win64; x64) AppleWebKit/537.36 (KHTML, like Gecko) Chrome/118.0.0.0 Safari/537.36"
18.233.24.238 - - [01/Mar/2026:14:30:13 +0000] "GET /shop/pg/1366246 HTTP/1.1" 200 24650 "-" "Mozilla/5.0 AppleWebKit/537.36 (KHTML, like Gecko; compatible; Amazonbot/0.1; +https://developer.amazon.com/support/amazonbot) Chrome/119.0.6045.214 Safari/537.36"
144.76.32.114 - - [01/Mar/2026:14:30:13 +0000] "GET /shopping/products/1618335279 HTTP/1.1" 200 24556 "-" "Mozilla/5.0 (compatible; SERankingBacklinksBot/1.0; +https://seranking.com/backlinks-crawler)"
213.180.203.8 - - [01/Mar/2026:14:30:13 +0000] "GET /shopping/products/161840025969 HTTP/1.1" 200 25659 "-" "Mozilla/5.0 (compatible; YandexBot/3.0; +http://yandex.com/bots)"
74.7.242.62 - - [01/Mar/2026:14:30:14 +0000] "GET /shop/pg/1262253 HTTP/2.0" 200 26296 "https://www.elementalmill.com.lab2454.com/shop/pg/1261095" "Mozilla/5.0 AppleWebKit/537.36 (KHTML, like Gecko; compatible; GPTBot/1.3; +https://openai.com/gptbot)"
176.65.132.19 - - [01/Mar/2026:14:30:14 +0000] "GET /wp-admin/ HTTP/1.1" 302 20 "https://elementalmill.com/wp-login.php" "Mozilla/5.0 (Windows NT 10.0; Win64; x64) AppleWebKit/537.36 (KHTML, like Gecko) Chrome/118.0.0.0 Safari/537.36"
34.194.14.255 - - [01/Mar/2026:14:30:17 +0000] "GET /shop/pg/1410750 HTTP/1.1" 200 25084 "-" "Mozilla/5.0 AppleWebKit/537.36 (KHTML, like Gecko; compatible; Amazonbot/0.1; +https://developer.amazon.com/support/amazonbot) Chrome/119.0.6045.214 Safari/537.36"
144.76.32.114 - - [01/Mar/2026:14:30:17 +0000] "GET /shopping/products/1619606882 HTTP/1.1" 200 25025 "-" "Mozilla/5.0 (compatible; SERankingBacklinksBot/1.0; +https://seranking.com/backlinks-crawler)"
176.65.132.19 - - [01/Mar/2026:14:30:18 +0000] "GET /wp-admin/ HTTP/1.1" 302 20 "https://elementalmill.com/wp-login.php" "Mozilla/5.0 (Windows NT 10.0; Win64; x64) AppleWebKit/537.36 (KHTML, like Gecko) Chrome/118.0.0.0 Safari/537.36"
18.205.127.11 - - [01/Mar/2026:14:30:21 +0000] "GET /shop/pg/1380454 HTTP/1.1" 200 25265 "-" "Mozilla/5.0 AppleWebKit/537.36 (KHTML, like Gecko; compatible; Amazonbot/0.1; +https://developer.amazon.com/support/amazonbot) Chrome/119.0.6045.214 Safari/537.36"
144.76.32.114 - - [01/Mar/2026:14:30:21 +0000] "GET /shopping/products/1618335286 HTTP/1.1" 200 24478 "-" "Mozilla/5.0 (compatible; SERankingBacklinksBot/1.0; +https://seranking.com/backlinks-crawler)"
176.65.132.19 - - [01/Mar/2026:14:30:21 +0000] "GET /wp-admin/ HTTP/1.1" 302 20 "https://elementalmill.com/wp-login.php" "Mozilla/5.0 (Windows NT 10.0; Win64; x64) AppleWebKit/537.36 (KHTML, like Gecko) Chrome/118.0.0.0 Safari/537.36"
44.221.37.41 - - [01/Mar/2026:14:30:25 +0000] "GET /?category/16221001378 HTTP/1.1" 200 27802 "-" "Mozilla/5.0 AppleWebKit/537.36 (KHTML, like Gecko; compatible; Amazonbot/0.1; +https://developer.amazon.com/support/amazonbot) Chrome/119.0.6045.214 Safari/537.36"
144.76.32.114 - - [01/Mar/2026:14:30:25 +0000] "GET /shopping/products/1619606890 HTTP/1.1" 200 24414 "-" "Mozilla/5.0 (compatible; SERankingBacklinksBot/1.0; +https://seranking.com/backlinks-crawler)"
74.7.227.51 - - [01/Mar/2026:14:30:25 +0000] "GET /shop/pg/161835268 HTTP/2.0" 200 24535 "https://elementalmill.com/shop/customer/bookmark.php?shopping/products/161828445" "Mozilla/5.0 AppleWebKit/537.36 (KHTML, like Gecko; compatible; GPTBot/1.3; +https://openai.com/gptbot)"
176.65.132.19 - - [01/Mar/2026:14:30:24 +0000] "GET /wp-admin/ HTTP/1.1" 302 20 "https://elementalmill.com/wp-login.php" "Mozilla/5.0 (Windows NT 10.0; Win64; x64) AppleWebKit/537.36 (KHTML, like Gecko) Chrome/118.0.0.0 Safari/537.36"
98.82.40.168 - - [01/Mar/2026:14:30:29 +0000] "GET /shop/pg/799122 HTTP/1.1" 200 25713 "-" "Mozilla/5.0 AppleWebKit/537.36 (KHTML, like Gecko; compatible; Amazonbot/0.1; +https://developer.amazon.com/support/amazonbot) Chrome/119.0.6045.214 Safari/537.36"
176.65.132.19 - - [01/Mar/2026:14:30:28 +0000] "GET /wp-admin/ HTTP/1.1" 302 20 "https://elementalmill.com/wp-login.php" "Mozilla/5.0 (Windows NT 10.0; Win64; x64) AppleWebKit/537.36 (KHTML, like Gecko) Chrome/118.0.0.0 Safari/537.36"
144.76.32.114 - - [01/Mar/2026:14:30:30 +0000] "GET /shopping/products/1618335292 HTTP/1.1" 200 24378 "-" "Mozilla/5.0 (compatible; SERankingBacklinksBot/1.0; +https://seranking.com/backlinks-crawler)"
74.7.242.62 - - [01/Mar/2026:14:30:30 +0000] "GET /shop/pg/16201483661 HTTP/2.0" 200 25357 "https://www.elementalmill.com.lab2454.com/shop/pg/16201262765" "Mozilla/5.0 AppleWebKit/537.36 (KHTML, like Gecko; compatible; GPTBot/1.3; +https://openai.com/gptbot)"
176.65.132.19 - - [01/Mar/2026:14:30:30 +0000] "GET /wp-admin/ HTTP/1.1" 302 20 "https://elementalmill.com/wp-login.php" "Mozilla/5.0 (Windows NT 10.0; Win64; x64) AppleWebKit/537.36 (KHTML, like Gecko) Chrome/118.0.0.0 Safari/537.36"
3.221.222.168 - - [01/Mar/2026:14:30:33 +0000] "GET /shop/pg/1295300 HTTP/1.1" 200 24246 "-" "Mozilla/5.0 AppleWebKit/537.36 (KHTML, like Gecko; compatible; Amazonbot/0.1; +https://developer.amazon.com/support/amazonbot) Chrome/119.0.6045.214 Safari/537.36"
144.76.32.114 - - [01/Mar/2026:14:30:34 +0000] "GET /shopping/products/1619606901 HTTP/1.1" 200 24540 "-" "Mozilla/5.0 (compatible; SERankingBacklinksBot/1.0; +https://seranking.com/backlinks-crawler)"
176.65.132.19 - - [01/Mar/2026:14:30:34 +0000] "GET /wp-admin/ HTTP/1.1" 302 20 "https://elementalmill.com/wp-login.php" "Mozilla/5.0 (Windows NT 10.0; Win64; x64) AppleWebKit/537.36 (KHTML, like Gecko) Chrome/118.0.0.0 Safari/537.36"
98.82.38.120 - - [01/Mar/2026:14:30:37 +0000] "GET /shop/pg/1534819 HTTP/1.1" 200 25171 "-" "Mozilla/5.0 AppleWebKit/537.36 (KHTML, like Gecko; compatible; Amazonbot/0.1; +https://developer.amazon.com/support/amazonbot) Chrome/119.0.6045.214 Safari/537.36"
74.7.227.51 - - [01/Mar/2026:14:30:37 +0000] "GET /shop/pg/161817040 HTTP/2.0" 200 24256 "https://elementalmill.com/shop/pg/13190" "Mozilla/5.0 AppleWebKit/537.36 (KHTML, like Gecko; compatible; GPTBot/1.3; +https://openai.com/gptbot)"
144.76.32.114 - - [01/Mar/2026:14:30:38 +0000] "GET /shopping/products/1618335305 HTTP/1.1" 200 24364 "-" "Mozilla/5.0 (compatible; SERankingBacklinksBot/1.0; +https://seranking.com/backlinks-crawler)"
176.65.132.19 - - [01/Mar/2026:14:30:37 +0000] "GET /wp-admin/ HTTP/1.1" 302 20 "https://elementalmill.com/wp-login.php" "Mozilla/5.0 (Windows NT 10.0; Win64; x64) AppleWebKit/537.36 (KHTML, like Gecko) Chrome/118.0.0.0 Safari/537.36"
51.77.216.212 - - [01/Mar/2026:14:30:40 +0000] "GET /robots.txt HTTP/1.1" 200 870 "-" "Mozilla/5.0 (compatible; MJ12bot/v1.4.8; http://mj12bot.com/)"
18.205.213.231 - - [01/Mar/2026:14:30:41 +0000] "GET /?shopping/products/1618122998 HTTP/1.1" 200 24632 "-" "Mozilla/5.0 AppleWebKit/537.36 (KHTML, like Gecko; compatible; Amazonbot/0.1; +https://developer.amazon.com/support/amazonbot) Chrome/119.0.6045.214 Safari/537.36"
176.65.132.19 - - [01/Mar/2026:14:30:40 +0000] "GET /wp-admin/ HTTP/1.1" 302 20 "https://elementalmill.com/wp-login.php" "Mozilla/5.0 (Windows NT 10.0; Win64; x64) AppleWebKit/537.36 (KHTML, like Gecko) Chrome/118.0.0.0 Safari/537.36"
74.7.242.62 - - [01/Mar/2026:14:30:42 +0000] "GET /shop/pg/16211563686 HTTP/2.0" 200 24681 "https://www.elementalmill.com.lab2454.com/shop/pg/16201342786" "Mozilla/5.0 AppleWebKit/537.36 (KHTML, like Gecko; compatible; GPTBot/1.3; +https://openai.com/gptbot)"
51.77.216.212 - - [01/Mar/2026:14:30:42 +0000] "GET /category/16191000011 HTTP/1.1" 200 27156 "-" "Mozilla/5.0 (compatible; MJ12bot/v1.4.8; http://mj12bot.com/)"
144.76.32.114 - - [01/Mar/2026:14:30:42 +0000] "GET /shopping/products/1619606960 HTTP/1.1" 200 24430 "-" "Mozilla/5.0 (compatible; SERankingBacklinksBot/1.0; +https://seranking.com/backlinks-crawler)"
176.65.132.19 - - [01/Mar/2026:14:30:43 +0000] "GET /wp-admin/ HTTP/1.1" 302 20 "https://elementalmill.com/wp-login.php" "Mozilla/5.0 (Windows NT 10.0; Win64; x64) AppleWebKit/537.36 (KHTML, like Gecko) Chrome/118.0.0.0 Safari/537.36"
51.77.216.212 - - [01/Mar/2026:14:30:45 +0000] "GET /shopping/products/16201183318 HTTP/1.1" 200 24442 "-" "Mozilla/5.0 (compatible; MJ12bot/v1.4.8; http://mj12bot.com/)"
44.223.193.255 - - [01/Mar/2026:14:30:45 +0000] "GET /shop/pg/1755246 HTTP/1.1" 200 26851 "-" "Mozilla/5.0 AppleWebKit/537.36 (KHTML, like Gecko; compatible; Amazonbot/0.1; +https://developer.amazon.com/support/amazonbot) Chrome/119.0.6045.214 Safari/537.36"
144.76.32.114 - - [01/Mar/2026:14:30:46 +0000] "GET /shopping/products/1618335336 HTTP/1.1" 200 24760 "-" "Mozilla/5.0 (compatible; SERankingBacklinksBot/1.0; +https://seranking.com/backlinks-crawler)"
176.65.132.19 - - [01/Mar/2026:14:30:46 +0000] "GET /wp-admin/ HTTP/1.1" 302 20 "https://elementalmill.com/wp-login.php" "Mozilla/5.0 (Windows NT 10.0; Win64; x64) AppleWebKit/537.36 (KHTML, like Gecko) Chrome/118.0.0.0 Safari/537.36"
51.77.216.212 - - [01/Mar/2026:14:30:47 +0000] "GET /shopping/products/16201247492 HTTP/1.1" 200 24499 "-" "Mozilla/5.0 (compatible; MJ12bot/v1.4.8; http://mj12bot.com/)"
74.7.227.51 - - [01/Mar/2026:14:30:49 +0000] "GET /shop/pg/1618308272 HTTP/2.0" 200 24936 "https://elementalmill.com/shop/pg/161825233" "Mozilla/5.0 AppleWebKit/537.36 (KHTML, like Gecko; compatible; GPTBot/1.3; +https://openai.com/gptbot)"
18.214.124.6 - - [01/Mar/2026:14:30:49 +0000] "GET /shop/pg/264099 HTTP/1.1" 200 25314 "-" "Mozilla/5.0 AppleWebKit/537.36 (KHTML, like Gecko; compatible; Amazonbot/0.1; +https://developer.amazon.com/support/amazonbot) Chrome/119.0.6045.214 Safari/537.36"
51.77.216.212 - - [01/Mar/2026:14:30:50 +0000] "GET /shopping/products/16201247494 HTTP/1.1" 200 26668 "-" "Mozilla/5.0 (compatible; MJ12bot/v1.4.8; http://mj12bot.com/)"
144.76.32.114 - - [01/Mar/2026:14:30:50 +0000] "GET /shopping/products/1619607023 HTTP/1.1" 200 24157 "-" "Mozilla/5.0 (compatible; SERankingBacklinksBot/1.0; +https://seranking.com/backlinks-crawler)"
176.65.132.19 - - [01/Mar/2026:14:30:50 +0000] "GET /wp-admin/ HTTP/1.1" 302 20 "https://elementalmill.com/wp-login.php" "Mozilla/5.0 (Windows NT 10.0; Win64; x64) AppleWebKit/537.36 (KHTML, like Gecko) Chrome/118.0.0.0 Safari/537.36"
51.77.216.212 - - [01/Mar/2026:14:30:52 +0000] "GET /shopping/products/16201247848 HTTP/1.1" 200 25337 "-" "Mozilla/5.0 (compatible; MJ12bot/v1.4.8; http://mj12bot.com/)"
52.200.251.20 - - [01/Mar/2026:14:30:53 +0000] "GET /shop/pg/455496 HTTP/1.1" 200 24972 "-" "Mozilla/5.0 AppleWebKit/537.36 (KHTML, like Gecko; compatible; Amazonbot/0.1; +https://developer.amazon.com/support/amazonbot) Chrome/119.0.6045.214 Safari/537.36"
74.7.242.62 - - [01/Mar/2026:14:30:53 +0000] "GET /shop/pg/1421649 HTTP/2.0" 200 25887 "https://www.elementalmill.com.lab2454.com/shop/pg/16201205203" "Mozilla/5.0 AppleWebKit/537.36 (KHTML, like Gecko; compatible; GPTBot/1.3; +https://openai.com/gptbot)"
