144.76.32.114 - - [01/Mar/2026:14:01:53 +0000] "GET /shopping/products/1619597864 HTTP/1.1" 200 24809 "-" "Mozilla/5.0 (compatible; SERankingBacklinksBot/1.0; +https://seranking.com/backlinks-crawler)"
52.3.102.51 - - [01/Mar/2026:14:01:55 +0000] "GET /shop/pg/1661234 HTTP/1.1" 200 25602 "-" "Mozilla/5.0 AppleWebKit/537.36 (KHTML, like Gecko; compatible; Amazonbot/0.1; +https://developer.amazon.com/support/amazonbot) Chrome/119.0.6045.214 Safari/537.36"
176.65.132.19 - - [01/Mar/2026:14:01:56 +0000] "GET /wp-admin/ HTTP/1.1" 302 20 "https://elementalmill.com/wp-login.php" "Mozilla/5.0 (Macintosh; Intel Mac OS X 13_6_1; rv:119.0) Gecko/20100101 Firefox/119.0"
54.80.185.200 - - [01/Mar/2026:14:01:57 +0000] "GET /shop/pg/1274470 HTTP/1.1" 200 24569 "-" "Mozilla/5.0 AppleWebKit/537.36 (KHTML, like Gecko; compatible; Amazonbot/0.1; +https://developer.amazon.com/support/amazonbot) Chrome/119.0.6045.214 Safari/537.36"
144.76.32.114 - - [01/Mar/2026:14:01:57 +0000] "GET /shopping/products/1618327160 HTTP/1.1" 200 24295 "-" "Mozilla/5.0 (compatible; SERankingBacklinksBot/1.0; +https://seranking.com/backlinks-crawler)"
74.7.242.62 - - [01/Mar/2026:14:01:58 +0000] "GET /shop/pg/1497725 HTTP/2.0" 200 25295 "https://www.elementalmill.com.lab2454.com/shop/pg/16201281266" "Mozilla/5.0 AppleWebKit/537.36 (KHTML, like Gecko; compatible; GPTBot/1.3; +https://openai.com/gptbot)"
176.65.132.19 - - [01/Mar/2026:14:01:58 +0000] "GET /wp-admin/ HTTP/1.1" 302 20 "https://elementalmill.com/wp-login.php" "Mozilla/5.0 (Macintosh; Intel Mac OS X 13_6_1; rv:119.0) Gecko/20100101 Firefox/119.0"
144.76.32.114 - - [01/Mar/2026:14:02:02 +0000] "GET /shopping/products/1619597876 HTTP/1.1" 200 25290 "-" "Mozilla/5.0 (compatible; SERankingBacklinksBot/1.0; +https://seranking.com/backlinks-crawler)"
34.194.233.48 - - [01/Mar/2026:14:02:02 +0000] "GET /?shopping/products/16201217846 HTTP/1.1" 200 25323 "-" "Mozilla/5.0 AppleWebKit/537.36 (KHTML, like Gecko; compatible; Amazonbot/0.1; +https://developer.amazon.com/support/amazonbot) Chrome/119.0.6045.214 Safari/537.36"
176.65.132.19 - - [01/Mar/2026:14:02:02 +0000] "GET /wp-admin/ HTTP/1.1" 302 20 "https://elementalmill.com/wp-login.php" "Mozilla/5.0 (Macintosh; Intel Mac OS X 13_6_1; rv:119.0) Gecko/20100101 Firefox/119.0"
144.76.32.114 - - [01/Mar/2026:14:02:06 +0000] "GET /shopping/products/1618327179 HTTP/1.1" 200 24495 "-" "Mozilla/5.0 (compatible; SERankingBacklinksBot/1.0; +https://seranking.com/backlinks-crawler)"
44.209.35.147 - - [01/Mar/2026:14:02:07 +0000] "GET /shop/pg/1443001 HTTP/1.1" 200 24960 "-" "Mozilla/5.0 AppleWebKit/537.36 (KHTML, like Gecko; compatible; Amazonbot/0.1; +https://developer.amazon.com/support/amazonbot) Chrome/119.0.6045.214 Safari/537.36"
176.65.132.19 - - [01/Mar/2026:14:02:05 +0000] "GET /wp-admin/ HTTP/1.1" 302 20 "https://elementalmill.com/wp-login.php" "Mozilla/5.0 (Macintosh; Intel Mac OS X 13_6_1; rv:119.0) Gecko/20100101 Firefox/119.0"
144.76.32.114 - - [01/Mar/2026:14:02:10 +0000] "GET /shopping/products/1619597924 HTTP/1.1" 200 24444 "-" "Mozilla/5.0 (compatible; SERankingBacklinksBot/1.0; +https://seranking.com/backlinks-crawler)"
176.65.132.19 - - [01/Mar/2026:14:02:09 +0000] "GET /wp-admin/ HTTP/1.1" 302 20 "https://elementalmill.com/wp-login.php" "Mozilla/5.0 (Macintosh; Intel Mac OS X 13_6_1; rv:119.0) Gecko/20100101 Firefox/119.0"
18.210.58.238 - - [01/Mar/2026:14:02:13 +0000] "GET /shop/pg/319517 HTTP/1.1" 200 24235 "-" "Mozilla/5.0 AppleWebKit/537.36 (KHTML, like Gecko; compatible; Amazonbot/0.1; +https://developer.amazon.com/support/amazonbot) Chrome/119.0.6045.214 Safari/537.36"
139.162.194.112 - - [01/Mar/2026:14:02:11 +0000] "POST /wp-cron.php?doing_wp_cron=1772373731.7649359703063964843750 HTTP/1.1" 404 13178 "-" "WordPress/6.9.1; https://elementalmill.com"
144.76.32.114 - - [01/Mar/2026:14:02:15 +0000] "GET /shopping/products/1618327228 HTTP/1.1" 200 24507 "-" "Mozilla/5.0 (compatible; SERankingBacklinksBot/1.0; +https://seranking.com/backlinks-crawler)"
176.65.132.19 - - [01/Mar/2026:14:02:13 +0000] "GET /wp-admin/ HTTP/1.1" 302 20 "https://elementalmill.com/wp-login.php" "Mozilla/5.0 (Macintosh; Intel Mac OS X 13_6_1; rv:119.0) Gecko/20100101 Firefox/119.0"
52.0.63.151 - - [01/Mar/2026:14:02:16 +0000] "GET /shop/pg/15604 HTTP/1.1" 200 24222 "-" "Mozilla/5.0 AppleWebKit/537.36 (KHTML, like Gecko; compatible; Amazonbot/0.1; +https://developer.amazon.com/support/amazonbot) Chrome/119.0.6045.214 Safari/537.36"
74.7.242.62 - - [01/Mar/2026:14:02:16 +0000] "GET /shop/pg/16201316356 HTTP/2.0" 200 24494 "https://www.elementalmill.com.lab2454.com/shop/pg/1310972" "Mozilla/5.0 AppleWebKit/537.36 (KHTML, like Gecko; compatible; GPTBot/1.3; +https://openai.com/gptbot)"
176.65.132.19 - - [01/Mar/2026:14:02:17 +0000] "GET /wp-admin/ HTTP/1.1" 302 20 "https://elementalmill.com/wp-login.php" "Mozilla/5.0 (Macintosh; Intel Mac OS X 13_6_1; rv:119.0) Gecko/20100101 Firefox/119.0"
144.76.32.114 - - [01/Mar/2026:14:02:19 +0000] "GET /shopping/products/1619597961 HTTP/1.1" 200 24370 "-" "Mozilla/5.0 (compatible; SERankingBacklinksBot/1.0; +https://seranking.com/backlinks-crawler)"
35.172.125.172 - - [01/Mar/2026:14:02:19 +0000] "GET /shop/pg/500257 HTTP/1.1" 200 24929 "-" "Mozilla/5.0 AppleWebKit/537.36 (KHTML, like Gecko; compatible; Amazonbot/0.1; +https://developer.amazon.com/support/amazonbot) Chrome/119.0.6045.214 Safari/537.36"
176.65.132.19 - - [01/Mar/2026:14:02:19 +0000] "GET /wp-admin/ HTTP/1.1" 302 20 "https://elementalmill.com/wp-login.php" "Mozilla/5.0 (Macintosh; Intel Mac OS X 13_6_1; rv:119.0) Gecko/20100101 Firefox/119.0"
144.76.32.114 - - [01/Mar/2026:14:02:23 +0000] "GET /shopping/products/1618327253 HTTP/1.1" 200 24569 "-" "Mozilla/5.0 (compatible; SERankingBacklinksBot/1.0; +https://seranking.com/backlinks-crawler)"
52.45.15.233 - - [01/Mar/2026:14:02:24 +0000] "GET /shop/pg/16201317488 HTTP/1.1" 200 24554 "-" "Mozilla/5.0 AppleWebKit/537.36 (KHTML, like Gecko; compatible; Amazonbot/0.1; +https://developer.amazon.com/support/amazonbot) Chrome/119.0.6045.214 Safari/537.36"
176.65.132.19 - - [01/Mar/2026:14:02:23 +0000] "GET /wp-admin/profile.php HTTP/1.1" 404 12378 "https://elementalmill.com/wp-login.php" "Mozilla/5.0 (Macintosh; Intel Mac OS X 13_6_1; rv:119.0) Gecko/20100101 Firefox/119.0"
34.225.87.80 - - [01/Mar/2026:14:02:27 +0000] "GET /shop/pg/688197 HTTP/1.1" 200 24424 "-" "Mozilla/5.0 AppleWebKit/537.36 (KHTML, like Gecko; compatible; Amazonbot/0.1; +https://developer.amazon.com/support/amazonbot) Chrome/119.0.6045.214 Safari/537.36"
144.76.32.114 - - [01/Mar/2026:14:02:28 +0000] "GET /shopping/products/1619597963 HTTP/1.1" 200 24702 "-" "Mozilla/5.0 (compatible; SERankingBacklinksBot/1.0; +https://seranking.com/backlinks-crawler)"
176.65.132.19 - - [01/Mar/2026:14:02:27 +0000] "GET /wp-admin/edit.php HTTP/1.1" 404 12378 "https://elementalmill.com/wp-login.php" "Mozilla/5.0 (Macintosh; Intel Mac OS X 13_6_1; rv:119.0) Gecko/20100101 Firefox/119.0"
52.1.157.90 - - [01/Mar/2026:14:02:31 +0000] "GET /shop/pg/1312399 HTTP/1.1" 200 24687 "-" "Mozilla/5.0 AppleWebKit/537.36 (KHTML, like Gecko; compatible; Amazonbot/0.1; +https://developer.amazon.com/support/amazonbot) Chrome/119.0.6045.214 Safari/537.36"
176.65.132.19 - - [01/Mar/2026:14:02:30 +0000] "GET /wp-admin/plugins.php HTTP/1.1" 404 12378 "https://elementalmill.com/wp-login.php" "Mozilla/5.0 (Macintosh; Intel Mac OS X 13_6_1; rv:119.0) Gecko/20100101 Firefox/119.0"
144.76.32.114 - - [01/Mar/2026:14:02:32 +0000] "GET /shopping/products/1618327281 HTTP/1.1" 200 24572 "-" "Mozilla/5.0 (compatible; SERankingBacklinksBot/1.0; +https://seranking.com/backlinks-crawler)"
176.65.132.19 - - [01/Mar/2026:14:02:34 +0000] "POST /wp-login.php HTTP/1.1" 200 2933 "https://elementalmill.com/wp-login.php" "Mozilla/5.0 (Macintosh; Intel Mac OS X 10_15_7) AppleWebKit/605.1.15 (KHTML, like Gecko) Version/17.0 Safari/605.1.15"
54.225.199.17 - - [01/Mar/2026:14:02:35 +0000] "GET /?category/16181001036 HTTP/1.1" 200 25980 "-" "Mozilla/5.0 AppleWebKit/537.36 (KHTML, like Gecko; compatible; Amazonbot/0.1; +https://developer.amazon.com/support/amazonbot) Chrome/119.0.6045.214 Safari/537.36"
144.76.32.114 - - [01/Mar/2026:14:02:36 +0000] "GET /shopping/products/1619597994 HTTP/1.1" 200 24315 "-" "Mozilla/5.0 (compatible; SERankingBacklinksBot/1.0; +https://seranking.com/backlinks-crawler)"
52.202.52.82 - - [01/Mar/2026:14:02:37 +0000] "GET /shop/pg/5926 HTTP/1.1" 200 24825 "-" "Mozilla/5.0 AppleWebKit/537.36 (KHTML, like Gecko; compatible; Amazonbot/0.1; +https://developer.amazon.com/support/amazonbot) Chrome/119.0.6045.214 Safari/537.36"
176.65.132.19 - - [01/Mar/2026:14:02:37 +0000] "GET /wp-admin/index.php HTTP/1.1" 301 20 "https://elementalmill.com/wp-login.php" "Mozilla/5.0 (X11; Ubuntu; Linux x86_64) AppleWebKit/537.36 (KHTML, like Gecko) Chrome/121.0.0.0 Safari/537.36"
144.76.32.114 - - [01/Mar/2026:14:02:41 +0000] "GET /shopping/products/1618327307 HTTP/1.1" 200 24459 "-" "Mozilla/5.0 (compatible; SERankingBacklinksBot/1.0; +https://seranking.com/backlinks-crawler)"
176.65.132.19 - - [01/Mar/2026:14:02:40 +0000] "GET /wp-admin/ HTTP/1.1" 302 20 "https://elementalmill.com/wp-login.php" "Mozilla/5.0 (X11; Ubuntu; Linux x86_64) AppleWebKit/537.36 (KHTML, like Gecko) Chrome/121.0.0.0 Safari/537.36"
54.84.250.51 - - [01/Mar/2026:14:02:42 +0000] "GET /shop/pg/834130 HTTP/1.1" 200 24181 "-" "Mozilla/5.0 AppleWebKit/537.36 (KHTML, like Gecko; compatible; Amazonbot/0.1; +https://developer.amazon.com/support/amazonbot) Chrome/119.0.6045.214 Safari/537.36"
74.7.242.62 - - [01/Mar/2026:14:02:44 +0000] "GET /shop/pg/16211909339 HTTP/2.0" 200 24813 "https://www.elementalmill.com.lab2454.com/shop/pg/1903937" "Mozilla/5.0 AppleWebKit/537.36 (KHTML, like Gecko; compatible; GPTBot/1.3; +https://openai.com/gptbot)"
176.65.132.19 - - [01/Mar/2026:14:02:43 +0000] "GET /wp-admin/ HTTP/1.1" 302 20 "https://elementalmill.com/wp-login.php" "Mozilla/5.0 (X11; Ubuntu; Linux x86_64) AppleWebKit/537.36 (KHTML, like Gecko) Chrome/121.0.0.0 Safari/537.36"
144.76.32.114 - - [01/Mar/2026:14:02:45 +0000] "GET /shopping/products/1619598053 HTTP/1.1" 200 24556 "-" "Mozilla/5.0 (compatible; SERankingBacklinksBot/1.0; +https://seranking.com/backlinks-crawler)"
74.7.227.51 - - [01/Mar/2026:14:02:45 +0000] "GET /shop/pg/161894411 HTTP/2.0" 200 24797 "https://elementalmill.com/shopping/products/161890295" "Mozilla/5.0 AppleWebKit/537.36 (KHTML, like Gecko; compatible; GPTBot/1.3; +https://openai.com/gptbot)"
87.250.224.31 - - [01/Mar/2026:14:02:46 +0000] "GET /shopping/products/162027536771 HTTP/1.1" 200 24925 "-" "Mozilla/5.0 (compatible; YandexBot/3.0; +http://yandex.com/bots)"
54.210.152.179 - - [01/Mar/2026:14:02:46 +0000] "GET /shop/pg/552258 HTTP/1.1" 200 24576 "-" "Mozilla/5.0 AppleWebKit/537.36 (KHTML, like Gecko; compatible; Amazonbot/0.1; +https://developer.amazon.com/support/amazonbot) Chrome/119.0.6045.214 Safari/537.36"
176.65.132.19 - - [01/Mar/2026:14:02:47 +0000] "GET /wp-admin/ HTTP/1.1" 302 20 "https://elementalmill.com/wp-login.php" "Mozilla/5.0 (X11; Ubuntu; Linux x86_64) AppleWebKit/537.36 (KHTML, like Gecko) Chrome/121.0.0.0 Safari/537.36"
144.76.32.114 - - [01/Mar/2026:14:02:49 +0000] "GET /shopping/products/1618327415 HTTP/1.1" 200 24574 "-" "Mozilla/5.0 (compatible; SERankingBacklinksBot/1.0; +https://seranking.com/backlinks-crawler)"
95.108.213.181 - - [01/Mar/2026:14:02:50 +0000] "GET /shopping/products/16193264052 HTTP/1.1" 200 24528 "-" "Mozilla/5.0 (compatible; YandexBot/3.0; +http://yandex.com/bots)"
44.223.232.55 - - [01/Mar/2026:14:02:51 +0000] "GET /shop/pg/450369 HTTP/1.1" 200 24561 "-" "Mozilla/5.0 AppleWebKit/537.36 (KHTML, like Gecko; compatible; Amazonbot/0.1; +https://developer.amazon.com/support/amazonbot) Chrome/119.0.6045.214 Safari/537.36"
176.65.132.19 - - [01/Mar/2026:14:02:50 +0000] "GET /wp-admin/ HTTP/1.1" 302 20 "https://elementalmill.com/wp-login.php" "Mozilla/5.0 (X11; Ubuntu; Linux x86_64) AppleWebKit/537.36 (KHTML, like Gecko) Chrome/121.0.0.0 Safari/537.36"
144.76.32.114 - - [01/Mar/2026:14:02:53 +0000] "GET /shopping/products/1619598089 HTTP/1.1" 200 24477 "-" "Mozilla/5.0 (compatible; SERankingBacklinksBot/1.0; +https://seranking.com/backlinks-crawler)"
176.65.132.19 - - [01/Mar/2026:14:02:54 +0000] "GET /wp-admin/ HTTP/1.1" 302 20 "https://elementalmill.com/wp-login.php" "Mozilla/5.0 (X11; Ubuntu; Linux x86_64) AppleWebKit/537.36 (KHTML, like Gecko) Chrome/121.0.0.0 Safari/537.36"
52.73.142.41 - - [01/Mar/2026:14:02:56 +0000] "GET /shop/pg/311538 HTTP/1.1" 200 24458 "-" "Mozilla/5.0 AppleWebKit/537.36 (KHTML, like Gecko; compatible; Amazonbot/0.1; +https://developer.amazon.com/support/amazonbot) Chrome/119.0.6045.214 Safari/537.36"
144.76.32.114 - - [01/Mar/2026:14:02:58 +0000] "GET /shopping/products/1618327449 HTTP/1.1" 200 24310 "-" "Mozilla/5.0 (compatible; SERankingBacklinksBot/1.0; +https://seranking.com/backlinks-crawler)"
3.225.9.97 - - [01/Mar/2026:14:02:58 +0000] "GET /shop/pg/365344 HTTP/1.1" 200 24553 "-" "Mozilla/5.0 AppleWebKit/537.36 (KHTML, like Gecko; compatible; Amazonbot/0.1; +https://developer.amazon.com/support/amazonbot) Chrome/119.0.6045.214 Safari/537.36"
176.65.132.19 - - [01/Mar/2026:14:02:57 +0000] "GET /wp-admin/ HTTP/1.1" 302 20 "https://elementalmill.com/wp-login.php" "Mozilla/5.0 (X11; Ubuntu; Linux x86_64) AppleWebKit/537.36 (KHTML, like Gecko) Chrome/121.0.0.0 Safari/537.36"
176.65.132.19 - - [01/Mar/2026:14:03:00 +0000] "GET /wp-admin/ HTTP/1.1" 302 20 "https://elementalmill.com/wp-login.php" "Mozilla/5.0 (X11; Ubuntu; Linux x86_64) AppleWebKit/537.36 (KHTML, like Gecko) Chrome/121.0.0.0 Safari/537.36"
144.76.32.114 - - [01/Mar/2026:14:03:02 +0000] "GET /shopping/products/1619598211 HTTP/1.1" 200 24769 "-" "Mozilla/5.0 (compatible; SERankingBacklinksBot/1.0; +https://seranking.com/backlinks-crawler)"
3.213.213.161 - - [01/Mar/2026:14:03:03 +0000] "GET /shop/pg/381004 HTTP/1.1" 200 25672 "-" "Mozilla/5.0 AppleWebKit/537.36 (KHTML, like Gecko; compatible; Amazonbot/0.1; +https://developer.amazon.com/support/amazonbot) Chrome/119.0.6045.214 Safari/537.36"
176.65.132.19 - - [01/Mar/2026:14:03:04 +0000] "GET /wp-admin/ HTTP/1.1" 302 20 "https://elementalmill.com/wp-login.php" "Mozilla/5.0 (X11; Ubuntu; Linux x86_64) AppleWebKit/537.36 (KHTML, like Gecko) Chrome/121.0.0.0 Safari/537.36"
144.76.32.114 - - [01/Mar/2026:14:03:06 +0000] "GET /shopping/products/1618327479 HTTP/1.1" 200 24610 "-" "Mozilla/5.0 (compatible; SERankingBacklinksBot/1.0; +https://seranking.com/backlinks-crawler)"
3.221.244.28 - - [01/Mar/2026:14:03:07 +0000] "GET /shop/pg/58394 HTTP/1.1" 200 25037 "-" "Mozilla/5.0 AppleWebKit/537.36 (KHTML, like Gecko; compatible; Amazonbot/0.1; +https://developer.amazon.com/support/amazonbot) Chrome/119.0.6045.214 Safari/537.36"
176.65.132.19 - - [01/Mar/2026:14:03:07 +0000] "GET /wp-admin/ HTTP/1.1" 302 20 "https://elementalmill.com/wp-login.php" "Mozilla/5.0 (X11; Ubuntu; Linux x86_64) AppleWebKit/537.36 (KHTML, like Gecko) Chrome/121.0.0.0 Safari/537.36"
144.76.32.114 - - [01/Mar/2026:14:03:10 +0000] "GET /shopping/products/1619598238 HTTP/1.1" 200 24400 "-" "Mozilla/5.0 (compatible; SERankingBacklinksBot/1.0; +https://seranking.com/backlinks-crawler)"
35.174.141.243 - - [01/Mar/2026:14:03:12 +0000] "GET /shop/pg/119061 HTTP/1.1" 200 24365 "-" "Mozilla/5.0 AppleWebKit/537.36 (KHTML, like Gecko; compatible; Amazonbot/0.1; +https://developer.amazon.com/support/amazonbot) Chrome/119.0.6045.214 Safari/537.36"
176.65.132.19 - - [01/Mar/2026:14:03:10 +0000] "GET /wp-admin/ HTTP/1.1" 302 20 "https://elementalmill.com/wp-login.php" "Mozilla/5.0 (X11; Ubuntu; Linux x86_64) AppleWebKit/537.36 (KHTML, like Gecko) Chrome/121.0.0.0 Safari/537.36"
144.76.32.114 - - [01/Mar/2026:14:03:14 +0000] "GET /shopping/products/1618327530 HTTP/1.1" 200 24721 "-" "Mozilla/5.0 (compatible; SERankingBacklinksBot/1.0; +https://seranking.com/backlinks-crawler)"
139.162.194.112 - - [01/Mar/2026:14:03:13 +0000] "POST /wp-cron.php?doing_wp_cron=1772373793.4552819728851318359375 HTTP/1.1" 404 13168 "-" "WordPress/6.9.1; https://elementalmill.com"
18.213.240.226 - - [01/Mar/2026:14:03:15 +0000] "GET /shop/pg/515212 HTTP/1.1" 200 24384 "-" "Mozilla/5.0 AppleWebKit/537.36 (KHTML, like Gecko; compatible; Amazonbot/0.1; +https://developer.amazon.com/support/amazonbot) Chrome/119.0.6045.214 Safari/537.36"
176.65.132.19 - - [01/Mar/2026:14:03:15 +0000] "GET /wp-admin/ HTTP/1.1" 302 20 "https://elementalmill.com/wp-login.php" "Mozilla/5.0 (X11; Ubuntu; Linux x86_64) AppleWebKit/537.36 (KHTML, like Gecko) Chrome/121.0.0.0 Safari/537.36"
74.7.242.62 - - [01/Mar/2026:14:03:16 +0000] "GET /shop/pg/16201468745 HTTP/2.0" 200 24515 "https://www.elementalmill.com.lab2454.com/shop/pg/16201247851" "Mozilla/5.0 AppleWebKit/537.36 (KHTML, like Gecko; compatible; GPTBot/1.3; +https://openai.com/gptbot)"
144.76.32.114 - - [01/Mar/2026:14:03:18 +0000] "GET /shopping/products/1619598342 HTTP/1.1" 200 24977 "-" "Mozilla/5.0 (compatible; SERankingBacklinksBot/1.0; +https://seranking.com/backlinks-crawler)"
176.65.132.19 - - [01/Mar/2026:14:03:18 +0000] "GET /wp-admin/ HTTP/1.1" 302 20 "https://elementalmill.com/wp-login.php" "Mozilla/5.0 (X11; Ubuntu; Linux x86_64) AppleWebKit/537.36 (KHTML, like Gecko) Chrome/121.0.0.0 Safari/537.36"
3.210.114.189 - - [01/Mar/2026:14:03:19 +0000] "GET /shop/pg/1338483 HTTP/1.1" 200 24543 "-" "Mozilla/5.0 AppleWebKit/537.36 (KHTML, like Gecko; compatible; Amazonbot/0.1; +https://developer.amazon.com/support/amazonbot) Chrome/119.0.6045.214 Safari/537.36"
144.76.32.114 - - [01/Mar/2026:14:03:22 +0000] "GET /shopping/products/1618327535 HTTP/1.1" 200 25362 "-" "Mozilla/5.0 (compatible; SERankingBacklinksBot/1.0; +https://seranking.com/backlinks-crawler)"
176.65.132.19 - - [01/Mar/2026:14:03:21 +0000] "GET /wp-admin/ HTTP/1.1" 302 20 "https://elementalmill.com/wp-login.php" "Mozilla/5.0 (X11; Ubuntu; Linux x86_64) AppleWebKit/537.36 (KHTML, like Gecko) Chrome/121.0.0.0 Safari/537.36"
3.221.244.28 - - [01/Mar/2026:14:03:23 +0000] "GET /shop/pg/1850067 HTTP/1.1" 200 25362 "-" "Mozilla/5.0 AppleWebKit/537.36 (KHTML, like Gecko; compatible; Amazonbot/0.1; +https://developer.amazon.com/support/amazonbot) Chrome/119.0.6045.214 Safari/537.36"
176.65.132.19 - - [01/Mar/2026:14:03:24 +0000] "GET /wp-admin/ HTTP/1.1" 302 20 "https://elementalmill.com/wp-login.php" "Mozilla/5.0 (X11; Ubuntu; Linux x86_64) AppleWebKit/537.36 (KHTML, like Gecko) Chrome/121.0.0.0 Safari/537.36"
144.76.32.114 - - [01/Mar/2026:14:03:26 +0000] "GET /shopping/products/1619598359 HTTP/1.1" 200 24311 "-" "Mozilla/5.0 (compatible; SERankingBacklinksBot/1.0; +https://seranking.com/backlinks-crawler)"
23.21.228.180 - - [01/Mar/2026:14:03:27 +0000] "GET /shop/pg/366652 HTTP/1.1" 200 24222 "-" "Mozilla/5.0 AppleWebKit/537.36 (KHTML, like Gecko; compatible; Amazonbot/0.1; +https://developer.amazon.com/support/amazonbot) Chrome/119.0.6045.214 Safari/537.36"
176.65.132.19 - - [01/Mar/2026:14:03:27 +0000] "GET /wp-admin/ HTTP/1.1" 302 20 "https://elementalmill.com/wp-login.php" "Mozilla/5.0 (X11; Ubuntu; Linux x86_64) AppleWebKit/537.36 (KHTML, like Gecko) Chrome/121.0.0.0 Safari/537.36"
144.76.32.114 - - [01/Mar/2026:14:03:30 +0000] "GET /shopping/products/1618327548 HTTP/1.1" 200 24336 "-" "Mozilla/5.0 (compatible; SERankingBacklinksBot/1.0; +https://seranking.com/backlinks-crawler)"
176.65.132.19 - - [01/Mar/2026:14:03:30 +0000] "GET /wp-admin/ HTTP/1.1" 302 20 "https://elementalmill.com/wp-login.php" "Mozilla/5.0 (X11; Ubuntu; Linux x86_64) AppleWebKit/537.36 (KHTML, like Gecko) Chrome/121.0.0.0 Safari/537.36"
3.219.80.71 - - [01/Mar/2026:14:03:32 +0000] "GET /?shopping/products/1619720704 HTTP/1.1" 200 24812 "-" "Mozilla/5.0 AppleWebKit/537.36 (KHTML, like Gecko; compatible; Amazonbot/0.1; +https://developer.amazon.com/support/amazonbot) Chrome/119.0.6045.214 Safari/537.36"
3.94.156.104 - - [01/Mar/2026:14:03:34 +0000] "GET /shop/pg/16222023740 HTTP/1.1" 200 25290 "-" "Mozilla/5.0 AppleWebKit/537.36 (KHTML, like Gecko; compatible; Amazonbot/0.1; +https://developer.amazon.com/support/amazonbot) Chrome/119.0.6045.214 Safari/537.36"
144.76.32.114 - - [01/Mar/2026:14:03:35 +0000] "GET /shopping/products/1619598362 HTTP/1.1" 200 24213 "-" "Mozilla/5.0 (compatible; SERankingBacklinksBot/1.0; +https://seranking.com/backlinks-crawler)"
176.65.132.19 - - [01/Mar/2026:14:03:34 +0000] "GET /wp-admin/ HTTP/1.1" 302 20 "https://elementalmill.com/wp-login.php" "Mozilla/5.0 (X11; Ubuntu; Linux x86_64) AppleWebKit/537.36 (KHTML, like Gecko) Chrome/121.0.0.0 Safari/537.36"
176.65.132.19 - - [01/Mar/2026:14:03:37 +0000] "GET /wp-admin/ HTTP/1.1" 302 20 "https://elementalmill.com/wp-login.php" "Mozilla/5.0 (X11; Ubuntu; Linux x86_64) AppleWebKit/537.36 (KHTML, like Gecko) Chrome/121.0.0.0 Safari/537.36"
144.76.32.114 - - [01/Mar/2026:14:03:39 +0000] "GET /shopping/products/1618327569 HTTP/1.1" 200 24715 "-" "Mozilla/5.0 (compatible; SERankingBacklinksBot/1.0; +https://seranking.com/backlinks-crawler)"
176.65.132.19 - - [01/Mar/2026:14:03:40 +0000] "GET /wp-admin/ HTTP/1.1" 302 20 "https://elementalmill.com/wp-login.php" "Mozilla/5.0 (X11; Ubuntu; Linux x86_64) AppleWebKit/537.36 (KHTML, like Gecko) Chrome/121.0.0.0 Safari/537.36"
34.235.239.240 - - [01/Mar/2026:14:03:42 +0000] "GET /shop/pg/1340700 HTTP/1.1" 200 24640 "-" "Mozilla/5.0 AppleWebKit/537.36 (KHTML, like Gecko; compatible; Amazonbot/0.1; +https://developer.amazon.com/support/amazonbot) Chrome/119.0.6045.214 Safari/537.36"
52.3.26.180 - - [01/Mar/2026:14:03:43 +0000] "GET /shop/pg/886583 HTTP/1.1" 200 24314 "-" "Mozilla/5.0 AppleWebKit/537.36 (KHTML, like Gecko; compatible; Amazonbot/0.1; +https://developer.amazon.com/support/amazonbot) Chrome/119.0.6045.214 Safari/537.36"
144.76.32.114 - - [01/Mar/2026:14:03:43 +0000] "GET /shopping/products/1619598394 HTTP/1.1" 200 24734 "-" "Mozilla/5.0 (compatible; SERankingBacklinksBot/1.0; +https://seranking.com/backlinks-crawler)"
176.65.132.19 - - [01/Mar/2026:14:03:43 +0000] "GET /wp-admin/ HTTP/1.1" 302 20 "https://elementalmill.com/wp-login.php" "Mozilla/5.0 (X11; Ubuntu; Linux x86_64) AppleWebKit/537.36 (KHTML, like Gecko) Chrome/121.0.0.0 Safari/537.36"
144.76.32.114 - - [01/Mar/2026:14:03:47 +0000] "GET /shopping/products/1618327582 HTTP/1.1" 200 25747 "-" "Mozilla/5.0 (compatible; SERankingBacklinksBot/1.0; +https://seranking.com/backlinks-crawler)"
74.7.242.62 - - [01/Mar/2026:14:03:47 +0000] "GET /shop/pg/1464312 HTTP/2.0" 200 24431 "https://www.elementalmill.com.lab2454.com/shop/pg/16201247851" "Mozilla/5.0 AppleWebKit/537.36 (KHTML, like Gecko; compatible; GPTBot/1.3; +https://openai.com/gptbot)"
176.65.132.19 - - [01/Mar/2026:14:03:46 +0000] "GET /wp-admin/ HTTP/1.1" 302 20 "https://elementalmill.com/wp-login.php" "Mozilla/5.0 (X11; Ubuntu; Linux x86_64) AppleWebKit/537.36 (KHTML, like Gecko) Chrome/121.0.0.0 Safari/537.36"
50.16.72.185 - - [01/Mar/2026:14:03:49 +0000] "GET /shop/pg/483555 HTTP/1.1" 200 24635 "-" "Mozilla/5.0 AppleWebKit/537.36 (KHTML, like Gecko; compatible; Amazonbot/0.1; +https://developer.amazon.com/support/amazonbot) Chrome/119.0.6045.214 Safari/537.36"
34.205.163.103 - - [01/Mar/2026:14:03:50 +0000] "GET /?shopping/products/16201288973 HTTP/1.1" 200 24673 "-" "Mozilla/5.0 AppleWebKit/537.36 (KHTML, like Gecko; compatible; Amazonbot/0.1; +https://developer.amazon.com/support/amazonbot) Chrome/119.0.6045.214 Safari/537.36"
144.76.32.114 - - [01/Mar/2026:14:03:51 +0000] "GET /shopping/products/1619598452 HTTP/1.1" 200 24621 "-" "Mozilla/5.0 (compatible; SERankingBacklinksBot/1.0; +https://seranking.com/backlinks-crawler)"
176.65.132.19 - - [01/Mar/2026:14:03:50 +0000] "GET /wp-admin/ HTTP/1.1" 302 20 "https://elementalmill.com/wp-login.php" "Mozilla/5.0 (X11; Ubuntu; Linux x86_64) AppleWebKit/537.36 (KHTML, like Gecko) Chrome/121.0.0.0 Safari/537.36"
74.7.227.51 - - [01/Mar/2026:14:03:53 +0000] "GET /shop/pg/161859514 HTTP/2.0" 200 24552 "https://elementalmill.com/shop/pg/55650" "Mozilla/5.0 AppleWebKit/537.36 (KHTML, like Gecko; compatible; GPTBot/1.3; +https://openai.com/gptbot)"
176.65.132.19 - - [01/Mar/2026:14:03:53 +0000] "GET /wp-admin/ HTTP/1.1" 302 20 "https://elementalmill.com/wp-login.php" "Mozilla/5.0 (X11; Ubuntu; Linux x86_64) AppleWebKit/537.36 (KHTML, like Gecko) Chrome/121.0.0.0 Safari/537.36"
144.76.32.114 - - [01/Mar/2026:14:03:55 +0000] "GET /shopping/products/1618327605 HTTP/1.1" 200 24447 "-" "Mozilla/5.0 (compatible; SERankingBacklinksBot/1.0; +https://seranking.com/backlinks-crawler)"
3.212.205.90 - - [01/Mar/2026:14:03:56 +0000] "GET /shop/pg/407860 HTTP/1.1" 200 24427 "-" "Mozilla/5.0 AppleWebKit/537.36 (KHTML, like Gecko; compatible; Amazonbot/0.1; +https://developer.amazon.com/support/amazonbot) Chrome/119.0.6045.214 Safari/537.36"
176.65.132.19 - - [01/Mar/2026:14:03:56 +0000] "GET /wp-admin/ HTTP/1.1" 302 20 "https://elementalmill.com/wp-login.php" "Mozilla/5.0 (X11; Ubuntu; Linux x86_64) AppleWebKit/537.36 (KHTML, like Gecko) Chrome/121.0.0.0 Safari/537.36"
144.76.32.114 - - [01/Mar/2026:14:03:59 +0000] "GET /shopping/products/1619598454 HTTP/1.1" 200 24483 "-" "Mozilla/5.0 (compatible; SERankingBacklinksBot/1.0; +https://seranking.com/backlinks-crawler)"
50.16.72.185 - - [01/Mar/2026:14:03:59 +0000] "GET /shop/pg/1618484187 HTTP/1.1" 200 24452 "-" "Mozilla/5.0 AppleWebKit/537.36 (KHTML, like Gecko; compatible; Amazonbot/0.1; +https://developer.amazon.com/support/amazonbot) Chrome/119.0.6045.214 Safari/537.36"
176.65.132.19 - - [01/Mar/2026:14:03:59 +0000] "GET /wp-admin/ HTTP/1.1" 302 20 "https://elementalmill.com/wp-login.php" "Mozilla/5.0 (X11; Ubuntu; Linux x86_64) AppleWebKit/537.36 (KHTML, like Gecko) Chrome/121.0.0.0 Safari/537.36"
144.76.32.114 - - [01/Mar/2026:14:04:03 +0000] "GET /shopping/products/1618327642 HTTP/1.1" 200 24352 "-" "Mozilla/5.0 (compatible; SERankingBacklinksBot/1.0; +https://seranking.com/backlinks-crawler)"
98.84.200.43 - - [01/Mar/2026:14:04:04 +0000] "GET /shop/pg/2545454 HTTP/1.1" 200 24976 "-" "Mozilla/5.0 AppleWebKit/537.36 (KHTML, like Gecko; compatible; Amazonbot/0.1; +https://developer.amazon.com/support/amazonbot) Chrome/119.0.6045.214 Safari/537.36"
176.65.132.19 - - [01/Mar/2026:14:04:04 +0000] "GET /wp-admin/ HTTP/1.1" 302 20 "https://elementalmill.com/wp-login.php" "Mozilla/5.0 (X11; Ubuntu; Linux x86_64) AppleWebKit/537.36 (KHTML, like Gecko) Chrome/121.0.0.0 Safari/537.36"
144.76.32.114 - - [01/Mar/2026:14:04:07 +0000] "GET /shopping/products/1619598505 HTTP/1.1" 200 24432 "-" "Mozilla/5.0 (compatible; SERankingBacklinksBot/1.0; +https://seranking.com/backlinks-crawler)"
52.200.58.199 - - [01/Mar/2026:14:04:08 +0000] "GET /?shopping/products/16201430080 HTTP/1.1" 200 25743 "-" "Mozilla/5.0 AppleWebKit/537.36 (KHTML, like Gecko; compatible; Amazonbot/0.1; +https://developer.amazon.com/support/amazonbot) Chrome/119.0.6045.214 Safari/537.36"
176.65.132.19 - - [01/Mar/2026:14:04:07 +0000] "GET /wp-admin/ HTTP/1.1" 302 20 "https://elementalmill.com/wp-login.php" "Mozilla/5.0 (X11; Ubuntu; Linux x86_64) AppleWebKit/537.36 (KHTML, like Gecko) Chrome/121.0.0.0 Safari/537.36"
144.76.32.114 - - [01/Mar/2026:14:04:11 +0000] "GET /shopping/products/1618327755 HTTP/1.1" 200 24530 "-" "Mozilla/5.0 (compatible; SERankingBacklinksBot/1.0; +https://seranking.com/backlinks-crawler)"
176.65.132.19 - - [01/Mar/2026:14:04:10 +0000] "GET /wp-admin/ HTTP/1.1" 302 20 "https://elementalmill.com/wp-login.php" "Mozilla/5.0 (X11; Ubuntu; Linux x86_64) AppleWebKit/537.36 (KHTML, like Gecko) Chrome/121.0.0.0 Safari/537.36"
44.212.232.231 - - [01/Mar/2026:14:04:12 +0000] "GET /shop/pg/1503404 HTTP/1.1" 200 25322 "-" "Mozilla/5.0 AppleWebKit/537.36 (KHTML, like Gecko; compatible; Amazonbot/0.1; +https://developer.amazon.com/support/amazonbot) Chrome/119.0.6045.214 Safari/537.36"
52.71.216.196 - - [01/Mar/2026:14:04:15 +0000] "GET /?category/16191001226 HTTP/1.1" 200 26989 "-" "Mozilla/5.0 AppleWebKit/537.36 (KHTML, like Gecko; compatible; Amazonbot/0.1; +https://developer.amazon.com/support/amazonbot) Chrome/119.0.6045.214 Safari/537.36"
144.76.32.114 - - [01/Mar/2026:14:04:16 +0000] "GET /shopping/products/1619598548 HTTP/1.1" 200 24550 "-" "Mozilla/5.0 (compatible; SERankingBacklinksBot/1.0; +https://seranking.com/backlinks-crawler)"
176.65.132.19 - - [01/Mar/2026:14:04:13 +0000] "GET /wp-admin/ HTTP/1.1" 302 20 "https://elementalmill.com/wp-login.php" "Mozilla/5.0 (X11; Ubuntu; Linux x86_64) AppleWebKit/537.36 (KHTML, like Gecko) Chrome/121.0.0.0 Safari/537.36"
139.162.194.112 - - [01/Mar/2026:14:04:16 +0000] "POST /wp-cron.php?doing_wp_cron=1772373856.3742899894714355468750 HTTP/1.1" 404 13168 "-" "WordPress/6.9.1; https://elementalmill.com"
18.214.251.19 - - [01/Mar/2026:14:04:18 +0000] "GET /shop/pg/2503082 HTTP/1.1" 200 24451 "-" "Mozilla/5.0 AppleWebKit/537.36 (KHTML, like Gecko; compatible; Amazonbot/0.1; +https://developer.amazon.com/support/amazonbot) Chrome/119.0.6045.214 Safari/537.36"
176.65.132.19 - - [01/Mar/2026:14:04:18 +0000] "GET /wp-admin/ HTTP/1.1" 302 20 "https://elementalmill.com/wp-login.php" "Mozilla/5.0 (X11; Ubuntu; Linux x86_64) AppleWebKit/537.36 (KHTML, like Gecko) Chrome/121.0.0.0 Safari/537.36"
144.76.32.114 - - [01/Mar/2026:14:04:20 +0000] "GET /shopping/products/1618327789 HTTP/1.1" 200 24549 "-" "Mozilla/5.0 (compatible; SERankingBacklinksBot/1.0; +https://seranking.com/backlinks-crawler)"
74.7.242.62 - - [01/Mar/2026:14:04:21 +0000] "GET /shop/pg/16211687202 HTTP/2.0" 200 25094 "https://www.elementalmill.com.lab2454.com/shop/pg/16201466314" "Mozilla/5.0 AppleWebKit/537.36 (KHTML, like Gecko; compatible; GPTBot/1.3; +https://openai.com/gptbot)"
176.65.132.19 - - [01/Mar/2026:14:04:21 +0000] "GET /wp-admin/profile.php HTTP/1.1" 404 12378 "https://elementalmill.com/wp-login.php" "Mozilla/5.0 (X11; Ubuntu; Linux x86_64) AppleWebKit/537.36 (KHTML, like Gecko) Chrome/121.0.0.0 Safari/537.36"
3.231.193.38 - - [01/Mar/2026:14:04:23 +0000] "GET /shop/pg/1235104 HTTP/1.1" 200 24871 "-" "Mozilla/5.0 AppleWebKit/537.36 (KHTML, like Gecko; compatible; Amazonbot/0.1; +https://developer.amazon.com/support/amazonbot) Chrome/119.0.6045.214 Safari/537.36"
144.76.32.114 - - [01/Mar/2026:14:04:24 +0000] "GET /shopping/products/1619598648 HTTP/1.1" 200 24404 "-" "Mozilla/5.0 (compatible; SERankingBacklinksBot/1.0; +https://seranking.com/backlinks-crawler)"
176.65.132.19 - - [01/Mar/2026:14:04:24 +0000] "GET /wp-admin/edit.php HTTP/1.1" 404 12378 "https://elementalmill.com/wp-login.php" "Mozilla/5.0 (X11; Ubuntu; Linux x86_64) AppleWebKit/537.36 (KHTML, like Gecko) Chrome/121.0.0.0 Safari/537.36"
87.250.224.57 - - [01/Mar/2026:14:04:26 +0000] "GET /shopping/products/162024867416 HTTP/1.1" 200 24829 "-" "Mozilla/5.0 (compatible; YandexBot/3.0; +http://yandex.com/bots)"
3.208.146.193 - - [01/Mar/2026:14:04:27 +0000] "GET /?shopping/products/1619670870 HTTP/1.1" 200 24771 "-" "Mozilla/5.0 AppleWebKit/537.36 (KHTML, like Gecko; compatible; Amazonbot/0.1; +https://developer.amazon.com/support/amazonbot) Chrome/119.0.6045.214 Safari/537.36"
144.76.32.114 - - [01/Mar/2026:14:04:28 +0000] "GET /shopping/products/1618327819 HTTP/1.1" 200 24825 "-" "Mozilla/5.0 (compatible; SERankingBacklinksBot/1.0; +https://seranking.com/backlinks-crawler)"
74.7.227.51 - - [01/Mar/2026:14:04:28 +0000] "GET /shop/pg/161846029 HTTP/2.0" 200 24285 "https://elementalmill.com/shop/customer/bookmark.php?shopping/products/161839212" "Mozilla/5.0 AppleWebKit/537.36 (KHTML, like Gecko; compatible; GPTBot/1.3; +https://openai.com/gptbot)"
176.65.132.19 - - [01/Mar/2026:14:04:28 +0000] "GET /wp-admin/plugins.php HTTP/1.1" 404 12378 "https://elementalmill.com/wp-login.php" "Mozilla/5.0 (X11; Ubuntu; Linux x86_64) AppleWebKit/537.36 (KHTML, like Gecko) Chrome/121.0.0.0 Safari/537.36"
54.91.122.193 - - [01/Mar/2026:14:04:31 +0000] "GET /shop/pg/277228 HTTP/1.1" 200 24626 "-" "Mozilla/5.0 AppleWebKit/537.36 (KHTML, like Gecko; compatible; Amazonbot/0.1; +https://developer.amazon.com/support/amazonbot) Chrome/119.0.6045.214 Safari/537.36"
144.76.32.114 - - [01/Mar/2026:14:04:32 +0000] "GET /shopping/products/1619598750 HTTP/1.1" 200 24492 "-" "Mozilla/5.0 (compatible; SERankingBacklinksBot/1.0; +https://seranking.com/backlinks-crawler)"
176.65.132.19 - - [01/Mar/2026:14:04:31 +0000] "POST /wp-login.php HTTP/1.1" 200 2933 "https://elementalmill.com/wp-login.php" "Mozilla/5.0 (X11; Linux x86_64) AppleWebKit/537.36 (KHTML, like Gecko) Chrome/118.0.0.0 Safari/537.36"
44.212.131.50 - - [01/Mar/2026:14:04:34 +0000] "GET /?category/16221002122 HTTP/1.1" 200 23351 "-" "Mozilla/5.0 AppleWebKit/537.36 (KHTML, like Gecko; compatible; Amazonbot/0.1; +https://developer.amazon.com/support/amazonbot) Chrome/119.0.6045.214 Safari/537.36"
176.65.132.19 - - [01/Mar/2026:14:04:34 +0000] "GET /wp-admin/index.php HTTP/1.1" 301 20 "https://elementalmill.com/wp-login.php" "Mozilla/5.0 (Macintosh; Intel Mac OS X 10_15_7) AppleWebKit/605.1.15 (KHTML, like Gecko) Version/16.6 Safari/605.1.15"
144.76.32.114 - - [01/Mar/2026:14:04:36 +0000] "GET /shopping/products/1618327822 HTTP/1.1" 200 25668 "-" "Mozilla/5.0 (compatible; SERankingBacklinksBot/1.0; +https://seranking.com/backlinks-crawler)"
176.65.132.19 - - [01/Mar/2026:14:04:37 +0000] "GET /wp-admin/ HTTP/1.1" 302 20 "https://elementalmill.com/wp-login.php" "Mozilla/5.0 (Macintosh; Intel Mac OS X 10_15_7) AppleWebKit/605.1.15 (KHTML, like Gecko) Version/16.6 Safari/605.1.15"
3.224.215.150 - - [01/Mar/2026:14:04:38 +0000] "GET /shop/pg/410103 HTTP/1.1" 200 24757 "-" "Mozilla/5.0 AppleWebKit/537.36 (KHTML, like Gecko; compatible; Amazonbot/0.1; +https://developer.amazon.com/support/amazonbot) Chrome/119.0.6045.214 Safari/537.36"
74.7.242.62 - - [01/Mar/2026:14:04:39 +0000] "GET /shop/pg/1350945 HTTP/2.0" 200 25374 "https://www.elementalmill.com.lab2454.com/shop/pg/16211726039" "Mozilla/5.0 AppleWebKit/537.36 (KHTML, like Gecko; compatible; GPTBot/1.3; +https://openai.com/gptbot)"
5.255.231.23 - - [01/Mar/2026:14:04:40 +0000] "GET /shopping/products/16209347401 HTTP/1.1" 200 25308 "-" "Mozilla/5.0 (compatible; YandexBot/3.0; +http://yandex.com/bots)"
144.76.32.114 - - [01/Mar/2026:14:04:40 +0000] "GET /shopping/products/1619598774 HTTP/1.1" 200 24110 "-" "Mozilla/5.0 (compatible; SERankingBacklinksBot/1.0; +https://seranking.com/backlinks-crawler)"
54.152.163.42 - - [01/Mar/2026:14:04:41 +0000] "GET /shop/pg/454683 HTTP/1.1" 200 24934 "-" "Mozilla/5.0 AppleWebKit/537.36 (KHTML, like Gecko; compatible; Amazonbot/0.1; +https://developer.amazon.com/support/amazonbot) Chrome/119.0.6045.214 Safari/537.36"
176.65.132.19 - - [01/Mar/2026:14:04:40 +0000] "GET /wp-admin/ HTTP/1.1" 302 20 "https://elementalmill.com/wp-login.php" "Mozilla/5.0 (Macintosh; Intel Mac OS X 10_15_7) AppleWebKit/605.1.15 (KHTML, like Gecko) Version/16.6 Safari/605.1.15"
144.76.32.114 - - [01/Mar/2026:14:04:44 +0000] "GET /shopping/products/1618327846 HTTP/1.1" 200 24860 "-" "Mozilla/5.0 (compatible; SERankingBacklinksBot/1.0; +https://seranking.com/backlinks-crawler)"
176.65.132.19 - - [01/Mar/2026:14:04:43 +0000] "GET /wp-admin/ HTTP/1.1" 302 20 "https://elementalmill.com/wp-login.php" "Mozilla/5.0 (Macintosh; Intel Mac OS X 10_15_7) AppleWebKit/605.1.15 (KHTML, like Gecko) Version/16.6 Safari/605.1.15"
23.21.148.226 - - [01/Mar/2026:14:04:47 +0000] "GET /shop/pg/1413186 HTTP/1.1" 200 25829 "-" "Mozilla/5.0 AppleWebKit/537.36 (KHTML, like Gecko; compatible; Amazonbot/0.1; +https://developer.amazon.com/support/amazonbot) Chrome/119.0.6045.214 Safari/537.36"
144.76.32.114 - - [01/Mar/2026:14:04:48 +0000] "GET /shopping/products/1619598780 HTTP/1.1" 200 24586 "-" "Mozilla/5.0 (compatible; SERankingBacklinksBot/1.0; +https://seranking.com/backlinks-crawler)"
176.65.132.19 - - [01/Mar/2026:14:04:47 +0000] "GET /wp-admin/ HTTP/1.1" 302 20 "https://elementalmill.com/wp-login.php" "Mozilla/5.0 (Macintosh; Intel Mac OS X 10_15_7) AppleWebKit/605.1.15 (KHTML, like Gecko) Version/16.6 Safari/605.1.15"
3.224.215.150 - - [01/Mar/2026:14:04:51 +0000] "GET /shop/pg/102599 HTTP/1.1" 200 24362 "-" "Mozilla/5.0 AppleWebKit/537.36 (KHTML, like Gecko; compatible; Amazonbot/0.1; +https://developer.amazon.com/support/amazonbot) Chrome/119.0.6045.214 Safari/537.36"
176.65.132.19 - - [01/Mar/2026:14:04:50 +0000] "GET /wp-admin/ HTTP/1.1" 302 20 "https://elementalmill.com/wp-login.php" "Mozilla/5.0 (Macintosh; Intel Mac OS X 10_15_7) AppleWebKit/605.1.15 (KHTML, like Gecko) Version/16.6 Safari/605.1.15"
144.76.32.114 - - [01/Mar/2026:14:04:52 +0000] "GET /shopping/products/1618327853 HTTP/1.1" 200 24788 "-" "Mozilla/5.0 (compatible; SERankingBacklinksBot/1.0; +https://seranking.com/backlinks-crawler)"
52.71.216.196 - - [01/Mar/2026:14:04:54 +0000] "GET /?shopping/products/16211765500 HTTP/1.1" 200 25068 "-" "Mozilla/5.0 AppleWebKit/537.36 (KHTML, like Gecko; compatible; Amazonbot/0.1; +https://developer.amazon.com/support/amazonbot) Chrome/119.0.6045.214 Safari/537.36"
176.65.132.19 - - [01/Mar/2026:14:04:54 +0000] "GET /wp-admin/ HTTP/1.1" 302 20 "https://elementalmill.com/wp-login.php" "Mozilla/5.0 (Macintosh; Intel Mac OS X 10_15_7) AppleWebKit/605.1.15 (KHTML, like Gecko) Version/16.6 Safari/605.1.15"
44.206.93.215 - - [01/Mar/2026:14:04:57 +0000] "GET /category/16211001175 HTTP/1.1" 200 17623 "-" "Mozilla/5.0 AppleWebKit/537.36 (KHTML, like Gecko; compatible; Amazonbot/0.1; +https://developer.amazon.com/support/amazonbot) Chrome/119.0.6045.214 Safari/537.36"
144.76.32.114 - - [01/Mar/2026:14:04:56 +0000] "GET /shopping/products/1619598885 HTTP/1.1" 200 25222 "-" "Mozilla/5.0 (compatible; SERankingBacklinksBot/1.0; +https://seranking.com/backlinks-crawler)"
176.65.132.19 - - [01/Mar/2026:14:04:57 +0000] "GET /wp-admin/ HTTP/1.1" 302 20 "https://elementalmill.com/wp-login.php" "Mozilla/5.0 (Macintosh; Intel Mac OS X 10_15_7) AppleWebKit/605.1.15 (KHTML, like Gecko) Version/16.6 Safari/605.1.15"
144.76.32.114 - - [01/Mar/2026:14:05:01 +0000] "GET /shopping/products/1618327877 HTTP/1.1" 200 24572 "-" "Mozilla/5.0 (compatible; SERankingBacklinksBot/1.0; +https://seranking.com/backlinks-crawler)"
176.65.132.19 - - [01/Mar/2026:14:05:00 +0000] "GET /wp-admin/ HTTP/1.1" 302 20 "https://elementalmill.com/wp-login.php" "Mozilla/5.0 (Macintosh; Intel Mac OS X 10_15_7) AppleWebKit/605.1.15 (KHTML, like Gecko) Version/16.6 Safari/605.1.15"
34.234.200.207 - - [01/Mar/2026:14:05:02 +0000] "GET /shop/pg/2556684 HTTP/1.1" 200 25474 "-" "Mozilla/5.0 AppleWebKit/537.36 (KHTML, like Gecko; compatible; Amazonbot/0.1; +https://developer.amazon.com/support/amazonbot) Chrome/119.0.6045.214 Safari/537.36"
176.65.132.19 - - [01/Mar/2026:14:05:03 +0000] "GET /wp-admin/ HTTP/1.1" 302 20 "https://elementalmill.com/wp-login.php" "Mozilla/5.0 (Macintosh; Intel Mac OS X 10_15_7) AppleWebKit/605.1.15 (KHTML, like Gecko) Version/16.6 Safari/605.1.15"
144.76.32.114 - - [01/Mar/2026:14:05:05 +0000] "GET /shopping/products/1619598910 HTTP/1.1" 200 24482 "-" "Mozilla/5.0 (compatible; SERankingBacklinksBot/1.0; +https://seranking.com/backlinks-crawler)"
23.20.178.124 - - [01/Mar/2026:14:05:07 +0000] "GET /shop/pg/16201362192 HTTP/1.1" 200 24435 "-" "Mozilla/5.0 AppleWebKit/537.36 (KHTML, like Gecko; compatible; Amazonbot/0.1; +https://developer.amazon.com/support/amazonbot) Chrome/119.0.6045.214 Safari/537.36"
176.65.132.19 - - [01/Mar/2026:14:05:06 +0000] "GET /wp-admin/ HTTP/1.1" 302 20 "https://elementalmill.com/wp-login.php" "Mozilla/5.0 (Macintosh; Intel Mac OS X 10_15_7) AppleWebKit/605.1.15 (KHTML, like Gecko) Version/16.6 Safari/605.1.15"
74.7.242.62 - - [01/Mar/2026:14:05:08 +0000] "GET /shop/pg/1454334 HTTP/2.0" 200 24787 "https://www.elementalmill.com.lab2454.com/shop/pg/16201237867" "Mozilla/5.0 AppleWebKit/537.36 (KHTML, like Gecko; compatible; GPTBot/1.3; +https://openai.com/gptbot)"
144.76.32.114 - - [01/Mar/2026:14:05:09 +0000] "GET /shopping/products/1618327902 HTTP/1.1" 200 24214 "-" "Mozilla/5.0 (compatible; SERankingBacklinksBot/1.0; +https://seranking.com/backlinks-crawler)"
176.65.132.19 - - [01/Mar/2026:14:05:09 +0000] "GET /wp-admin/ HTTP/1.1" 302 20 "https://elementalmill.com/wp-login.php" "Mozilla/5.0 (Macintosh; Intel Mac OS X 10_15_7) AppleWebKit/605.1.15 (KHTML, like Gecko) Version/16.6 Safari/605.1.15"
34.206.193.60 - - [01/Mar/2026:14:05:10 +0000] "GET /shop/pg/511642 HTTP/1.1" 200 24841 "-" "Mozilla/5.0 AppleWebKit/537.36 (KHTML, like Gecko; compatible; Amazonbot/0.1; +https://developer.amazon.com/support/amazonbot) Chrome/119.0.6045.214 Safari/537.36"
176.65.132.19 - - [01/Mar/2026:14:05:12 +0000] "GET /wp-admin/ HTTP/1.1" 302 20 "https://elementalmill.com/wp-login.php" "Mozilla/5.0 (Macintosh; Intel Mac OS X 10_15_7) AppleWebKit/605.1.15 (KHTML, like Gecko) Version/16.6 Safari/605.1.15"
144.76.32.114 - - [01/Mar/2026:14:05:13 +0000] "GET /shopping/products/1619598951 HTTP/1.1" 200 24967 "-" "Mozilla/5.0 (compatible; SERankingBacklinksBot/1.0; +https://seranking.com/backlinks-crawler)"
18.215.24.66 - - [01/Mar/2026:14:05:15 +0000] "GET /shop/pg/1700066 HTTP/1.1" 200 26101 "-" "Mozilla/5.0 AppleWebKit/537.36 (KHTML, like Gecko; compatible; Amazonbot/0.1; +https://developer.amazon.com/support/amazonbot) Chrome/119.0.6045.214 Safari/537.36"
44.195.50.71 - - [01/Mar/2026:14:05:17 +0000] "GET /shop/pg/16201391347 HTTP/1.1" 200 24590 "-" "Mozilla/5.0 AppleWebKit/537.36 (KHTML, like Gecko; compatible; Amazonbot/0.1; +https://developer.amazon.com/support/amazonbot) Chrome/119.0.6045.214 Safari/537.36"
176.65.132.19 - - [01/Mar/2026:14:05:15 +0000] "GET /wp-admin/ HTTP/1.1" 302 20 "https://elementalmill.com/wp-login.php" "Mozilla/5.0 (Macintosh; Intel Mac OS X 10_15_7) AppleWebKit/605.1.15 (KHTML, like Gecko) Version/16.6 Safari/605.1.15"
144.76.32.114 - - [01/Mar/2026:14:05:18 +0000] "GET /shopping/products/1618327954 HTTP/1.1" 200 25903 "-" "Mozilla/5.0 (compatible; SERankingBacklinksBot/1.0; +https://seranking.com/backlinks-crawler)"
139.162.194.112 - - [01/Mar/2026:14:05:17 +0000] "POST /wp-cron.php?doing_wp_cron=1772373917.6666669845581054687500 HTTP/1.1" 404 13168 "-" "WordPress/6.9.1; https://elementalmill.com"
176.65.132.19 - - [01/Mar/2026:14:05:19 +0000] "GET /wp-admin/ HTTP/1.1" 302 20 "https://elementalmill.com/wp-login.php" "Mozilla/5.0 (Macintosh; Intel Mac OS X 10_15_7) AppleWebKit/605.1.15 (KHTML, like Gecko) Version/16.6 Safari/605.1.15"
144.76.32.114 - - [01/Mar/2026:14:05:22 +0000] "GET /shopping/products/1619599006 HTTP/1.1" 200 25481 "-" "Mozilla/5.0 (compatible; SERankingBacklinksBot/1.0; +https://seranking.com/backlinks-crawler)"
98.83.72.38 - - [01/Mar/2026:14:05:22 +0000] "GET /shop/pg/449285 HTTP/1.1" 200 24108 "-" "Mozilla/5.0 AppleWebKit/537.36 (KHTML, like Gecko; compatible; Amazonbot/0.1; +https://developer.amazon.com/support/amazonbot) Chrome/119.0.6045.214 Safari/537.36"
176.65.132.19 - - [01/Mar/2026:14:05:22 +0000] "GET /wp-admin/ HTTP/1.1" 302 20 "https://elementalmill.com/wp-login.php" "Mozilla/5.0 (Macintosh; Intel Mac OS X 10_15_7) AppleWebKit/605.1.15 (KHTML, like Gecko) Version/16.6 Safari/605.1.15"
144.76.32.114 - - [01/Mar/2026:14:05:26 +0000] "GET /shopping/products/1618327972 HTTP/1.1" 200 24544 "-" "Mozilla/5.0 (compatible; SERankingBacklinksBot/1.0; +https://seranking.com/backlinks-crawler)"
54.85.7.119 - - [01/Mar/2026:14:05:26 +0000] "GET /shop/pg/1110622 HTTP/1.1" 200 24392 "-" "Mozilla/5.0 AppleWebKit/537.36 (KHTML, like Gecko; compatible; Amazonbot/0.1; +https://developer.amazon.com/support/amazonbot) Chrome/119.0.6045.214 Safari/537.36"
176.65.132.19 - - [01/Mar/2026:14:05:25 +0000] "GET /wp-admin/ HTTP/1.1" 302 20 "https://elementalmill.com/wp-login.php" "Mozilla/5.0 (Macintosh; Intel Mac OS X 10_15_7) AppleWebKit/605.1.15 (KHTML, like Gecko) Version/16.6 Safari/605.1.15"
144.76.32.114 - - [01/Mar/2026:14:05:30 +0000] "GET /shopping/products/1619599079 HTTP/1.1" 200 24938 "-" "Mozilla/5.0 (compatible; SERankingBacklinksBot/1.0; +https://seranking.com/backlinks-crawler)"
176.65.132.19 - - [01/Mar/2026:14:05:28 +0000] "GET /wp-admin/ HTTP/1.1" 302 20 "https://elementalmill.com/wp-login.php" "Mozilla/5.0 (Macintosh; Intel Mac OS X 10_15_7) AppleWebKit/605.1.15 (KHTML, like Gecko) Version/16.6 Safari/605.1.15"
35.169.102.85 - - [01/Mar/2026:14:05:32 +0000] "GET /shop/pg/289526 HTTP/1.1" 200 24416 "-" "Mozilla/5.0 AppleWebKit/537.36 (KHTML, like Gecko; compatible; Amazonbot/0.1; +https://developer.amazon.com/support/amazonbot) Chrome/119.0.6045.214 Safari/537.36"
23.23.99.55 - - [01/Mar/2026:14:05:34 +0000] "GET /?category/16221000973 HTTP/1.1" 200 26669 "-" "Mozilla/5.0 AppleWebKit/537.36 (KHTML, like Gecko; compatible; Amazonbot/0.1; +https://developer.amazon.com/support/amazonbot) Chrome/119.0.6045.214 Safari/537.36"
176.65.132.19 - - [01/Mar/2026:14:05:32 +0000] "GET /wp-admin/ HTTP/1.1" 302 20 "https://elementalmill.com/wp-login.php" "Mozilla/5.0 (Macintosh; Intel Mac OS X 10_15_7) AppleWebKit/605.1.15 (KHTML, like Gecko) Version/16.6 Safari/605.1.15"
144.76.32.114 - - [01/Mar/2026:14:05:34 +0000] "GET /shopping/products/1618327996 HTTP/1.1" 200 23972 "-" "Mozilla/5.0 (compatible; SERankingBacklinksBot/1.0; +https://seranking.com/backlinks-crawler)"
176.65.132.19 - - [01/Mar/2026:14:05:35 +0000] "GET /wp-admin/ HTTP/1.1" 302 20 "https://elementalmill.com/wp-login.php" "Mozilla/5.0 (Macintosh; Intel Mac OS X 10_15_7) AppleWebKit/605.1.15 (KHTML, like Gecko) Version/16.6 Safari/605.1.15"
34.194.233.48 - - [01/Mar/2026:14:05:37 +0000] "GET /shop/pg/40737 HTTP/1.1" 200 24056 "-" "Mozilla/5.0 AppleWebKit/537.36 (KHTML, like Gecko; compatible; Amazonbot/0.1; +https://developer.amazon.com/support/amazonbot) Chrome/119.0.6045.214 Safari/537.36"
144.76.32.114 - - [01/Mar/2026:14:05:38 +0000] "GET /shopping/products/1619599186 HTTP/1.1" 200 24425 "-" "Mozilla/5.0 (compatible; SERankingBacklinksBot/1.0; +https://seranking.com/backlinks-crawler)"
74.7.242.62 - - [01/Mar/2026:14:05:39 +0000] "GET /shop/pg/16201249003 HTTP/2.0" 200 24420 "https://www.elementalmill.com.lab2454.com/shop/pg/1243623" "Mozilla/5.0 AppleWebKit/537.36 (KHTML, like Gecko; compatible; GPTBot/1.3; +https://openai.com/gptbot)"
176.65.132.19 - - [01/Mar/2026:14:05:39 +0000] "GET /wp-admin/ HTTP/1.1" 302 20 "https://elementalmill.com/wp-login.php" "Mozilla/5.0 (Macintosh; Intel Mac OS X 10_15_7) AppleWebKit/605.1.15 (KHTML, like Gecko) Version/16.6 Safari/605.1.15"
44.212.145.46 - - [01/Mar/2026:14:05:41 +0000] "GET /shop/pg/1240930 HTTP/1.1" 200 25432 "-" "Mozilla/5.0 AppleWebKit/537.36 (KHTML, like Gecko; compatible; Amazonbot/0.1; +https://developer.amazon.com/support/amazonbot) Chrome/119.0.6045.214 Safari/537.36"
144.76.32.114 - - [01/Mar/2026:14:05:42 +0000] "GET /shopping/products/1618328042 HTTP/1.1" 200 24551 "-" "Mozilla/5.0 (compatible; SERankingBacklinksBot/1.0; +https://seranking.com/backlinks-crawler)"
74.7.227.51 - - [01/Mar/2026:14:05:42 +0000] "GET /shop/pg/161844247 HTTP/2.0" 200 24762 "https://elementalmill.com/shop/pg/40403" "Mozilla/5.0 AppleWebKit/537.36 (KHTML, like Gecko; compatible; GPTBot/1.3; +https://openai.com/gptbot)"
176.65.132.19 - - [01/Mar/2026:14:05:42 +0000] "GET /wp-admin/ HTTP/1.1" 302 20 "https://elementalmill.com/wp-login.php" "Mozilla/5.0 (Macintosh; Intel Mac OS X 10_15_7) AppleWebKit/605.1.15 (KHTML, like Gecko) Version/16.6 Safari/605.1.15"
44.206.65.8 - - [01/Mar/2026:14:05:45 +0000] "GET /?category/16221000837 HTTP/1.1" 200 26920 "-" "Mozilla/5.0 AppleWebKit/537.36 (KHTML, like Gecko; compatible; Amazonbot/0.1; +https://developer.amazon.com/support/amazonbot) Chrome/119.0.6045.214 Safari/537.36"
144.76.32.114 - - [01/Mar/2026:14:05:46 +0000] "GET /shopping/products/1619599193 HTTP/1.1" 200 24448 "-" "Mozilla/5.0 (compatible; SERankingBacklinksBot/1.0; +https://seranking.com/backlinks-crawler)"
176.65.132.19 - - [01/Mar/2026:14:05:45 +0000] "GET /wp-admin/ HTTP/1.1" 302 20 "https://elementalmill.com/wp-login.php" "Mozilla/5.0 (Macintosh; Intel Mac OS X 10_15_7) AppleWebKit/605.1.15 (KHTML, like Gecko) Version/16.6 Safari/605.1.15"
44.206.65.8 - - [01/Mar/2026:14:05:49 +0000] "GET /shop/pg/1560050 HTTP/1.1" 200 25064 "-" "Mozilla/5.0 AppleWebKit/537.36 (KHTML, like Gecko; compatible; Amazonbot/0.1; +https://developer.amazon.com/support/amazonbot) Chrome/119.0.6045.214 Safari/537.36"
176.65.132.19 - - [01/Mar/2026:14:05:48 +0000] "GET /wp-admin/ HTTP/1.1" 302 20 "https://elementalmill.com/wp-login.php" "Mozilla/5.0 (Macintosh; Intel Mac OS X 10_15_7) AppleWebKit/605.1.15 (KHTML, like Gecko) Version/16.6 Safari/605.1.15"
144.76.32.114 - - [01/Mar/2026:14:05:50 +0000] "GET /shopping/products/1618328050 HTTP/1.1" 200 24319 "-" "Mozilla/5.0 (compatible; SERankingBacklinksBot/1.0; +https://seranking.com/backlinks-crawler)"
213.180.203.99 - - [01/Mar/2026:14:05:53 +0000] "GET /shopping/products/16188326327 HTTP/1.1" 200 25217 "-" "Mozilla/5.0 (compatible; YandexBot/3.0; +http://yandex.com/bots)"
52.203.68.145 - - [01/Mar/2026:14:05:53 +0000] "GET /shop/pg/181802 HTTP/1.1" 200 24725 "-" "Mozilla/5.0 AppleWebKit/537.36 (KHTML, like Gecko; compatible; Amazonbot/0.1; +https://developer.amazon.com/support/amazonbot) Chrome/119.0.6045.214 Safari/537.36"
176.65.132.19 - - [01/Mar/2026:14:05:51 +0000] "GET /wp-admin/ HTTP/1.1" 302 20 "https://elementalmill.com/wp-login.php" "Mozilla/5.0 (Macintosh; Intel Mac OS X 10_15_7) AppleWebKit/605.1.15 (KHTML, like Gecko) Version/16.6 Safari/605.1.15"
144.76.32.114 - - [01/Mar/2026:14:05:54 +0000] "GET /shopping/products/1619599207 HTTP/1.1" 200 25381 "-" "Mozilla/5.0 (compatible; SERankingBacklinksBot/1.0; +https://seranking.com/backlinks-crawler)"
176.65.132.19 - - [01/Mar/2026:14:05:55 +0000] "GET /wp-admin/ HTTP/1.1" 302 20 "https://elementalmill.com/wp-login.php" "Mozilla/5.0 (Macintosh; Intel Mac OS X 10_15_7) AppleWebKit/605.1.15 (KHTML, like Gecko) Version/16.6 Safari/605.1.15"
98.82.107.102 - - [01/Mar/2026:14:05:57 +0000] "GET /shop/pg/632115 HTTP/1.1" 200 25277 "-" "Mozilla/5.0 AppleWebKit/537.36 (KHTML, like Gecko; compatible; Amazonbot/0.1; +https://developer.amazon.com/support/amazonbot) Chrome/119.0.6045.214 Safari/537.36"
