66.249.64.40 - - [01/Mar/2026:14:09:42 +0000] "GET /shop/customer/bookmark.php?shopping/products/1619544681 HTTP/1.1" 200 24728 "-" "Mozilla/5.0 (Linux; Android 6.0.1; Nexus 5X Build/MMB29P) AppleWebKit/537.36 (KHTML, like Gecko) Chrome/144.0.7559.132 Mobile Safari/537.36 (compatible; Googlebot/2.1; +http://www.google.com/bot.html)"
144.76.32.114 - - [01/Mar/2026:14:09:42 +0000] "GET /shopping/products/1619600347 HTTP/1.1" 200 24267 "-" "Mozilla/5.0 (compatible; SERankingBacklinksBot/1.0; +https://seranking.com/backlinks-crawler)"
176.65.132.19 - - [01/Mar/2026:14:09:40 +0000] "GET /wp-admin/ HTTP/1.1" 302 20 "https://elementalmill.com/wp-login.php" "Mozilla/5.0 (X11; Ubuntu; Linux x86_64) AppleWebKit/537.36 (KHTML, like Gecko) Chrome/119.0.0.0 Safari/537.36"
74.7.242.62 - - [01/Mar/2026:14:09:43 +0000] "GET /shop/pg/1162148 HTTP/2.0" 200 25726 "https://www.elementalmill.com.lab2454.com/shop/pg/16211537244" "Mozilla/5.0 AppleWebKit/537.36 (KHTML, like Gecko; compatible; GPTBot/1.3; +https://openai.com/gptbot)"
34.225.138.57 - - [01/Mar/2026:14:09:45 +0000] "GET /shop/pg/723111 HTTP/1.1" 200 24926 "-" "Mozilla/5.0 AppleWebKit/537.36 (KHTML, like Gecko; compatible; Amazonbot/0.1; +https://developer.amazon.com/support/amazonbot) Chrome/119.0.6045.214 Safari/537.36"
176.65.132.19 - - [01/Mar/2026:14:09:43 +0000] "GET /wp-admin/ HTTP/1.1" 302 20 "https://elementalmill.com/wp-login.php" "Mozilla/5.0 (X11; Ubuntu; Linux x86_64) AppleWebKit/537.36 (KHTML, like Gecko) Chrome/119.0.0.0 Safari/537.36"
144.76.32.114 - - [01/Mar/2026:14:09:46 +0000] "GET /shopping/products/1618329445 HTTP/1.1" 200 24427 "-" "Mozilla/5.0 (compatible; SERankingBacklinksBot/1.0; +https://seranking.com/backlinks-crawler)"
74.7.227.51 - - [01/Mar/2026:14:09:48 +0000] "GET /shop/pg/161862343 HTTP/2.0" 200 25555 "https://elementalmill.com/shop/pg/58471" "Mozilla/5.0 AppleWebKit/537.36 (KHTML, like Gecko; compatible; GPTBot/1.3; +https://openai.com/gptbot)"
176.65.132.19 - - [01/Mar/2026:14:09:46 +0000] "GET /wp-admin/ HTTP/1.1" 302 20 "https://elementalmill.com/wp-login.php" "Mozilla/5.0 (X11; Ubuntu; Linux x86_64) AppleWebKit/537.36 (KHTML, like Gecko) Chrome/119.0.0.0 Safari/537.36"
3.224.215.150 - - [01/Mar/2026:14:09:49 +0000] "GET /?category/16181001232 HTTP/1.1" 200 22378 "-" "Mozilla/5.0 AppleWebKit/537.36 (KHTML, like Gecko; compatible; Amazonbot/0.1; +https://developer.amazon.com/support/amazonbot) Chrome/119.0.6045.214 Safari/537.36"
144.76.32.114 - - [01/Mar/2026:14:09:50 +0000] "GET /shopping/products/1619600354 HTTP/1.1" 200 24380 "-" "Mozilla/5.0 (compatible; SERankingBacklinksBot/1.0; +https://seranking.com/backlinks-crawler)"
176.65.132.19 - - [01/Mar/2026:14:09:49 +0000] "GET /wp-admin/profile.php HTTP/1.1" 404 12378 "https://elementalmill.com/wp-login.php" "Mozilla/5.0 (X11; Ubuntu; Linux x86_64) AppleWebKit/537.36 (KHTML, like Gecko) Chrome/119.0.0.0 Safari/537.36"
98.82.39.241 - - [01/Mar/2026:14:09:53 +0000] "GET /?shopping/products/16201020008 HTTP/1.1" 200 24504 "-" "Mozilla/5.0 AppleWebKit/537.36 (KHTML, like Gecko; compatible; Amazonbot/0.1; +https://developer.amazon.com/support/amazonbot) Chrome/119.0.6045.214 Safari/537.36"
144.76.32.114 - - [01/Mar/2026:14:09:53 +0000] "GET /shopping/products/1618329483 HTTP/1.1" 200 24550 "-" "Mozilla/5.0 (compatible; SERankingBacklinksBot/1.0; +https://seranking.com/backlinks-crawler)"
74.7.242.62 - - [01/Mar/2026:14:09:54 +0000] "GET /shop/pg/1163602 HTTP/2.0" 200 24999 "https://www.elementalmill.com.lab2454.com/shop/pg/16211538691" "Mozilla/5.0 AppleWebKit/537.36 (KHTML, like Gecko; compatible; GPTBot/1.3; +https://openai.com/gptbot)"
176.65.132.19 - - [01/Mar/2026:14:09:53 +0000] "GET /wp-admin/edit.php HTTP/1.1" 404 12378 "https://elementalmill.com/wp-login.php" "Mozilla/5.0 (X11; Ubuntu; Linux x86_64) AppleWebKit/537.36 (KHTML, like Gecko) Chrome/119.0.0.0 Safari/537.36"
54.159.18.27 - - [01/Mar/2026:14:09:57 +0000] "GET /shop/pg/16201387082 HTTP/1.1" 200 24444 "-" "Mozilla/5.0 AppleWebKit/537.36 (KHTML, like Gecko; compatible; Amazonbot/0.1; +https://developer.amazon.com/support/amazonbot) Chrome/119.0.6045.214 Safari/537.36"
144.76.32.114 - - [01/Mar/2026:14:09:57 +0000] "GET /shopping/products/1619600393 HTTP/1.1" 200 24677 "-" "Mozilla/5.0 (compatible; SERankingBacklinksBot/1.0; +https://seranking.com/backlinks-crawler)"
176.65.132.19 - - [01/Mar/2026:14:09:56 +0000] "GET /wp-admin/plugins.php HTTP/1.1" 404 12378 "https://elementalmill.com/wp-login.php" "Mozilla/5.0 (X11; Ubuntu; Linux x86_64) AppleWebKit/537.36 (KHTML, like Gecko) Chrome/119.0.0.0 Safari/537.36"
176.65.132.19 - - [01/Mar/2026:14:09:59 +0000] "POST /wp-login.php HTTP/1.1" 200 2933 "https://elementalmill.com/wp-login.php" "Mozilla/5.0 (Macintosh; Intel Mac OS X 13_6_1) AppleWebKit/605.1.15 (KHTML, like Gecko) Version/17.1 Safari/605.1.15"
52.202.233.37 - - [01/Mar/2026:14:10:01 +0000] "GET /shop/pg/639487 HTTP/1.1" 200 24548 "-" "Mozilla/5.0 AppleWebKit/537.36 (KHTML, like Gecko; compatible; Amazonbot/0.1; +https://developer.amazon.com/support/amazonbot) Chrome/119.0.6045.214 Safari/537.36"
144.76.32.114 - - [01/Mar/2026:14:10:01 +0000] "GET /shopping/products/1618329502 HTTP/1.1" 200 24131 "-" "Mozilla/5.0 (compatible; SERankingBacklinksBot/1.0; +https://seranking.com/backlinks-crawler)"
176.65.132.19 - - [01/Mar/2026:14:10:02 +0000] "GET /wp-admin/index.php HTTP/1.1" 301 20 "https://elementalmill.com/wp-login.php" "Mozilla/5.0 (Macintosh; Intel Mac OS X 10_15_7; rv:120.0) Gecko/20100101 Firefox/120.0"
74.7.242.62 - - [01/Mar/2026:14:10:04 +0000] "GET /shop/pg/16211539631 HTTP/2.0" 200 24805 "https://www.elementalmill.com.lab2454.com/shop/pg/1534251" "Mozilla/5.0 AppleWebKit/537.36 (KHTML, like Gecko; compatible; GPTBot/1.3; +https://openai.com/gptbot)"
54.91.122.193 - - [01/Mar/2026:14:10:05 +0000] "GET /shop/pg/605006 HTTP/1.1" 200 24457 "-" "Mozilla/5.0 AppleWebKit/537.36 (KHTML, like Gecko; compatible; Amazonbot/0.1; +https://developer.amazon.com/support/amazonbot) Chrome/119.0.6045.214 Safari/537.36"
144.76.32.114 - - [01/Mar/2026:14:10:05 +0000] "GET /shopping/products/1619600449 HTTP/1.1" 200 24479 "-" "Mozilla/5.0 (compatible; SERankingBacklinksBot/1.0; +https://seranking.com/backlinks-crawler)"
176.65.132.19 - - [01/Mar/2026:14:10:04 +0000] "GET /wp-admin/ HTTP/1.1" 302 20 "https://elementalmill.com/wp-login.php" "Mozilla/5.0 (Macintosh; Intel Mac OS X 10_15_7; rv:120.0) Gecko/20100101 Firefox/120.0"
54.221.203.24 - - [01/Mar/2026:14:10:09 +0000] "GET /shop/pg/709820 HTTP/1.1" 200 24262 "-" "Mozilla/5.0 AppleWebKit/537.36 (KHTML, like Gecko; compatible; Amazonbot/0.1; +https://developer.amazon.com/support/amazonbot) Chrome/119.0.6045.214 Safari/537.36"
176.65.132.19 - - [01/Mar/2026:14:10:07 +0000] "GET /wp-admin/ HTTP/1.1" 302 20 "https://elementalmill.com/wp-login.php" "Mozilla/5.0 (Macintosh; Intel Mac OS X 10_15_7; rv:120.0) Gecko/20100101 Firefox/120.0"
144.76.32.114 - - [01/Mar/2026:14:10:09 +0000] "GET /shopping/products/1618329554 HTTP/1.1" 200 24480 "-" "Mozilla/5.0 (compatible; SERankingBacklinksBot/1.0; +https://seranking.com/backlinks-crawler)"
176.65.132.19 - - [01/Mar/2026:14:10:10 +0000] "GET /wp-admin/ HTTP/1.1" 302 20 "https://elementalmill.com/wp-login.php" "Mozilla/5.0 (Macintosh; Intel Mac OS X 10_15_7; rv:120.0) Gecko/20100101 Firefox/120.0"
144.76.32.114 - - [01/Mar/2026:14:10:13 +0000] "GET /shopping/products/1619600461 HTTP/1.1" 200 24453 "-" "Mozilla/5.0 (compatible; SERankingBacklinksBot/1.0; +https://seranking.com/backlinks-crawler)"
34.195.60.66 - - [01/Mar/2026:14:10:13 +0000] "GET /shop/pg/16201460287 HTTP/1.1" 200 24432 "-" "Mozilla/5.0 AppleWebKit/537.36 (KHTML, like Gecko; compatible; Amazonbot/0.1; +https://developer.amazon.com/support/amazonbot) Chrome/119.0.6045.214 Safari/537.36"
74.7.242.62 - - [01/Mar/2026:14:10:15 +0000] "GET /shop/pg/16211690604 HTTP/2.0" 200 25136 "https://www.elementalmill.com.lab2454.com/shop/pg/16201469692" "Mozilla/5.0 AppleWebKit/537.36 (KHTML, like Gecko; compatible; GPTBot/1.3; +https://openai.com/gptbot)"
176.65.132.19 - - [01/Mar/2026:14:10:14 +0000] "GET /wp-admin/ HTTP/1.1" 302 20 "https://elementalmill.com/wp-login.php" "Mozilla/5.0 (Macintosh; Intel Mac OS X 10_15_7; rv:120.0) Gecko/20100101 Firefox/120.0"
23.23.103.31 - - [01/Mar/2026:14:10:17 +0000] "GET /?category/16231003452 HTTP/1.1" 200 17814 "-" "Mozilla/5.0 AppleWebKit/537.36 (KHTML, like Gecko; compatible; Amazonbot/0.1; +https://developer.amazon.com/support/amazonbot) Chrome/119.0.6045.214 Safari/537.36"
144.76.32.114 - - [01/Mar/2026:14:10:18 +0000] "GET /shopping/products/1618329573 HTTP/1.1" 200 24330 "-" "Mozilla/5.0 (compatible; SERankingBacklinksBot/1.0; +https://seranking.com/backlinks-crawler)"
176.65.132.19 - - [01/Mar/2026:14:10:16 +0000] "GET /wp-admin/ HTTP/1.1" 302 20 "https://elementalmill.com/wp-login.php" "Mozilla/5.0 (Macintosh; Intel Mac OS X 10_15_7; rv:120.0) Gecko/20100101 Firefox/120.0"
74.7.227.51 - - [01/Mar/2026:14:10:19 +0000] "GET /shop/pg/161822593 HTTP/2.0" 200 25127 "https://elementalmill.com/shop/pg/18719" "Mozilla/5.0 AppleWebKit/537.36 (KHTML, like Gecko; compatible; GPTBot/1.3; +https://openai.com/gptbot)"
176.65.132.19 - - [01/Mar/2026:14:10:19 +0000] "GET /wp-admin/ HTTP/1.1" 302 20 "https://elementalmill.com/wp-login.php" "Mozilla/5.0 (Macintosh; Intel Mac OS X 10_15_7; rv:120.0) Gecko/20100101 Firefox/120.0"
52.22.64.232 - - [01/Mar/2026:14:10:22 +0000] "GET /shop/pg/1960001 HTTP/1.1" 200 24806 "-" "Mozilla/5.0 AppleWebKit/537.36 (KHTML, like Gecko; compatible; Amazonbot/0.1; +https://developer.amazon.com/support/amazonbot) Chrome/119.0.6045.214 Safari/537.36"
144.76.32.114 - - [01/Mar/2026:14:10:22 +0000] "GET /shopping/products/1619600479 HTTP/1.1" 200 24660 "-" "Mozilla/5.0 (compatible; SERankingBacklinksBot/1.0; +https://seranking.com/backlinks-crawler)"
5.255.231.65 - - [01/Mar/2026:14:10:23 +0000] "GET /shopping/products/161824174758 HTTP/1.1" 200 25249 "-" "Mozilla/5.0 (compatible; YandexBot/3.0; +http://yandex.com/bots)"
176.65.132.19 - - [01/Mar/2026:14:10:22 +0000] "GET /wp-admin/ HTTP/1.1" 302 20 "https://elementalmill.com/wp-login.php" "Mozilla/5.0 (Macintosh; Intel Mac OS X 10_15_7; rv:120.0) Gecko/20100101 Firefox/120.0"
87.250.224.38 - - [01/Mar/2026:14:10:24 +0000] "GET /shopping/products/16214372909 HTTP/1.1" 200 24526 "-" "Mozilla/5.0 (compatible; YandexBot/3.0; +http://yandex.com/bots)"
213.180.203.157 - - [01/Mar/2026:14:10:25 +0000] "GET /shopping/products/161935313863 HTTP/1.1" 200 24735 "-" "Mozilla/5.0 (compatible; YandexBot/3.0; +http://yandex.com/bots)"
23.21.148.226 - - [01/Mar/2026:14:10:25 +0000] "GET /shop/pg/1024262 HTTP/1.1" 200 24573 "-" "Mozilla/5.0 AppleWebKit/537.36 (KHTML, like Gecko; compatible; Amazonbot/0.1; +https://developer.amazon.com/support/amazonbot) Chrome/119.0.6045.214 Safari/537.36"
144.76.32.114 - - [01/Mar/2026:14:10:26 +0000] "GET /shopping/products/1618329576 HTTP/1.1" 200 24457 "-" "Mozilla/5.0 (compatible; SERankingBacklinksBot/1.0; +https://seranking.com/backlinks-crawler)"
74.7.242.62 - - [01/Mar/2026:14:10:28 +0000] "GET /shop/pg/16201249225 HTTP/2.0" 200 24554 "https://www.elementalmill.com.lab2454.com/shop/pg/1243841" "Mozilla/5.0 AppleWebKit/537.36 (KHTML, like Gecko; compatible; GPTBot/1.3; +https://openai.com/gptbot)"
176.65.132.19 - - [01/Mar/2026:14:10:26 +0000] "GET /wp-admin/ HTTP/1.1" 302 20 "https://elementalmill.com/wp-login.php" "Mozilla/5.0 (Macintosh; Intel Mac OS X 10_15_7; rv:120.0) Gecko/20100101 Firefox/120.0"
54.152.163.42 - - [01/Mar/2026:14:10:29 +0000] "GET /shop/pg/2552235 HTTP/1.1" 200 24648 "-" "Mozilla/5.0 AppleWebKit/537.36 (KHTML, like Gecko; compatible; Amazonbot/0.1; +https://developer.amazon.com/support/amazonbot) Chrome/119.0.6045.214 Safari/537.36"
139.162.194.112 - - [01/Mar/2026:14:10:28 +0000] "POST /wp-cron.php?doing_wp_cron=1772374228.4645180702209472656250 HTTP/1.1" 404 13168 "-" "WordPress/6.9.1; https://elementalmill.com"
144.76.32.114 - - [01/Mar/2026:14:10:30 +0000] "GET /shopping/products/1619600552 HTTP/1.1" 200 24709 "-" "Mozilla/5.0 (compatible; SERankingBacklinksBot/1.0; +https://seranking.com/backlinks-crawler)"
176.65.132.19 - - [01/Mar/2026:14:10:29 +0000] "GET /wp-admin/ HTTP/1.1" 302 20 "https://elementalmill.com/wp-login.php" "Mozilla/5.0 (Macintosh; Intel Mac OS X 10_15_7; rv:120.0) Gecko/20100101 Firefox/120.0"
74.7.227.51 - - [01/Mar/2026:14:10:32 +0000] "GET /shop/pg/161855140 HTTP/2.0" 200 24524 "https://elementalmill.com/shop/pg/51300" "Mozilla/5.0 AppleWebKit/537.36 (KHTML, like Gecko; compatible; GPTBot/1.3; +https://openai.com/gptbot)"
52.71.218.25 - - [01/Mar/2026:14:10:33 +0000] "GET /shop/pg/621108 HTTP/1.1" 200 24171 "-" "Mozilla/5.0 AppleWebKit/537.36 (KHTML, like Gecko; compatible; Amazonbot/0.1; +https://developer.amazon.com/support/amazonbot) Chrome/119.0.6045.214 Safari/537.36"
144.76.32.114 - - [01/Mar/2026:14:10:34 +0000] "GET /shopping/products/1618329833 HTTP/1.1" 200 24725 "-" "Mozilla/5.0 (compatible; SERankingBacklinksBot/1.0; +https://seranking.com/backlinks-crawler)"
176.65.132.19 - - [01/Mar/2026:14:10:32 +0000] "GET /wp-admin/ HTTP/1.1" 302 20 "https://elementalmill.com/wp-login.php" "Mozilla/5.0 (Macintosh; Intel Mac OS X 10_15_7; rv:120.0) Gecko/20100101 Firefox/120.0"
176.65.132.19 - - [01/Mar/2026:14:10:35 +0000] "GET /wp-admin/ HTTP/1.1" 302 20 "https://elementalmill.com/wp-login.php" "Mozilla/5.0 (Macintosh; Intel Mac OS X 10_15_7; rv:120.0) Gecko/20100101 Firefox/120.0"
34.236.135.14 - - [01/Mar/2026:14:10:38 +0000] "GET /shop/pg/1338660 HTTP/1.1" 200 25114 "-" "Mozilla/5.0 AppleWebKit/537.36 (KHTML, like Gecko; compatible; Amazonbot/0.1; +https://developer.amazon.com/support/amazonbot) Chrome/119.0.6045.214 Safari/537.36"
144.76.32.114 - - [01/Mar/2026:14:10:38 +0000] "GET /shopping/products/1619600583 HTTP/1.1" 200 24440 "-" "Mozilla/5.0 (compatible; SERankingBacklinksBot/1.0; +https://seranking.com/backlinks-crawler)"
74.7.242.62 - - [01/Mar/2026:14:10:38 +0000] "GET /shop/pg/16211577231 HTTP/2.0" 200 24859 "https://www.elementalmill.com.lab2454.com/shop/pg/16201356337" "Mozilla/5.0 AppleWebKit/537.36 (KHTML, like Gecko; compatible; GPTBot/1.3; +https://openai.com/gptbot)"
176.65.132.19 - - [01/Mar/2026:14:10:38 +0000] "GET /wp-admin/ HTTP/1.1" 302 20 "https://elementalmill.com/wp-login.php" "Mozilla/5.0 (Macintosh; Intel Mac OS X 10_15_7; rv:120.0) Gecko/20100101 Firefox/120.0"
100.24.149.244 - - [01/Mar/2026:14:10:41 +0000] "GET /shop/pg/417999 HTTP/1.1" 200 25416 "-" "Mozilla/5.0 AppleWebKit/537.36 (KHTML, like Gecko; compatible; Amazonbot/0.1; +https://developer.amazon.com/support/amazonbot) Chrome/119.0.6045.214 Safari/537.36"
104.244.72.22 - - [01/Mar/2026:14:10:41 +0000] "GET /testsitemap.xml HTTP/1.1" 200 36 "-" "google,yahoo,bot,googlebot"
144.76.32.114 - - [01/Mar/2026:14:10:41 +0000] "GET /shopping/products/1618329870 HTTP/1.1" 200 24246 "-" "Mozilla/5.0 (compatible; SERankingBacklinksBot/1.0; +https://seranking.com/backlinks-crawler)"
74.7.227.51 - - [01/Mar/2026:14:10:42 +0000] "GET /shop/pg/161840914 HTTP/2.0" 200 24498 "https://elementalmill.com/shop/pg/37060" "Mozilla/5.0 AppleWebKit/537.36 (KHTML, like Gecko; compatible; GPTBot/1.3; +https://openai.com/gptbot)"
176.65.132.19 - - [01/Mar/2026:14:10:41 +0000] "GET /wp-admin/ HTTP/1.1" 302 20 "https://elementalmill.com/wp-login.php" "Mozilla/5.0 (Macintosh; Intel Mac OS X 10_15_7; rv:120.0) Gecko/20100101 Firefox/120.0"
54.80.185.200 - - [01/Mar/2026:14:10:45 +0000] "GET /shop/pg/94145 HTTP/1.1" 200 24611 "-" "Mozilla/5.0 AppleWebKit/537.36 (KHTML, like Gecko; compatible; Amazonbot/0.1; +https://developer.amazon.com/support/amazonbot) Chrome/119.0.6045.214 Safari/537.36"
213.180.203.200 - - [01/Mar/2026:14:10:45 +0000] "GET /shopping/products/16217260023 HTTP/1.1" 200 25108 "-" "Mozilla/5.0 (compatible; YandexBot/3.0; +http://yandex.com/bots)"
176.65.132.19 - - [01/Mar/2026:14:10:44 +0000] "GET /wp-admin/ HTTP/1.1" 302 20 "https://elementalmill.com/wp-login.php" "Mozilla/5.0 (Macintosh; Intel Mac OS X 10_15_7; rv:120.0) Gecko/20100101 Firefox/120.0"
144.76.32.114 - - [01/Mar/2026:14:10:46 +0000] "GET /shopping/products/1619600642 HTTP/1.1" 200 24710 "-" "Mozilla/5.0 (compatible; SERankingBacklinksBot/1.0; +https://seranking.com/backlinks-crawler)"
74.7.242.62 - - [01/Mar/2026:14:10:47 +0000] "GET /shop/pg/1676181 HTTP/2.0" 200 24806 "https://www.elementalmill.com.lab2454.com/shop/pg/16201459720" "Mozilla/5.0 AppleWebKit/537.36 (KHTML, like Gecko; compatible; GPTBot/1.3; +https://openai.com/gptbot)"
176.65.132.19 - - [01/Mar/2026:14:10:47 +0000] "GET /wp-admin/ HTTP/1.1" 302 20 "https://elementalmill.com/wp-login.php" "Mozilla/5.0 (Macintosh; Intel Mac OS X 10_15_7; rv:120.0) Gecko/20100101 Firefox/120.0"
144.76.32.114 - - [01/Mar/2026:14:10:49 +0000] "GET /shopping/products/1618329889 HTTP/1.1" 200 24539 "-" "Mozilla/5.0 (compatible; SERankingBacklinksBot/1.0; +https://seranking.com/backlinks-crawler)"
74.7.227.51 - - [01/Mar/2026:14:10:51 +0000] "GET /shop/pg/161865082 HTTP/2.0" 200 24399 "https://elementalmill.com/shop/pg/61226" "Mozilla/5.0 AppleWebKit/537.36 (KHTML, like Gecko; compatible; GPTBot/1.3; +https://openai.com/gptbot)"
54.156.124.2 - - [01/Mar/2026:14:10:51 +0000] "GET /shop/pg/1291472 HTTP/1.1" 200 24814 "-" "Mozilla/5.0 AppleWebKit/537.36 (KHTML, like Gecko; compatible; Amazonbot/0.1; +https://developer.amazon.com/support/amazonbot) Chrome/119.0.6045.214 Safari/537.36"
176.65.132.19 - - [01/Mar/2026:14:10:50 +0000] "GET /wp-admin/ HTTP/1.1" 302 20 "https://elementalmill.com/wp-login.php" "Mozilla/5.0 (Macintosh; Intel Mac OS X 10_15_7; rv:120.0) Gecko/20100101 Firefox/120.0"
50.16.216.166 - - [01/Mar/2026:14:10:53 +0000] "GET /?shopping/products/16201303305 HTTP/1.1" 200 24115 "-" "Mozilla/5.0 AppleWebKit/537.36 (KHTML, like Gecko; compatible; Amazonbot/0.1; +https://developer.amazon.com/support/amazonbot) Chrome/119.0.6045.214 Safari/537.36"
144.76.32.114 - - [01/Mar/2026:14:10:53 +0000] "GET /shopping/products/1619600680 HTTP/1.1" 200 24505 "-" "Mozilla/5.0 (compatible; SERankingBacklinksBot/1.0; +https://seranking.com/backlinks-crawler)"
176.65.132.19 - - [01/Mar/2026:14:10:54 +0000] "GET /wp-admin/ HTTP/1.1" 302 20 "https://elementalmill.com/wp-login.php" "Mozilla/5.0 (Macintosh; Intel Mac OS X 10_15_7; rv:120.0) Gecko/20100101 Firefox/120.0"
74.7.242.62 - - [01/Mar/2026:14:10:57 +0000] "GET /shop/pg/1572798 HTTP/2.0" 200 26107 "https://www.elementalmill.com.lab2454.com/shop/pg/16201356337" "Mozilla/5.0 AppleWebKit/537.36 (KHTML, like Gecko; compatible; GPTBot/1.3; +https://openai.com/gptbot)"
18.215.49.176 - - [01/Mar/2026:14:10:57 +0000] "GET /shop/pg/923580 HTTP/1.1" 200 24571 "-" "Mozilla/5.0 AppleWebKit/537.36 (KHTML, like Gecko; compatible; Amazonbot/0.1; +https://developer.amazon.com/support/amazonbot) Chrome/119.0.6045.214 Safari/537.36"
144.76.32.114 - - [01/Mar/2026:14:10:57 +0000] "GET /shopping/products/1618329896 HTTP/1.1" 200 24616 "-" "Mozilla/5.0 (compatible; SERankingBacklinksBot/1.0; +https://seranking.com/backlinks-crawler)"
176.65.132.19 - - [01/Mar/2026:14:10:57 +0000] "GET /wp-admin/ HTTP/1.1" 302 20 "https://elementalmill.com/wp-login.php" "Mozilla/5.0 (Macintosh; Intel Mac OS X 10_15_7; rv:120.0) Gecko/20100101 Firefox/120.0"
74.7.227.51 - - [01/Mar/2026:14:11:00 +0000] "GET /shop/pg/161843065 HTTP/2.0" 200 24075 "https://elementalmill.com/shop/pg/39205" "Mozilla/5.0 AppleWebKit/537.36 (KHTML, like Gecko; compatible; GPTBot/1.3; +https://openai.com/gptbot)"
52.0.63.151 - - [01/Mar/2026:14:11:01 +0000] "GET /shop/pg/120002 HTTP/1.1" 200 24904 "-" "Mozilla/5.0 AppleWebKit/537.36 (KHTML, like Gecko; compatible; Amazonbot/0.1; +https://developer.amazon.com/support/amazonbot) Chrome/119.0.6045.214 Safari/537.36"
176.65.132.19 - - [01/Mar/2026:14:11:00 +0000] "GET /wp-admin/ HTTP/1.1" 302 20 "https://elementalmill.com/wp-login.php" "Mozilla/5.0 (Macintosh; Intel Mac OS X 10_15_7; rv:120.0) Gecko/20100101 Firefox/120.0"
144.76.32.114 - - [01/Mar/2026:14:11:02 +0000] "GET /shopping/products/1619600791 HTTP/1.1" 200 24631 "-" "Mozilla/5.0 (compatible; SERankingBacklinksBot/1.0; +https://seranking.com/backlinks-crawler)"
176.65.132.19 - - [01/Mar/2026:14:11:03 +0000] "GET /wp-admin/ HTTP/1.1" 302 20 "https://elementalmill.com/wp-login.php" "Mozilla/5.0 (Macintosh; Intel Mac OS X 10_15_7; rv:120.0) Gecko/20100101 Firefox/120.0"
98.82.66.172 - - [01/Mar/2026:14:11:05 +0000] "GET /shop/pg/41000 HTTP/1.1" 200 24307 "-" "Mozilla/5.0 AppleWebKit/537.36 (KHTML, like Gecko; compatible; Amazonbot/0.1; +https://developer.amazon.com/support/amazonbot) Chrome/119.0.6045.214 Safari/537.36"
144.76.32.114 - - [01/Mar/2026:14:11:06 +0000] "GET /shopping/products/1618329915 HTTP/1.1" 200 24594 "-" "Mozilla/5.0 (compatible; SERankingBacklinksBot/1.0; +https://seranking.com/backlinks-crawler)"
74.7.242.62 - - [01/Mar/2026:14:11:07 +0000] "GET /shop/pg/1244998 HTTP/2.0" 200 25826 "https://www.elementalmill.com.lab2454.com/shop/pg/1243841" "Mozilla/5.0 AppleWebKit/537.36 (KHTML, like Gecko; compatible; GPTBot/1.3; +https://openai.com/gptbot)"
176.65.132.19 - - [01/Mar/2026:14:11:06 +0000] "GET /wp-admin/ HTTP/1.1" 302 20 "https://elementalmill.com/wp-login.php" "Mozilla/5.0 (Macintosh; Intel Mac OS X 10_15_7; rv:120.0) Gecko/20100101 Firefox/120.0"
98.82.214.73 - - [01/Mar/2026:14:11:09 +0000] "GET /shop/pg/63250 HTTP/1.1" 200 24016 "-" "Mozilla/5.0 AppleWebKit/537.36 (KHTML, like Gecko; compatible; Amazonbot/0.1; +https://developer.amazon.com/support/amazonbot) Chrome/119.0.6045.214 Safari/537.36"
144.76.32.114 - - [01/Mar/2026:14:11:10 +0000] "GET /shopping/products/1619600828 HTTP/1.1" 200 24380 "-" "Mozilla/5.0 (compatible; SERankingBacklinksBot/1.0; +https://seranking.com/backlinks-crawler)"
176.65.132.19 - - [01/Mar/2026:14:11:09 +0000] "GET /wp-admin/ HTTP/1.1" 302 20 "https://elementalmill.com/wp-login.php" "Mozilla/5.0 (Macintosh; Intel Mac OS X 10_15_7; rv:120.0) Gecko/20100101 Firefox/120.0"
184.73.239.35 - - [01/Mar/2026:14:11:13 +0000] "GET /shop/pg/112014 HTTP/1.1" 200 24145 "-" "Mozilla/5.0 AppleWebKit/537.36 (KHTML, like Gecko; compatible; Amazonbot/0.1; +https://developer.amazon.com/support/amazonbot) Chrome/119.0.6045.214 Safari/537.36"
176.65.132.19 - - [01/Mar/2026:14:11:12 +0000] "GET /wp-admin/ HTTP/1.1" 302 20 "https://elementalmill.com/wp-login.php" "Mozilla/5.0 (Macintosh; Intel Mac OS X 10_15_7; rv:120.0) Gecko/20100101 Firefox/120.0"
144.76.32.114 - - [01/Mar/2026:14:11:14 +0000] "GET /shopping/products/1618329921 HTTP/1.1" 200 24617 "-" "Mozilla/5.0 (compatible; SERankingBacklinksBot/1.0; +https://seranking.com/backlinks-crawler)"
176.65.132.19 - - [01/Mar/2026:14:11:14 +0000] "GET /wp-admin/ HTTP/1.1" 302 20 "https://elementalmill.com/wp-login.php" "Mozilla/5.0 (Macintosh; Intel Mac OS X 10_15_7; rv:120.0) Gecko/20100101 Firefox/120.0"
3.219.80.71 - - [01/Mar/2026:14:11:17 +0000] "GET /shop/pg/52104 HTTP/1.1" 200 24263 "-" "Mozilla/5.0 AppleWebKit/537.36 (KHTML, like Gecko; compatible; Amazonbot/0.1; +https://developer.amazon.com/support/amazonbot) Chrome/119.0.6045.214 Safari/537.36"
144.76.32.114 - - [01/Mar/2026:14:11:18 +0000] "GET /shopping/products/1619600934 HTTP/1.1" 200 24269 "-" "Mozilla/5.0 (compatible; SERankingBacklinksBot/1.0; +https://seranking.com/backlinks-crawler)"
176.65.132.19 - - [01/Mar/2026:14:11:17 +0000] "GET /wp-admin/ HTTP/1.1" 302 20 "https://elementalmill.com/wp-login.php" "Mozilla/5.0 (Macintosh; Intel Mac OS X 10_15_7; rv:120.0) Gecko/20100101 Firefox/120.0"
74.7.242.62 - - [01/Mar/2026:14:11:20 +0000] "GET /shop/pg/16201263895 HTTP/2.0" 200 24866 "https://www.elementalmill.com.lab2454.com/shop/pg/1258511" "Mozilla/5.0 AppleWebKit/537.36 (KHTML, like Gecko; compatible; GPTBot/1.3; +https://openai.com/gptbot)"
35.170.205.140 - - [01/Mar/2026:14:11:21 +0000] "GET /?category/16231003188 HTTP/1.1" 200 19574 "-" "Mozilla/5.0 AppleWebKit/537.36 (KHTML, like Gecko; compatible; Amazonbot/0.1; +https://developer.amazon.com/support/amazonbot) Chrome/119.0.6045.214 Safari/537.36"
144.76.32.114 - - [01/Mar/2026:14:11:22 +0000] "GET /shopping/products/1618329942 HTTP/1.1" 200 25129 "-" "Mozilla/5.0 (compatible; SERankingBacklinksBot/1.0; +https://seranking.com/backlinks-crawler)"
176.65.132.19 - - [01/Mar/2026:14:11:20 +0000] "GET /wp-admin/ HTTP/1.1" 302 20 "https://elementalmill.com/wp-login.php" "Mozilla/5.0 (Macintosh; Intel Mac OS X 10_15_7; rv:120.0) Gecko/20100101 Firefox/120.0"
74.7.227.51 - - [01/Mar/2026:14:11:23 +0000] "GET /shop/pg/161839012 HTTP/2.0" 200 24440 "https://elementalmill.com/shop/pg/35160" "Mozilla/5.0 AppleWebKit/537.36 (KHTML, like Gecko; compatible; GPTBot/1.3; +https://openai.com/gptbot)"
3.216.13.10 - - [01/Mar/2026:14:11:25 +0000] "GET /?category/16231000303 HTTP/1.1" 200 22775 "-" "Mozilla/5.0 AppleWebKit/537.36 (KHTML, like Gecko; compatible; Amazonbot/0.1; +https://developer.amazon.com/support/amazonbot) Chrome/119.0.6045.214 Safari/537.36"
66.249.64.39 - - [01/Mar/2026:14:11:25 +0000] "GET /shopping/products/16201350321 HTTP/1.1" 200 25472 "-" "Mozilla/5.0 (Linux; Android 6.0.1; Nexus 5X Build/MMB29P) AppleWebKit/537.36 (KHTML, like Gecko) Chrome/144.0.7559.132 Mobile Safari/537.36 (compatible; Googlebot/2.1; +http://www.google.com/bot.html)"
176.65.132.19 - - [01/Mar/2026:14:11:23 +0000] "GET /wp-admin/ HTTP/1.1" 302 20 "https://elementalmill.com/wp-login.php" "Mozilla/5.0 (Macintosh; Intel Mac OS X 10_15_7; rv:120.0) Gecko/20100101 Firefox/120.0"
144.76.32.114 - - [01/Mar/2026:14:11:26 +0000] "GET /shopping/products/1619600954 HTTP/1.1" 200 24077 "-" "Mozilla/5.0 (compatible; SERankingBacklinksBot/1.0; +https://seranking.com/backlinks-crawler)"
176.65.132.19 - - [01/Mar/2026:14:11:26 +0000] "GET /wp-admin/ HTTP/1.1" 302 20 "https://elementalmill.com/wp-login.php" "Mozilla/5.0 (Macintosh; Intel Mac OS X 10_15_7; rv:120.0) Gecko/20100101 Firefox/120.0"
3.219.81.66 - - [01/Mar/2026:14:11:29 +0000] "GET /shop/pg/52964 HTTP/1.1" 200 24514 "-" "Mozilla/5.0 AppleWebKit/537.36 (KHTML, like Gecko; compatible; Amazonbot/0.1; +https://developer.amazon.com/support/amazonbot) Chrome/119.0.6045.214 Safari/537.36"
144.76.32.114 - - [01/Mar/2026:14:11:30 +0000] "GET /shopping/products/1618329973 HTTP/1.1" 200 24461 "-" "Mozilla/5.0 (compatible; SERankingBacklinksBot/1.0; +https://seranking.com/backlinks-crawler)"
139.162.194.112 - - [01/Mar/2026:14:11:29 +0000] "POST /wp-cron.php?doing_wp_cron=1772374289.1410660743713378906250 HTTP/1.1" 404 13168 "-" "WordPress/6.9.1; https://elementalmill.com"
176.65.132.19 - - [01/Mar/2026:14:11:31 +0000] "GET /wp-admin/ HTTP/1.1" 302 20 "https://elementalmill.com/wp-login.php" "Mozilla/5.0 (Macintosh; Intel Mac OS X 10_15_7; rv:120.0) Gecko/20100101 Firefox/120.0"
98.84.70.201 - - [01/Mar/2026:14:11:33 +0000] "GET /?category/16231000815 HTTP/1.1" 200 17405 "-" "Mozilla/5.0 AppleWebKit/537.36 (KHTML, like Gecko; compatible; Amazonbot/0.1; +https://developer.amazon.com/support/amazonbot) Chrome/119.0.6045.214 Safari/537.36"
144.76.32.114 - - [01/Mar/2026:14:11:34 +0000] "GET /shopping/products/1619600972 HTTP/1.1" 200 24293 "-" "Mozilla/5.0 (compatible; SERankingBacklinksBot/1.0; +https://seranking.com/backlinks-crawler)"
176.65.132.19 - - [01/Mar/2026:14:11:34 +0000] "GET /wp-admin/ HTTP/1.1" 302 20 "https://elementalmill.com/wp-login.php" "Mozilla/5.0 (Macintosh; Intel Mac OS X 10_15_7; rv:120.0) Gecko/20100101 Firefox/120.0"
74.7.242.62 - - [01/Mar/2026:14:11:36 +0000] "GET /shop/pg/1259668 HTTP/2.0" 200 25579 "https://www.elementalmill.com.lab2454.com/shop/pg/1258511" "Mozilla/5.0 AppleWebKit/537.36 (KHTML, like Gecko; compatible; GPTBot/1.3; +https://openai.com/gptbot)"
44.217.177.142 - - [01/Mar/2026:14:11:37 +0000] "GET /shop/pg/2014538 HTTP/1.1" 200 24701 "-" "Mozilla/5.0 AppleWebKit/537.36 (KHTML, like Gecko; compatible; Amazonbot/0.1; +https://developer.amazon.com/support/amazonbot) Chrome/119.0.6045.214 Safari/537.36"
144.76.32.114 - - [01/Mar/2026:14:11:38 +0000] "GET /shopping/products/1618330140 HTTP/1.1" 200 24283 "-" "Mozilla/5.0 (compatible; SERankingBacklinksBot/1.0; +https://seranking.com/backlinks-crawler)"
74.7.227.51 - - [01/Mar/2026:14:11:38 +0000] "GET /shop/pg/161865271 HTTP/2.0" 200 24675 "https://elementalmill.com/shop/pg/61415" "Mozilla/5.0 AppleWebKit/537.36 (KHTML, like Gecko; compatible; GPTBot/1.3; +https://openai.com/gptbot)"
176.65.132.19 - - [01/Mar/2026:14:11:37 +0000] "GET /wp-admin/profile.php HTTP/1.1" 404 12378 "https://elementalmill.com/wp-login.php" "Mozilla/5.0 (Macintosh; Intel Mac OS X 10_15_7; rv:120.0) Gecko/20100101 Firefox/120.0"
34.196.114.170 - - [01/Mar/2026:14:11:41 +0000] "GET /shop/pg/2017184 HTTP/1.1" 200 24778 "-" "Mozilla/5.0 AppleWebKit/537.36 (KHTML, like Gecko; compatible; Amazonbot/0.1; +https://developer.amazon.com/support/amazonbot) Chrome/119.0.6045.214 Safari/537.36"
176.65.132.19 - - [01/Mar/2026:14:11:40 +0000] "GET /wp-admin/edit.php HTTP/1.1" 404 12378 "https://elementalmill.com/wp-login.php" "Mozilla/5.0 (Macintosh; Intel Mac OS X 10_15_7; rv:120.0) Gecko/20100101 Firefox/120.0"
144.76.32.114 - - [01/Mar/2026:14:11:42 +0000] "GET /shopping/products/1619600985 HTTP/1.1" 200 24139 "-" "Mozilla/5.0 (compatible; SERankingBacklinksBot/1.0; +https://seranking.com/backlinks-crawler)"
176.65.132.19 - - [01/Mar/2026:14:11:43 +0000] "GET /wp-admin/plugins.php HTTP/1.1" 404 12378 "https://elementalmill.com/wp-login.php" "Mozilla/5.0 (Macintosh; Intel Mac OS X 10_15_7; rv:120.0) Gecko/20100101 Firefox/120.0"
34.194.95.99 - - [01/Mar/2026:14:11:46 +0000] "GET /shop/pg/2014190 HTTP/1.1" 200 26152 "-" "Mozilla/5.0 AppleWebKit/537.36 (KHTML, like Gecko; compatible; Amazonbot/0.1; +https://developer.amazon.com/support/amazonbot) Chrome/119.0.6045.214 Safari/537.36"
144.76.32.114 - - [01/Mar/2026:14:11:46 +0000] "GET /shopping/products/1618330209 HTTP/1.1" 200 24092 "-" "Mozilla/5.0 (compatible; SERankingBacklinksBot/1.0; +https://seranking.com/backlinks-crawler)"
74.7.242.62 - - [01/Mar/2026:14:11:47 +0000] "GET /shop/pg/16201167532 HTTP/2.0" 200 25080 "https://www.elementalmill.com.lab2454.com/shop/pg/1162148" "Mozilla/5.0 AppleWebKit/537.36 (KHTML, like Gecko; compatible; GPTBot/1.3; +https://openai.com/gptbot)"
176.65.132.19 - - [01/Mar/2026:14:11:47 +0000] "POST /wp-login.php HTTP/1.1" 200 2959 "https://elementalmill.com/wp-login.php" "Mozilla/5.0 (X11; Linux x86_64) AppleWebKit/537.36 (KHTML, like Gecko) Chrome/118.0.0.0 Safari/537.36"
5.255.231.193 - - [01/Mar/2026:14:11:48 +0000] "GET /robots.txt HTTP/1.1" 200 870 "-" "Mozilla/5.0 (compatible; YandexBot/3.0; +http://yandex.com/bots)"
52.3.26.180 - - [01/Mar/2026:14:11:49 +0000] "GET /?category/162310157 HTTP/1.1" 200 19863 "-" "Mozilla/5.0 AppleWebKit/537.36 (KHTML, like Gecko; compatible; Amazonbot/0.1; +https://developer.amazon.com/support/amazonbot) Chrome/119.0.6045.214 Safari/537.36"
144.76.32.114 - - [01/Mar/2026:14:11:50 +0000] "GET /shopping/products/1619601070 HTTP/1.1" 200 24784 "-" "Mozilla/5.0 (compatible; SERankingBacklinksBot/1.0; +https://seranking.com/backlinks-crawler)"
176.65.132.19 - - [01/Mar/2026:14:11:49 +0000] "GET /wp-admin/index.php HTTP/1.1" 301 20 "https://elementalmill.com/wp-login.php" "Mozilla/5.0 (Macintosh; Intel Mac OS X 10_15_7) AppleWebKit/537.36 (KHTML, like Gecko) Chrome/118.0.0.0 Safari/537.36"
176.65.132.19 - - [01/Mar/2026:14:11:52 +0000] "GET /wp-admin/ HTTP/1.1" 302 20 "https://elementalmill.com/wp-login.php" "Mozilla/5.0 (Macintosh; Intel Mac OS X 10_15_7) AppleWebKit/537.36 (KHTML, like Gecko) Chrome/118.0.0.0 Safari/537.36"
144.76.32.114 - - [01/Mar/2026:14:11:54 +0000] "GET /shopping/products/1618330215 HTTP/1.1" 200 24711 "-" "Mozilla/5.0 (compatible; SERankingBacklinksBot/1.0; +https://seranking.com/backlinks-crawler)"
34.225.87.80 - - [01/Mar/2026:14:11:54 +0000] "GET /shop/pg/734214 HTTP/1.1" 200 24517 "-" "Mozilla/5.0 AppleWebKit/537.36 (KHTML, like Gecko; compatible; Amazonbot/0.1; +https://developer.amazon.com/support/amazonbot) Chrome/119.0.6045.214 Safari/537.36"
52.204.71.8 - - [01/Mar/2026:14:11:57 +0000] "GET /shop/pg/6922 HTTP/1.1" 200 24910 "-" "Mozilla/5.0 AppleWebKit/537.36 (KHTML, like Gecko; compatible; Amazonbot/0.1; +https://developer.amazon.com/support/amazonbot) Chrome/119.0.6045.214 Safari/537.36"
176.65.132.19 - - [01/Mar/2026:14:11:55 +0000] "GET /wp-admin/ HTTP/1.1" 302 20 "https://elementalmill.com/wp-login.php" "Mozilla/5.0 (Macintosh; Intel Mac OS X 10_15_7) AppleWebKit/537.36 (KHTML, like Gecko) Chrome/118.0.0.0 Safari/537.36"
144.76.32.114 - - [01/Mar/2026:14:11:58 +0000] "GET /shopping/products/1619601157 HTTP/1.1" 200 24259 "-" "Mozilla/5.0 (compatible; SERankingBacklinksBot/1.0; +https://seranking.com/backlinks-crawler)"
176.65.132.19 - - [01/Mar/2026:14:11:58 +0000] "GET /wp-admin/ HTTP/1.1" 302 20 "https://elementalmill.com/wp-login.php" "Mozilla/5.0 (Macintosh; Intel Mac OS X 10_15_7) AppleWebKit/537.36 (KHTML, like Gecko) Chrome/118.0.0.0 Safari/537.36"
74.7.242.62 - - [01/Mar/2026:14:12:00 +0000] "GET /shop/pg/16201168978 HTTP/2.0" 200 24524 "https://www.elementalmill.com.lab2454.com/shop/pg/1163602" "Mozilla/5.0 AppleWebKit/537.36 (KHTML, like Gecko; compatible; GPTBot/1.3; +https://openai.com/gptbot)"
144.76.32.114 - - [01/Mar/2026:14:12:02 +0000] "GET /shopping/products/1618330262 HTTP/1.1" 200 24472 "-" "Mozilla/5.0 (compatible; SERankingBacklinksBot/1.0; +https://seranking.com/backlinks-crawler)"
18.235.81.246 - - [01/Mar/2026:14:12:02 +0000] "GET /shop/pg/21809 HTTP/1.1" 200 23913 "-" "Mozilla/5.0 AppleWebKit/537.36 (KHTML, like Gecko; compatible; Amazonbot/0.1; +https://developer.amazon.com/support/amazonbot) Chrome/119.0.6045.214 Safari/537.36"
176.65.132.19 - - [01/Mar/2026:14:12:00 +0000] "GET /wp-admin/ HTTP/1.1" 302 20 "https://elementalmill.com/wp-login.php" "Mozilla/5.0 (Macintosh; Intel Mac OS X 10_15_7) AppleWebKit/537.36 (KHTML, like Gecko) Chrome/118.0.0.0 Safari/537.36"
18.211.148.239 - - [01/Mar/2026:14:12:05 +0000] "GET /shop/pg/911108 HTTP/1.1" 200 24420 "-" "Mozilla/5.0 AppleWebKit/537.36 (KHTML, like Gecko; compatible; Amazonbot/0.1; +https://developer.amazon.com/support/amazonbot) Chrome/119.0.6045.214 Safari/537.36"
176.65.132.19 - - [01/Mar/2026:14:12:04 +0000] "GET /wp-admin/ HTTP/1.1" 302 20 "https://elementalmill.com/wp-login.php" "Mozilla/5.0 (Macintosh; Intel Mac OS X 10_15_7) AppleWebKit/537.36 (KHTML, like Gecko) Chrome/118.0.0.0 Safari/537.36"
144.76.32.114 - - [01/Mar/2026:14:12:06 +0000] "GET /shopping/products/1619601166 HTTP/1.1" 200 24138 "-" "Mozilla/5.0 (compatible; SERankingBacklinksBot/1.0; +https://seranking.com/backlinks-crawler)"
176.65.132.19 - - [01/Mar/2026:14:12:06 +0000] "GET /wp-admin/ HTTP/1.1" 302 20 "https://elementalmill.com/wp-login.php" "Mozilla/5.0 (Macintosh; Intel Mac OS X 10_15_7) AppleWebKit/537.36 (KHTML, like Gecko) Chrome/118.0.0.0 Safari/537.36"
144.76.32.114 - - [01/Mar/2026:14:12:10 +0000] "GET /shopping/products/1618330290 HTTP/1.1" 200 24748 "-" "Mozilla/5.0 (compatible; SERankingBacklinksBot/1.0; +https://seranking.com/backlinks-crawler)"
176.65.132.19 - - [01/Mar/2026:14:12:09 +0000] "GET /wp-admin/ HTTP/1.1" 302 20 "https://elementalmill.com/wp-login.php" "Mozilla/5.0 (Macintosh; Intel Mac OS X 10_15_7) AppleWebKit/537.36 (KHTML, like Gecko) Chrome/118.0.0.0 Safari/537.36"
52.71.216.196 - - [01/Mar/2026:14:12:11 +0000] "GET /shop/pg/735671 HTTP/1.1" 200 24299 "-" "Mozilla/5.0 AppleWebKit/537.36 (KHTML, like Gecko; compatible; Amazonbot/0.1; +https://developer.amazon.com/support/amazonbot) Chrome/119.0.6045.214 Safari/537.36"
54.225.98.148 - - [01/Mar/2026:14:12:13 +0000] "GET /shop/pg/74487 HTTP/1.1" 200 25453 "-" "Mozilla/5.0 AppleWebKit/537.36 (KHTML, like Gecko; compatible; Amazonbot/0.1; +https://developer.amazon.com/support/amazonbot) Chrome/119.0.6045.214 Safari/537.36"
74.7.242.62 - - [01/Mar/2026:14:12:13 +0000] "GET /shop/pg/1517905 HTTP/2.0" 200 25351 "https://www.elementalmill.com.lab2454.com/shop/pg/16201301454" "Mozilla/5.0 AppleWebKit/537.36 (KHTML, like Gecko; compatible; GPTBot/1.3; +https://openai.com/gptbot)"
176.65.132.19 - - [01/Mar/2026:14:12:12 +0000] "GET /wp-admin/ HTTP/1.1" 302 20 "https://elementalmill.com/wp-login.php" "Mozilla/5.0 (Macintosh; Intel Mac OS X 10_15_7) AppleWebKit/537.36 (KHTML, like Gecko) Chrome/118.0.0.0 Safari/537.36"
144.76.32.114 - - [01/Mar/2026:14:12:14 +0000] "GET /shopping/products/1619601171 HTTP/1.1" 200 24234 "-" "Mozilla/5.0 (compatible; SERankingBacklinksBot/1.0; +https://seranking.com/backlinks-crawler)"
74.7.227.51 - - [01/Mar/2026:14:12:16 +0000] "GET /shop/pg/161887246 HTTP/2.0" 200 24536 "https://elementalmill.com/shop/pg/83374" "Mozilla/5.0 AppleWebKit/537.36 (KHTML, like Gecko; compatible; GPTBot/1.3; +https://openai.com/gptbot)"
176.65.132.19 - - [01/Mar/2026:14:12:15 +0000] "GET /wp-admin/ HTTP/1.1" 302 20 "https://elementalmill.com/wp-login.php" "Mozilla/5.0 (Macintosh; Intel Mac OS X 10_15_7) AppleWebKit/537.36 (KHTML, like Gecko) Chrome/118.0.0.0 Safari/537.36"
34.239.85.139 - - [01/Mar/2026:14:12:17 +0000] "GET /shop/pg/1000584 HTTP/1.1" 200 24641 "-" "Mozilla/5.0 AppleWebKit/537.36 (KHTML, like Gecko; compatible; Amazonbot/0.1; +https://developer.amazon.com/support/amazonbot) Chrome/119.0.6045.214 Safari/537.36"
144.76.32.114 - - [01/Mar/2026:14:12:18 +0000] "GET /shopping/products/1618330328 HTTP/1.1" 200 24584 "-" "Mozilla/5.0 (compatible; SERankingBacklinksBot/1.0; +https://seranking.com/backlinks-crawler)"
176.65.132.19 - - [01/Mar/2026:14:12:18 +0000] "GET /wp-admin/ HTTP/1.1" 302 20 "https://elementalmill.com/wp-login.php" "Mozilla/5.0 (Macintosh; Intel Mac OS X 10_15_7) AppleWebKit/537.36 (KHTML, like Gecko) Chrome/118.0.0.0 Safari/537.36"
54.90.244.132 - - [01/Mar/2026:14:12:21 +0000] "GET /shop/pg/1082425 HTTP/1.1" 200 24753 "-" "Mozilla/5.0 AppleWebKit/537.36 (KHTML, like Gecko; compatible; Amazonbot/0.1; +https://developer.amazon.com/support/amazonbot) Chrome/119.0.6045.214 Safari/537.36"
144.76.32.114 - - [01/Mar/2026:14:12:22 +0000] "GET /shopping/products/1619601190 HTTP/1.1" 200 24496 "-" "Mozilla/5.0 (compatible; SERankingBacklinksBot/1.0; +https://seranking.com/backlinks-crawler)"
176.65.132.19 - - [01/Mar/2026:14:12:21 +0000] "GET /wp-admin/ HTTP/1.1" 302 20 "https://elementalmill.com/wp-login.php" "Mozilla/5.0 (Macintosh; Intel Mac OS X 10_15_7) AppleWebKit/537.36 (KHTML, like Gecko) Chrome/118.0.0.0 Safari/537.36"
44.205.180.155 - - [01/Mar/2026:14:12:25 +0000] "GET /shop/pg/2016143 HTTP/1.1" 200 24979 "-" "Mozilla/5.0 AppleWebKit/537.36 (KHTML, like Gecko; compatible; Amazonbot/0.1; +https://developer.amazon.com/support/amazonbot) Chrome/119.0.6045.214 Safari/537.36"
176.65.132.19 - - [01/Mar/2026:14:12:25 +0000] "GET /wp-admin/ HTTP/1.1" 302 20 "https://elementalmill.com/wp-login.php" "Mozilla/5.0 (Macintosh; Intel Mac OS X 10_15_7) AppleWebKit/537.36 (KHTML, like Gecko) Chrome/118.0.0.0 Safari/537.36"
144.76.32.114 - - [01/Mar/2026:14:12:26 +0000] "GET /shopping/products/1618330343 HTTP/1.1" 200 24176 "-" "Mozilla/5.0 (compatible; SERankingBacklinksBot/1.0; +https://seranking.com/backlinks-crawler)"
66.249.64.41 - - [01/Mar/2026:14:12:27 +0000] "GET /shop/customer/bookmark.php?shopping/products/1618210961 HTTP/1.1" 200 25022 "-" "Mozilla/5.0 (Linux; Android 6.0.1; Nexus 5X Build/MMB29P) AppleWebKit/537.36 (KHTML, like Gecko) Chrome/144.0.7559.132 Mobile Safari/537.36 (compatible; Googlebot/2.1; +http://www.google.com/bot.html)"
74.7.242.62 - - [01/Mar/2026:14:12:28 +0000] "GET /shop/pg/1384006 HTTP/2.0" 200 24779 "https://www.elementalmill.com.lab2454.com/shop/pg/1382843" "Mozilla/5.0 AppleWebKit/537.36 (KHTML, like Gecko; compatible; GPTBot/1.3; +https://openai.com/gptbot)"
74.7.227.51 - - [01/Mar/2026:14:12:29 +0000] "GET /shop/pg/1618305644 HTTP/2.0" 200 24597 "https://elementalmill.com/shop/pg/161822593" "Mozilla/5.0 AppleWebKit/537.36 (KHTML, like Gecko; compatible; GPTBot/1.3; +https://openai.com/gptbot)"
5.255.231.111 - - [01/Mar/2026:14:12:29 +0000] "GET /shopping/products/16182897795 HTTP/1.1" 200 24559 "-" "Mozilla/5.0 (compatible; YandexBot/3.0; +http://yandex.com/bots)"
35.172.125.172 - - [01/Mar/2026:14:12:29 +0000] "GET /shop/pg/573126 HTTP/1.1" 200 24786 "-" "Mozilla/5.0 AppleWebKit/537.36 (KHTML, like Gecko; compatible; Amazonbot/0.1; +https://developer.amazon.com/support/amazonbot) Chrome/119.0.6045.214 Safari/537.36"
5.255.231.204 - - [01/Mar/2026:14:12:29 +0000] "GET /shopping/products/162027518420 HTTP/1.1" 200 24535 "-" "Mozilla/5.0 (compatible; YandexBot/3.0; +http://yandex.com/bots)"
176.65.132.19 - - [01/Mar/2026:14:12:28 +0000] "GET /wp-admin/ HTTP/1.1" 302 20 "https://elementalmill.com/wp-login.php" "Mozilla/5.0 (Macintosh; Intel Mac OS X 10_15_7) AppleWebKit/537.36 (KHTML, like Gecko) Chrome/118.0.0.0 Safari/537.36"
144.76.32.114 - - [01/Mar/2026:14:12:30 +0000] "GET /shopping/products/1619601223 HTTP/1.1" 200 24649 "-" "Mozilla/5.0 (compatible; SERankingBacklinksBot/1.0; +https://seranking.com/backlinks-crawler)"
139.162.194.112 - - [01/Mar/2026:14:12:30 +0000] "POST /wp-cron.php?doing_wp_cron=1772374350.4308059215545654296875 HTTP/1.1" 404 13168 "-" "WordPress/6.9.1; https://elementalmill.com"
176.65.132.19 - - [01/Mar/2026:14:12:32 +0000] "GET /wp-admin/ HTTP/1.1" 302 20 "https://elementalmill.com/wp-login.php" "Mozilla/5.0 (Macintosh; Intel Mac OS X 10_15_7) AppleWebKit/537.36 (KHTML, like Gecko) Chrome/118.0.0.0 Safari/537.36"
54.225.98.148 - - [01/Mar/2026:14:12:33 +0000] "GET /shop/pg/86095 HTTP/1.1" 200 24578 "-" "Mozilla/5.0 AppleWebKit/537.36 (KHTML, like Gecko; compatible; Amazonbot/0.1; +https://developer.amazon.com/support/amazonbot) Chrome/119.0.6045.214 Safari/537.36"
144.76.32.114 - - [01/Mar/2026:14:12:34 +0000] "GET /shopping/products/1618330367 HTTP/1.1" 200 25613 "-" "Mozilla/5.0 (compatible; SERankingBacklinksBot/1.0; +https://seranking.com/backlinks-crawler)"
176.65.132.19 - - [01/Mar/2026:14:12:35 +0000] "GET /wp-admin/ HTTP/1.1" 302 20 "https://elementalmill.com/wp-login.php" "Mozilla/5.0 (Macintosh; Intel Mac OS X 10_15_7) AppleWebKit/537.36 (KHTML, like Gecko) Chrome/118.0.0.0 Safari/537.36"
3.217.82.254 - - [01/Mar/2026:14:12:37 +0000] "GET /shop/pg/762425 HTTP/1.1" 200 24571 "-" "Mozilla/5.0 AppleWebKit/537.36 (KHTML, like Gecko; compatible; Amazonbot/0.1; +https://developer.amazon.com/support/amazonbot) Chrome/119.0.6045.214 Safari/537.36"
74.7.242.62 - - [01/Mar/2026:14:12:37 +0000] "GET /shop/pg/16201470113 HTTP/2.0" 200 25247 "https://www.elementalmill.com.lab2454.com/shop/pg/16201249225" "Mozilla/5.0 AppleWebKit/537.36 (KHTML, like Gecko; compatible; GPTBot/1.3; +https://openai.com/gptbot)"
74.7.227.51 - - [01/Mar/2026:14:12:38 +0000] "GET /shop/pg/161869801 HTTP/2.0" 200 25142 "https://elementalmill.com/shop/pg/65919" "Mozilla/5.0 AppleWebKit/537.36 (KHTML, like Gecko; compatible; GPTBot/1.3; +https://openai.com/gptbot)"
66.249.64.40 - - [01/Mar/2026:14:12:38 +0000] "GET /shopping/products/1618384405 HTTP/1.1" 200 24873 "-" "Mozilla/5.0 (compatible; Googlebot/2.1; +http://www.google.com/bot.html)"
144.76.32.114 - - [01/Mar/2026:14:12:38 +0000] "GET /shopping/products/1619601236 HTTP/1.1" 200 24883 "-" "Mozilla/5.0 (compatible; SERankingBacklinksBot/1.0; +https://seranking.com/backlinks-crawler)"
176.65.132.19 - - [01/Mar/2026:14:12:38 +0000] "GET /wp-admin/ HTTP/1.1" 302 20 "https://elementalmill.com/wp-login.php" "Mozilla/5.0 (Macintosh; Intel Mac OS X 10_15_7) AppleWebKit/537.36 (KHTML, like Gecko) Chrome/118.0.0.0 Safari/537.36"
52.73.6.26 - - [01/Mar/2026:14:12:41 +0000] "GET /shop/pg/1005073 HTTP/1.1" 200 24197 "-" "Mozilla/5.0 AppleWebKit/537.36 (KHTML, like Gecko; compatible; Amazonbot/0.1; +https://developer.amazon.com/support/amazonbot) Chrome/119.0.6045.214 Safari/537.36"
176.65.132.19 - - [01/Mar/2026:14:12:40 +0000] "GET /wp-admin/ HTTP/1.1" 302 20 "https://elementalmill.com/wp-login.php" "Mozilla/5.0 (Macintosh; Intel Mac OS X 10_15_7) AppleWebKit/537.36 (KHTML, like Gecko) Chrome/118.0.0.0 Safari/537.36"
213.180.203.121 - - [01/Mar/2026:14:12:42 +0000] "GET /shopping/products/162051741361 HTTP/1.1" 200 24694 "-" "Mozilla/5.0 (compatible; YandexBot/3.0; +http://yandex.com/bots)"
144.76.32.114 - - [01/Mar/2026:14:12:42 +0000] "GET /shopping/products/1618330407 HTTP/1.1" 200 24221 "-" "Mozilla/5.0 (compatible; SERankingBacklinksBot/1.0; +https://seranking.com/backlinks-crawler)"
5.255.231.45 - - [01/Mar/2026:14:12:43 +0000] "GET /shopping/products/1619761896 HTTP/1.1" 200 24680 "-" "Mozilla/5.0 (compatible; YandexBot/3.0; +http://yandex.com/bots)"
74.7.242.62 - - [01/Mar/2026:14:12:44 +0000] "GET /shop/pg/1325528 HTTP/2.0" 200 24467 "https://www.elementalmill.com.lab2454.com/shop/pg/16211700627" "Mozilla/5.0 AppleWebKit/537.36 (KHTML, like Gecko; compatible; GPTBot/1.3; +https://openai.com/gptbot)"
176.65.132.19 - - [01/Mar/2026:14:12:43 +0000] "GET /wp-admin/ HTTP/1.1" 302 20 "https://elementalmill.com/wp-login.php" "Mozilla/5.0 (Macintosh; Intel Mac OS X 10_15_7) AppleWebKit/537.36 (KHTML, like Gecko) Chrome/118.0.0.0 Safari/537.36"
107.20.25.33 - - [01/Mar/2026:14:12:45 +0000] "GET /shop/pg/1206618 HTTP/1.1" 200 24218 "-" "Mozilla/5.0 AppleWebKit/537.36 (KHTML, like Gecko; compatible; Amazonbot/0.1; +https://developer.amazon.com/support/amazonbot) Chrome/119.0.6045.214 Safari/537.36"
144.76.32.114 - - [01/Mar/2026:14:12:46 +0000] "GET /shopping/products/1619601287 HTTP/1.1" 200 24210 "-" "Mozilla/5.0 (compatible; SERankingBacklinksBot/1.0; +https://seranking.com/backlinks-crawler)"
176.65.132.19 - - [01/Mar/2026:14:12:47 +0000] "GET /wp-admin/ HTTP/1.1" 302 20 "https://elementalmill.com/wp-login.php" "Mozilla/5.0 (Macintosh; Intel Mac OS X 10_15_7) AppleWebKit/537.36 (KHTML, like Gecko) Chrome/118.0.0.0 Safari/537.36"
54.197.102.71 - - [01/Mar/2026:14:12:49 +0000] "GET /shop/pg/1203187 HTTP/1.1" 200 24527 "-" "Mozilla/5.0 AppleWebKit/537.36 (KHTML, like Gecko; compatible; Amazonbot/0.1; +https://developer.amazon.com/support/amazonbot) Chrome/119.0.6045.214 Safari/537.36"
144.76.32.114 - - [01/Mar/2026:14:12:50 +0000] "GET /shopping/products/1618330550 HTTP/1.1" 200 24671 "-" "Mozilla/5.0 (compatible; SERankingBacklinksBot/1.0; +https://seranking.com/backlinks-crawler)"
74.7.242.62 - - [01/Mar/2026:14:12:52 +0000] "GET /shop/pg/16211681579 HTTP/2.0" 200 25777 "https://www.elementalmill.com.lab2454.com/shop/pg/1676181" "Mozilla/5.0 AppleWebKit/537.36 (KHTML, like Gecko; compatible; GPTBot/1.3; +https://openai.com/gptbot)"
176.65.132.19 - - [01/Mar/2026:14:12:50 +0000] "GET /wp-admin/ HTTP/1.1" 302 20 "https://elementalmill.com/wp-login.php" "Mozilla/5.0 (Macintosh; Intel Mac OS X 10_15_7) AppleWebKit/537.36 (KHTML, like Gecko) Chrome/118.0.0.0 Safari/537.36"
3.232.102.111 - - [01/Mar/2026:14:12:53 +0000] "GET /shop/pg/679186 HTTP/1.1" 200 24493 "-" "Mozilla/5.0 AppleWebKit/537.36 (KHTML, like Gecko; compatible; Amazonbot/0.1; +https://developer.amazon.com/support/amazonbot) Chrome/119.0.6045.214 Safari/537.36"
144.76.32.114 - - [01/Mar/2026:14:12:54 +0000] "GET /shopping/products/1619601308 HTTP/1.1" 200 24449 "-" "Mozilla/5.0 (compatible; SERankingBacklinksBot/1.0; +https://seranking.com/backlinks-crawler)"
176.65.132.19 - - [01/Mar/2026:14:12:53 +0000] "GET /wp-admin/ HTTP/1.1" 302 20 "https://elementalmill.com/wp-login.php" "Mozilla/5.0 (Macintosh; Intel Mac OS X 10_15_7) AppleWebKit/537.36 (KHTML, like Gecko) Chrome/118.0.0.0 Safari/537.36"
98.83.8.142 - - [01/Mar/2026:14:12:57 +0000] "GET /?category/16191001079 HTTP/1.1" 200 23169 "-" "Mozilla/5.0 AppleWebKit/537.36 (KHTML, like Gecko; compatible; Amazonbot/0.1; +https://developer.amazon.com/support/amazonbot) Chrome/119.0.6045.214 Safari/537.36"
176.65.132.19 - - [01/Mar/2026:14:12:56 +0000] "GET /wp-admin/ HTTP/1.1" 302 20 "https://elementalmill.com/wp-login.php" "Mozilla/5.0 (Macintosh; Intel Mac OS X 10_15_7) AppleWebKit/537.36 (KHTML, like Gecko) Chrome/118.0.0.0 Safari/537.36"
144.76.32.114 - - [01/Mar/2026:14:12:58 +0000] "GET /shopping/products/1618330597 HTTP/1.1" 200 24386 "-" "Mozilla/5.0 (compatible; SERankingBacklinksBot/1.0; +https://seranking.com/backlinks-crawler)"
34.227.234.246 - - [01/Mar/2026:14:13:01 +0000] "GET /shop/pg/20054 HTTP/1.1" 200 24340 "-" "Mozilla/5.0 AppleWebKit/537.36 (KHTML, like Gecko; compatible; Amazonbot/0.1; +https://developer.amazon.com/support/amazonbot) Chrome/119.0.6045.214 Safari/537.36"
176.65.132.19 - - [01/Mar/2026:14:13:00 +0000] "GET /wp-admin/ HTTP/1.1" 302 20 "https://elementalmill.com/wp-login.php" "Mozilla/5.0 (Macintosh; Intel Mac OS X 10_15_7) AppleWebKit/537.36 (KHTML, like Gecko) Chrome/118.0.0.0 Safari/537.36"
144.76.32.114 - - [01/Mar/2026:14:13:02 +0000] "GET /shopping/products/1619601315 HTTP/1.1" 200 24240 "-" "Mozilla/5.0 (compatible; SERankingBacklinksBot/1.0; +https://seranking.com/backlinks-crawler)"
176.65.132.19 - - [01/Mar/2026:14:13:03 +0000] "GET /wp-admin/ HTTP/1.1" 302 20 "https://elementalmill.com/wp-login.php" "Mozilla/5.0 (Macintosh; Intel Mac OS X 10_15_7) AppleWebKit/537.36 (KHTML, like Gecko) Chrome/118.0.0.0 Safari/537.36"
44.223.116.149 - - [01/Mar/2026:14:13:05 +0000] "GET /?category/16221003003 HTTP/1.1" 200 17759 "-" "Mozilla/5.0 AppleWebKit/537.36 (KHTML, like Gecko; compatible; Amazonbot/0.1; +https://developer.amazon.com/support/amazonbot) Chrome/119.0.6045.214 Safari/537.36"
74.7.242.62 - - [01/Mar/2026:14:13:06 +0000] "GET /shop/pg/16211578214 HTTP/2.0" 200 24827 "https://www.elementalmill.com.lab2454.com/shop/pg/1572798" "Mozilla/5.0 AppleWebKit/537.36 (KHTML, like Gecko; compatible; GPTBot/1.3; +https://openai.com/gptbot)"
176.65.132.19 - - [01/Mar/2026:14:13:06 +0000] "GET /wp-admin/ HTTP/1.1" 302 20 "https://elementalmill.com/wp-login.php" "Mozilla/5.0 (Macintosh; Intel Mac OS X 10_15_7) AppleWebKit/537.36 (KHTML, like Gecko) Chrome/118.0.0.0 Safari/537.36"
144.76.32.114 - - [01/Mar/2026:14:13:07 +0000] "GET /shopping/products/1618330610 HTTP/1.1" 200 25547 "-" "Mozilla/5.0 (compatible; SERankingBacklinksBot/1.0; +https://seranking.com/backlinks-crawler)"
