176.65.132.19 - - [01/Mar/2026:14:30:53 +0000] "GET /wp-admin/ HTTP/1.1" 302 20 "https://elementalmill.com/wp-login.php" "Mozilla/5.0 (Windows NT 10.0; Win64; x64) AppleWebKit/537.36 (KHTML, like Gecko) Chrome/118.0.0.0 Safari/537.36"
65.108.2.171 - - [01/Mar/2026:14:30:55 +0000] "GET /robots.txt HTTP/1.1" 200 870 "-" "Mozilla/5.0 (compatible; MJ12bot/v1.4.8; http://mj12bot.com/)"
144.76.32.114 - - [01/Mar/2026:14:30:55 +0000] "GET /shopping/products/1618335426 HTTP/1.1" 200 25090 "-" "Mozilla/5.0 (compatible; SERankingBacklinksBot/1.0; +https://seranking.com/backlinks-crawler)"
51.77.216.212 - - [01/Mar/2026:14:30:55 +0000] "GET /shopping/products/16201247887 HTTP/1.1" 200 24903 "-" "Mozilla/5.0 (compatible; MJ12bot/v1.4.8; http://mj12bot.com/)"
176.65.132.19 - - [01/Mar/2026:14:30:55 +0000] "GET /wp-admin/ HTTP/1.1" 302 20 "https://elementalmill.com/wp-login.php" "Mozilla/5.0 (Windows NT 10.0; Win64; x64) AppleWebKit/537.36 (KHTML, like Gecko) Chrome/118.0.0.0 Safari/537.36"
65.108.2.171 - - [01/Mar/2026:14:30:57 +0000] "GET /category/161910036 HTTP/1.1" 200 26823 "-" "Mozilla/5.0 (compatible; MJ12bot/v1.4.8; http://mj12bot.com/)"
3.94.157.25 - - [01/Mar/2026:14:30:57 +0000] "GET /shop/pg/1450100 HTTP/1.1" 200 25129 "-" "Mozilla/5.0 AppleWebKit/537.36 (KHTML, like Gecko; compatible; Amazonbot/0.1; +https://developer.amazon.com/support/amazonbot) Chrome/119.0.6045.214 Safari/537.36"
51.77.216.212 - - [01/Mar/2026:14:30:58 +0000] "GET /shopping/products/16201247916 HTTP/1.1" 200 25532 "-" "Mozilla/5.0 (compatible; MJ12bot/v1.4.8; http://mj12bot.com/)"
144.76.32.114 - - [01/Mar/2026:14:30:59 +0000] "GET /shopping/products/1619607157 HTTP/1.1" 200 24917 "-" "Mozilla/5.0 (compatible; SERankingBacklinksBot/1.0; +https://seranking.com/backlinks-crawler)"
65.108.2.171 - - [01/Mar/2026:14:30:59 +0000] "GET /shopping/products/16201183230 HTTP/1.1" 200 24468 "-" "Mozilla/5.0 (compatible; MJ12bot/v1.4.8; http://mj12bot.com/)"
176.65.132.19 - - [01/Mar/2026:14:30:59 +0000] "GET /wp-admin/ HTTP/1.1" 302 20 "https://elementalmill.com/wp-login.php" "Mozilla/5.0 (Windows NT 10.0; Win64; x64) AppleWebKit/537.36 (KHTML, like Gecko) Chrome/118.0.0.0 Safari/537.36"
51.77.216.212 - - [01/Mar/2026:14:31:01 +0000] "GET /shopping/products/16201247992 HTTP/1.1" 200 25174 "-" "Mozilla/5.0 (compatible; MJ12bot/v1.4.8; http://mj12bot.com/)"
23.21.250.48 - - [01/Mar/2026:14:31:01 +0000] "GET /shop/pg/1346404 HTTP/1.1" 200 24868 "-" "Mozilla/5.0 AppleWebKit/537.36 (KHTML, like Gecko; compatible; Amazonbot/0.1; +https://developer.amazon.com/support/amazonbot) Chrome/119.0.6045.214 Safari/537.36"
65.108.2.171 - - [01/Mar/2026:14:31:02 +0000] "GET /shopping/products/16201240039 HTTP/1.1" 200 26476 "-" "Mozilla/5.0 (compatible; MJ12bot/v1.4.8; http://mj12bot.com/)"
144.76.32.114 - - [01/Mar/2026:14:31:03 +0000] "GET /shopping/products/1618335472 HTTP/1.1" 200 25796 "-" "Mozilla/5.0 (compatible; SERankingBacklinksBot/1.0; +https://seranking.com/backlinks-crawler)"
51.77.216.212 - - [01/Mar/2026:14:31:03 +0000] "GET /shopping/products/16201248005 HTTP/1.1" 200 24621 "-" "Mozilla/5.0 (compatible; MJ12bot/v1.4.8; http://mj12bot.com/)"
176.65.132.19 - - [01/Mar/2026:14:31:02 +0000] "GET /wp-admin/ HTTP/1.1" 302 20 "https://elementalmill.com/wp-login.php" "Mozilla/5.0 (Windows NT 10.0; Win64; x64) AppleWebKit/537.36 (KHTML, like Gecko) Chrome/118.0.0.0 Safari/537.36"
18.213.240.226 - - [01/Mar/2026:14:31:05 +0000] "GET /shop/pg/716122 HTTP/1.1" 200 24463 "-" "Mozilla/5.0 AppleWebKit/537.36 (KHTML, like Gecko; compatible; Amazonbot/0.1; +https://developer.amazon.com/support/amazonbot) Chrome/119.0.6045.214 Safari/537.36"
65.108.2.171 - - [01/Mar/2026:14:31:05 +0000] "GET /shopping/products/16201252300 HTTP/1.1" 200 24900 "-" "Mozilla/5.0 (compatible; MJ12bot/v1.4.8; http://mj12bot.com/)"
51.77.216.212 - - [01/Mar/2026:14:31:06 +0000] "GET /shopping/products/16201248074 HTTP/1.1" 200 25219 "-" "Mozilla/5.0 (compatible; MJ12bot/v1.4.8; http://mj12bot.com/)"
144.76.32.114 - - [01/Mar/2026:14:31:07 +0000] "GET /shopping/products/1619607166 HTTP/1.1" 200 24517 "-" "Mozilla/5.0 (compatible; SERankingBacklinksBot/1.0; +https://seranking.com/backlinks-crawler)"
176.65.132.19 - - [01/Mar/2026:14:31:05 +0000] "GET /wp-admin/profile.php HTTP/1.1" 404 12378 "https://elementalmill.com/wp-login.php" "Mozilla/5.0 (Windows NT 10.0; Win64; x64) AppleWebKit/537.36 (KHTML, like Gecko) Chrome/118.0.0.0 Safari/537.36"
51.77.216.212 - - [01/Mar/2026:14:31:09 +0000] "GET /shopping/products/16201248096 HTTP/1.1" 200 24963 "-" "Mozilla/5.0 (compatible; MJ12bot/v1.4.8; http://mj12bot.com/)"
54.225.148.123 - - [01/Mar/2026:14:31:09 +0000] "GET /shop/pg/451222 HTTP/1.1" 200 24885 "-" "Mozilla/5.0 AppleWebKit/537.36 (KHTML, like Gecko; compatible; Amazonbot/0.1; +https://developer.amazon.com/support/amazonbot) Chrome/119.0.6045.214 Safari/537.36"
139.162.194.112 - - [01/Mar/2026:14:31:08 +0000] "POST /wp-cron.php?doing_wp_cron=1772375468.1549239158630371093750 HTTP/1.1" 404 13168 "-" "WordPress/6.9.1; https://elementalmill.com"
74.7.227.51 - - [01/Mar/2026:14:31:10 +0000] "GET /shop/pg/161878381 HTTP/2.0" 200 24992 "https://elementalmill.com/shop/pg/74509" "Mozilla/5.0 AppleWebKit/537.36 (KHTML, like Gecko; compatible; GPTBot/1.3; +https://openai.com/gptbot)"
176.65.132.19 - - [01/Mar/2026:14:31:09 +0000] "GET /wp-admin/edit.php HTTP/1.1" 404 12378 "https://elementalmill.com/wp-login.php" "Mozilla/5.0 (Windows NT 10.0; Win64; x64) AppleWebKit/537.36 (KHTML, like Gecko) Chrome/118.0.0.0 Safari/537.36"
65.108.2.171 - - [01/Mar/2026:14:31:11 +0000] "GET /shopping/products/16201252367 HTTP/1.1" 200 25050 "-" "Mozilla/5.0 (compatible; MJ12bot/v1.4.8; http://mj12bot.com/)"
144.76.32.114 - - [01/Mar/2026:14:31:11 +0000] "GET /shopping/products/1618335505 HTTP/1.1" 200 24940 "-" "Mozilla/5.0 (compatible; SERankingBacklinksBot/1.0; +https://seranking.com/backlinks-crawler)"
51.77.216.212 - - [01/Mar/2026:14:31:11 +0000] "GET /shopping/products/16201248133 HTTP/1.1" 200 24965 "-" "Mozilla/5.0 (compatible; MJ12bot/v1.4.8; http://mj12bot.com/)"
66.249.64.41 - - [01/Mar/2026:14:31:12 +0000] "GET /shop/customer/bookmark.php?shopping/products/1619943708 HTTP/1.1" 200 25056 "-" "Mozilla/5.0 (Linux; Android 6.0.1; Nexus 5X Build/MMB29P) AppleWebKit/537.36 (KHTML, like Gecko) Chrome/144.0.7559.132 Mobile Safari/537.36 (compatible; Googlebot/2.1; +http://www.google.com/bot.html)"
3.90.73.206 - - [01/Mar/2026:14:31:13 +0000] "GET /shop/pg/297177 HTTP/1.1" 200 25364 "-" "Mozilla/5.0 AppleWebKit/537.36 (KHTML, like Gecko; compatible; Amazonbot/0.1; +https://developer.amazon.com/support/amazonbot) Chrome/119.0.6045.214 Safari/537.36"
66.249.64.39 - - [01/Mar/2026:14:31:13 +0000] "GET /shopping/products/1618193920 HTTP/1.1" 200 24318 "-" "Mozilla/5.0 (Linux; Android 6.0.1; Nexus 5X Build/MMB29P) AppleWebKit/537.36 (KHTML, like Gecko) Chrome/144.0.7559.132 Mobile Safari/537.36 (compatible; Googlebot/2.1; +http://www.google.com/bot.html)"
74.7.242.62 - - [01/Mar/2026:14:31:13 +0000] "GET /shop/pg/16201371652 HTTP/2.0" 200 25240 "https://www.elementalmill.com.lab2454.com/shop/pg/1366262" "Mozilla/5.0 AppleWebKit/537.36 (KHTML, like Gecko; compatible; GPTBot/1.3; +https://openai.com/gptbot)"
65.108.2.171 - - [01/Mar/2026:14:31:14 +0000] "GET /shopping/products/16201252409 HTTP/1.1" 200 25381 "-" "Mozilla/5.0 (compatible; MJ12bot/v1.4.8; http://mj12bot.com/)"
51.77.216.212 - - [01/Mar/2026:14:31:14 +0000] "GET /shopping/products/16201248157 HTTP/1.1" 200 25546 "-" "Mozilla/5.0 (compatible; MJ12bot/v1.4.8; http://mj12bot.com/)"
176.65.132.19 - - [01/Mar/2026:14:31:13 +0000] "GET /wp-admin/plugins.php HTTP/1.1" 404 12378 "https://elementalmill.com/wp-login.php" "Mozilla/5.0 (Windows NT 10.0; Win64; x64) AppleWebKit/537.36 (KHTML, like Gecko) Chrome/118.0.0.0 Safari/537.36"
144.76.32.114 - - [01/Mar/2026:14:31:15 +0000] "GET /shopping/products/1619607182 HTTP/1.1" 200 24441 "-" "Mozilla/5.0 (compatible; SERankingBacklinksBot/1.0; +https://seranking.com/backlinks-crawler)"
51.77.216.212 - - [01/Mar/2026:14:31:17 +0000] "GET /shopping/products/16201248200 HTTP/1.1" 200 25139 "-" "Mozilla/5.0 (compatible; MJ12bot/v1.4.8; http://mj12bot.com/)"
3.221.156.96 - - [01/Mar/2026:14:31:17 +0000] "GET /shop/pg/1370100 HTTP/1.1" 200 26352 "-" "Mozilla/5.0 AppleWebKit/537.36 (KHTML, like Gecko; compatible; Amazonbot/0.1; +https://developer.amazon.com/support/amazonbot) Chrome/119.0.6045.214 Safari/537.36"
65.108.2.171 - - [01/Mar/2026:14:31:17 +0000] "GET /shopping/products/16201252439 HTTP/1.1" 200 26431 "-" "Mozilla/5.0 (compatible; MJ12bot/v1.4.8; http://mj12bot.com/)"
176.65.132.19 - - [01/Mar/2026:14:31:16 +0000] "POST /wp-login.php HTTP/1.1" 200 2933 "https://elementalmill.com/wp-login.php" "Mozilla/5.0 (Windows NT 11.0; Win64; x64) AppleWebKit/537.36 (KHTML, like Gecko) Chrome/121.0.0.0 Safari/537.36"
51.77.216.212 - - [01/Mar/2026:14:31:19 +0000] "GET /shopping/products/16201248231 HTTP/1.1" 200 25107 "-" "Mozilla/5.0 (compatible; MJ12bot/v1.4.8; http://mj12bot.com/)"
144.76.32.114 - - [01/Mar/2026:14:31:20 +0000] "GET /shopping/products/1618335541 HTTP/1.1" 200 23829 "-" "Mozilla/5.0 (compatible; SERankingBacklinksBot/1.0; +https://seranking.com/backlinks-crawler)"
65.108.2.171 - - [01/Mar/2026:14:31:20 +0000] "GET /shopping/products/16201252564 HTTP/1.1" 200 24442 "-" "Mozilla/5.0 (compatible; MJ12bot/v1.4.8; http://mj12bot.com/)"
44.212.131.50 - - [01/Mar/2026:14:31:21 +0000] "GET /?category/16231002331 HTTP/1.1" 200 30740 "-" "Mozilla/5.0 AppleWebKit/537.36 (KHTML, like Gecko; compatible; Amazonbot/0.1; +https://developer.amazon.com/support/amazonbot) Chrome/119.0.6045.214 Safari/537.36"
176.65.132.19 - - [01/Mar/2026:14:31:19 +0000] "GET /wp-admin/index.php HTTP/1.1" 301 20 "https://elementalmill.com/wp-login.php" "Mozilla/5.0 (X11; Ubuntu; Linux x86_64) AppleWebKit/537.36 (KHTML, like Gecko) Chrome/121.0.0.0 Safari/537.36"
74.7.227.51 - - [01/Mar/2026:14:31:22 +0000] "GET /shop/pg/161899468 HTTP/2.0" 200 24613 "https://elementalmill.com/shop/pg/95590" "Mozilla/5.0 AppleWebKit/537.36 (KHTML, like Gecko; compatible; GPTBot/1.3; +https://openai.com/gptbot)"
51.77.216.212 - - [01/Mar/2026:14:31:22 +0000] "GET /shopping/products/16201248340 HTTP/1.1" 200 25624 "-" "Mozilla/5.0 (compatible; MJ12bot/v1.4.8; http://mj12bot.com/)"
65.108.2.171 - - [01/Mar/2026:14:31:23 +0000] "GET /shopping/products/16201252592 HTTP/1.1" 200 24532 "-" "Mozilla/5.0 (compatible; MJ12bot/v1.4.8; http://mj12bot.com/)"
176.65.132.19 - - [01/Mar/2026:14:31:23 +0000] "GET /wp-admin/ HTTP/1.1" 302 20 "https://elementalmill.com/wp-login.php" "Mozilla/5.0 (X11; Ubuntu; Linux x86_64) AppleWebKit/537.36 (KHTML, like Gecko) Chrome/121.0.0.0 Safari/537.36"
144.76.32.114 - - [01/Mar/2026:14:31:24 +0000] "GET /shopping/products/1619607202 HTTP/1.1" 200 24609 "-" "Mozilla/5.0 (compatible; SERankingBacklinksBot/1.0; +https://seranking.com/backlinks-crawler)"
51.77.216.212 - - [01/Mar/2026:14:31:25 +0000] "GET /shopping/products/16201248385 HTTP/1.1" 200 25201 "-" "Mozilla/5.0 (compatible; MJ12bot/v1.4.8; http://mj12bot.com/)"
54.157.99.244 - - [01/Mar/2026:14:31:25 +0000] "GET /shop/pg/786969 HTTP/1.1" 200 24746 "-" "Mozilla/5.0 AppleWebKit/537.36 (KHTML, like Gecko; compatible; Amazonbot/0.1; +https://developer.amazon.com/support/amazonbot) Chrome/119.0.6045.214 Safari/537.36"
74.7.242.62 - - [01/Mar/2026:14:31:25 +0000] "GET /shop/pg/16201409264 HTTP/2.0" 200 24844 "https://www.elementalmill.com.lab2454.com/shop/pg/16201188370" "Mozilla/5.0 AppleWebKit/537.36 (KHTML, like Gecko; compatible; GPTBot/1.3; +https://openai.com/gptbot)"
65.108.2.171 - - [01/Mar/2026:14:31:26 +0000] "GET /shopping/products/16201252630 HTTP/1.1" 200 24703 "-" "Mozilla/5.0 (compatible; MJ12bot/v1.4.8; http://mj12bot.com/)"
176.65.132.19 - - [01/Mar/2026:14:31:26 +0000] "GET /wp-admin/ HTTP/1.1" 302 20 "https://elementalmill.com/wp-login.php" "Mozilla/5.0 (X11; Ubuntu; Linux x86_64) AppleWebKit/537.36 (KHTML, like Gecko) Chrome/121.0.0.0 Safari/537.36"
51.77.216.212 - - [01/Mar/2026:14:31:27 +0000] "GET /shopping/products/16201248610 HTTP/1.1" 200 26011 "-" "Mozilla/5.0 (compatible; MJ12bot/v1.4.8; http://mj12bot.com/)"
144.76.32.114 - - [01/Mar/2026:14:31:28 +0000] "GET /shopping/products/1618335546 HTTP/1.1" 200 24670 "-" "Mozilla/5.0 (compatible; SERankingBacklinksBot/1.0; +https://seranking.com/backlinks-crawler)"
65.108.2.171 - - [01/Mar/2026:14:31:29 +0000] "GET /shopping/products/16201252664 HTTP/1.1" 200 25097 "-" "Mozilla/5.0 (compatible; MJ12bot/v1.4.8; http://mj12bot.com/)"
44.214.19.8 - - [01/Mar/2026:14:31:29 +0000] "GET /shop/pg/1701764 HTTP/1.1" 200 24992 "-" "Mozilla/5.0 AppleWebKit/537.36 (KHTML, like Gecko; compatible; Amazonbot/0.1; +https://developer.amazon.com/support/amazonbot) Chrome/119.0.6045.214 Safari/537.36"
51.77.216.212 - - [01/Mar/2026:14:31:30 +0000] "GET /shopping/products/16201252129 HTTP/1.1" 200 24477 "-" "Mozilla/5.0 (compatible; MJ12bot/v1.4.8; http://mj12bot.com/)"
176.65.132.19 - - [01/Mar/2026:14:31:29 +0000] "GET /wp-admin/ HTTP/1.1" 302 20 "https://elementalmill.com/wp-login.php" "Mozilla/5.0 (X11; Ubuntu; Linux x86_64) AppleWebKit/537.36 (KHTML, like Gecko) Chrome/121.0.0.0 Safari/537.36"
65.108.2.171 - - [01/Mar/2026:14:31:32 +0000] "GET /shopping/products/16201252815 HTTP/1.1" 200 24608 "-" "Mozilla/5.0 (compatible; MJ12bot/v1.4.8; http://mj12bot.com/)"
51.77.216.212 - - [01/Mar/2026:14:31:32 +0000] "GET /shopping/products/16201252217 HTTP/1.1" 200 24584 "-" "Mozilla/5.0 (compatible; MJ12bot/v1.4.8; http://mj12bot.com/)"
176.65.132.19 - - [01/Mar/2026:14:31:32 +0000] "GET /wp-admin/ HTTP/1.1" 302 20 "https://elementalmill.com/wp-login.php" "Mozilla/5.0 (X11; Ubuntu; Linux x86_64) AppleWebKit/537.36 (KHTML, like Gecko) Chrome/121.0.0.0 Safari/537.36"
144.76.32.114 - - [01/Mar/2026:14:31:33 +0000] "GET /shopping/products/1619607237 HTTP/1.1" 200 25190 "-" "Mozilla/5.0 (compatible; SERankingBacklinksBot/1.0; +https://seranking.com/backlinks-crawler)"
23.21.227.240 - - [01/Mar/2026:14:31:33 +0000] "GET /shop/pg/1031414 HTTP/1.1" 200 24670 "-" "Mozilla/5.0 AppleWebKit/537.36 (KHTML, like Gecko; compatible; Amazonbot/0.1; +https://developer.amazon.com/support/amazonbot) Chrome/119.0.6045.214 Safari/537.36"
65.108.2.171 - - [01/Mar/2026:14:31:35 +0000] "GET /shopping/products/16201252931 HTTP/1.1" 200 24756 "-" "Mozilla/5.0 (compatible; MJ12bot/v1.4.8; http://mj12bot.com/)"
51.77.216.212 - - [01/Mar/2026:14:31:35 +0000] "GET /shopping/products/16201252336 HTTP/1.1" 200 24832 "-" "Mozilla/5.0 (compatible; MJ12bot/v1.4.8; http://mj12bot.com/)"
176.65.132.19 - - [01/Mar/2026:14:31:34 +0000] "GET /wp-admin/ HTTP/1.1" 302 20 "https://elementalmill.com/wp-login.php" "Mozilla/5.0 (X11; Ubuntu; Linux x86_64) AppleWebKit/537.36 (KHTML, like Gecko) Chrome/121.0.0.0 Safari/537.36"
74.7.242.62 - - [01/Mar/2026:14:31:36 +0000] "GET /shop/pg/16211683013 HTTP/2.0" 200 24555 "https://www.elementalmill.com.lab2454.com/shop/pg/1677589" "Mozilla/5.0 AppleWebKit/537.36 (KHTML, like Gecko; compatible; GPTBot/1.3; +https://openai.com/gptbot)"
144.76.32.114 - - [01/Mar/2026:14:31:37 +0000] "GET /shopping/products/1618335573 HTTP/1.1" 200 25108 "-" "Mozilla/5.0 (compatible; SERankingBacklinksBot/1.0; +https://seranking.com/backlinks-crawler)"
23.23.103.31 - - [01/Mar/2026:14:31:37 +0000] "GET /shop/pg/640108 HTTP/1.1" 200 24216 "-" "Mozilla/5.0 AppleWebKit/537.36 (KHTML, like Gecko; compatible; Amazonbot/0.1; +https://developer.amazon.com/support/amazonbot) Chrome/119.0.6045.214 Safari/537.36"
65.108.2.171 - - [01/Mar/2026:14:31:38 +0000] "GET /shopping/products/16201252963 HTTP/1.1" 200 25016 "-" "Mozilla/5.0 (compatible; MJ12bot/v1.4.8; http://mj12bot.com/)"
51.77.216.212 - - [01/Mar/2026:14:31:38 +0000] "GET /shopping/products/16201252357 HTTP/1.1" 200 24782 "-" "Mozilla/5.0 (compatible; MJ12bot/v1.4.8; http://mj12bot.com/)"
176.65.132.19 - - [01/Mar/2026:14:31:38 +0000] "GET /wp-admin/ HTTP/1.1" 302 20 "https://elementalmill.com/wp-login.php" "Mozilla/5.0 (X11; Ubuntu; Linux x86_64) AppleWebKit/537.36 (KHTML, like Gecko) Chrome/121.0.0.0 Safari/537.36"
51.77.216.212 - - [01/Mar/2026:14:31:40 +0000] "GET /shopping/products/16201253436 HTTP/1.1" 200 24543 "-" "Mozilla/5.0 (compatible; MJ12bot/v1.4.8; http://mj12bot.com/)"
65.108.2.171 - - [01/Mar/2026:14:31:41 +0000] "GET /shopping/products/16201252966 HTTP/1.1" 200 24607 "-" "Mozilla/5.0 (compatible; MJ12bot/v1.4.8; http://mj12bot.com/)"
34.236.185.101 - - [01/Mar/2026:14:31:41 +0000] "GET /?category/16191001213 HTTP/1.1" 200 22111 "-" "Mozilla/5.0 AppleWebKit/537.36 (KHTML, like Gecko; compatible; Amazonbot/0.1; +https://developer.amazon.com/support/amazonbot) Chrome/119.0.6045.214 Safari/537.36"
144.76.32.114 - - [01/Mar/2026:14:31:41 +0000] "GET /shopping/products/1619607292 HTTP/1.1" 200 24353 "-" "Mozilla/5.0 (compatible; SERankingBacklinksBot/1.0; +https://seranking.com/backlinks-crawler)"
176.65.132.19 - - [01/Mar/2026:14:31:40 +0000] "GET /wp-admin/ HTTP/1.1" 302 20 "https://elementalmill.com/wp-login.php" "Mozilla/5.0 (X11; Ubuntu; Linux x86_64) AppleWebKit/537.36 (KHTML, like Gecko) Chrome/121.0.0.0 Safari/537.36"
51.77.216.212 - - [01/Mar/2026:14:31:43 +0000] "GET /shopping/products/16201255908 HTTP/1.1" 200 25165 "-" "Mozilla/5.0 (compatible; MJ12bot/v1.4.8; http://mj12bot.com/)"
65.108.2.171 - - [01/Mar/2026:14:31:43 +0000] "GET /shopping/products/16201253098 HTTP/1.1" 200 24302 "-" "Mozilla/5.0 (compatible; MJ12bot/v1.4.8; http://mj12bot.com/)"
74.7.227.51 - - [01/Mar/2026:14:31:43 +0000] "GET /shop/pg/161890288 HTTP/2.0" 200 24369 "https://elementalmill.com/shop/pg/86398" "Mozilla/5.0 AppleWebKit/537.36 (KHTML, like Gecko; compatible; GPTBot/1.3; +https://openai.com/gptbot)"
44.213.202.136 - - [01/Mar/2026:14:31:45 +0000] "GET /?category/16181000928 HTTP/1.1" 200 23621 "-" "Mozilla/5.0 AppleWebKit/537.36 (KHTML, like Gecko; compatible; Amazonbot/0.1; +https://developer.amazon.com/support/amazonbot) Chrome/119.0.6045.214 Safari/537.36"
176.65.132.19 - - [01/Mar/2026:14:31:43 +0000] "GET /wp-admin/ HTTP/1.1" 302 20 "https://elementalmill.com/wp-login.php" "Mozilla/5.0 (X11; Ubuntu; Linux x86_64) AppleWebKit/537.36 (KHTML, like Gecko) Chrome/121.0.0.0 Safari/537.36"
144.76.32.114 - - [01/Mar/2026:14:31:45 +0000] "GET /shopping/products/1618335576 HTTP/1.1" 200 24492 "-" "Mozilla/5.0 (compatible; SERankingBacklinksBot/1.0; +https://seranking.com/backlinks-crawler)"
51.77.216.212 - - [01/Mar/2026:14:31:45 +0000] "GET /shopping/products/16201255918 HTTP/1.1" 200 24657 "-" "Mozilla/5.0 (compatible; MJ12bot/v1.4.8; http://mj12bot.com/)"
65.108.2.171 - - [01/Mar/2026:14:31:46 +0000] "GET /shopping/products/16201253227 HTTP/1.1" 200 24572 "-" "Mozilla/5.0 (compatible; MJ12bot/v1.4.8; http://mj12bot.com/)"
176.65.132.19 - - [01/Mar/2026:14:31:47 +0000] "GET /wp-admin/ HTTP/1.1" 302 20 "https://elementalmill.com/wp-login.php" "Mozilla/5.0 (X11; Ubuntu; Linux x86_64) AppleWebKit/537.36 (KHTML, like Gecko) Chrome/121.0.0.0 Safari/537.36"
51.77.216.212 - - [01/Mar/2026:14:31:48 +0000] "GET /shopping/products/16201255945 HTTP/1.1" 200 24135 "-" "Mozilla/5.0 (compatible; MJ12bot/v1.4.8; http://mj12bot.com/)"
65.108.2.171 - - [01/Mar/2026:14:31:48 +0000] "GET /shopping/products/16201253293 HTTP/1.1" 200 24783 "-" "Mozilla/5.0 (compatible; MJ12bot/v1.4.8; http://mj12bot.com/)"
98.82.40.168 - - [01/Mar/2026:14:31:49 +0000] "GET /shop/pg/81516 HTTP/1.1" 200 24427 "-" "Mozilla/5.0 AppleWebKit/537.36 (KHTML, like Gecko; compatible; Amazonbot/0.1; +https://developer.amazon.com/support/amazonbot) Chrome/119.0.6045.214 Safari/537.36"
144.76.32.114 - - [01/Mar/2026:14:31:49 +0000] "GET /shopping/products/1619607305 HTTP/1.1" 200 24323 "-" "Mozilla/5.0 (compatible; SERankingBacklinksBot/1.0; +https://seranking.com/backlinks-crawler)"
51.77.216.212 - - [01/Mar/2026:14:31:51 +0000] "GET /shopping/products/16201256011 HTTP/1.1" 200 24678 "-" "Mozilla/5.0 (compatible; MJ12bot/v1.4.8; http://mj12bot.com/)"
65.108.2.171 - - [01/Mar/2026:14:31:51 +0000] "GET /shopping/products/16201253294 HTTP/1.1" 200 24276 "-" "Mozilla/5.0 (compatible; MJ12bot/v1.4.8; http://mj12bot.com/)"
176.65.132.19 - - [01/Mar/2026:14:31:50 +0000] "GET /wp-admin/ HTTP/1.1" 302 20 "https://elementalmill.com/wp-login.php" "Mozilla/5.0 (X11; Ubuntu; Linux x86_64) AppleWebKit/537.36 (KHTML, like Gecko) Chrome/121.0.0.0 Safari/537.36"
66.249.64.40 - - [01/Mar/2026:14:31:52 +0000] "GET /shopping/products/16232508948 HTTP/1.1" 200 25178 "-" "Mozilla/5.0 (Linux; Android 6.0.1; Nexus 5X Build/MMB29P) AppleWebKit/537.36 (KHTML, like Gecko) Chrome/144.0.7559.132 Mobile Safari/537.36 (compatible; Googlebot/2.1; +http://www.google.com/bot.html)"
18.208.11.93 - - [01/Mar/2026:14:31:53 +0000] "GET /shop/pg/799964 HTTP/1.1" 200 24843 "-" "Mozilla/5.0 AppleWebKit/537.36 (KHTML, like Gecko; compatible; Amazonbot/0.1; +https://developer.amazon.com/support/amazonbot) Chrome/119.0.6045.214 Safari/537.36"
51.77.216.212 - - [01/Mar/2026:14:31:54 +0000] "GET /shopping/products/16201256105 HTTP/1.1" 200 24307 "-" "Mozilla/5.0 (compatible; MJ12bot/v1.4.8; http://mj12bot.com/)"
144.76.32.114 - - [01/Mar/2026:14:31:54 +0000] "GET /shopping/products/1618335626 HTTP/1.1" 200 25026 "-" "Mozilla/5.0 (compatible; SERankingBacklinksBot/1.0; +https://seranking.com/backlinks-crawler)"
65.108.2.171 - - [01/Mar/2026:14:31:54 +0000] "GET /shopping/products/16201253311 HTTP/1.1" 200 24594 "-" "Mozilla/5.0 (compatible; MJ12bot/v1.4.8; http://mj12bot.com/)"
176.65.132.19 - - [01/Mar/2026:14:31:53 +0000] "GET /wp-admin/ HTTP/1.1" 302 20 "https://elementalmill.com/wp-login.php" "Mozilla/5.0 (X11; Ubuntu; Linux x86_64) AppleWebKit/537.36 (KHTML, like Gecko) Chrome/121.0.0.0 Safari/537.36"
51.77.216.212 - - [01/Mar/2026:14:31:57 +0000] "GET /shopping/products/16201256237 HTTP/1.1" 200 25033 "-" "Mozilla/5.0 (compatible; MJ12bot/v1.4.8; http://mj12bot.com/)"
52.200.251.20 - - [01/Mar/2026:14:31:57 +0000] "GET /?shopping/products/16201351401 HTTP/1.1" 200 24544 "-" "Mozilla/5.0 AppleWebKit/537.36 (KHTML, like Gecko; compatible; Amazonbot/0.1; +https://developer.amazon.com/support/amazonbot) Chrome/119.0.6045.214 Safari/537.36"
65.108.2.171 - - [01/Mar/2026:14:31:57 +0000] "GET /shopping/products/16201253384 HTTP/1.1" 200 24757 "-" "Mozilla/5.0 (compatible; MJ12bot/v1.4.8; http://mj12bot.com/)"
176.65.132.19 - - [01/Mar/2026:14:31:56 +0000] "GET /wp-admin/ HTTP/1.1" 302 20 "https://elementalmill.com/wp-login.php" "Mozilla/5.0 (X11; Ubuntu; Linux x86_64) AppleWebKit/537.36 (KHTML, like Gecko) Chrome/121.0.0.0 Safari/537.36"
144.76.32.114 - - [01/Mar/2026:14:31:58 +0000] "GET /shopping/products/1619607323 HTTP/1.1" 200 24600 "-" "Mozilla/5.0 (compatible; SERankingBacklinksBot/1.0; +https://seranking.com/backlinks-crawler)"
74.7.242.62 - - [01/Mar/2026:14:31:59 +0000] "GET /shop/pg/16211721383 HTTP/2.0" 200 25013 "https://www.elementalmill.com.lab2454.com/shop/pg/1716005" "Mozilla/5.0 AppleWebKit/537.36 (KHTML, like Gecko; compatible; GPTBot/1.3; +https://openai.com/gptbot)"
51.77.216.212 - - [01/Mar/2026:14:32:00 +0000] "GET /shopping/products/16201256250 HTTP/1.1" 200 24193 "-" "Mozilla/5.0 (compatible; MJ12bot/v1.4.8; http://mj12bot.com/)"
65.108.2.171 - - [01/Mar/2026:14:32:00 +0000] "GET /shopping/products/16201253397 HTTP/1.1" 200 24452 "-" "Mozilla/5.0 (compatible; MJ12bot/v1.4.8; http://mj12bot.com/)"
34.225.243.131 - - [01/Mar/2026:14:32:01 +0000] "GET /shop/pg/505581 HTTP/1.1" 200 24519 "-" "Mozilla/5.0 AppleWebKit/537.36 (KHTML, like Gecko; compatible; Amazonbot/0.1; +https://developer.amazon.com/support/amazonbot) Chrome/119.0.6045.214 Safari/537.36"
176.65.132.19 - - [01/Mar/2026:14:32:00 +0000] "GET /wp-admin/ HTTP/1.1" 302 20 "https://elementalmill.com/wp-login.php" "Mozilla/5.0 (X11; Ubuntu; Linux x86_64) AppleWebKit/537.36 (KHTML, like Gecko) Chrome/121.0.0.0 Safari/537.36"
144.76.32.114 - - [01/Mar/2026:14:32:02 +0000] "GET /shopping/products/1618335666 HTTP/1.1" 200 25173 "-" "Mozilla/5.0 (compatible; SERankingBacklinksBot/1.0; +https://seranking.com/backlinks-crawler)"
51.77.216.212 - - [01/Mar/2026:14:32:02 +0000] "GET /shopping/products/16201256329 HTTP/1.1" 200 24425 "-" "Mozilla/5.0 (compatible; MJ12bot/v1.4.8; http://mj12bot.com/)"
65.108.2.171 - - [01/Mar/2026:14:32:03 +0000] "GET /shopping/products/16201253409 HTTP/1.1" 200 24392 "-" "Mozilla/5.0 (compatible; MJ12bot/v1.4.8; http://mj12bot.com/)"
176.65.132.19 - - [01/Mar/2026:14:32:03 +0000] "GET /wp-admin/ HTTP/1.1" 302 20 "https://elementalmill.com/wp-login.php" "Mozilla/5.0 (X11; Ubuntu; Linux x86_64) AppleWebKit/537.36 (KHTML, like Gecko) Chrome/121.0.0.0 Safari/537.36"
54.89.90.224 - - [01/Mar/2026:14:32:05 +0000] "GET /shop/pg/440301 HTTP/1.1" 200 24297 "-" "Mozilla/5.0 AppleWebKit/537.36 (KHTML, like Gecko; compatible; Amazonbot/0.1; +https://developer.amazon.com/support/amazonbot) Chrome/119.0.6045.214 Safari/537.36"
51.77.216.212 - - [01/Mar/2026:14:32:05 +0000] "GET /shopping/products/16201256342 HTTP/1.1" 200 25432 "-" "Mozilla/5.0 (compatible; MJ12bot/v1.4.8; http://mj12bot.com/)"
65.108.2.171 - - [01/Mar/2026:14:32:06 +0000] "GET /shopping/products/16201253491 HTTP/1.1" 200 24660 "-" "Mozilla/5.0 (compatible; MJ12bot/v1.4.8; http://mj12bot.com/)"
144.76.32.114 - - [01/Mar/2026:14:32:07 +0000] "GET /shopping/products/1619607428 HTTP/1.1" 200 24991 "-" "Mozilla/5.0 (compatible; SERankingBacklinksBot/1.0; +https://seranking.com/backlinks-crawler)"
176.65.132.19 - - [01/Mar/2026:14:32:06 +0000] "GET /wp-admin/ HTTP/1.1" 302 20 "https://elementalmill.com/wp-login.php" "Mozilla/5.0 (X11; Ubuntu; Linux x86_64) AppleWebKit/537.36 (KHTML, like Gecko) Chrome/121.0.0.0 Safari/537.36"
51.77.216.212 - - [01/Mar/2026:14:32:08 +0000] "GET /shopping/products/16201256429 HTTP/1.1" 200 24950 "-" "Mozilla/5.0 (compatible; MJ12bot/v1.4.8; http://mj12bot.com/)"
3.94.40.182 - - [01/Mar/2026:14:32:09 +0000] "GET /shop/pg/54730 HTTP/1.1" 200 24835 "-" "Mozilla/5.0 AppleWebKit/537.36 (KHTML, like Gecko; compatible; Amazonbot/0.1; +https://developer.amazon.com/support/amazonbot) Chrome/119.0.6045.214 Safari/537.36"
51.77.216.212 - - [01/Mar/2026:14:32:11 +0000] "GET /shopping/products/16201256480 HTTP/1.1" 200 24667 "-" "Mozilla/5.0 (compatible; MJ12bot/v1.4.8; http://mj12bot.com/)"
144.76.32.114 - - [01/Mar/2026:14:32:11 +0000] "GET /shopping/products/1618335683 HTTP/1.1" 200 24318 "-" "Mozilla/5.0 (compatible; SERankingBacklinksBot/1.0; +https://seranking.com/backlinks-crawler)"
176.65.132.19 - - [01/Mar/2026:14:32:09 +0000] "GET /wp-admin/ HTTP/1.1" 302 20 "https://elementalmill.com/wp-login.php" "Mozilla/5.0 (X11; Ubuntu; Linux x86_64) AppleWebKit/537.36 (KHTML, like Gecko) Chrome/121.0.0.0 Safari/537.36"
100.24.149.244 - - [01/Mar/2026:14:32:13 +0000] "GET /?category/16181001110 HTTP/1.1" 200 17668 "-" "Mozilla/5.0 AppleWebKit/537.36 (KHTML, like Gecko; compatible; Amazonbot/0.1; +https://developer.amazon.com/support/amazonbot) Chrome/119.0.6045.214 Safari/537.36"
74.7.242.62 - - [01/Mar/2026:14:32:13 +0000] "GET /shop/pg/16201325805 HTTP/2.0" 200 25117 "https://www.elementalmill.com.lab2454.com/shop/pg/16211696447" "Mozilla/5.0 AppleWebKit/537.36 (KHTML, like Gecko; compatible; GPTBot/1.3; +https://openai.com/gptbot)"
139.162.194.112 - - [01/Mar/2026:14:32:11 +0000] "POST /wp-cron.php?doing_wp_cron=1772375531.7777659893035888671875 HTTP/1.1" 404 13168 "-" "WordPress/6.9.1; https://elementalmill.com"
65.108.2.171 - - [01/Mar/2026:14:32:13 +0000] "GET /shopping/products/16201253515 HTTP/1.1" 200 24691 "-" "Mozilla/5.0 (compatible; MJ12bot/v1.4.8; http://mj12bot.com/)"
51.77.216.212 - - [01/Mar/2026:14:32:14 +0000] "GET /shopping/products/16201256504 HTTP/1.1" 200 26097 "-" "Mozilla/5.0 (compatible; MJ12bot/v1.4.8; http://mj12bot.com/)"
176.65.132.19 - - [01/Mar/2026:14:32:13 +0000] "GET /wp-admin/ HTTP/1.1" 302 20 "https://elementalmill.com/wp-login.php" "Mozilla/5.0 (X11; Ubuntu; Linux x86_64) AppleWebKit/537.36 (KHTML, like Gecko) Chrome/121.0.0.0 Safari/537.36"
144.76.32.114 - - [01/Mar/2026:14:32:15 +0000] "GET /shopping/products/1619607481 HTTP/1.1" 200 24304 "-" "Mozilla/5.0 (compatible; SERankingBacklinksBot/1.0; +https://seranking.com/backlinks-crawler)"
65.108.2.171 - - [01/Mar/2026:14:32:16 +0000] "GET /shopping/products/16201253790 HTTP/1.1" 200 24864 "-" "Mozilla/5.0 (compatible; MJ12bot/v1.4.8; http://mj12bot.com/)"
51.77.216.212 - - [01/Mar/2026:14:32:16 +0000] "GET /shopping/products/16201256539 HTTP/1.1" 200 25634 "-" "Mozilla/5.0 (compatible; MJ12bot/v1.4.8; http://mj12bot.com/)"
176.65.132.19 - - [01/Mar/2026:14:32:15 +0000] "GET /wp-admin/ HTTP/1.1" 302 20 "https://elementalmill.com/wp-login.php" "Mozilla/5.0 (X11; Ubuntu; Linux x86_64) AppleWebKit/537.36 (KHTML, like Gecko) Chrome/121.0.0.0 Safari/537.36"
3.224.104.67 - - [01/Mar/2026:14:32:17 +0000] "GET /shop/pg/654468 HTTP/1.1" 200 24061 "-" "Mozilla/5.0 AppleWebKit/537.36 (KHTML, like Gecko; compatible; Amazonbot/0.1; +https://developer.amazon.com/support/amazonbot) Chrome/119.0.6045.214 Safari/537.36"
65.108.2.171 - - [01/Mar/2026:14:32:19 +0000] "GET /shopping/products/16201253865 HTTP/1.1" 200 24262 "-" "Mozilla/5.0 (compatible; MJ12bot/v1.4.8; http://mj12bot.com/)"
51.77.216.212 - - [01/Mar/2026:14:32:19 +0000] "GET /shopping/products/16201256576 HTTP/1.1" 200 25177 "-" "Mozilla/5.0 (compatible; MJ12bot/v1.4.8; http://mj12bot.com/)"
144.76.32.114 - - [01/Mar/2026:14:32:19 +0000] "GET /shopping/products/1618335712 HTTP/1.1" 200 24987 "-" "Mozilla/5.0 (compatible; SERankingBacklinksBot/1.0; +https://seranking.com/backlinks-crawler)"
176.65.132.19 - - [01/Mar/2026:14:32:18 +0000] "GET /wp-admin/ HTTP/1.1" 302 20 "https://elementalmill.com/wp-login.php" "Mozilla/5.0 (X11; Ubuntu; Linux x86_64) AppleWebKit/537.36 (KHTML, like Gecko) Chrome/121.0.0.0 Safari/537.36"
54.198.33.233 - - [01/Mar/2026:14:32:21 +0000] "GET /shop/pg/78638 HTTP/1.1" 200 24954 "-" "Mozilla/5.0 AppleWebKit/537.36 (KHTML, like Gecko; compatible; Amazonbot/0.1; +https://developer.amazon.com/support/amazonbot) Chrome/119.0.6045.214 Safari/537.36"
65.108.2.171 - - [01/Mar/2026:14:32:22 +0000] "GET /shopping/products/16201253958 HTTP/1.1" 200 24475 "-" "Mozilla/5.0 (compatible; MJ12bot/v1.4.8; http://mj12bot.com/)"
51.77.216.212 - - [01/Mar/2026:14:32:22 +0000] "GET /shopping/products/16201256577 HTTP/1.1" 200 24490 "-" "Mozilla/5.0 (compatible; MJ12bot/v1.4.8; http://mj12bot.com/)"
176.65.132.19 - - [01/Mar/2026:14:32:21 +0000] "GET /wp-admin/ HTTP/1.1" 302 20 "https://elementalmill.com/wp-login.php" "Mozilla/5.0 (X11; Ubuntu; Linux x86_64) AppleWebKit/537.36 (KHTML, like Gecko) Chrome/121.0.0.0 Safari/537.36"
74.7.242.62 - - [01/Mar/2026:14:32:23 +0000] "GET /shop/pg/16201284289 HTTP/2.0" 200 24525 "https://www.elementalmill.com.lab2454.com/shop/pg/1278869" "Mozilla/5.0 AppleWebKit/537.36 (KHTML, like Gecko; compatible; GPTBot/1.3; +https://openai.com/gptbot)"
144.76.32.114 - - [01/Mar/2026:14:32:24 +0000] "GET /shopping/products/1619607612 HTTP/1.1" 200 25213 "-" "Mozilla/5.0 (compatible; SERankingBacklinksBot/1.0; +https://seranking.com/backlinks-crawler)"
65.108.2.171 - - [01/Mar/2026:14:32:24 +0000] "GET /shopping/products/16201253972 HTTP/1.1" 200 25057 "-" "Mozilla/5.0 (compatible; MJ12bot/v1.4.8; http://mj12bot.com/)"
51.77.216.212 - - [01/Mar/2026:14:32:24 +0000] "GET /shopping/products/16201256618 HTTP/1.1" 200 24582 "-" "Mozilla/5.0 (compatible; MJ12bot/v1.4.8; http://mj12bot.com/)"
98.82.59.253 - - [01/Mar/2026:14:32:25 +0000] "GET /shop/pg/630696 HTTP/1.1" 200 24731 "-" "Mozilla/5.0 AppleWebKit/537.36 (KHTML, like Gecko; compatible; Amazonbot/0.1; +https://developer.amazon.com/support/amazonbot) Chrome/119.0.6045.214 Safari/537.36"
176.65.132.19 - - [01/Mar/2026:14:32:24 +0000] "GET /wp-admin/ HTTP/1.1" 302 20 "https://elementalmill.com/wp-login.php" "Mozilla/5.0 (X11; Ubuntu; Linux x86_64) AppleWebKit/537.36 (KHTML, like Gecko) Chrome/121.0.0.0 Safari/537.36"
51.77.216.212 - - [01/Mar/2026:14:32:27 +0000] "GET /shopping/products/16201256647 HTTP/1.1" 200 24414 "-" "Mozilla/5.0 (compatible; MJ12bot/v1.4.8; http://mj12bot.com/)"
65.108.2.171 - - [01/Mar/2026:14:32:27 +0000] "GET /shopping/products/16201254005 HTTP/1.1" 200 25209 "-" "Mozilla/5.0 (compatible; MJ12bot/v1.4.8; http://mj12bot.com/)"
176.65.132.19 - - [01/Mar/2026:14:32:26 +0000] "GET /wp-admin/ HTTP/1.1" 302 20 "https://elementalmill.com/wp-login.php" "Mozilla/5.0 (X11; Ubuntu; Linux x86_64) AppleWebKit/537.36 (KHTML, like Gecko) Chrome/121.0.0.0 Safari/537.36"
144.76.32.114 - - [01/Mar/2026:14:32:28 +0000] "GET /shopping/products/1618335743 HTTP/1.1" 200 25040 "-" "Mozilla/5.0 (compatible; SERankingBacklinksBot/1.0; +https://seranking.com/backlinks-crawler)"
213.180.203.89 - - [01/Mar/2026:14:32:28 +0000] "GET /shopping/products/16182670968 HTTP/1.1" 200 24304 "-" "Mozilla/5.0 (compatible; YandexBot/3.0; +http://yandex.com/bots)"
66.249.64.41 - - [01/Mar/2026:14:32:28 +0000] "GET /shop/pg/16201293285 HTTP/1.1" 200 25201 "-" "Mozilla/5.0 (Linux; Android 6.0.1; Nexus 5X Build/MMB29P) AppleWebKit/537.36 (KHTML, like Gecko) Chrome/144.0.7559.132 Mobile Safari/537.36 (compatible; Googlebot/2.1; +http://www.google.com/bot.html)"
52.6.97.88 - - [01/Mar/2026:14:32:29 +0000] "GET /?category/16191001386 HTTP/1.1" 200 19019 "-" "Mozilla/5.0 AppleWebKit/537.36 (KHTML, like Gecko; compatible; Amazonbot/0.1; +https://developer.amazon.com/support/amazonbot) Chrome/119.0.6045.214 Safari/537.36"
65.108.2.171 - - [01/Mar/2026:14:32:29 +0000] "GET /shopping/products/16201254033 HTTP/1.1" 200 24813 "-" "Mozilla/5.0 (compatible; MJ12bot/v1.4.8; http://mj12bot.com/)"
51.77.216.212 - - [01/Mar/2026:14:32:29 +0000] "GET /shopping/products/16201256788 HTTP/1.1" 200 24733 "-" "Mozilla/5.0 (compatible; MJ12bot/v1.4.8; http://mj12bot.com/)"
176.65.132.19 - - [01/Mar/2026:14:32:29 +0000] "GET /wp-admin/ HTTP/1.1" 302 20 "https://elementalmill.com/wp-login.php" "Mozilla/5.0 (X11; Ubuntu; Linux x86_64) AppleWebKit/537.36 (KHTML, like Gecko) Chrome/121.0.0.0 Safari/537.36"
144.76.32.114 - - [01/Mar/2026:14:32:32 +0000] "GET /shopping/products/1619607621 HTTP/1.1" 200 24440 "-" "Mozilla/5.0 (compatible; SERankingBacklinksBot/1.0; +https://seranking.com/backlinks-crawler)"
65.108.2.171 - - [01/Mar/2026:14:32:32 +0000] "GET /shopping/products/16201254088 HTTP/1.1" 200 24467 "-" "Mozilla/5.0 (compatible; MJ12bot/v1.4.8; http://mj12bot.com/)"
51.77.216.212 - - [01/Mar/2026:14:32:32 +0000] "GET /shopping/products/16201256799 HTTP/1.1" 200 24849 "-" "Mozilla/5.0 (compatible; MJ12bot/v1.4.8; http://mj12bot.com/)"
44.205.180.155 - - [01/Mar/2026:14:32:33 +0000] "GET /shop/pg/1345140 HTTP/1.1" 200 25507 "-" "Mozilla/5.0 AppleWebKit/537.36 (KHTML, like Gecko; compatible; Amazonbot/0.1; +https://developer.amazon.com/support/amazonbot) Chrome/119.0.6045.214 Safari/537.36"
176.65.132.19 - - [01/Mar/2026:14:32:32 +0000] "GET /wp-admin/ HTTP/1.1" 302 20 "https://elementalmill.com/wp-login.php" "Mozilla/5.0 (X11; Ubuntu; Linux x86_64) AppleWebKit/537.36 (KHTML, like Gecko) Chrome/121.0.0.0 Safari/537.36"
51.77.216.212 - - [01/Mar/2026:14:32:35 +0000] "GET /shopping/products/16201256839 HTTP/1.1" 200 24699 "-" "Mozilla/5.0 (compatible; MJ12bot/v1.4.8; http://mj12bot.com/)"
144.76.32.114 - - [01/Mar/2026:14:32:36 +0000] "GET /shopping/products/1618335837 HTTP/1.1" 200 24868 "-" "Mozilla/5.0 (compatible; SERankingBacklinksBot/1.0; +https://seranking.com/backlinks-crawler)"
176.65.132.19 - - [01/Mar/2026:14:32:35 +0000] "GET /wp-admin/ HTTP/1.1" 302 20 "https://elementalmill.com/wp-login.php" "Mozilla/5.0 (X11; Ubuntu; Linux x86_64) AppleWebKit/537.36 (KHTML, like Gecko) Chrome/121.0.0.0 Safari/537.36"
3.225.45.252 - - [01/Mar/2026:14:32:37 +0000] "GET /shop/pg/16201336065 HTTP/1.1" 200 24736 "-" "Mozilla/5.0 AppleWebKit/537.36 (KHTML, like Gecko; compatible; Amazonbot/0.1; +https://developer.amazon.com/support/amazonbot) Chrome/119.0.6045.214 Safari/537.36"
74.7.242.62 - - [01/Mar/2026:14:32:37 +0000] "GET /shop/pg/1404831 HTTP/2.0" 200 25214 "https://www.elementalmill.com.lab2454.com/shop/pg/16201188370" "Mozilla/5.0 AppleWebKit/537.36 (KHTML, like Gecko; compatible; GPTBot/1.3; +https://openai.com/gptbot)"
51.77.216.212 - - [01/Mar/2026:14:32:38 +0000] "GET /shopping/products/16201256885 HTTP/1.1" 200 25054 "-" "Mozilla/5.0 (compatible; MJ12bot/v1.4.8; http://mj12bot.com/)"
176.65.132.19 - - [01/Mar/2026:14:32:38 +0000] "GET /wp-admin/ HTTP/1.1" 302 20 "https://elementalmill.com/wp-login.php" "Mozilla/5.0 (X11; Ubuntu; Linux x86_64) AppleWebKit/537.36 (KHTML, like Gecko) Chrome/121.0.0.0 Safari/537.36"
51.77.216.212 - - [01/Mar/2026:14:32:41 +0000] "GET /shopping/products/16201257020 HTTP/1.1" 200 24859 "-" "Mozilla/5.0 (compatible; MJ12bot/v1.4.8; http://mj12bot.com/)"
144.76.32.114 - - [01/Mar/2026:14:32:41 +0000] "GET /shopping/products/1619607776 HTTP/1.1" 200 24568 "-" "Mozilla/5.0 (compatible; SERankingBacklinksBot/1.0; +https://seranking.com/backlinks-crawler)"
52.200.93.170 - - [01/Mar/2026:14:32:42 +0000] "GET /shop/pg/367465 HTTP/1.1" 200 24616 "-" "Mozilla/5.0 AppleWebKit/537.36 (KHTML, like Gecko; compatible; Amazonbot/0.1; +https://developer.amazon.com/support/amazonbot) Chrome/119.0.6045.214 Safari/537.36"
176.65.132.19 - - [01/Mar/2026:14:32:41 +0000] "GET /wp-admin/ HTTP/1.1" 302 20 "https://elementalmill.com/wp-login.php" "Mozilla/5.0 (X11; Ubuntu; Linux x86_64) AppleWebKit/537.36 (KHTML, like Gecko) Chrome/121.0.0.0 Safari/537.36"
51.77.216.212 - - [01/Mar/2026:14:32:43 +0000] "GET /shopping/products/16201257146 HTTP/1.1" 200 24681 "-" "Mozilla/5.0 (compatible; MJ12bot/v1.4.8; http://mj12bot.com/)"
144.76.32.114 - - [01/Mar/2026:14:32:45 +0000] "GET /shopping/products/1618335928 HTTP/1.1" 200 25798 "-" "Mozilla/5.0 (compatible; SERankingBacklinksBot/1.0; +https://seranking.com/backlinks-crawler)"
52.0.41.164 - - [01/Mar/2026:14:32:45 +0000] "GET /shop/pg/701903 HTTP/1.1" 200 24415 "-" "Mozilla/5.0 AppleWebKit/537.36 (KHTML, like Gecko; compatible; Amazonbot/0.1; +https://developer.amazon.com/support/amazonbot) Chrome/119.0.6045.214 Safari/537.36"
51.77.216.212 - - [01/Mar/2026:14:32:45 +0000] "GET /shopping/products/16201257175 HTTP/1.1" 200 25292 "-" "Mozilla/5.0 (compatible; MJ12bot/v1.4.8; http://mj12bot.com/)"
74.7.227.51 - - [01/Mar/2026:14:32:46 +0000] "GET /shop/pg/161885344 HTTP/2.0" 200 24085 "https://elementalmill.com/shop/pg/81468" "Mozilla/5.0 AppleWebKit/537.36 (KHTML, like Gecko; compatible; GPTBot/1.3; +https://openai.com/gptbot)"
176.65.132.19 - - [01/Mar/2026:14:32:45 +0000] "GET /wp-admin/ HTTP/1.1" 302 20 "https://elementalmill.com/wp-login.php" "Mozilla/5.0 (X11; Ubuntu; Linux x86_64) AppleWebKit/537.36 (KHTML, like Gecko) Chrome/121.0.0.0 Safari/537.36"
51.77.216.212 - - [01/Mar/2026:14:32:48 +0000] "GET /shopping/products/16201257179 HTTP/1.1" 200 24440 "-" "Mozilla/5.0 (compatible; MJ12bot/v1.4.8; http://mj12bot.com/)"
176.65.132.19 - - [01/Mar/2026:14:32:47 +0000] "GET /wp-admin/ HTTP/1.1" 302 20 "https://elementalmill.com/wp-login.php" "Mozilla/5.0 (X11; Ubuntu; Linux x86_64) AppleWebKit/537.36 (KHTML, like Gecko) Chrome/121.0.0.0 Safari/537.36"
144.76.32.114 - - [01/Mar/2026:14:32:49 +0000] "GET /shopping/products/1619607829 HTTP/1.1" 200 24123 "-" "Mozilla/5.0 (compatible; SERankingBacklinksBot/1.0; +https://seranking.com/backlinks-crawler)"
35.168.238.50 - - [01/Mar/2026:14:32:49 +0000] "GET /shop/pg/1460095 HTTP/1.1" 200 25212 "-" "Mozilla/5.0 AppleWebKit/537.36 (KHTML, like Gecko; compatible; Amazonbot/0.1; +https://developer.amazon.com/support/amazonbot) Chrome/119.0.6045.214 Safari/537.36"
74.7.242.62 - - [01/Mar/2026:14:32:49 +0000] "GET /shop/pg/16201267633 HTTP/2.0" 200 25765 "https://www.elementalmill.com.lab2454.com/shop/pg/1262253" "Mozilla/5.0 AppleWebKit/537.36 (KHTML, like Gecko; compatible; GPTBot/1.3; +https://openai.com/gptbot)"
51.77.216.212 - - [01/Mar/2026:14:32:51 +0000] "GET /shopping/products/16201257309 HTTP/1.1" 200 25092 "-" "Mozilla/5.0 (compatible; MJ12bot/v1.4.8; http://mj12bot.com/)"
176.65.132.19 - - [01/Mar/2026:14:32:50 +0000] "GET /wp-admin/ HTTP/1.1" 302 20 "https://elementalmill.com/wp-login.php" "Mozilla/5.0 (X11; Ubuntu; Linux x86_64) AppleWebKit/537.36 (KHTML, like Gecko) Chrome/121.0.0.0 Safari/537.36"
144.76.32.114 - - [01/Mar/2026:14:32:53 +0000] "GET /shopping/products/1618335929 HTTP/1.1" 200 24804 "-" "Mozilla/5.0 (compatible; SERankingBacklinksBot/1.0; +https://seranking.com/backlinks-crawler)"
98.83.72.38 - - [01/Mar/2026:14:32:53 +0000] "GET /shop/pg/250111 HTTP/1.1" 200 24368 "-" "Mozilla/5.0 AppleWebKit/537.36 (KHTML, like Gecko; compatible; Amazonbot/0.1; +https://developer.amazon.com/support/amazonbot) Chrome/119.0.6045.214 Safari/537.36"
65.108.2.171 - - [01/Mar/2026:14:32:54 +0000] "GET /shopping/products/16201254136 HTTP/1.1" 200 24328 "-" "Mozilla/5.0 (compatible; MJ12bot/v1.4.8; http://mj12bot.com/)"
51.77.216.212 - - [01/Mar/2026:14:32:54 +0000] "GET /shopping/products/16201257446 HTTP/1.1" 200 24782 "-" "Mozilla/5.0 (compatible; MJ12bot/v1.4.8; http://mj12bot.com/)"
176.65.132.19 - - [01/Mar/2026:14:32:53 +0000] "GET /wp-admin/profile.php HTTP/1.1" 404 12378 "https://elementalmill.com/wp-login.php" "Mozilla/5.0 (X11; Ubuntu; Linux x86_64) AppleWebKit/537.36 (KHTML, like Gecko) Chrome/121.0.0.0 Safari/537.36"
51.77.216.212 - - [01/Mar/2026:14:32:56 +0000] "GET /shopping/products/16201257506 HTTP/1.1" 200 24962 "-" "Mozilla/5.0 (compatible; MJ12bot/v1.4.8; http://mj12bot.com/)"
65.108.2.171 - - [01/Mar/2026:14:32:57 +0000] "GET /shopping/products/16201254202 HTTP/1.1" 200 25123 "-" "Mozilla/5.0 (compatible; MJ12bot/v1.4.8; http://mj12bot.com/)"
144.76.32.114 - - [01/Mar/2026:14:32:57 +0000] "GET /shopping/products/1619607873 HTTP/1.1" 200 24363 "-" "Mozilla/5.0 (compatible; SERankingBacklinksBot/1.0; +https://seranking.com/backlinks-crawler)"
176.65.132.19 - - [01/Mar/2026:14:32:56 +0000] "GET /wp-admin/edit.php HTTP/1.1" 404 12378 "https://elementalmill.com/wp-login.php" "Mozilla/5.0 (X11; Ubuntu; Linux x86_64) AppleWebKit/537.36 (KHTML, like Gecko) Chrome/121.0.0.0 Safari/537.36"
3.229.95.193 - - [01/Mar/2026:14:32:58 +0000] "GET /shop/pg/18112 HTTP/1.1" 200 24666 "-" "Mozilla/5.0 AppleWebKit/537.36 (KHTML, like Gecko; compatible; Amazonbot/0.1; +https://developer.amazon.com/support/amazonbot) Chrome/119.0.6045.214 Safari/537.36"
51.77.216.212 - - [01/Mar/2026:14:32:59 +0000] "GET /shopping/products/16201257529 HTTP/1.1" 200 25957 "-" "Mozilla/5.0 (compatible; MJ12bot/v1.4.8; http://mj12bot.com/)"
65.108.2.171 - - [01/Mar/2026:14:32:59 +0000] "GET /shopping/products/16201254293 HTTP/1.1" 200 25142 "-" "Mozilla/5.0 (compatible; MJ12bot/v1.4.8; http://mj12bot.com/)"
144.76.32.114 - - [01/Mar/2026:14:33:01 +0000] "GET /shopping/products/1618335930 HTTP/1.1" 200 24838 "-" "Mozilla/5.0 (compatible; SERankingBacklinksBot/1.0; +https://seranking.com/backlinks-crawler)"
176.65.132.19 - - [01/Mar/2026:14:33:00 +0000] "GET /wp-admin/plugins.php HTTP/1.1" 404 12378 "https://elementalmill.com/wp-login.php" "Mozilla/5.0 (X11; Ubuntu; Linux x86_64) AppleWebKit/537.36 (KHTML, like Gecko) Chrome/121.0.0.0 Safari/537.36"
34.205.170.13 - - [01/Mar/2026:14:33:03 +0000] "GET /?category/16211001965 HTTP/1.1" 200 19557 "-" "Mozilla/5.0 AppleWebKit/537.36 (KHTML, like Gecko; compatible; Amazonbot/0.1; +https://developer.amazon.com/support/amazonbot) Chrome/119.0.6045.214 Safari/537.36"
51.77.216.212 - - [01/Mar/2026:14:33:02 +0000] "GET /shopping/products/16201257593 HTTP/1.1" 200 25459 "-" "Mozilla/5.0 (compatible; MJ12bot/v1.4.8; http://mj12bot.com/)"
65.108.2.171 - - [01/Mar/2026:14:33:02 +0000] "GET /shopping/products/16201254336 HTTP/1.1" 200 24997 "-" "Mozilla/5.0 (compatible; MJ12bot/v1.4.8; http://mj12bot.com/)"
176.65.132.19 - - [01/Mar/2026:14:33:03 +0000] "POST /wp-login.php HTTP/1.1" 200 2964 "https://elementalmill.com/wp-login.php" "Mozilla/5.0 (Windows NT 10.0; Win64; x64) AppleWebKit/537.36 (KHTML, like Gecko) Chrome/120.0.0.0 Safari/537.36"
54.235.191.179 - - [01/Mar/2026:14:33:05 +0000] "GET /shop/pg/508973 HTTP/1.1" 200 24305 "-" "Mozilla/5.0 AppleWebKit/537.36 (KHTML, like Gecko; compatible; Amazonbot/0.1; +https://developer.amazon.com/support/amazonbot) Chrome/119.0.6045.214 Safari/537.36"
51.77.216.212 - - [01/Mar/2026:14:33:05 +0000] "GET /shopping/products/16201257601 HTTP/1.1" 200 24682 "-" "Mozilla/5.0 (compatible; MJ12bot/v1.4.8; http://mj12bot.com/)"
144.76.32.114 - - [01/Mar/2026:14:33:05 +0000] "GET /shopping/products/1619607899 HTTP/1.1" 200 24503 "-" "Mozilla/5.0 (compatible; SERankingBacklinksBot/1.0; +https://seranking.com/backlinks-crawler)"
65.108.2.171 - - [01/Mar/2026:14:33:05 +0000] "GET /shopping/products/16201254413 HTTP/1.1" 200 25278 "-" "Mozilla/5.0 (compatible; MJ12bot/v1.4.8; http://mj12bot.com/)"
176.65.132.19 - - [01/Mar/2026:14:33:06 +0000] "GET /wp-admin/index.php HTTP/1.1" 301 20 "https://elementalmill.com/wp-login.php" "Mozilla/5.0 (Macintosh; Intel Mac OS X 10_15_7) AppleWebKit/605.1.15 (KHTML, like Gecko) Version/17.0 Safari/605.1.15"
51.77.216.212 - - [01/Mar/2026:14:33:08 +0000] "GET /shopping/products/16201257605 HTTP/1.1" 200 24451 "-" "Mozilla/5.0 (compatible; MJ12bot/v1.4.8; http://mj12bot.com/)"
65.108.2.171 - - [01/Mar/2026:14:33:09 +0000] "GET /shopping/products/16201254482 HTTP/1.1" 200 24734 "-" "Mozilla/5.0 (compatible; MJ12bot/v1.4.8; http://mj12bot.com/)"
34.225.138.57 - - [01/Mar/2026:14:33:09 +0000] "GET /shop/pg/101055 HTTP/1.1" 200 24340 "-" "Mozilla/5.0 AppleWebKit/537.36 (KHTML, like Gecko; compatible; Amazonbot/0.1; +https://developer.amazon.com/support/amazonbot) Chrome/119.0.6045.214 Safari/537.36"
144.76.32.114 - - [01/Mar/2026:14:33:10 +0000] "GET /shopping/products/1618335931 HTTP/1.1" 200 24764 "-" "Mozilla/5.0 (compatible; SERankingBacklinksBot/1.0; +https://seranking.com/backlinks-crawler)"
176.65.132.19 - - [01/Mar/2026:14:33:09 +0000] "GET /wp-admin/ HTTP/1.1" 302 20 "https://elementalmill.com/wp-login.php" "Mozilla/5.0 (Macintosh; Intel Mac OS X 10_15_7) AppleWebKit/605.1.15 (KHTML, like Gecko) Version/17.0 Safari/605.1.15"
74.7.242.62 - - [01/Mar/2026:14:33:10 +0000] "GET /shop/pg/1700123 HTTP/2.0" 200 24440 "https://www.elementalmill.com.lab2454.com/shop/pg/16201483661" "Mozilla/5.0 AppleWebKit/537.36 (KHTML, like Gecko; compatible; GPTBot/1.3; +https://openai.com/gptbot)"
51.77.216.212 - - [01/Mar/2026:14:33:10 +0000] "GET /shopping/products/16201257617 HTTP/1.1" 200 25655 "-" "Mozilla/5.0 (compatible; MJ12bot/v1.4.8; http://mj12bot.com/)"
65.108.2.171 - - [01/Mar/2026:14:33:12 +0000] "GET /shopping/products/16201254496 HTTP/1.1" 200 24459 "-" "Mozilla/5.0 (compatible; MJ12bot/v1.4.8; http://mj12bot.com/)"
51.77.216.212 - - [01/Mar/2026:14:33:13 +0000] "GET /shopping/products/16201257647 HTTP/1.1" 200 25872 "-" "Mozilla/5.0 (compatible; MJ12bot/v1.4.8; http://mj12bot.com/)"
18.214.238.178 - - [01/Mar/2026:14:33:14 +0000] "GET /shop/pg/25812 HTTP/1.1" 200 24600 "-" "Mozilla/5.0 AppleWebKit/537.36 (KHTML, like Gecko; compatible; Amazonbot/0.1; +https://developer.amazon.com/support/amazonbot) Chrome/119.0.6045.214 Safari/537.36"
176.65.132.19 - - [01/Mar/2026:14:33:12 +0000] "GET /wp-admin/ HTTP/1.1" 302 20 "https://elementalmill.com/wp-login.php" "Mozilla/5.0 (Macintosh; Intel Mac OS X 10_15_7) AppleWebKit/605.1.15 (KHTML, like Gecko) Version/17.0 Safari/605.1.15"
144.76.32.114 - - [01/Mar/2026:14:33:14 +0000] "GET /shopping/products/1619607906 HTTP/1.1" 200 24269 "-" "Mozilla/5.0 (compatible; SERankingBacklinksBot/1.0; +https://seranking.com/backlinks-crawler)"
65.108.2.171 - - [01/Mar/2026:14:33:15 +0000] "GET /shopping/products/16201254576 HTTP/1.1" 200 24704 "-" "Mozilla/5.0 (compatible; MJ12bot/v1.4.8; http://mj12bot.com/)"
51.77.216.212 - - [01/Mar/2026:14:33:16 +0000] "GET /shopping/products/16201257691 HTTP/1.1" 200 24659 "-" "Mozilla/5.0 (compatible; MJ12bot/v1.4.8; http://mj12bot.com/)"
139.162.194.112 - - [01/Mar/2026:14:33:14 +0000] "POST /wp-cron.php?doing_wp_cron=1772375594.5010650157928466796875 HTTP/1.1" 404 13168 "-" "WordPress/6.9.1; https://elementalmill.com"
98.82.107.102 - - [01/Mar/2026:14:33:17 +0000] "GET /shop/pg/602997 HTTP/1.1" 200 24260 "-" "Mozilla/5.0 AppleWebKit/537.36 (KHTML, like Gecko; compatible; Amazonbot/0.1; +https://developer.amazon.com/support/amazonbot) Chrome/119.0.6045.214 Safari/537.36"
176.65.132.19 - - [01/Mar/2026:14:33:16 +0000] "GET /wp-admin/ HTTP/1.1" 302 20 "https://elementalmill.com/wp-login.php" "Mozilla/5.0 (Macintosh; Intel Mac OS X 10_15_7) AppleWebKit/605.1.15 (KHTML, like Gecko) Version/17.0 Safari/605.1.15"
74.7.227.51 - - [01/Mar/2026:14:33:17 +0000] "GET /shop/pg/161837416 HTTP/2.0" 200 24607 "https://elementalmill.com/shop/pg/33560" "Mozilla/5.0 AppleWebKit/537.36 (KHTML, like Gecko; compatible; GPTBot/1.3; +https://openai.com/gptbot)"
65.108.2.171 - - [01/Mar/2026:14:33:18 +0000] "GET /shopping/products/16201254659 HTTP/1.1" 200 24935 "-" "Mozilla/5.0 (compatible; MJ12bot/v1.4.8; http://mj12bot.com/)"
144.76.32.114 - - [01/Mar/2026:14:33:18 +0000] "GET /shopping/products/1618335932 HTTP/1.1" 200 24276 "-" "Mozilla/5.0 (compatible; SERankingBacklinksBot/1.0; +https://seranking.com/backlinks-crawler)"
51.77.216.212 - - [01/Mar/2026:14:33:18 +0000] "GET /shopping/products/16201257696 HTTP/1.1" 200 25931 "-" "Mozilla/5.0 (compatible; MJ12bot/v1.4.8; http://mj12bot.com/)"
176.65.132.19 - - [01/Mar/2026:14:33:18 +0000] "GET /wp-admin/ HTTP/1.1" 302 20 "https://elementalmill.com/wp-login.php" "Mozilla/5.0 (Macintosh; Intel Mac OS X 10_15_7) AppleWebKit/605.1.15 (KHTML, like Gecko) Version/17.0 Safari/605.1.15"
65.108.2.171 - - [01/Mar/2026:14:33:21 +0000] "GET /shopping/products/16201254738 HTTP/1.1" 200 24811 "-" "Mozilla/5.0 (compatible; MJ12bot/v1.4.8; http://mj12bot.com/)"
74.7.242.62 - - [01/Mar/2026:14:33:21 +0000] "GET /shop/pg/1263408 HTTP/2.0" 200 25911 "https://www.elementalmill.com.lab2454.com/shop/pg/1262253" "Mozilla/5.0 AppleWebKit/537.36 (KHTML, like Gecko; compatible; GPTBot/1.3; +https://openai.com/gptbot)"
