144.76.32.114 - - [01/Mar/2026:13:49:12 +0000] "GET /shopping/products/1619593907 HTTP/1.1" 200 24687 "-" "Mozilla/5.0 (compatible; SERankingBacklinksBot/1.0; +https://seranking.com/backlinks-crawler)"
74.7.242.62 - - [01/Mar/2026:13:49:14 +0000] "GET /shop/pg/1297623 HTTP/2.0" 200 24659 "https://www.elementalmill.com.lab2454.com/shop/pg/16211672720" "Mozilla/5.0 AppleWebKit/537.36 (KHTML, like Gecko; compatible; GPTBot/1.3; +https://openai.com/gptbot)"
66.249.64.39 - - [01/Mar/2026:13:49:14 +0000] "GET /shopping/products/16222345393 HTTP/1.1" 200 25110 "-" "Mozilla/5.0 (Linux; Android 6.0.1; Nexus 5X Build/MMB29P) AppleWebKit/537.36 (KHTML, like Gecko) Chrome/144.0.7559.132 Mobile Safari/537.36 (compatible; Googlebot/2.1; +http://www.google.com/bot.html)"
34.225.24.180 - - [01/Mar/2026:13:49:15 +0000] "GET /shop/pg/491110 HTTP/1.1" 200 24811 "-" "Mozilla/5.0 AppleWebKit/537.36 (KHTML, like Gecko; compatible; Amazonbot/0.1; +https://developer.amazon.com/support/amazonbot) Chrome/119.0.6045.214 Safari/537.36"
66.249.64.39 - - [01/Mar/2026:13:49:16 +0000] "GET /shop/customer/bookmark.php?shopping/products/16211793540 HTTP/1.1" 200 25712 "-" "Mozilla/5.0 (Linux; Android 6.0.1; Nexus 5X Build/MMB29P) AppleWebKit/537.36 (KHTML, like Gecko) Chrome/144.0.7559.132 Mobile Safari/537.36 (compatible; Googlebot/2.1; +http://www.google.com/bot.html)"
144.76.32.114 - - [01/Mar/2026:13:49:16 +0000] "GET /shopping/products/1618323749 HTTP/1.1" 200 24275 "-" "Mozilla/5.0 (compatible; SERankingBacklinksBot/1.0; +https://seranking.com/backlinks-crawler)"
213.180.203.156 - - [01/Mar/2026:13:49:19 +0000] "GET /shopping/products/162138764313 HTTP/1.1" 200 25463 "-" "Mozilla/5.0 (compatible; YandexBot/3.0; +http://yandex.com/bots)"
35.168.238.50 - - [01/Mar/2026:13:49:19 +0000] "GET /shop/pg/64186 HTTP/1.1" 200 24290 "-" "Mozilla/5.0 AppleWebKit/537.36 (KHTML, like Gecko; compatible; Amazonbot/0.1; +https://developer.amazon.com/support/amazonbot) Chrome/119.0.6045.214 Safari/537.36"
144.76.32.114 - - [01/Mar/2026:13:49:20 +0000] "GET /shopping/products/1619594014 HTTP/1.1" 200 24410 "-" "Mozilla/5.0 (compatible; SERankingBacklinksBot/1.0; +https://seranking.com/backlinks-crawler)"
3.224.205.25 - - [01/Mar/2026:13:49:23 +0000] "GET /shop/pg/1056424 HTTP/1.1" 200 25895 "-" "Mozilla/5.0 AppleWebKit/537.36 (KHTML, like Gecko; compatible; Amazonbot/0.1; +https://developer.amazon.com/support/amazonbot) Chrome/119.0.6045.214 Safari/537.36"
144.76.32.114 - - [01/Mar/2026:13:49:25 +0000] "GET /shopping/products/1618323754 HTTP/1.1" 200 24431 "-" "Mozilla/5.0 (compatible; SERankingBacklinksBot/1.0; +https://seranking.com/backlinks-crawler)"
66.249.64.39 - - [01/Mar/2026:13:49:25 +0000] "GET /shopping/products/16222372057 HTTP/1.1" 200 25692 "-" "Mozilla/5.0 (Linux; Android 6.0.1; Nexus 5X Build/MMB29P) AppleWebKit/537.36 (KHTML, like Gecko) Chrome/144.0.7559.132 Mobile Safari/537.36 (compatible; Googlebot/2.1; +http://www.google.com/bot.html)"
34.234.200.207 - - [01/Mar/2026:13:49:27 +0000] "GET /shop/pg/1205545 HTTP/1.1" 200 24921 "-" "Mozilla/5.0 AppleWebKit/537.36 (KHTML, like Gecko; compatible; Amazonbot/0.1; +https://developer.amazon.com/support/amazonbot) Chrome/119.0.6045.214 Safari/537.36"
66.249.64.39 - - [01/Mar/2026:13:49:28 +0000] "GET /shop/customer/bookmark.php?shopping/products/1618275102 HTTP/1.1" 200 24394 "-" "Mozilla/5.0 (Linux; Android 6.0.1; Nexus 5X Build/MMB29P) AppleWebKit/537.36 (KHTML, like Gecko) Chrome/144.0.7559.132 Mobile Safari/537.36 (compatible; Googlebot/2.1; +http://www.google.com/bot.html)"
74.7.242.62 - - [01/Mar/2026:13:49:29 +0000] "GET /shop/pg/16211596253 HTTP/2.0" 200 24849 "https://www.elementalmill.com.lab2454.com/shop/pg/1590847" "Mozilla/5.0 AppleWebKit/537.36 (KHTML, like Gecko; compatible; GPTBot/1.3; +https://openai.com/gptbot)"
144.76.32.114 - - [01/Mar/2026:13:49:29 +0000] "GET /shopping/products/1619594109 HTTP/1.1" 200 24484 "-" "Mozilla/5.0 (compatible; SERankingBacklinksBot/1.0; +https://seranking.com/backlinks-crawler)"
98.84.184.80 - - [01/Mar/2026:13:49:29 +0000] "GET /shop/pg/565202 HTTP/1.1" 200 24632 "-" "Mozilla/5.0 AppleWebKit/537.36 (KHTML, like Gecko; compatible; Amazonbot/0.1; +https://developer.amazon.com/support/amazonbot) Chrome/119.0.6045.214 Safari/537.36"
144.76.32.114 - - [01/Mar/2026:13:49:33 +0000] "GET /shopping/products/1618323820 HTTP/1.1" 200 25168 "-" "Mozilla/5.0 (compatible; SERankingBacklinksBot/1.0; +https://seranking.com/backlinks-crawler)"
100.29.155.89 - - [01/Mar/2026:13:49:35 +0000] "GET /shop/pg/1421667 HTTP/1.1" 200 25561 "-" "Mozilla/5.0 AppleWebKit/537.36 (KHTML, like Gecko; compatible; Amazonbot/0.1; +https://developer.amazon.com/support/amazonbot) Chrome/119.0.6045.214 Safari/537.36"
74.7.227.51 - - [01/Mar/2026:13:49:35 +0000] "GET /shop/pg/161813737 HTTP/2.0" 200 24344 "https://elementalmill.com/shop/pg/9955" "Mozilla/5.0 AppleWebKit/537.36 (KHTML, like Gecko; compatible; GPTBot/1.3; +https://openai.com/gptbot)"
66.249.64.39 - - [01/Mar/2026:13:49:37 +0000] "GET /shopping/products/16222084099 HTTP/1.1" 200 24425 "-" "Mozilla/5.0 (Linux; Android 6.0.1; Nexus 5X Build/MMB29P) AppleWebKit/537.36 (KHTML, like Gecko) Chrome/144.0.7559.132 Mobile Safari/537.36 (compatible; Googlebot/2.1; +http://www.google.com/bot.html)"
23.21.175.228 - - [01/Mar/2026:13:49:37 +0000] "GET /shop/pg/1758 HTTP/1.1" 200 24172 "-" "Mozilla/5.0 AppleWebKit/537.36 (KHTML, like Gecko; compatible; Amazonbot/0.1; +https://developer.amazon.com/support/amazonbot) Chrome/119.0.6045.214 Safari/537.36"
144.76.32.114 - - [01/Mar/2026:13:49:38 +0000] "GET /shopping/products/1619594146 HTTP/1.1" 200 24348 "-" "Mozilla/5.0 (compatible; SERankingBacklinksBot/1.0; +https://seranking.com/backlinks-crawler)"
74.7.242.62 - - [01/Mar/2026:13:49:40 +0000] "GET /shop/pg/16201485989 HTTP/2.0" 200 24677 "https://www.elementalmill.com.lab2454.com/shop/pg/16201265113" "Mozilla/5.0 AppleWebKit/537.36 (KHTML, like Gecko; compatible; GPTBot/1.3; +https://openai.com/gptbot)"
144.76.32.114 - - [01/Mar/2026:13:49:42 +0000] "GET /shopping/products/1618323848 HTTP/1.1" 200 24323 "-" "Mozilla/5.0 (compatible; SERankingBacklinksBot/1.0; +https://seranking.com/backlinks-crawler)"
66.249.64.39 - - [01/Mar/2026:13:49:42 +0000] "GET /shop/customer/bookmark.php?shopping/products/1619738662 HTTP/1.1" 200 24605 "-" "Mozilla/5.0 (Linux; Android 6.0.1; Nexus 5X Build/MMB29P) AppleWebKit/537.36 (KHTML, like Gecko) Chrome/144.0.7559.132 Mobile Safari/537.36 (compatible; Googlebot/2.1; +http://www.google.com/bot.html)"
34.225.87.80 - - [01/Mar/2026:13:49:44 +0000] "GET /?category/16211001397 HTTP/1.1" 200 26601 "-" "Mozilla/5.0 AppleWebKit/537.36 (KHTML, like Gecko; compatible; Amazonbot/0.1; +https://developer.amazon.com/support/amazonbot) Chrome/119.0.6045.214 Safari/537.36"
144.76.32.114 - - [01/Mar/2026:13:49:46 +0000] "GET /shopping/products/1619594188 HTTP/1.1" 200 24108 "-" "Mozilla/5.0 (compatible; SERankingBacklinksBot/1.0; +https://seranking.com/backlinks-crawler)"
52.22.64.232 - - [01/Mar/2026:13:49:47 +0000] "GET /shop/pg/3743 HTTP/1.1" 200 24370 "-" "Mozilla/5.0 AppleWebKit/537.36 (KHTML, like Gecko; compatible; Amazonbot/0.1; +https://developer.amazon.com/support/amazonbot) Chrome/119.0.6045.214 Safari/537.36"
66.249.64.39 - - [01/Mar/2026:13:49:49 +0000] "GET /shop/customer/bookmark.php?shopping/products/16232643256 HTTP/1.1" 200 25688 "-" "Mozilla/5.0 (Linux; Android 6.0.1; Nexus 5X Build/MMB29P) AppleWebKit/537.36 (KHTML, like Gecko) Chrome/144.0.7559.132 Mobile Safari/537.36 (compatible; Googlebot/2.1; +http://www.google.com/bot.html)"
144.76.32.114 - - [01/Mar/2026:13:49:50 +0000] "GET /shopping/products/1618323965 HTTP/1.1" 200 24299 "-" "Mozilla/5.0 (compatible; SERankingBacklinksBot/1.0; +https://seranking.com/backlinks-crawler)"
74.7.242.62 - - [01/Mar/2026:13:49:53 +0000] "GET /shop/pg/16211545803 HTTP/2.0" 200 24729 "https://www.elementalmill.com.lab2454.com/shop/pg/16201324897" "Mozilla/5.0 AppleWebKit/537.36 (KHTML, like Gecko; compatible; GPTBot/1.3; +https://openai.com/gptbot)"
52.207.47.227 - - [01/Mar/2026:13:49:53 +0000] "GET /shop/pg/736741 HTTP/1.1" 200 24463 "-" "Mozilla/5.0 AppleWebKit/537.36 (KHTML, like Gecko; compatible; Amazonbot/0.1; +https://developer.amazon.com/support/amazonbot) Chrome/119.0.6045.214 Safari/537.36"
144.76.32.114 - - [01/Mar/2026:13:49:54 +0000] "GET /shopping/products/1619594236 HTTP/1.1" 200 24331 "-" "Mozilla/5.0 (compatible; SERankingBacklinksBot/1.0; +https://seranking.com/backlinks-crawler)"
66.249.64.39 - - [01/Mar/2026:13:49:55 +0000] "GET /shopping/products/1619821164 HTTP/1.1" 200 24716 "-" "Mozilla/5.0 (Linux; Android 6.0.1; Nexus 5X Build/MMB29P) AppleWebKit/537.36 (KHTML, like Gecko) Chrome/144.0.7559.132 Mobile Safari/537.36 (compatible; Googlebot/2.1; +http://www.google.com/bot.html)"
52.45.77.169 - - [01/Mar/2026:13:49:56 +0000] "GET /shop/pg/183125 HTTP/1.1" 200 24621 "-" "Mozilla/5.0 AppleWebKit/537.36 (KHTML, like Gecko; compatible; Amazonbot/0.1; +https://developer.amazon.com/support/amazonbot) Chrome/119.0.6045.214 Safari/537.36"
95.108.213.89 - - [01/Mar/2026:13:49:56 +0000] "GET /shopping/products/161848058899 HTTP/1.1" 200 24411 "-" "Mozilla/5.0 (compatible; YandexBot/3.0; +http://yandex.com/bots)"
74.7.227.51 - - [01/Mar/2026:13:49:56 +0000] "GET /shop/pg/161837647 HTTP/2.0" 200 24769 "https://elementalmill.com/shop/pg/33769" "Mozilla/5.0 AppleWebKit/537.36 (KHTML, like Gecko; compatible; GPTBot/1.3; +https://openai.com/gptbot)"
95.108.213.79 - - [01/Mar/2026:13:49:56 +0000] "GET /shopping/products/162223501891 HTTP/1.1" 200 25380 "-" "Mozilla/5.0 (compatible; YandexBot/3.0; +http://yandex.com/bots)"
144.76.32.114 - - [01/Mar/2026:13:49:58 +0000] "GET /shopping/products/1618323984 HTTP/1.1" 200 24801 "-" "Mozilla/5.0 (compatible; SERankingBacklinksBot/1.0; +https://seranking.com/backlinks-crawler)"
98.83.10.183 - - [01/Mar/2026:13:50:01 +0000] "GET /shop/pg/104191 HTTP/1.1" 200 24809 "-" "Mozilla/5.0 AppleWebKit/537.36 (KHTML, like Gecko; compatible; Amazonbot/0.1; +https://developer.amazon.com/support/amazonbot) Chrome/119.0.6045.214 Safari/537.36"
66.249.64.41 - - [01/Mar/2026:13:50:01 +0000] "GET /shop/customer/bookmark.php?shopping/products/1619671216 HTTP/1.1" 200 24904 "-" "Mozilla/5.0 (Linux; Android 6.0.1; Nexus 5X Build/MMB29P) AppleWebKit/537.36 (KHTML, like Gecko) Chrome/144.0.7559.132 Mobile Safari/537.36 (compatible; Googlebot/2.1; +http://www.google.com/bot.html)"
144.76.32.114 - - [01/Mar/2026:13:50:02 +0000] "GET /shopping/products/1619594307 HTTP/1.1" 200 24934 "-" "Mozilla/5.0 (compatible; SERankingBacklinksBot/1.0; +https://seranking.com/backlinks-crawler)"
18.210.58.238 - - [01/Mar/2026:13:50:04 +0000] "GET /shop/pg/2060973 HTTP/1.1" 200 24567 "-" "Mozilla/5.0 AppleWebKit/537.36 (KHTML, like Gecko; compatible; Amazonbot/0.1; +https://developer.amazon.com/support/amazonbot) Chrome/119.0.6045.214 Safari/537.36"
144.76.32.114 - - [01/Mar/2026:13:50:07 +0000] "GET /shopping/products/1618323993 HTTP/1.1" 200 24726 "-" "Mozilla/5.0 (compatible; SERankingBacklinksBot/1.0; +https://seranking.com/backlinks-crawler)"
74.7.242.62 - - [01/Mar/2026:13:50:07 +0000] "GET /shop/pg/16211806373 HTTP/2.0" 200 25534 "https://www.elementalmill.com.lab2454.com/shop/pg/1800975" "Mozilla/5.0 AppleWebKit/537.36 (KHTML, like Gecko; compatible; GPTBot/1.3; +https://openai.com/gptbot)"
18.205.91.101 - - [01/Mar/2026:13:50:08 +0000] "GET /shop/pg/25829 HTTP/1.1" 200 24487 "-" "Mozilla/5.0 AppleWebKit/537.36 (KHTML, like Gecko; compatible; Amazonbot/0.1; +https://developer.amazon.com/support/amazonbot) Chrome/119.0.6045.214 Safari/537.36"
144.76.32.114 - - [01/Mar/2026:13:50:11 +0000] "GET /shopping/products/1619594318 HTTP/1.1" 200 24316 "-" "Mozilla/5.0 (compatible; SERankingBacklinksBot/1.0; +https://seranking.com/backlinks-crawler)"
3.225.9.97 - - [01/Mar/2026:13:50:12 +0000] "GET /shop/pg/83814 HTTP/1.1" 200 24727 "-" "Mozilla/5.0 AppleWebKit/537.36 (KHTML, like Gecko; compatible; Amazonbot/0.1; +https://developer.amazon.com/support/amazonbot) Chrome/119.0.6045.214 Safari/537.36"
66.249.64.39 - - [01/Mar/2026:13:50:12 +0000] "GET /shopping/products/16222278777 HTTP/1.1" 200 25691 "-" "Mozilla/5.0 (Linux; Android 6.0.1; Nexus 5X Build/MMB29P) AppleWebKit/537.36 (KHTML, like Gecko) Chrome/144.0.7559.132 Mobile Safari/537.36 (compatible; Googlebot/2.1; +http://www.google.com/bot.html)"
144.76.32.114 - - [01/Mar/2026:13:50:15 +0000] "GET /shopping/products/1618323996 HTTP/1.1" 200 24593 "-" "Mozilla/5.0 (compatible; SERankingBacklinksBot/1.0; +https://seranking.com/backlinks-crawler)"
35.168.238.50 - - [01/Mar/2026:13:50:15 +0000] "GET /?category/16211001515 HTTP/1.1" 200 19818 "-" "Mozilla/5.0 AppleWebKit/537.36 (KHTML, like Gecko; compatible; Amazonbot/0.1; +https://developer.amazon.com/support/amazonbot) Chrome/119.0.6045.214 Safari/537.36"
74.7.227.51 - - [01/Mar/2026:13:50:13 +0000] "GET /shop/pg/161892427 HTTP/2.0" 200 25654 "https://elementalmill.com/shop/pg/88539" "Mozilla/5.0 AppleWebKit/537.36 (KHTML, like Gecko; compatible; GPTBot/1.3; +https://openai.com/gptbot)"
66.249.64.39 - - [01/Mar/2026:13:50:18 +0000] "GET /shop/customer/bookmark.php?shopping/products/1619973075 HTTP/1.1" 200 25188 "-" "Mozilla/5.0 (Linux; Android 6.0.1; Nexus 5X Build/MMB29P) AppleWebKit/537.36 (KHTML, like Gecko) Chrome/144.0.7559.132 Mobile Safari/537.36 (compatible; Googlebot/2.1; +http://www.google.com/bot.html)"
144.76.32.114 - - [01/Mar/2026:13:50:19 +0000] "GET /shopping/products/1619594342 HTTP/1.1" 200 24453 "-" "Mozilla/5.0 (compatible; SERankingBacklinksBot/1.0; +https://seranking.com/backlinks-crawler)"
74.7.242.62 - - [01/Mar/2026:13:50:20 +0000] "GET /shop/pg/16211723850 HTTP/2.0" 200 24585 "https://www.elementalmill.com.lab2454.com/shop/pg/16201502956" "Mozilla/5.0 AppleWebKit/537.36 (KHTML, like Gecko; compatible; GPTBot/1.3; +https://openai.com/gptbot)"
66.249.64.39 - - [01/Mar/2026:13:50:23 +0000] "GET /shopping/products/16211619211 HTTP/1.1" 200 24444 "-" "Mozilla/5.0 (compatible; Googlebot/2.1; +http://www.google.com/bot.html)"
144.76.32.114 - - [01/Mar/2026:13:50:23 +0000] "GET /shopping/products/1618324016 HTTP/1.1" 200 24257 "-" "Mozilla/5.0 (compatible; SERankingBacklinksBot/1.0; +https://seranking.com/backlinks-crawler)"
54.197.102.71 - - [01/Mar/2026:13:50:25 +0000] "GET /shop/pg/920674 HTTP/1.1" 200 24365 "-" "Mozilla/5.0 AppleWebKit/537.36 (KHTML, like Gecko; compatible; Amazonbot/0.1; +https://developer.amazon.com/support/amazonbot) Chrome/119.0.6045.214 Safari/537.36"
3.218.103.254 - - [01/Mar/2026:13:50:26 +0000] "GET /shop/pg/1311841 HTTP/1.1" 200 24663 "-" "Mozilla/5.0 AppleWebKit/537.36 (KHTML, like Gecko; compatible; Amazonbot/0.1; +https://developer.amazon.com/support/amazonbot) Chrome/119.0.6045.214 Safari/537.36"
3.209.174.110 - - [01/Mar/2026:13:50:27 +0000] "GET /?shopping/products/16201300278 HTTP/1.1" 200 26194 "-" "Mozilla/5.0 AppleWebKit/537.36 (KHTML, like Gecko; compatible; Amazonbot/0.1; +https://developer.amazon.com/support/amazonbot) Chrome/119.0.6045.214 Safari/537.36"
144.76.32.114 - - [01/Mar/2026:13:50:27 +0000] "GET /shopping/products/1619594509 HTTP/1.1" 200 24571 "-" "Mozilla/5.0 (compatible; SERankingBacklinksBot/1.0; +https://seranking.com/backlinks-crawler)"
66.249.64.39 - - [01/Mar/2026:13:50:29 +0000] "GET /shopping/products/1619792484 HTTP/1.1" 200 25049 "-" "Mozilla/5.0 (Linux; Android 6.0.1; Nexus 5X Build/MMB29P) AppleWebKit/537.36 (KHTML, like Gecko) Chrome/144.0.7559.132 Mobile Safari/537.36 (compatible; Googlebot/2.1; +http://www.google.com/bot.html)"
144.76.32.114 - - [01/Mar/2026:13:50:31 +0000] "GET /shopping/products/1618324050 HTTP/1.1" 200 24823 "-" "Mozilla/5.0 (compatible; SERankingBacklinksBot/1.0; +https://seranking.com/backlinks-crawler)"
107.20.224.184 - - [01/Mar/2026:13:50:33 +0000] "GET /shop/pg/2018294 HTTP/1.1" 200 25917 "-" "Mozilla/5.0 AppleWebKit/537.36 (KHTML, like Gecko; compatible; Amazonbot/0.1; +https://developer.amazon.com/support/amazonbot) Chrome/119.0.6045.214 Safari/537.36"
66.249.64.39 - - [01/Mar/2026:13:50:35 +0000] "GET /shop/customer/bookmark.php?shopping/products/16201263947 HTTP/1.1" 200 25535 "-" "Mozilla/5.0 (Linux; Android 6.0.1; Nexus 5X Build/MMB29P) AppleWebKit/537.36 (KHTML, like Gecko) Chrome/144.0.7559.132 Mobile Safari/537.36 (compatible; Googlebot/2.1; +http://www.google.com/bot.html)"
144.76.32.114 - - [01/Mar/2026:13:50:35 +0000] "GET /shopping/products/1619594542 HTTP/1.1" 200 24803 "-" "Mozilla/5.0 (compatible; SERankingBacklinksBot/1.0; +https://seranking.com/backlinks-crawler)"
54.163.169.168 - - [01/Mar/2026:13:50:37 +0000] "GET /shop/pg/6180 HTTP/1.1" 200 24228 "-" "Mozilla/5.0 AppleWebKit/537.36 (KHTML, like Gecko; compatible; Amazonbot/0.1; +https://developer.amazon.com/support/amazonbot) Chrome/119.0.6045.214 Safari/537.36"
34.224.132.215 - - [01/Mar/2026:13:50:39 +0000] "GET /?category/16231002309 HTTP/1.1" 200 27247 "-" "Mozilla/5.0 AppleWebKit/537.36 (KHTML, like Gecko; compatible; Amazonbot/0.1; +https://developer.amazon.com/support/amazonbot) Chrome/119.0.6045.214 Safari/537.36"
144.76.32.114 - - [01/Mar/2026:13:50:39 +0000] "GET /shopping/products/1618324114 HTTP/1.1" 200 24503 "-" "Mozilla/5.0 (compatible; SERankingBacklinksBot/1.0; +https://seranking.com/backlinks-crawler)"
98.84.200.43 - - [01/Mar/2026:13:50:43 +0000] "GET /shop/pg/16201315041 HTTP/1.1" 200 24844 "-" "Mozilla/5.0 AppleWebKit/537.36 (KHTML, like Gecko; compatible; Amazonbot/0.1; +https://developer.amazon.com/support/amazonbot) Chrome/119.0.6045.214 Safari/537.36"
144.76.32.114 - - [01/Mar/2026:13:50:43 +0000] "GET /shopping/products/1619594560 HTTP/1.1" 200 24681 "-" "Mozilla/5.0 (compatible; SERankingBacklinksBot/1.0; +https://seranking.com/backlinks-crawler)"
74.7.242.62 - - [01/Mar/2026:13:50:45 +0000] "GET /shop/pg/1632941 HTTP/2.0" 200 24811 "https://www.elementalmill.com.lab2454.com/shop/pg/16201416482" "Mozilla/5.0 AppleWebKit/537.36 (KHTML, like Gecko; compatible; GPTBot/1.3; +https://openai.com/gptbot)"
66.249.64.39 - - [01/Mar/2026:13:50:47 +0000] "GET /shopping/products/1618315060 HTTP/1.1" 200 24543 "-" "Mozilla/5.0 (Linux; Android 6.0.1; Nexus 5X Build/MMB29P) AppleWebKit/537.36 (KHTML, like Gecko) Chrome/144.0.7559.132 Mobile Safari/537.36 (compatible; Googlebot/2.1; +http://www.google.com/bot.html)"
144.76.32.114 - - [01/Mar/2026:13:50:47 +0000] "GET /shopping/products/1618324143 HTTP/1.1" 200 24597 "-" "Mozilla/5.0 (compatible; SERankingBacklinksBot/1.0; +https://seranking.com/backlinks-crawler)"
18.205.127.11 - - [01/Mar/2026:13:50:48 +0000] "GET /shop/pg/52095 HTTP/1.1" 200 24256 "-" "Mozilla/5.0 AppleWebKit/537.36 (KHTML, like Gecko; compatible; Amazonbot/0.1; +https://developer.amazon.com/support/amazonbot) Chrome/119.0.6045.214 Safari/537.36"
66.249.64.39 - - [01/Mar/2026:13:50:49 +0000] "GET /shop/customer/bookmark.php?shopping/products/16222083718 HTTP/1.1" 200 24827 "-" "Mozilla/5.0 (Linux; Android 6.0.1; Nexus 5X Build/MMB29P) AppleWebKit/537.36 (KHTML, like Gecko) Chrome/144.0.7559.132 Mobile Safari/537.36 (compatible; Googlebot/2.1; +http://www.google.com/bot.html)"
74.7.227.51 - - [01/Mar/2026:13:50:50 +0000] "GET /shop/pg/161898538 HTTP/2.0" 200 24339 "https://elementalmill.com/shop/pg/94656" "Mozilla/5.0 AppleWebKit/537.36 (KHTML, like Gecko; compatible; GPTBot/1.3; +https://openai.com/gptbot)"
144.76.32.114 - - [01/Mar/2026:13:50:52 +0000] "GET /shopping/products/1619594576 HTTP/1.1" 200 24657 "-" "Mozilla/5.0 (compatible; SERankingBacklinksBot/1.0; +https://seranking.com/backlinks-crawler)"
54.83.56.1 - - [01/Mar/2026:13:50:52 +0000] "GET /?category/16221003100 HTTP/1.1" 200 17608 "-" "Mozilla/5.0 AppleWebKit/537.36 (KHTML, like Gecko; compatible; Amazonbot/0.1; +https://developer.amazon.com/support/amazonbot) Chrome/119.0.6045.214 Safari/537.36"
176.65.132.19 - - [01/Mar/2026:13:50:54 +0000] "GET /wp-login.php HTTP/1.1" 200 2814 "https://www.facebook.com/" "Mozilla/5.0 (Macintosh; Intel Mac OS X 10_15_7) AppleWebKit/605.1.15 (KHTML, like Gecko) Version/17.0 Safari/605.1.15"
3.93.211.16 - - [01/Mar/2026:13:50:55 +0000] "GET /shop/pg/6241 HTTP/1.1" 200 24496 "-" "Mozilla/5.0 AppleWebKit/537.36 (KHTML, like Gecko; compatible; Amazonbot/0.1; +https://developer.amazon.com/support/amazonbot) Chrome/119.0.6045.214 Safari/537.36"
144.76.32.114 - - [01/Mar/2026:13:50:56 +0000] "GET /shopping/products/1618324161 HTTP/1.1" 200 24914 "-" "Mozilla/5.0 (compatible; SERankingBacklinksBot/1.0; +https://seranking.com/backlinks-crawler)"
66.249.64.39 - - [01/Mar/2026:13:50:57 +0000] "GET /shopping/products/16222432867 HTTP/1.1" 200 25534 "-" "Mozilla/5.0 (Linux; Android 6.0.1; Nexus 5X Build/MMB29P) AppleWebKit/537.36 (KHTML, like Gecko) Chrome/144.0.7559.132 Mobile Safari/537.36 (compatible; Googlebot/2.1; +http://www.google.com/bot.html)"
176.65.132.19 - - [01/Mar/2026:13:50:56 +0000] "GET /?author=1 HTTP/1.1" 301 839 "-" "Mozilla/5.0 (Windows NT 10.0; Win64; x64) AppleWebKit/537.36 (KHTML, like Gecko) Chrome/120.0.0.0 Safari/537.36"
74.7.227.51 - - [01/Mar/2026:13:50:58 +0000] "GET /shop/pg/161893879 HTTP/2.0" 200 25701 "https://elementalmill.com/shop/pg/90019" "Mozilla/5.0 AppleWebKit/537.36 (KHTML, like Gecko; compatible; GPTBot/1.3; +https://openai.com/gptbot)"
144.76.32.114 - - [01/Mar/2026:13:51:00 +0000] "GET /shopping/products/1619594579 HTTP/1.1" 200 24850 "-" "Mozilla/5.0 (compatible; SERankingBacklinksBot/1.0; +https://seranking.com/backlinks-crawler)"
74.7.242.62 - - [01/Mar/2026:13:50:55 +0000] "GET /shop/pg/16201226524 HTTP/2.0" 200 26260 "https://www.elementalmill.com.lab2454.com/shop/pg/1221160" "Mozilla/5.0 AppleWebKit/537.36 (KHTML, like Gecko; compatible; GPTBot/1.3; +https://openai.com/gptbot)"
44.214.19.8 - - [01/Mar/2026:13:51:00 +0000] "GET /shop/pg/649200 HTTP/1.1" 200 24494 "-" "Mozilla/5.0 AppleWebKit/537.36 (KHTML, like Gecko; compatible; Amazonbot/0.1; +https://developer.amazon.com/support/amazonbot) Chrome/119.0.6045.214 Safari/537.36"
176.65.132.19 - - [01/Mar/2026:13:50:59 +0000] "GET /author/admin/ HTTP/1.1" 200 13696 "-" "Mozilla/5.0 (Windows NT 10.0; Win64; x64) AppleWebKit/537.36 (KHTML, like Gecko) Chrome/120.0.0.0 Safari/537.36"
74.7.242.62 - - [01/Mar/2026:13:51:02 +0000] "GET /shop/pg/1576886 HTTP/2.0" 200 24639 "https://www.elementalmill.com.lab2454.com/shop/pg/1575718" "Mozilla/5.0 AppleWebKit/537.36 (KHTML, like Gecko; compatible; GPTBot/1.3; +https://openai.com/gptbot)"
66.249.64.39 - - [01/Mar/2026:13:51:03 +0000] "GET /shop/customer/bookmark.php?shopping/products/16211513208 HTTP/1.1" 200 25741 "-" "Mozilla/5.0 (Linux; Android 6.0.1; Nexus 5X Build/MMB29P) AppleWebKit/537.36 (KHTML, like Gecko) Chrome/144.0.7559.132 Mobile Safari/537.36 (compatible; Googlebot/2.1; +http://www.google.com/bot.html)"
144.76.32.114 - - [01/Mar/2026:13:51:04 +0000] "GET /shopping/products/1618324171 HTTP/1.1" 200 25082 "-" "Mozilla/5.0 (compatible; SERankingBacklinksBot/1.0; +https://seranking.com/backlinks-crawler)"
52.0.41.164 - - [01/Mar/2026:13:51:04 +0000] "GET /shop/pg/52768 HTTP/1.1" 200 24549 "-" "Mozilla/5.0 AppleWebKit/537.36 (KHTML, like Gecko; compatible; Amazonbot/0.1; +https://developer.amazon.com/support/amazonbot) Chrome/119.0.6045.214 Safari/537.36"
176.65.132.19 - - [01/Mar/2026:13:51:02 +0000] "GET /?author=2 HTTP/1.1" 404 13178 "https://www.bing.com/" "Mozilla/5.0 (Macintosh; Intel Mac OS X 13_6_1) AppleWebKit/537.36 (KHTML, like Gecko) Chrome/121.0.0.0 Safari/537.36"
5.255.231.28 - - [01/Mar/2026:13:51:07 +0000] "GET /shopping/products/161850404780 HTTP/1.1" 200 24649 "-" "Mozilla/5.0 (compatible; YandexBot/3.0; +http://yandex.com/bots)"
176.65.132.19 - - [01/Mar/2026:13:51:06 +0000] "GET /?author=3 HTTP/1.1" 200 13204 "https://www.google.com/search?q=wordpress" "Mozilla/5.0 (Macintosh; Intel Mac OS X 10_15_7) AppleWebKit/605.1.15 (KHTML, like Gecko) Version/17.1 Safari/605.1.15"
144.76.32.114 - - [01/Mar/2026:13:51:08 +0000] "GET /shopping/products/1619594675 HTTP/1.1" 200 24410 "-" "Mozilla/5.0 (compatible; SERankingBacklinksBot/1.0; +https://seranking.com/backlinks-crawler)"
52.71.46.142 - - [01/Mar/2026:13:51:08 +0000] "GET /?category/162110084 HTTP/1.1" 200 26831 "-" "Mozilla/5.0 AppleWebKit/537.36 (KHTML, like Gecko; compatible; Amazonbot/0.1; +https://developer.amazon.com/support/amazonbot) Chrome/119.0.6045.214 Safari/537.36"
74.7.242.62 - - [01/Mar/2026:13:51:10 +0000] "GET /shop/pg/16211632130 HTTP/2.0" 200 24996 "https://www.elementalmill.com.lab2454.com/shop/pg/1626734" "Mozilla/5.0 AppleWebKit/537.36 (KHTML, like Gecko; compatible; GPTBot/1.3; +https://openai.com/gptbot)"
176.65.132.19 - - [01/Mar/2026:13:51:09 +0000] "GET /?author=4 HTTP/1.1" 200 13206 "https://www.google.com/" "Mozilla/5.0 (Windows NT 11.0; Win64; x64) AppleWebKit/537.36 (KHTML, like Gecko) Chrome/118.0.0.0 Safari/537.36"
34.199.252.22 - - [01/Mar/2026:13:51:12 +0000] "GET /shop/pg/203687 HTTP/1.1" 200 24356 "-" "Mozilla/5.0 AppleWebKit/537.36 (KHTML, like Gecko; compatible; Amazonbot/0.1; +https://developer.amazon.com/support/amazonbot) Chrome/119.0.6045.214 Safari/537.36"
144.76.32.114 - - [01/Mar/2026:13:51:12 +0000] "GET /shopping/products/1618324184 HTTP/1.1" 200 24727 "-" "Mozilla/5.0 (compatible; SERankingBacklinksBot/1.0; +https://seranking.com/backlinks-crawler)"
176.65.132.19 - - [01/Mar/2026:13:51:12 +0000] "GET /?author=5 HTTP/1.1" 200 13208 "-" "Mozilla/5.0 (Macintosh; Intel Mac OS X 13_6_1; rv:121.0) Gecko/20100101 Firefox/121.0"
176.65.132.19 - - [01/Mar/2026:13:51:15 +0000] "GET /wp-json/wp/v2/users HTTP/1.1" 200 314 "https://duckduckgo.com/" "Mozilla/5.0 (Macintosh; Intel Mac OS X 10_15_7) AppleWebKit/605.1.15 (KHTML, like Gecko) Version/16.6 Safari/605.1.15"
144.76.32.114 - - [01/Mar/2026:13:51:16 +0000] "GET /shopping/products/1619594719 HTTP/1.1" 200 25421 "-" "Mozilla/5.0 (compatible; SERankingBacklinksBot/1.0; +https://seranking.com/backlinks-crawler)"
34.199.252.22 - - [01/Mar/2026:13:51:16 +0000] "GET /shop/pg/1069 HTTP/1.1" 200 24349 "-" "Mozilla/5.0 AppleWebKit/537.36 (KHTML, like Gecko; compatible; Amazonbot/0.1; +https://developer.amazon.com/support/amazonbot) Chrome/119.0.6045.214 Safari/537.36"
44.207.69.106 - - [01/Mar/2026:13:51:17 +0000] "GET /?category/16191000344 HTTP/1.1" 200 27390 "-" "Mozilla/5.0 AppleWebKit/537.36 (KHTML, like Gecko; compatible; Amazonbot/0.1; +https://developer.amazon.com/support/amazonbot) Chrome/119.0.6045.214 Safari/537.36"
66.249.64.40 - - [01/Mar/2026:13:51:18 +0000] "GET /shopping/products/16222112622 HTTP/1.1" 200 24499 "-" "Mozilla/5.0 (Linux; Android 6.0.1; Nexus 5X Build/MMB29P) AppleWebKit/537.36 (KHTML, like Gecko) Chrome/144.0.7559.132 Mobile Safari/537.36 (compatible; Googlebot/2.1; +http://www.google.com/bot.html)"
74.7.242.62 - - [01/Mar/2026:13:51:19 +0000] "GET /shop/pg/16211516418 HTTP/2.0" 200 25664 "https://www.elementalmill.com.lab2454.com/shop/pg/16201295524" "Mozilla/5.0 AppleWebKit/537.36 (KHTML, like Gecko; compatible; GPTBot/1.3; +https://openai.com/gptbot)"
144.76.32.114 - - [01/Mar/2026:13:51:20 +0000] "GET /shopping/products/1618324216 HTTP/1.1" 200 24921 "-" "Mozilla/5.0 (compatible; SERankingBacklinksBot/1.0; +https://seranking.com/backlinks-crawler)"
176.65.132.19 - - [01/Mar/2026:13:51:20 +0000] "POST /wp-login.php HTTP/1.1" 200 2962 "https://elementalmill.com/wp-login.php" "Mozilla/5.0 (Windows NT 11.0; Win64; x64; rv:118.0) Gecko/20100101 Firefox/118.0"
107.20.255.194 - - [01/Mar/2026:13:51:21 +0000] "GET /shop/pg/2240418 HTTP/1.1" 200 25143 "-" "Mozilla/5.0 AppleWebKit/537.36 (KHTML, like Gecko; compatible; Amazonbot/0.1; +https://developer.amazon.com/support/amazonbot) Chrome/119.0.6045.214 Safari/537.36"
74.7.227.51 - - [01/Mar/2026:13:51:22 +0000] "GET /shop/pg/161820122 HTTP/2.0" 200 24988 "https://elementalmill.com/shop/customer/bookmark.php?shopping/products/161813312" "Mozilla/5.0 AppleWebKit/537.36 (KHTML, like Gecko; compatible; GPTBot/1.3; +https://openai.com/gptbot)"
176.65.132.19 - - [01/Mar/2026:13:51:22 +0000] "GET /wp-admin/index.php HTTP/1.1" 301 20 "https://elementalmill.com/wp-login.php" "Mozilla/5.0 (Macintosh; Intel Mac OS X 13_6_1) AppleWebKit/605.1.15 (KHTML, like Gecko) Version/16.6 Safari/605.1.15"
144.76.32.114 - - [01/Mar/2026:13:51:24 +0000] "GET /shopping/products/1619594795 HTTP/1.1" 200 24392 "-" "Mozilla/5.0 (compatible; SERankingBacklinksBot/1.0; +https://seranking.com/backlinks-crawler)"
66.249.64.39 - - [01/Mar/2026:13:51:25 +0000] "GET /shop/customer/bookmark.php?shopping/products/16211544816 HTTP/1.1" 200 25783 "-" "Mozilla/5.0 (Linux; Android 6.0.1; Nexus 5X Build/MMB29P) AppleWebKit/537.36 (KHTML, like Gecko) Chrome/144.0.7559.132 Mobile Safari/537.36 (compatible; Googlebot/2.1; +http://www.google.com/bot.html)"
176.65.132.19 - - [01/Mar/2026:13:51:25 +0000] "GET /wp-admin/ HTTP/1.1" 302 20 "https://elementalmill.com/wp-login.php" "Mozilla/5.0 (Macintosh; Intel Mac OS X 13_6_1) AppleWebKit/605.1.15 (KHTML, like Gecko) Version/16.6 Safari/605.1.15"
3.213.213.161 - - [01/Mar/2026:13:51:27 +0000] "GET /shop/pg/102042 HTTP/1.1" 200 24820 "-" "Mozilla/5.0 AppleWebKit/537.36 (KHTML, like Gecko; compatible; Amazonbot/0.1; +https://developer.amazon.com/support/amazonbot) Chrome/119.0.6045.214 Safari/537.36"
144.76.32.114 - - [01/Mar/2026:13:51:28 +0000] "GET /shopping/products/1618324279 HTTP/1.1" 200 24873 "-" "Mozilla/5.0 (compatible; SERankingBacklinksBot/1.0; +https://seranking.com/backlinks-crawler)"
44.196.118.6 - - [01/Mar/2026:13:51:29 +0000] "GET /shop/pg/2018698 HTTP/1.1" 200 24962 "-" "Mozilla/5.0 AppleWebKit/537.36 (KHTML, like Gecko; compatible; Amazonbot/0.1; +https://developer.amazon.com/support/amazonbot) Chrome/119.0.6045.214 Safari/537.36"
176.65.132.19 - - [01/Mar/2026:13:51:29 +0000] "GET /wp-admin/ HTTP/1.1" 302 20 "https://elementalmill.com/wp-login.php" "Mozilla/5.0 (Macintosh; Intel Mac OS X 13_6_1) AppleWebKit/605.1.15 (KHTML, like Gecko) Version/16.6 Safari/605.1.15"
66.249.64.39 - - [01/Mar/2026:13:51:31 +0000] "GET /shopping/products/16222249775 HTTP/1.1" 200 24481 "-" "Mozilla/5.0 (Linux; Android 6.0.1; Nexus 5X Build/MMB29P) AppleWebKit/537.36 (KHTML, like Gecko) Chrome/144.0.7559.132 Mobile Safari/537.36 (compatible; Googlebot/2.1; +http://www.google.com/bot.html)"
144.76.32.114 - - [01/Mar/2026:13:51:32 +0000] "GET /shopping/products/1619594848 HTTP/1.1" 200 24957 "-" "Mozilla/5.0 (compatible; SERankingBacklinksBot/1.0; +https://seranking.com/backlinks-crawler)"
74.7.242.62 - - [01/Mar/2026:13:51:32 +0000] "GET /shop/pg/16201303021 HTTP/2.0" 200 25123 "https://www.elementalmill.com.lab2454.com/shop/pg/1297623" "Mozilla/5.0 AppleWebKit/537.36 (KHTML, like Gecko; compatible; GPTBot/1.3; +https://openai.com/gptbot)"
66.249.64.39 - - [01/Mar/2026:13:51:33 +0000] "GET /shopping/products/16211643866 HTTP/1.1" 200 24700 "-" "Mozilla/5.0 (Linux; Android 6.0.1; Nexus 5X Build/MMB29P) AppleWebKit/537.36 (KHTML, like Gecko) Chrome/144.0.7559.132 Mobile Safari/537.36 (compatible; Googlebot/2.1; +http://www.google.com/bot.html)"
176.65.132.19 - - [01/Mar/2026:13:51:32 +0000] "GET /wp-admin/ HTTP/1.1" 302 20 "https://elementalmill.com/wp-login.php" "Mozilla/5.0 (Macintosh; Intel Mac OS X 13_6_1) AppleWebKit/605.1.15 (KHTML, like Gecko) Version/16.6 Safari/605.1.15"
66.249.64.39 - - [01/Mar/2026:13:51:36 +0000] "GET /shop/customer/bookmark.php?shopping/products/16201270862 HTTP/1.1" 200 24648 "-" "Mozilla/5.0 (Linux; Android 6.0.1; Nexus 5X Build/MMB29P) AppleWebKit/537.36 (KHTML, like Gecko) Chrome/144.0.7559.132 Mobile Safari/537.36 (compatible; Googlebot/2.1; +http://www.google.com/bot.html)"
144.76.32.114 - - [01/Mar/2026:13:51:36 +0000] "GET /shopping/products/1618324284 HTTP/1.1" 200 25048 "-" "Mozilla/5.0 (compatible; SERankingBacklinksBot/1.0; +https://seranking.com/backlinks-crawler)"
176.65.132.19 - - [01/Mar/2026:13:51:35 +0000] "GET /wp-admin/ HTTP/1.1" 302 20 "https://elementalmill.com/wp-login.php" "Mozilla/5.0 (Macintosh; Intel Mac OS X 13_6_1) AppleWebKit/605.1.15 (KHTML, like Gecko) Version/16.6 Safari/605.1.15"
44.212.131.50 - - [01/Mar/2026:13:51:39 +0000] "GET /shop/pg/23897 HTTP/1.1" 200 24321 "-" "Mozilla/5.0 AppleWebKit/537.36 (KHTML, like Gecko; compatible; Amazonbot/0.1; +https://developer.amazon.com/support/amazonbot) Chrome/119.0.6045.214 Safari/537.36"
176.65.132.19 - - [01/Mar/2026:13:51:38 +0000] "GET /wp-admin/ HTTP/1.1" 302 20 "https://elementalmill.com/wp-login.php" "Mozilla/5.0 (Macintosh; Intel Mac OS X 13_6_1) AppleWebKit/605.1.15 (KHTML, like Gecko) Version/16.6 Safari/605.1.15"
144.76.32.114 - - [01/Mar/2026:13:51:40 +0000] "GET /shopping/products/1619594878 HTTP/1.1" 200 24898 "-" "Mozilla/5.0 (compatible; SERankingBacklinksBot/1.0; +https://seranking.com/backlinks-crawler)"
52.205.113.104 - - [01/Mar/2026:13:51:41 +0000] "GET /?category/16221001501 HTTP/1.1" 200 22885 "-" "Mozilla/5.0 AppleWebKit/537.36 (KHTML, like Gecko; compatible; Amazonbot/0.1; +https://developer.amazon.com/support/amazonbot) Chrome/119.0.6045.214 Safari/537.36"
74.7.242.62 - - [01/Mar/2026:13:51:42 +0000] "GET /shop/pg/1298787 HTTP/2.0" 200 25276 "https://www.elementalmill.com.lab2454.com/shop/pg/1297623" "Mozilla/5.0 AppleWebKit/537.36 (KHTML, like Gecko; compatible; GPTBot/1.3; +https://openai.com/gptbot)"
176.65.132.19 - - [01/Mar/2026:13:51:41 +0000] "GET /wp-admin/ HTTP/1.1" 302 20 "https://elementalmill.com/wp-login.php" "Mozilla/5.0 (Macintosh; Intel Mac OS X 13_6_1) AppleWebKit/605.1.15 (KHTML, like Gecko) Version/16.6 Safari/605.1.15"
144.76.32.114 - - [01/Mar/2026:13:51:44 +0000] "GET /shopping/products/1618324365 HTTP/1.1" 200 24583 "-" "Mozilla/5.0 (compatible; SERankingBacklinksBot/1.0; +https://seranking.com/backlinks-crawler)"
176.65.132.19 - - [01/Mar/2026:13:51:44 +0000] "GET /wp-admin/ HTTP/1.1" 302 20 "https://elementalmill.com/wp-login.php" "Mozilla/5.0 (Macintosh; Intel Mac OS X 13_6_1) AppleWebKit/605.1.15 (KHTML, like Gecko) Version/16.6 Safari/605.1.15"
66.249.64.39 - - [01/Mar/2026:13:51:45 +0000] "GET /shopping/products/16222357482 HTTP/1.1" 200 24839 "-" "Mozilla/5.0 (Linux; Android 6.0.1; Nexus 5X Build/MMB29P) AppleWebKit/537.36 (KHTML, like Gecko) Chrome/144.0.7559.132 Mobile Safari/537.36 (compatible; Googlebot/2.1; +http://www.google.com/bot.html)"
54.85.126.86 - - [01/Mar/2026:13:51:46 +0000] "GET /shop/pg/1445 HTTP/1.1" 200 24344 "-" "Mozilla/5.0 AppleWebKit/537.36 (KHTML, like Gecko; compatible; Amazonbot/0.1; +https://developer.amazon.com/support/amazonbot) Chrome/119.0.6045.214 Safari/537.36"
176.65.132.19 - - [01/Mar/2026:13:51:47 +0000] "GET /wp-admin/ HTTP/1.1" 302 20 "https://elementalmill.com/wp-login.php" "Mozilla/5.0 (Macintosh; Intel Mac OS X 13_6_1) AppleWebKit/605.1.15 (KHTML, like Gecko) Version/16.6 Safari/605.1.15"
144.76.32.114 - - [01/Mar/2026:13:51:49 +0000] "GET /shopping/products/1619594972 HTTP/1.1" 200 24406 "-" "Mozilla/5.0 (compatible; SERankingBacklinksBot/1.0; +https://seranking.com/backlinks-crawler)"
52.3.26.180 - - [01/Mar/2026:13:51:49 +0000] "GET /?category/162210247 HTTP/1.1" 200 23399 "-" "Mozilla/5.0 AppleWebKit/537.36 (KHTML, like Gecko; compatible; Amazonbot/0.1; +https://developer.amazon.com/support/amazonbot) Chrome/119.0.6045.214 Safari/537.36"
54.147.80.137 - - [01/Mar/2026:13:51:50 +0000] "GET /?category/16231000278 HTTP/1.1" 200 26193 "-" "Mozilla/5.0 AppleWebKit/537.36 (KHTML, like Gecko; compatible; Amazonbot/0.1; +https://developer.amazon.com/support/amazonbot) Chrome/119.0.6045.214 Safari/537.36"
66.249.64.39 - - [01/Mar/2026:13:51:51 +0000] "GET /shop/customer/bookmark.php?shopping/products/16201492142 HTTP/1.1" 200 25027 "-" "Mozilla/5.0 (Linux; Android 6.0.1; Nexus 5X Build/MMB29P) AppleWebKit/537.36 (KHTML, like Gecko) Chrome/144.0.7559.132 Mobile Safari/537.36 (compatible; Googlebot/2.1; +http://www.google.com/bot.html)"
74.7.242.62 - - [01/Mar/2026:13:51:51 +0000] "GET /shop/pg/1370563 HTTP/2.0" 200 25828 "https://www.elementalmill.com.lab2454.com/shop/pg/16201154109" "Mozilla/5.0 AppleWebKit/537.36 (KHTML, like Gecko; compatible; GPTBot/1.3; +https://openai.com/gptbot)"
176.65.132.19 - - [01/Mar/2026:13:51:50 +0000] "GET /wp-admin/ HTTP/1.1" 302 20 "https://elementalmill.com/wp-login.php" "Mozilla/5.0 (Macintosh; Intel Mac OS X 13_6_1) AppleWebKit/605.1.15 (KHTML, like Gecko) Version/16.6 Safari/605.1.15"
144.76.32.114 - - [01/Mar/2026:13:51:52 +0000] "GET /shopping/products/1618324514 HTTP/1.1" 200 24686 "-" "Mozilla/5.0 (compatible; SERankingBacklinksBot/1.0; +https://seranking.com/backlinks-crawler)"
139.162.194.112 - - [01/Mar/2026:13:51:52 +0000] "POST /wp-cron.php?doing_wp_cron=1772373112.4108610153198242187500 HTTP/1.1" 404 13178 "-" "WordPress/6.9.1; https://elementalmill.com"
18.215.24.66 - - [01/Mar/2026:13:51:55 +0000] "GET /?category/162210555 HTTP/1.1" 200 29311 "-" "Mozilla/5.0 AppleWebKit/537.36 (KHTML, like Gecko; compatible; Amazonbot/0.1; +https://developer.amazon.com/support/amazonbot) Chrome/119.0.6045.214 Safari/537.36"
176.65.132.19 - - [01/Mar/2026:13:51:54 +0000] "GET /wp-admin/ HTTP/1.1" 302 20 "https://elementalmill.com/wp-login.php" "Mozilla/5.0 (Macintosh; Intel Mac OS X 13_6_1) AppleWebKit/605.1.15 (KHTML, like Gecko) Version/16.6 Safari/605.1.15"
144.76.32.114 - - [01/Mar/2026:13:51:56 +0000] "GET /shopping/products/1619594973 HTTP/1.1" 200 25105 "-" "Mozilla/5.0 (compatible; SERankingBacklinksBot/1.0; +https://seranking.com/backlinks-crawler)"
176.65.132.19 - - [01/Mar/2026:13:51:57 +0000] "GET /wp-admin/ HTTP/1.1" 302 20 "https://elementalmill.com/wp-login.php" "Mozilla/5.0 (Macintosh; Intel Mac OS X 13_6_1) AppleWebKit/605.1.15 (KHTML, like Gecko) Version/16.6 Safari/605.1.15"
74.7.242.62 - - [01/Mar/2026:13:51:59 +0000] "GET /shop/pg/1631436 HTTP/2.0" 200 24616 "https://www.elementalmill.com.lab2454.com/shop/pg/16212006536" "Mozilla/5.0 AppleWebKit/537.36 (KHTML, like Gecko; compatible; GPTBot/1.3; +https://openai.com/gptbot)"
144.76.32.114 - - [01/Mar/2026:13:52:00 +0000] "GET /shopping/products/1618324641 HTTP/1.1" 200 24600 "-" "Mozilla/5.0 (compatible; SERankingBacklinksBot/1.0; +https://seranking.com/backlinks-crawler)"
52.71.216.196 - - [01/Mar/2026:13:52:01 +0000] "GET /?category/162310858 HTTP/1.1" 200 19576 "-" "Mozilla/5.0 AppleWebKit/537.36 (KHTML, like Gecko; compatible; Amazonbot/0.1; +https://developer.amazon.com/support/amazonbot) Chrome/119.0.6045.214 Safari/537.36"
176.65.132.19 - - [01/Mar/2026:13:52:00 +0000] "GET /wp-admin/ HTTP/1.1" 302 20 "https://elementalmill.com/wp-login.php" "Mozilla/5.0 (Macintosh; Intel Mac OS X 13_6_1) AppleWebKit/605.1.15 (KHTML, like Gecko) Version/16.6 Safari/605.1.15"
74.7.227.51 - - [01/Mar/2026:13:52:01 +0000] "GET /shop/pg/161810025 HTTP/2.0" 200 24093 "https://elementalmill.com/shopping/products/16185961" "Mozilla/5.0 AppleWebKit/537.36 (KHTML, like Gecko; compatible; GPTBot/1.3; +https://openai.com/gptbot)"
66.249.64.39 - - [01/Mar/2026:13:52:02 +0000] "GET /shopping/products/16222417297 HTTP/1.1" 200 24959 "-" "Mozilla/5.0 (Linux; Android 6.0.1; Nexus 5X Build/MMB29P) AppleWebKit/537.36 (KHTML, like Gecko) Chrome/144.0.7559.132 Mobile Safari/537.36 (compatible; Googlebot/2.1; +http://www.google.com/bot.html)"
54.243.63.52 - - [01/Mar/2026:13:52:03 +0000] "GET /shop/pg/35262 HTTP/1.1" 200 24847 "-" "Mozilla/5.0 AppleWebKit/537.36 (KHTML, like Gecko; compatible; Amazonbot/0.1; +https://developer.amazon.com/support/amazonbot) Chrome/119.0.6045.214 Safari/537.36"
176.65.132.19 - - [01/Mar/2026:13:52:03 +0000] "GET /wp-admin/ HTTP/1.1" 302 20 "https://elementalmill.com/wp-login.php" "Mozilla/5.0 (Macintosh; Intel Mac OS X 13_6_1) AppleWebKit/605.1.15 (KHTML, like Gecko) Version/16.6 Safari/605.1.15"
144.76.32.114 - - [01/Mar/2026:13:52:04 +0000] "GET /shopping/products/1619595000 HTTP/1.1" 200 24727 "-" "Mozilla/5.0 (compatible; SERankingBacklinksBot/1.0; +https://seranking.com/backlinks-crawler)"
74.7.242.62 - - [01/Mar/2026:13:52:06 +0000] "GET /shop/pg/16201435713 HTTP/2.0" 200 25692 "https://www.elementalmill.com.lab2454.com/shop/pg/16211806373" "Mozilla/5.0 AppleWebKit/537.36 (KHTML, like Gecko; compatible; GPTBot/1.3; +https://openai.com/gptbot)"
176.65.132.19 - - [01/Mar/2026:13:52:05 +0000] "GET /wp-admin/ HTTP/1.1" 302 20 "https://elementalmill.com/wp-login.php" "Mozilla/5.0 (Macintosh; Intel Mac OS X 13_6_1) AppleWebKit/605.1.15 (KHTML, like Gecko) Version/16.6 Safari/605.1.15"
66.249.64.39 - - [01/Mar/2026:13:52:07 +0000] "GET /shop/customer/bookmark.php?shopping/products/16232593135 HTTP/1.1" 200 26756 "-" "Mozilla/5.0 (Linux; Android 6.0.1; Nexus 5X Build/MMB29P) AppleWebKit/537.36 (KHTML, like Gecko) Chrome/144.0.7559.132 Mobile Safari/537.36 (compatible; Googlebot/2.1; +http://www.google.com/bot.html)"
100.28.44.58 - - [01/Mar/2026:13:52:08 +0000] "GET /shop/pg/1045018 HTTP/1.1" 200 24327 "-" "Mozilla/5.0 AppleWebKit/537.36 (KHTML, like Gecko; compatible; Amazonbot/0.1; +https://developer.amazon.com/support/amazonbot) Chrome/119.0.6045.214 Safari/537.36"
144.76.32.114 - - [01/Mar/2026:13:52:09 +0000] "GET /shopping/products/1618324661 HTTP/1.1" 200 24330 "-" "Mozilla/5.0 (compatible; SERankingBacklinksBot/1.0; +https://seranking.com/backlinks-crawler)"
176.65.132.19 - - [01/Mar/2026:13:52:08 +0000] "GET /wp-admin/ HTTP/1.1" 302 20 "https://elementalmill.com/wp-login.php" "Mozilla/5.0 (Macintosh; Intel Mac OS X 13_6_1) AppleWebKit/605.1.15 (KHTML, like Gecko) Version/16.6 Safari/605.1.15"
52.202.233.37 - - [01/Mar/2026:13:52:11 +0000] "GET /shop/pg/295745 HTTP/1.1" 200 24583 "-" "Mozilla/5.0 AppleWebKit/537.36 (KHTML, like Gecko; compatible; Amazonbot/0.1; +https://developer.amazon.com/support/amazonbot) Chrome/119.0.6045.214 Safari/537.36"
74.7.242.62 - - [01/Mar/2026:13:52:11 +0000] "GET /shop/pg/1395418 HTTP/2.0" 200 24891 "https://www.elementalmill.com.lab2454.com/shop/pg/16201178952" "Mozilla/5.0 AppleWebKit/537.36 (KHTML, like Gecko; compatible; GPTBot/1.3; +https://openai.com/gptbot)"
74.7.227.51 - - [01/Mar/2026:13:52:12 +0000] "GET /shop/pg/161865379 HTTP/2.0" 200 24749 "https://elementalmill.com/shop/pg/61499" "Mozilla/5.0 AppleWebKit/537.36 (KHTML, like Gecko; compatible; GPTBot/1.3; +https://openai.com/gptbot)"
176.65.132.19 - - [01/Mar/2026:13:52:11 +0000] "GET /wp-admin/ HTTP/1.1" 302 20 "https://elementalmill.com/wp-login.php" "Mozilla/5.0 (Macintosh; Intel Mac OS X 13_6_1) AppleWebKit/605.1.15 (KHTML, like Gecko) Version/16.6 Safari/605.1.15"
144.76.32.114 - - [01/Mar/2026:13:52:13 +0000] "GET /shopping/products/1619595158 HTTP/1.1" 200 24501 "-" "Mozilla/5.0 (compatible; SERankingBacklinksBot/1.0; +https://seranking.com/backlinks-crawler)"
100.27.153.9 - - [01/Mar/2026:13:52:14 +0000] "GET /?category/16181002000 HTTP/1.1" 200 24965 "-" "Mozilla/5.0 AppleWebKit/537.36 (KHTML, like Gecko; compatible; Amazonbot/0.1; +https://developer.amazon.com/support/amazonbot) Chrome/119.0.6045.214 Safari/537.36"
95.108.213.178 - - [01/Mar/2026:13:52:14 +0000] "GET /shopping/products/161826797025 HTTP/1.1" 200 24849 "-" "Mozilla/5.0 (compatible; YandexBot/3.0; +http://yandex.com/bots)"
176.65.132.19 - - [01/Mar/2026:13:52:14 +0000] "GET /wp-admin/ HTTP/1.1" 302 20 "https://elementalmill.com/wp-login.php" "Mozilla/5.0 (Macintosh; Intel Mac OS X 13_6_1) AppleWebKit/605.1.15 (KHTML, like Gecko) Version/16.6 Safari/605.1.15"
144.76.32.114 - - [01/Mar/2026:13:52:17 +0000] "GET /shopping/products/1618324719 HTTP/1.1" 200 24286 "-" "Mozilla/5.0 (compatible; SERankingBacklinksBot/1.0; +https://seranking.com/backlinks-crawler)"
74.7.242.62 - - [01/Mar/2026:13:52:17 +0000] "GET /shop/pg/16211638331 HTTP/2.0" 200 24930 "https://www.elementalmill.com.lab2454.com/shop/pg/1632941" "Mozilla/5.0 AppleWebKit/537.36 (KHTML, like Gecko; compatible; GPTBot/1.3; +https://openai.com/gptbot)"
176.65.132.19 - - [01/Mar/2026:13:52:16 +0000] "GET /wp-admin/ HTTP/1.1" 302 20 "https://elementalmill.com/wp-login.php" "Mozilla/5.0 (Macintosh; Intel Mac OS X 13_6_1) AppleWebKit/605.1.15 (KHTML, like Gecko) Version/16.6 Safari/605.1.15"
66.249.64.39 - - [01/Mar/2026:13:52:18 +0000] "GET /shopping/products/16201148116 HTTP/1.1" 200 24607 "-" "Mozilla/5.0 (Linux; Android 6.0.1; Nexus 5X Build/MMB29P) AppleWebKit/537.36 (KHTML, like Gecko) Chrome/144.0.7559.132 Mobile Safari/537.36 (compatible; Googlebot/2.1; +http://www.google.com/bot.html)"
144.76.32.114 - - [01/Mar/2026:13:52:21 +0000] "GET /shopping/products/1619595181 HTTP/1.1" 200 24464 "-" "Mozilla/5.0 (compatible; SERankingBacklinksBot/1.0; +https://seranking.com/backlinks-crawler)"
176.65.132.19 - - [01/Mar/2026:13:52:20 +0000] "GET /wp-admin/ HTTP/1.1" 302 20 "https://elementalmill.com/wp-login.php" "Mozilla/5.0 (Macintosh; Intel Mac OS X 13_6_1) AppleWebKit/605.1.15 (KHTML, like Gecko) Version/16.6 Safari/605.1.15"
34.224.132.215 - - [01/Mar/2026:13:52:21 +0000] "GET /shop/pg/2015545 HTTP/1.1" 200 25816 "-" "Mozilla/5.0 AppleWebKit/537.36 (KHTML, like Gecko; compatible; Amazonbot/0.1; +https://developer.amazon.com/support/amazonbot) Chrome/119.0.6045.214 Safari/537.36"
74.7.242.62 - - [01/Mar/2026:13:52:22 +0000] "GET /shop/pg/16201447406 HTTP/2.0" 200 25223 "https://www.elementalmill.com.lab2454.com/shop/pg/16201226524" "Mozilla/5.0 AppleWebKit/537.36 (KHTML, like Gecko; compatible; GPTBot/1.3; +https://openai.com/gptbot)"
74.7.227.51 - - [01/Mar/2026:13:52:23 +0000] "GET /shop/pg/161884045 HTTP/2.0" 200 24421 "https://elementalmill.com/shop/pg/80183" "Mozilla/5.0 AppleWebKit/537.36 (KHTML, like Gecko; compatible; GPTBot/1.3; +https://openai.com/gptbot)"
66.249.64.39 - - [01/Mar/2026:13:52:23 +0000] "GET /shop/customer/bookmark.php?shopping/products/1619697828 HTTP/1.1" 200 24714 "-" "Mozilla/5.0 (Linux; Android 6.0.1; Nexus 5X Build/MMB29P) AppleWebKit/537.36 (KHTML, like Gecko) Chrome/144.0.7559.132 Mobile Safari/537.36 (compatible; Googlebot/2.1; +http://www.google.com/bot.html)"
176.65.132.19 - - [01/Mar/2026:13:52:22 +0000] "GET /wp-admin/ HTTP/1.1" 302 20 "https://elementalmill.com/wp-login.php" "Mozilla/5.0 (Macintosh; Intel Mac OS X 13_6_1) AppleWebKit/605.1.15 (KHTML, like Gecko) Version/16.6 Safari/605.1.15"
54.144.185.255 - - [01/Mar/2026:13:52:25 +0000] "GET /?category/162210337 HTTP/1.1" 200 20233 "-" "Mozilla/5.0 AppleWebKit/537.36 (KHTML, like Gecko; compatible; Amazonbot/0.1; +https://developer.amazon.com/support/amazonbot) Chrome/119.0.6045.214 Safari/537.36"
144.76.32.114 - - [01/Mar/2026:13:52:25 +0000] "GET /shopping/products/1618324864 HTTP/1.1" 200 24559 "-" "Mozilla/5.0 (compatible; SERankingBacklinksBot/1.0; +https://seranking.com/backlinks-crawler)"
5.255.231.181 - - [01/Mar/2026:13:52:25 +0000] "GET /shopping/products/16204143413 HTTP/1.1" 200 24407 "-" "Mozilla/5.0 (compatible; YandexBot/3.0; +http://yandex.com/bots)"
52.200.54.136 - - [01/Mar/2026:13:52:26 +0000] "GET /shop/pg/232221 HTTP/1.1" 200 24151 "-" "Mozilla/5.0 AppleWebKit/537.36 (KHTML, like Gecko; compatible; Amazonbot/0.1; +https://developer.amazon.com/support/amazonbot) Chrome/119.0.6045.214 Safari/537.36"
176.65.132.19 - - [01/Mar/2026:13:52:25 +0000] "GET /wp-admin/ HTTP/1.1" 302 20 "https://elementalmill.com/wp-login.php" "Mozilla/5.0 (Macintosh; Intel Mac OS X 13_6_1) AppleWebKit/605.1.15 (KHTML, like Gecko) Version/16.6 Safari/605.1.15"
74.7.242.62 - - [01/Mar/2026:13:52:27 +0000] "GET /shop/pg/16211582306 HTTP/2.0" 200 25085 "https://www.elementalmill.com.lab2454.com/shop/pg/1576886" "Mozilla/5.0 AppleWebKit/537.36 (KHTML, like Gecko; compatible; GPTBot/1.3; +https://openai.com/gptbot)"
176.65.132.19 - - [01/Mar/2026:13:52:27 +0000] "GET /wp-admin/ HTTP/1.1" 302 20 "https://elementalmill.com/wp-login.php" "Mozilla/5.0 (Macintosh; Intel Mac OS X 13_6_1) AppleWebKit/605.1.15 (KHTML, like Gecko) Version/16.6 Safari/605.1.15"
144.76.32.114 - - [01/Mar/2026:13:52:29 +0000] "GET /shopping/products/1619595242 HTTP/1.1" 200 24582 "-" "Mozilla/5.0 (compatible; SERankingBacklinksBot/1.0; +https://seranking.com/backlinks-crawler)"
44.193.102.198 - - [01/Mar/2026:13:52:32 +0000] "GET /shop/pg/23054 HTTP/1.1" 200 24687 "-" "Mozilla/5.0 AppleWebKit/537.36 (KHTML, like Gecko; compatible; Amazonbot/0.1; +https://developer.amazon.com/support/amazonbot) Chrome/119.0.6045.214 Safari/537.36"
176.65.132.19 - - [01/Mar/2026:13:52:31 +0000] "GET /wp-admin/ HTTP/1.1" 302 20 "https://elementalmill.com/wp-login.php" "Mozilla/5.0 (Macintosh; Intel Mac OS X 13_6_1) AppleWebKit/605.1.15 (KHTML, like Gecko) Version/16.6 Safari/605.1.15"
144.76.32.114 - - [01/Mar/2026:13:52:33 +0000] "GET /shopping/products/1618324898 HTTP/1.1" 200 25189 "-" "Mozilla/5.0 (compatible; SERankingBacklinksBot/1.0; +https://seranking.com/backlinks-crawler)"
74.7.242.62 - - [01/Mar/2026:13:52:33 +0000] "GET /shop/pg/16201261446 HTTP/2.0" 200 25709 "https://www.elementalmill.com.lab2454.com/shop/pg/16211632130" "Mozilla/5.0 AppleWebKit/537.36 (KHTML, like Gecko; compatible; GPTBot/1.3; +https://openai.com/gptbot)"
66.249.64.39 - - [01/Mar/2026:13:52:34 +0000] "GET /shopping/products/16222100962 HTTP/1.1" 200 25604 "-" "Mozilla/5.0 (Linux; Android 6.0.1; Nexus 5X Build/MMB29P) AppleWebKit/537.36 (KHTML, like Gecko) Chrome/144.0.7559.132 Mobile Safari/537.36 (compatible; Googlebot/2.1; +http://www.google.com/bot.html)"
176.65.132.19 - - [01/Mar/2026:13:52:35 +0000] "GET /wp-admin/ HTTP/1.1" 302 20 "https://elementalmill.com/wp-login.php" "Mozilla/5.0 (Macintosh; Intel Mac OS X 13_6_1) AppleWebKit/605.1.15 (KHTML, like Gecko) Version/16.6 Safari/605.1.15"
54.83.180.239 - - [01/Mar/2026:13:52:36 +0000] "GET /?category/16211001417 HTTP/1.1" 200 26616 "-" "Mozilla/5.0 AppleWebKit/537.36 (KHTML, like Gecko; compatible; Amazonbot/0.1; +https://developer.amazon.com/support/amazonbot) Chrome/119.0.6045.214 Safari/537.36"
144.76.32.114 - - [01/Mar/2026:13:52:37 +0000] "GET /shopping/products/1619595258 HTTP/1.1" 200 24327 "-" "Mozilla/5.0 (compatible; SERankingBacklinksBot/1.0; +https://seranking.com/backlinks-crawler)"
