51.77.216.212 - - [01/Mar/2026:14:33:21 +0000] "GET /shopping/products/16201257727 HTTP/1.1" 200 24517 "-" "Mozilla/5.0 (compatible; MJ12bot/v1.4.8; http://mj12bot.com/)"
52.4.229.9 - - [01/Mar/2026:14:33:21 +0000] "GET /shop/pg/86914 HTTP/1.1" 200 24647 "-" "Mozilla/5.0 AppleWebKit/537.36 (KHTML, like Gecko; compatible; Amazonbot/0.1; +https://developer.amazon.com/support/amazonbot) Chrome/119.0.6045.214 Safari/537.36"
144.76.32.114 - - [01/Mar/2026:14:33:22 +0000] "GET /shopping/products/1619607934 HTTP/1.1" 200 24604 "-" "Mozilla/5.0 (compatible; SERankingBacklinksBot/1.0; +https://seranking.com/backlinks-crawler)"
176.65.132.19 - - [01/Mar/2026:14:33:21 +0000] "GET /wp-admin/ HTTP/1.1" 302 20 "https://elementalmill.com/wp-login.php" "Mozilla/5.0 (Macintosh; Intel Mac OS X 10_15_7) AppleWebKit/605.1.15 (KHTML, like Gecko) Version/17.0 Safari/605.1.15"
51.77.216.212 - - [01/Mar/2026:14:33:23 +0000] "GET /shopping/products/16201257993 HTTP/1.1" 200 24877 "-" "Mozilla/5.0 (compatible; MJ12bot/v1.4.8; http://mj12bot.com/)"
65.108.2.171 - - [01/Mar/2026:14:33:24 +0000] "GET /shopping/products/16201254782 HTTP/1.1" 200 25662 "-" "Mozilla/5.0 (compatible; MJ12bot/v1.4.8; http://mj12bot.com/)"
98.82.214.73 - - [01/Mar/2026:14:33:25 +0000] "GET /shop/pg/169017 HTTP/1.1" 200 24379 "-" "Mozilla/5.0 AppleWebKit/537.36 (KHTML, like Gecko; compatible; Amazonbot/0.1; +https://developer.amazon.com/support/amazonbot) Chrome/119.0.6045.214 Safari/537.36"
176.65.132.19 - - [01/Mar/2026:14:33:24 +0000] "GET /wp-admin/ HTTP/1.1" 302 20 "https://elementalmill.com/wp-login.php" "Mozilla/5.0 (Macintosh; Intel Mac OS X 10_15_7) AppleWebKit/605.1.15 (KHTML, like Gecko) Version/17.0 Safari/605.1.15"
51.77.216.212 - - [01/Mar/2026:14:33:26 +0000] "GET /shopping/products/16201258035 HTTP/1.1" 200 25883 "-" "Mozilla/5.0 (compatible; MJ12bot/v1.4.8; http://mj12bot.com/)"
65.108.2.171 - - [01/Mar/2026:14:33:26 +0000] "GET /shopping/products/16201254804 HTTP/1.1" 200 25239 "-" "Mozilla/5.0 (compatible; MJ12bot/v1.4.8; http://mj12bot.com/)"
144.76.32.114 - - [01/Mar/2026:14:33:26 +0000] "GET /shopping/products/1618335944 HTTP/1.1" 200 24984 "-" "Mozilla/5.0 (compatible; SERankingBacklinksBot/1.0; +https://seranking.com/backlinks-crawler)"
74.7.227.51 - - [01/Mar/2026:14:33:27 +0000] "GET /shop/pg/449409 HTTP/2.0" 200 24520 "https://elementalmill.com/shop/pg/1618308272" "Mozilla/5.0 AppleWebKit/537.36 (KHTML, like Gecko; compatible; GPTBot/1.3; +https://openai.com/gptbot)"
51.77.216.212 - - [01/Mar/2026:14:33:29 +0000] "GET /shopping/products/16201258068 HTTP/1.1" 200 25418 "-" "Mozilla/5.0 (compatible; MJ12bot/v1.4.8; http://mj12bot.com/)"
65.108.2.171 - - [01/Mar/2026:14:33:29 +0000] "GET /shopping/products/16201254817 HTTP/1.1" 200 24604 "-" "Mozilla/5.0 (compatible; MJ12bot/v1.4.8; http://mj12bot.com/)"
74.7.242.62 - - [01/Mar/2026:14:33:30 +0000] "GET /shop/pg/16201427041 HTTP/2.0" 200 24643 "https://www.elementalmill.com.lab2454.com/shop/pg/1421649" "Mozilla/5.0 AppleWebKit/537.36 (KHTML, like Gecko; compatible; GPTBot/1.3; +https://openai.com/gptbot)"
176.65.132.19 - - [01/Mar/2026:14:33:28 +0000] "GET /wp-admin/ HTTP/1.1" 302 20 "https://elementalmill.com/wp-login.php" "Mozilla/5.0 (Macintosh; Intel Mac OS X 10_15_7) AppleWebKit/605.1.15 (KHTML, like Gecko) Version/17.0 Safari/605.1.15"
35.169.240.53 - - [01/Mar/2026:14:33:30 +0000] "GET /shop/pg/55476 HTTP/1.1" 200 24177 "-" "Mozilla/5.0 AppleWebKit/537.36 (KHTML, like Gecko; compatible; Amazonbot/0.1; +https://developer.amazon.com/support/amazonbot) Chrome/119.0.6045.214 Safari/537.36"
144.76.32.114 - - [01/Mar/2026:14:33:31 +0000] "GET /shopping/products/1619607955 HTTP/1.1" 200 24555 "-" "Mozilla/5.0 (compatible; SERankingBacklinksBot/1.0; +https://seranking.com/backlinks-crawler)"
51.77.216.212 - - [01/Mar/2026:14:33:32 +0000] "GET /shopping/products/16201258163 HTTP/1.1" 200 24552 "-" "Mozilla/5.0 (compatible; MJ12bot/v1.4.8; http://mj12bot.com/)"
52.70.209.13 - - [01/Mar/2026:14:33:33 +0000] "GET /category/16231002601 HTTP/1.1" 200 25288 "-" "Mozilla/5.0 AppleWebKit/537.36 (KHTML, like Gecko; compatible; Amazonbot/0.1; +https://developer.amazon.com/support/amazonbot) Chrome/119.0.6045.214 Safari/537.36"
65.108.2.171 - - [01/Mar/2026:14:33:32 +0000] "GET /shopping/products/16201254842 HTTP/1.1" 200 25339 "-" "Mozilla/5.0 (compatible; MJ12bot/v1.4.8; http://mj12bot.com/)"
176.65.132.19 - - [01/Mar/2026:14:33:31 +0000] "GET /wp-admin/ HTTP/1.1" 302 20 "https://elementalmill.com/wp-login.php" "Mozilla/5.0 (Macintosh; Intel Mac OS X 10_15_7) AppleWebKit/605.1.15 (KHTML, like Gecko) Version/17.0 Safari/605.1.15"
51.77.216.212 - - [01/Mar/2026:14:33:34 +0000] "GET /shopping/products/16201258217 HTTP/1.1" 200 24451 "-" "Mozilla/5.0 (compatible; MJ12bot/v1.4.8; http://mj12bot.com/)"
74.7.227.51 - - [01/Mar/2026:14:33:34 +0000] "GET /shop/pg/161890624 HTTP/2.0" 200 25498 "https://elementalmill.com/shop/pg/86738" "Mozilla/5.0 AppleWebKit/537.36 (KHTML, like Gecko; compatible; GPTBot/1.3; +https://openai.com/gptbot)"
144.76.32.114 - - [01/Mar/2026:14:33:35 +0000] "GET /shopping/products/1618335959 HTTP/1.1" 200 24529 "-" "Mozilla/5.0 (compatible; SERankingBacklinksBot/1.0; +https://seranking.com/backlinks-crawler)"
65.108.2.171 - - [01/Mar/2026:14:33:36 +0000] "GET /shopping/products/16201254875 HTTP/1.1" 200 25116 "-" "Mozilla/5.0 (compatible; MJ12bot/v1.4.8; http://mj12bot.com/)"
176.65.132.19 - - [01/Mar/2026:14:33:35 +0000] "GET /wp-admin/ HTTP/1.1" 302 20 "https://elementalmill.com/wp-login.php" "Mozilla/5.0 (Macintosh; Intel Mac OS X 10_15_7) AppleWebKit/605.1.15 (KHTML, like Gecko) Version/17.0 Safari/605.1.15"
34.225.243.131 - - [01/Mar/2026:14:33:37 +0000] "GET /?category/16181000320 HTTP/1.1" 200 27234 "-" "Mozilla/5.0 AppleWebKit/537.36 (KHTML, like Gecko; compatible; Amazonbot/0.1; +https://developer.amazon.com/support/amazonbot) Chrome/119.0.6045.214 Safari/537.36"
51.77.216.212 - - [01/Mar/2026:14:33:37 +0000] "GET /shopping/products/16201258245 HTTP/1.1" 200 24711 "-" "Mozilla/5.0 (compatible; MJ12bot/v1.4.8; http://mj12bot.com/)"
74.7.242.62 - - [01/Mar/2026:14:33:38 +0000] "GET /shop/pg/16211592540 HTTP/2.0" 200 25952 "https://www.elementalmill.com.lab2454.com/shop/pg/16201371652" "Mozilla/5.0 AppleWebKit/537.36 (KHTML, like Gecko; compatible; GPTBot/1.3; +https://openai.com/gptbot)"
65.108.2.171 - - [01/Mar/2026:14:33:39 +0000] "GET /shopping/products/16201254939 HTTP/1.1" 200 24570 "-" "Mozilla/5.0 (compatible; MJ12bot/v1.4.8; http://mj12bot.com/)"
51.77.216.212 - - [01/Mar/2026:14:33:39 +0000] "GET /shopping/products/16201258297 HTTP/1.1" 200 24358 "-" "Mozilla/5.0 (compatible; MJ12bot/v1.4.8; http://mj12bot.com/)"
176.65.132.19 - - [01/Mar/2026:14:33:38 +0000] "GET /wp-admin/ HTTP/1.1" 302 20 "https://elementalmill.com/wp-login.php" "Mozilla/5.0 (Macintosh; Intel Mac OS X 10_15_7) AppleWebKit/605.1.15 (KHTML, like Gecko) Version/17.0 Safari/605.1.15"
144.76.32.114 - - [01/Mar/2026:14:33:39 +0000] "GET /shopping/products/1619608095 HTTP/1.1" 200 24842 "-" "Mozilla/5.0 (compatible; SERankingBacklinksBot/1.0; +https://seranking.com/backlinks-crawler)"
65.108.2.171 - - [01/Mar/2026:14:33:41 +0000] "GET /shopping/products/16201254945 HTTP/1.1" 200 25459 "-" "Mozilla/5.0 (compatible; MJ12bot/v1.4.8; http://mj12bot.com/)"
18.204.152.114 - - [01/Mar/2026:14:33:42 +0000] "GET /?category/16221000996 HTTP/1.1" 200 19703 "-" "Mozilla/5.0 AppleWebKit/537.36 (KHTML, like Gecko; compatible; Amazonbot/0.1; +https://developer.amazon.com/support/amazonbot) Chrome/119.0.6045.214 Safari/537.36"
51.77.216.212 - - [01/Mar/2026:14:33:42 +0000] "GET /shopping/products/16201258337 HTTP/1.1" 200 25193 "-" "Mozilla/5.0 (compatible; MJ12bot/v1.4.8; http://mj12bot.com/)"
176.65.132.19 - - [01/Mar/2026:14:33:42 +0000] "GET /wp-admin/ HTTP/1.1" 302 20 "https://elementalmill.com/wp-login.php" "Mozilla/5.0 (Macintosh; Intel Mac OS X 10_15_7) AppleWebKit/605.1.15 (KHTML, like Gecko) Version/17.0 Safari/605.1.15"
144.76.32.114 - - [01/Mar/2026:14:33:44 +0000] "GET /shopping/products/1618336021 HTTP/1.1" 200 24467 "-" "Mozilla/5.0 (compatible; SERankingBacklinksBot/1.0; +https://seranking.com/backlinks-crawler)"
65.108.2.171 - - [01/Mar/2026:14:33:44 +0000] "GET /shopping/products/16201255018 HTTP/1.1" 200 24874 "-" "Mozilla/5.0 (compatible; MJ12bot/v1.4.8; http://mj12bot.com/)"
51.77.216.212 - - [01/Mar/2026:14:33:44 +0000] "GET /shopping/products/16201258403 HTTP/1.1" 200 24943 "-" "Mozilla/5.0 (compatible; MJ12bot/v1.4.8; http://mj12bot.com/)"
54.147.238.89 - - [01/Mar/2026:14:33:45 +0000] "GET /?category/16211000738 HTTP/1.1" 200 27276 "-" "Mozilla/5.0 AppleWebKit/537.36 (KHTML, like Gecko; compatible; Amazonbot/0.1; +https://developer.amazon.com/support/amazonbot) Chrome/119.0.6045.214 Safari/537.36"
65.108.2.171 - - [01/Mar/2026:14:33:47 +0000] "GET /shopping/products/16201255099 HTTP/1.1" 200 24771 "-" "Mozilla/5.0 (compatible; MJ12bot/v1.4.8; http://mj12bot.com/)"
51.77.216.212 - - [01/Mar/2026:14:33:47 +0000] "GET /shopping/products/16201258504 HTTP/1.1" 200 24892 "-" "Mozilla/5.0 (compatible; MJ12bot/v1.4.8; http://mj12bot.com/)"
176.65.132.19 - - [01/Mar/2026:14:33:45 +0000] "GET /wp-admin/ HTTP/1.1" 302 20 "https://elementalmill.com/wp-login.php" "Mozilla/5.0 (Macintosh; Intel Mac OS X 10_15_7) AppleWebKit/605.1.15 (KHTML, like Gecko) Version/17.0 Safari/605.1.15"
144.76.32.114 - - [01/Mar/2026:14:33:48 +0000] "GET /shopping/products/1619608166 HTTP/1.1" 200 24478 "-" "Mozilla/5.0 (compatible; SERankingBacklinksBot/1.0; +https://seranking.com/backlinks-crawler)"
3.220.148.166 - - [01/Mar/2026:14:33:49 +0000] "GET /shop/pg/1619739473 HTTP/1.1" 200 24913 "-" "Mozilla/5.0 AppleWebKit/537.36 (KHTML, like Gecko; compatible; Amazonbot/0.1; +https://developer.amazon.com/support/amazonbot) Chrome/119.0.6045.214 Safari/537.36"
51.77.216.212 - - [01/Mar/2026:14:33:49 +0000] "GET /shopping/products/16201258550 HTTP/1.1" 200 25078 "-" "Mozilla/5.0 (compatible; MJ12bot/v1.4.8; http://mj12bot.com/)"
65.108.2.171 - - [01/Mar/2026:14:33:49 +0000] "GET /shopping/products/16201255222 HTTP/1.1" 200 24343 "-" "Mozilla/5.0 (compatible; MJ12bot/v1.4.8; http://mj12bot.com/)"
74.7.242.62 - - [01/Mar/2026:14:33:50 +0000] "GET /shop/pg/1272554 HTTP/2.0" 200 25494 "https://www.elementalmill.com.lab2454.com/shop/pg/16201056104" "Mozilla/5.0 AppleWebKit/537.36 (KHTML, like Gecko; compatible; GPTBot/1.3; +https://openai.com/gptbot)"
176.65.132.19 - - [01/Mar/2026:14:33:49 +0000] "GET /wp-admin/ HTTP/1.1" 302 20 "https://elementalmill.com/wp-login.php" "Mozilla/5.0 (Macintosh; Intel Mac OS X 10_15_7) AppleWebKit/605.1.15 (KHTML, like Gecko) Version/17.0 Safari/605.1.15"
51.77.216.212 - - [01/Mar/2026:14:33:51 +0000] "GET /shopping/products/16201258596 HTTP/1.1" 200 24763 "-" "Mozilla/5.0 (compatible; MJ12bot/v1.4.8; http://mj12bot.com/)"
144.76.32.114 - - [01/Mar/2026:14:33:52 +0000] "GET /shopping/products/1618336023 HTTP/1.1" 200 25719 "-" "Mozilla/5.0 (compatible; SERankingBacklinksBot/1.0; +https://seranking.com/backlinks-crawler)"
65.108.2.171 - - [01/Mar/2026:14:33:52 +0000] "GET /shopping/products/16201255223 HTTP/1.1" 200 24154 "-" "Mozilla/5.0 (compatible; MJ12bot/v1.4.8; http://mj12bot.com/)"
176.65.132.19 - - [01/Mar/2026:14:33:52 +0000] "GET /wp-admin/ HTTP/1.1" 302 20 "https://elementalmill.com/wp-login.php" "Mozilla/5.0 (Macintosh; Intel Mac OS X 10_15_7) AppleWebKit/605.1.15 (KHTML, like Gecko) Version/17.0 Safari/605.1.15"
51.77.216.212 - - [01/Mar/2026:14:33:54 +0000] "GET /shopping/products/16201258622 HTTP/1.1" 200 24389 "-" "Mozilla/5.0 (compatible; MJ12bot/v1.4.8; http://mj12bot.com/)"
65.108.2.171 - - [01/Mar/2026:14:33:55 +0000] "GET /shopping/products/16201255229 HTTP/1.1" 200 24763 "-" "Mozilla/5.0 (compatible; MJ12bot/v1.4.8; http://mj12bot.com/)"
3.217.82.254 - - [01/Mar/2026:14:33:55 +0000] "GET /shop/pg/7672 HTTP/1.1" 200 24365 "-" "Mozilla/5.0 AppleWebKit/537.36 (KHTML, like Gecko; compatible; Amazonbot/0.1; +https://developer.amazon.com/support/amazonbot) Chrome/119.0.6045.214 Safari/537.36"
176.65.132.19 - - [01/Mar/2026:14:33:55 +0000] "GET /wp-admin/ HTTP/1.1" 302 20 "https://elementalmill.com/wp-login.php" "Mozilla/5.0 (Macintosh; Intel Mac OS X 10_15_7) AppleWebKit/605.1.15 (KHTML, like Gecko) Version/17.0 Safari/605.1.15"
144.76.32.114 - - [01/Mar/2026:14:33:56 +0000] "GET /shopping/products/1619608178 HTTP/1.1" 200 24269 "-" "Mozilla/5.0 (compatible; SERankingBacklinksBot/1.0; +https://seranking.com/backlinks-crawler)"
51.77.216.212 - - [01/Mar/2026:14:33:56 +0000] "GET /shopping/products/16201258689 HTTP/1.1" 200 24722 "-" "Mozilla/5.0 (compatible; MJ12bot/v1.4.8; http://mj12bot.com/)"
34.206.212.24 - - [01/Mar/2026:14:33:57 +0000] "GET /shop/pg/49082 HTTP/1.1" 200 24230 "-" "Mozilla/5.0 AppleWebKit/537.36 (KHTML, like Gecko; compatible; Amazonbot/0.1; +https://developer.amazon.com/support/amazonbot) Chrome/119.0.6045.214 Safari/537.36"
65.108.2.171 - - [01/Mar/2026:14:33:58 +0000] "GET /shopping/products/16201255232 HTTP/1.1" 200 24688 "-" "Mozilla/5.0 (compatible; MJ12bot/v1.4.8; http://mj12bot.com/)"
51.77.216.212 - - [01/Mar/2026:14:33:59 +0000] "GET /shopping/products/16201258697 HTTP/1.1" 200 24470 "-" "Mozilla/5.0 (compatible; MJ12bot/v1.4.8; http://mj12bot.com/)"
176.65.132.19 - - [01/Mar/2026:14:33:58 +0000] "GET /wp-admin/ HTTP/1.1" 302 20 "https://elementalmill.com/wp-login.php" "Mozilla/5.0 (Macintosh; Intel Mac OS X 10_15_7) AppleWebKit/605.1.15 (KHTML, like Gecko) Version/17.0 Safari/605.1.15"
144.76.32.114 - - [01/Mar/2026:14:34:00 +0000] "GET /shopping/products/1618336032 HTTP/1.1" 200 24483 "-" "Mozilla/5.0 (compatible; SERankingBacklinksBot/1.0; +https://seranking.com/backlinks-crawler)"
65.108.2.171 - - [01/Mar/2026:14:34:00 +0000] "GET /shopping/products/16201255239 HTTP/1.1" 200 24805 "-" "Mozilla/5.0 (compatible; MJ12bot/v1.4.8; http://mj12bot.com/)"
51.77.216.212 - - [01/Mar/2026:14:34:01 +0000] "GET /shopping/products/16201258711 HTTP/1.1" 200 24485 "-" "Mozilla/5.0 (compatible; MJ12bot/v1.4.8; http://mj12bot.com/)"
74.7.227.51 - - [01/Mar/2026:14:34:01 +0000] "GET /shop/pg/161885013 HTTP/2.0" 200 24899 "https://elementalmill.com/shopping/products/161880889" "Mozilla/5.0 AppleWebKit/537.36 (KHTML, like Gecko; compatible; GPTBot/1.3; +https://openai.com/gptbot)"
176.65.132.19 - - [01/Mar/2026:14:34:01 +0000] "GET /wp-admin/ HTTP/1.1" 302 20 "https://elementalmill.com/wp-login.php" "Mozilla/5.0 (Macintosh; Intel Mac OS X 10_15_7) AppleWebKit/605.1.15 (KHTML, like Gecko) Version/17.0 Safari/605.1.15"
44.193.102.198 - - [01/Mar/2026:14:34:02 +0000] "GET /shop/pg/2016831 HTTP/1.1" 200 25202 "-" "Mozilla/5.0 AppleWebKit/537.36 (KHTML, like Gecko; compatible; Amazonbot/0.1; +https://developer.amazon.com/support/amazonbot) Chrome/119.0.6045.214 Safari/537.36"
65.108.2.171 - - [01/Mar/2026:14:34:03 +0000] "GET /shopping/products/16201255296 HTTP/1.1" 200 24892 "-" "Mozilla/5.0 (compatible; MJ12bot/v1.4.8; http://mj12bot.com/)"
51.77.216.212 - - [01/Mar/2026:14:34:04 +0000] "GET /shopping/products/16201258791 HTTP/1.1" 200 24507 "-" "Mozilla/5.0 (compatible; MJ12bot/v1.4.8; http://mj12bot.com/)"
144.76.32.114 - - [01/Mar/2026:14:34:05 +0000] "GET /shopping/products/1619608183 HTTP/1.1" 200 24610 "-" "Mozilla/5.0 (compatible; SERankingBacklinksBot/1.0; +https://seranking.com/backlinks-crawler)"
176.65.132.19 - - [01/Mar/2026:14:34:04 +0000] "GET /wp-admin/ HTTP/1.1" 302 20 "https://elementalmill.com/wp-login.php" "Mozilla/5.0 (Macintosh; Intel Mac OS X 10_15_7) AppleWebKit/605.1.15 (KHTML, like Gecko) Version/17.0 Safari/605.1.15"
74.7.242.62 - - [01/Mar/2026:14:34:05 +0000] "GET /shop/pg/16201312341 HTTP/2.0" 200 24652 "https://www.elementalmill.com.lab2454.com/shop/pg/16211683013" "Mozilla/5.0 AppleWebKit/537.36 (KHTML, like Gecko; compatible; GPTBot/1.3; +https://openai.com/gptbot)"
34.231.77.232 - - [01/Mar/2026:14:34:05 +0000] "GET /shop/pg/160214 HTTP/1.1" 200 24559 "-" "Mozilla/5.0 AppleWebKit/537.36 (KHTML, like Gecko; compatible; Amazonbot/0.1; +https://developer.amazon.com/support/amazonbot) Chrome/119.0.6045.214 Safari/537.36"
65.108.2.171 - - [01/Mar/2026:14:34:06 +0000] "GET /shopping/products/16201255332 HTTP/1.1" 200 24726 "-" "Mozilla/5.0 (compatible; MJ12bot/v1.4.8; http://mj12bot.com/)"
51.77.216.212 - - [01/Mar/2026:14:34:06 +0000] "GET /shopping/products/16201258866 HTTP/1.1" 200 25200 "-" "Mozilla/5.0 (compatible; MJ12bot/v1.4.8; http://mj12bot.com/)"
176.65.132.19 - - [01/Mar/2026:14:34:06 +0000] "GET /wp-admin/ HTTP/1.1" 302 20 "https://elementalmill.com/wp-login.php" "Mozilla/5.0 (Macintosh; Intel Mac OS X 10_15_7) AppleWebKit/605.1.15 (KHTML, like Gecko) Version/17.0 Safari/605.1.15"
51.77.216.212 - - [01/Mar/2026:14:34:09 +0000] "GET /shopping/products/16201258875 HTTP/1.1" 200 24821 "-" "Mozilla/5.0 (compatible; MJ12bot/v1.4.8; http://mj12bot.com/)"
65.108.2.171 - - [01/Mar/2026:14:34:09 +0000] "GET /shopping/products/16201255341 HTTP/1.1" 200 25059 "-" "Mozilla/5.0 (compatible; MJ12bot/v1.4.8; http://mj12bot.com/)"
144.76.32.114 - - [01/Mar/2026:14:34:09 +0000] "GET /shopping/products/1618336173 HTTP/1.1" 200 24559 "-" "Mozilla/5.0 (compatible; SERankingBacklinksBot/1.0; +https://seranking.com/backlinks-crawler)"
74.7.227.51 - - [01/Mar/2026:14:34:10 +0000] "GET /shop/pg/161839063 HTTP/2.0" 200 24626 "https://elementalmill.com/shop/pg/35207" "Mozilla/5.0 AppleWebKit/537.36 (KHTML, like Gecko; compatible; GPTBot/1.3; +https://openai.com/gptbot)"
54.157.84.74 - - [01/Mar/2026:14:34:11 +0000] "GET /shop/pg/2160727 HTTP/1.1" 200 24372 "-" "Mozilla/5.0 AppleWebKit/537.36 (KHTML, like Gecko; compatible; Amazonbot/0.1; +https://developer.amazon.com/support/amazonbot) Chrome/119.0.6045.214 Safari/537.36"
176.65.132.19 - - [01/Mar/2026:14:34:09 +0000] "GET /wp-admin/ HTTP/1.1" 302 20 "https://elementalmill.com/wp-login.php" "Mozilla/5.0 (Macintosh; Intel Mac OS X 10_15_7) AppleWebKit/605.1.15 (KHTML, like Gecko) Version/17.0 Safari/605.1.15"
51.77.216.212 - - [01/Mar/2026:14:34:12 +0000] "GET /shopping/products/16201258950 HTTP/1.1" 200 24558 "-" "Mozilla/5.0 (compatible; MJ12bot/v1.4.8; http://mj12bot.com/)"
65.108.2.171 - - [01/Mar/2026:14:34:12 +0000] "GET /shopping/products/16201255499 HTTP/1.1" 200 24903 "-" "Mozilla/5.0 (compatible; MJ12bot/v1.4.8; http://mj12bot.com/)"
144.76.32.114 - - [01/Mar/2026:14:34:13 +0000] "GET /shopping/products/1619608189 HTTP/1.1" 200 24855 "-" "Mozilla/5.0 (compatible; SERankingBacklinksBot/1.0; +https://seranking.com/backlinks-crawler)"
51.77.216.212 - - [01/Mar/2026:14:34:14 +0000] "GET /shopping/products/16201258997 HTTP/1.1" 200 24607 "-" "Mozilla/5.0 (compatible; MJ12bot/v1.4.8; http://mj12bot.com/)"
65.108.2.171 - - [01/Mar/2026:14:34:15 +0000] "GET /shopping/products/16201255500 HTTP/1.1" 200 24966 "-" "Mozilla/5.0 (compatible; MJ12bot/v1.4.8; http://mj12bot.com/)"
176.65.132.19 - - [01/Mar/2026:14:34:12 +0000] "GET /wp-admin/ HTTP/1.1" 302 20 "https://elementalmill.com/wp-login.php" "Mozilla/5.0 (Macintosh; Intel Mac OS X 10_15_7) AppleWebKit/605.1.15 (KHTML, like Gecko) Version/17.0 Safari/605.1.15"
18.204.89.56 - - [01/Mar/2026:14:34:15 +0000] "GET /shop/pg/51543 HTTP/1.1" 200 24889 "-" "Mozilla/5.0 AppleWebKit/537.36 (KHTML, like Gecko; compatible; Amazonbot/0.1; +https://developer.amazon.com/support/amazonbot) Chrome/119.0.6045.214 Safari/537.36"
51.77.216.212 - - [01/Mar/2026:14:34:17 +0000] "GET /shopping/products/16201259005 HTTP/1.1" 200 25243 "-" "Mozilla/5.0 (compatible; MJ12bot/v1.4.8; http://mj12bot.com/)"
139.162.194.112 - - [01/Mar/2026:14:34:15 +0000] "POST /wp-cron.php?doing_wp_cron=1772375655.5264770984649658203125 HTTP/1.1" 404 13178 "-" "WordPress/6.9.1; https://elementalmill.com"
100.29.155.89 - - [01/Mar/2026:14:34:17 +0000] "GET /shop/pg/421100 HTTP/1.1" 200 24933 "-" "Mozilla/5.0 AppleWebKit/537.36 (KHTML, like Gecko; compatible; Amazonbot/0.1; +https://developer.amazon.com/support/amazonbot) Chrome/119.0.6045.214 Safari/537.36"
74.7.242.62 - - [01/Mar/2026:14:34:17 +0000] "GET /shop/pg/16201350717 HTTP/2.0" 200 25258 "https://www.elementalmill.com.lab2454.com/shop/pg/16211721383" "Mozilla/5.0 AppleWebKit/537.36 (KHTML, like Gecko; compatible; GPTBot/1.3; +https://openai.com/gptbot)"
65.108.2.171 - - [01/Mar/2026:14:34:17 +0000] "GET /shopping/products/16201255521 HTTP/1.1" 200 24593 "-" "Mozilla/5.0 (compatible; MJ12bot/v1.4.8; http://mj12bot.com/)"
176.65.132.19 - - [01/Mar/2026:14:34:17 +0000] "GET /wp-admin/ HTTP/1.1" 302 20 "https://elementalmill.com/wp-login.php" "Mozilla/5.0 (Macintosh; Intel Mac OS X 10_15_7) AppleWebKit/605.1.15 (KHTML, like Gecko) Version/17.0 Safari/605.1.15"
144.76.32.114 - - [01/Mar/2026:14:34:18 +0000] "GET /shopping/products/1618336185 HTTP/1.1" 200 24195 "-" "Mozilla/5.0 (compatible; SERankingBacklinksBot/1.0; +https://seranking.com/backlinks-crawler)"
51.77.216.212 - - [01/Mar/2026:14:34:19 +0000] "GET /shopping/products/16201259028 HTTP/1.1" 200 24755 "-" "Mozilla/5.0 (compatible; MJ12bot/v1.4.8; http://mj12bot.com/)"
65.108.2.171 - - [01/Mar/2026:14:34:21 +0000] "GET /shopping/products/16201255575 HTTP/1.1" 200 24720 "-" "Mozilla/5.0 (compatible; MJ12bot/v1.4.8; http://mj12bot.com/)"
34.233.219.155 - - [01/Mar/2026:14:34:21 +0000] "GET /shop/pg/2016298 HTTP/1.1" 200 25307 "-" "Mozilla/5.0 AppleWebKit/537.36 (KHTML, like Gecko; compatible; Amazonbot/0.1; +https://developer.amazon.com/support/amazonbot) Chrome/119.0.6045.214 Safari/537.36"
176.65.132.19 - - [01/Mar/2026:14:34:20 +0000] "GET /wp-admin/ HTTP/1.1" 302 20 "https://elementalmill.com/wp-login.php" "Mozilla/5.0 (Macintosh; Intel Mac OS X 10_15_7) AppleWebKit/605.1.15 (KHTML, like Gecko) Version/17.0 Safari/605.1.15"
51.77.216.212 - - [01/Mar/2026:14:34:22 +0000] "GET /shopping/products/16201259055 HTTP/1.1" 200 24855 "-" "Mozilla/5.0 (compatible; MJ12bot/v1.4.8; http://mj12bot.com/)"
144.76.32.114 - - [01/Mar/2026:14:34:23 +0000] "GET /shopping/products/1619608299 HTTP/1.1" 200 24238 "-" "Mozilla/5.0 (compatible; SERankingBacklinksBot/1.0; +https://seranking.com/backlinks-crawler)"
65.108.2.171 - - [01/Mar/2026:14:34:24 +0000] "GET /shopping/products/16201255582 HTTP/1.1" 200 25030 "-" "Mozilla/5.0 (compatible; MJ12bot/v1.4.8; http://mj12bot.com/)"
176.65.132.19 - - [01/Mar/2026:14:34:23 +0000] "GET /wp-admin/ HTTP/1.1" 302 20 "https://elementalmill.com/wp-login.php" "Mozilla/5.0 (Macintosh; Intel Mac OS X 10_15_7) AppleWebKit/605.1.15 (KHTML, like Gecko) Version/17.0 Safari/605.1.15"
51.77.216.212 - - [01/Mar/2026:14:34:25 +0000] "GET /shopping/products/16201259092 HTTP/1.1" 200 24713 "-" "Mozilla/5.0 (compatible; MJ12bot/v1.4.8; http://mj12bot.com/)"
34.234.200.207 - - [01/Mar/2026:14:34:26 +0000] "GET /shop/pg/1614856 HTTP/1.1" 200 24438 "-" "Mozilla/5.0 AppleWebKit/537.36 (KHTML, like Gecko; compatible; Amazonbot/0.1; +https://developer.amazon.com/support/amazonbot) Chrome/119.0.6045.214 Safari/537.36"
74.7.242.62 - - [01/Mar/2026:14:34:27 +0000] "GET /shop/pg/1542262 HTTP/2.0" 200 25042 "https://www.elementalmill.com.lab2454.com/shop/pg/16201325805" "Mozilla/5.0 AppleWebKit/537.36 (KHTML, like Gecko; compatible; GPTBot/1.3; +https://openai.com/gptbot)"
144.76.32.114 - - [01/Mar/2026:14:34:27 +0000] "GET /shopping/products/1618336207 HTTP/1.1" 200 24252 "-" "Mozilla/5.0 (compatible; SERankingBacklinksBot/1.0; +https://seranking.com/backlinks-crawler)"
65.108.2.171 - - [01/Mar/2026:14:34:27 +0000] "GET /shopping/products/16201255738 HTTP/1.1" 200 25045 "-" "Mozilla/5.0 (compatible; MJ12bot/v1.4.8; http://mj12bot.com/)"
51.77.216.212 - - [01/Mar/2026:14:34:27 +0000] "GET /shopping/products/16201259144 HTTP/1.1" 200 25782 "-" "Mozilla/5.0 (compatible; MJ12bot/v1.4.8; http://mj12bot.com/)"
176.65.132.19 - - [01/Mar/2026:14:34:26 +0000] "GET /wp-admin/ HTTP/1.1" 302 20 "https://elementalmill.com/wp-login.php" "Mozilla/5.0 (Macintosh; Intel Mac OS X 10_15_7) AppleWebKit/605.1.15 (KHTML, like Gecko) Version/17.0 Safari/605.1.15"
65.108.2.171 - - [01/Mar/2026:14:34:30 +0000] "GET /shopping/products/16201255803 HTTP/1.1" 200 25581 "-" "Mozilla/5.0 (compatible; MJ12bot/v1.4.8; http://mj12bot.com/)"
51.77.216.212 - - [01/Mar/2026:14:34:30 +0000] "GET /shopping/products/16201259152 HTTP/1.1" 200 24522 "-" "Mozilla/5.0 (compatible; MJ12bot/v1.4.8; http://mj12bot.com/)"
176.65.132.19 - - [01/Mar/2026:14:34:29 +0000] "GET /wp-admin/ HTTP/1.1" 302 20 "https://elementalmill.com/wp-login.php" "Mozilla/5.0 (Macintosh; Intel Mac OS X 10_15_7) AppleWebKit/605.1.15 (KHTML, like Gecko) Version/17.0 Safari/605.1.15"
144.76.32.114 - - [01/Mar/2026:14:34:31 +0000] "GET /shopping/products/1619608369 HTTP/1.1" 200 24264 "-" "Mozilla/5.0 (compatible; SERankingBacklinksBot/1.0; +https://seranking.com/backlinks-crawler)"
3.212.205.90 - - [01/Mar/2026:14:34:32 +0000] "GET /?shopping/products/1619709514 HTTP/1.1" 200 24958 "-" "Mozilla/5.0 AppleWebKit/537.36 (KHTML, like Gecko; compatible; Amazonbot/0.1; +https://developer.amazon.com/support/amazonbot) Chrome/119.0.6045.214 Safari/537.36"
44.205.180.155 - - [01/Mar/2026:14:34:33 +0000] "GET /?category/16181001378 HTTP/1.1" 200 26859 "-" "Mozilla/5.0 AppleWebKit/537.36 (KHTML, like Gecko; compatible; Amazonbot/0.1; +https://developer.amazon.com/support/amazonbot) Chrome/119.0.6045.214 Safari/537.36"
51.77.216.212 - - [01/Mar/2026:14:34:33 +0000] "GET /shopping/products/16201259234 HTTP/1.1" 200 25863 "-" "Mozilla/5.0 (compatible; MJ12bot/v1.4.8; http://mj12bot.com/)"
65.108.2.171 - - [01/Mar/2026:14:34:33 +0000] "GET /shopping/products/16201255812 HTTP/1.1" 200 24693 "-" "Mozilla/5.0 (compatible; MJ12bot/v1.4.8; http://mj12bot.com/)"
176.65.132.19 - - [01/Mar/2026:14:34:32 +0000] "GET /wp-admin/ HTTP/1.1" 302 20 "https://elementalmill.com/wp-login.php" "Mozilla/5.0 (Macintosh; Intel Mac OS X 10_15_7) AppleWebKit/605.1.15 (KHTML, like Gecko) Version/17.0 Safari/605.1.15"
74.7.227.51 - - [01/Mar/2026:14:34:35 +0000] "GET /shop/pg/161868091 HTTP/2.0" 200 24530 "https://elementalmill.com/shop/pg/64227" "Mozilla/5.0 AppleWebKit/537.36 (KHTML, like Gecko; compatible; GPTBot/1.3; +https://openai.com/gptbot)"
51.77.216.212 - - [01/Mar/2026:14:34:36 +0000] "GET /shopping/products/16201259302 HTTP/1.1" 200 25347 "-" "Mozilla/5.0 (compatible; MJ12bot/v1.4.8; http://mj12bot.com/)"
144.76.32.114 - - [01/Mar/2026:14:34:36 +0000] "GET /shopping/products/1618336212 HTTP/1.1" 200 24200 "-" "Mozilla/5.0 (compatible; SERankingBacklinksBot/1.0; +https://seranking.com/backlinks-crawler)"
65.108.2.171 - - [01/Mar/2026:14:34:36 +0000] "GET /shopping/products/16201255813 HTTP/1.1" 200 25675 "-" "Mozilla/5.0 (compatible; MJ12bot/v1.4.8; http://mj12bot.com/)"
176.65.132.19 - - [01/Mar/2026:14:34:35 +0000] "GET /wp-admin/ HTTP/1.1" 302 20 "https://elementalmill.com/wp-login.php" "Mozilla/5.0 (Macintosh; Intel Mac OS X 10_15_7) AppleWebKit/605.1.15 (KHTML, like Gecko) Version/17.0 Safari/605.1.15"
51.77.216.212 - - [01/Mar/2026:14:34:38 +0000] "GET /shopping/products/16201259310 HTTP/1.1" 200 24888 "-" "Mozilla/5.0 (compatible; MJ12bot/v1.4.8; http://mj12bot.com/)"
44.215.235.20 - - [01/Mar/2026:14:34:39 +0000] "GET /?shopping/products/16201418888 HTTP/1.1" 200 26197 "-" "Mozilla/5.0 AppleWebKit/537.36 (KHTML, like Gecko; compatible; Amazonbot/0.1; +https://developer.amazon.com/support/amazonbot) Chrome/119.0.6045.214 Safari/537.36"
65.108.2.171 - - [01/Mar/2026:14:34:39 +0000] "GET /shopping/products/16201255840 HTTP/1.1" 200 26383 "-" "Mozilla/5.0 (compatible; MJ12bot/v1.4.8; http://mj12bot.com/)"
176.65.132.19 - - [01/Mar/2026:14:34:38 +0000] "GET /wp-admin/ HTTP/1.1" 302 20 "https://elementalmill.com/wp-login.php" "Mozilla/5.0 (Macintosh; Intel Mac OS X 10_15_7) AppleWebKit/605.1.15 (KHTML, like Gecko) Version/17.0 Safari/605.1.15"
144.76.32.114 - - [01/Mar/2026:14:34:40 +0000] "GET /shopping/products/1619608378 HTTP/1.1" 200 24561 "-" "Mozilla/5.0 (compatible; SERankingBacklinksBot/1.0; +https://seranking.com/backlinks-crawler)"
74.7.242.62 - - [01/Mar/2026:14:34:41 +0000] "GET /shop/pg/1272194 HTTP/2.0" 200 25960 "https://www.elementalmill.com.lab2454.com/shop/pg/16211647284" "Mozilla/5.0 AppleWebKit/537.36 (KHTML, like Gecko; compatible; GPTBot/1.3; +https://openai.com/gptbot)"
51.77.216.212 - - [01/Mar/2026:14:34:41 +0000] "GET /shopping/products/16201259425 HTTP/1.1" 200 26599 "-" "Mozilla/5.0 (compatible; MJ12bot/v1.4.8; http://mj12bot.com/)"
65.108.2.171 - - [01/Mar/2026:14:34:42 +0000] "GET /shopping/products/16201255888 HTTP/1.1" 200 24769 "-" "Mozilla/5.0 (compatible; MJ12bot/v1.4.8; http://mj12bot.com/)"
87.250.224.13 - - [01/Mar/2026:14:34:42 +0000] "GET /shopping/products/16204072025 HTTP/1.1" 200 25011 "-" "Mozilla/5.0 (compatible; YandexBot/3.0; +http://yandex.com/bots)"
23.21.228.180 - - [01/Mar/2026:14:34:42 +0000] "GET /shop/pg/2086001 HTTP/1.1" 200 24856 "-" "Mozilla/5.0 AppleWebKit/537.36 (KHTML, like Gecko; compatible; Amazonbot/0.1; +https://developer.amazon.com/support/amazonbot) Chrome/119.0.6045.214 Safari/537.36"
176.65.132.19 - - [01/Mar/2026:14:34:41 +0000] "GET /wp-admin/ HTTP/1.1" 302 20 "https://elementalmill.com/wp-login.php" "Mozilla/5.0 (Macintosh; Intel Mac OS X 10_15_7) AppleWebKit/605.1.15 (KHTML, like Gecko) Version/17.0 Safari/605.1.15"
51.77.216.212 - - [01/Mar/2026:14:34:44 +0000] "GET /shopping/products/16201259435 HTTP/1.1" 200 25728 "-" "Mozilla/5.0 (compatible; MJ12bot/v1.4.8; http://mj12bot.com/)"
144.76.32.114 - - [01/Mar/2026:14:34:45 +0000] "GET /shopping/products/1618336235 HTTP/1.1" 200 24300 "-" "Mozilla/5.0 (compatible; SERankingBacklinksBot/1.0; +https://seranking.com/backlinks-crawler)"
65.108.2.171 - - [01/Mar/2026:14:34:45 +0000] "GET /shopping/products/16201255889 HTTP/1.1" 200 25080 "-" "Mozilla/5.0 (compatible; MJ12bot/v1.4.8; http://mj12bot.com/)"
176.65.132.19 - - [01/Mar/2026:14:34:44 +0000] "GET /wp-admin/profile.php HTTP/1.1" 404 12378 "https://elementalmill.com/wp-login.php" "Mozilla/5.0 (Macintosh; Intel Mac OS X 10_15_7) AppleWebKit/605.1.15 (KHTML, like Gecko) Version/17.0 Safari/605.1.15"
98.83.8.142 - - [01/Mar/2026:14:34:46 +0000] "GET /shop/pg/1324181 HTTP/1.1" 200 24337 "-" "Mozilla/5.0 AppleWebKit/537.36 (KHTML, like Gecko; compatible; Amazonbot/0.1; +https://developer.amazon.com/support/amazonbot) Chrome/119.0.6045.214 Safari/537.36"
51.77.216.212 - - [01/Mar/2026:14:34:47 +0000] "GET /shopping/products/16201259451 HTTP/1.1" 200 25473 "-" "Mozilla/5.0 (compatible; MJ12bot/v1.4.8; http://mj12bot.com/)"
144.76.32.114 - - [01/Mar/2026:14:34:49 +0000] "GET /shopping/products/1619608435 HTTP/1.1" 200 24733 "-" "Mozilla/5.0 (compatible; SERankingBacklinksBot/1.0; +https://seranking.com/backlinks-crawler)"
44.207.207.36 - - [01/Mar/2026:14:34:49 +0000] "GET /shop/pg/2633685 HTTP/1.1" 200 26314 "-" "Mozilla/5.0 AppleWebKit/537.36 (KHTML, like Gecko; compatible; Amazonbot/0.1; +https://developer.amazon.com/support/amazonbot) Chrome/119.0.6045.214 Safari/537.36"
176.65.132.19 - - [01/Mar/2026:14:34:48 +0000] "GET /wp-admin/edit.php HTTP/1.1" 404 12378 "https://elementalmill.com/wp-login.php" "Mozilla/5.0 (Macintosh; Intel Mac OS X 10_15_7) AppleWebKit/605.1.15 (KHTML, like Gecko) Version/17.0 Safari/605.1.15"
74.7.242.62 - - [01/Mar/2026:14:34:51 +0000] "GET /shop/pg/16201410211 HTTP/2.0" 200 24573 "https://www.elementalmill.com.lab2454.com/shop/pg/1404831" "Mozilla/5.0 AppleWebKit/537.36 (KHTML, like Gecko; compatible; GPTBot/1.3; +https://openai.com/gptbot)"
176.65.132.19 - - [01/Mar/2026:14:34:51 +0000] "GET /wp-admin/plugins.php HTTP/1.1" 404 12378 "https://elementalmill.com/wp-login.php" "Mozilla/5.0 (Macintosh; Intel Mac OS X 10_15_7) AppleWebKit/605.1.15 (KHTML, like Gecko) Version/17.0 Safari/605.1.15"
144.76.32.114 - - [01/Mar/2026:14:34:53 +0000] "GET /shopping/products/1618336267 HTTP/1.1" 200 25215 "-" "Mozilla/5.0 (compatible; SERankingBacklinksBot/1.0; +https://seranking.com/backlinks-crawler)"
54.235.191.179 - - [01/Mar/2026:14:34:56 +0000] "GET /shop/pg/161826389 HTTP/1.1" 200 24020 "-" "Mozilla/5.0 AppleWebKit/537.36 (KHTML, like Gecko; compatible; Amazonbot/0.1; +https://developer.amazon.com/support/amazonbot) Chrome/119.0.6045.214 Safari/537.36"
176.65.132.19 - - [01/Mar/2026:14:34:55 +0000] "POST /wp-login.php HTTP/1.1" 200 2961 "https://elementalmill.com/wp-login.php" "Mozilla/5.0 (Windows NT 11.0; Win64; x64) AppleWebKit/537.36 (KHTML, like Gecko) Chrome/118.0.0.0 Safari/537.36"
144.76.32.114 - - [01/Mar/2026:14:34:58 +0000] "GET /shopping/products/1619608465 HTTP/1.1" 200 24465 "-" "Mozilla/5.0 (compatible; SERankingBacklinksBot/1.0; +https://seranking.com/backlinks-crawler)"
34.227.234.246 - - [01/Mar/2026:14:34:58 +0000] "GET /shop/pg/16201211598 HTTP/1.1" 200 24549 "-" "Mozilla/5.0 AppleWebKit/537.36 (KHTML, like Gecko; compatible; Amazonbot/0.1; +https://developer.amazon.com/support/amazonbot) Chrome/119.0.6045.214 Safari/537.36"
74.7.227.51 - - [01/Mar/2026:14:34:59 +0000] "GET /shop/pg/161839468 HTTP/2.0" 200 24806 "https://elementalmill.com/shop/pg/35606" "Mozilla/5.0 AppleWebKit/537.36 (KHTML, like Gecko; compatible; GPTBot/1.3; +https://openai.com/gptbot)"
176.65.132.19 - - [01/Mar/2026:14:34:59 +0000] "GET /wp-admin/index.php HTTP/1.1" 301 20 "https://elementalmill.com/wp-login.php" "Mozilla/5.0 (X11; Ubuntu; Linux x86_64) AppleWebKit/537.36 (KHTML, like Gecko) Chrome/118.0.0.0 Safari/537.36"
23.23.214.190 - - [01/Mar/2026:14:35:02 +0000] "GET /shop/pg/583138 HTTP/1.1" 200 24250 "-" "Mozilla/5.0 AppleWebKit/537.36 (KHTML, like Gecko; compatible; Amazonbot/0.1; +https://developer.amazon.com/support/amazonbot) Chrome/119.0.6045.214 Safari/537.36"
144.76.32.114 - - [01/Mar/2026:14:35:02 +0000] "GET /shopping/products/1618336274 HTTP/1.1" 200 24402 "-" "Mozilla/5.0 (compatible; SERankingBacklinksBot/1.0; +https://seranking.com/backlinks-crawler)"
74.7.242.62 - - [01/Mar/2026:14:35:04 +0000] "GET /shop/pg/16201488527 HTTP/2.0" 200 25127 "https://www.elementalmill.com.lab2454.com/shop/pg/16201267633" "Mozilla/5.0 AppleWebKit/537.36 (KHTML, like Gecko; compatible; GPTBot/1.3; +https://openai.com/gptbot)"
176.65.132.19 - - [01/Mar/2026:14:35:03 +0000] "GET /wp-admin/ HTTP/1.1" 302 20 "https://elementalmill.com/wp-login.php" "Mozilla/5.0 (X11; Ubuntu; Linux x86_64) AppleWebKit/537.36 (KHTML, like Gecko) Chrome/118.0.0.0 Safari/537.36"
35.174.141.243 - - [01/Mar/2026:14:35:06 +0000] "GET /shop/pg/1492631 HTTP/1.1" 200 24796 "-" "Mozilla/5.0 AppleWebKit/537.36 (KHTML, like Gecko; compatible; Amazonbot/0.1; +https://developer.amazon.com/support/amazonbot) Chrome/119.0.6045.214 Safari/537.36"
144.76.32.114 - - [01/Mar/2026:14:35:06 +0000] "GET /shopping/products/1619608476 HTTP/1.1" 200 24784 "-" "Mozilla/5.0 (compatible; SERankingBacklinksBot/1.0; +https://seranking.com/backlinks-crawler)"
176.65.132.19 - - [01/Mar/2026:14:35:07 +0000] "GET /wp-admin/ HTTP/1.1" 302 20 "https://elementalmill.com/wp-login.php" "Mozilla/5.0 (X11; Ubuntu; Linux x86_64) AppleWebKit/537.36 (KHTML, like Gecko) Chrome/118.0.0.0 Safari/537.36"
74.7.227.51 - - [01/Mar/2026:14:35:09 +0000] "GET /shop/pg/161882617 HTTP/2.0" 200 24973 "https://elementalmill.com/shop/pg/78735" "Mozilla/5.0 AppleWebKit/537.36 (KHTML, like Gecko; compatible; GPTBot/1.3; +https://openai.com/gptbot)"
144.76.32.114 - - [01/Mar/2026:14:35:10 +0000] "GET /shopping/products/1618336350 HTTP/1.1" 200 24724 "-" "Mozilla/5.0 (compatible; SERankingBacklinksBot/1.0; +https://seranking.com/backlinks-crawler)"
98.84.70.201 - - [01/Mar/2026:14:35:12 +0000] "GET /shop/pg/16201347365 HTTP/1.1" 200 24523 "-" "Mozilla/5.0 AppleWebKit/537.36 (KHTML, like Gecko; compatible; Amazonbot/0.1; +https://developer.amazon.com/support/amazonbot) Chrome/119.0.6045.214 Safari/537.36"
176.65.132.19 - - [01/Mar/2026:14:35:11 +0000] "GET /wp-admin/ HTTP/1.1" 302 20 "https://elementalmill.com/wp-login.php" "Mozilla/5.0 (X11; Ubuntu; Linux x86_64) AppleWebKit/537.36 (KHTML, like Gecko) Chrome/118.0.0.0 Safari/537.36"
213.180.203.73 - - [01/Mar/2026:14:35:14 +0000] "GET /shopping/products/162027825815 HTTP/1.1" 200 25317 "-" "Mozilla/5.0 (compatible; YandexBot/3.0; +http://yandex.com/bots)"
74.7.242.62 - - [01/Mar/2026:14:35:15 +0000] "GET /shop/pg/16211705489 HTTP/2.0" 200 24631 "https://www.elementalmill.com.lab2454.com/shop/pg/1700123" "Mozilla/5.0 AppleWebKit/537.36 (KHTML, like Gecko; compatible; GPTBot/1.3; +https://openai.com/gptbot)"
34.239.85.139 - - [01/Mar/2026:14:35:15 +0000] "GET /shop/pg/734618 HTTP/1.1" 200 25052 "-" "Mozilla/5.0 AppleWebKit/537.36 (KHTML, like Gecko; compatible; Amazonbot/0.1; +https://developer.amazon.com/support/amazonbot) Chrome/119.0.6045.214 Safari/537.36"
144.76.32.114 - - [01/Mar/2026:14:35:15 +0000] "GET /shopping/products/1619608486 HTTP/1.1" 200 24945 "-" "Mozilla/5.0 (compatible; SERankingBacklinksBot/1.0; +https://seranking.com/backlinks-crawler)"
176.65.132.19 - - [01/Mar/2026:14:35:14 +0000] "GET /wp-admin/ HTTP/1.1" 302 20 "https://elementalmill.com/wp-login.php" "Mozilla/5.0 (X11; Ubuntu; Linux x86_64) AppleWebKit/537.36 (KHTML, like Gecko) Chrome/118.0.0.0 Safari/537.36"
34.204.150.196 - - [01/Mar/2026:14:35:17 +0000] "GET /shop/pg/2514856 HTTP/1.1" 200 25034 "-" "Mozilla/5.0 AppleWebKit/537.36 (KHTML, like Gecko; compatible; Amazonbot/0.1; +https://developer.amazon.com/support/amazonbot) Chrome/119.0.6045.214 Safari/537.36"
139.162.194.112 - - [01/Mar/2026:14:35:17 +0000] "POST /wp-cron.php?doing_wp_cron=1772375717.8786060810089111328125 HTTP/1.1" 404 13168 "-" "WordPress/6.9.1; https://elementalmill.com"
144.76.32.114 - - [01/Mar/2026:14:35:20 +0000] "GET /shopping/products/1618336359 HTTP/1.1" 200 24419 "-" "Mozilla/5.0 (compatible; SERankingBacklinksBot/1.0; +https://seranking.com/backlinks-crawler)"
176.65.132.19 - - [01/Mar/2026:14:35:19 +0000] "GET /wp-admin/ HTTP/1.1" 302 20 "https://elementalmill.com/wp-login.php" "Mozilla/5.0 (X11; Ubuntu; Linux x86_64) AppleWebKit/537.36 (KHTML, like Gecko) Chrome/118.0.0.0 Safari/537.36"
3.224.215.150 - - [01/Mar/2026:14:35:22 +0000] "GET /shop/pg/1381688 HTTP/1.1" 200 24466 "-" "Mozilla/5.0 AppleWebKit/537.36 (KHTML, like Gecko; compatible; Amazonbot/0.1; +https://developer.amazon.com/support/amazonbot) Chrome/119.0.6045.214 Safari/537.36"
74.7.242.62 - - [01/Mar/2026:14:35:23 +0000] "GET /shop/pg/16201268794 HTTP/2.0" 200 24691 "https://www.elementalmill.com.lab2454.com/shop/pg/1263408" "Mozilla/5.0 AppleWebKit/537.36 (KHTML, like Gecko; compatible; GPTBot/1.3; +https://openai.com/gptbot)"
176.65.132.19 - - [01/Mar/2026:14:35:22 +0000] "GET /wp-admin/ HTTP/1.1" 302 20 "https://elementalmill.com/wp-login.php" "Mozilla/5.0 (X11; Ubuntu; Linux x86_64) AppleWebKit/537.36 (KHTML, like Gecko) Chrome/118.0.0.0 Safari/537.36"
144.76.32.114 - - [01/Mar/2026:14:35:24 +0000] "GET /shopping/products/1619608527 HTTP/1.1" 200 25426 "-" "Mozilla/5.0 (compatible; SERankingBacklinksBot/1.0; +https://seranking.com/backlinks-crawler)"
176.65.132.19 - - [01/Mar/2026:14:35:25 +0000] "GET /wp-admin/ HTTP/1.1" 302 20 "https://elementalmill.com/wp-login.php" "Mozilla/5.0 (X11; Ubuntu; Linux x86_64) AppleWebKit/537.36 (KHTML, like Gecko) Chrome/118.0.0.0 Safari/537.36"
74.7.227.51 - - [01/Mar/2026:14:35:26 +0000] "GET /shop/pg/1618453387 HTTP/2.0" 200 24326 "https://elementalmill.com/shop/pg/449409" "Mozilla/5.0 AppleWebKit/537.36 (KHTML, like Gecko; compatible; GPTBot/1.3; +https://openai.com/gptbot)"
44.217.177.142 - - [01/Mar/2026:14:35:27 +0000] "GET /shop/pg/349418 HTTP/1.1" 200 25026 "-" "Mozilla/5.0 AppleWebKit/537.36 (KHTML, like Gecko; compatible; Amazonbot/0.1; +https://developer.amazon.com/support/amazonbot) Chrome/119.0.6045.214 Safari/537.36"
144.76.32.114 - - [01/Mar/2026:14:35:28 +0000] "GET /shopping/products/1618336364 HTTP/1.1" 200 24289 "-" "Mozilla/5.0 (compatible; SERankingBacklinksBot/1.0; +https://seranking.com/backlinks-crawler)"
176.65.132.19 - - [01/Mar/2026:14:35:28 +0000] "GET /wp-admin/ HTTP/1.1" 302 20 "https://elementalmill.com/wp-login.php" "Mozilla/5.0 (X11; Ubuntu; Linux x86_64) AppleWebKit/537.36 (KHTML, like Gecko) Chrome/118.0.0.0 Safari/537.36"
18.215.49.176 - - [01/Mar/2026:14:35:30 +0000] "GET /?category/16231001954 HTTP/1.1" 200 17366 "-" "Mozilla/5.0 AppleWebKit/537.36 (KHTML, like Gecko; compatible; Amazonbot/0.1; +https://developer.amazon.com/support/amazonbot) Chrome/119.0.6045.214 Safari/537.36"
66.249.64.39 - - [01/Mar/2026:14:35:30 +0000] "GET /shopping/products/16211522046 HTTP/1.1" 200 24803 "-" "Mozilla/5.0 (compatible; Googlebot/2.1; +http://www.google.com/bot.html)"
74.7.242.62 - - [01/Mar/2026:14:35:31 +0000] "GET /shop/pg/16211647917 HTTP/2.0" 200 25084 "https://www.elementalmill.com.lab2454.com/shop/pg/16201427041" "Mozilla/5.0 AppleWebKit/537.36 (KHTML, like Gecko; compatible; GPTBot/1.3; +https://openai.com/gptbot)"
176.65.132.19 - - [01/Mar/2026:14:35:31 +0000] "GET /wp-admin/ HTTP/1.1" 302 20 "https://elementalmill.com/wp-login.php" "Mozilla/5.0 (X11; Ubuntu; Linux x86_64) AppleWebKit/537.36 (KHTML, like Gecko) Chrome/118.0.0.0 Safari/537.36"
144.76.32.114 - - [01/Mar/2026:14:35:32 +0000] "GET /shopping/products/1619608555 HTTP/1.1" 200 24522 "-" "Mozilla/5.0 (compatible; SERankingBacklinksBot/1.0; +https://seranking.com/backlinks-crawler)"
176.65.132.19 - - [01/Mar/2026:14:35:34 +0000] "GET /wp-admin/ HTTP/1.1" 302 20 "https://elementalmill.com/wp-login.php" "Mozilla/5.0 (X11; Ubuntu; Linux x86_64) AppleWebKit/537.36 (KHTML, like Gecko) Chrome/118.0.0.0 Safari/537.36"
44.214.19.8 - - [01/Mar/2026:14:35:35 +0000] "GET /shop/pg/16201475053 HTTP/1.1" 200 25004 "-" "Mozilla/5.0 AppleWebKit/537.36 (KHTML, like Gecko; compatible; Amazonbot/0.1; +https://developer.amazon.com/support/amazonbot) Chrome/119.0.6045.214 Safari/537.36"
74.7.227.51 - - [01/Mar/2026:14:35:36 +0000] "GET /shop/pg/161882287 HTTP/2.0" 200 25477 "https://elementalmill.com/shop/pg/78421" "Mozilla/5.0 AppleWebKit/537.36 (KHTML, like Gecko; compatible; GPTBot/1.3; +https://openai.com/gptbot)"
144.76.32.114 - - [01/Mar/2026:14:35:37 +0000] "GET /shopping/products/1618336408 HTTP/1.1" 200 24427 "-" "Mozilla/5.0 (compatible; SERankingBacklinksBot/1.0; +https://seranking.com/backlinks-crawler)"
176.65.132.19 - - [01/Mar/2026:14:35:37 +0000] "GET /wp-admin/ HTTP/1.1" 302 20 "https://elementalmill.com/wp-login.php" "Mozilla/5.0 (X11; Ubuntu; Linux x86_64) AppleWebKit/537.36 (KHTML, like Gecko) Chrome/118.0.0.0 Safari/537.36"
34.192.67.98 - - [01/Mar/2026:14:35:40 +0000] "GET /shop/pg/1411683 HTTP/1.1" 200 24699 "-" "Mozilla/5.0 AppleWebKit/537.36 (KHTML, like Gecko; compatible; Amazonbot/0.1; +https://developer.amazon.com/support/amazonbot) Chrome/119.0.6045.214 Safari/537.36"
144.76.32.114 - - [01/Mar/2026:14:35:41 +0000] "GET /shopping/products/1619608602 HTTP/1.1" 200 24435 "-" "Mozilla/5.0 (compatible; SERankingBacklinksBot/1.0; +https://seranking.com/backlinks-crawler)"
176.65.132.19 - - [01/Mar/2026:14:35:40 +0000] "GET /wp-admin/ HTTP/1.1" 302 20 "https://elementalmill.com/wp-login.php" "Mozilla/5.0 (X11; Ubuntu; Linux x86_64) AppleWebKit/537.36 (KHTML, like Gecko) Chrome/118.0.0.0 Safari/537.36"
74.7.242.62 - - [01/Mar/2026:14:35:42 +0000] "GET /shop/pg/1715679 HTTP/2.0" 200 24995 "https://www.elementalmill.com.lab2454.com/shop/pg/16201499215" "Mozilla/5.0 AppleWebKit/537.36 (KHTML, like Gecko; compatible; GPTBot/1.3; +https://openai.com/gptbot)"
3.227.180.70 - - [01/Mar/2026:14:35:43 +0000] "GET /shop/pg/46519 HTTP/1.1" 200 24702 "-" "Mozilla/5.0 AppleWebKit/537.36 (KHTML, like Gecko; compatible; Amazonbot/0.1; +https://developer.amazon.com/support/amazonbot) Chrome/119.0.6045.214 Safari/537.36"
176.65.132.19 - - [01/Mar/2026:14:35:43 +0000] "GET /wp-admin/ HTTP/1.1" 302 20 "https://elementalmill.com/wp-login.php" "Mozilla/5.0 (X11; Ubuntu; Linux x86_64) AppleWebKit/537.36 (KHTML, like Gecko) Chrome/118.0.0.0 Safari/537.36"
144.76.32.114 - - [01/Mar/2026:14:35:45 +0000] "GET /shopping/products/1618336454 HTTP/1.1" 200 24566 "-" "Mozilla/5.0 (compatible; SERankingBacklinksBot/1.0; +https://seranking.com/backlinks-crawler)"
176.65.132.19 - - [01/Mar/2026:14:35:46 +0000] "GET /wp-admin/ HTTP/1.1" 302 20 "https://elementalmill.com/wp-login.php" "Mozilla/5.0 (X11; Ubuntu; Linux x86_64) AppleWebKit/537.36 (KHTML, like Gecko) Chrome/118.0.0.0 Safari/537.36"
74.7.227.51 - - [01/Mar/2026:14:35:48 +0000] "GET /shop/pg/161868136 HTTP/2.0" 200 24344 "https://elementalmill.com/shop/pg/64266" "Mozilla/5.0 AppleWebKit/537.36 (KHTML, like Gecko; compatible; GPTBot/1.3; +https://openai.com/gptbot)"
35.171.117.160 - - [01/Mar/2026:14:35:48 +0000] "GET /shop/pg/1405105 HTTP/1.1" 200 25832 "-" "Mozilla/5.0 AppleWebKit/537.36 (KHTML, like Gecko; compatible; Amazonbot/0.1; +https://developer.amazon.com/support/amazonbot) Chrome/119.0.6045.214 Safari/537.36"
144.76.32.114 - - [01/Mar/2026:14:35:49 +0000] "GET /shopping/products/1619608625 HTTP/1.1" 200 24296 "-" "Mozilla/5.0 (compatible; SERankingBacklinksBot/1.0; +https://seranking.com/backlinks-crawler)"
176.65.132.19 - - [01/Mar/2026:14:35:49 +0000] "GET /wp-admin/ HTTP/1.1" 302 20 "https://elementalmill.com/wp-login.php" "Mozilla/5.0 (X11; Ubuntu; Linux x86_64) AppleWebKit/537.36 (KHTML, like Gecko) Chrome/118.0.0.0 Safari/537.36"
44.212.131.50 - - [01/Mar/2026:14:35:52 +0000] "GET /?category/16221001958 HTTP/1.1" 200 21528 "-" "Mozilla/5.0 AppleWebKit/537.36 (KHTML, like Gecko; compatible; Amazonbot/0.1; +https://developer.amazon.com/support/amazonbot) Chrome/119.0.6045.214 Safari/537.36"
144.76.32.114 - - [01/Mar/2026:14:35:53 +0000] "GET /shopping/products/1618336477 HTTP/1.1" 200 24683 "-" "Mozilla/5.0 (compatible; SERankingBacklinksBot/1.0; +https://seranking.com/backlinks-crawler)"
54.147.238.89 - - [01/Mar/2026:14:35:53 +0000] "GET /shop/pg/16201368080 HTTP/1.1" 200 24886 "-" "Mozilla/5.0 AppleWebKit/537.36 (KHTML, like Gecko; compatible; Amazonbot/0.1; +https://developer.amazon.com/support/amazonbot) Chrome/119.0.6045.214 Safari/537.36"
176.65.132.19 - - [01/Mar/2026:14:35:53 +0000] "GET /wp-admin/ HTTP/1.1" 302 20 "https://elementalmill.com/wp-login.php" "Mozilla/5.0 (X11; Ubuntu; Linux x86_64) AppleWebKit/537.36 (KHTML, like Gecko) Chrome/118.0.0.0 Safari/537.36"
74.7.242.62 - - [01/Mar/2026:14:35:57 +0000] "GET /shop/pg/16201277944 HTTP/2.0" 200 24673 "https://www.elementalmill.com.lab2454.com/shop/pg/1272554" "Mozilla/5.0 AppleWebKit/537.36 (KHTML, like Gecko; compatible; GPTBot/1.3; +https://openai.com/gptbot)"
176.65.132.19 - - [01/Mar/2026:14:35:56 +0000] "GET /wp-admin/ HTTP/1.1" 302 20 "https://elementalmill.com/wp-login.php" "Mozilla/5.0 (X11; Ubuntu; Linux x86_64) AppleWebKit/537.36 (KHTML, like Gecko) Chrome/118.0.0.0 Safari/537.36"
144.76.32.114 - - [01/Mar/2026:14:35:57 +0000] "GET /shopping/products/1619608653 HTTP/1.1" 200 24106 "-" "Mozilla/5.0 (compatible; SERankingBacklinksBot/1.0; +https://seranking.com/backlinks-crawler)"
176.65.132.19 - - [01/Mar/2026:14:35:59 +0000] "GET /wp-admin/ HTTP/1.1" 302 20 "https://elementalmill.com/wp-login.php" "Mozilla/5.0 (X11; Ubuntu; Linux x86_64) AppleWebKit/537.36 (KHTML, like Gecko) Chrome/118.0.0.0 Safari/537.36"
34.230.124.21 - - [01/Mar/2026:14:36:01 +0000] "GET /?category/16231003062 HTTP/1.1" 200 23216 "-" "Mozilla/5.0 AppleWebKit/537.36 (KHTML, like Gecko; compatible; Amazonbot/0.1; +https://developer.amazon.com/support/amazonbot) Chrome/119.0.6045.214 Safari/537.36"
144.76.32.114 - - [01/Mar/2026:14:36:02 +0000] "GET /shopping/products/1618336599 HTTP/1.1" 200 24394 "-" "Mozilla/5.0 (compatible; SERankingBacklinksBot/1.0; +https://seranking.com/backlinks-crawler)"
34.194.95.99 - - [01/Mar/2026:14:36:04 +0000] "GET /shop/pg/2321499 HTTP/1.1" 200 25346 "-" "Mozilla/5.0 AppleWebKit/537.36 (KHTML, like Gecko; compatible; Amazonbot/0.1; +https://developer.amazon.com/support/amazonbot) Chrome/119.0.6045.214 Safari/537.36"
176.65.132.19 - - [01/Mar/2026:14:36:02 +0000] "GET /wp-admin/ HTTP/1.1" 302 20 "https://elementalmill.com/wp-login.php" "Mozilla/5.0 (X11; Ubuntu; Linux x86_64) AppleWebKit/537.36 (KHTML, like Gecko) Chrome/118.0.0.0 Safari/537.36"
74.7.227.51 - - [01/Mar/2026:14:36:05 +0000] "GET /shop/pg/161850088 HTTP/2.0" 200 24707 "https://elementalmill.com/shop/pg/46226" "Mozilla/5.0 AppleWebKit/537.36 (KHTML, like Gecko; compatible; GPTBot/1.3; +https://openai.com/gptbot)"
144.76.32.114 - - [01/Mar/2026:14:36:06 +0000] "GET /shopping/products/1619608701 HTTP/1.1" 200 24583 "-" "Mozilla/5.0 (compatible; SERankingBacklinksBot/1.0; +https://seranking.com/backlinks-crawler)"
98.82.107.102 - - [01/Mar/2026:14:36:07 +0000] "GET /?shopping/products/1619713868 HTTP/1.1" 200 24993 "-" "Mozilla/5.0 AppleWebKit/537.36 (KHTML, like Gecko; compatible; Amazonbot/0.1; +https://developer.amazon.com/support/amazonbot) Chrome/119.0.6045.214 Safari/537.36"
176.65.132.19 - - [01/Mar/2026:14:36:05 +0000] "GET /wp-admin/ HTTP/1.1" 302 20 "https://elementalmill.com/wp-login.php" "Mozilla/5.0 (X11; Ubuntu; Linux x86_64) AppleWebKit/537.36 (KHTML, like Gecko) Chrome/118.0.0.0 Safari/537.36"
144.76.32.114 - - [01/Mar/2026:14:36:10 +0000] "GET /shopping/products/1618336609 HTTP/1.1" 200 24430 "-" "Mozilla/5.0 (compatible; SERankingBacklinksBot/1.0; +https://seranking.com/backlinks-crawler)"
176.65.132.19 - - [01/Mar/2026:14:36:08 +0000] "GET /wp-admin/ HTTP/1.1" 302 20 "https://elementalmill.com/wp-login.php" "Mozilla/5.0 (X11; Ubuntu; Linux x86_64) AppleWebKit/537.36 (KHTML, like Gecko) Chrome/118.0.0.0 Safari/537.36"
18.205.127.11 - - [01/Mar/2026:14:36:10 +0000] "GET /shop/pg/2638060 HTTP/1.1" 200 28205 "-" "Mozilla/5.0 AppleWebKit/537.36 (KHTML, like Gecko; compatible; Amazonbot/0.1; +https://developer.amazon.com/support/amazonbot) Chrome/119.0.6045.214 Safari/537.36"
74.7.242.62 - - [01/Mar/2026:14:36:11 +0000] "GET /shop/pg/1756904 HTTP/2.0" 200 24856 "https://www.elementalmill.com.lab2454.com/shopping/products/16211756904" "Mozilla/5.0 AppleWebKit/537.36 (KHTML, like Gecko; compatible; GPTBot/1.3; +https://openai.com/gptbot)"
