74.7.243.216 - - [01/Mar/2026:14:37:20 +0000] "GET /whsy.php?e=screenshot.png&p=%2Fhome%2Flab2454c%2Fadenbic.com%2Fwp-content%2Fthemes%2Fbumbleb HTTP/2.0" 200 1533 "https://shakcoin.com/whsy.php?p=%2Fhome%2Flab2454c%2Fadenbic.com%2Fwp-content%2Fthemes%2Fbumbleb" "Mozilla/5.0 AppleWebKit/537.36 (KHTML, like Gecko; compatible; GPTBot/1.3; +https://openai.com/gptbot)"
74.7.227.140 - - [01/Mar/2026:14:37:23 +0000] "GET /whsy.php?p=%2Fproc%2F11146%2Ftask%2F10926%2Fnet HTTP/2.0" 200 2465 "https://www.shakcoin.com.lab2454.com/whsy.php?p=%2Fproc%2F11146%2Ftask%2F10926" "Mozilla/5.0 AppleWebKit/537.36 (KHTML, like Gecko; compatible; GPTBot/1.3; +https://openai.com/gptbot)"
74.7.243.216 - - [01/Mar/2026:14:37:32 +0000] "GET /whsy.php?e=zigowix.txt&p=%2Fhome%2Flab2454c%2Fbiocei.com%2Fwp-content%2Fplugins%2Facakhoposh HTTP/2.0" 200 1437 "https://shakcoin.com/whsy.php?p=%2Fhome%2Flab2454c%2Fbiocei.com%2Fwp-content%2Fplugins%2Facakhoposh" "Mozilla/5.0 AppleWebKit/537.36 (KHTML, like Gecko; compatible; GPTBot/1.3; +https://openai.com/gptbot)"
74.7.227.140 - - [01/Mar/2026:14:37:36 +0000] "GET /whsy.php?e=status&p=%2Fproc%2F11146%2Ftask%2F9356 HTTP/2.0" 200 2425 "https://www.shakcoin.com.lab2454.com/whsy.php?p=%2Fproc%2F11146%2Ftask%2F9356" "Mozilla/5.0 AppleWebKit/537.36 (KHTML, like Gecko; compatible; GPTBot/1.3; +https://openai.com/gptbot)"
74.7.243.216 - - [01/Mar/2026:14:37:48 +0000] "GET /whsy.php?e=Westernclear_logo.png&p=%2Fhome%2Flab2454c%2Farchswipe.com%2Fwp-content%2Fuploads HTTP/2.0" 200 12304 "https://shakcoin.com/whsy.php?p=%2Fhome%2Flab2454c%2Farchswipe.com%2Fwp-content%2Fuploads" "Mozilla/5.0 AppleWebKit/537.36 (KHTML, like Gecko; compatible; GPTBot/1.3; +https://openai.com/gptbot)"
74.7.227.140 - - [01/Mar/2026:14:37:54 +0000] "GET /whsy.php?p=%2Fproc%2F11146%2Ftask%2F12489%2Fnet HTTP/2.0" 200 2467 "https://www.shakcoin.com.lab2454.com/whsy.php?p=%2Fproc%2F11146%2Ftask%2F12489" "Mozilla/5.0 AppleWebKit/537.36 (KHTML, like Gecko; compatible; GPTBot/1.3; +https://openai.com/gptbot)"
74.7.243.216 - - [01/Mar/2026:14:38:00 +0000] "GET /whsy.php?e=readme.txt&p=%2Fhome%2Flab2454c%2Fvalidatekey.com%2Fwp-content%2Fplugins%2Fakismet HTTP/2.0" 200 3016 "https://shakcoin.com/whsy.php?p=%2Fhome%2Flab2454c%2Fvalidatekey.com%2Fwp-content%2Fplugins%2Fakismet" "Mozilla/5.0 AppleWebKit/537.36 (KHTML, like Gecko; compatible; GPTBot/1.3; +https://openai.com/gptbot)"
74.7.227.140 - - [01/Mar/2026:14:38:04 +0000] "GET /whsy.php?e=oom_score&p=%2Fproc%2F11146%2Ftask%2F9360 HTTP/2.0" 200 1869 "https://www.shakcoin.com.lab2454.com/whsy.php?p=%2Fproc%2F11146%2Ftask%2F9360" "Mozilla/5.0 AppleWebKit/537.36 (KHTML, like Gecko; compatible; GPTBot/1.3; +https://openai.com/gptbot)"
74.7.243.216 - - [01/Mar/2026:14:38:19 +0000] "GET /whsy.php?e=readme.txt&p=%2Fhome%2Flab2454c%2Fspaxtac.com%2Fwp-content%2Fplugins%2Fgtranslate HTTP/2.0" 200 13700 "https://shakcoin.com/whsy.php?p=%2Fhome%2Flab2454c%2Fspaxtac.com%2Fwp-content%2Fplugins%2Fgtranslate" "Mozilla/5.0 AppleWebKit/537.36 (KHTML, like Gecko; compatible; GPTBot/1.3; +https://openai.com/gptbot)"
74.7.227.140 - - [01/Mar/2026:14:38:26 +0000] "GET /whsy.php?p=%2Fproc%2F11146%2Ftask%2F12774%2Fnet HTTP/2.0" 200 2468 "https://www.shakcoin.com.lab2454.com/whsy.php?p=%2Fproc%2F11146%2Ftask%2F12774" "Mozilla/5.0 AppleWebKit/537.36 (KHTML, like Gecko; compatible; GPTBot/1.3; +https://openai.com/gptbot)"
74.7.243.216 - - [01/Mar/2026:14:38:34 +0000] "GET /whsy.php?e=blank.png&p=%2Fhome%2Flab2454c%2Farchswipe.com%2Fwp-content%2Fplugins%2Fgtranslate HTTP/2.0" 200 1457 "https://shakcoin.com/whsy.php?p=%2Fhome%2Flab2454c%2Farchswipe.com%2Fwp-content%2Fplugins%2Fgtranslate" "Mozilla/5.0 AppleWebKit/537.36 (KHTML, like Gecko; compatible; GPTBot/1.3; +https://openai.com/gptbot)"
74.7.227.140 - - [01/Mar/2026:14:38:36 +0000] "GET /whsy.php?p=%2Fproc%2F11146%2Ftask%2F10925%2Fnet HTTP/2.0" 200 2468 "https://www.shakcoin.com.lab2454.com/whsy.php?p=%2Fproc%2F11146%2Ftask%2F10925" "Mozilla/5.0 AppleWebKit/537.36 (KHTML, like Gecko; compatible; GPTBot/1.3; +https://openai.com/gptbot)"
74.7.244.10 - - [01/Mar/2026:14:38:37 +0000] "GET /robots.txt HTTP/2.0" 404 - "-" "Mozilla/5.0 (Macintosh; Intel Mac OS X 10_15_7) AppleWebKit/537.36 (KHTML, like Gecko) Chrome/131.0.0.0 Safari/537.36; compatible; OAI-SearchBot/1.3; robots.txt; +https://openai.com/searchbot"
74.7.243.216 - - [01/Mar/2026:14:38:45 +0000] "GET /whsy.php?e=.htaccess&p=%2Fhome%2Flab2454c%2Fvalidatekey.com%2Fwp-content%2Fplugins%2Fakismet HTTP/2.0" 200 1384 "https://shakcoin.com/whsy.php?p=%2Fhome%2Flab2454c%2Fvalidatekey.com%2Fwp-content%2Fplugins%2Fakismet" "Mozilla/5.0 AppleWebKit/537.36 (KHTML, like Gecko; compatible; GPTBot/1.3; +https://openai.com/gptbot)"
74.7.227.140 - - [01/Mar/2026:14:38:49 +0000] "GET /whsy.php?p=%2Fproc%2F11146%2Ftask%2F12785%2Fnet HTTP/2.0" 200 2468 "https://www.shakcoin.com.lab2454.com/whsy.php?p=%2Fproc%2F11146%2Ftask%2F12785" "Mozilla/5.0 AppleWebKit/537.36 (KHTML, like Gecko; compatible; GPTBot/1.3; +https://openai.com/gptbot)"
74.7.243.216 - - [01/Mar/2026:14:39:00 +0000] "GET /whsy.php?e=.htaccess&p=%2Fhome%2Flab2454c%2Farchswipe.com%2Fwp-content%2Fplugins%2Fgtranslate HTTP/2.0" 200 1569 "https://shakcoin.com/whsy.php?p=%2Fhome%2Flab2454c%2Farchswipe.com%2Fwp-content%2Fplugins%2Fgtranslate" "Mozilla/5.0 AppleWebKit/537.36 (KHTML, like Gecko; compatible; GPTBot/1.3; +https://openai.com/gptbot)"
74.7.227.140 - - [01/Mar/2026:14:39:04 +0000] "GET /whsy.php?e=loginuid&p=%2Fproc%2F11146%2Ftask%2F9360 HTTP/2.0" 200 1874 "https://www.shakcoin.com.lab2454.com/whsy.php?p=%2Fproc%2F11146%2Ftask%2F9360" "Mozilla/5.0 AppleWebKit/537.36 (KHTML, like Gecko; compatible; GPTBot/1.3; +https://openai.com/gptbot)"
74.7.243.216 - - [01/Mar/2026:14:39:17 +0000] "GET /whsy.php?p=%2Fhome%2Flab2454c%2Felementalrock.com%2Fwp-content%2Fuploads%2Frevslider%2F.. HTTP/2.0" 200 850 "https://shakcoin.com/whsy.php?p=%2Fhome%2Flab2454c%2Felementalrock.com%2Fwp-content%2Fuploads%2Frevslider" "Mozilla/5.0 AppleWebKit/537.36 (KHTML, like Gecko; compatible; GPTBot/1.3; +https://openai.com/gptbot)"
74.7.227.140 - - [01/Mar/2026:14:39:23 +0000] "GET /whsy.php?e=loginuid&p=%2Fproc%2F11146%2Ftask%2F9568 HTTP/2.0" 200 1874 "https://www.shakcoin.com.lab2454.com/whsy.php?p=%2Fproc%2F11146%2Ftask%2F9568" "Mozilla/5.0 AppleWebKit/537.36 (KHTML, like Gecko; compatible; GPTBot/1.3; +https://openai.com/gptbot)"
74.7.243.216 - - [01/Mar/2026:14:39:29 +0000] "GET /whsy.php?p=%2Fhome%2Flab2454c%2Felementalmill.com%2Fwp-content%2Fplugins%2Facijifoda%2F.. HTTP/2.0" 200 1126 "https://shakcoin.com/whsy.php?p=%2Fhome%2Flab2454c%2Felementalmill.com%2Fwp-content%2Fplugins%2Facijifoda" "Mozilla/5.0 AppleWebKit/537.36 (KHTML, like Gecko; compatible; GPTBot/1.3; +https://openai.com/gptbot)"
74.7.227.140 - - [01/Mar/2026:14:39:33 +0000] "GET /whsy.php?e=loginuid&p=%2Fproc%2F11146%2Ftask%2F9365 HTTP/2.0" 200 1873 "https://www.shakcoin.com.lab2454.com/whsy.php?p=%2Fproc%2F11146%2Ftask%2F9365" "Mozilla/5.0 AppleWebKit/537.36 (KHTML, like Gecko; compatible; GPTBot/1.3; +https://openai.com/gptbot)"
74.7.243.216 - - [01/Mar/2026:14:39:41 +0000] "GET /whsy.php?p=%2Fhome%2Flab2454c%2Felementalrock.com%2Fwp-content%2Fplugins%2Frevslider%2F.. HTTP/2.0" 200 969 "https://shakcoin.com/whsy.php?p=%2Fhome%2Flab2454c%2Felementalrock.com%2Fwp-content%2Fplugins%2Frevslider" "Mozilla/5.0 AppleWebKit/537.36 (KHTML, like Gecko; compatible; GPTBot/1.3; +https://openai.com/gptbot)"
74.7.227.140 - - [01/Mar/2026:14:39:44 +0000] "GET /whsy.php?e=loginuid&p=%2Fproc%2F11146%2Ftask%2F9356 HTTP/2.0" 200 1874 "https://www.shakcoin.com.lab2454.com/whsy.php?p=%2Fproc%2F11146%2Ftask%2F9356" "Mozilla/5.0 AppleWebKit/537.36 (KHTML, like Gecko; compatible; GPTBot/1.3; +https://openai.com/gptbot)"
74.7.243.216 - - [01/Mar/2026:14:39:53 +0000] "GET /whsy.php?p=%2Fhome%2Flab2454c%2Fsothebankuab.com%2Fwp-content%2Fplugins%2Fduplicator%2F.. HTTP/2.0" 200 1098 "https://shakcoin.com/whsy.php?p=%2Fhome%2Flab2454c%2Fsothebankuab.com%2Fwp-content%2Fplugins%2Fduplicator" "Mozilla/5.0 AppleWebKit/537.36 (KHTML, like Gecko; compatible; GPTBot/1.3; +https://openai.com/gptbot)"
74.7.227.140 - - [01/Mar/2026:14:39:59 +0000] "GET /whsy.php?e=udp6&p=%2Fproc%2F11146%2Ftask%2F10926%2Fnet HTTP/2.0" 200 2705 "https://www.shakcoin.com.lab2454.com/whsy.php?p=%2Fproc%2F11146%2Ftask%2F10926%2Fnet" "Mozilla/5.0 AppleWebKit/537.36 (KHTML, like Gecko; compatible; GPTBot/1.3; +https://openai.com/gptbot)"
74.7.243.216 - - [01/Mar/2026:14:40:06 +0000] "GET /whsy.php?e=class-wc-admin-post-types.php&p=%2Fhome%2Flab2454c%2Fisaaclondston.com%2Fwp-content%2Fplugins%2Fwoocommerce%2Fincludes%2Fadmin HTTP/2.0" 200 9977 "https://shakcoin.com/whsy.php?p=%2Fhome%2Flab2454c%2Fisaaclondston.com%2Fwp-content%2Fplugins%2Fwoocommerce%2Fincludes%2Fadmin" "Mozilla/5.0 AppleWebKit/537.36 (KHTML, like Gecko; compatible; GPTBot/1.3; +https://openai.com/gptbot)"
74.7.243.216 - - [01/Mar/2026:14:40:25 +0000] "GET /whsy.php?e=class-wc-admin-post-types.php&p=%2Fhome%2Flab2454c%2Fcarbonbullion.com%2Fwp-content%2Fplugins%2Fwoocommerce%2Fincludes%2Fadmin HTTP/2.0" 200 9507 "https://shakcoin.com/whsy.php?p=%2Fhome%2Flab2454c%2Fcarbonbullion.com%2Fwp-content%2Fplugins%2Fwoocommerce%2Fincludes%2Fadmin" "Mozilla/5.0 AppleWebKit/537.36 (KHTML, like Gecko; compatible; GPTBot/1.3; +https://openai.com/gptbot)"
74.7.243.216 - - [01/Mar/2026:14:40:37 +0000] "GET /whsy.php?p=%2Fhome%2Flab2454c%2Ffinancial.datmont.com%2Fwp-content%2Fplugins%2Fwp-user-frontend-pro%2Fmodules%2Fsms-notification%2Fassets%2Fjs%2F.. HTTP/2.0" 200 598 "https://shakcoin.com/whsy.php?p=%2Fhome%2Flab2454c%2Ffinancial.datmont.com%2Fwp-content%2Fplugins%2Fwp-user-frontend-pro%2Fmodules%2Fsms-notification%2Fassets%2Fjs" "Mozilla/5.0 AppleWebKit/537.36 (KHTML, like Gecko; compatible; GPTBot/1.3; +https://openai.com/gptbot)"
74.7.227.140 - - [01/Mar/2026:14:40:12 +0000] "GET /whsy.php?p=%2Fproc%2F11146%2Ftask%2F10926%2Ffd HTTP/2.0" 200 472910 "https://www.shakcoin.com.lab2454.com/whsy.php?p=%2Fproc%2F11146%2Ftask%2F10926" "Mozilla/5.0 AppleWebKit/537.36 (KHTML, like Gecko; compatible; GPTBot/1.3; +https://openai.com/gptbot)"
74.7.243.216 - - [01/Mar/2026:14:40:45 +0000] "GET /whsy.php?p=%2Fhome%2Flab2454c%2Finvest.westernclear.com%2Fwp-content%2Fplugins%2Fwp-user-frontend-pro%2Fvendor%2Fphar-io%2Fmanifest%2Fexamples%2F.. HTTP/2.0" 200 962 "https://shakcoin.com/whsy.php?p=%2Fhome%2Flab2454c%2Finvest.westernclear.com%2Fwp-content%2Fplugins%2Fwp-user-frontend-pro%2Fvendor%2Fphar-io%2Fmanifest%2Fexamples" "Mozilla/5.0 AppleWebKit/537.36 (KHTML, like Gecko; compatible; GPTBot/1.3; +https://openai.com/gptbot)"
74.7.227.140 - - [01/Mar/2026:14:40:48 +0000] "GET /whsy.php?e=if_inet6&p=%2Fproc%2F11146%2Ftask%2F12489%2Fnet HTTP/2.0" 200 2596 "https://www.shakcoin.com.lab2454.com/whsy.php?p=%2Fproc%2F11146%2Ftask%2F12489%2Fnet" "Mozilla/5.0 AppleWebKit/537.36 (KHTML, like Gecko; compatible; GPTBot/1.3; +https://openai.com/gptbot)"
74.7.243.216 - - [01/Mar/2026:14:40:53 +0000] "GET /whsy.php?p=%2Fhome%2Flab2454c%2Finvest.credityork.com%2Fwp-content%2Fplugins%2Fwp-user-frontend-pro%2Fmodules%2Fsms-notification%2Fassets%2Fjs%2F.. HTTP/2.0" 200 600 "https://shakcoin.com/whsy.php?p=%2Fhome%2Flab2454c%2Finvest.credityork.com%2Fwp-content%2Fplugins%2Fwp-user-frontend-pro%2Fmodules%2Fsms-notification%2Fassets%2Fjs" "Mozilla/5.0 AppleWebKit/537.36 (KHTML, like Gecko; compatible; GPTBot/1.3; +https://openai.com/gptbot)"
74.7.243.216 - - [01/Mar/2026:14:41:04 +0000] "GET /whsy.php?p=%2Fusr%2Fshare%2Fimunify360-webshield%2Fsplashscreen%2F.. HTTP/2.0" 200 701 "https://shakcoin.com/whsy.php?p=%2Fusr%2Fshare%2Fimunify360-webshield%2Fsplashscreen" "Mozilla/5.0 AppleWebKit/537.36 (KHTML, like Gecko; compatible; GPTBot/1.3; +https://openai.com/gptbot)"
74.7.243.216 - - [01/Mar/2026:14:41:22 +0000] "GET /whsy.php?e=LICENSE.md&p=%2Fhome%2Flab2454c%2Fvaultchip.com%2Fvendor%2Fyajra%2Flaravel-datatables-buttons HTTP/2.0" 200 1616 "https://shakcoin.com/whsy.php?p=%2Fhome%2Flab2454c%2Fvaultchip.com%2Fvendor%2Fyajra%2Flaravel-datatables-buttons" "Mozilla/5.0 AppleWebKit/537.36 (KHTML, like Gecko; compatible; GPTBot/1.3; +https://openai.com/gptbot)"
74.7.227.140 - - [01/Mar/2026:14:40:56 +0000] "GET /whsy.php?p=%2Fproc%2F11146%2Ftask%2F12489%2Ffd HTTP/2.0" 200 574656 "https://www.shakcoin.com.lab2454.com/whsy.php?p=%2Fproc%2F11146%2Ftask%2F12489" "Mozilla/5.0 AppleWebKit/537.36 (KHTML, like Gecko; compatible; GPTBot/1.3; +https://openai.com/gptbot)"
74.7.243.216 - - [01/Mar/2026:14:41:34 +0000] "GET /whsy.php?p=%2Fhome%2Flab2454c%2Ftripvare.com%2Fbackup%2Fvendor%2Ffakerphp%2Ffaker%2Fsrc%2FFaker%2FProvider%2Fzh_CN%2F.. HTTP/2.0" 200 2090 "https://shakcoin.com/whsy.php?p=%2Fhome%2Flab2454c%2Ftripvare.com%2Fbackup%2Fvendor%2Ffakerphp%2Ffaker%2Fsrc%2FFaker%2FProvider%2Fzh_CN" "Mozilla/5.0 AppleWebKit/537.36 (KHTML, like Gecko; compatible; GPTBot/1.3; +https://openai.com/gptbot)"
74.7.175.188 - - [01/Mar/2026:14:41:34 +0000] "GET /robots.txt HTTP/2.0" 404 - "-" "Mozilla/5.0 (Macintosh; Intel Mac OS X 10_15_7) AppleWebKit/537.36 (KHTML, like Gecko) Chrome/131.0.0.0 Safari/537.36; compatible; OAI-SearchBot/1.3; robots.txt; +https://openai.com/searchbot"
74.7.227.140 - - [01/Mar/2026:14:41:35 +0000] "GET /whsy.php?e=ptype&p=%2Fproc%2F11146%2Ftask%2F12774%2Fnet HTTP/2.0" 200 2645 "https://www.shakcoin.com.lab2454.com/whsy.php?p=%2Fproc%2F11146%2Ftask%2F12774%2Fnet" "Mozilla/5.0 AppleWebKit/537.36 (KHTML, like Gecko; compatible; GPTBot/1.3; +https://openai.com/gptbot)"
65.108.78.33 - - [01/Mar/2026:14:41:39 +0000] "GET /robots.txt HTTP/1.1" 404 - "-" "Mozilla/5.0 (compatible; MJ12bot/v1.4.8; http://mj12bot.com/)"
65.108.78.33 - - [01/Mar/2026:14:41:41 +0000] "GET /whsy.php?e=1676539795.M870616P4447.node3636.myfcloud.com,S=6093934,W=6177451:2,&p=/home/lab2454c/mail/cur HTTP/1.1" 200 4368211 "-" "Mozilla/5.0 (compatible; MJ12bot/v1.4.8; http://mj12bot.com/)"
74.7.243.216 - - [01/Mar/2026:14:41:42 +0000] "GET /whsy.php?p=%2Fhome%2Flab2454c%2Ftripvare.com%2Fvendor%2Fsabberworm%2Fphp-css-parser%2Flib%2FSabberworm%2FCSS%2FRuleSet HTTP/2.0" 200 825 "https://shakcoin.com/whsy.php?p=%2Fhome%2Flab2454c%2Ftripvare.com%2Fvendor%2Fsabberworm%2Fphp-css-parser%2Flib%2FSabberworm%2FCSS" "Mozilla/5.0 AppleWebKit/537.36 (KHTML, like Gecko; compatible; GPTBot/1.3; +https://openai.com/gptbot)"
65.108.78.33 - - [01/Mar/2026:14:41:44 +0000] "GET /whsy.php?e=_ide_helper.php&p=/home/lab2454c/crypto.keyreum.com HTTP/1.1" 200 81807 "-" "Mozilla/5.0 (compatible; MJ12bot/v1.4.8; http://mj12bot.com/)"
65.108.78.33 - - [01/Mar/2026:14:41:46 +0000] "GET /whsy.php?e=_ide_helper.php&p=/home/lab2454c/vaultchip.com HTTP/1.1" 200 81755 "-" "Mozilla/5.0 (compatible; MJ12bot/v1.4.8; http://mj12bot.com/)"
65.108.78.33 - - [01/Mar/2026:14:41:48 +0000] "GET /whsy.php?e=alfa-rex1.php&p=/home/lab2454c/.cpanel HTTP/1.1" 200 425624 "-" "Mozilla/5.0 (compatible; MJ12bot/v1.4.8; http://mj12bot.com/)"
65.108.78.33 - - [01/Mar/2026:14:41:50 +0000] "GET /whsy.php?e=alfa-rex1.php&p=/home/lab2454c/logs HTTP/1.1" 200 441206 "-" "Mozilla/5.0 (compatible; MJ12bot/v1.4.8; http://mj12bot.com/)"
65.108.78.33 - - [01/Mar/2026:14:41:52 +0000] "GET /whsy.php?e=alfa-rex1.php&p=/home/lab2454c/mail HTTP/1.1" 200 426251 "-" "Mozilla/5.0 (compatible; MJ12bot/v1.4.8; http://mj12bot.com/)"
65.108.78.33 - - [01/Mar/2026:14:41:54 +0000] "GET /whsy.php?e=alfa-rex1.php&p=/home/lab2454c/tmp HTTP/1.1" 200 425671 "-" "Mozilla/5.0 (compatible; MJ12bot/v1.4.8; http://mj12bot.com/)"
65.108.78.33 - - [01/Mar/2026:14:41:57 +0000] "GET /whsy.php?e=dup-database__cd65166-26184757.sql&p=/home/lab2454c/sothebankuab.com/dup-installer HTTP/1.1" 200 1303172 "-" "Mozilla/5.0 (compatible; MJ12bot/v1.4.8; http://mj12bot.com/)"
65.108.78.33 - - [01/Mar/2026:14:42:00 +0000] "GET /whsy.php?e=dup-scan__cd65166-26184757.json&p=/home/lab2454c/sothebankuab.com/dup-installer HTTP/1.1" 200 166712 "-" "Mozilla/5.0 (compatible; MJ12bot/v1.4.8; http://mj12bot.com/)"
65.108.78.33 - - [01/Mar/2026:14:42:02 +0000] "GET /whsy.php?e=error_log&p=/home/lab2454c/africanforeignbank.com HTTP/1.1" 200 20264 "-" "Mozilla/5.0 (compatible; MJ12bot/v1.4.8; http://mj12bot.com/)"
74.7.243.216 - - [01/Mar/2026:14:42:04 +0000] "GET /whsy.php?p=%2Fhome%2Flab2454c%2Fveritserv.net%2Fwp-content%2Fplugins%2Fuser-registration-pro%2Fassets%2Fextensions-json%2Ftemplates%2F.. HTTP/2.0" 200 778 "https://shakcoin.com/whsy.php?p=%2Fhome%2Flab2454c%2Fveritserv.net%2Fwp-content%2Fplugins%2Fuser-registration-pro%2Fassets%2Fextensions-json%2Ftemplates" "Mozilla/5.0 AppleWebKit/537.36 (KHTML, like Gecko; compatible; GPTBot/1.3; +https://openai.com/gptbot)"
65.108.78.33 - - [01/Mar/2026:14:42:04 +0000] "GET /whsy.php?e=error_log&p=/home/lab2454c/africanforeigncreditbenefits.com HTTP/1.1" 200 24520 "-" "Mozilla/5.0 (compatible; MJ12bot/v1.4.8; http://mj12bot.com/)"
65.108.78.33 - - [01/Mar/2026:14:42:06 +0000] "GET /whsy.php?e=error_log&p=/home/lab2454c/africanforeigninvestmentcreditbenefits.com HTTP/1.1" 200 29220 "-" "Mozilla/5.0 (compatible; MJ12bot/v1.4.8; http://mj12bot.com/)"
65.108.78.33 - - [01/Mar/2026:14:42:08 +0000] "GET /whsy.php?e=error_log&p=/home/lab2454c/amgholdingcompany.com HTTP/1.1" 200 20972 "-" "Mozilla/5.0 (compatible; MJ12bot/v1.4.8; http://mj12bot.com/)"
65.108.78.33 - - [01/Mar/2026:14:42:10 +0000] "GET /whsy.php?e=error_log&p=/home/lab2454c/arcadiacircle.com HTTP/1.1" 200 124 "-" "Mozilla/5.0 (compatible; MJ12bot/v1.4.8; http://mj12bot.com/)"
65.108.78.33 - - [01/Mar/2026:14:42:14 +0000] "GET /whsy.php?e=error_log&p=/home/lab2454c/archfort.com/wp-admin HTTP/1.1" 200 11249 "-" "Mozilla/5.0 (compatible; MJ12bot/v1.4.8; http://mj12bot.com/)"
74.7.227.140 - - [01/Mar/2026:14:41:45 +0000] "GET /whsy.php?p=%2Fproc%2F11146%2Ftask%2F12489%2Fns HTTP/2.0" 200 571171 "https://www.shakcoin.com.lab2454.com/whsy.php?p=%2Fproc%2F11146%2Ftask%2F12489" "Mozilla/5.0 AppleWebKit/537.36 (KHTML, like Gecko; compatible; GPTBot/1.3; +https://openai.com/gptbot)"
65.108.78.33 - - [01/Mar/2026:14:42:16 +0000] "GET /whsy.php?e=error_log&p=/home/lab2454c/biocei.com HTTP/1.1" 200 37919 "-" "Mozilla/5.0 (compatible; MJ12bot/v1.4.8; http://mj12bot.com/)"
65.108.78.33 - - [01/Mar/2026:14:42:18 +0000] "GET /whsy.php?e=error_log&p=/home/lab2454c/caimegroup.com HTTP/1.1" 200 277058 "-" "Mozilla/5.0 (compatible; MJ12bot/v1.4.8; http://mj12bot.com/)"
65.108.78.33 - - [01/Mar/2026:14:42:20 +0000] "GET /whsy.php?e=error_log&p=/home/lab2454c/carbonbullionexchange.com HTTP/1.1" 200 254073 "-" "Mozilla/5.0 (compatible; MJ12bot/v1.4.8; http://mj12bot.com/)"
74.7.243.216 - - [01/Mar/2026:14:42:21 +0000] "GET /whsy.php?e=jquery.countdown.min.js&p=%2Fhome%2Flab2454c%2Fadenbic.com%2Fwp-content%2Fthemes%2Fbumbleb%2Fjs HTTP/2.0" 200 3503 "https://shakcoin.com/whsy.php?p=%2Fhome%2Flab2454c%2Fadenbic.com%2Fwp-content%2Fthemes%2Fbumbleb%2Fjs" "Mozilla/5.0 AppleWebKit/537.36 (KHTML, like Gecko; compatible; GPTBot/1.3; +https://openai.com/gptbot)"
65.108.78.33 - - [01/Mar/2026:14:42:23 +0000] "GET /whsy.php?e=error_log&p=/home/lab2454c/carbonbullionmarketexchange.com HTTP/1.1" 200 19904 "-" "Mozilla/5.0 (compatible; MJ12bot/v1.4.8; http://mj12bot.com/)"
65.108.78.33 - - [01/Mar/2026:14:42:25 +0000] "GET /whsy.php?e=error_log&p=/home/lab2454c/carbonbullionmint.com HTTP/1.1" 200 21402 "-" "Mozilla/5.0 (compatible; MJ12bot/v1.4.8; http://mj12bot.com/)"
65.108.78.33 - - [01/Mar/2026:14:42:27 +0000] "GET /whsy.php?e=error_log&p=/home/lab2454c/caribbeanclimateneutralregistry.com HTTP/1.1" 200 132798 "-" "Mozilla/5.0 (compatible; MJ12bot/v1.4.8; http://mj12bot.com/)"
74.7.227.140 - - [01/Mar/2026:14:42:28 +0000] "GET /whsy.php?e=mcfilter6&p=%2Fproc%2F11146%2Ftask%2F12785%2Fnet HTTP/2.0" 200 2577 "https://www.shakcoin.com.lab2454.com/whsy.php?p=%2Fproc%2F11146%2Ftask%2F12785%2Fnet" "Mozilla/5.0 AppleWebKit/537.36 (KHTML, like Gecko; compatible; GPTBot/1.3; +https://openai.com/gptbot)"
65.108.78.33 - - [01/Mar/2026:14:42:29 +0000] "GET /whsy.php?e=error_log&p=/home/lab2454c/cbmegroup.com HTTP/1.1" 200 27791 "-" "Mozilla/5.0 (compatible; MJ12bot/v1.4.8; http://mj12bot.com/)"
65.108.78.33 - - [01/Mar/2026:14:42:31 +0000] "GET /whsy.php?e=error_log&p=/home/lab2454c/cbmindex.com HTTP/1.1" 200 21088 "-" "Mozilla/5.0 (compatible; MJ12bot/v1.4.8; http://mj12bot.com/)"
65.108.78.33 - - [01/Mar/2026:14:42:33 +0000] "GET /whsy.php?e=error_log&p=/home/lab2454c/cfbinternational.com HTTP/1.1" 200 27665 "-" "Mozilla/5.0 (compatible; MJ12bot/v1.4.8; http://mj12bot.com/)"
74.7.243.216 - - [01/Mar/2026:14:42:33 +0000] "GET /whsy.php?e=.htaccess&p=%2Fhome%2Flab2454c%2Farchswipe.com%2Fwp-content%2Fplugins%2Fcontact-form-7%2Fassets HTTP/2.0" 200 959 "https://shakcoin.com/whsy.php?p=%2Fhome%2Flab2454c%2Farchswipe.com%2Fwp-content%2Fplugins%2Fcontact-form-7%2Fassets" "Mozilla/5.0 AppleWebKit/537.36 (KHTML, like Gecko; compatible; GPTBot/1.3; +https://openai.com/gptbot)"
65.108.78.33 - - [01/Mar/2026:14:42:34 +0000] "GET /whsy.php?e=error_log&p=/home/lab2454c/christianitybank.com HTTP/1.1" 200 579817 "-" "Mozilla/5.0 (compatible; MJ12bot/v1.4.8; http://mj12bot.com/)"
65.108.78.33 - - [01/Mar/2026:14:42:38 +0000] "GET /whsy.php?e=error_log&p=/home/lab2454c/christianitybank.org HTTP/1.1" 200 26795 "-" "Mozilla/5.0 (compatible; MJ12bot/v1.4.8; http://mj12bot.com/)"
65.108.78.33 - - [01/Mar/2026:14:42:40 +0000] "GET /whsy.php?e=error_log&p=/home/lab2454c/climatecontinental.com HTTP/1.1" 200 20284 "-" "Mozilla/5.0 (compatible; MJ12bot/v1.4.8; http://mj12bot.com/)"
65.108.78.33 - - [01/Mar/2026:14:42:42 +0000] "GET /whsy.php?e=error_log&p=/home/lab2454c/costinbulk.com HTTP/1.1" 200 10335 "-" "Mozilla/5.0 (compatible; MJ12bot/v1.4.8; http://mj12bot.com/)"
74.7.243.216 - - [01/Mar/2026:14:42:43 +0000] "GET /whsy.php?e=calc.css&p=%2Fhome%2Flab2454c%2Fhealthvalidate.com%2Fvendor%2Fsabberworm%2Fphp-css-parser%2Ftests%2Ffiles HTTP/2.0" 200 2228 "https://shakcoin.com/whsy.php?p=%2Fhome%2Flab2454c%2Fhealthvalidate.com%2Fvendor%2Fsabberworm%2Fphp-css-parser%2Ftests%2Ffiles" "Mozilla/5.0 AppleWebKit/537.36 (KHTML, like Gecko; compatible; GPTBot/1.3; +https://openai.com/gptbot)"
65.108.78.33 - - [01/Mar/2026:14:42:44 +0000] "GET /whsy.php?e=error_log&p=/home/lab2454c/crypthorize.org HTTP/1.1" 200 18204 "-" "Mozilla/5.0 (compatible; MJ12bot/v1.4.8; http://mj12bot.com/)"
65.108.78.33 - - [01/Mar/2026:14:42:46 +0000] "GET /whsy.php?e=error_log&p=/home/lab2454c/crypto.keyreum.com HTTP/1.1" 200 111322 "-" "Mozilla/5.0 (compatible; MJ12bot/v1.4.8; http://mj12bot.com/)"
65.108.78.33 - - [01/Mar/2026:14:42:48 +0000] "GET /whsy.php?e=error_log&p=/home/lab2454c/elementstal.com HTTP/1.1" 200 33447 "-" "Mozilla/5.0 (compatible; MJ12bot/v1.4.8; http://mj12bot.com/)"
65.108.78.33 - - [01/Mar/2026:14:42:50 +0000] "GET /whsy.php?e=error_log&p=/home/lab2454c/equitablebarter.com HTTP/1.1" 200 42953 "-" "Mozilla/5.0 (compatible; MJ12bot/v1.4.8; http://mj12bot.com/)"
65.108.78.33 - - [01/Mar/2026:14:42:52 +0000] "GET /whsy.php?e=error_log&p=/home/lab2454c/equitablegold.com HTTP/1.1" 200 44391 "-" "Mozilla/5.0 (compatible; MJ12bot/v1.4.8; http://mj12bot.com/)"
65.108.78.33 - - [01/Mar/2026:14:42:54 +0000] "GET /whsy.php?e=error_log&p=/home/lab2454c/erbarter.com HTTP/1.1" 200 23157 "-" "Mozilla/5.0 (compatible; MJ12bot/v1.4.8; http://mj12bot.com/)"
65.108.78.33 - - [01/Mar/2026:14:42:56 +0000] "GET /whsy.php?e=error_log&p=/home/lab2454c/futurescarbonexchange.com HTTP/1.1" 200 19598 "-" "Mozilla/5.0 (compatible; MJ12bot/v1.4.8; http://mj12bot.com/)"
74.7.243.216 - - [01/Mar/2026:14:42:57 +0000] "GET /whsy.php?e=namespaces.css&p=%2Fhome%2Flab2454c%2Fcrypto.keyreum.com%2Fvendor%2Fsabberworm%2Fphp-css-parser%2Ftests%2Ffiles HTTP/2.0" 200 2321 "https://shakcoin.com/whsy.php?p=%2Fhome%2Flab2454c%2Fcrypto.keyreum.com%2Fvendor%2Fsabberworm%2Fphp-css-parser%2Ftests%2Ffiles" "Mozilla/5.0 AppleWebKit/537.36 (KHTML, like Gecko; compatible; GPTBot/1.3; +https://openai.com/gptbot)"
65.108.78.33 - - [01/Mar/2026:14:42:58 +0000] "GET /whsy.php?e=error_log&p=/home/lab2454c/gemcommodity.com HTTP/1.1" 200 22935 "-" "Mozilla/5.0 (compatible; MJ12bot/v1.4.8; http://mj12bot.com/)"
65.108.78.33 - - [01/Mar/2026:14:43:00 +0000] "GET /whsy.php?e=error_log&p=/home/lab2454c/gemspotmarket.com HTTP/1.1" 200 22345 "-" "Mozilla/5.0 (compatible; MJ12bot/v1.4.8; http://mj12bot.com/)"
65.108.78.33 - - [01/Mar/2026:14:43:02 +0000] "GET /whsy.php?e=error_log&p=/home/lab2454c/gemstockmarket.com HTTP/1.1" 200 19285 "-" "Mozilla/5.0 (compatible; MJ12bot/v1.4.8; http://mj12bot.com/)"
65.108.78.33 - - [01/Mar/2026:14:43:04 +0000] "GET /whsy.php?e=error_log&p=/home/lab2454c/greencreditexchange.com HTTP/1.1" 200 19747 "-" "Mozilla/5.0 (compatible; MJ12bot/v1.4.8; http://mj12bot.com/)"
65.108.78.33 - - [01/Mar/2026:14:43:05 +0000] "GET /whsy.php?e=error_log&p=/home/lab2454c/icuamap.com HTTP/1.1" 200 124144 "-" "Mozilla/5.0 (compatible; MJ12bot/v1.4.8; http://mj12bot.com/)"
65.108.78.33 - - [01/Mar/2026:14:43:08 +0000] "GET /whsy.php?e=error_log&p=/home/lab2454c/igsin.com HTTP/1.1" 200 25192 "-" "Mozilla/5.0 (compatible; MJ12bot/v1.4.8; http://mj12bot.com/)"
74.7.227.140 - - [01/Mar/2026:14:42:39 +0000] "GET /whsy.php?p=%2Fproc%2F11146%2Ftask%2F12774%2Fns HTTP/2.0" 200 674530 "https://www.shakcoin.com.lab2454.com/whsy.php?p=%2Fproc%2F11146%2Ftask%2F12774" "Mozilla/5.0 AppleWebKit/537.36 (KHTML, like Gecko; compatible; GPTBot/1.3; +https://openai.com/gptbot)"
65.108.78.33 - - [01/Mar/2026:14:43:10 +0000] "GET /whsy.php?e=error_log&p=/home/lab2454c/igstin.com HTTP/1.1" 200 118616 "-" "Mozilla/5.0 (compatible; MJ12bot/v1.4.8; http://mj12bot.com/)"
74.7.243.216 - - [01/Mar/2026:14:43:11 +0000] "GET /whsy.php?e=calc-nested.css&p=%2Fhome%2Flab2454c%2Fhealthvalidate.com%2Fvendor%2Fsabberworm%2Fphp-css-parser%2Ftests%2Ffiles HTTP/2.0" 200 2177 "https://shakcoin.com/whsy.php?p=%2Fhome%2Flab2454c%2Fhealthvalidate.com%2Fvendor%2Fsabberworm%2Fphp-css-parser%2Ftests%2Ffiles" "Mozilla/5.0 AppleWebKit/537.36 (KHTML, like Gecko; compatible; GPTBot/1.3; +https://openai.com/gptbot)"
65.108.78.33 - - [01/Mar/2026:14:43:12 +0000] "GET /whsy.php?e=error_log&p=/home/lab2454c/igstin.org HTTP/1.1" 200 21748 "-" "Mozilla/5.0 (compatible; MJ12bot/v1.4.8; http://mj12bot.com/)"
65.108.78.33 - - [01/Mar/2026:14:43:14 +0000] "GET /whsy.php?e=error_log&p=/home/lab2454c/internationalcarbonregistry.com HTTP/1.1" 200 25406 "-" "Mozilla/5.0 (compatible; MJ12bot/v1.4.8; http://mj12bot.com/)"
65.108.78.33 - - [01/Mar/2026:14:43:16 +0000] "GET /whsy.php?e=error_log&p=/home/lab2454c/internationalminersbank.com HTTP/1.1" 200 121438 "-" "Mozilla/5.0 (compatible; MJ12bot/v1.4.8; http://mj12bot.com/)"
65.108.78.33 - - [01/Mar/2026:14:43:19 +0000] "GET /whsy.php?e=error_log&p=/home/lab2454c/invest.credityork.com HTTP/1.1" 200 28545 "-" "Mozilla/5.0 (compatible; MJ12bot/v1.4.8; http://mj12bot.com/)"
65.108.78.33 - - [01/Mar/2026:14:43:21 +0000] "GET /whsy.php?e=error_log&p=/home/lab2454c/invest.equitablebarter.com HTTP/1.1" 200 60768 "-" "Mozilla/5.0 (compatible; MJ12bot/v1.4.8; http://mj12bot.com/)"
65.108.78.33 - - [01/Mar/2026:14:43:23 +0000] "GET /whsy.php?e=error_log&p=/home/lab2454c/invest.westernclear.com HTTP/1.1" 200 420927 "-" "Mozilla/5.0 (compatible; MJ12bot/v1.4.8; http://mj12bot.com/)"
74.7.243.216 - - [01/Mar/2026:14:43:26 +0000] "GET /whsy.php?e=ie.css&p=%2Fhome%2Flab2454c%2Fhealthvalidate.com%2Fvendor%2Fsabberworm%2Fphp-css-parser%2Ftests%2Ffiles HTTP/2.0" 200 2212 "https://shakcoin.com/whsy.php?p=%2Fhome%2Flab2454c%2Fhealthvalidate.com%2Fvendor%2Fsabberworm%2Fphp-css-parser%2Ftests%2Ffiles" "Mozilla/5.0 AppleWebKit/537.36 (KHTML, like Gecko; compatible; GPTBot/1.3; +https://openai.com/gptbot)"
65.108.78.33 - - [01/Mar/2026:14:43:26 +0000] "GET /whsy.php?e=error_log&p=/home/lab2454c/invest.westernclear.com/wp-admin HTTP/1.1" 200 32999 "-" "Mozilla/5.0 (compatible; MJ12bot/v1.4.8; http://mj12bot.com/)"
65.108.78.33 - - [01/Mar/2026:14:43:28 +0000] "GET /whsy.php?e=error_log&p=/home/lab2454c/keebchat.com HTTP/1.1" 200 32867 "-" "Mozilla/5.0 (compatible; MJ12bot/v1.4.8; http://mj12bot.com/)"
65.108.78.33 - - [01/Mar/2026:14:43:30 +0000] "GET /whsy.php?e=error_log&p=/home/lab2454c/keyreum.net HTTP/1.1" 200 20300 "-" "Mozilla/5.0 (compatible; MJ12bot/v1.4.8; http://mj12bot.com/)"
65.108.78.33 - - [01/Mar/2026:14:43:31 +0000] "GET /whsy.php?e=error_log&p=/home/lab2454c/keyreum.org HTTP/1.1" 200 19982 "-" "Mozilla/5.0 (compatible; MJ12bot/v1.4.8; http://mj12bot.com/)"
65.108.78.33 - - [01/Mar/2026:14:43:33 +0000] "GET /whsy.php?e=error_log&p=/home/lab2454c/kyotounitexchange.com HTTP/1.1" 200 25793 "-" "Mozilla/5.0 (compatible; MJ12bot/v1.4.8; http://mj12bot.com/)"
65.108.78.33 - - [01/Mar/2026:14:43:35 +0000] "GET /whsy.php?e=error_log&p=/home/lab2454c/kyotounitnote.com HTTP/1.1" 200 23936 "-" "Mozilla/5.0 (compatible; MJ12bot/v1.4.8; http://mj12bot.com/)"
65.108.78.33 - - [01/Mar/2026:14:43:37 +0000] "GET /whsy.php?e=error_log&p=/home/lab2454c/kyotounitnotes.com HTTP/1.1" 200 23830 "-" "Mozilla/5.0 (compatible; MJ12bot/v1.4.8; http://mj12bot.com/)"
65.108.78.33 - - [01/Mar/2026:14:43:39 +0000] "GET /whsy.php?e=error_log&p=/home/lab2454c/kyotounits.com HTTP/1.1" 200 24581 "-" "Mozilla/5.0 (compatible; MJ12bot/v1.4.8; http://mj12bot.com/)"
65.108.78.33 - - [01/Mar/2026:14:43:41 +0000] "GET /whsy.php?e=error_log&p=/home/lab2454c/lmma.org HTTP/1.1" 200 151912 "-" "Mozilla/5.0 (compatible; MJ12bot/v1.4.8; http://mj12bot.com/)"
65.108.78.33 - - [01/Mar/2026:14:43:43 +0000] "GET /whsy.php?e=error_log&p=/home/lab2454c/minersandcommoditytraders.com HTTP/1.1" 200 18765 "-" "Mozilla/5.0 (compatible; MJ12bot/v1.4.8; http://mj12bot.com/)"
74.7.243.216 - - [01/Mar/2026:14:43:46 +0000] "GET /whsy.php?e=nested.css&p=%2Fhome%2Flab2454c%2Fhealthvalidate.com%2Fvendor%2Fsabberworm%2Fphp-css-parser%2Ftests%2Ffiles HTTP/2.0" 200 2200 "https://shakcoin.com/whsy.php?p=%2Fhome%2Flab2454c%2Fhealthvalidate.com%2Fvendor%2Fsabberworm%2Fphp-css-parser%2Ftests%2Ffiles" "Mozilla/5.0 AppleWebKit/537.36 (KHTML, like Gecko; compatible; GPTBot/1.3; +https://openai.com/gptbot)"
65.108.78.33 - - [01/Mar/2026:14:43:45 +0000] "GET /whsy.php?e=error_log&p=/home/lab2454c/nationalclimatechangeregistry.com HTTP/1.1" 200 131937 "-" "Mozilla/5.0 (compatible; MJ12bot/v1.4.8; http://mj12bot.com/)"
65.108.78.33 - - [01/Mar/2026:14:43:48 +0000] "GET /whsy.php?e=error_log&p=/home/lab2454c/nfsin.org HTTP/1.1" 200 24293 "-" "Mozilla/5.0 (compatible; MJ12bot/v1.4.8; http://mj12bot.com/)"
65.108.78.33 - - [01/Mar/2026:14:43:49 +0000] "GET /whsy.php?e=error_log&p=/home/lab2454c/nioch.com HTTP/1.1" 200 85098 "-" "Mozilla/5.0 (compatible; MJ12bot/v1.4.8; http://mj12bot.com/)"
65.108.78.33 - - [01/Mar/2026:14:43:51 +0000] "GET /whsy.php?e=error_log&p=/home/lab2454c/omvplay.com HTTP/1.1" 200 120987 "-" "Mozilla/5.0 (compatible; MJ12bot/v1.4.8; http://mj12bot.com/)"
74.7.227.140 - - [01/Mar/2026:14:43:22 +0000] "GET /whsy.php?p=%2Fproc%2F11146%2Ftask%2F10926%2Fns HTTP/2.0" 200 640020 "https://www.shakcoin.com.lab2454.com/whsy.php?p=%2Fproc%2F11146%2Ftask%2F10926" "Mozilla/5.0 AppleWebKit/537.36 (KHTML, like Gecko; compatible; GPTBot/1.3; +https://openai.com/gptbot)"
74.7.244.10 - - [01/Mar/2026:14:43:52 +0000] "GET /robots.txt HTTP/2.0" 404 - "-" "Mozilla/5.0 (Macintosh; Intel Mac OS X 10_15_7) AppleWebKit/537.36 (KHTML, like Gecko) Chrome/131.0.0.0 Safari/537.36; compatible; OAI-SearchBot/1.3; robots.txt; +https://openai.com/searchbot"
65.108.78.33 - - [01/Mar/2026:14:43:54 +0000] "GET /whsy.php?e=error_log&p=/home/lab2454c/omvse.com HTTP/1.1" 200 121324 "-" "Mozilla/5.0 (compatible; MJ12bot/v1.4.8; http://mj12bot.com/)"
74.7.243.216 - - [01/Mar/2026:14:43:56 +0000] "GET /whsy.php?e=slashed.css&p=%2Fhome%2Flab2454c%2Fhealthvalidate.com%2Fvendor%2Fsabberworm%2Fphp-css-parser%2Ftests%2Ffiles HTTP/2.0" 200 2195 "https://shakcoin.com/whsy.php?p=%2Fhome%2Flab2454c%2Fhealthvalidate.com%2Fvendor%2Fsabberworm%2Fphp-css-parser%2Ftests%2Ffiles" "Mozilla/5.0 AppleWebKit/537.36 (KHTML, like Gecko; compatible; GPTBot/1.3; +https://openai.com/gptbot)"
65.108.78.33 - - [01/Mar/2026:14:43:56 +0000] "GET /whsy.php?e=error_log&p=/home/lab2454c/omvstudioentertainment.com HTTP/1.1" 200 122575 "-" "Mozilla/5.0 (compatible; MJ12bot/v1.4.8; http://mj12bot.com/)"
65.108.78.33 - - [01/Mar/2026:14:43:58 +0000] "GET /whsy.php?e=error_log&p=/home/lab2454c/omvstudios.com HTTP/1.1" 200 195427 "-" "Mozilla/5.0 (compatible; MJ12bot/v1.4.8; http://mj12bot.com/)"
65.108.78.33 - - [01/Mar/2026:14:44:00 +0000] "GET /whsy.php?e=error_log&p=/home/lab2454c/onemediaverse.com HTTP/1.1" 200 111710 "-" "Mozilla/5.0 (compatible; MJ12bot/v1.4.8; http://mj12bot.com/)"
65.108.78.33 - - [01/Mar/2026:14:44:03 +0000] "GET /whsy.php?e=error_log&p=/home/lab2454c/originalmediaverse.com HTTP/1.1" 200 112765 "-" "Mozilla/5.0 (compatible; MJ12bot/v1.4.8; http://mj12bot.com/)"
65.108.78.33 - - [01/Mar/2026:14:44:05 +0000] "GET /whsy.php?e=error_log&p=/home/lab2454c/shakalar.com HTTP/1.1" 200 121517 "-" "Mozilla/5.0 (compatible; MJ12bot/v1.4.8; http://mj12bot.com/)"
65.108.78.33 - - [01/Mar/2026:14:44:09 +0000] "GET /whsy.php?e=error_log&p=/home/lab2454c/shakcoin.com HTTP/1.1" 200 52628 "-" "Mozilla/5.0 (compatible; MJ12bot/v1.4.8; http://mj12bot.com/)"
65.108.78.33 - - [01/Mar/2026:14:44:11 +0000] "GET /whsy.php?e=error_log&p=/home/lab2454c/shaksettle.com HTTP/1.1" 200 59377 "-" "Mozilla/5.0 (compatible; MJ12bot/v1.4.8; http://mj12bot.com/)"
65.108.78.33 - - [01/Mar/2026:14:44:14 +0000] "GET /whsy.php?e=error_log&p=/home/lab2454c/softkinesis.com HTTP/1.1" 200 30658 "-" "Mozilla/5.0 (compatible; MJ12bot/v1.4.8; http://mj12bot.com/)"
65.108.78.33 - - [01/Mar/2026:14:44:16 +0000] "GET /whsy.php?e=error_log&p=/home/lab2454c/sportsnovate.com HTTP/1.1" 200 22206 "-" "Mozilla/5.0 (compatible; MJ12bot/v1.4.8; http://mj12bot.com/)"
65.108.78.33 - - [01/Mar/2026:14:44:18 +0000] "GET /whsy.php?e=error_log&p=/home/lab2454c/vaultchip.com HTTP/1.1" 200 29581 "-" "Mozilla/5.0 (compatible; MJ12bot/v1.4.8; http://mj12bot.com/)"
65.108.78.33 - - [01/Mar/2026:14:44:20 +0000] "GET /whsy.php?e=error_log&p=/home/lab2454c/worldcarboncapture.com HTTP/1.1" 200 20212 "-" "Mozilla/5.0 (compatible; MJ12bot/v1.4.8; http://mj12bot.com/)"
65.108.78.33 - - [01/Mar/2026:14:44:21 +0000] "GET /whsy.php?e=error_log&p=/home/lab2454c/worldcarboncapture.org HTTP/1.1" 200 20758 "-" "Mozilla/5.0 (compatible; MJ12bot/v1.4.8; http://mj12bot.com/)"
74.7.243.216 - - [01/Mar/2026:14:44:23 +0000] "GET /whsy.php?e=colortest.css&p=%2Fhome%2Flab2454c%2Fcrypto.keyreum.com%2Fvendor%2Fsabberworm%2Fphp-css-parser%2Ftests%2Ffiles HTTP/2.0" 200 2233 "https://shakcoin.com/whsy.php?p=%2Fhome%2Flab2454c%2Fcrypto.keyreum.com%2Fvendor%2Fsabberworm%2Fphp-css-parser%2Ftests%2Ffiles" "Mozilla/5.0 AppleWebKit/537.36 (KHTML, like Gecko; compatible; GPTBot/1.3; +https://openai.com/gptbot)"
65.108.78.33 - - [01/Mar/2026:14:44:23 +0000] "GET /whsy.php?e=lab2454c_veritserv_net.sql&p=/home/lab2454c/veritserv.net HTTP/1.1" 200 1160921 "-" "Mozilla/5.0 (compatible; MJ12bot/v1.4.8; http://mj12bot.com/)"
65.108.78.33 - - [01/Mar/2026:14:44:26 +0000] "GET /whsy.php?e=malware_scan_07-11.txt&p=/home/lab2454c HTTP/1.1" 200 182171 "-" "Mozilla/5.0 (compatible; MJ12bot/v1.4.8; http://mj12bot.com/)"
65.108.78.33 - - [01/Mar/2026:14:44:28 +0000] "GET /whsy.php?e=package-lock.json&p=/home/lab2454c/costbloc.com HTTP/1.1" 200 176306 "-" "Mozilla/5.0 (compatible; MJ12bot/v1.4.8; http://mj12bot.com/)"
65.108.78.33 - - [01/Mar/2026:14:44:30 +0000] "GET /whsy.php?p=/home/lab2454c/crypto.keyreum.com/app/Providers/.. HTTP/1.1" 200 817 "-" "Mozilla/5.0 (compatible; MJ12bot/v1.4.8; http://mj12bot.com/)"
65.108.78.33 - - [01/Mar/2026:14:44:32 +0000] "GET /whsy.php?p=/home/lab2454c/crypto.keyreum.com/database/factories/.. HTTP/1.1" 200 830 "-" "Mozilla/5.0 (compatible; MJ12bot/v1.4.8; http://mj12bot.com/)"
74.7.227.140 - - [01/Mar/2026:14:44:04 +0000] "GET /whsy.php?p=%2Fproc%2F11146%2Ftask%2F10925%2Fns HTTP/2.0" 200 598031 "https://www.shakcoin.com.lab2454.com/whsy.php?p=%2Fproc%2F11146%2Ftask%2F10925" "Mozilla/5.0 AppleWebKit/537.36 (KHTML, like Gecko; compatible; GPTBot/1.3; +https://openai.com/gptbot)"
74.7.243.216 - - [01/Mar/2026:14:44:34 +0000] "GET /whsy.php?e=acf-input.min.js&p=%2Fhome%2Flab2454c%2Farchswipe.com%2Fwp-content%2Fplugins%2Fadvanced-custom-fields-pro-master%2Fassets%2Fjs HTTP/2.0" 200 29070 "https://shakcoin.com/whsy.php?p=%2Fhome%2Flab2454c%2Farchswipe.com%2Fwp-content%2Fplugins%2Fadvanced-custom-fields-pro-master%2Fassets%2Fjs" "Mozilla/5.0 AppleWebKit/537.36 (KHTML, like Gecko; compatible; GPTBot/1.3; +https://openai.com/gptbot)"
65.108.78.33 - - [01/Mar/2026:14:44:34 +0000] "GET /whsy.php?p=/home/lab2454c/crypto.keyreum.com/database/migrations/.. HTTP/1.1" 200 830 "-" "Mozilla/5.0 (compatible; MJ12bot/v1.4.8; http://mj12bot.com/)"
65.108.78.33 - - [01/Mar/2026:14:44:36 +0000] "GET /whsy.php?p=/home/lab2454c/crypto.keyreum.com/platform/core/.. HTTP/1.1" 200 806 "-" "Mozilla/5.0 (compatible; MJ12bot/v1.4.8; http://mj12bot.com/)"
65.108.78.33 - - [01/Mar/2026:14:44:37 +0000] "GET /whsy.php?p=/home/lab2454c/crypto.keyreum.com/platform/core/acl HTTP/1.1" 200 780 "-" "Mozilla/5.0 (compatible; MJ12bot/v1.4.8; http://mj12bot.com/)"
65.108.78.33 - - [01/Mar/2026:14:44:39 +0000] "GET /whsy.php?p=/home/lab2454c/crypto.keyreum.com/platform/core/base HTTP/1.1" 200 779 "-" "Mozilla/5.0 (compatible; MJ12bot/v1.4.8; http://mj12bot.com/)"
65.108.78.33 - - [01/Mar/2026:14:44:41 +0000] "GET /whsy.php?p=/home/lab2454c/crypto.keyreum.com/platform/core/chart HTTP/1.1" 200 551 "-" "Mozilla/5.0 (compatible; MJ12bot/v1.4.8; http://mj12bot.com/)"
74.7.243.216 - - [01/Mar/2026:14:44:42 +0000] "GET /whsy.php?e=ui-bg_flat_10_000000_40x100.png&p=%2Fhome%2Flab2454c%2Fveritserv.net%2Fwp-content%2Fplugins%2Fcoming-soon-page%2Fimages HTTP/2.0" 200 1920 "https://shakcoin.com/whsy.php?p=%2Fhome%2Flab2454c%2Fveritserv.net%2Fwp-content%2Fplugins%2Fcoming-soon-page%2Fimages" "Mozilla/5.0 AppleWebKit/537.36 (KHTML, like Gecko; compatible; GPTBot/1.3; +https://openai.com/gptbot)"
65.108.78.33 - - [01/Mar/2026:14:44:43 +0000] "GET /whsy.php?p=/home/lab2454c/crypto.keyreum.com/platform/core/dashboard HTTP/1.1" 200 778 "-" "Mozilla/5.0 (compatible; MJ12bot/v1.4.8; http://mj12bot.com/)"
65.108.78.33 - - [01/Mar/2026:14:44:45 +0000] "GET /whsy.php?p=/home/lab2454c/crypto.keyreum.com/platform/core/js-validation HTTP/1.1" 200 760 "-" "Mozilla/5.0 (compatible; MJ12bot/v1.4.8; http://mj12bot.com/)"
65.108.78.33 - - [01/Mar/2026:14:44:47 +0000] "GET /whsy.php?p=/home/lab2454c/crypto.keyreum.com/platform/core/media HTTP/1.1" 200 781 "-" "Mozilla/5.0 (compatible; MJ12bot/v1.4.8; http://mj12bot.com/)"
65.108.78.33 - - [01/Mar/2026:14:44:48 +0000] "GET /whsy.php?p=/home/lab2454c/crypto.keyreum.com/platform/core/setting HTTP/1.1" 200 784 "-" "Mozilla/5.0 (compatible; MJ12bot/v1.4.8; http://mj12bot.com/)"
65.108.78.33 - - [01/Mar/2026:14:44:50 +0000] "GET /whsy.php?p=/home/lab2454c/crypto.keyreum.com/platform/core/support HTTP/1.1" 200 552 "-" "Mozilla/5.0 (compatible; MJ12bot/v1.4.8; http://mj12bot.com/)"
65.108.78.33 - - [01/Mar/2026:14:44:52 +0000] "GET /whsy.php?p=/home/lab2454c/crypto.keyreum.com/platform/core/table HTTP/1.1" 200 761 "-" "Mozilla/5.0 (compatible; MJ12bot/v1.4.8; http://mj12bot.com/)"
65.108.78.33 - - [01/Mar/2026:14:44:54 +0000] "GET /whsy.php?p=/home/lab2454c/crypto.keyreum.com/platform/packages/.. HTTP/1.1" 200 806 "-" "Mozilla/5.0 (compatible; MJ12bot/v1.4.8; http://mj12bot.com/)"
74.7.243.216 - - [01/Mar/2026:14:44:55 +0000] "GET /whsy.php?e=edit-form-blocks.php&p=%2Fhome%2Flab2454c%2Fmact34.com%2Fwp-admin HTTP/2.0" 200 7736 "https://shakcoin.com/whsy.php?p=%2Fhome%2Flab2454c%2Fmact34.com%2Fwp-admin" "Mozilla/5.0 AppleWebKit/537.36 (KHTML, like Gecko; compatible; GPTBot/1.3; +https://openai.com/gptbot)"
65.108.78.33 - - [01/Mar/2026:14:44:56 +0000] "GET /whsy.php?p=/home/lab2454c/crypto.keyreum.com/platform/packages/menu HTTP/1.1" 200 823 "-" "Mozilla/5.0 (compatible; MJ12bot/v1.4.8; http://mj12bot.com/)"
65.108.78.33 - - [01/Mar/2026:14:44:57 +0000] "GET /whsy.php?p=/home/lab2454c/crypto.keyreum.com/platform/packages/page HTTP/1.1" 200 768 "-" "Mozilla/5.0 (compatible; MJ12bot/v1.4.8; http://mj12bot.com/)"
65.108.78.33 - - [01/Mar/2026:14:44:59 +0000] "GET /whsy.php?p=/home/lab2454c/crypto.keyreum.com/platform/packages/plugin-management HTTP/1.1" 200 821 "-" "Mozilla/5.0 (compatible; MJ12bot/v1.4.8; http://mj12bot.com/)"
65.108.78.33 - - [01/Mar/2026:14:45:01 +0000] "GET /whsy.php?p=/home/lab2454c/crypto.keyreum.com/platform/packages/revision HTTP/1.1" 200 809 "-" "Mozilla/5.0 (compatible; MJ12bot/v1.4.8; http://mj12bot.com/)"
65.108.78.33 - - [01/Mar/2026:14:45:03 +0000] "GET /whsy.php?p=/home/lab2454c/crypto.keyreum.com/platform/packages/seo-helper HTTP/1.1" 200 806 "-" "Mozilla/5.0 (compatible; MJ12bot/v1.4.8; http://mj12bot.com/)"
65.108.78.33 - - [01/Mar/2026:14:45:05 +0000] "GET /whsy.php?p=/home/lab2454c/crypto.keyreum.com/platform/packages/shortcode HTTP/1.1" 200 744 "-" "Mozilla/5.0 (compatible; MJ12bot/v1.4.8; http://mj12bot.com/)"
65.108.78.33 - - [01/Mar/2026:14:45:07 +0000] "GET /whsy.php?p=/home/lab2454c/crypto.keyreum.com/platform/packages/sitemap HTTP/1.1" 200 754 "-" "Mozilla/5.0 (compatible; MJ12bot/v1.4.8; http://mj12bot.com/)"
65.108.78.33 - - [01/Mar/2026:14:45:08 +0000] "GET /whsy.php?p=/home/lab2454c/crypto.keyreum.com/platform/packages/slug HTTP/1.1" 200 822 "-" "Mozilla/5.0 (compatible; MJ12bot/v1.4.8; http://mj12bot.com/)"
65.108.78.33 - - [01/Mar/2026:14:45:10 +0000] "GET /whsy.php?p=/home/lab2454c/crypto.keyreum.com/platform/packages/theme HTTP/1.1" 200 811 "-" "Mozilla/5.0 (compatible; MJ12bot/v1.4.8; http://mj12bot.com/)"
74.7.243.216 - - [01/Mar/2026:14:45:11 +0000] "GET /whsy.php?e=TocEntry.php&p=%2Fhome%2Flab2454c%2Fcostbloc.com%2Fvendor%2Fmpdf%2Fmpdf%2Fsrc%2FTag HTTP/2.0" 200 3998 "https://shakcoin.com/whsy.php?p=%2Fhome%2Flab2454c%2Fcostbloc.com%2Fvendor%2Fmpdf%2Fmpdf%2Fsrc%2FTag" "Mozilla/5.0 AppleWebKit/537.36 (KHTML, like Gecko; compatible; GPTBot/1.3; +https://openai.com/gptbot)"
65.108.78.33 - - [01/Mar/2026:14:45:12 +0000] "GET /whsy.php?p=/home/lab2454c/crypto.keyreum.com/platform/packages/widget HTTP/1.1" 200 825 "-" "Mozilla/5.0 (compatible; MJ12bot/v1.4.8; http://mj12bot.com/)"
65.108.78.33 - - [01/Mar/2026:14:45:14 +0000] "GET /whsy.php?p=/home/lab2454c/crypto.keyreum.com/platform/plugins/.. HTTP/1.1" 200 806 "-" "Mozilla/5.0 (compatible; MJ12bot/v1.4.8; http://mj12bot.com/)"
65.108.78.33 - - [01/Mar/2026:14:45:16 +0000] "GET /whsy.php?p=/home/lab2454c/crypto.keyreum.com/platform/plugins/ads HTTP/1.1" 200 811 "-" "Mozilla/5.0 (compatible; MJ12bot/v1.4.8; http://mj12bot.com/)"
65.108.78.33 - - [01/Mar/2026:14:45:18 +0000] "GET /whsy.php?p=/home/lab2454c/crypto.keyreum.com/platform/plugins/analytics HTTP/1.1" 200 876 "-" "Mozilla/5.0 (compatible; MJ12bot/v1.4.8; http://mj12bot.com/)"
65.108.78.33 - - [01/Mar/2026:14:45:20 +0000] "GET /whsy.php?p=/home/lab2454c/crypto.keyreum.com/platform/plugins/audit-log HTTP/1.1" 200 864 "-" "Mozilla/5.0 (compatible; MJ12bot/v1.4.8; http://mj12bot.com/)"
65.108.78.33 - - [01/Mar/2026:14:45:22 +0000] "GET /whsy.php?p=/home/lab2454c/crypto.keyreum.com/platform/plugins/backup HTTP/1.1" 200 849 "-" "Mozilla/5.0 (compatible; MJ12bot/v1.4.8; http://mj12bot.com/)"
74.7.243.216 - - [01/Mar/2026:14:45:22 +0000] "GET /whsy.php?e=Progress.php&p=%2Fhome%2Flab2454c%2Fcostbloc.com%2Fvendor%2Fmpdf%2Fmpdf%2Fsrc%2FTag HTTP/2.0" 200 4338 "https://shakcoin.com/whsy.php?p=%2Fhome%2Flab2454c%2Fcostbloc.com%2Fvendor%2Fmpdf%2Fmpdf%2Fsrc%2FTag" "Mozilla/5.0 AppleWebKit/537.36 (KHTML, like Gecko; compatible; GPTBot/1.3; +https://openai.com/gptbot)"
65.108.78.33 - - [01/Mar/2026:14:45:23 +0000] "GET /whsy.php?p=/home/lab2454c/crypto.keyreum.com/platform/plugins/blog HTTP/1.1" 200 857 "-" "Mozilla/5.0 (compatible; MJ12bot/v1.4.8; http://mj12bot.com/)"
65.108.78.33 - - [01/Mar/2026:14:45:25 +0000] "GET /whsy.php?p=/home/lab2454c/crypto.keyreum.com/platform/plugins/captcha HTTP/1.1" 200 814 "-" "Mozilla/5.0 (compatible; MJ12bot/v1.4.8; http://mj12bot.com/)"
65.108.78.33 - - [01/Mar/2026:14:45:27 +0000] "GET /whsy.php?p=/home/lab2454c/crypto.keyreum.com/platform/plugins/contact HTTP/1.1" 200 864 "-" "Mozilla/5.0 (compatible; MJ12bot/v1.4.8; http://mj12bot.com/)"
65.108.78.33 - - [01/Mar/2026:14:45:29 +0000] "GET /whsy.php?p=/home/lab2454c/crypto.keyreum.com/platform/plugins/cookie-consent HTTP/1.1" 200 838 "-" "Mozilla/5.0 (compatible; MJ12bot/v1.4.8; http://mj12bot.com/)"
65.108.78.33 - - [01/Mar/2026:14:45:31 +0000] "GET /whsy.php?p=/home/lab2454c/crypto.keyreum.com/platform/plugins/ecommerce HTTP/1.1" 200 906 "-" "Mozilla/5.0 (compatible; MJ12bot/v1.4.8; http://mj12bot.com/)"
74.7.243.216 - - [01/Mar/2026:14:45:32 +0000] "GET /whsy.php?e=middleware.stub&p=%2Fhome%2Flab2454c%2Fcostbloc.com%2Fvendor%2Fnwidart%2Flaravel-modules%2Fsrc%2FCommands%2Fstubs HTTP/2.0" 200 1963 "https://shakcoin.com/whsy.php?p=%2Fhome%2Flab2454c%2Fcostbloc.com%2Fvendor%2Fnwidart%2Flaravel-modules%2Fsrc%2FCommands%2Fstubs" "Mozilla/5.0 AppleWebKit/537.36 (KHTML, like Gecko; compatible; GPTBot/1.3; +https://openai.com/gptbot)"
65.108.78.33 - - [01/Mar/2026:14:45:33 +0000] "GET /whsy.php?p=/home/lab2454c/crypto.keyreum.com/platform/plugins/language HTTP/1.1" 200 870 "-" "Mozilla/5.0 (compatible; MJ12bot/v1.4.8; http://mj12bot.com/)"
65.108.78.33 - - [01/Mar/2026:14:45:34 +0000] "GET /whsy.php?p=/home/lab2454c/crypto.keyreum.com/platform/plugins/language-advanced HTTP/1.1" 200 812 "-" "Mozilla/5.0 (compatible; MJ12bot/v1.4.8; http://mj12bot.com/)"
65.108.78.33 - - [01/Mar/2026:14:45:36 +0000] "GET /whsy.php?p=/home/lab2454c/crypto.keyreum.com/platform/plugins/mollie HTTP/1.1" 200 834 "-" "Mozilla/5.0 (compatible; MJ12bot/v1.4.8; http://mj12bot.com/)"
74.7.227.140 - - [01/Mar/2026:14:45:07 +0000] "GET /whsy.php?p=%2Fproc%2F11146%2Ftask%2F12785%2Fns HTTP/2.0" 200 541591 "https://www.shakcoin.com.lab2454.com/whsy.php?p=%2Fproc%2F11146%2Ftask%2F12785" "Mozilla/5.0 AppleWebKit/537.36 (KHTML, like Gecko; compatible; GPTBot/1.3; +https://openai.com/gptbot)"
65.108.78.33 - - [01/Mar/2026:14:45:38 +0000] "GET /whsy.php?p=/home/lab2454c/crypto.keyreum.com/platform/plugins/newsletter HTTP/1.1" 200 848 "-" "Mozilla/5.0 (compatible; MJ12bot/v1.4.8; http://mj12bot.com/)"
65.108.78.33 - - [01/Mar/2026:14:45:40 +0000] "GET /whsy.php?p=/home/lab2454c/crypto.keyreum.com/platform/plugins/payment HTTP/1.1" 200 894 "-" "Mozilla/5.0 (compatible; MJ12bot/v1.4.8; http://mj12bot.com/)"
74.7.243.216 - - [01/Mar/2026:14:45:41 +0000] "GET /whsy.php?e=dashboard-widgets.js&p=%2Fhome%2Flab2454c%2Fcrypto.keyreum.com%2Fplatform%2Fplugins%2Fecommerce%2Fresources%2Fassets%2Fjs HTTP/2.0" 200 1679 "https://shakcoin.com/whsy.php?p=%2Fhome%2Flab2454c%2Fcrypto.keyreum.com%2Fplatform%2Fplugins%2Fecommerce%2Fresources%2Fassets%2Fjs" "Mozilla/5.0 AppleWebKit/537.36 (KHTML, like Gecko; compatible; GPTBot/1.3; +https://openai.com/gptbot)"
65.108.78.33 - - [01/Mar/2026:14:45:42 +0000] "GET /whsy.php?p=/home/lab2454c/crypto.keyreum.com/platform/plugins/paystack HTTP/1.1" 200 835 "-" "Mozilla/5.0 (compatible; MJ12bot/v1.4.8; http://mj12bot.com/)"
74.7.243.216 - - [01/Mar/2026:14:45:49 +0000] "GET /whsy.php?e=bootstrap3-typeahead.min.js&p=%2Fhome%2Flab2454c%2Fvaultchip.com%2Fvendor%2Fbotble%2Fplatform%2Fbase%2Fpublic%2Flibraries HTTP/2.0" 200 5196 "https://shakcoin.com/whsy.php?p=%2Fhome%2Flab2454c%2Fvaultchip.com%2Fvendor%2Fbotble%2Fplatform%2Fbase%2Fpublic%2Flibraries" "Mozilla/5.0 AppleWebKit/537.36 (KHTML, like Gecko; compatible; GPTBot/1.3; +https://openai.com/gptbot)"
74.7.243.216 - - [01/Mar/2026:14:45:57 +0000] "GET /whsy.php?e=yscountdown.min.js&p=%2Fhome%2Flab2454c%2Fsportsnovate.com%2Fbackups%2Fassets%2Ftemplates%2Fbasic%2Ffrontend%2Fjs HTTP/2.0" 200 1849 "https://shakcoin.com/whsy.php?p=%2Fhome%2Flab2454c%2Fsportsnovate.com%2Fbackups%2Fassets%2Ftemplates%2Fbasic%2Ffrontend%2Fjs" "Mozilla/5.0 AppleWebKit/537.36 (KHTML, like Gecko; compatible; GPTBot/1.3; +https://openai.com/gptbot)"
74.7.243.216 - - [01/Mar/2026:14:46:07 +0000] "GET /whsy.php?e=widgets.js&p=%2Fhome%2Flab2454c%2Fvaultchip.com%2Fvendor%2Fmaximebf%2Fdebugbar%2Fsrc%2FDebugBar%2FResources HTTP/2.0" 200 5592 "https://shakcoin.com/whsy.php?p=%2Fhome%2Flab2454c%2Fvaultchip.com%2Fvendor%2Fmaximebf%2Fdebugbar%2Fsrc%2FDebugBar%2FResources" "Mozilla/5.0 AppleWebKit/537.36 (KHTML, like Gecko; compatible; GPTBot/1.3; +https://openai.com/gptbot)"
74.7.243.216 - - [01/Mar/2026:14:46:23 +0000] "GET /whsy.php?e=scopes.stub&p=%2Fhome%2Flab2454c%2Fvaultchip.com%2Fvendor%2Fyajra%2Flaravel-datatables-buttons%2Fsrc%2FGenerators%2Fstubs HTTP/2.0" 200 1105 "https://shakcoin.com/whsy.php?p=%2Fhome%2Flab2454c%2Fvaultchip.com%2Fvendor%2Fyajra%2Flaravel-datatables-buttons%2Fsrc%2FGenerators%2Fstubs" "Mozilla/5.0 AppleWebKit/537.36 (KHTML, like Gecko; compatible; GPTBot/1.3; +https://openai.com/gptbot)"
74.7.227.140 - - [01/Mar/2026:14:46:02 +0000] "GET /whsy.php?p=%2Fproc%2F11146%2Ftask%2F12774%2Ffd HTTP/2.0" 200 450216 "https://www.shakcoin.com.lab2454.com/whsy.php?p=%2Fproc%2F11146%2Ftask%2F12774" "Mozilla/5.0 AppleWebKit/537.36 (KHTML, like Gecko; compatible; GPTBot/1.3; +https://openai.com/gptbot)"
74.7.243.216 - - [01/Mar/2026:14:46:34 +0000] "GET /whsy.php?e=accordion-plusminus.png&p=%2Fhome%2Flab2454c%2Fvaultchip.com%2Fvendor%2Fbotble%2Fplatform%2Fbase%2Fpublic%2Fimages HTTP/2.0" 200 2562 "https://shakcoin.com/whsy.php?p=%2Fhome%2Flab2454c%2Fvaultchip.com%2Fvendor%2Fbotble%2Fplatform%2Fbase%2Fpublic%2Fimages" "Mozilla/5.0 AppleWebKit/537.36 (KHTML, like Gecko; compatible; GPTBot/1.3; +https://openai.com/gptbot)"
74.7.175.188 - - [01/Mar/2026:14:46:35 +0000] "GET /robots.txt HTTP/2.0" 404 - "-" "Mozilla/5.0 (Macintosh; Intel Mac OS X 10_15_7) AppleWebKit/537.36 (KHTML, like Gecko) Chrome/131.0.0.0 Safari/537.36; compatible; OAI-SearchBot/1.3; robots.txt; +https://openai.com/searchbot"
