74.7.243.216 - - [01/Mar/2026:13:00:40 +0000] "GET /whsy.php?p=%2Fproc%2F1600 HTTP/2.0" 200 913 "https://shakcoin.com/whsy.php?e=kpageflags&p=%2Fproc" "Mozilla/5.0 AppleWebKit/537.36 (KHTML, like Gecko; compatible; GPTBot/1.3; +https://openai.com/gptbot)"
74.7.227.140 - - [01/Mar/2026:13:00:45 +0000] "GET /whsy.php?e=arp_tables_matches&p=%2Fproc%2F18907%2Fnet HTTP/2.0" 200 2442 "https://www.shakcoin.com.lab2454.com/whsy.php?p=%2Fproc%2F18907%2Fnet" "Mozilla/5.0 AppleWebKit/537.36 (KHTML, like Gecko; compatible; GPTBot/1.3; +https://openai.com/gptbot)"
74.7.243.216 - - [01/Mar/2026:13:00:45 +0000] "GET /whsy.php?p=%2Fproc%2F9648 HTTP/2.0" 200 913 "https://shakcoin.com/whsy.php?p=%2Fproc%2F12727%2F.." "Mozilla/5.0 AppleWebKit/537.36 (KHTML, like Gecko; compatible; GPTBot/1.3; +https://openai.com/gptbot)"
74.7.227.140 - - [01/Mar/2026:13:00:52 +0000] "GET /whsy.php?e=ip_vs_stats_percpu&p=%2Fproc%2F11146%2Ftask%2F29202%2Fnet HTTP/2.0" 200 2659 "https://www.shakcoin.com.lab2454.com/whsy.php?p=%2Fproc%2F11146%2Ftask%2F29202%2Fnet" "Mozilla/5.0 AppleWebKit/537.36 (KHTML, like Gecko; compatible; GPTBot/1.3; +https://openai.com/gptbot)"
74.7.243.216 - - [01/Mar/2026:13:00:52 +0000] "GET /whsy.php?p=%2Fproc%2F6917 HTTP/2.0" 200 913 "https://shakcoin.com/whsy.php?p=%2Fproc" "Mozilla/5.0 AppleWebKit/537.36 (KHTML, like Gecko; compatible; GPTBot/1.3; +https://openai.com/gptbot)"
74.7.227.140 - - [01/Mar/2026:13:01:00 +0000] "GET /whsy.php?e=protocols&p=%2Fproc%2F26026%2Fnet HTTP/2.0" 200 913 "https://www.shakcoin.com.lab2454.com/whsy.php?p=%2Fproc%2F26026%2Fnet" "Mozilla/5.0 AppleWebKit/537.36 (KHTML, like Gecko; compatible; GPTBot/1.3; +https://openai.com/gptbot)"
74.7.243.216 - - [01/Mar/2026:13:01:00 +0000] "GET /whsy.php?p=%2Fproc%2F4329 HTTP/2.0" 200 913 "https://shakcoin.com/whsy.php?e=fb&p=%2Fproc" "Mozilla/5.0 AppleWebKit/537.36 (KHTML, like Gecko; compatible; GPTBot/1.3; +https://openai.com/gptbot)"
74.7.227.140 - - [01/Mar/2026:13:01:06 +0000] "GET /whsy.php?e=connector&p=%2Fproc%2F26026%2Fnet HTTP/2.0" 200 913 "https://www.shakcoin.com.lab2454.com/whsy.php?p=%2Fproc%2F26026%2Fnet" "Mozilla/5.0 AppleWebKit/537.36 (KHTML, like Gecko; compatible; GPTBot/1.3; +https://openai.com/gptbot)"
74.7.243.216 - - [01/Mar/2026:13:01:07 +0000] "GET /whsy.php?e=ksm_stat&p=%2Fproc%2F5004 HTTP/2.0" 200 1935 "https://shakcoin.com/whsy.php?p=%2Fproc%2F5004" "Mozilla/5.0 AppleWebKit/537.36 (KHTML, like Gecko; compatible; GPTBot/1.3; +https://openai.com/gptbot)"
74.7.227.140 - - [01/Mar/2026:13:01:15 +0000] "GET /whsy.php?e=connector&p=%2Fproc%2F21250%2Fnet HTTP/2.0" 200 913 "https://www.shakcoin.com.lab2454.com/whsy.php?p=%2Fproc%2F21250%2Fnet" "Mozilla/5.0 AppleWebKit/537.36 (KHTML, like Gecko; compatible; GPTBot/1.3; +https://openai.com/gptbot)"
74.7.243.216 - - [01/Mar/2026:13:01:15 +0000] "GET /whsy.php?p=%2Fproc%2F9975 HTTP/2.0" 200 1935 "https://shakcoin.com/whsy.php?p=%2Fproc" "Mozilla/5.0 AppleWebKit/537.36 (KHTML, like Gecko; compatible; GPTBot/1.3; +https://openai.com/gptbot)"
74.7.227.140 - - [01/Mar/2026:13:01:23 +0000] "GET /whsy.php?e=keycreate&p=%2Fproc%2F20784%2Fattr HTTP/2.0" 200 913 "https://www.shakcoin.com.lab2454.com/whsy.php?p=%2Fproc%2F20784%2Fattr" "Mozilla/5.0 AppleWebKit/537.36 (KHTML, like Gecko; compatible; GPTBot/1.3; +https://openai.com/gptbot)"
74.7.243.216 - - [01/Mar/2026:13:01:23 +0000] "GET /whsy.php?e=ksm_stat&p=%2Fproc%2F8834 HTTP/2.0" 200 1935 "https://shakcoin.com/whsy.php?p=%2Fproc%2F8834" "Mozilla/5.0 AppleWebKit/537.36 (KHTML, like Gecko; compatible; GPTBot/1.3; +https://openai.com/gptbot)"
74.7.227.140 - - [01/Mar/2026:13:01:31 +0000] "GET /whsy.php?e=keycreate&p=%2Fproc%2F25364%2Fattr HTTP/2.0" 200 863 "https://www.shakcoin.com.lab2454.com/whsy.php?p=%2Fproc%2F25364%2Fattr" "Mozilla/5.0 AppleWebKit/537.36 (KHTML, like Gecko; compatible; GPTBot/1.3; +https://openai.com/gptbot)"
74.7.243.216 - - [01/Mar/2026:13:01:31 +0000] "GET /whsy.php?p=%2Fproc%2F2191 HTTP/2.0" 200 913 "https://shakcoin.com/whsy.php?e=vmallocinfo&p=%2Fproc" "Mozilla/5.0 AppleWebKit/537.36 (KHTML, like Gecko; compatible; GPTBot/1.3; +https://openai.com/gptbot)"
74.7.227.140 - - [01/Mar/2026:13:01:39 +0000] "GET /whsy.php?e=keycreate&p=%2Fproc%2F21038%2Fattr HTTP/2.0" 200 913 "https://www.shakcoin.com.lab2454.com/whsy.php?p=%2Fproc%2F21038%2Fattr" "Mozilla/5.0 AppleWebKit/537.36 (KHTML, like Gecko; compatible; GPTBot/1.3; +https://openai.com/gptbot)"
74.7.243.216 - - [01/Mar/2026:13:01:39 +0000] "GET /whsy.php?p=%2Fproc%2F8740 HTTP/2.0" 200 913 "https://shakcoin.com/whsy.php?e=bootconfig&p=%2Fproc" "Mozilla/5.0 AppleWebKit/537.36 (KHTML, like Gecko; compatible; GPTBot/1.3; +https://openai.com/gptbot)"
74.7.227.140 - - [01/Mar/2026:13:01:47 +0000] "GET /whsy.php?e=keycreate&p=%2Fproc%2F12654%2Fattr HTTP/2.0" 200 913 "https://www.shakcoin.com.lab2454.com/whsy.php?p=%2Fproc%2F12654%2Fattr" "Mozilla/5.0 AppleWebKit/537.36 (KHTML, like Gecko; compatible; GPTBot/1.3; +https://openai.com/gptbot)"
74.7.243.216 - - [01/Mar/2026:13:01:47 +0000] "GET /whsy.php?p=%2Fproc%2F2915 HTTP/2.0" 200 913 "https://shakcoin.com/whsy.php?e=vmallocinfo&p=%2Fproc" "Mozilla/5.0 AppleWebKit/537.36 (KHTML, like Gecko; compatible; GPTBot/1.3; +https://openai.com/gptbot)"
74.7.227.140 - - [01/Mar/2026:13:01:55 +0000] "GET /whsy.php?e=keycreate&p=%2Fproc%2F18632%2Fattr HTTP/2.0" 200 863 "https://www.shakcoin.com.lab2454.com/whsy.php?p=%2Fproc%2F18632%2Fattr" "Mozilla/5.0 AppleWebKit/537.36 (KHTML, like Gecko; compatible; GPTBot/1.3; +https://openai.com/gptbot)"
74.7.243.216 - - [01/Mar/2026:13:01:55 +0000] "GET /whsy.php?p=%2Fproc%2F8718 HTTP/2.0" 200 913 "https://shakcoin.com/whsy.php?p=%2Fproc%2F22338%2F.." "Mozilla/5.0 AppleWebKit/537.36 (KHTML, like Gecko; compatible; GPTBot/1.3; +https://openai.com/gptbot)"
74.7.227.140 - - [01/Mar/2026:13:02:06 +0000] "GET /whsy.php?e=keycreate&p=%2Fproc%2F28703%2Fattr HTTP/2.0" 200 913 "https://www.shakcoin.com.lab2454.com/whsy.php?p=%2Fproc%2F28703%2Fattr" "Mozilla/5.0 AppleWebKit/537.36 (KHTML, like Gecko; compatible; GPTBot/1.3; +https://openai.com/gptbot)"
74.7.243.216 - - [01/Mar/2026:13:02:06 +0000] "GET /whsy.php?p=%2Fproc%2F1667 HTTP/2.0" 200 1935 "https://shakcoin.com/whsy.php?p=%2Fproc" "Mozilla/5.0 AppleWebKit/537.36 (KHTML, like Gecko; compatible; GPTBot/1.3; +https://openai.com/gptbot)"
74.7.227.140 - - [01/Mar/2026:13:02:16 +0000] "GET /whsy.php?e=keycreate&p=%2Fproc%2F26918%2Fattr HTTP/2.0" 200 863 "https://www.shakcoin.com.lab2454.com/whsy.php?p=%2Fproc%2F26918%2Fattr" "Mozilla/5.0 AppleWebKit/537.36 (KHTML, like Gecko; compatible; GPTBot/1.3; +https://openai.com/gptbot)"
74.7.243.216 - - [01/Mar/2026:13:02:16 +0000] "GET /whsy.php?p=%2Fproc%2F4871 HTTP/2.0" 200 913 "https://shakcoin.com/whsy.php?e=vmallocinfo&p=%2Fproc" "Mozilla/5.0 AppleWebKit/537.36 (KHTML, like Gecko; compatible; GPTBot/1.3; +https://openai.com/gptbot)"
74.7.227.140 - - [01/Mar/2026:13:02:29 +0000] "GET /whsy.php?e=keycreate&p=%2Fproc%2F26917%2Fattr HTTP/2.0" 200 863 "https://www.shakcoin.com.lab2454.com/whsy.php?p=%2Fproc%2F26917%2Fattr" "Mozilla/5.0 AppleWebKit/537.36 (KHTML, like Gecko; compatible; GPTBot/1.3; +https://openai.com/gptbot)"
74.7.243.216 - - [01/Mar/2026:13:02:29 +0000] "GET /whsy.php?p=%2Fproc%2F4889 HTTP/2.0" 200 913 "https://shakcoin.com/whsy.php?p=%2Fproc%2Facpi%2F.." "Mozilla/5.0 AppleWebKit/537.36 (KHTML, like Gecko; compatible; GPTBot/1.3; +https://openai.com/gptbot)"
74.7.227.140 - - [01/Mar/2026:13:02:37 +0000] "GET /whsy.php?e=keycreate&p=%2Fproc%2F30492%2Fattr HTTP/2.0" 200 913 "https://www.shakcoin.com.lab2454.com/whsy.php?p=%2Fproc%2F30492%2Fattr" "Mozilla/5.0 AppleWebKit/537.36 (KHTML, like Gecko; compatible; GPTBot/1.3; +https://openai.com/gptbot)"
74.7.243.216 - - [01/Mar/2026:13:02:38 +0000] "GET /whsy.php?p=%2Fproc%2F6240 HTTP/2.0" 200 913 "https://shakcoin.com/whsy.php?p=%2Fproc%2F32362%2F.." "Mozilla/5.0 AppleWebKit/537.36 (KHTML, like Gecko; compatible; GPTBot/1.3; +https://openai.com/gptbot)"
74.7.243.216 - - [01/Mar/2026:13:02:47 +0000] "GET /whsy.php?p=%2Fproc%2F3503 HTTP/2.0" 200 913 "https://shakcoin.com/whsy.php?p=%2Fproc%2F32362%2F.." "Mozilla/5.0 AppleWebKit/537.36 (KHTML, like Gecko; compatible; GPTBot/1.3; +https://openai.com/gptbot)"
74.7.227.140 - - [01/Mar/2026:13:02:47 +0000] "GET /whsy.php?e=keycreate&p=%2Fproc%2F20573%2Fattr HTTP/2.0" 200 913 "https://www.shakcoin.com.lab2454.com/whsy.php?p=%2Fproc%2F20573%2Fattr" "Mozilla/5.0 AppleWebKit/537.36 (KHTML, like Gecko; compatible; GPTBot/1.3; +https://openai.com/gptbot)"
74.7.243.216 - - [01/Mar/2026:13:02:54 +0000] "GET /whsy.php?e=ksm_stat&p=%2Fproc%2F9975 HTTP/2.0" 200 1935 "https://shakcoin.com/whsy.php?p=%2Fproc%2F9975" "Mozilla/5.0 AppleWebKit/537.36 (KHTML, like Gecko; compatible; GPTBot/1.3; +https://openai.com/gptbot)"
74.7.227.140 - - [01/Mar/2026:13:02:55 +0000] "GET /whsy.php?e=nf_log&p=%2Fproc%2F28703%2Fnet%2Fnetfilter HTTP/2.0" 200 913 "https://www.shakcoin.com.lab2454.com/whsy.php?p=%2Fproc%2F28703%2Fnet%2Fnetfilter" "Mozilla/5.0 AppleWebKit/537.36 (KHTML, like Gecko; compatible; GPTBot/1.3; +https://openai.com/gptbot)"
74.7.243.216 - - [01/Mar/2026:13:03:04 +0000] "GET /whsy.php?p=%2Fproc%2F5088 HTTP/2.0" 200 913 "https://shakcoin.com/whsy.php?p=%2Fproc%2F22338%2F.." "Mozilla/5.0 AppleWebKit/537.36 (KHTML, like Gecko; compatible; GPTBot/1.3; +https://openai.com/gptbot)"
74.7.227.140 - - [01/Mar/2026:13:03:05 +0000] "GET /whsy.php?e=nf_log&p=%2Fproc%2F18632%2Fnet%2Fnetfilter HTTP/2.0" 200 886 "https://www.shakcoin.com.lab2454.com/whsy.php?p=%2Fproc%2F18632%2Fnet%2Fnetfilter" "Mozilla/5.0 AppleWebKit/537.36 (KHTML, like Gecko; compatible; GPTBot/1.3; +https://openai.com/gptbot)"
74.7.243.216 - - [01/Mar/2026:13:03:13 +0000] "GET /whsy.php?p=%2Fproc%2F5519 HTTP/2.0" 200 913 "https://shakcoin.com/whsy.php?p=%2Fproc%2F32362%2F.." "Mozilla/5.0 AppleWebKit/537.36 (KHTML, like Gecko; compatible; GPTBot/1.3; +https://openai.com/gptbot)"
74.7.227.140 - - [01/Mar/2026:13:03:13 +0000] "GET /whsy.php?e=nf_log&p=%2Fproc%2F26917%2Fnet%2Fnetfilter HTTP/2.0" 200 886 "https://www.shakcoin.com.lab2454.com/whsy.php?p=%2Fproc%2F26917%2Fnet%2Fnetfilter" "Mozilla/5.0 AppleWebKit/537.36 (KHTML, like Gecko; compatible; GPTBot/1.3; +https://openai.com/gptbot)"
74.7.243.216 - - [01/Mar/2026:13:03:19 +0000] "GET /whsy.php?p=%2Fproc%2F5049 HTTP/2.0" 200 913 "https://shakcoin.com/whsy.php?e=bootconfig&p=%2Fproc" "Mozilla/5.0 AppleWebKit/537.36 (KHTML, like Gecko; compatible; GPTBot/1.3; +https://openai.com/gptbot)"
74.7.227.140 - - [01/Mar/2026:13:03:20 +0000] "GET /whsy.php?e=nf_log&p=%2Fproc%2F26675%2Fnet%2Fnetfilter HTTP/2.0" 200 886 "https://www.shakcoin.com.lab2454.com/whsy.php?p=%2Fproc%2F26675%2Fnet%2Fnetfilter" "Mozilla/5.0 AppleWebKit/537.36 (KHTML, like Gecko; compatible; GPTBot/1.3; +https://openai.com/gptbot)"
74.7.243.216 - - [01/Mar/2026:13:03:24 +0000] "GET /whsy.php?p=%2Fproc%2F4433 HTTP/2.0" 200 913 "https://shakcoin.com/whsy.php?e=vmallocinfo&p=%2Fproc" "Mozilla/5.0 AppleWebKit/537.36 (KHTML, like Gecko; compatible; GPTBot/1.3; +https://openai.com/gptbot)"
74.7.227.140 - - [01/Mar/2026:13:03:25 +0000] "GET /whsy.php?e=nf_log&p=%2Fproc%2F25364%2Fnet%2Fnetfilter HTTP/2.0" 200 886 "https://www.shakcoin.com.lab2454.com/whsy.php?p=%2Fproc%2F25364%2Fnet%2Fnetfilter" "Mozilla/5.0 AppleWebKit/537.36 (KHTML, like Gecko; compatible; GPTBot/1.3; +https://openai.com/gptbot)"
74.7.243.216 - - [01/Mar/2026:13:03:29 +0000] "GET /whsy.php?p=%2Fproc%2F8690 HTTP/2.0" 200 913 "https://shakcoin.com/whsy.php?e=kpageflags&p=%2Fproc" "Mozilla/5.0 AppleWebKit/537.36 (KHTML, like Gecko; compatible; GPTBot/1.3; +https://openai.com/gptbot)"
74.7.227.140 - - [01/Mar/2026:13:03:29 +0000] "GET /whsy.php?e=nf_log&p=%2Fproc%2F26918%2Fnet%2Fnetfilter HTTP/2.0" 200 885 "https://www.shakcoin.com.lab2454.com/whsy.php?p=%2Fproc%2F26918%2Fnet%2Fnetfilter" "Mozilla/5.0 AppleWebKit/537.36 (KHTML, like Gecko; compatible; GPTBot/1.3; +https://openai.com/gptbot)"
74.7.243.216 - - [01/Mar/2026:13:03:34 +0000] "GET /whsy.php?e=ksm_stat&p=%2Fproc%2F1667 HTTP/2.0" 200 1935 "https://shakcoin.com/whsy.php?p=%2Fproc%2F1667" "Mozilla/5.0 AppleWebKit/537.36 (KHTML, like Gecko; compatible; GPTBot/1.3; +https://openai.com/gptbot)"
74.7.243.216 - - [01/Mar/2026:13:03:42 +0000] "GET /whsy.php?p=%2Fproc%2F9235 HTTP/2.0" 200 913 "https://shakcoin.com/whsy.php?e=vmallocinfo&p=%2Fproc" "Mozilla/5.0 AppleWebKit/537.36 (KHTML, like Gecko; compatible; GPTBot/1.3; +https://openai.com/gptbot)"
74.7.227.140 - - [01/Mar/2026:13:03:43 +0000] "GET /whsy.php?e=nf_log&p=%2Fproc%2F20784%2Fnet%2Fnetfilter HTTP/2.0" 200 913 "https://www.shakcoin.com.lab2454.com/whsy.php?p=%2Fproc%2F20784%2Fnet%2Fnetfilter" "Mozilla/5.0 AppleWebKit/537.36 (KHTML, like Gecko; compatible; GPTBot/1.3; +https://openai.com/gptbot)"
74.7.243.216 - - [01/Mar/2026:13:03:55 +0000] "GET /whsy.php?p=%2Fproc%2F4834 HTTP/2.0" 200 913 "https://shakcoin.com/whsy.php?e=vmallocinfo&p=%2Fproc" "Mozilla/5.0 AppleWebKit/537.36 (KHTML, like Gecko; compatible; GPTBot/1.3; +https://openai.com/gptbot)"
74.7.227.140 - - [01/Mar/2026:13:03:56 +0000] "GET /whsy.php?e=arp_tables_names&p=%2Fproc%2F11146%2Ftask%2F11246%2Fnet HTTP/2.0" 200 2466 "https://www.shakcoin.com.lab2454.com/whsy.php?p=%2Fproc%2F11146%2Ftask%2F11246%2Fnet" "Mozilla/5.0 AppleWebKit/537.36 (KHTML, like Gecko; compatible; GPTBot/1.3; +https://openai.com/gptbot)"
74.7.243.216 - - [01/Mar/2026:13:04:05 +0000] "GET /whsy.php?p=%2Fproc%2F5364 HTTP/2.0" 200 913 "https://shakcoin.com/whsy.php?p=%2Fproc%2Facpi%2F.." "Mozilla/5.0 AppleWebKit/537.36 (KHTML, like Gecko; compatible; GPTBot/1.3; +https://openai.com/gptbot)"
74.7.227.140 - - [01/Mar/2026:13:04:05 +0000] "GET /whsy.php?e=io&p=%2Fproc%2F11146%2Ftask%2F11146 HTTP/2.0" 200 1793 "https://www.shakcoin.com.lab2454.com/whsy.php?p=%2Fproc%2F11146%2Ftask%2F11146" "Mozilla/5.0 AppleWebKit/537.36 (KHTML, like Gecko; compatible; GPTBot/1.3; +https://openai.com/gptbot)"
74.7.243.216 - - [01/Mar/2026:13:04:17 +0000] "GET /whsy.php?p=%2Fproc%2F8204 HTTP/2.0" 200 913 "https://shakcoin.com/whsy.php?e=vmallocinfo&p=%2Fproc" "Mozilla/5.0 AppleWebKit/537.36 (KHTML, like Gecko; compatible; GPTBot/1.3; +https://openai.com/gptbot)"
74.7.175.188 - - [01/Mar/2026:13:04:18 +0000] "GET /robots.txt HTTP/2.0" 404 - "-" "Mozilla/5.0 (Macintosh; Intel Mac OS X 10_15_7) AppleWebKit/537.36 (KHTML, like Gecko) Chrome/131.0.0.0 Safari/537.36; compatible; OAI-SearchBot/1.3; robots.txt; +https://openai.com/searchbot"
74.7.227.140 - - [01/Mar/2026:13:04:18 +0000] "GET /whsy.php?e=ip_vs_stats_percpu&p=%2Fproc%2F11146%2Ftask%2F24282%2Fnet HTTP/2.0" 200 2660 "https://www.shakcoin.com.lab2454.com/whsy.php?p=%2Fproc%2F11146%2Ftask%2F24282%2Fnet" "Mozilla/5.0 AppleWebKit/537.36 (KHTML, like Gecko; compatible; GPTBot/1.3; +https://openai.com/gptbot)"
74.7.243.216 - - [01/Mar/2026:13:04:29 +0000] "GET /whsy.php?p=%2Fproc%2F4831 HTTP/2.0" 200 913 "https://shakcoin.com/whsy.php?e=vmallocinfo&p=%2Fproc" "Mozilla/5.0 AppleWebKit/537.36 (KHTML, like Gecko; compatible; GPTBot/1.3; +https://openai.com/gptbot)"
74.7.227.140 - - [01/Mar/2026:13:04:30 +0000] "GET /whsy.php?e=400000-798000&p=%2Fproc%2F26675%2Fmap_files HTTP/2.0" 200 14384 "https://www.shakcoin.com.lab2454.com/whsy.php?p=%2Fproc%2F26675%2Fmap_files" "Mozilla/5.0 AppleWebKit/537.36 (KHTML, like Gecko; compatible; GPTBot/1.3; +https://openai.com/gptbot)"
74.7.243.216 - - [01/Mar/2026:13:04:39 +0000] "GET /whsy.php?p=%2Fproc%2F4348 HTTP/2.0" 200 913 "https://shakcoin.com/whsy.php?p=%2Fproc%2F32362%2F.." "Mozilla/5.0 AppleWebKit/537.36 (KHTML, like Gecko; compatible; GPTBot/1.3; +https://openai.com/gptbot)"
74.7.227.140 - - [01/Mar/2026:13:04:40 +0000] "GET /whsy.php?e=nfnetlink_log&p=%2Fproc%2F21250%2Fnet%2Fnetfilter HTTP/2.0" 200 913 "https://www.shakcoin.com.lab2454.com/whsy.php?p=%2Fproc%2F21250%2Fnet%2Fnetfilter" "Mozilla/5.0 AppleWebKit/537.36 (KHTML, like Gecko; compatible; GPTBot/1.3; +https://openai.com/gptbot)"
74.7.243.216 - - [01/Mar/2026:13:05:03 +0000] "GET /whsy.php?p=%2Fproc%2F9291 HTTP/2.0" 200 913 "https://shakcoin.com/whsy.php?e=bootconfig&p=%2Fproc" "Mozilla/5.0 AppleWebKit/537.36 (KHTML, like Gecko; compatible; GPTBot/1.3; +https://openai.com/gptbot)"
74.7.227.140 - - [01/Mar/2026:13:05:05 +0000] "GET /whsy.php?e=fscreate&p=%2Fproc%2F26026%2Fattr HTTP/2.0" 200 913 "https://www.shakcoin.com.lab2454.com/whsy.php?p=%2Fproc%2F26026%2Fattr" "Mozilla/5.0 AppleWebKit/537.36 (KHTML, like Gecko; compatible; GPTBot/1.3; +https://openai.com/gptbot)"
74.7.243.216 - - [01/Mar/2026:13:05:15 +0000] "GET /whsy.php?p=%2Fproc%2F4855 HTTP/2.0" 200 913 "https://shakcoin.com/whsy.php?e=vmallocinfo&p=%2Fproc" "Mozilla/5.0 AppleWebKit/537.36 (KHTML, like Gecko; compatible; GPTBot/1.3; +https://openai.com/gptbot)"
74.7.227.140 - - [01/Mar/2026:13:05:15 +0000] "GET /whsy.php?e=connector&p=%2Fproc%2F27919%2Fnet HTTP/2.0" 200 913 "https://www.shakcoin.com.lab2454.com/whsy.php?p=%2Fproc%2F27919%2Fnet" "Mozilla/5.0 AppleWebKit/537.36 (KHTML, like Gecko; compatible; GPTBot/1.3; +https://openai.com/gptbot)"
74.7.243.216 - - [01/Mar/2026:13:05:23 +0000] "GET /whsy.php?p=%2Fproc%2F4316 HTTP/2.0" 200 913 "https://shakcoin.com/whsy.php?p=%2Fproc%2F32362%2F.." "Mozilla/5.0 AppleWebKit/537.36 (KHTML, like Gecko; compatible; GPTBot/1.3; +https://openai.com/gptbot)"
74.7.227.140 - - [01/Mar/2026:13:05:24 +0000] "GET /whsy.php?e=protocols&p=%2Fproc%2F21250%2Fnet HTTP/2.0" 200 913 "https://www.shakcoin.com.lab2454.com/whsy.php?p=%2Fproc%2F21250%2Fnet" "Mozilla/5.0 AppleWebKit/537.36 (KHTML, like Gecko; compatible; GPTBot/1.3; +https://openai.com/gptbot)"
74.7.243.216 - - [01/Mar/2026:13:05:31 +0000] "GET /whsy.php?p=%2Fproc%2F6690 HTTP/2.0" 200 913 "https://shakcoin.com/whsy.php?e=bootconfig&p=%2Fproc" "Mozilla/5.0 AppleWebKit/537.36 (KHTML, like Gecko; compatible; GPTBot/1.3; +https://openai.com/gptbot)"
74.7.227.140 - - [01/Mar/2026:13:05:32 +0000] "GET /whsy.php?e=connector&p=%2Fproc%2F16231%2Fnet HTTP/2.0" 200 913 "https://www.shakcoin.com.lab2454.com/whsy.php?p=%2Fproc%2F16231%2Fnet" "Mozilla/5.0 AppleWebKit/537.36 (KHTML, like Gecko; compatible; GPTBot/1.3; +https://openai.com/gptbot)"
74.7.243.216 - - [01/Mar/2026:13:05:39 +0000] "GET /whsy.php?p=%2Fproc%2F3609 HTTP/2.0" 200 913 "https://shakcoin.com/whsy.php?e=vmallocinfo&p=%2Fproc" "Mozilla/5.0 AppleWebKit/537.36 (KHTML, like Gecko; compatible; GPTBot/1.3; +https://openai.com/gptbot)"
74.7.227.140 - - [01/Mar/2026:13:05:40 +0000] "GET /whsy.php?e=connector&p=%2Fproc%2F27565%2Fnet HTTP/2.0" 200 2523 "https://www.shakcoin.com.lab2454.com/whsy.php?p=%2Fproc%2F27565%2Fnet" "Mozilla/5.0 AppleWebKit/537.36 (KHTML, like Gecko; compatible; GPTBot/1.3; +https://openai.com/gptbot)"
74.7.243.216 - - [01/Mar/2026:13:05:46 +0000] "GET /whsy.php?p=%2Fproc%2F1626 HTTP/2.0" 200 913 "https://shakcoin.com/whsy.php?e=kpageflags&p=%2Fproc" "Mozilla/5.0 AppleWebKit/537.36 (KHTML, like Gecko; compatible; GPTBot/1.3; +https://openai.com/gptbot)"
74.7.227.140 - - [01/Mar/2026:13:05:47 +0000] "GET /whsy.php?e=connector&p=%2Fproc%2F21014%2Fnet HTTP/2.0" 200 913 "https://www.shakcoin.com.lab2454.com/whsy.php?p=%2Fproc%2F21014%2Fnet" "Mozilla/5.0 AppleWebKit/537.36 (KHTML, like Gecko; compatible; GPTBot/1.3; +https://openai.com/gptbot)"
74.7.243.216 - - [01/Mar/2026:13:05:53 +0000] "GET /whsy.php?p=%2Fproc%2F6407 HTTP/2.0" 200 913 "https://shakcoin.com/whsy.php?e=fb&p=%2Fproc" "Mozilla/5.0 AppleWebKit/537.36 (KHTML, like Gecko; compatible; GPTBot/1.3; +https://openai.com/gptbot)"
74.7.227.140 - - [01/Mar/2026:13:05:54 +0000] "GET /whsy.php?p=%2Fproc%2F21014%2Fnet%2Fsctp HTTP/2.0" 200 913 "https://www.shakcoin.com.lab2454.com/whsy.php?p=%2Fproc%2F21014%2Fnet" "Mozilla/5.0 AppleWebKit/537.36 (KHTML, like Gecko; compatible; GPTBot/1.3; +https://openai.com/gptbot)"
74.7.243.216 - - [01/Mar/2026:13:06:03 +0000] "GET /whsy.php?p=%2Fproc%2F4794 HTTP/2.0" 200 913 "https://shakcoin.com/whsy.php?e=vmallocinfo&p=%2Fproc" "Mozilla/5.0 AppleWebKit/537.36 (KHTML, like Gecko; compatible; GPTBot/1.3; +https://openai.com/gptbot)"
74.7.227.140 - - [01/Mar/2026:13:06:04 +0000] "GET /whsy.php?p=%2Fproc%2F27565%2Fnet%2Frpc HTTP/2.0" 200 861 "https://www.shakcoin.com.lab2454.com/whsy.php?p=%2Fproc%2F27565%2Fnet" "Mozilla/5.0 AppleWebKit/537.36 (KHTML, like Gecko; compatible; GPTBot/1.3; +https://openai.com/gptbot)"
74.7.243.216 - - [01/Mar/2026:13:06:15 +0000] "GET /whsy.php?p=%2Fproc%2F4857 HTTP/2.0" 200 913 "https://shakcoin.com/whsy.php?e=vmallocinfo&p=%2Fproc" "Mozilla/5.0 AppleWebKit/537.36 (KHTML, like Gecko; compatible; GPTBot/1.3; +https://openai.com/gptbot)"
74.7.227.140 - - [01/Mar/2026:13:06:16 +0000] "GET /whsy.php?p=%2Fproc%2F21250%2Fnet%2Fsctp HTTP/2.0" 200 913 "https://www.shakcoin.com.lab2454.com/whsy.php?p=%2Fproc%2F21250%2Fnet" "Mozilla/5.0 AppleWebKit/537.36 (KHTML, like Gecko; compatible; GPTBot/1.3; +https://openai.com/gptbot)"
74.7.244.10 - - [01/Mar/2026:13:06:16 +0000] "GET /robots.txt HTTP/2.0" 404 - "-" "Mozilla/5.0 (Macintosh; Intel Mac OS X 10_15_7) AppleWebKit/537.36 (KHTML, like Gecko) Chrome/131.0.0.0 Safari/537.36; compatible; OAI-SearchBot/1.3; robots.txt; +https://openai.com/searchbot"
74.7.243.216 - - [01/Mar/2026:13:06:25 +0000] "GET /whsy.php?p=%2Fproc%2F3694 HTTP/2.0" 200 913 "https://shakcoin.com/whsy.php?p=%2Fproc%2F32362%2F.." "Mozilla/5.0 AppleWebKit/537.36 (KHTML, like Gecko; compatible; GPTBot/1.3; +https://openai.com/gptbot)"
74.7.227.140 - - [01/Mar/2026:13:06:25 +0000] "GET /whsy.php?p=%2Fproc%2F27565%2Fnet%2Fsctp HTTP/2.0" 200 753 "https://www.shakcoin.com.lab2454.com/whsy.php?p=%2Fproc%2F27565%2Fnet" "Mozilla/5.0 AppleWebKit/537.36 (KHTML, like Gecko; compatible; GPTBot/1.3; +https://openai.com/gptbot)"
74.7.243.216 - - [01/Mar/2026:13:06:31 +0000] "GET /whsy.php?p=%2Fproc%2F6900 HTTP/2.0" 200 913 "https://shakcoin.com/whsy.php?p=%2Fproc%2Facpi%2F.." "Mozilla/5.0 AppleWebKit/537.36 (KHTML, like Gecko; compatible; GPTBot/1.3; +https://openai.com/gptbot)"
74.7.227.140 - - [01/Mar/2026:13:06:31 +0000] "GET /whsy.php?p=%2Fproc%2F26917%2Fnet%2Fsctp HTTP/2.0" 200 752 "https://www.shakcoin.com.lab2454.com/whsy.php?p=%2Fproc%2F26917%2Fnet" "Mozilla/5.0 AppleWebKit/537.36 (KHTML, like Gecko; compatible; GPTBot/1.3; +https://openai.com/gptbot)"
74.7.243.216 - - [01/Mar/2026:13:06:36 +0000] "GET /whsy.php?p=%2Fproc%2F4873 HTTP/2.0" 200 913 "https://shakcoin.com/whsy.php?e=vmallocinfo&p=%2Fproc" "Mozilla/5.0 AppleWebKit/537.36 (KHTML, like Gecko; compatible; GPTBot/1.3; +https://openai.com/gptbot)"
74.7.227.140 - - [01/Mar/2026:13:06:36 +0000] "GET /whsy.php?p=%2Fproc%2F27919%2Fnet%2Frpc HTTP/2.0" 200 913 "https://www.shakcoin.com.lab2454.com/whsy.php?p=%2Fproc%2F27919%2Fnet" "Mozilla/5.0 AppleWebKit/537.36 (KHTML, like Gecko; compatible; GPTBot/1.3; +https://openai.com/gptbot)"
74.7.243.216 - - [01/Mar/2026:13:06:40 +0000] "GET /whsy.php?p=%2Fproc%2F8973 HTTP/2.0" 200 913 "https://shakcoin.com/whsy.php?p=%2Fproc%2Facpi%2F.." "Mozilla/5.0 AppleWebKit/537.36 (KHTML, like Gecko; compatible; GPTBot/1.3; +https://openai.com/gptbot)"
74.7.227.140 - - [01/Mar/2026:13:06:41 +0000] "GET /whsy.php?p=%2Fproc%2F30492%2Fnet%2Fsctp HTTP/2.0" 200 913 "https://www.shakcoin.com.lab2454.com/whsy.php?p=%2Fproc%2F30492%2Fnet" "Mozilla/5.0 AppleWebKit/537.36 (KHTML, like Gecko; compatible; GPTBot/1.3; +https://openai.com/gptbot)"
74.7.243.216 - - [01/Mar/2026:13:06:45 +0000] "GET /whsy.php?p=%2Fproc%2F4319 HTTP/2.0" 200 913 "https://shakcoin.com/whsy.php?p=%2Fproc%2F32362%2F.." "Mozilla/5.0 AppleWebKit/537.36 (KHTML, like Gecko; compatible; GPTBot/1.3; +https://openai.com/gptbot)"
74.7.227.140 - - [01/Mar/2026:13:06:45 +0000] "GET /whsy.php?p=%2Fproc%2F16231%2Fnet%2Frpc HTTP/2.0" 200 913 "https://www.shakcoin.com.lab2454.com/whsy.php?p=%2Fproc%2F16231%2Fnet" "Mozilla/5.0 AppleWebKit/537.36 (KHTML, like Gecko; compatible; GPTBot/1.3; +https://openai.com/gptbot)"
74.7.243.216 - - [01/Mar/2026:13:07:06 +0000] "GET /whsy.php?p=%2Fproc%2F7821 HTTP/2.0" 200 913 "https://shakcoin.com/whsy.php?p=%2Fproc%2Facpi%2F.." "Mozilla/5.0 AppleWebKit/537.36 (KHTML, like Gecko; compatible; GPTBot/1.3; +https://openai.com/gptbot)"
74.7.227.140 - - [01/Mar/2026:13:07:07 +0000] "GET /whsy.php?p=%2Fproc%2F18632%2Fnet%2Fsctp HTTP/2.0" 200 752 "https://www.shakcoin.com.lab2454.com/whsy.php?p=%2Fproc%2F18632%2Fnet" "Mozilla/5.0 AppleWebKit/537.36 (KHTML, like Gecko; compatible; GPTBot/1.3; +https://openai.com/gptbot)"
74.7.243.216 - - [01/Mar/2026:13:07:24 +0000] "GET /whsy.php?p=%2Fproc%2F4832 HTTP/2.0" 200 913 "https://shakcoin.com/whsy.php?e=vmallocinfo&p=%2Fproc" "Mozilla/5.0 AppleWebKit/537.36 (KHTML, like Gecko; compatible; GPTBot/1.3; +https://openai.com/gptbot)"
74.7.227.140 - - [01/Mar/2026:13:07:24 +0000] "GET /whsy.php?p=%2Fproc%2F20573%2Fnet%2Frpc HTTP/2.0" 200 913 "https://www.shakcoin.com.lab2454.com/whsy.php?p=%2Fproc%2F20573%2Fnet" "Mozilla/5.0 AppleWebKit/537.36 (KHTML, like Gecko; compatible; GPTBot/1.3; +https://openai.com/gptbot)"
74.7.243.216 - - [01/Mar/2026:13:07:33 +0000] "GET /whsy.php?p=%2Fproc%2F4686 HTTP/2.0" 200 913 "https://shakcoin.com/whsy.php?e=vmallocinfo&p=%2Fproc" "Mozilla/5.0 AppleWebKit/537.36 (KHTML, like Gecko; compatible; GPTBot/1.3; +https://openai.com/gptbot)"
74.7.227.140 - - [01/Mar/2026:13:07:34 +0000] "GET /whsy.php?p=%2Fproc%2F25364%2Fnet%2Fsctp HTTP/2.0" 200 752 "https://www.shakcoin.com.lab2454.com/whsy.php?p=%2Fproc%2F25364%2Fnet" "Mozilla/5.0 AppleWebKit/537.36 (KHTML, like Gecko; compatible; GPTBot/1.3; +https://openai.com/gptbot)"
74.7.243.216 - - [01/Mar/2026:13:07:43 +0000] "GET /whsy.php?p=%2Fproc%2F6023 HTTP/2.0" 200 1934 "https://shakcoin.com/whsy.php?p=%2Fproc" "Mozilla/5.0 AppleWebKit/537.36 (KHTML, like Gecko; compatible; GPTBot/1.3; +https://openai.com/gptbot)"
74.7.227.140 - - [01/Mar/2026:13:07:44 +0000] "GET /whsy.php?p=%2Fproc%2F27565%2Fnet%2Frpc%2Fnfsd.export HTTP/2.0" 200 743 "https://www.shakcoin.com.lab2454.com/whsy.php?p=%2Fproc%2F27565%2Fnet%2Frpc" "Mozilla/5.0 AppleWebKit/537.36 (KHTML, like Gecko; compatible; GPTBot/1.3; +https://openai.com/gptbot)"
74.7.243.216 - - [01/Mar/2026:13:07:52 +0000] "GET /whsy.php?p=%2Fproc%2F4156 HTTP/2.0" 200 913 "https://shakcoin.com/whsy.php?e=kpageflags&p=%2Fproc" "Mozilla/5.0 AppleWebKit/537.36 (KHTML, like Gecko; compatible; GPTBot/1.3; +https://openai.com/gptbot)"
74.7.227.140 - - [01/Mar/2026:13:07:52 +0000] "GET /whsy.php?p=%2Fproc%2F27565%2Fnet%2Frpc%2Fauth.rpcsec.context HTTP/2.0" 200 718 "https://www.shakcoin.com.lab2454.com/whsy.php?p=%2Fproc%2F27565%2Fnet%2Frpc" "Mozilla/5.0 AppleWebKit/537.36 (KHTML, like Gecko; compatible; GPTBot/1.3; +https://openai.com/gptbot)"
74.7.243.216 - - [01/Mar/2026:13:08:00 +0000] "GET /whsy.php?p=%2Fproc%2F1011 HTTP/2.0" 200 1934 "https://shakcoin.com/whsy.php?p=%2Fproc" "Mozilla/5.0 AppleWebKit/537.36 (KHTML, like Gecko; compatible; GPTBot/1.3; +https://openai.com/gptbot)"
74.7.227.140 - - [01/Mar/2026:13:08:00 +0000] "GET /whsy.php?p=%2Fproc%2F27565%2Fnet%2Frpc%2Fauth.rpcsec.init HTTP/2.0" 200 717 "https://www.shakcoin.com.lab2454.com/whsy.php?p=%2Fproc%2F27565%2Fnet%2Frpc" "Mozilla/5.0 AppleWebKit/537.36 (KHTML, like Gecko; compatible; GPTBot/1.3; +https://openai.com/gptbot)"
74.7.243.216 - - [01/Mar/2026:13:08:09 +0000] "GET /whsy.php?p=%2Fproc%2F1624 HTTP/2.0" 200 913 "https://shakcoin.com/whsy.php?e=kpageflags&p=%2Fproc" "Mozilla/5.0 AppleWebKit/537.36 (KHTML, like Gecko; compatible; GPTBot/1.3; +https://openai.com/gptbot)"
74.7.227.140 - - [01/Mar/2026:13:08:10 +0000] "GET /whsy.php?p=%2Fproc%2F27565%2Fnet%2Frpc%2Fauth.unix.gid HTTP/2.0" 200 746 "https://www.shakcoin.com.lab2454.com/whsy.php?p=%2Fproc%2F27565%2Fnet%2Frpc" "Mozilla/5.0 AppleWebKit/537.36 (KHTML, like Gecko; compatible; GPTBot/1.3; +https://openai.com/gptbot)"
74.7.243.216 - - [01/Mar/2026:13:08:21 +0000] "GET /whsy.php?p=%2Fproc%2F4863 HTTP/2.0" 200 1935 "https://shakcoin.com/whsy.php?p=%2Fproc" "Mozilla/5.0 AppleWebKit/537.36 (KHTML, like Gecko; compatible; GPTBot/1.3; +https://openai.com/gptbot)"
74.7.227.140 - - [01/Mar/2026:13:08:22 +0000] "GET /whsy.php?p=%2Fproc%2F27565%2Fnet%2Frpc%2Fnfs4.idtoname HTTP/2.0" 200 744 "https://www.shakcoin.com.lab2454.com/whsy.php?p=%2Fproc%2F27565%2Fnet%2Frpc" "Mozilla/5.0 AppleWebKit/537.36 (KHTML, like Gecko; compatible; GPTBot/1.3; +https://openai.com/gptbot)"
74.7.243.216 - - [01/Mar/2026:13:08:31 +0000] "GET /whsy.php?p=%2Fproc%2F3753 HTTP/2.0" 200 913 "https://shakcoin.com/whsy.php?e=bootconfig&p=%2Fproc" "Mozilla/5.0 AppleWebKit/537.36 (KHTML, like Gecko; compatible; GPTBot/1.3; +https://openai.com/gptbot)"
74.7.227.140 - - [01/Mar/2026:13:08:31 +0000] "GET /whsy.php?p=%2Fproc%2F27565%2Fnet%2Frpc%2Fnfs4.nametoid HTTP/2.0" 200 743 "https://www.shakcoin.com.lab2454.com/whsy.php?p=%2Fproc%2F27565%2Fnet%2Frpc" "Mozilla/5.0 AppleWebKit/537.36 (KHTML, like Gecko; compatible; GPTBot/1.3; +https://openai.com/gptbot)"
74.7.243.216 - - [01/Mar/2026:13:08:39 +0000] "GET /whsy.php?p=%2Fproc%2F9972 HTTP/2.0" 200 1935 "https://shakcoin.com/whsy.php?p=%2Fproc" "Mozilla/5.0 AppleWebKit/537.36 (KHTML, like Gecko; compatible; GPTBot/1.3; +https://openai.com/gptbot)"
74.7.227.140 - - [01/Mar/2026:13:08:40 +0000] "GET /whsy.php?p=%2Fproc%2F27565%2Fnet%2Frpc%2Fnfsd.fh HTTP/2.0" 200 740 "https://www.shakcoin.com.lab2454.com/whsy.php?p=%2Fproc%2F27565%2Fnet%2Frpc" "Mozilla/5.0 AppleWebKit/537.36 (KHTML, like Gecko; compatible; GPTBot/1.3; +https://openai.com/gptbot)"
74.7.243.216 - - [01/Mar/2026:13:08:51 +0000] "GET /whsy.php?p=%2Fproc%2F1603 HTTP/2.0" 200 913 "https://shakcoin.com/whsy.php?e=kpageflags&p=%2Fproc" "Mozilla/5.0 AppleWebKit/537.36 (KHTML, like Gecko; compatible; GPTBot/1.3; +https://openai.com/gptbot)"
74.7.227.140 - - [01/Mar/2026:13:08:51 +0000] "GET /whsy.php?p=%2Fproc%2F27565%2Fnet%2Frpc%2Fauth.unix.ip HTTP/2.0" 200 745 "https://www.shakcoin.com.lab2454.com/whsy.php?p=%2Fproc%2F27565%2Fnet%2Frpc" "Mozilla/5.0 AppleWebKit/537.36 (KHTML, like Gecko; compatible; GPTBot/1.3; +https://openai.com/gptbot)"
74.7.243.216 - - [01/Mar/2026:13:09:07 +0000] "GET /whsy.php?p=%2Fproc%2F4872 HTTP/2.0" 200 913 "https://shakcoin.com/whsy.php?e=vmallocinfo&p=%2Fproc" "Mozilla/5.0 AppleWebKit/537.36 (KHTML, like Gecko; compatible; GPTBot/1.3; +https://openai.com/gptbot)"
74.7.227.140 - - [01/Mar/2026:13:09:08 +0000] "GET /whsy.php?p=%2Fproc%2F26026%2Fnet%2Fstat HTTP/2.0" 200 913 "https://www.shakcoin.com.lab2454.com/whsy.php?p=%2Fproc%2F26026%2Fnet" "Mozilla/5.0 AppleWebKit/537.36 (KHTML, like Gecko; compatible; GPTBot/1.3; +https://openai.com/gptbot)"
74.7.243.216 - - [01/Mar/2026:13:09:18 +0000] "GET /whsy.php?p=%2Fproc%2F4036 HTTP/2.0" 200 913 "https://shakcoin.com/whsy.php?p=%2Fproc%2F32362%2F.." "Mozilla/5.0 AppleWebKit/537.36 (KHTML, like Gecko; compatible; GPTBot/1.3; +https://openai.com/gptbot)"
74.7.227.140 - - [01/Mar/2026:13:09:18 +0000] "GET /whsy.php?p=%2Fproc%2F26917%2Fnet%2Frpc HTTP/2.0" 200 861 "https://www.shakcoin.com.lab2454.com/whsy.php?p=%2Fproc%2F26917%2Fnet" "Mozilla/5.0 AppleWebKit/537.36 (KHTML, like Gecko; compatible; GPTBot/1.3; +https://openai.com/gptbot)"
74.7.243.216 - - [01/Mar/2026:13:09:29 +0000] "GET /whsy.php?p=%2Fproc%2F3270 HTTP/2.0" 200 913 "https://shakcoin.com/whsy.php?e=vmallocinfo&p=%2Fproc" "Mozilla/5.0 AppleWebKit/537.36 (KHTML, like Gecko; compatible; GPTBot/1.3; +https://openai.com/gptbot)"
74.7.227.140 - - [01/Mar/2026:13:09:29 +0000] "GET /whsy.php?p=%2Fproc%2F28703%2Fnet%2Frpc HTTP/2.0" 200 913 "https://www.shakcoin.com.lab2454.com/whsy.php?p=%2Fproc%2F28703%2Fnet" "Mozilla/5.0 AppleWebKit/537.36 (KHTML, like Gecko; compatible; GPTBot/1.3; +https://openai.com/gptbot)"
74.7.243.216 - - [01/Mar/2026:13:09:37 +0000] "GET /whsy.php?e=pagemap&p=%2Fproc%2F6023 HTTP/2.0" 200 1934 "https://shakcoin.com/whsy.php?p=%2Fproc%2F6023" "Mozilla/5.0 AppleWebKit/537.36 (KHTML, like Gecko; compatible; GPTBot/1.3; +https://openai.com/gptbot)"
74.7.227.140 - - [01/Mar/2026:13:09:37 +0000] "GET /whsy.php?p=%2Fproc%2F21250%2Fnet%2Fstat HTTP/2.0" 200 913 "https://www.shakcoin.com.lab2454.com/whsy.php?p=%2Fproc%2F21250%2Fnet" "Mozilla/5.0 AppleWebKit/537.36 (KHTML, like Gecko; compatible; GPTBot/1.3; +https://openai.com/gptbot)"
74.7.243.216 - - [01/Mar/2026:13:09:47 +0000] "GET /whsy.php?p=%2Fproc%2F3086 HTTP/2.0" 200 1935 "https://shakcoin.com/whsy.php?e=fb&p=%2Fproc" "Mozilla/5.0 AppleWebKit/537.36 (KHTML, like Gecko; compatible; GPTBot/1.3; +https://openai.com/gptbot)"
74.7.227.140 - - [01/Mar/2026:13:09:47 +0000] "GET /whsy.php?p=%2Fproc%2F27565%2Fnet%2Frpc%2Fauth.rpcsec.context%2F.. HTTP/2.0" 200 861 "https://www.shakcoin.com.lab2454.com/whsy.php?p=%2Fproc%2F27565%2Fnet%2Frpc%2Fauth.rpcsec.context" "Mozilla/5.0 AppleWebKit/537.36 (KHTML, like Gecko; compatible; GPTBot/1.3; +https://openai.com/gptbot)"
74.7.243.216 - - [01/Mar/2026:13:09:57 +0000] "GET /whsy.php?e=oom_score_adj&p=%2Fproc%2F1011 HTTP/2.0" 200 2006 "https://shakcoin.com/whsy.php?p=%2Fproc%2F1011" "Mozilla/5.0 AppleWebKit/537.36 (KHTML, like Gecko; compatible; GPTBot/1.3; +https://openai.com/gptbot)"
74.7.227.140 - - [01/Mar/2026:13:09:57 +0000] "GET /whsy.php?p=%2Fproc%2F20784%2Fnet%2Frpc HTTP/2.0" 200 913 "https://www.shakcoin.com.lab2454.com/whsy.php?p=%2Fproc%2F20784%2Fnet" "Mozilla/5.0 AppleWebKit/537.36 (KHTML, like Gecko; compatible; GPTBot/1.3; +https://openai.com/gptbot)"
74.7.243.216 - - [01/Mar/2026:13:10:08 +0000] "GET /whsy.php?p=%2Fproc%2F4583 HTTP/2.0" 200 913 "https://shakcoin.com/whsy.php?e=vmallocinfo&p=%2Fproc" "Mozilla/5.0 AppleWebKit/537.36 (KHTML, like Gecko; compatible; GPTBot/1.3; +https://openai.com/gptbot)"
74.7.227.140 - - [01/Mar/2026:13:10:08 +0000] "GET /whsy.php?p=%2Fproc%2F21014%2Fnet%2Frpc HTTP/2.0" 200 913 "https://www.shakcoin.com.lab2454.com/whsy.php?p=%2Fproc%2F21014%2Fnet" "Mozilla/5.0 AppleWebKit/537.36 (KHTML, like Gecko; compatible; GPTBot/1.3; +https://openai.com/gptbot)"
74.7.243.216 - - [01/Mar/2026:13:10:24 +0000] "GET /whsy.php?e=mem&p=%2Fproc%2F4863 HTTP/2.0" 200 1935 "https://shakcoin.com/whsy.php?p=%2Fproc%2F4863" "Mozilla/5.0 AppleWebKit/537.36 (KHTML, like Gecko; compatible; GPTBot/1.3; +https://openai.com/gptbot)"
74.7.227.140 - - [01/Mar/2026:13:10:25 +0000] "GET /whsy.php?p=%2Fproc%2F26026%2Fnet%2Fsctp HTTP/2.0" 200 913 "https://www.shakcoin.com.lab2454.com/whsy.php?p=%2Fproc%2F26026%2Fnet" "Mozilla/5.0 AppleWebKit/537.36 (KHTML, like Gecko; compatible; GPTBot/1.3; +https://openai.com/gptbot)"
74.7.243.216 - - [01/Mar/2026:13:10:39 +0000] "GET /whsy.php?e=cwd&p=%2Fproc%2F4863 HTTP/2.0" 200 1935 "https://shakcoin.com/whsy.php?p=%2Fproc%2F4863" "Mozilla/5.0 AppleWebKit/537.36 (KHTML, like Gecko; compatible; GPTBot/1.3; +https://openai.com/gptbot)"
74.7.227.140 - - [01/Mar/2026:13:10:40 +0000] "GET /whsy.php?p=%2Fproc%2F20784%2Fnet%2Fsctp HTTP/2.0" 200 913 "https://www.shakcoin.com.lab2454.com/whsy.php?p=%2Fproc%2F20784%2Fnet" "Mozilla/5.0 AppleWebKit/537.36 (KHTML, like Gecko; compatible; GPTBot/1.3; +https://openai.com/gptbot)"
74.7.243.216 - - [01/Mar/2026:13:10:48 +0000] "GET /whsy.php?e=oom_score_adj&p=%2Fproc%2F9972 HTTP/2.0" 200 2006 "https://shakcoin.com/whsy.php?p=%2Fproc%2F9972" "Mozilla/5.0 AppleWebKit/537.36 (KHTML, like Gecko; compatible; GPTBot/1.3; +https://openai.com/gptbot)"
74.7.227.140 - - [01/Mar/2026:13:10:48 +0000] "GET /whsy.php?p=%2Fproc%2F26918%2Fnet%2Frpc HTTP/2.0" 200 860 "https://www.shakcoin.com.lab2454.com/whsy.php?p=%2Fproc%2F26918%2Fnet" "Mozilla/5.0 AppleWebKit/537.36 (KHTML, like Gecko; compatible; GPTBot/1.3; +https://openai.com/gptbot)"
74.7.243.216 - - [01/Mar/2026:13:10:55 +0000] "GET /whsy.php?e=timerslack_ns&p=%2Fproc%2F4863 HTTP/2.0" 200 2006 "https://shakcoin.com/whsy.php?p=%2Fproc%2F4863" "Mozilla/5.0 AppleWebKit/537.36 (KHTML, like Gecko; compatible; GPTBot/1.3; +https://openai.com/gptbot)"
74.7.227.140 - - [01/Mar/2026:13:10:56 +0000] "GET /whsy.php?p=%2Fproc%2F21250%2Fnet%2Frpc HTTP/2.0" 200 913 "https://www.shakcoin.com.lab2454.com/whsy.php?p=%2Fproc%2F21250%2Fnet" "Mozilla/5.0 AppleWebKit/537.36 (KHTML, like Gecko; compatible; GPTBot/1.3; +https://openai.com/gptbot)"
74.7.243.216 - - [01/Mar/2026:13:11:11 +0000] "GET /whsy.php?p=%2Fproc%2F4865 HTTP/2.0" 200 913 "https://shakcoin.com/whsy.php?e=vmallocinfo&p=%2Fproc" "Mozilla/5.0 AppleWebKit/537.36 (KHTML, like Gecko; compatible; GPTBot/1.3; +https://openai.com/gptbot)"
74.7.227.140 - - [01/Mar/2026:13:11:12 +0000] "GET /whsy.php?p=%2Fproc%2F18632%2Fnet%2Frpc HTTP/2.0" 200 861 "https://www.shakcoin.com.lab2454.com/whsy.php?p=%2Fproc%2F18632%2Fnet" "Mozilla/5.0 AppleWebKit/537.36 (KHTML, like Gecko; compatible; GPTBot/1.3; +https://openai.com/gptbot)"
74.7.243.216 - - [01/Mar/2026:13:11:24 +0000] "GET /whsy.php?p=%2Fproc%2F4764 HTTP/2.0" 200 913 "https://shakcoin.com/whsy.php?e=vmallocinfo&p=%2Fproc" "Mozilla/5.0 AppleWebKit/537.36 (KHTML, like Gecko; compatible; GPTBot/1.3; +https://openai.com/gptbot)"
74.7.227.140 - - [01/Mar/2026:13:11:24 +0000] "GET /whsy.php?p=%2Fproc%2F26917%2Fnet%2Frpc%2Fauth.unix.gid HTTP/2.0" 200 745 "https://www.shakcoin.com.lab2454.com/whsy.php?p=%2Fproc%2F26917%2Fnet%2Frpc" "Mozilla/5.0 AppleWebKit/537.36 (KHTML, like Gecko; compatible; GPTBot/1.3; +https://openai.com/gptbot)"
74.7.244.10 - - [01/Mar/2026:13:11:25 +0000] "GET /robots.txt HTTP/2.0" 404 - "-" "Mozilla/5.0 (Macintosh; Intel Mac OS X 10_15_7) AppleWebKit/537.36 (KHTML, like Gecko) Chrome/131.0.0.0 Safari/537.36; compatible; OAI-SearchBot/1.3; robots.txt; +https://openai.com/searchbot"
74.7.243.216 - - [01/Mar/2026:13:11:31 +0000] "GET /whsy.php?p=%2Fproc%2F5237 HTTP/2.0" 200 913 "https://shakcoin.com/whsy.php?p=%2Fproc%2F12727%2F.." "Mozilla/5.0 AppleWebKit/537.36 (KHTML, like Gecko; compatible; GPTBot/1.3; +https://openai.com/gptbot)"
74.7.227.140 - - [01/Mar/2026:13:11:32 +0000] "GET /whsy.php?p=%2Fproc%2F26917%2Fnet%2Frpc%2Fnfs4.nametoid HTTP/2.0" 200 743 "https://www.shakcoin.com.lab2454.com/whsy.php?p=%2Fproc%2F26917%2Fnet%2Frpc" "Mozilla/5.0 AppleWebKit/537.36 (KHTML, like Gecko; compatible; GPTBot/1.3; +https://openai.com/gptbot)"
74.7.243.216 - - [01/Mar/2026:13:11:42 +0000] "GET /whsy.php?p=%2Fproc%2F3977 HTTP/2.0" 200 913 "https://shakcoin.com/whsy.php?p=%2Fproc" "Mozilla/5.0 AppleWebKit/537.36 (KHTML, like Gecko; compatible; GPTBot/1.3; +https://openai.com/gptbot)"
74.7.227.140 - - [01/Mar/2026:13:11:42 +0000] "GET /whsy.php?p=%2Fproc%2F26917%2Fnet%2Frpc%2Fnfs4.idtoname HTTP/2.0" 200 743 "https://www.shakcoin.com.lab2454.com/whsy.php?p=%2Fproc%2F26917%2Fnet%2Frpc" "Mozilla/5.0 AppleWebKit/537.36 (KHTML, like Gecko; compatible; GPTBot/1.3; +https://openai.com/gptbot)"
74.7.243.216 - - [01/Mar/2026:13:11:50 +0000] "GET /whsy.php?e=mem&p=%2Fproc%2F3086 HTTP/2.0" 200 1935 "https://shakcoin.com/whsy.php?p=%2Fproc%2F3086" "Mozilla/5.0 AppleWebKit/537.36 (KHTML, like Gecko; compatible; GPTBot/1.3; +https://openai.com/gptbot)"
74.7.227.140 - - [01/Mar/2026:13:11:50 +0000] "GET /whsy.php?p=%2Fproc%2F26917%2Fnet%2Frpc%2Fnfsd.export HTTP/2.0" 200 742 "https://www.shakcoin.com.lab2454.com/whsy.php?p=%2Fproc%2F26917%2Fnet%2Frpc" "Mozilla/5.0 AppleWebKit/537.36 (KHTML, like Gecko; compatible; GPTBot/1.3; +https://openai.com/gptbot)"
74.7.243.216 - - [01/Mar/2026:13:11:58 +0000] "GET /whsy.php?e=cwd&p=%2Fproc%2F3086 HTTP/2.0" 200 1935 "https://shakcoin.com/whsy.php?p=%2Fproc%2F3086" "Mozilla/5.0 AppleWebKit/537.36 (KHTML, like Gecko; compatible; GPTBot/1.3; +https://openai.com/gptbot)"
74.7.227.140 - - [01/Mar/2026:13:11:58 +0000] "GET /whsy.php?p=%2Fproc%2F26917%2Fnet%2Frpc%2Fauth.rpcsec.context HTTP/2.0" 200 718 "https://www.shakcoin.com.lab2454.com/whsy.php?p=%2Fproc%2F26917%2Fnet%2Frpc" "Mozilla/5.0 AppleWebKit/537.36 (KHTML, like Gecko; compatible; GPTBot/1.3; +https://openai.com/gptbot)"
74.7.243.216 - - [01/Mar/2026:13:12:03 +0000] "GET /whsy.php?e=exe&p=%2Fproc%2F3086 HTTP/2.0" 200 1935 "https://shakcoin.com/whsy.php?p=%2Fproc%2F3086" "Mozilla/5.0 AppleWebKit/537.36 (KHTML, like Gecko; compatible; GPTBot/1.3; +https://openai.com/gptbot)"
74.7.227.140 - - [01/Mar/2026:13:12:04 +0000] "GET /whsy.php?p=%2Fproc%2F26917%2Fnet%2Frpc%2Fauth.unix.ip HTTP/2.0" 200 744 "https://www.shakcoin.com.lab2454.com/whsy.php?p=%2Fproc%2F26917%2Fnet%2Frpc" "Mozilla/5.0 AppleWebKit/537.36 (KHTML, like Gecko; compatible; GPTBot/1.3; +https://openai.com/gptbot)"
74.7.243.216 - - [01/Mar/2026:13:12:08 +0000] "GET /whsy.php?e=timerslack_ns&p=%2Fproc%2F3086 HTTP/2.0" 200 2005 "https://shakcoin.com/whsy.php?p=%2Fproc%2F3086" "Mozilla/5.0 AppleWebKit/537.36 (KHTML, like Gecko; compatible; GPTBot/1.3; +https://openai.com/gptbot)"
74.7.227.140 - - [01/Mar/2026:13:12:08 +0000] "GET /whsy.php?p=%2Fproc%2F26917%2Fnet%2Frpc%2Fauth.rpcsec.init HTTP/2.0" 200 716 "https://www.shakcoin.com.lab2454.com/whsy.php?p=%2Fproc%2F26917%2Fnet%2Frpc" "Mozilla/5.0 AppleWebKit/537.36 (KHTML, like Gecko; compatible; GPTBot/1.3; +https://openai.com/gptbot)"
74.7.243.216 - - [01/Mar/2026:13:12:12 +0000] "GET /whsy.php?p=%2Fproc%2F2977 HTTP/2.0" 200 913 "https://shakcoin.com/whsy.php?e=vmallocinfo&p=%2Fproc" "Mozilla/5.0 AppleWebKit/537.36 (KHTML, like Gecko; compatible; GPTBot/1.3; +https://openai.com/gptbot)"
74.7.227.140 - - [01/Mar/2026:13:12:12 +0000] "GET /whsy.php?p=%2Fproc%2F26917%2Fnet%2Frpc%2Fnfsd.fh HTTP/2.0" 200 739 "https://www.shakcoin.com.lab2454.com/whsy.php?p=%2Fproc%2F26917%2Fnet%2Frpc" "Mozilla/5.0 AppleWebKit/537.36 (KHTML, like Gecko; compatible; GPTBot/1.3; +https://openai.com/gptbot)"
74.7.243.216 - - [01/Mar/2026:13:12:16 +0000] "GET /whsy.php?p=%2Fproc%2F7830 HTTP/2.0" 200 913 "https://shakcoin.com/whsy.php?e=bootconfig&p=%2Fproc" "Mozilla/5.0 AppleWebKit/537.36 (KHTML, like Gecko; compatible; GPTBot/1.3; +https://openai.com/gptbot)"
74.7.227.140 - - [01/Mar/2026:13:12:17 +0000] "GET /whsy.php?p=%2Fproc%2F26918%2Fnet%2Frpc%2Fauth.unix.gid HTTP/2.0" 200 745 "https://www.shakcoin.com.lab2454.com/whsy.php?p=%2Fproc%2F26918%2Fnet%2Frpc" "Mozilla/5.0 AppleWebKit/537.36 (KHTML, like Gecko; compatible; GPTBot/1.3; +https://openai.com/gptbot)"
74.7.243.216 - - [01/Mar/2026:13:12:21 +0000] "GET /whsy.php?p=%2Fproc%2F7217 HTTP/2.0" 200 913 "https://shakcoin.com/whsy.php?p=%2Fproc%2Facpi%2F.." "Mozilla/5.0 AppleWebKit/537.36 (KHTML, like Gecko; compatible; GPTBot/1.3; +https://openai.com/gptbot)"
74.7.227.140 - - [01/Mar/2026:13:12:21 +0000] "GET /whsy.php?p=%2Fproc%2F26918%2Fnet%2Frpc%2Fnfs4.nametoid HTTP/2.0" 200 742 "https://www.shakcoin.com.lab2454.com/whsy.php?p=%2Fproc%2F26918%2Fnet%2Frpc" "Mozilla/5.0 AppleWebKit/537.36 (KHTML, like Gecko; compatible; GPTBot/1.3; +https://openai.com/gptbot)"
74.7.243.216 - - [01/Mar/2026:13:12:25 +0000] "GET /whsy.php?p=%2Fproc%2F1428 HTTP/2.0" 200 913 "https://shakcoin.com/whsy.php?e=vmallocinfo&p=%2Fproc" "Mozilla/5.0 AppleWebKit/537.36 (KHTML, like Gecko; compatible; GPTBot/1.3; +https://openai.com/gptbot)"
74.7.227.140 - - [01/Mar/2026:13:12:25 +0000] "GET /whsy.php?p=%2Fproc%2F18632%2Fnet%2Frpc%2Fauth.unix.gid HTTP/2.0" 200 745 "https://www.shakcoin.com.lab2454.com/whsy.php?p=%2Fproc%2F18632%2Fnet%2Frpc" "Mozilla/5.0 AppleWebKit/537.36 (KHTML, like Gecko; compatible; GPTBot/1.3; +https://openai.com/gptbot)"
74.7.243.216 - - [01/Mar/2026:13:12:29 +0000] "GET /whsy.php?p=%2Fproc%2F4827 HTTP/2.0" 200 913 "https://shakcoin.com/whsy.php?e=vmallocinfo&p=%2Fproc" "Mozilla/5.0 AppleWebKit/537.36 (KHTML, like Gecko; compatible; GPTBot/1.3; +https://openai.com/gptbot)"
74.7.227.140 - - [01/Mar/2026:13:12:29 +0000] "GET /whsy.php?p=%2Fproc%2F18632%2Fnet%2Frpc%2Fnfs4.idtoname HTTP/2.0" 200 744 "https://www.shakcoin.com.lab2454.com/whsy.php?p=%2Fproc%2F18632%2Fnet%2Frpc" "Mozilla/5.0 AppleWebKit/537.36 (KHTML, like Gecko; compatible; GPTBot/1.3; +https://openai.com/gptbot)"
74.7.243.216 - - [01/Mar/2026:13:12:33 +0000] "GET /whsy.php?p=%2Fproc%2F7872 HTTP/2.0" 200 913 "https://shakcoin.com/whsy.php?e=kpageflags&p=%2Fproc" "Mozilla/5.0 AppleWebKit/537.36 (KHTML, like Gecko; compatible; GPTBot/1.3; +https://openai.com/gptbot)"
74.7.227.140 - - [01/Mar/2026:13:12:34 +0000] "GET /whsy.php?p=%2Fproc%2F26918%2Fnet%2Frpc%2Fnfs4.idtoname HTTP/2.0" 200 742 "https://www.shakcoin.com.lab2454.com/whsy.php?p=%2Fproc%2F26918%2Fnet%2Frpc" "Mozilla/5.0 AppleWebKit/537.36 (KHTML, like Gecko; compatible; GPTBot/1.3; +https://openai.com/gptbot)"
74.7.243.216 - - [01/Mar/2026:13:12:38 +0000] "GET /whsy.php?p=%2Fproc%2F6879 HTTP/2.0" 200 913 "https://shakcoin.com/whsy.php?p=%2Fproc%2F22338%2F.." "Mozilla/5.0 AppleWebKit/537.36 (KHTML, like Gecko; compatible; GPTBot/1.3; +https://openai.com/gptbot)"
74.7.227.140 - - [01/Mar/2026:13:12:38 +0000] "GET /whsy.php?p=%2Fproc%2F18632%2Fnet%2Frpc%2Fnfs4.nametoid HTTP/2.0" 200 743 "https://www.shakcoin.com.lab2454.com/whsy.php?p=%2Fproc%2F18632%2Fnet%2Frpc" "Mozilla/5.0 AppleWebKit/537.36 (KHTML, like Gecko; compatible; GPTBot/1.3; +https://openai.com/gptbot)"
74.7.243.216 - - [01/Mar/2026:13:12:42 +0000] "GET /whsy.php?p=%2Fproc%2F4613 HTTP/2.0" 200 913 "https://shakcoin.com/whsy.php?e=vmallocinfo&p=%2Fproc" "Mozilla/5.0 AppleWebKit/537.36 (KHTML, like Gecko; compatible; GPTBot/1.3; +https://openai.com/gptbot)"
74.7.227.140 - - [01/Mar/2026:13:12:42 +0000] "GET /whsy.php?p=%2Fproc%2F26918%2Fnet%2Frpc%2Fnfsd.export HTTP/2.0" 200 740 "https://www.shakcoin.com.lab2454.com/whsy.php?p=%2Fproc%2F26918%2Fnet%2Frpc" "Mozilla/5.0 AppleWebKit/537.36 (KHTML, like Gecko; compatible; GPTBot/1.3; +https://openai.com/gptbot)"
74.7.243.216 - - [01/Mar/2026:13:12:47 +0000] "GET /whsy.php?p=%2Fproc%2F2668 HTTP/2.0" 200 913 "https://shakcoin.com/whsy.php?p=%2Fproc%2F32362%2F.." "Mozilla/5.0 AppleWebKit/537.36 (KHTML, like Gecko; compatible; GPTBot/1.3; +https://openai.com/gptbot)"
74.7.227.140 - - [01/Mar/2026:13:12:47 +0000] "GET /whsy.php?p=%2Fproc%2F18632%2Fnet%2Frpc%2Fnfsd.export HTTP/2.0" 200 742 "https://www.shakcoin.com.lab2454.com/whsy.php?p=%2Fproc%2F18632%2Fnet%2Frpc" "Mozilla/5.0 AppleWebKit/537.36 (KHTML, like Gecko; compatible; GPTBot/1.3; +https://openai.com/gptbot)"
74.7.243.216 - - [01/Mar/2026:13:12:51 +0000] "GET /whsy.php?p=%2Fproc%2F5201 HTTP/2.0" 200 913 "https://shakcoin.com/whsy.php?e=fb&p=%2Fproc" "Mozilla/5.0 AppleWebKit/537.36 (KHTML, like Gecko; compatible; GPTBot/1.3; +https://openai.com/gptbot)"
74.7.227.140 - - [01/Mar/2026:13:12:51 +0000] "GET /whsy.php?p=%2Fproc%2F18632%2Fnet%2Frpc%2Fauth.rpcsec.context HTTP/2.0" 200 718 "https://www.shakcoin.com.lab2454.com/whsy.php?p=%2Fproc%2F18632%2Fnet%2Frpc" "Mozilla/5.0 AppleWebKit/537.36 (KHTML, like Gecko; compatible; GPTBot/1.3; +https://openai.com/gptbot)"
74.7.243.216 - - [01/Mar/2026:13:12:56 +0000] "GET /whsy.php?p=%2Fproc%2F3823 HTTP/2.0" 200 1935 "https://shakcoin.com/whsy.php?p=%2Fproc" "Mozilla/5.0 AppleWebKit/537.36 (KHTML, like Gecko; compatible; GPTBot/1.3; +https://openai.com/gptbot)"
74.7.227.140 - - [01/Mar/2026:13:12:56 +0000] "GET /whsy.php?p=%2Fproc%2F26918%2Fnet%2Frpc%2Fauth.rpcsec.context HTTP/2.0" 200 717 "https://www.shakcoin.com.lab2454.com/whsy.php?p=%2Fproc%2F26918%2Fnet%2Frpc" "Mozilla/5.0 AppleWebKit/537.36 (KHTML, like Gecko; compatible; GPTBot/1.3; +https://openai.com/gptbot)"
74.7.243.216 - - [01/Mar/2026:13:13:00 +0000] "GET /whsy.php?p=%2Fproc%2F3663 HTTP/2.0" 200 913 "https://shakcoin.com/whsy.php?p=%2Fproc%2F32362%2F.." "Mozilla/5.0 AppleWebKit/537.36 (KHTML, like Gecko; compatible; GPTBot/1.3; +https://openai.com/gptbot)"
74.7.227.140 - - [01/Mar/2026:13:13:00 +0000] "GET /whsy.php?p=%2Fproc%2F26917%2Fnet%2Frpc%2Fauth.rpcsec.context%2F.. HTTP/2.0" 200 861 "https://www.shakcoin.com.lab2454.com/whsy.php?p=%2Fproc%2F26917%2Fnet%2Frpc%2Fauth.rpcsec.context" "Mozilla/5.0 AppleWebKit/537.36 (KHTML, like Gecko; compatible; GPTBot/1.3; +https://openai.com/gptbot)"
74.7.243.216 - - [01/Mar/2026:13:13:04 +0000] "GET /whsy.php?p=%2Fproc%2F4869 HTTP/2.0" 200 913 "https://shakcoin.com/whsy.php?e=vmallocinfo&p=%2Fproc" "Mozilla/5.0 AppleWebKit/537.36 (KHTML, like Gecko; compatible; GPTBot/1.3; +https://openai.com/gptbot)"
74.7.227.140 - - [01/Mar/2026:13:13:04 +0000] "GET /whsy.php?p=%2Fproc%2F26918%2Fnet%2Frpc%2Fauth.unix.ip HTTP/2.0" 200 743 "https://www.shakcoin.com.lab2454.com/whsy.php?p=%2Fproc%2F26918%2Fnet%2Frpc" "Mozilla/5.0 AppleWebKit/537.36 (KHTML, like Gecko; compatible; GPTBot/1.3; +https://openai.com/gptbot)"
74.7.243.216 - - [01/Mar/2026:13:13:08 +0000] "GET /whsy.php?p=%2Fproc%2F4091 HTTP/2.0" 200 913 "https://shakcoin.com/whsy.php?p=%2Fproc%2F32362%2F.." "Mozilla/5.0 AppleWebKit/537.36 (KHTML, like Gecko; compatible; GPTBot/1.3; +https://openai.com/gptbot)"
74.7.227.140 - - [01/Mar/2026:13:13:09 +0000] "GET /whsy.php?p=%2Fproc%2F18632%2Fnet%2Frpc%2Fauth.unix.ip HTTP/2.0" 200 744 "https://www.shakcoin.com.lab2454.com/whsy.php?p=%2Fproc%2F18632%2Fnet%2Frpc" "Mozilla/5.0 AppleWebKit/537.36 (KHTML, like Gecko; compatible; GPTBot/1.3; +https://openai.com/gptbot)"
74.7.243.216 - - [01/Mar/2026:13:13:13 +0000] "GET /whsy.php?p=%2Fproc%2F4854 HTTP/2.0" 200 913 "https://shakcoin.com/whsy.php?e=vmallocinfo&p=%2Fproc" "Mozilla/5.0 AppleWebKit/537.36 (KHTML, like Gecko; compatible; GPTBot/1.3; +https://openai.com/gptbot)"
74.7.227.140 - - [01/Mar/2026:13:13:13 +0000] "GET /whsy.php?p=%2Fproc%2F18632%2Fnet%2Frpc%2Fauth.rpcsec.init HTTP/2.0" 200 716 "https://www.shakcoin.com.lab2454.com/whsy.php?p=%2Fproc%2F18632%2Fnet%2Frpc" "Mozilla/5.0 AppleWebKit/537.36 (KHTML, like Gecko; compatible; GPTBot/1.3; +https://openai.com/gptbot)"
74.7.243.216 - - [01/Mar/2026:13:13:17 +0000] "GET /whsy.php?p=%2Fproc%2F1007 HTTP/2.0" 200 1935 "https://shakcoin.com/whsy.php?p=%2Fproc" "Mozilla/5.0 AppleWebKit/537.36 (KHTML, like Gecko; compatible; GPTBot/1.3; +https://openai.com/gptbot)"
74.7.227.140 - - [01/Mar/2026:13:13:18 +0000] "GET /whsy.php?p=%2Fproc%2F26918%2Fnet%2Frpc%2Fauth.rpcsec.init HTTP/2.0" 200 715 "https://www.shakcoin.com.lab2454.com/whsy.php?p=%2Fproc%2F26918%2Fnet%2Frpc" "Mozilla/5.0 AppleWebKit/537.36 (KHTML, like Gecko; compatible; GPTBot/1.3; +https://openai.com/gptbot)"
