74.7.243.216 - - [01/Mar/2026:12:42:42 +0000] "GET /whsy.php?e=878dca65058694dd5a4f399c328429b2&p=%2Ftmp HTTP/2.0" 200 21062 "https://shakcoin.com/whsy.php?p=%2F%2Ftmp" "Mozilla/5.0 AppleWebKit/537.36 (KHTML, like Gecko; compatible; GPTBot/1.3; +https://openai.com/gptbot)"
74.7.243.216 - - [01/Mar/2026:12:42:52 +0000] "GET /whsy.php?e=48f92a3f211eca04a37d51e10966b1c9&p=%2Ftmp HTTP/2.0" 200 21082 "https://shakcoin.com/whsy.php?p=%2F%2Ftmp" "Mozilla/5.0 AppleWebKit/537.36 (KHTML, like Gecko; compatible; GPTBot/1.3; +https://openai.com/gptbot)"
74.7.243.216 - - [01/Mar/2026:12:43:08 +0000] "GET /whsy.php?e=82fc2b35da70985e1f643d5853ed19a2&p=%2Ftmp HTTP/2.0" 200 23821 "https://shakcoin.com/whsy.php?p=%2F%2Ftmp" "Mozilla/5.0 AppleWebKit/537.36 (KHTML, like Gecko; compatible; GPTBot/1.3; +https://openai.com/gptbot)"
74.7.243.216 - - [01/Mar/2026:12:43:16 +0000] "GET /whsy.php?e=56c670443948b93f58c533408e8bbd1f&p=%2Ftmp HTTP/2.0" 200 21063 "https://shakcoin.com/whsy.php?p=%2F%2Ftmp" "Mozilla/5.0 AppleWebKit/537.36 (KHTML, like Gecko; compatible; GPTBot/1.3; +https://openai.com/gptbot)"
74.7.243.216 - - [01/Mar/2026:12:43:24 +0000] "GET /whsy.php?e=19a7e48508edcef59c672a19b87699f1&p=%2Ftmp HTTP/2.0" 200 23818 "https://shakcoin.com/whsy.php?p=%2F%2Ftmp" "Mozilla/5.0 AppleWebKit/537.36 (KHTML, like Gecko; compatible; GPTBot/1.3; +https://openai.com/gptbot)"
74.7.227.140 - - [01/Mar/2026:12:43:26 +0000] "GET /whsy.php?p=%2Fproc%2F11146%2Ftask%2F11238%2Fattr HTTP/2.0" 200 818 "https://www.shakcoin.com.lab2454.com/whsy.php?p=%2Fproc%2F11146%2Ftask%2F11238" "Mozilla/5.0 AppleWebKit/537.36 (KHTML, like Gecko; compatible; GPTBot/1.3; +https://openai.com/gptbot)"
74.7.243.216 - - [01/Mar/2026:12:43:30 +0000] "GET /whsy.php?e=3d8eed52b7c4cbf0e50660175215a60b&p=%2Ftmp HTTP/2.0" 200 23819 "https://shakcoin.com/whsy.php?p=%2F%2Ftmp" "Mozilla/5.0 AppleWebKit/537.36 (KHTML, like Gecko; compatible; GPTBot/1.3; +https://openai.com/gptbot)"
74.7.243.216 - - [01/Mar/2026:12:43:37 +0000] "GET /whsy.php?e=1abd9f66a3d567574f4a1e9912034dda&p=%2Ftmp HTTP/2.0" 200 21045 "https://shakcoin.com/whsy.php?p=%2F%2Ftmp" "Mozilla/5.0 AppleWebKit/537.36 (KHTML, like Gecko; compatible; GPTBot/1.3; +https://openai.com/gptbot)"
74.7.243.216 - - [01/Mar/2026:12:43:42 +0000] "GET /whsy.php?p=%2Fproc%2F11197%2Ftask%2F.. HTTP/2.0" 200 1935 "https://shakcoin.com/whsy.php?p=%2Fproc%2F11197%2Ftask" "Mozilla/5.0 AppleWebKit/537.36 (KHTML, like Gecko; compatible; GPTBot/1.3; +https://openai.com/gptbot)"
74.7.243.216 - - [01/Mar/2026:12:43:47 +0000] "GET /whsy.php?p=%2Fproc%2F4828 HTTP/2.0" 200 913 "https://shakcoin.com/whsy.php?e=vmallocinfo&p=%2Fproc" "Mozilla/5.0 AppleWebKit/537.36 (KHTML, like Gecko; compatible; GPTBot/1.3; +https://openai.com/gptbot)"
74.7.243.216 - - [01/Mar/2026:12:43:52 +0000] "GET /whsy.php?p=%2Fproc%2F7664 HTTP/2.0" 200 913 "https://shakcoin.com/whsy.php?e=kpageflags&p=%2Fproc" "Mozilla/5.0 AppleWebKit/537.36 (KHTML, like Gecko; compatible; GPTBot/1.3; +https://openai.com/gptbot)"
74.7.243.216 - - [01/Mar/2026:12:44:01 +0000] "GET /whsy.php?p=%2Fproc%2F6935 HTTP/2.0" 200 913 "https://shakcoin.com/whsy.php?p=%2Fproc%2F32362%2F.." "Mozilla/5.0 AppleWebKit/537.36 (KHTML, like Gecko; compatible; GPTBot/1.3; +https://openai.com/gptbot)"
74.7.175.188 - - [01/Mar/2026:12:44:01 +0000] "GET /robots.txt HTTP/2.0" 404 - "-" "Mozilla/5.0 (Macintosh; Intel Mac OS X 10_15_7) AppleWebKit/537.36 (KHTML, like Gecko) Chrome/131.0.0.0 Safari/537.36; compatible; OAI-SearchBot/1.3; robots.txt; +https://openai.com/searchbot"
74.7.243.216 - - [01/Mar/2026:12:44:10 +0000] "GET /whsy.php?p=%2Fproc%2F9707 HTTP/2.0" 200 913 "https://shakcoin.com/whsy.php?p=%2Fproc%2F32362%2F.." "Mozilla/5.0 AppleWebKit/537.36 (KHTML, like Gecko; compatible; GPTBot/1.3; +https://openai.com/gptbot)"
74.7.243.216 - - [01/Mar/2026:12:44:19 +0000] "GET /whsy.php?p=%2Fproc%2F4862 HTTP/2.0" 200 913 "https://shakcoin.com/whsy.php?e=vmallocinfo&p=%2Fproc" "Mozilla/5.0 AppleWebKit/537.36 (KHTML, like Gecko; compatible; GPTBot/1.3; +https://openai.com/gptbot)"
74.7.227.140 - - [01/Mar/2026:12:44:19 +0000] "GET /whsy.php?p=%2Fproc%2F11146%2Ftask%2F11238%2Fnet HTTP/2.0" 200 2466 "https://www.shakcoin.com.lab2454.com/whsy.php?p=%2Fproc%2F11146%2Ftask%2F11238" "Mozilla/5.0 AppleWebKit/537.36 (KHTML, like Gecko; compatible; GPTBot/1.3; +https://openai.com/gptbot)"
74.7.243.216 - - [01/Mar/2026:12:44:25 +0000] "GET /whsy.php?p=%2Fproc%2F9764 HTTP/2.0" 200 913 "https://shakcoin.com/whsy.php?p=%2Fproc%2F32362%2F.." "Mozilla/5.0 AppleWebKit/537.36 (KHTML, like Gecko; compatible; GPTBot/1.3; +https://openai.com/gptbot)"
74.7.243.216 - - [01/Mar/2026:12:44:33 +0000] "GET /whsy.php?p=%2Fproc%2F8306 HTTP/2.0" 200 913 "https://shakcoin.com/whsy.php?p=%2Fproc%2Facpi%2F.." "Mozilla/5.0 AppleWebKit/537.36 (KHTML, like Gecko; compatible; GPTBot/1.3; +https://openai.com/gptbot)"
74.7.243.216 - - [01/Mar/2026:12:44:52 +0000] "GET /whsy.php?p=%2Fproc%2F5972 HTTP/2.0" 200 913 "https://shakcoin.com/whsy.php?p=%2Fproc%2Facpi%2F.." "Mozilla/5.0 AppleWebKit/537.36 (KHTML, like Gecko; compatible; GPTBot/1.3; +https://openai.com/gptbot)"
74.7.243.216 - - [01/Mar/2026:12:45:05 +0000] "GET /whsy.php?p=%2Fproc%2F7825 HTTP/2.0" 200 1935 "https://shakcoin.com/whsy.php?e=kpageflags&p=%2Fproc" "Mozilla/5.0 AppleWebKit/537.36 (KHTML, like Gecko; compatible; GPTBot/1.3; +https://openai.com/gptbot)"
74.7.243.216 - - [01/Mar/2026:12:45:16 +0000] "GET /whsy.php?p=%2Fproc%2F3933 HTTP/2.0" 200 913 "https://shakcoin.com/whsy.php?e=fb&p=%2Fproc" "Mozilla/5.0 AppleWebKit/537.36 (KHTML, like Gecko; compatible; GPTBot/1.3; +https://openai.com/gptbot)"
74.7.227.140 - - [01/Mar/2026:12:45:08 +0000] "GET /whsy.php?p=%2Fproc%2F11146%2Ftask%2F11238%2Fns HTTP/2.0" 200 815120 "https://www.shakcoin.com.lab2454.com/whsy.php?p=%2Fproc%2F11146%2Ftask%2F11238" "Mozilla/5.0 AppleWebKit/537.36 (KHTML, like Gecko; compatible; GPTBot/1.3; +https://openai.com/gptbot)"
74.7.244.10 - - [01/Mar/2026:12:45:38 +0000] "GET /robots.txt HTTP/2.0" 404 - "-" "Mozilla/5.0 (Macintosh; Intel Mac OS X 10_15_7) AppleWebKit/537.36 (KHTML, like Gecko) Chrome/131.0.0.0 Safari/537.36; compatible; OAI-SearchBot/1.3; robots.txt; +https://openai.com/searchbot"
74.7.243.216 - - [01/Mar/2026:12:45:38 +0000] "GET /whsy.php?p=%2Fproc%2F1009 HTTP/2.0" 200 1934 "https://shakcoin.com/whsy.php?p=%2Fproc" "Mozilla/5.0 AppleWebKit/537.36 (KHTML, like Gecko; compatible; GPTBot/1.3; +https://openai.com/gptbot)"
74.7.243.216 - - [01/Mar/2026:12:45:53 +0000] "GET /whsy.php?p=%2Fproc%2F4197 HTTP/2.0" 200 913 "https://shakcoin.com/whsy.php?p=%2Fproc%2F32362%2F.." "Mozilla/5.0 AppleWebKit/537.36 (KHTML, like Gecko; compatible; GPTBot/1.3; +https://openai.com/gptbot)"
74.7.243.216 - - [01/Mar/2026:12:46:09 +0000] "GET /whsy.php?p=%2Fproc%2F6092 HTTP/2.0" 200 913 "https://shakcoin.com/whsy.php?e=bootconfig&p=%2Fproc" "Mozilla/5.0 AppleWebKit/537.36 (KHTML, like Gecko; compatible; GPTBot/1.3; +https://openai.com/gptbot)"
74.7.243.216 - - [01/Mar/2026:12:46:19 +0000] "GET /whsy.php?p=%2Fproc%2F9974 HTTP/2.0" 200 1935 "https://shakcoin.com/whsy.php?p=%2Fproc" "Mozilla/5.0 AppleWebKit/537.36 (KHTML, like Gecko; compatible; GPTBot/1.3; +https://openai.com/gptbot)"
74.7.227.140 - - [01/Mar/2026:12:45:56 +0000] "GET /whsy.php?p=%2Fproc%2F11146%2Ftask%2F11238%2Ffd HTTP/2.0" 200 806961 "https://www.shakcoin.com.lab2454.com/whsy.php?p=%2Fproc%2F11146%2Ftask%2F11238" "Mozilla/5.0 AppleWebKit/537.36 (KHTML, like Gecko; compatible; GPTBot/1.3; +https://openai.com/gptbot)"
74.7.243.216 - - [01/Mar/2026:12:46:34 +0000] "GET /whsy.php?p=%2Fproc%2F9667 HTTP/2.0" 200 913 "https://shakcoin.com/whsy.php?p=%2Fproc%2Facpi%2F.." "Mozilla/5.0 AppleWebKit/537.36 (KHTML, like Gecko; compatible; GPTBot/1.3; +https://openai.com/gptbot)"
74.7.243.216 - - [01/Mar/2026:12:46:46 +0000] "GET /whsy.php?p=%2Fproc%2F3643 HTTP/2.0" 200 1934 "https://shakcoin.com/whsy.php?p=%2Fproc%2F32362%2F.." "Mozilla/5.0 AppleWebKit/537.36 (KHTML, like Gecko; compatible; GPTBot/1.3; +https://openai.com/gptbot)"
74.7.227.140 - - [01/Mar/2026:12:46:51 +0000] "GET /whsy.php?e=current&p=%2Fproc%2F11146%2Ftask%2F11239%2Fattr HTTP/2.0" 200 869 "https://www.shakcoin.com.lab2454.com/whsy.php?p=%2Fproc%2F11146%2Ftask%2F11239%2Fattr" "Mozilla/5.0 AppleWebKit/537.36 (KHTML, like Gecko; compatible; GPTBot/1.3; +https://openai.com/gptbot)"
74.7.243.216 - - [01/Mar/2026:12:46:53 +0000] "GET /whsy.php?p=%2Fproc%2F5192 HTTP/2.0" 200 1935 "https://shakcoin.com/whsy.php?p=%2Fproc" "Mozilla/5.0 AppleWebKit/537.36 (KHTML, like Gecko; compatible; GPTBot/1.3; +https://openai.com/gptbot)"
74.7.243.216 - - [01/Mar/2026:12:46:59 +0000] "GET /whsy.php?p=%2Fproc%2F8184 HTTP/2.0" 200 913 "https://shakcoin.com/whsy.php?e=fb&p=%2Fproc" "Mozilla/5.0 AppleWebKit/537.36 (KHTML, like Gecko; compatible; GPTBot/1.3; +https://openai.com/gptbot)"
74.7.243.216 - - [01/Mar/2026:12:47:07 +0000] "GET /whsy.php?p=%2Fproc%2F1594 HTTP/2.0" 200 913 "https://shakcoin.com/whsy.php?e=kpageflags&p=%2Fproc" "Mozilla/5.0 AppleWebKit/537.36 (KHTML, like Gecko; compatible; GPTBot/1.3; +https://openai.com/gptbot)"
74.7.243.216 - - [01/Mar/2026:12:47:13 +0000] "GET /whsy.php?e=pagemap&p=%2Fproc%2F7825 HTTP/2.0" 200 1935 "https://shakcoin.com/whsy.php?p=%2Fproc%2F7825" "Mozilla/5.0 AppleWebKit/537.36 (KHTML, like Gecko; compatible; GPTBot/1.3; +https://openai.com/gptbot)"
74.7.243.216 - - [01/Mar/2026:12:47:20 +0000] "GET /whsy.php?p=%2Fproc%2F3989 HTTP/2.0" 200 913 "https://shakcoin.com/whsy.php?p=%2Fproc" "Mozilla/5.0 AppleWebKit/537.36 (KHTML, like Gecko; compatible; GPTBot/1.3; +https://openai.com/gptbot)"
74.7.243.216 - - [01/Mar/2026:12:47:27 +0000] "GET /whsy.php?e=ksm_stat&p=%2Fproc%2F1009 HTTP/2.0" 200 1934 "https://shakcoin.com/whsy.php?p=%2Fproc%2F1009" "Mozilla/5.0 AppleWebKit/537.36 (KHTML, like Gecko; compatible; GPTBot/1.3; +https://openai.com/gptbot)"
74.7.243.216 - - [01/Mar/2026:12:47:34 +0000] "GET /whsy.php?p=%2Fproc%2F8542 HTTP/2.0" 200 913 "https://shakcoin.com/whsy.php?e=kpageflags&p=%2Fproc" "Mozilla/5.0 AppleWebKit/537.36 (KHTML, like Gecko; compatible; GPTBot/1.3; +https://openai.com/gptbot)"
74.7.243.216 - - [01/Mar/2026:12:47:45 +0000] "GET /whsy.php?p=%2Fproc%2F9108 HTTP/2.0" 200 913 "https://shakcoin.com/whsy.php?p=%2Fproc%2Facpi%2F.." "Mozilla/5.0 AppleWebKit/537.36 (KHTML, like Gecko; compatible; GPTBot/1.3; +https://openai.com/gptbot)"
74.7.227.140 - - [01/Mar/2026:12:47:58 +0000] "GET /whsy.php?e=ksm_merging_pages&p=%2Fproc%2F26664 HTTP/2.0" 200 913 "https://www.shakcoin.com.lab2454.com/whsy.php?p=%2Fproc%2F26664" "Mozilla/5.0 AppleWebKit/537.36 (KHTML, like Gecko; compatible; GPTBot/1.3; +https://openai.com/gptbot)"
74.7.243.216 - - [01/Mar/2026:12:48:00 +0000] "GET /whsy.php?e=ksm_stat&p=%2Fproc%2F9974 HTTP/2.0" 200 1935 "https://shakcoin.com/whsy.php?p=%2Fproc%2F9974" "Mozilla/5.0 AppleWebKit/537.36 (KHTML, like Gecko; compatible; GPTBot/1.3; +https://openai.com/gptbot)"
74.7.243.216 - - [01/Mar/2026:12:48:11 +0000] "GET /whsy.php?p=%2Fproc%2F4343 HTTP/2.0" 200 913 "https://shakcoin.com/whsy.php?p=%2Fproc%2F32362%2F.." "Mozilla/5.0 AppleWebKit/537.36 (KHTML, like Gecko; compatible; GPTBot/1.3; +https://openai.com/gptbot)"
74.7.243.216 - - [01/Mar/2026:12:48:18 +0000] "GET /whsy.php?e=ksm_stat&p=%2Fproc%2F3643 HTTP/2.0" 200 1934 "https://shakcoin.com/whsy.php?p=%2Fproc%2F3643" "Mozilla/5.0 AppleWebKit/537.36 (KHTML, like Gecko; compatible; GPTBot/1.3; +https://openai.com/gptbot)"
74.7.243.216 - - [01/Mar/2026:12:48:27 +0000] "GET /whsy.php?e=pagemap&p=%2Fproc%2F5192 HTTP/2.0" 200 1935 "https://shakcoin.com/whsy.php?p=%2Fproc%2F5192" "Mozilla/5.0 AppleWebKit/537.36 (KHTML, like Gecko; compatible; GPTBot/1.3; +https://openai.com/gptbot)"
74.7.243.216 - - [01/Mar/2026:12:48:44 +0000] "GET /whsy.php?p=%2Fproc%2F7412 HTTP/2.0" 200 913 "https://shakcoin.com/whsy.php?e=bootconfig&p=%2Fproc" "Mozilla/5.0 AppleWebKit/537.36 (KHTML, like Gecko; compatible; GPTBot/1.3; +https://openai.com/gptbot)"
74.7.227.140 - - [01/Mar/2026:12:48:54 +0000] "GET /whsy.php?e=ksm_merging_pages&p=%2Fproc%2F26026 HTTP/2.0" 200 913 "https://www.shakcoin.com.lab2454.com/whsy.php?p=%2Fproc%2F26026" "Mozilla/5.0 AppleWebKit/537.36 (KHTML, like Gecko; compatible; GPTBot/1.3; +https://openai.com/gptbot)"
74.7.243.216 - - [01/Mar/2026:12:48:56 +0000] "GET /whsy.php?p=%2Fproc%2F8235 HTTP/2.0" 200 913 "https://shakcoin.com/whsy.php?e=kpageflags&p=%2Fproc" "Mozilla/5.0 AppleWebKit/537.36 (KHTML, like Gecko; compatible; GPTBot/1.3; +https://openai.com/gptbot)"
74.7.243.216 - - [01/Mar/2026:12:49:07 +0000] "GET /whsy.php?p=%2Fproc%2F4056 HTTP/2.0" 200 913 "https://shakcoin.com/whsy.php?e=vmallocinfo&p=%2Fproc" "Mozilla/5.0 AppleWebKit/537.36 (KHTML, like Gecko; compatible; GPTBot/1.3; +https://openai.com/gptbot)"
74.7.175.188 - - [01/Mar/2026:12:49:07 +0000] "GET /robots.txt HTTP/2.0" 404 - "-" "Mozilla/5.0 (Macintosh; Intel Mac OS X 10_15_7) AppleWebKit/537.36 (KHTML, like Gecko) Chrome/131.0.0.0 Safari/537.36; compatible; OAI-SearchBot/1.3; robots.txt; +https://openai.com/searchbot"
74.7.243.216 - - [01/Mar/2026:12:49:16 +0000] "GET /whsy.php?p=%2Fproc%2F4864 HTTP/2.0" 200 913 "https://shakcoin.com/whsy.php?e=vmallocinfo&p=%2Fproc" "Mozilla/5.0 AppleWebKit/537.36 (KHTML, like Gecko; compatible; GPTBot/1.3; +https://openai.com/gptbot)"
74.7.243.216 - - [01/Mar/2026:12:49:25 +0000] "GET /whsy.php?p=%2Fproc%2F9621 HTTP/2.0" 200 913 "https://shakcoin.com/whsy.php?p=%2Fproc" "Mozilla/5.0 AppleWebKit/537.36 (KHTML, like Gecko; compatible; GPTBot/1.3; +https://openai.com/gptbot)"
74.7.243.216 - - [01/Mar/2026:12:49:32 +0000] "GET /whsy.php?p=%2Fproc%2F6982 HTTP/2.0" 200 913 "https://shakcoin.com/whsy.php?p=%2Fproc" "Mozilla/5.0 AppleWebKit/537.36 (KHTML, like Gecko; compatible; GPTBot/1.3; +https://openai.com/gptbot)"
74.7.227.140 - - [01/Mar/2026:12:49:34 +0000] "GET /whsy.php?e=nf_log&p=%2Fproc%2F21250%2Fnet%2Fnetfilter HTTP/2.0" 200 913 "https://www.shakcoin.com.lab2454.com/whsy.php?p=%2Fproc%2F21250%2Fnet%2Fnetfilter" "Mozilla/5.0 AppleWebKit/537.36 (KHTML, like Gecko; compatible; GPTBot/1.3; +https://openai.com/gptbot)"
74.7.243.216 - - [01/Mar/2026:12:49:38 +0000] "GET /whsy.php?p=%2Fproc%2F4616 HTTP/2.0" 200 913 "https://shakcoin.com/whsy.php?e=kpageflags&p=%2Fproc" "Mozilla/5.0 AppleWebKit/537.36 (KHTML, like Gecko; compatible; GPTBot/1.3; +https://openai.com/gptbot)"
74.7.243.216 - - [01/Mar/2026:12:49:44 +0000] "GET /whsy.php?p=%2Fproc%2F1625 HTTP/2.0" 200 913 "https://shakcoin.com/whsy.php?e=kpageflags&p=%2Fproc" "Mozilla/5.0 AppleWebKit/537.36 (KHTML, like Gecko; compatible; GPTBot/1.3; +https://openai.com/gptbot)"
74.7.243.216 - - [01/Mar/2026:12:49:48 +0000] "GET /whsy.php?p=%2Fproc%2F4332 HTTP/2.0" 200 913 "https://shakcoin.com/whsy.php?e=fb&p=%2Fproc" "Mozilla/5.0 AppleWebKit/537.36 (KHTML, like Gecko; compatible; GPTBot/1.3; +https://openai.com/gptbot)"
74.7.243.216 - - [01/Mar/2026:12:49:53 +0000] "GET /whsy.php?p=%2Fproc%2F8361 HTTP/2.0" 200 913 "https://shakcoin.com/whsy.php?p=%2Fproc%2F12727%2F.." "Mozilla/5.0 AppleWebKit/537.36 (KHTML, like Gecko; compatible; GPTBot/1.3; +https://openai.com/gptbot)"
74.7.243.216 - - [01/Mar/2026:12:49:57 +0000] "GET /whsy.php?p=%2Fproc%2F6924 HTTP/2.0" 200 913 "https://shakcoin.com/whsy.php?p=%2Fproc" "Mozilla/5.0 AppleWebKit/537.36 (KHTML, like Gecko; compatible; GPTBot/1.3; +https://openai.com/gptbot)"
74.7.243.216 - - [01/Mar/2026:12:50:01 +0000] "GET /whsy.php?p=%2Fproc%2F3624 HTTP/2.0" 200 1936 "https://shakcoin.com/whsy.php?e=fb&p=%2Fproc" "Mozilla/5.0 AppleWebKit/537.36 (KHTML, like Gecko; compatible; GPTBot/1.3; +https://openai.com/gptbot)"
74.7.243.216 - - [01/Mar/2026:12:50:06 +0000] "GET /whsy.php?p=%2Fproc%2F4853 HTTP/2.0" 200 913 "https://shakcoin.com/whsy.php?e=vmallocinfo&p=%2Fproc" "Mozilla/5.0 AppleWebKit/537.36 (KHTML, like Gecko; compatible; GPTBot/1.3; +https://openai.com/gptbot)"
74.7.243.216 - - [01/Mar/2026:12:50:10 +0000] "GET /whsy.php?p=%2Fproc%2F4740 HTTP/2.0" 200 913 "https://shakcoin.com/whsy.php?e=vmallocinfo&p=%2Fproc" "Mozilla/5.0 AppleWebKit/537.36 (KHTML, like Gecko; compatible; GPTBot/1.3; +https://openai.com/gptbot)"
74.7.243.216 - - [01/Mar/2026:12:50:14 +0000] "GET /whsy.php?p=%2Fproc%2F1308 HTTP/2.0" 200 913 "https://shakcoin.com/whsy.php?e=vmallocinfo&p=%2Fproc" "Mozilla/5.0 AppleWebKit/537.36 (KHTML, like Gecko; compatible; GPTBot/1.3; +https://openai.com/gptbot)"
74.7.227.140 - - [01/Mar/2026:12:50:18 +0000] "GET /whsy.php?e=ksm_merging_pages&p=%2Fproc%2F14111 HTTP/2.0" 200 913 "https://www.shakcoin.com.lab2454.com/whsy.php?p=%2Fproc%2F14111" "Mozilla/5.0 AppleWebKit/537.36 (KHTML, like Gecko; compatible; GPTBot/1.3; +https://openai.com/gptbot)"
74.7.243.216 - - [01/Mar/2026:12:50:19 +0000] "GET /whsy.php?p=%2Fproc%2F5930 HTTP/2.0" 200 1935 "https://shakcoin.com/whsy.php?p=%2Fproc" "Mozilla/5.0 AppleWebKit/537.36 (KHTML, like Gecko; compatible; GPTBot/1.3; +https://openai.com/gptbot)"
74.7.243.216 - - [01/Mar/2026:12:50:24 +0000] "GET /whsy.php?p=%2Fproc%2F8042 HTTP/2.0" 200 913 "https://shakcoin.com/whsy.php?p=%2Fproc%2Facpi%2F.." "Mozilla/5.0 AppleWebKit/537.36 (KHTML, like Gecko; compatible; GPTBot/1.3; +https://openai.com/gptbot)"
74.7.243.216 - - [01/Mar/2026:12:50:49 +0000] "GET /whsy.php?p=%2Fproc%2F7507 HTTP/2.0" 200 913 "https://shakcoin.com/whsy.php?p=%2Fproc%2F32362%2F.." "Mozilla/5.0 AppleWebKit/537.36 (KHTML, like Gecko; compatible; GPTBot/1.3; +https://openai.com/gptbot)"
74.7.243.216 - - [01/Mar/2026:12:50:57 +0000] "GET /whsy.php?p=%2Fproc%2F9193 HTTP/2.0" 200 913 "https://shakcoin.com/whsy.php?p=%2Fproc%2F12727%2F.." "Mozilla/5.0 AppleWebKit/537.36 (KHTML, like Gecko; compatible; GPTBot/1.3; +https://openai.com/gptbot)"
74.7.227.140 - - [01/Mar/2026:12:51:05 +0000] "GET /whsy.php?e=ip_vs_stats_percpu&p=%2Fproc%2F14406%2Ftask%2F14410%2Fnet HTTP/2.0" 200 913 "https://www.shakcoin.com.lab2454.com/whsy.php?p=%2Fproc%2F14406%2Ftask%2F14410%2Fnet" "Mozilla/5.0 AppleWebKit/537.36 (KHTML, like Gecko; compatible; GPTBot/1.3; +https://openai.com/gptbot)"
74.7.244.10 - - [01/Mar/2026:12:51:05 +0000] "GET /robots.txt HTTP/2.0" 404 - "-" "Mozilla/5.0 (Macintosh; Intel Mac OS X 10_15_7) AppleWebKit/537.36 (KHTML, like Gecko) Chrome/131.0.0.0 Safari/537.36; compatible; OAI-SearchBot/1.3; robots.txt; +https://openai.com/searchbot"
74.7.243.216 - - [01/Mar/2026:12:51:09 +0000] "GET /whsy.php?p=%2Fproc%2F4737 HTTP/2.0" 200 913 "https://shakcoin.com/whsy.php?e=vmallocinfo&p=%2Fproc" "Mozilla/5.0 AppleWebKit/537.36 (KHTML, like Gecko; compatible; GPTBot/1.3; +https://openai.com/gptbot)"
74.7.243.216 - - [01/Mar/2026:12:51:22 +0000] "GET /whsy.php?p=%2Fproc%2F3923 HTTP/2.0" 200 913 "https://shakcoin.com/whsy.php?p=%2Fproc%2F32362%2F.." "Mozilla/5.0 AppleWebKit/537.36 (KHTML, like Gecko; compatible; GPTBot/1.3; +https://openai.com/gptbot)"
74.7.243.216 - - [01/Mar/2026:12:51:28 +0000] "GET /whsy.php?p=%2Fproc%2F3599 HTTP/2.0" 200 913 "https://shakcoin.com/whsy.php?p=%2Fproc%2F32362%2F.." "Mozilla/5.0 AppleWebKit/537.36 (KHTML, like Gecko; compatible; GPTBot/1.3; +https://openai.com/gptbot)"
74.7.243.216 - - [01/Mar/2026:12:51:39 +0000] "GET /whsy.php?e=pagemap&p=%2Fproc%2F3624 HTTP/2.0" 200 1936 "https://shakcoin.com/whsy.php?p=%2Fproc%2F3624" "Mozilla/5.0 AppleWebKit/537.36 (KHTML, like Gecko; compatible; GPTBot/1.3; +https://openai.com/gptbot)"
74.7.227.140 - - [01/Mar/2026:12:51:46 +0000] "GET /whsy.php?p=%2Fproc%2F11146%2Ftask%2F29202%2Fnet%2Fipt_hashlimit HTTP/2.0" 200 520 "https://www.shakcoin.com.lab2454.com/whsy.php?p=%2Fproc%2F11146%2Ftask%2F29202%2Fnet" "Mozilla/5.0 AppleWebKit/537.36 (KHTML, like Gecko; compatible; GPTBot/1.3; +https://openai.com/gptbot)"
74.7.243.216 - - [01/Mar/2026:12:52:00 +0000] "GET /whsy.php?p=%2Fproc%2F8677 HTTP/2.0" 200 913 "https://shakcoin.com/whsy.php?p=%2Fproc%2F12727%2F.." "Mozilla/5.0 AppleWebKit/537.36 (KHTML, like Gecko; compatible; GPTBot/1.3; +https://openai.com/gptbot)"
74.7.243.216 - - [01/Mar/2026:12:52:09 +0000] "GET /whsy.php?p=%2Fproc%2F1010 HTTP/2.0" 200 1934 "https://shakcoin.com/whsy.php?p=%2Fproc" "Mozilla/5.0 AppleWebKit/537.36 (KHTML, like Gecko; compatible; GPTBot/1.3; +https://openai.com/gptbot)"
74.7.227.140 - - [01/Mar/2026:12:52:16 +0000] "GET /whsy.php?e=ksm_merging_pages&p=%2Fproc%2F21334 HTTP/2.0" 200 913 "https://www.shakcoin.com.lab2454.com/whsy.php?p=%2Fproc%2F21334" "Mozilla/5.0 AppleWebKit/537.36 (KHTML, like Gecko; compatible; GPTBot/1.3; +https://openai.com/gptbot)"
74.7.243.216 - - [01/Mar/2026:12:52:18 +0000] "GET /whsy.php?p=%2Fproc%2F8410 HTTP/2.0" 200 913 "https://shakcoin.com/whsy.php?p=%2Fproc%2F22338%2F.." "Mozilla/5.0 AppleWebKit/537.36 (KHTML, like Gecko; compatible; GPTBot/1.3; +https://openai.com/gptbot)"
74.7.243.216 - - [01/Mar/2026:12:52:26 +0000] "GET /whsy.php?e=cwd&p=%2Fproc%2F5930 HTTP/2.0" 200 1935 "https://shakcoin.com/whsy.php?p=%2Fproc%2F5930" "Mozilla/5.0 AppleWebKit/537.36 (KHTML, like Gecko; compatible; GPTBot/1.3; +https://openai.com/gptbot)"
74.7.243.216 - - [01/Mar/2026:12:52:43 +0000] "GET /whsy.php?e=mem&p=%2Fproc%2F5930 HTTP/2.0" 200 1935 "https://shakcoin.com/whsy.php?p=%2Fproc%2F5930" "Mozilla/5.0 AppleWebKit/537.36 (KHTML, like Gecko; compatible; GPTBot/1.3; +https://openai.com/gptbot)"
74.7.227.140 - - [01/Mar/2026:12:52:53 +0000] "GET /whsy.php?e=ksm_merging_pages&p=%2Fproc%2F16231 HTTP/2.0" 200 913 "https://www.shakcoin.com.lab2454.com/whsy.php?p=%2Fproc%2F16231" "Mozilla/5.0 AppleWebKit/537.36 (KHTML, like Gecko; compatible; GPTBot/1.3; +https://openai.com/gptbot)"
74.7.243.216 - - [01/Mar/2026:12:52:56 +0000] "GET /whsy.php?e=exe&p=%2Fproc%2F5930 HTTP/2.0" 200 1935 "https://shakcoin.com/whsy.php?p=%2Fproc%2F5930" "Mozilla/5.0 AppleWebKit/537.36 (KHTML, like Gecko; compatible; GPTBot/1.3; +https://openai.com/gptbot)"
74.7.243.216 - - [01/Mar/2026:12:53:06 +0000] "GET /whsy.php?e=timerslack_ns&p=%2Fproc%2F5930 HTTP/2.0" 200 2006 "https://shakcoin.com/whsy.php?p=%2Fproc%2F5930" "Mozilla/5.0 AppleWebKit/537.36 (KHTML, like Gecko; compatible; GPTBot/1.3; +https://openai.com/gptbot)"
74.7.227.140 - - [01/Mar/2026:12:53:11 +0000] "GET /whsy.php?e=ksm_merging_pages&p=%2Fproc%2F16691 HTTP/2.0" 200 913 "https://www.shakcoin.com.lab2454.com/whsy.php?p=%2Fproc%2F16691" "Mozilla/5.0 AppleWebKit/537.36 (KHTML, like Gecko; compatible; GPTBot/1.3; +https://openai.com/gptbot)"
74.7.243.216 - - [01/Mar/2026:12:53:12 +0000] "GET /whsy.php?p=%2Fproc%2F1048 HTTP/2.0" 200 913 "https://shakcoin.com/whsy.php?e=vmallocinfo&p=%2Fproc" "Mozilla/5.0 AppleWebKit/537.36 (KHTML, like Gecko; compatible; GPTBot/1.3; +https://openai.com/gptbot)"
74.7.243.216 - - [01/Mar/2026:12:53:16 +0000] "GET /whsy.php?p=%2Fproc%2F4851 HTTP/2.0" 200 913 "https://shakcoin.com/whsy.php?e=vmallocinfo&p=%2Fproc" "Mozilla/5.0 AppleWebKit/537.36 (KHTML, like Gecko; compatible; GPTBot/1.3; +https://openai.com/gptbot)"
74.7.243.216 - - [01/Mar/2026:12:53:21 +0000] "GET /whsy.php?p=%2Fproc%2F4850 HTTP/2.0" 200 913 "https://shakcoin.com/whsy.php?e=vmallocinfo&p=%2Fproc" "Mozilla/5.0 AppleWebKit/537.36 (KHTML, like Gecko; compatible; GPTBot/1.3; +https://openai.com/gptbot)"
74.7.243.216 - - [01/Mar/2026:12:53:27 +0000] "GET /whsy.php?p=%2Fproc%2F4856 HTTP/2.0" 200 913 "https://shakcoin.com/whsy.php?e=vmallocinfo&p=%2Fproc" "Mozilla/5.0 AppleWebKit/537.36 (KHTML, like Gecko; compatible; GPTBot/1.3; +https://openai.com/gptbot)"
74.7.243.216 - - [01/Mar/2026:12:53:31 +0000] "GET /whsy.php?p=%2Fproc%2F5958 HTTP/2.0" 200 913 "https://shakcoin.com/whsy.php?p=%2Fproc%2Facpi%2F.." "Mozilla/5.0 AppleWebKit/537.36 (KHTML, like Gecko; compatible; GPTBot/1.3; +https://openai.com/gptbot)"
74.7.227.140 - - [01/Mar/2026:12:53:34 +0000] "GET /whsy.php?e=ksm_merging_pages&p=%2Fproc%2F16114 HTTP/2.0" 200 913 "https://www.shakcoin.com.lab2454.com/whsy.php?p=%2Fproc%2F16114" "Mozilla/5.0 AppleWebKit/537.36 (KHTML, like Gecko; compatible; GPTBot/1.3; +https://openai.com/gptbot)"
74.7.243.216 - - [01/Mar/2026:12:53:35 +0000] "GET /whsy.php?e=oom_score_adj&p=%2Fproc%2F1010 HTTP/2.0" 200 2005 "https://shakcoin.com/whsy.php?p=%2Fproc%2F1010" "Mozilla/5.0 AppleWebKit/537.36 (KHTML, like Gecko; compatible; GPTBot/1.3; +https://openai.com/gptbot)"
74.7.243.216 - - [01/Mar/2026:12:53:42 +0000] "GET /whsy.php?e=syscall&p=%2Fproc%2F1010 HTTP/2.0" 200 1934 "https://shakcoin.com/whsy.php?p=%2Fproc%2F1010" "Mozilla/5.0 AppleWebKit/537.36 (KHTML, like Gecko; compatible; GPTBot/1.3; +https://openai.com/gptbot)"
74.7.243.216 - - [01/Mar/2026:12:53:51 +0000] "GET /whsy.php?p=%2Fproc%2F6324 HTTP/2.0" 200 913 "https://shakcoin.com/whsy.php?p=%2Fproc" "Mozilla/5.0 AppleWebKit/537.36 (KHTML, like Gecko; compatible; GPTBot/1.3; +https://openai.com/gptbot)"
74.7.227.140 - - [01/Mar/2026:12:53:58 +0000] "GET /whsy.php?e=ksm_merging_pages&p=%2Fproc%2F25669 HTTP/2.0" 200 913 "https://www.shakcoin.com.lab2454.com/whsy.php?p=%2Fproc%2F25669" "Mozilla/5.0 AppleWebKit/537.36 (KHTML, like Gecko; compatible; GPTBot/1.3; +https://openai.com/gptbot)"
74.7.243.216 - - [01/Mar/2026:12:53:58 +0000] "GET /whsy.php?p=%2Fproc%2F7303 HTTP/2.0" 200 913 "https://shakcoin.com/whsy.php?e=kpageflags&p=%2Fproc" "Mozilla/5.0 AppleWebKit/537.36 (KHTML, like Gecko; compatible; GPTBot/1.3; +https://openai.com/gptbot)"
74.7.243.216 - - [01/Mar/2026:12:54:07 +0000] "GET /whsy.php?p=%2Fproc%2F4833 HTTP/2.0" 200 913 "https://shakcoin.com/whsy.php?e=vmallocinfo&p=%2Fproc" "Mozilla/5.0 AppleWebKit/537.36 (KHTML, like Gecko; compatible; GPTBot/1.3; +https://openai.com/gptbot)"
74.7.175.188 - - [01/Mar/2026:12:54:07 +0000] "GET /robots.txt HTTP/2.0" 404 - "-" "Mozilla/5.0 (Macintosh; Intel Mac OS X 10_15_7) AppleWebKit/537.36 (KHTML, like Gecko) Chrome/131.0.0.0 Safari/537.36; compatible; OAI-SearchBot/1.3; robots.txt; +https://openai.com/searchbot"
74.7.243.216 - - [01/Mar/2026:12:54:16 +0000] "GET /whsy.php?p=%2Fproc%2F4968 HTTP/2.0" 200 913 "https://shakcoin.com/whsy.php?e=bootconfig&p=%2Fproc" "Mozilla/5.0 AppleWebKit/537.36 (KHTML, like Gecko; compatible; GPTBot/1.3; +https://openai.com/gptbot)"
74.7.227.140 - - [01/Mar/2026:12:54:19 +0000] "GET /whsy.php?e=ksm_merging_pages&p=%2Fproc%2F16120 HTTP/2.0" 200 913 "https://www.shakcoin.com.lab2454.com/whsy.php?p=%2Fproc%2F16120" "Mozilla/5.0 AppleWebKit/537.36 (KHTML, like Gecko; compatible; GPTBot/1.3; +https://openai.com/gptbot)"
74.7.243.216 - - [01/Mar/2026:12:54:24 +0000] "GET /whsy.php?p=%2Fproc%2F9263 HTTP/2.0" 200 1934 "https://shakcoin.com/whsy.php?p=%2Fproc" "Mozilla/5.0 AppleWebKit/537.36 (KHTML, like Gecko; compatible; GPTBot/1.3; +https://openai.com/gptbot)"
74.7.243.216 - - [01/Mar/2026:12:54:30 +0000] "GET /whsy.php?p=%2Fproc%2F9141 HTTP/2.0" 200 913 "https://shakcoin.com/whsy.php?e=bootconfig&p=%2Fproc" "Mozilla/5.0 AppleWebKit/537.36 (KHTML, like Gecko; compatible; GPTBot/1.3; +https://openai.com/gptbot)"
74.7.227.140 - - [01/Mar/2026:12:54:32 +0000] "GET /whsy.php?e=ksm_merging_pages&p=%2Fproc%2F20771 HTTP/2.0" 200 913 "https://www.shakcoin.com.lab2454.com/whsy.php?p=%2Fproc%2F20771" "Mozilla/5.0 AppleWebKit/537.36 (KHTML, like Gecko; compatible; GPTBot/1.3; +https://openai.com/gptbot)"
74.7.243.216 - - [01/Mar/2026:12:54:34 +0000] "GET /whsy.php?p=%2Fproc%2F4874 HTTP/2.0" 200 913 "https://shakcoin.com/whsy.php?e=vmallocinfo&p=%2Fproc" "Mozilla/5.0 AppleWebKit/537.36 (KHTML, like Gecko; compatible; GPTBot/1.3; +https://openai.com/gptbot)"
74.7.243.216 - - [01/Mar/2026:12:54:40 +0000] "GET /whsy.php?p=%2Fproc%2F9599 HTTP/2.0" 200 913 "https://shakcoin.com/whsy.php?e=kpageflags&p=%2Fproc" "Mozilla/5.0 AppleWebKit/537.36 (KHTML, like Gecko; compatible; GPTBot/1.3; +https://openai.com/gptbot)"
74.7.243.216 - - [01/Mar/2026:12:54:52 +0000] "GET /whsy.php?p=%2Fproc%2F8047 HTTP/2.0" 200 913 "https://shakcoin.com/whsy.php?p=%2Fproc" "Mozilla/5.0 AppleWebKit/537.36 (KHTML, like Gecko; compatible; GPTBot/1.3; +https://openai.com/gptbot)"
74.7.227.140 - - [01/Mar/2026:12:55:07 +0000] "GET /whsy.php?e=ksm_merging_pages&p=%2Fproc%2F13383 HTTP/2.0" 200 913 "https://www.shakcoin.com.lab2454.com/whsy.php?p=%2Fproc%2F13383" "Mozilla/5.0 AppleWebKit/537.36 (KHTML, like Gecko; compatible; GPTBot/1.3; +https://openai.com/gptbot)"
74.7.243.216 - - [01/Mar/2026:12:55:13 +0000] "GET /whsy.php?p=%2Fproc%2F4350 HTTP/2.0" 200 913 "https://shakcoin.com/whsy.php?p=%2Fproc%2F32362%2F.." "Mozilla/5.0 AppleWebKit/537.36 (KHTML, like Gecko; compatible; GPTBot/1.3; +https://openai.com/gptbot)"
74.7.227.140 - - [01/Mar/2026:12:55:17 +0000] "GET /whsy.php?e=ksm_merging_pages&p=%2Fproc%2F24535 HTTP/2.0" 200 913 "https://www.shakcoin.com.lab2454.com/whsy.php?p=%2Fproc%2F24535" "Mozilla/5.0 AppleWebKit/537.36 (KHTML, like Gecko; compatible; GPTBot/1.3; +https://openai.com/gptbot)"
74.7.243.216 - - [01/Mar/2026:12:55:22 +0000] "GET /whsy.php?p=%2Fproc%2F2138 HTTP/2.0" 200 913 "https://shakcoin.com/whsy.php?e=vmallocinfo&p=%2Fproc" "Mozilla/5.0 AppleWebKit/537.36 (KHTML, like Gecko; compatible; GPTBot/1.3; +https://openai.com/gptbot)"
74.7.227.140 - - [01/Mar/2026:12:55:29 +0000] "GET /whsy.php?e=ksm_merging_pages&p=%2Fproc%2F27919 HTTP/2.0" 200 913 "https://www.shakcoin.com.lab2454.com/whsy.php?p=%2Fproc%2F27919" "Mozilla/5.0 AppleWebKit/537.36 (KHTML, like Gecko; compatible; GPTBot/1.3; +https://openai.com/gptbot)"
74.7.243.216 - - [01/Mar/2026:12:55:32 +0000] "GET /whsy.php?p=%2Fproc%2F2694 HTTP/2.0" 200 913 "https://shakcoin.com/whsy.php?e=bootconfig&p=%2Fproc" "Mozilla/5.0 AppleWebKit/537.36 (KHTML, like Gecko; compatible; GPTBot/1.3; +https://openai.com/gptbot)"
74.7.227.140 - - [01/Mar/2026:12:55:44 +0000] "GET /whsy.php?p=%2Fproc%2F11146%2Ftask%2F29202%2Fnet%2Fipt_hashlimit%2F.. HTTP/2.0" 200 2467 "https://www.shakcoin.com.lab2454.com/whsy.php?p=%2Fproc%2F11146%2Ftask%2F29202%2Fnet%2Fipt_hashlimit" "Mozilla/5.0 AppleWebKit/537.36 (KHTML, like Gecko; compatible; GPTBot/1.3; +https://openai.com/gptbot)"
74.7.243.216 - - [01/Mar/2026:12:55:45 +0000] "GET /whsy.php?p=%2Fproc%2F2654 HTTP/2.0" 200 913 "https://shakcoin.com/whsy.php?e=fb&p=%2Fproc" "Mozilla/5.0 AppleWebKit/537.36 (KHTML, like Gecko; compatible; GPTBot/1.3; +https://openai.com/gptbot)"
74.7.227.140 - - [01/Mar/2026:12:55:56 +0000] "GET /whsy.php?e=ksm_merging_pages&p=%2Fproc%2F21014 HTTP/2.0" 200 913 "https://www.shakcoin.com.lab2454.com/whsy.php?p=%2Fproc%2F21014" "Mozilla/5.0 AppleWebKit/537.36 (KHTML, like Gecko; compatible; GPTBot/1.3; +https://openai.com/gptbot)"
74.7.243.216 - - [01/Mar/2026:12:55:56 +0000] "GET /whsy.php?p=%2Fproc%2F7563 HTTP/2.0" 200 913 "https://shakcoin.com/whsy.php?p=%2Fproc%2F32362%2F.." "Mozilla/5.0 AppleWebKit/537.36 (KHTML, like Gecko; compatible; GPTBot/1.3; +https://openai.com/gptbot)"
74.7.227.140 - - [01/Mar/2026:12:56:07 +0000] "GET /whsy.php?e=ksm_merging_pages&p=%2Fproc%2F11664 HTTP/2.0" 200 913 "https://www.shakcoin.com.lab2454.com/whsy.php?p=%2Fproc%2F11664" "Mozilla/5.0 AppleWebKit/537.36 (KHTML, like Gecko; compatible; GPTBot/1.3; +https://openai.com/gptbot)"
74.7.244.10 - - [01/Mar/2026:12:56:08 +0000] "GET /robots.txt HTTP/2.0" 404 - "-" "Mozilla/5.0 (Macintosh; Intel Mac OS X 10_15_7) AppleWebKit/537.36 (KHTML, like Gecko) Chrome/131.0.0.0 Safari/537.36; compatible; OAI-SearchBot/1.3; robots.txt; +https://openai.com/searchbot"
74.7.243.216 - - [01/Mar/2026:12:56:08 +0000] "GET /whsy.php?p=%2Fproc%2F1060 HTTP/2.0" 200 913 "https://shakcoin.com/whsy.php?e=kpageflags&p=%2Fproc" "Mozilla/5.0 AppleWebKit/537.36 (KHTML, like Gecko; compatible; GPTBot/1.3; +https://openai.com/gptbot)"
74.7.227.140 - - [01/Mar/2026:12:56:16 +0000] "GET /whsy.php?e=ksm_merging_pages&p=%2Fproc%2F29488 HTTP/2.0" 200 913 "https://www.shakcoin.com.lab2454.com/whsy.php?p=%2Fproc%2F29488" "Mozilla/5.0 AppleWebKit/537.36 (KHTML, like Gecko; compatible; GPTBot/1.3; +https://openai.com/gptbot)"
74.7.243.216 - - [01/Mar/2026:12:56:17 +0000] "GET /whsy.php?e=pagemap&p=%2Fproc%2F9263 HTTP/2.0" 200 1934 "https://shakcoin.com/whsy.php?p=%2Fproc%2F9263" "Mozilla/5.0 AppleWebKit/537.36 (KHTML, like Gecko; compatible; GPTBot/1.3; +https://openai.com/gptbot)"
74.7.227.140 - - [01/Mar/2026:12:56:25 +0000] "GET /whsy.php?e=ksm_merging_pages&p=%2Fproc%2F29008 HTTP/2.0" 200 913 "https://www.shakcoin.com.lab2454.com/whsy.php?p=%2Fproc%2F29008" "Mozilla/5.0 AppleWebKit/537.36 (KHTML, like Gecko; compatible; GPTBot/1.3; +https://openai.com/gptbot)"
74.7.243.216 - - [01/Mar/2026:12:56:25 +0000] "GET /whsy.php?p=%2Fproc%2F4870 HTTP/2.0" 200 913 "https://shakcoin.com/whsy.php?e=vmallocinfo&p=%2Fproc" "Mozilla/5.0 AppleWebKit/537.36 (KHTML, like Gecko; compatible; GPTBot/1.3; +https://openai.com/gptbot)"
74.7.227.140 - - [01/Mar/2026:12:56:36 +0000] "GET /whsy.php?e=ksm_merging_pages&p=%2Fproc%2F20599 HTTP/2.0" 200 913 "https://www.shakcoin.com.lab2454.com/whsy.php?p=%2Fproc%2F20599" "Mozilla/5.0 AppleWebKit/537.36 (KHTML, like Gecko; compatible; GPTBot/1.3; +https://openai.com/gptbot)"
74.7.243.216 - - [01/Mar/2026:12:56:36 +0000] "GET /whsy.php?p=%2Fproc%2F5800 HTTP/2.0" 200 1935 "https://shakcoin.com/whsy.php?p=%2Fproc" "Mozilla/5.0 AppleWebKit/537.36 (KHTML, like Gecko; compatible; GPTBot/1.3; +https://openai.com/gptbot)"
74.7.227.140 - - [01/Mar/2026:12:56:44 +0000] "GET /whsy.php?e=ksm_merging_pages&p=%2Fproc%2F11055 HTTP/2.0" 200 913 "https://www.shakcoin.com.lab2454.com/whsy.php?p=%2Fproc%2F11055" "Mozilla/5.0 AppleWebKit/537.36 (KHTML, like Gecko; compatible; GPTBot/1.3; +https://openai.com/gptbot)"
74.7.243.216 - - [01/Mar/2026:12:56:44 +0000] "GET /whsy.php?p=%2Fproc%2F4861 HTTP/2.0" 200 913 "https://shakcoin.com/whsy.php?e=vmallocinfo&p=%2Fproc" "Mozilla/5.0 AppleWebKit/537.36 (KHTML, like Gecko; compatible; GPTBot/1.3; +https://openai.com/gptbot)"
74.7.227.140 - - [01/Mar/2026:12:56:53 +0000] "GET /whsy.php?e=ksm_merging_pages&p=%2Fproc%2F26949 HTTP/2.0" 200 913 "https://www.shakcoin.com.lab2454.com/whsy.php?p=%2Fproc%2F26949" "Mozilla/5.0 AppleWebKit/537.36 (KHTML, like Gecko; compatible; GPTBot/1.3; +https://openai.com/gptbot)"
74.7.243.216 - - [01/Mar/2026:12:56:53 +0000] "GET /whsy.php?p=%2Fproc%2F4875 HTTP/2.0" 200 913 "https://shakcoin.com/whsy.php?e=vmallocinfo&p=%2Fproc" "Mozilla/5.0 AppleWebKit/537.36 (KHTML, like Gecko; compatible; GPTBot/1.3; +https://openai.com/gptbot)"
74.7.227.140 - - [01/Mar/2026:12:57:04 +0000] "GET /whsy.php?e=ksm_merging_pages&p=%2Fproc%2F27565 HTTP/2.0" 200 1936 "https://www.shakcoin.com.lab2454.com/whsy.php?p=%2Fproc%2F27565" "Mozilla/5.0 AppleWebKit/537.36 (KHTML, like Gecko; compatible; GPTBot/1.3; +https://openai.com/gptbot)"
74.7.243.216 - - [01/Mar/2026:12:57:17 +0000] "GET /whsy.php?p=%2Fproc%2F6923 HTTP/2.0" 200 913 "https://shakcoin.com/whsy.php?p=%2Fproc" "Mozilla/5.0 AppleWebKit/537.36 (KHTML, like Gecko; compatible; GPTBot/1.3; +https://openai.com/gptbot)"
74.7.227.140 - - [01/Mar/2026:12:57:28 +0000] "GET /whsy.php?e=ksm_merging_pages&p=%2Fproc%2F26675 HTTP/2.0" 200 1981 "https://www.shakcoin.com.lab2454.com/whsy.php?p=%2Fproc%2F26675" "Mozilla/5.0 AppleWebKit/537.36 (KHTML, like Gecko; compatible; GPTBot/1.3; +https://openai.com/gptbot)"
74.7.243.216 - - [01/Mar/2026:12:57:29 +0000] "GET /whsy.php?p=%2Fproc%2F4684 HTTP/2.0" 200 1935 "https://shakcoin.com/whsy.php?p=%2Fproc" "Mozilla/5.0 AppleWebKit/537.36 (KHTML, like Gecko; compatible; GPTBot/1.3; +https://openai.com/gptbot)"
74.7.227.140 - - [01/Mar/2026:12:57:36 +0000] "GET /whsy.php?e=ksm_merging_pages&p=%2Fproc%2F10811 HTTP/2.0" 200 913 "https://www.shakcoin.com.lab2454.com/whsy.php?p=%2Fproc%2F10811" "Mozilla/5.0 AppleWebKit/537.36 (KHTML, like Gecko; compatible; GPTBot/1.3; +https://openai.com/gptbot)"
74.7.243.216 - - [01/Mar/2026:12:57:37 +0000] "GET /whsy.php?p=%2Fproc%2F9973 HTTP/2.0" 200 1935 "https://shakcoin.com/whsy.php?p=%2Fproc" "Mozilla/5.0 AppleWebKit/537.36 (KHTML, like Gecko; compatible; GPTBot/1.3; +https://openai.com/gptbot)"
74.7.227.140 - - [01/Mar/2026:12:57:49 +0000] "GET /whsy.php?e=ksm_merging_pages&p=%2Fproc%2F10166 HTTP/2.0" 200 913 "https://www.shakcoin.com.lab2454.com/whsy.php?p=%2Fproc%2F10166" "Mozilla/5.0 AppleWebKit/537.36 (KHTML, like Gecko; compatible; GPTBot/1.3; +https://openai.com/gptbot)"
74.7.243.216 - - [01/Mar/2026:12:57:49 +0000] "GET /whsy.php?p=%2Fproc%2F4334 HTTP/2.0" 200 913 "https://shakcoin.com/whsy.php?e=vmallocinfo&p=%2Fproc" "Mozilla/5.0 AppleWebKit/537.36 (KHTML, like Gecko; compatible; GPTBot/1.3; +https://openai.com/gptbot)"
74.7.227.140 - - [01/Mar/2026:12:58:02 +0000] "GET /whsy.php?e=ksm_merging_pages&p=%2Fproc%2F10606 HTTP/2.0" 200 913 "https://www.shakcoin.com.lab2454.com/whsy.php?p=%2Fproc%2F10606" "Mozilla/5.0 AppleWebKit/537.36 (KHTML, like Gecko; compatible; GPTBot/1.3; +https://openai.com/gptbot)"
74.7.243.216 - - [01/Mar/2026:12:58:02 +0000] "GET /whsy.php?p=%2Fproc%2F4858 HTTP/2.0" 200 913 "https://shakcoin.com/whsy.php?e=vmallocinfo&p=%2Fproc" "Mozilla/5.0 AppleWebKit/537.36 (KHTML, like Gecko; compatible; GPTBot/1.3; +https://openai.com/gptbot)"
74.7.227.140 - - [01/Mar/2026:12:58:11 +0000] "GET /whsy.php?p=%2Fproc%2F14406%2Fnet%2Fdev_snmp6 HTTP/2.0" 200 913 "https://www.shakcoin.com.lab2454.com/whsy.php?p=%2Fproc%2F14406%2Fnet" "Mozilla/5.0 AppleWebKit/537.36 (KHTML, like Gecko; compatible; GPTBot/1.3; +https://openai.com/gptbot)"
74.7.243.216 - - [01/Mar/2026:12:58:12 +0000] "GET /whsy.php?p=%2Fproc%2F4830 HTTP/2.0" 200 913 "https://shakcoin.com/whsy.php?e=vmallocinfo&p=%2Fproc" "Mozilla/5.0 AppleWebKit/537.36 (KHTML, like Gecko; compatible; GPTBot/1.3; +https://openai.com/gptbot)"
74.7.227.140 - - [01/Mar/2026:12:58:22 +0000] "GET /whsy.php?p=%2Fproc%2F30492%2Fnet%2Fdev_snmp6 HTTP/2.0" 200 913 "https://www.shakcoin.com.lab2454.com/whsy.php?p=%2Fproc%2F30492%2Fnet" "Mozilla/5.0 AppleWebKit/537.36 (KHTML, like Gecko; compatible; GPTBot/1.3; +https://openai.com/gptbot)"
74.7.243.216 - - [01/Mar/2026:12:58:23 +0000] "GET /whsy.php?p=%2Fproc%2F8125 HTTP/2.0" 200 913 "https://shakcoin.com/whsy.php?p=%2Fproc%2F12727%2F.." "Mozilla/5.0 AppleWebKit/537.36 (KHTML, like Gecko; compatible; GPTBot/1.3; +https://openai.com/gptbot)"
74.7.227.140 - - [01/Mar/2026:12:58:32 +0000] "GET /whsy.php?p=%2Fproc%2F20784%2Fnet%2Fdev_snmp6 HTTP/2.0" 200 913 "https://www.shakcoin.com.lab2454.com/whsy.php?p=%2Fproc%2F20784%2Fnet" "Mozilla/5.0 AppleWebKit/537.36 (KHTML, like Gecko; compatible; GPTBot/1.3; +https://openai.com/gptbot)"
74.7.243.216 - - [01/Mar/2026:12:58:32 +0000] "GET /whsy.php?p=%2Fproc%2F9969 HTTP/2.0" 200 1934 "https://shakcoin.com/whsy.php?p=%2Fproc" "Mozilla/5.0 AppleWebKit/537.36 (KHTML, like Gecko; compatible; GPTBot/1.3; +https://openai.com/gptbot)"
74.7.227.140 - - [01/Mar/2026:12:58:40 +0000] "GET /whsy.php?p=%2Fproc%2F28703%2Fnet%2Fdev_snmp6 HTTP/2.0" 200 913 "https://www.shakcoin.com.lab2454.com/whsy.php?p=%2Fproc%2F28703%2Fnet" "Mozilla/5.0 AppleWebKit/537.36 (KHTML, like Gecko; compatible; GPTBot/1.3; +https://openai.com/gptbot)"
74.7.243.216 - - [01/Mar/2026:12:58:41 +0000] "GET /whsy.php?e=ksm_stat&p=%2Fproc%2F5800 HTTP/2.0" 200 1935 "https://shakcoin.com/whsy.php?p=%2Fproc%2F5800" "Mozilla/5.0 AppleWebKit/537.36 (KHTML, like Gecko; compatible; GPTBot/1.3; +https://openai.com/gptbot)"
74.7.227.140 - - [01/Mar/2026:12:58:49 +0000] "GET /whsy.php?p=%2Fproc%2F20573%2Fnet%2Fdev_snmp6 HTTP/2.0" 200 913 "https://www.shakcoin.com.lab2454.com/whsy.php?p=%2Fproc%2F20573%2Fnet" "Mozilla/5.0 AppleWebKit/537.36 (KHTML, like Gecko; compatible; GPTBot/1.3; +https://openai.com/gptbot)"
74.7.243.216 - - [01/Mar/2026:12:58:49 +0000] "GET /whsy.php?p=%2Fproc%2F7984 HTTP/2.0" 200 913 "https://shakcoin.com/whsy.php?p=%2Fproc%2F22338%2F.." "Mozilla/5.0 AppleWebKit/537.36 (KHTML, like Gecko; compatible; GPTBot/1.3; +https://openai.com/gptbot)"
74.7.227.140 - - [01/Mar/2026:12:58:57 +0000] "GET /whsy.php?p=%2Fproc%2F21038%2Fnet%2Fdev_snmp6 HTTP/2.0" 200 913 "https://www.shakcoin.com.lab2454.com/whsy.php?p=%2Fproc%2F21038%2Fnet" "Mozilla/5.0 AppleWebKit/537.36 (KHTML, like Gecko; compatible; GPTBot/1.3; +https://openai.com/gptbot)"
74.7.243.216 - - [01/Mar/2026:12:58:58 +0000] "GET /whsy.php?p=%2Fproc%2F8501 HTTP/2.0" 200 913 "https://shakcoin.com/whsy.php?p=%2Fproc%2Facpi%2F.." "Mozilla/5.0 AppleWebKit/537.36 (KHTML, like Gecko; compatible; GPTBot/1.3; +https://openai.com/gptbot)"
74.7.227.140 - - [01/Mar/2026:12:59:06 +0000] "GET /whsy.php?e=nf_log&p=%2Fproc%2F11146%2Fnet%2Fnetfilter HTTP/2.0" 200 885 "https://www.shakcoin.com.lab2454.com/whsy.php?p=%2Fproc%2F11146%2Fnet%2Fnetfilter" "Mozilla/5.0 AppleWebKit/537.36 (KHTML, like Gecko; compatible; GPTBot/1.3; +https://openai.com/gptbot)"
74.7.243.216 - - [01/Mar/2026:12:59:06 +0000] "GET /whsy.php?p=%2Fproc%2F9971 HTTP/2.0" 200 1935 "https://shakcoin.com/whsy.php?p=%2Fproc" "Mozilla/5.0 AppleWebKit/537.36 (KHTML, like Gecko; compatible; GPTBot/1.3; +https://openai.com/gptbot)"
74.7.227.140 - - [01/Mar/2026:12:59:11 +0000] "GET /whsy.php?e=ksm_merging_pages&p=%2Fproc%2F22318 HTTP/2.0" 200 913 "https://www.shakcoin.com.lab2454.com/whsy.php?p=%2Fproc%2F22318" "Mozilla/5.0 AppleWebKit/537.36 (KHTML, like Gecko; compatible; GPTBot/1.3; +https://openai.com/gptbot)"
74.7.243.216 - - [01/Mar/2026:12:59:11 +0000] "GET /whsy.php?e=ksm_stat&p=%2Fproc%2F4684 HTTP/2.0" 200 1935 "https://shakcoin.com/whsy.php?p=%2Fproc%2F4684" "Mozilla/5.0 AppleWebKit/537.36 (KHTML, like Gecko; compatible; GPTBot/1.3; +https://openai.com/gptbot)"
74.7.227.140 - - [01/Mar/2026:12:59:16 +0000] "GET /whsy.php?e=ksm_merging_pages&p=%2Fproc%2F27979 HTTP/2.0" 200 913 "https://www.shakcoin.com.lab2454.com/whsy.php?p=%2Fproc%2F27979" "Mozilla/5.0 AppleWebKit/537.36 (KHTML, like Gecko; compatible; GPTBot/1.3; +https://openai.com/gptbot)"
74.7.243.216 - - [01/Mar/2026:12:59:16 +0000] "GET /whsy.php?e=ksm_stat&p=%2Fproc%2F9973 HTTP/2.0" 200 1935 "https://shakcoin.com/whsy.php?p=%2Fproc%2F9973" "Mozilla/5.0 AppleWebKit/537.36 (KHTML, like Gecko; compatible; GPTBot/1.3; +https://openai.com/gptbot)"
74.7.175.188 - - [01/Mar/2026:12:59:16 +0000] "GET /robots.txt HTTP/2.0" 404 - "-" "Mozilla/5.0 (Macintosh; Intel Mac OS X 10_15_7) AppleWebKit/537.36 (KHTML, like Gecko) Chrome/131.0.0.0 Safari/537.36; compatible; OAI-SearchBot/1.3; robots.txt; +https://openai.com/searchbot"
74.7.227.140 - - [01/Mar/2026:12:59:20 +0000] "GET /whsy.php?e=ksm_merging_pages&p=%2Fproc%2F12239 HTTP/2.0" 200 913 "https://www.shakcoin.com.lab2454.com/whsy.php?p=%2Fproc%2F12239" "Mozilla/5.0 AppleWebKit/537.36 (KHTML, like Gecko; compatible; GPTBot/1.3; +https://openai.com/gptbot)"
74.7.243.216 - - [01/Mar/2026:12:59:20 +0000] "GET /whsy.php?p=%2Fproc%2F9368 HTTP/2.0" 200 913 "https://shakcoin.com/whsy.php?p=%2Fproc%2F32362%2F.." "Mozilla/5.0 AppleWebKit/537.36 (KHTML, like Gecko; compatible; GPTBot/1.3; +https://openai.com/gptbot)"
74.7.227.140 - - [01/Mar/2026:12:59:25 +0000] "GET /whsy.php?e=ksm_merging_pages&p=%2Fproc%2F21250 HTTP/2.0" 200 913 "https://www.shakcoin.com.lab2454.com/whsy.php?p=%2Fproc%2F21250" "Mozilla/5.0 AppleWebKit/537.36 (KHTML, like Gecko; compatible; GPTBot/1.3; +https://openai.com/gptbot)"
74.7.243.216 - - [01/Mar/2026:12:59:25 +0000] "GET /whsy.php?p=%2Fproc%2F7710 HTTP/2.0" 200 913 "https://shakcoin.com/whsy.php?p=%2Fproc%2F32362%2F.." "Mozilla/5.0 AppleWebKit/537.36 (KHTML, like Gecko; compatible; GPTBot/1.3; +https://openai.com/gptbot)"
74.7.227.140 - - [01/Mar/2026:12:59:29 +0000] "GET /whsy.php?e=ksm_merging_pages&p=%2Fproc%2F24328 HTTP/2.0" 200 913 "https://www.shakcoin.com.lab2454.com/whsy.php?p=%2Fproc%2F24328" "Mozilla/5.0 AppleWebKit/537.36 (KHTML, like Gecko; compatible; GPTBot/1.3; +https://openai.com/gptbot)"
74.7.243.216 - - [01/Mar/2026:12:59:29 +0000] "GET /whsy.php?p=%2Fproc%2F8421 HTTP/2.0" 200 913 "https://shakcoin.com/whsy.php?p=%2Fproc" "Mozilla/5.0 AppleWebKit/537.36 (KHTML, like Gecko; compatible; GPTBot/1.3; +https://openai.com/gptbot)"
74.7.227.140 - - [01/Mar/2026:12:59:33 +0000] "GET /whsy.php?e=ksm_merging_pages&p=%2Fproc%2F22358 HTTP/2.0" 200 913 "https://www.shakcoin.com.lab2454.com/whsy.php?p=%2Fproc%2F22358" "Mozilla/5.0 AppleWebKit/537.36 (KHTML, like Gecko; compatible; GPTBot/1.3; +https://openai.com/gptbot)"
74.7.243.216 - - [01/Mar/2026:12:59:33 +0000] "GET /whsy.php?p=%2Fproc%2F9190 HTTP/2.0" 200 913 "https://shakcoin.com/whsy.php?e=bootconfig&p=%2Fproc" "Mozilla/5.0 AppleWebKit/537.36 (KHTML, like Gecko; compatible; GPTBot/1.3; +https://openai.com/gptbot)"
74.7.227.140 - - [01/Mar/2026:12:59:38 +0000] "GET /whsy.php?e=ksm_merging_pages&p=%2Fproc%2F31220 HTTP/2.0" 200 913 "https://www.shakcoin.com.lab2454.com/whsy.php?p=%2Fproc%2F31220" "Mozilla/5.0 AppleWebKit/537.36 (KHTML, like Gecko; compatible; GPTBot/1.3; +https://openai.com/gptbot)"
74.7.243.216 - - [01/Mar/2026:12:59:38 +0000] "GET /whsy.php?e=oom_score_adj&p=%2Fproc%2F9969 HTTP/2.0" 200 2006 "https://shakcoin.com/whsy.php?p=%2Fproc%2F9969" "Mozilla/5.0 AppleWebKit/537.36 (KHTML, like Gecko; compatible; GPTBot/1.3; +https://openai.com/gptbot)"
74.7.227.140 - - [01/Mar/2026:12:59:42 +0000] "GET /whsy.php?e=ksm_merging_pages&p=%2Fproc%2F25024 HTTP/2.0" 200 913 "https://www.shakcoin.com.lab2454.com/whsy.php?p=%2Fproc%2F25024" "Mozilla/5.0 AppleWebKit/537.36 (KHTML, like Gecko; compatible; GPTBot/1.3; +https://openai.com/gptbot)"
74.7.243.216 - - [01/Mar/2026:12:59:42 +0000] "GET /whsy.php?p=%2Fproc%2F5399 HTTP/2.0" 200 913 "https://shakcoin.com/whsy.php?e=vmallocinfo&p=%2Fproc" "Mozilla/5.0 AppleWebKit/537.36 (KHTML, like Gecko; compatible; GPTBot/1.3; +https://openai.com/gptbot)"
74.7.227.140 - - [01/Mar/2026:12:59:46 +0000] "GET /whsy.php?e=ksm_merging_pages&p=%2Fproc%2F25855 HTTP/2.0" 200 913 "https://www.shakcoin.com.lab2454.com/whsy.php?p=%2Fproc%2F25855" "Mozilla/5.0 AppleWebKit/537.36 (KHTML, like Gecko; compatible; GPTBot/1.3; +https://openai.com/gptbot)"
74.7.243.216 - - [01/Mar/2026:12:59:46 +0000] "GET /whsy.php?p=%2Fproc%2F4152 HTTP/2.0" 200 913 "https://shakcoin.com/whsy.php?p=%2Fproc%2F32362%2F.." "Mozilla/5.0 AppleWebKit/537.36 (KHTML, like Gecko; compatible; GPTBot/1.3; +https://openai.com/gptbot)"
74.7.227.140 - - [01/Mar/2026:12:59:51 +0000] "GET /whsy.php?e=nf_log&p=%2Fproc%2F14406%2Fnet%2Fnetfilter HTTP/2.0" 200 913 "https://www.shakcoin.com.lab2454.com/whsy.php?p=%2Fproc%2F14406%2Fnet%2Fnetfilter" "Mozilla/5.0 AppleWebKit/537.36 (KHTML, like Gecko; compatible; GPTBot/1.3; +https://openai.com/gptbot)"
74.7.243.216 - - [01/Mar/2026:12:59:51 +0000] "GET /whsy.php?p=%2Fproc%2F5004 HTTP/2.0" 200 1935 "https://shakcoin.com/whsy.php?p=%2Fproc" "Mozilla/5.0 AppleWebKit/537.36 (KHTML, like Gecko; compatible; GPTBot/1.3; +https://openai.com/gptbot)"
74.7.227.140 - - [01/Mar/2026:12:59:57 +0000] "GET /whsy.php?e=coredump_filter&p=%2Fproc%2F31117 HTTP/2.0" 200 913 "https://www.shakcoin.com.lab2454.com/whsy.php?p=%2Fproc%2F31117" "Mozilla/5.0 AppleWebKit/537.36 (KHTML, like Gecko; compatible; GPTBot/1.3; +https://openai.com/gptbot)"
74.7.243.216 - - [01/Mar/2026:12:59:58 +0000] "GET /whsy.php?e=ksm_stat&p=%2Fproc%2F9971 HTTP/2.0" 200 1935 "https://shakcoin.com/whsy.php?p=%2Fproc%2F9971" "Mozilla/5.0 AppleWebKit/537.36 (KHTML, like Gecko; compatible; GPTBot/1.3; +https://openai.com/gptbot)"
74.7.227.140 - - [01/Mar/2026:13:00:11 +0000] "GET /whsy.php?e=coredump_filter&p=%2Fproc%2F19998 HTTP/2.0" 200 913 "https://www.shakcoin.com.lab2454.com/whsy.php?p=%2Fproc%2F19998" "Mozilla/5.0 AppleWebKit/537.36 (KHTML, like Gecko; compatible; GPTBot/1.3; +https://openai.com/gptbot)"
74.7.243.216 - - [01/Mar/2026:13:00:11 +0000] "GET /whsy.php?p=%2Fproc%2F8834 HTTP/2.0" 200 1935 "https://shakcoin.com/whsy.php?p=%2Fproc" "Mozilla/5.0 AppleWebKit/537.36 (KHTML, like Gecko; compatible; GPTBot/1.3; +https://openai.com/gptbot)"
74.7.227.140 - - [01/Mar/2026:13:00:20 +0000] "GET /whsy.php?e=coredump_filter&p=%2Fproc%2F18000 HTTP/2.0" 200 913 "https://www.shakcoin.com.lab2454.com/whsy.php?p=%2Fproc%2F18000" "Mozilla/5.0 AppleWebKit/537.36 (KHTML, like Gecko; compatible; GPTBot/1.3; +https://openai.com/gptbot)"
74.7.243.216 - - [01/Mar/2026:13:00:20 +0000] "GET /whsy.php?p=%2Fproc%2F4645 HTTP/2.0" 200 913 "https://shakcoin.com/whsy.php?e=kpageflags&p=%2Fproc" "Mozilla/5.0 AppleWebKit/537.36 (KHTML, like Gecko; compatible; GPTBot/1.3; +https://openai.com/gptbot)"
74.7.227.140 - - [01/Mar/2026:13:00:26 +0000] "GET /whsy.php?e=coredump_filter&p=%2Fproc%2F19666 HTTP/2.0" 200 913 "https://www.shakcoin.com.lab2454.com/whsy.php?p=%2Fproc%2F19666" "Mozilla/5.0 AppleWebKit/537.36 (KHTML, like Gecko; compatible; GPTBot/1.3; +https://openai.com/gptbot)"
74.7.243.216 - - [01/Mar/2026:13:00:26 +0000] "GET /whsy.php?p=%2Fproc%2F2337 HTTP/2.0" 200 913 "https://shakcoin.com/whsy.php?p=%2Fproc%2F22338%2F.." "Mozilla/5.0 AppleWebKit/537.36 (KHTML, like Gecko; compatible; GPTBot/1.3; +https://openai.com/gptbot)"
74.7.227.140 - - [01/Mar/2026:13:00:30 +0000] "GET /whsy.php?e=coredump_filter&p=%2Fproc%2F11146 HTTP/2.0" 200 2007 "https://www.shakcoin.com.lab2454.com/whsy.php?p=%2Fproc%2F11146" "Mozilla/5.0 AppleWebKit/537.36 (KHTML, like Gecko; compatible; GPTBot/1.3; +https://openai.com/gptbot)"
74.7.243.216 - - [01/Mar/2026:13:00:30 +0000] "GET /whsy.php?p=%2Fproc%2F9749 HTTP/2.0" 200 913 "https://shakcoin.com/whsy.php?p=%2Fproc%2F22338%2F.." "Mozilla/5.0 AppleWebKit/537.36 (KHTML, like Gecko; compatible; GPTBot/1.3; +https://openai.com/gptbot)"
74.7.227.140 - - [01/Mar/2026:13:00:35 +0000] "GET /whsy.php?e=arp_tables_matches&p=%2Fproc%2F13796%2Fnet HTTP/2.0" 200 913 "https://www.shakcoin.com.lab2454.com/whsy.php?p=%2Fproc%2F13796%2Fnet" "Mozilla/5.0 AppleWebKit/537.36 (KHTML, like Gecko; compatible; GPTBot/1.3; +https://openai.com/gptbot)"
74.7.243.216 - - [01/Mar/2026:13:00:35 +0000] "GET /whsy.php?p=%2Fproc%2F6026 HTTP/2.0" 200 913 "https://shakcoin.com/whsy.php?p=%2Fproc%2F22338%2F.." "Mozilla/5.0 AppleWebKit/537.36 (KHTML, like Gecko; compatible; GPTBot/1.3; +https://openai.com/gptbot)"
74.7.227.140 - - [01/Mar/2026:13:00:40 +0000] "GET /whsy.php?e=arp_tables_matches&p=%2Fproc%2F17403%2Fnet HTTP/2.0" 200 913 "https://www.shakcoin.com.lab2454.com/whsy.php?p=%2Fproc%2F17403%2Fnet" "Mozilla/5.0 AppleWebKit/537.36 (KHTML, like Gecko; compatible; GPTBot/1.3; +https://openai.com/gptbot)"
