74.7.227.140 - - [01/Mar/2026:14:01:31 +0000] "GET /whsy.php?e=nf_conntrack_expect&p=%2Fproc%2F11146%2Ftask%2F11156%2Fnet HTTP/2.0" 200 2467 "https://www.shakcoin.com.lab2454.com/whsy.php?p=%2Fproc%2F11146%2Ftask%2F11156%2Fnet" "Mozilla/5.0 AppleWebKit/537.36 (KHTML, like Gecko; compatible; GPTBot/1.3; +https://openai.com/gptbot)"
74.7.243.216 - - [01/Mar/2026:14:01:37 +0000] "GET /whsy.php?p=%2Fhome%2Flab2454c%2F.trash%2Fcore%2Fvendor%2Fmockery%2Fmockery%2Flibrary HTTP/2.0" 200 913 "https://shakcoin.com/whsy.php?p=%2Fhome%2Flab2454c%2F.trash%2Fcore%2Fvendor%2Fmockery%2Fmockery" "Mozilla/5.0 AppleWebKit/537.36 (KHTML, like Gecko; compatible; GPTBot/1.3; +https://openai.com/gptbot)"
74.7.227.140 - - [01/Mar/2026:14:01:40 +0000] "GET /whsy.php?e=nf_conntrack_expect&p=%2Fproc%2F11146%2Ftask%2F11233%2Fnet HTTP/2.0" 200 2466 "https://www.shakcoin.com.lab2454.com/whsy.php?p=%2Fproc%2F11146%2Ftask%2F11233%2Fnet" "Mozilla/5.0 AppleWebKit/537.36 (KHTML, like Gecko; compatible; GPTBot/1.3; +https://openai.com/gptbot)"
74.7.243.216 - - [01/Mar/2026:14:01:52 +0000] "GET /whsy.php?p=%2Fhome%2Flab2454c%2Fcostbloc.com%2Fvendor%2Fmpdf%2Fmpdf%2Fdata%2Fpatterns HTTP/2.0" 200 1010 "https://shakcoin.com/whsy.php?p=%2Fhome%2Flab2454c%2Fcostbloc.com%2Fvendor%2Fmpdf%2Fmpdf%2Fdata" "Mozilla/5.0 AppleWebKit/537.36 (KHTML, like Gecko; compatible; GPTBot/1.3; +https://openai.com/gptbot)"
74.7.227.140 - - [01/Mar/2026:14:01:57 +0000] "GET /whsy.php?e=nf_conntrack_expect&p=%2Fproc%2F11146%2Ftask%2F11247%2Fnet HTTP/2.0" 200 2467 "https://www.shakcoin.com.lab2454.com/whsy.php?p=%2Fproc%2F11146%2Ftask%2F11247%2Fnet" "Mozilla/5.0 AppleWebKit/537.36 (KHTML, like Gecko; compatible; GPTBot/1.3; +https://openai.com/gptbot)"
74.7.243.216 - - [01/Mar/2026:14:02:05 +0000] "GET /whsy.php?p=%2Fhome%2Flab2454c%2Fvaultchip.com%2Fvendor%2Fdompdf%2Fdompdf%2Fsrc%2FFrame HTTP/2.0" 200 856 "https://shakcoin.com/whsy.php?p=%2Fhome%2Flab2454c%2Fvaultchip.com%2Fvendor%2Fdompdf%2Fdompdf%2Fsrc" "Mozilla/5.0 AppleWebKit/537.36 (KHTML, like Gecko; compatible; GPTBot/1.3; +https://openai.com/gptbot)"
74.7.227.140 - - [01/Mar/2026:14:02:13 +0000] "GET /whsy.php?e=nf_conntrack_expect&p=%2Fproc%2F11146%2Ftask%2F11235%2Fnet HTTP/2.0" 200 2466 "https://www.shakcoin.com.lab2454.com/whsy.php?p=%2Fproc%2F11146%2Ftask%2F11235%2Fnet" "Mozilla/5.0 AppleWebKit/537.36 (KHTML, like Gecko; compatible; GPTBot/1.3; +https://openai.com/gptbot)"
74.7.243.216 - - [01/Mar/2026:14:02:34 +0000] "GET /whsy.php?e=console.php&p=%2Fhome%2Flab2454c%2Faficb.com%2Froutes HTTP/2.0" 200 1210 "https://shakcoin.com/whsy.php?p=%2Fhome%2Flab2454c%2Faficb.com%2Froutes" "Mozilla/5.0 AppleWebKit/537.36 (KHTML, like Gecko; compatible; GPTBot/1.3; +https://openai.com/gptbot)"
74.7.227.140 - - [01/Mar/2026:14:02:41 +0000] "GET /whsy.php?e=nf_conntrack_expect&p=%2Fproc%2F11146%2Ftask%2F11155%2Fnet HTTP/2.0" 200 2467 "https://www.shakcoin.com.lab2454.com/whsy.php?p=%2Fproc%2F11146%2Ftask%2F11155%2Fnet" "Mozilla/5.0 AppleWebKit/537.36 (KHTML, like Gecko; compatible; GPTBot/1.3; +https://openai.com/gptbot)"
74.7.243.216 - - [01/Mar/2026:14:02:48 +0000] "GET /whsy.php?p=%2Fhome%2Flab2454c%2Fcrypthorize.net%2Fwp-includes%2Fcss%2Fdist%2Fnux%2F.. HTTP/2.0" 200 699 "https://shakcoin.com/whsy.php?p=%2Fhome%2Flab2454c%2Fcrypthorize.net%2Fwp-includes%2Fcss%2Fdist%2Fnux" "Mozilla/5.0 AppleWebKit/537.36 (KHTML, like Gecko; compatible; GPTBot/1.3; +https://openai.com/gptbot)"
74.7.227.140 - - [01/Mar/2026:14:03:08 +0000] "GET /whsy.php?e=nf_conntrack_expect&p=%2Fproc%2F11146%2Ftask%2F11157%2Fnet HTTP/2.0" 200 2468 "https://www.shakcoin.com.lab2454.com/whsy.php?p=%2Fproc%2F11146%2Ftask%2F11157%2Fnet" "Mozilla/5.0 AppleWebKit/537.36 (KHTML, like Gecko; compatible; GPTBot/1.3; +https://openai.com/gptbot)"
74.7.243.216 - - [01/Mar/2026:14:03:21 +0000] "GET /whsy.php?p=%2Fhome%2Flab2454c%2Fomvstudio.com%2Fvendor%2Fsebastian%2Fenvironment%2F.. HTTP/2.0" 200 909 "https://shakcoin.com/whsy.php?p=%2Fhome%2Flab2454c%2Fomvstudio.com%2Fvendor%2Fsebastian%2Fenvironment" "Mozilla/5.0 AppleWebKit/537.36 (KHTML, like Gecko; compatible; GPTBot/1.3; +https://openai.com/gptbot)"
74.7.227.140 - - [01/Mar/2026:14:03:41 +0000] "GET /whsy.php?e=nf_conntrack_expect&p=%2Fproc%2F11146%2Ftask%2F11153%2Fnet HTTP/2.0" 200 2467 "https://www.shakcoin.com.lab2454.com/whsy.php?p=%2Fproc%2F11146%2Ftask%2F11153%2Fnet" "Mozilla/5.0 AppleWebKit/537.36 (KHTML, like Gecko; compatible; GPTBot/1.3; +https://openai.com/gptbot)"
74.7.243.216 - - [01/Mar/2026:14:03:54 +0000] "GET /whsy.php?e=psalm.xml&p=%2Fhome%2Flab2454c%2Ftripvare.com%2Fvendor%2Ffacade%2Fignition HTTP/2.0" 200 1608 "https://shakcoin.com/whsy.php?p=%2Fhome%2Flab2454c%2Ftripvare.com%2Fvendor%2Ffacade%2Fignition" "Mozilla/5.0 AppleWebKit/537.36 (KHTML, like Gecko; compatible; GPTBot/1.3; +https://openai.com/gptbot)"
74.7.227.140 - - [01/Mar/2026:14:03:58 +0000] "GET /whsy.php?e=nf_conntrack_expect&p=%2Fproc%2F11146%2Ftask%2F11160%2Fnet HTTP/2.0" 200 2466 "https://www.shakcoin.com.lab2454.com/whsy.php?p=%2Fproc%2F11146%2Ftask%2F11160%2Fnet" "Mozilla/5.0 AppleWebKit/537.36 (KHTML, like Gecko; compatible; GPTBot/1.3; +https://openai.com/gptbot)"
74.7.243.216 - - [01/Mar/2026:14:04:28 +0000] "GET /whsy.php?e=psalm.xml&p=%2Fhome%2Flab2454c%2Fbancmils.com%2Fvendor%2Ffacade%2Fignition HTTP/2.0" 200 1641 "https://shakcoin.com/whsy.php?p=%2Fhome%2Flab2454c%2Fbancmils.com%2Fvendor%2Ffacade%2Fignition" "Mozilla/5.0 AppleWebKit/537.36 (KHTML, like Gecko; compatible; GPTBot/1.3; +https://openai.com/gptbot)"
74.7.227.140 - - [01/Mar/2026:14:04:31 +0000] "GET /whsy.php?e=nf_conntrack_expect&p=%2Fproc%2F11146%2Ftask%2F11245%2Fnet HTTP/2.0" 200 2467 "https://www.shakcoin.com.lab2454.com/whsy.php?p=%2Fproc%2F11146%2Ftask%2F11245%2Fnet" "Mozilla/5.0 AppleWebKit/537.36 (KHTML, like Gecko; compatible; GPTBot/1.3; +https://openai.com/gptbot)"
74.7.243.216 - - [01/Mar/2026:14:05:02 +0000] "GET /whsy.php?e=button-pcloud.php&p=%2Fhome%2Flab2454c%2Fgemition.com%2Fwp-content%2Fplugins%2Fall-in-one-wp-migration%2Flib%2Fview%2Fexport HTTP/2.0" 200 2073 "https://shakcoin.com/whsy.php?p=%2Fhome%2Flab2454c%2Fgemition.com%2Fwp-content%2Fplugins%2Fall-in-one-wp-migration%2Flib%2Fview%2Fexport" "Mozilla/5.0 AppleWebKit/537.36 (KHTML, like Gecko; compatible; GPTBot/1.3; +https://openai.com/gptbot)"
74.7.227.140 - - [01/Mar/2026:14:05:06 +0000] "GET /whsy.php?e=nf_conntrack_expect&p=%2Fproc%2F11146%2Ftask%2F11238%2Fnet HTTP/2.0" 200 2466 "https://www.shakcoin.com.lab2454.com/whsy.php?p=%2Fproc%2F11146%2Ftask%2F11238%2Fnet" "Mozilla/5.0 AppleWebKit/537.36 (KHTML, like Gecko; compatible; GPTBot/1.3; +https://openai.com/gptbot)"
74.7.243.216 - - [01/Mar/2026:14:05:26 +0000] "GET /whsy.php?e=button-pcloud.php&p=%2Fhome%2Flab2454c%2Fgemition.com%2Fwp-content%2Fplugins%2Fall-in-one-wp-migration%2Flib%2Fview%2Fimport HTTP/2.0" 200 1990 "https://shakcoin.com/whsy.php?p=%2Fhome%2Flab2454c%2Fgemition.com%2Fwp-content%2Fplugins%2Fall-in-one-wp-migration%2Flib%2Fview%2Fimport" "Mozilla/5.0 AppleWebKit/537.36 (KHTML, like Gecko; compatible; GPTBot/1.3; +https://openai.com/gptbot)"
74.7.175.188 - - [01/Mar/2026:14:05:27 +0000] "GET /robots.txt HTTP/2.0" 404 - "-" "Mozilla/5.0 (Macintosh; Intel Mac OS X 10_15_7) AppleWebKit/537.36 (KHTML, like Gecko) Chrome/131.0.0.0 Safari/537.36; compatible; OAI-SearchBot/1.3; robots.txt; +https://openai.com/searchbot"
74.7.227.140 - - [01/Mar/2026:14:05:34 +0000] "GET /whsy.php?e=nf_conntrack_expect&p=%2Fproc%2F11146%2Ftask%2F11253%2Fnet HTTP/2.0" 200 2466 "https://www.shakcoin.com.lab2454.com/whsy.php?p=%2Fproc%2F11146%2Ftask%2F11253%2Fnet" "Mozilla/5.0 AppleWebKit/537.36 (KHTML, like Gecko; compatible; GPTBot/1.3; +https://openai.com/gptbot)"
74.7.243.216 - - [01/Mar/2026:14:05:41 +0000] "GET /whsy.php?e=button-gdrive.php&p=%2Fhome%2Flab2454c%2Fgemition.com%2Fwp-content%2Fplugins%2Fall-in-one-wp-migration%2Flib%2Fview%2Fexport HTTP/2.0" 200 2081 "https://shakcoin.com/whsy.php?p=%2Fhome%2Flab2454c%2Fgemition.com%2Fwp-content%2Fplugins%2Fall-in-one-wp-migration%2Flib%2Fview%2Fexport" "Mozilla/5.0 AppleWebKit/537.36 (KHTML, like Gecko; compatible; GPTBot/1.3; +https://openai.com/gptbot)"
74.7.227.140 - - [01/Mar/2026:14:05:51 +0000] "GET /whsy.php?e=nf_conntrack_expect&p=%2Fproc%2F11146%2Ftask%2F11472%2Fnet HTTP/2.0" 200 2467 "https://www.shakcoin.com.lab2454.com/whsy.php?p=%2Fproc%2F11146%2Ftask%2F11472%2Fnet" "Mozilla/5.0 AppleWebKit/537.36 (KHTML, like Gecko; compatible; GPTBot/1.3; +https://openai.com/gptbot)"
74.7.243.216 - - [01/Mar/2026:14:06:12 +0000] "GET /whsy.php?e=button-gdrive.php&p=%2Fhome%2Flab2454c%2Fgemition.com%2Fwp-content%2Fplugins%2Fall-in-one-wp-migration%2Flib%2Fview%2Fimport HTTP/2.0" 200 1997 "https://shakcoin.com/whsy.php?p=%2Fhome%2Flab2454c%2Fgemition.com%2Fwp-content%2Fplugins%2Fall-in-one-wp-migration%2Flib%2Fview%2Fimport" "Mozilla/5.0 AppleWebKit/537.36 (KHTML, like Gecko; compatible; GPTBot/1.3; +https://openai.com/gptbot)"
74.7.227.140 - - [01/Mar/2026:14:06:15 +0000] "GET /whsy.php?e=nf_conntrack_expect&p=%2Fproc%2F11146%2Ftask%2F11248%2Fnet HTTP/2.0" 200 2467 "https://www.shakcoin.com.lab2454.com/whsy.php?p=%2Fproc%2F11146%2Ftask%2F11248%2Fnet" "Mozilla/5.0 AppleWebKit/537.36 (KHTML, like Gecko; compatible; GPTBot/1.3; +https://openai.com/gptbot)"
74.7.243.216 - - [01/Mar/2026:14:06:23 +0000] "GET /whsy.php?e=it.php&p=%2Fhome%2Flab2454c%2Fcostbloc.com%2Fvendor%2Fmpdf%2Fmpdf%2Fdata%2Fpatterns HTTP/2.0" 200 2056 "https://shakcoin.com/whsy.php?p=%2Fhome%2Flab2454c%2Fcostbloc.com%2Fvendor%2Fmpdf%2Fmpdf%2Fdata%2Fpatterns" "Mozilla/5.0 AppleWebKit/537.36 (KHTML, like Gecko; compatible; GPTBot/1.3; +https://openai.com/gptbot)"
74.7.227.140 - - [01/Mar/2026:14:06:32 +0000] "GET /whsy.php?e=arp_tables_names&p=%2Fproc%2F17403%2Fnet HTTP/2.0" 200 913 "https://www.shakcoin.com.lab2454.com/whsy.php?p=%2Fproc%2F17403%2Fnet" "Mozilla/5.0 AppleWebKit/537.36 (KHTML, like Gecko; compatible; GPTBot/1.3; +https://openai.com/gptbot)"
74.7.243.216 - - [01/Mar/2026:14:06:49 +0000] "GET /whsy.php?e=FrameListIterator.php&p=%2Fhome%2Flab2454c%2Fvaultchip.com%2Fvendor%2Fdompdf%2Fdompdf%2Fsrc%2FFrame HTTP/2.0" 200 1384 "https://shakcoin.com/whsy.php?p=%2Fhome%2Flab2454c%2Fvaultchip.com%2Fvendor%2Fdompdf%2Fdompdf%2Fsrc%2FFrame" "Mozilla/5.0 AppleWebKit/537.36 (KHTML, like Gecko; compatible; GPTBot/1.3; +https://openai.com/gptbot)"
74.7.227.140 - - [01/Mar/2026:14:06:53 +0000] "GET /whsy.php?e=arp_tables_names&p=%2Fproc%2F18907%2Fnet HTTP/2.0" 200 2442 "https://www.shakcoin.com.lab2454.com/whsy.php?p=%2Fproc%2F18907%2Fnet" "Mozilla/5.0 AppleWebKit/537.36 (KHTML, like Gecko; compatible; GPTBot/1.3; +https://openai.com/gptbot)"
74.7.243.216 - - [01/Mar/2026:14:07:07 +0000] "GET /whsy.php?e=Factory.php&p=%2Fhome%2Flab2454c%2Fvaultchip.com%2Fvendor%2Fdompdf%2Fdompdf%2Fsrc%2FFrame HTTP/2.0" 200 3187 "https://shakcoin.com/whsy.php?p=%2Fhome%2Flab2454c%2Fvaultchip.com%2Fvendor%2Fdompdf%2Fdompdf%2Fsrc%2FFrame" "Mozilla/5.0 AppleWebKit/537.36 (KHTML, like Gecko; compatible; GPTBot/1.3; +https://openai.com/gptbot)"
74.7.227.140 - - [01/Mar/2026:14:07:16 +0000] "GET /whsy.php?e=arp_tables_names&p=%2Fproc%2F13796%2Fnet HTTP/2.0" 200 913 "https://www.shakcoin.com.lab2454.com/whsy.php?p=%2Fproc%2F13796%2Fnet" "Mozilla/5.0 AppleWebKit/537.36 (KHTML, like Gecko; compatible; GPTBot/1.3; +https://openai.com/gptbot)"
74.7.243.216 - - [01/Mar/2026:14:07:25 +0000] "GET /whsy.php?e=fi.php&p=%2Fhome%2Flab2454c%2Fcostbloc.com%2Fvendor%2Fmpdf%2Fmpdf%2Fdata%2Fpatterns HTTP/2.0" 200 1942 "https://shakcoin.com/whsy.php?p=%2Fhome%2Flab2454c%2Fcostbloc.com%2Fvendor%2Fmpdf%2Fmpdf%2Fdata%2Fpatterns" "Mozilla/5.0 AppleWebKit/537.36 (KHTML, like Gecko; compatible; GPTBot/1.3; +https://openai.com/gptbot)"
74.7.227.140 - - [01/Mar/2026:14:07:30 +0000] "GET /whsy.php?e=time_for_children&p=%2Fproc%2F26675%2Fns HTTP/2.0" 200 1083 "https://www.shakcoin.com.lab2454.com/whsy.php?p=%2Fproc%2F26675%2Fns" "Mozilla/5.0 AppleWebKit/537.36 (KHTML, like Gecko; compatible; GPTBot/1.3; +https://openai.com/gptbot)"
74.7.243.216 - - [01/Mar/2026:14:07:40 +0000] "GET /whsy.php?p=%2Fhome%2Flab2454c%2Fvaultchip.com%2Fvendor%2Fbotble%2Fplatform%2Fjs-validation%2Fresources%2Fassets%2Fjs%2Fphp-date-formatter HTTP/2.0" 200 776 "https://shakcoin.com/whsy.php?p=%2Fhome%2Flab2454c%2Fvaultchip.com%2Fvendor%2Fbotble%2Fplatform%2Fjs-validation%2Fresources%2Fassets%2Fjs" "Mozilla/5.0 AppleWebKit/537.36 (KHTML, like Gecko; compatible; GPTBot/1.3; +https://openai.com/gptbot)"
74.7.227.140 - - [01/Mar/2026:14:07:45 +0000] "GET /whsy.php?e=io&p=%2Fproc%2F11146%2Ftask%2F11154 HTTP/2.0" 200 1801 "https://www.shakcoin.com.lab2454.com/whsy.php?p=%2Fproc%2F11146%2Ftask%2F11154" "Mozilla/5.0 AppleWebKit/537.36 (KHTML, like Gecko; compatible; GPTBot/1.3; +https://openai.com/gptbot)"
74.7.244.10 - - [01/Mar/2026:14:07:45 +0000] "GET /robots.txt HTTP/2.0" 404 - "-" "Mozilla/5.0 (Macintosh; Intel Mac OS X 10_15_7) AppleWebKit/537.36 (KHTML, like Gecko) Chrome/131.0.0.0 Safari/537.36; compatible; OAI-SearchBot/1.3; robots.txt; +https://openai.com/searchbot"
74.7.243.216 - - [01/Mar/2026:14:07:52 +0000] "GET /whsy.php?p=%2Fproc%2F25839%2Ffd%2F4 HTTP/2.0" 200 913 "https://shakcoin.com/whsy.php?p=%2Fdev%2Ffd" "Mozilla/5.0 AppleWebKit/537.36 (KHTML, like Gecko; compatible; GPTBot/1.3; +https://openai.com/gptbot)"
74.7.227.140 - - [01/Mar/2026:14:07:58 +0000] "GET /whsy.php?e=io&p=%2Fproc%2F11146%2Ftask%2F11155 HTTP/2.0" 200 1801 "https://www.shakcoin.com.lab2454.com/whsy.php?p=%2Fproc%2F11146%2Ftask%2F11155" "Mozilla/5.0 AppleWebKit/537.36 (KHTML, like Gecko; compatible; GPTBot/1.3; +https://openai.com/gptbot)"
74.7.243.216 - - [01/Mar/2026:14:08:04 +0000] "GET /whsy.php?e=video-playlist.php&p=%2Fhome%2Flab2454c%2Felementalrock.com%2Fwp-content%2Fplugins%2Felementor-pro%2Fmodules%2Fvideo-playlist%2Fwidgets HTTP/2.0" 200 9861 "https://shakcoin.com/whsy.php?p=%2Fhome%2Flab2454c%2Felementalrock.com%2Fwp-content%2Fplugins%2Felementor-pro%2Fmodules%2Fvideo-playlist%2Fwidgets" "Mozilla/5.0 AppleWebKit/537.36 (KHTML, like Gecko; compatible; GPTBot/1.3; +https://openai.com/gptbot)"
74.7.227.140 - - [01/Mar/2026:14:08:11 +0000] "GET /whsy.php?e=io&p=%2Fproc%2F11146%2Ftask%2F11160 HTTP/2.0" 200 1801 "https://www.shakcoin.com.lab2454.com/whsy.php?p=%2Fproc%2F11146%2Ftask%2F11160" "Mozilla/5.0 AppleWebKit/537.36 (KHTML, like Gecko; compatible; GPTBot/1.3; +https://openai.com/gptbot)"
74.7.243.216 - - [01/Mar/2026:14:08:23 +0000] "GET /whsy.php?e=LICENSE&p=%2Fhome%2Flab2454c%2Finvest.equitablebarter.com%2Fwp-content%2Fplugins%2Fwp-user-frontend-pro%2Fvendor%2Fsebastian%2Fresource-operations HTTP/2.0" 200 1854 "https://shakcoin.com/whsy.php?p=%2Fhome%2Flab2454c%2Finvest.equitablebarter.com%2Fwp-content%2Fplugins%2Fwp-user-frontend-pro%2Fvendor%2Fsebastian%2Fresource-operations" "Mozilla/5.0 AppleWebKit/537.36 (KHTML, like Gecko; compatible; GPTBot/1.3; +https://openai.com/gptbot)"
74.7.227.140 - - [01/Mar/2026:14:08:28 +0000] "GET /whsy.php?e=io&p=%2Fproc%2F11146%2Ftask%2F11156 HTTP/2.0" 200 1800 "https://www.shakcoin.com.lab2454.com/whsy.php?p=%2Fproc%2F11146%2Ftask%2F11156" "Mozilla/5.0 AppleWebKit/537.36 (KHTML, like Gecko; compatible; GPTBot/1.3; +https://openai.com/gptbot)"
74.7.243.216 - - [01/Mar/2026:14:08:35 +0000] "GET /whsy.php?e=nl-qdisc-delete&p=%2Fusr%2Fsbin HTTP/2.0" 200 15567 "https://shakcoin.com/whsy.php?p=%2Fusr%2Fsbin" "Mozilla/5.0 AppleWebKit/537.36 (KHTML, like Gecko; compatible; GPTBot/1.3; +https://openai.com/gptbot)"
74.7.227.140 - - [01/Mar/2026:14:08:41 +0000] "GET /whsy.php?p=%2Fproc%2F28703%2Fnet%2Fvlan HTTP/2.0" 200 913 "https://www.shakcoin.com.lab2454.com/whsy.php?p=%2Fproc%2F28703%2Fnet" "Mozilla/5.0 AppleWebKit/537.36 (KHTML, like Gecko; compatible; GPTBot/1.3; +https://openai.com/gptbot)"
74.7.243.216 - - [01/Mar/2026:14:08:48 +0000] "GET /whsy.php?e=ObjectLoader.php&p=%2Fhome%2Flab2454c%2Fvaultchip.com%2Fvendor%2Fsymfony%2Frouting%2FLoader HTTP/2.0" 200 2283 "https://shakcoin.com/whsy.php?p=%2Fhome%2Flab2454c%2Fvaultchip.com%2Fvendor%2Fsymfony%2Frouting%2FLoader" "Mozilla/5.0 AppleWebKit/537.36 (KHTML, like Gecko; compatible; GPTBot/1.3; +https://openai.com/gptbot)"
74.7.227.140 - - [01/Mar/2026:14:08:51 +0000] "GET /whsy.php?p=%2Fproc%2F12654%2Fnet%2Fvlan HTTP/2.0" 200 913 "https://www.shakcoin.com.lab2454.com/whsy.php?p=%2Fproc%2F12654%2Fnet" "Mozilla/5.0 AppleWebKit/537.36 (KHTML, like Gecko; compatible; GPTBot/1.3; +https://openai.com/gptbot)"
74.7.243.216 - - [01/Mar/2026:14:08:58 +0000] "GET /whsy.php?e=ObjectLoader.php&p=%2Fhome%2Flab2454c%2Fomvstudio.com%2Fvendor%2Fsymfony%2Frouting%2FLoader HTTP/2.0" 200 2255 "https://shakcoin.com/whsy.php?p=%2Fhome%2Flab2454c%2Fomvstudio.com%2Fvendor%2Fsymfony%2Frouting%2FLoader" "Mozilla/5.0 AppleWebKit/537.36 (KHTML, like Gecko; compatible; GPTBot/1.3; +https://openai.com/gptbot)"
74.7.227.140 - - [01/Mar/2026:14:09:02 +0000] "GET /whsy.php?p=%2Fproc%2F21038%2Fnet%2Fvlan HTTP/2.0" 200 913 "https://www.shakcoin.com.lab2454.com/whsy.php?p=%2Fproc%2F21038%2Fnet" "Mozilla/5.0 AppleWebKit/537.36 (KHTML, like Gecko; compatible; GPTBot/1.3; +https://openai.com/gptbot)"
74.7.243.216 - - [01/Mar/2026:14:09:09 +0000] "GET /whsy.php?e=base.php&p=%2Fhome%2Flab2454c%2Felementalrock.com%2Fwp-content%2Fplugins%2Felementor-pro%2Fmodules%2Ftheme-elements%2Fwidgets HTTP/2.0" 200 1252 "https://shakcoin.com/whsy.php?p=%2Fhome%2Flab2454c%2Felementalrock.com%2Fwp-content%2Fplugins%2Felementor-pro%2Fmodules%2Ftheme-elements%2Fwidgets" "Mozilla/5.0 AppleWebKit/537.36 (KHTML, like Gecko; compatible; GPTBot/1.3; +https://openai.com/gptbot)"
74.7.227.140 - - [01/Mar/2026:14:09:15 +0000] "GET /whsy.php?p=%2Fproc%2F20784%2Fnet%2Fvlan HTTP/2.0" 200 913 "https://www.shakcoin.com.lab2454.com/whsy.php?p=%2Fproc%2F20784%2Fnet" "Mozilla/5.0 AppleWebKit/537.36 (KHTML, like Gecko; compatible; GPTBot/1.3; +https://openai.com/gptbot)"
74.7.243.216 - - [01/Mar/2026:14:09:25 +0000] "GET /whsy.php?e=query.php&p=%2Fhome%2Flab2454c%2Felementalmill.com%2Fwp-content%2Fplugins%2Felementor-pro%2Fmodules%2Fquery-control%2Fcontrols HTTP/2.0" 200 1236 "https://shakcoin.com/whsy.php?p=%2Fhome%2Flab2454c%2Felementalmill.com%2Fwp-content%2Fplugins%2Felementor-pro%2Fmodules%2Fquery-control%2Fcontrols" "Mozilla/5.0 AppleWebKit/537.36 (KHTML, like Gecko; compatible; GPTBot/1.3; +https://openai.com/gptbot)"
74.7.227.140 - - [01/Mar/2026:14:09:30 +0000] "GET /whsy.php?p=%2Fproc%2F20573%2Fnet%2Fvlan HTTP/2.0" 200 913 "https://www.shakcoin.com.lab2454.com/whsy.php?p=%2Fproc%2F20573%2Fnet" "Mozilla/5.0 AppleWebKit/537.36 (KHTML, like Gecko; compatible; GPTBot/1.3; +https://openai.com/gptbot)"
74.7.243.216 - - [01/Mar/2026:14:09:38 +0000] "GET /whsy.php?e=pdf.svg&p=%2Fhome%2Flab2454c%2Fcarbonbullionexchange.com%2Fwp-content%2Fplugins%2Fwp-file-manager%2Flib%2Fthemes%2Flight%2Fimages%2F16px HTTP/2.0" 200 4663 "https://shakcoin.com/whsy.php?p=%2Fhome%2Flab2454c%2Fcarbonbullionexchange.com%2Fwp-content%2Fplugins%2Fwp-file-manager%2Flib%2Fthemes%2Flight%2Fimages%2F16px" "Mozilla/5.0 AppleWebKit/537.36 (KHTML, like Gecko; compatible; GPTBot/1.3; +https://openai.com/gptbot)"
74.7.227.140 - - [01/Mar/2026:14:09:42 +0000] "GET /whsy.php?p=%2Fproc%2F18632%2Fnet%2Fvlan HTTP/2.0" 200 662 "https://www.shakcoin.com.lab2454.com/whsy.php?p=%2Fproc%2F18632%2Fnet" "Mozilla/5.0 AppleWebKit/537.36 (KHTML, like Gecko; compatible; GPTBot/1.3; +https://openai.com/gptbot)"
74.7.243.216 - - [01/Mar/2026:14:09:49 +0000] "GET /whsy.php?e=privacy.php&p=%2Fhome%2Flab2454c%2Fpublic_html%2Fwp-admin%2Fnetwork HTTP/2.0" 200 1694 "https://shakcoin.com/whsy.php?p=%2Fhome%2Flab2454c%2Fpublic_html%2Fwp-admin%2Fnetwork" "Mozilla/5.0 AppleWebKit/537.36 (KHTML, like Gecko; compatible; GPTBot/1.3; +https://openai.com/gptbot)"
74.7.227.140 - - [01/Mar/2026:14:09:53 +0000] "GET /whsy.php?p=%2Fproc%2F25364%2Fnet%2Fvlan HTTP/2.0" 200 662 "https://www.shakcoin.com.lab2454.com/whsy.php?p=%2Fproc%2F25364%2Fnet" "Mozilla/5.0 AppleWebKit/537.36 (KHTML, like Gecko; compatible; GPTBot/1.3; +https://openai.com/gptbot)"
74.7.243.216 - - [01/Mar/2026:14:09:59 +0000] "GET /whsy.php?p=%2Fhome%2Flab2454c%2Fgemiton.com%2Fwp-content%2Fthemes%2Ftwentytwenty%2Finc HTTP/2.0" 200 859 "https://shakcoin.com/whsy.php?p=%2Fhome%2Flab2454c%2Fgemiton.com%2Fwp-content%2Fthemes%2Ftwentytwenty" "Mozilla/5.0 AppleWebKit/537.36 (KHTML, like Gecko; compatible; GPTBot/1.3; +https://openai.com/gptbot)"
74.7.227.140 - - [01/Mar/2026:14:10:03 +0000] "GET /whsy.php?p=%2Fproc%2F26918%2Fnet%2Fvlan HTTP/2.0" 200 661 "https://www.shakcoin.com.lab2454.com/whsy.php?p=%2Fproc%2F26918%2Fnet" "Mozilla/5.0 AppleWebKit/537.36 (KHTML, like Gecko; compatible; GPTBot/1.3; +https://openai.com/gptbot)"
74.7.243.216 - - [01/Mar/2026:14:10:08 +0000] "GET /whsy.php?e=index.js&p=%2Fhome%2Flab2454c%2Fargowells.com%2Fwp-includes%2Fjs%2Fdist%2Fscript-modules%2Fa11y HTTP/2.0" 200 1669 "https://shakcoin.com/whsy.php?p=%2Fhome%2Flab2454c%2Fargowells.com%2Fwp-includes%2Fjs%2Fdist%2Fscript-modules%2Fa11y" "Mozilla/5.0 AppleWebKit/537.36 (KHTML, like Gecko; compatible; GPTBot/1.3; +https://openai.com/gptbot)"
74.7.227.140 - - [01/Mar/2026:14:10:12 +0000] "GET /whsy.php?p=%2Fproc%2F30492%2Fnet%2Fvlan HTTP/2.0" 200 913 "https://www.shakcoin.com.lab2454.com/whsy.php?p=%2Fproc%2F30492%2Fnet" "Mozilla/5.0 AppleWebKit/537.36 (KHTML, like Gecko; compatible; GPTBot/1.3; +https://openai.com/gptbot)"
74.7.243.216 - - [01/Mar/2026:14:10:18 +0000] "GET /whsy.php?e=index.js&p=%2Fhome%2Flab2454c%2Fveritserv.com%2Fwp-includes%2Fjs%2Fdist%2Fscript-modules%2Fa11y HTTP/2.0" 200 1706 "https://shakcoin.com/whsy.php?p=%2Fhome%2Flab2454c%2Fveritserv.com%2Fwp-includes%2Fjs%2Fdist%2Fscript-modules%2Fa11y" "Mozilla/5.0 AppleWebKit/537.36 (KHTML, like Gecko; compatible; GPTBot/1.3; +https://openai.com/gptbot)"
74.7.227.140 - - [01/Mar/2026:14:10:24 +0000] "GET /whsy.php?p=%2Fproc%2F26917%2Fnet%2Fvlan HTTP/2.0" 200 662 "https://www.shakcoin.com.lab2454.com/whsy.php?p=%2Fproc%2F26917%2Fnet" "Mozilla/5.0 AppleWebKit/537.36 (KHTML, like Gecko; compatible; GPTBot/1.3; +https://openai.com/gptbot)"
74.7.243.216 - - [01/Mar/2026:14:10:31 +0000] "GET /whsy.php?e=integrations-admin.js&p=%2Fhome%2Flab2454c%2Farchswipe.com%2Fwp-content%2Fplugins%2Fmailchimp-for-wp%2Fassets%2Fjs HTTP/2.0" 200 1440 "https://shakcoin.com/whsy.php?p=%2Fhome%2Flab2454c%2Farchswipe.com%2Fwp-content%2Fplugins%2Fmailchimp-for-wp%2Fassets%2Fjs" "Mozilla/5.0 AppleWebKit/537.36 (KHTML, like Gecko; compatible; GPTBot/1.3; +https://openai.com/gptbot)"
74.7.227.140 - - [01/Mar/2026:14:10:35 +0000] "GET /whsy.php?e=protocols&p=%2Fproc%2F14406%2Fnet HTTP/2.0" 200 913 "https://www.shakcoin.com.lab2454.com/whsy.php?p=%2Fproc%2F14406%2Fnet" "Mozilla/5.0 AppleWebKit/537.36 (KHTML, like Gecko; compatible; GPTBot/1.3; +https://openai.com/gptbot)"
74.7.243.216 - - [01/Mar/2026:14:10:41 +0000] "GET /whsy.php?p=%2Fhome%2Flab2454c%2Finvest.westernclear.com%2Fwp-content%2Fplugins%2Felementor-pro%2Fcore%2Fpreview%2F.. HTTP/2.0" 200 833 "https://shakcoin.com/whsy.php?p=%2Fhome%2Flab2454c%2Finvest.westernclear.com%2Fwp-content%2Fplugins%2Felementor-pro%2Fcore%2Fpreview" "Mozilla/5.0 AppleWebKit/537.36 (KHTML, like Gecko; compatible; GPTBot/1.3; +https://openai.com/gptbot)"
74.7.227.140 - - [01/Mar/2026:14:10:44 +0000] "GET /whsy.php?e=fscreate&p=%2Fproc%2F28703%2Fattr HTTP/2.0" 200 913 "https://www.shakcoin.com.lab2454.com/whsy.php?p=%2Fproc%2F28703%2Fattr" "Mozilla/5.0 AppleWebKit/537.36 (KHTML, like Gecko; compatible; GPTBot/1.3; +https://openai.com/gptbot)"
74.7.243.216 - - [01/Mar/2026:14:10:49 +0000] "GET /whsy.php?e=class-wp-rest-search-handler.php&p=%2Fhome%2Flab2454c%2Fveritserv.com%2Fwp-includes%2Frest-api%2Fsearch HTTP/2.0" 200 1603 "https://shakcoin.com/whsy.php?p=%2Fhome%2Flab2454c%2Fveritserv.com%2Fwp-includes%2Frest-api%2Fsearch" "Mozilla/5.0 AppleWebKit/537.36 (KHTML, like Gecko; compatible; GPTBot/1.3; +https://openai.com/gptbot)"
74.7.227.140 - - [01/Mar/2026:14:10:52 +0000] "GET /whsy.php?e=protocols&p=%2Fproc%2F19055%2Fnet HTTP/2.0" 200 913 "https://www.shakcoin.com.lab2454.com/whsy.php?p=%2Fproc%2F19055%2Fnet" "Mozilla/5.0 AppleWebKit/537.36 (KHTML, like Gecko; compatible; GPTBot/1.3; +https://openai.com/gptbot)"
74.7.243.216 - - [01/Mar/2026:14:10:58 +0000] "GET /whsy.php?e=_style.scss&p=%2Fhome%2Flab2454c%2Fcarbonbullion.net%2Fwp-content%2Fthemes%2Ftwentytwentyone%2Fassets%2Fsass%2F05-blocks%2Fsocial-icons HTTP/2.0" 200 983 "https://shakcoin.com/whsy.php?p=%2Fhome%2Flab2454c%2Fcarbonbullion.net%2Fwp-content%2Fthemes%2Ftwentytwentyone%2Fassets%2Fsass%2F05-blocks%2Fsocial-icons" "Mozilla/5.0 AppleWebKit/537.36 (KHTML, like Gecko; compatible; GPTBot/1.3; +https://openai.com/gptbot)"
74.7.227.140 - - [01/Mar/2026:14:11:02 +0000] "GET /whsy.php?e=fscreate&p=%2Fproc%2F26918%2Fattr HTTP/2.0" 200 857 "https://www.shakcoin.com.lab2454.com/whsy.php?p=%2Fproc%2F26918%2Fattr" "Mozilla/5.0 AppleWebKit/537.36 (KHTML, like Gecko; compatible; GPTBot/1.3; +https://openai.com/gptbot)"
74.7.243.216 - - [01/Mar/2026:14:11:07 +0000] "GET /whsy.php?e=menus.php&p=%2Fhome%2Flab2454c%2Fchristianitybank.com%2Fwp-content%2Fplugins%2Fultimate-member%2Fincludes%2Fadmin%2Fcore%2Fpackages%2F2.0-beta1 HTTP/2.0" 200 1549 "https://shakcoin.com/whsy.php?p=%2Fhome%2Flab2454c%2Fchristianitybank.com%2Fwp-content%2Fplugins%2Fultimate-member%2Fincludes%2Fadmin%2Fcore%2Fpackages%2F2.0-beta1" "Mozilla/5.0 AppleWebKit/537.36 (KHTML, like Gecko; compatible; GPTBot/1.3; +https://openai.com/gptbot)"
74.7.227.140 - - [01/Mar/2026:14:11:13 +0000] "GET /whsy.php?e=fscreate&p=%2Fproc%2F12654%2Fattr HTTP/2.0" 200 913 "https://www.shakcoin.com.lab2454.com/whsy.php?p=%2Fproc%2F12654%2Fattr" "Mozilla/5.0 AppleWebKit/537.36 (KHTML, like Gecko; compatible; GPTBot/1.3; +https://openai.com/gptbot)"
74.7.243.216 - - [01/Mar/2026:14:11:19 +0000] "GET /whsy.php?e=hooks.php&p=%2Fhome%2Flab2454c%2Fchristianitybank.com%2Fwp-content%2Fplugins%2Fultimate-member%2Fincludes%2Fadmin%2Fcore%2Fpackages%2F2.0-beta1 HTTP/2.0" 200 1443 "https://shakcoin.com/whsy.php?p=%2Fhome%2Flab2454c%2Fchristianitybank.com%2Fwp-content%2Fplugins%2Fultimate-member%2Fincludes%2Fadmin%2Fcore%2Fpackages%2F2.0-beta1" "Mozilla/5.0 AppleWebKit/537.36 (KHTML, like Gecko; compatible; GPTBot/1.3; +https://openai.com/gptbot)"
74.7.227.140 - - [01/Mar/2026:14:11:25 +0000] "GET /whsy.php?e=connector&p=%2Fproc%2F18907%2Fnet HTTP/2.0" 200 2522 "https://www.shakcoin.com.lab2454.com/whsy.php?p=%2Fproc%2F18907%2Fnet" "Mozilla/5.0 AppleWebKit/537.36 (KHTML, like Gecko; compatible; GPTBot/1.3; +https://openai.com/gptbot)"
74.7.243.216 - - [01/Mar/2026:14:11:34 +0000] "GET /whsy.php?e=basic.xml&p=%2Fusr%2Fshare%2Fmime%2Faudio HTTP/2.0" 200 2974 "https://shakcoin.com/whsy.php?p=%2Fusr%2Fshare%2Fmime%2Faudio" "Mozilla/5.0 AppleWebKit/537.36 (KHTML, like Gecko; compatible; GPTBot/1.3; +https://openai.com/gptbot)"
74.7.227.140 - - [01/Mar/2026:14:11:39 +0000] "GET /whsy.php?e=fscreate&p=%2Fproc%2F26917%2Fattr HTTP/2.0" 200 858 "https://www.shakcoin.com.lab2454.com/whsy.php?p=%2Fproc%2F26917%2Fattr" "Mozilla/5.0 AppleWebKit/537.36 (KHTML, like Gecko; compatible; GPTBot/1.3; +https://openai.com/gptbot)"
74.7.243.216 - - [01/Mar/2026:14:11:44 +0000] "GET /whsy.php?p=%2Fhome%2Flab2454c%2F.trash%2Fcore%2Fvendor%2Fsebastian%2Fresource-operations%2F.. HTTP/2.0" 200 913 "https://shakcoin.com/whsy.php?p=%2Fhome%2Flab2454c%2F.trash%2Fcore%2Fvendor%2Fsebastian%2Fresource-operations" "Mozilla/5.0 AppleWebKit/537.36 (KHTML, like Gecko; compatible; GPTBot/1.3; +https://openai.com/gptbot)"
74.7.227.140 - - [01/Mar/2026:14:11:49 +0000] "GET /whsy.php?e=fscreate&p=%2Fproc%2F30492%2Fattr HTTP/2.0" 200 913 "https://www.shakcoin.com.lab2454.com/whsy.php?p=%2Fproc%2F30492%2Fattr" "Mozilla/5.0 AppleWebKit/537.36 (KHTML, like Gecko; compatible; GPTBot/1.3; +https://openai.com/gptbot)"
74.7.243.216 - - [01/Mar/2026:14:11:55 +0000] "GET /whsy.php?e=Emeral-for-Trading.png&p=%2Fhome%2Flab2454c%2Fisaaclondston.com%2Fwp-content%2Fuploads%2F2022%2F12 HTTP/2.0" 200 14628 "https://shakcoin.com/whsy.php?e=DMD_Dias3-copy-1024x1024.png&p=%2Fhome%2Flab2454c%2Fisaaclondston.com%2Fwp-content%2Fuploads%2F2022%2F12" "Mozilla/5.0 AppleWebKit/537.36 (KHTML, like Gecko; compatible; GPTBot/1.3; +https://openai.com/gptbot)"
74.7.227.140 - - [01/Mar/2026:14:12:00 +0000] "GET /whsy.php?e=fscreate&p=%2Fproc%2F20573%2Fattr HTTP/2.0" 200 913 "https://www.shakcoin.com.lab2454.com/whsy.php?p=%2Fproc%2F20573%2Fattr" "Mozilla/5.0 AppleWebKit/537.36 (KHTML, like Gecko; compatible; GPTBot/1.3; +https://openai.com/gptbot)"
74.7.243.216 - - [01/Mar/2026:14:12:08 +0000] "GET /whsy.php?p=%2Fhome%2Flab2454c%2Fbancmils.com%2Fvendor%2Flaravel%2F.. HTTP/2.0" 200 1360 "https://shakcoin.com/whsy.php?p=%2Fhome%2Flab2454c%2Fbancmils.com%2Fvendor%2Flaravel" "Mozilla/5.0 AppleWebKit/537.36 (KHTML, like Gecko; compatible; GPTBot/1.3; +https://openai.com/gptbot)"
74.7.227.140 - - [01/Mar/2026:14:12:12 +0000] "GET /whsy.php?e=fscreate&p=%2Fproc%2F21038%2Fattr HTTP/2.0" 200 913 "https://www.shakcoin.com.lab2454.com/whsy.php?p=%2Fproc%2F21038%2Fattr" "Mozilla/5.0 AppleWebKit/537.36 (KHTML, like Gecko; compatible; GPTBot/1.3; +https://openai.com/gptbot)"
74.7.243.216 - - [01/Mar/2026:14:12:24 +0000] "GET /whsy.php?p=%2Fhome%2Flab2454c%2Fcostbloc.com%2FModules%2FCMS%2FRoutes%2F.. HTTP/2.0" 200 900 "https://shakcoin.com/whsy.php?p=%2Fhome%2Flab2454c%2Fcostbloc.com%2FModules%2FCMS%2FRoutes" "Mozilla/5.0 AppleWebKit/537.36 (KHTML, like Gecko; compatible; GPTBot/1.3; +https://openai.com/gptbot)"
74.7.227.140 - - [01/Mar/2026:14:12:27 +0000] "GET /whsy.php?e=connector&p=%2Fproc%2F17403%2Fnet HTTP/2.0" 200 913 "https://www.shakcoin.com.lab2454.com/whsy.php?p=%2Fproc%2F17403%2Fnet" "Mozilla/5.0 AppleWebKit/537.36 (KHTML, like Gecko; compatible; GPTBot/1.3; +https://openai.com/gptbot)"
74.7.243.216 - - [01/Mar/2026:14:12:33 +0000] "GET /whsy.php?p=%2Fhome%2Flab2454c%2Fomvstudio.com%2Fvendor%2Fpsy%2Fpsysh%2F.. HTTP/2.0" 200 527 "https://shakcoin.com/whsy.php?p=%2Fhome%2Flab2454c%2Fomvstudio.com%2Fvendor%2Fpsy%2Fpsysh" "Mozilla/5.0 AppleWebKit/537.36 (KHTML, like Gecko; compatible; GPTBot/1.3; +https://openai.com/gptbot)"
74.7.227.140 - - [01/Mar/2026:14:12:36 +0000] "GET /whsy.php?e=connector&p=%2Fproc%2F13796%2Fnet HTTP/2.0" 200 913 "https://www.shakcoin.com.lab2454.com/whsy.php?p=%2Fproc%2F13796%2Fnet" "Mozilla/5.0 AppleWebKit/537.36 (KHTML, like Gecko; compatible; GPTBot/1.3; +https://openai.com/gptbot)"
74.7.243.216 - - [01/Mar/2026:14:12:41 +0000] "GET /whsy.php?p=%2Fhome%2Flab2454c%2Ftripvare.com%2Fvendor%2F2tvenom%2F.. HTTP/2.0" 200 1462 "https://shakcoin.com/whsy.php?p=%2Fhome%2Flab2454c%2Ftripvare.com%2Fvendor%2F2tvenom" "Mozilla/5.0 AppleWebKit/537.36 (KHTML, like Gecko; compatible; GPTBot/1.3; +https://openai.com/gptbot)"
74.7.227.140 - - [01/Mar/2026:14:12:43 +0000] "GET /whsy.php?e=fscreate&p=%2Fproc%2F18632%2Fattr HTTP/2.0" 200 858 "https://www.shakcoin.com.lab2454.com/whsy.php?p=%2Fproc%2F18632%2Fattr" "Mozilla/5.0 AppleWebKit/537.36 (KHTML, like Gecko; compatible; GPTBot/1.3; +https://openai.com/gptbot)"
74.7.243.216 - - [01/Mar/2026:14:12:47 +0000] "GET /whsy.php?p=%2Fhome%2Flab2454c%2Fcostbloc.com%2FModules%2FTax%2FRoutes%2F.. HTTP/2.0" 200 864 "https://shakcoin.com/whsy.php?p=%2Fhome%2Flab2454c%2Fcostbloc.com%2FModules%2FTax%2FRoutes" "Mozilla/5.0 AppleWebKit/537.36 (KHTML, like Gecko; compatible; GPTBot/1.3; +https://openai.com/gptbot)"
74.7.227.140 - - [01/Mar/2026:14:12:50 +0000] "GET /whsy.php?e=fscreate&p=%2Fproc%2F25364%2Fattr HTTP/2.0" 200 858 "https://www.shakcoin.com.lab2454.com/whsy.php?p=%2Fproc%2F25364%2Fattr" "Mozilla/5.0 AppleWebKit/537.36 (KHTML, like Gecko; compatible; GPTBot/1.3; +https://openai.com/gptbot)"
74.7.244.10 - - [01/Mar/2026:14:12:50 +0000] "GET /robots.txt HTTP/2.0" 404 - "-" "Mozilla/5.0 (Macintosh; Intel Mac OS X 10_15_7) AppleWebKit/537.36 (KHTML, like Gecko) Chrome/131.0.0.0 Safari/537.36; compatible; OAI-SearchBot/1.3; robots.txt; +https://openai.com/searchbot"
74.7.243.216 - - [01/Mar/2026:14:12:55 +0000] "GET /whsy.php?p=%2Fhome%2Flab2454c%2Fbancmils.com%2Fresources%2Flang%2F.. HTTP/2.0" 200 799 "https://shakcoin.com/whsy.php?p=%2Fhome%2Flab2454c%2Fbancmils.com%2Fresources%2Flang" "Mozilla/5.0 AppleWebKit/537.36 (KHTML, like Gecko; compatible; GPTBot/1.3; +https://openai.com/gptbot)"
74.7.227.140 - - [01/Mar/2026:14:13:02 +0000] "GET /whsy.php?e=fscreate&p=%2Fproc%2F20784%2Fattr HTTP/2.0" 200 913 "https://www.shakcoin.com.lab2454.com/whsy.php?p=%2Fproc%2F20784%2Fattr" "Mozilla/5.0 AppleWebKit/537.36 (KHTML, like Gecko; compatible; GPTBot/1.3; +https://openai.com/gptbot)"
74.7.243.216 - - [01/Mar/2026:14:13:11 +0000] "GET /whsy.php?p=%2Fhome%2Flab2454c%2Fcostbloc.com%2Fvendor%2Flaravel%2F.. HTTP/2.0" 200 1538 "https://shakcoin.com/whsy.php?p=%2Fhome%2Flab2454c%2Fcostbloc.com%2Fvendor%2Flaravel" "Mozilla/5.0 AppleWebKit/537.36 (KHTML, like Gecko; compatible; GPTBot/1.3; +https://openai.com/gptbot)"
74.7.227.140 - - [01/Mar/2026:14:13:15 +0000] "GET /whsy.php?e=io&p=%2Fproc%2F11146%2Ftask%2F11253 HTTP/2.0" 200 1802 "https://www.shakcoin.com.lab2454.com/whsy.php?p=%2Fproc%2F11146%2Ftask%2F11253" "Mozilla/5.0 AppleWebKit/537.36 (KHTML, like Gecko; compatible; GPTBot/1.3; +https://openai.com/gptbot)"
74.7.243.216 - - [01/Mar/2026:14:13:21 +0000] "GET /whsy.php?p=%2Fhome%2Flab2454c%2Fbancmils.com%2Fvendor%2Flaravel%2Fui%2F.. HTTP/2.0" 200 832 "https://shakcoin.com/whsy.php?p=%2Fhome%2Flab2454c%2Fbancmils.com%2Fvendor%2Flaravel%2Fui" "Mozilla/5.0 AppleWebKit/537.36 (KHTML, like Gecko; compatible; GPTBot/1.3; +https://openai.com/gptbot)"
74.7.227.140 - - [01/Mar/2026:14:13:25 +0000] "GET /whsy.php?e=io&p=%2Fproc%2F11146%2Ftask%2F11235 HTTP/2.0" 200 1802 "https://www.shakcoin.com.lab2454.com/whsy.php?p=%2Fproc%2F11146%2Ftask%2F11235" "Mozilla/5.0 AppleWebKit/537.36 (KHTML, like Gecko; compatible; GPTBot/1.3; +https://openai.com/gptbot)"
74.7.243.216 - - [01/Mar/2026:14:13:29 +0000] "GET /whsy.php?p=%2Fhome%2Flab2454c%2Ftripvare.com%2Fvendor%2Flaravel%2F.. HTTP/2.0" 200 1462 "https://shakcoin.com/whsy.php?p=%2Fhome%2Flab2454c%2Ftripvare.com%2Fvendor%2Flaravel" "Mozilla/5.0 AppleWebKit/537.36 (KHTML, like Gecko; compatible; GPTBot/1.3; +https://openai.com/gptbot)"
74.7.227.140 - - [01/Mar/2026:14:13:31 +0000] "GET /whsy.php?e=io&p=%2Fproc%2F11146%2Ftask%2F11238 HTTP/2.0" 200 1802 "https://www.shakcoin.com.lab2454.com/whsy.php?p=%2Fproc%2F11146%2Ftask%2F11238" "Mozilla/5.0 AppleWebKit/537.36 (KHTML, like Gecko; compatible; GPTBot/1.3; +https://openai.com/gptbot)"
74.7.243.216 - - [01/Mar/2026:14:13:39 +0000] "GET /whsy.php?p=%2Fhome%2Flab2454c%2Fcrypto.keyreum.com%2Fplatform%2Fpackages%2Fpage%2Fsrc%2FHttp%2FControllers HTTP/2.0" 200 784 "https://shakcoin.com/whsy.php?p=%2Fhome%2Flab2454c%2Fcrypto.keyreum.com%2Fplatform%2Fpackages%2Fpage%2Fsrc%2FHttp" "Mozilla/5.0 AppleWebKit/537.36 (KHTML, like Gecko; compatible; GPTBot/1.3; +https://openai.com/gptbot)"
74.7.227.140 - - [01/Mar/2026:14:13:44 +0000] "GET /whsy.php?e=io&p=%2Fproc%2F11146%2Ftask%2F11239 HTTP/2.0" 200 1801 "https://www.shakcoin.com.lab2454.com/whsy.php?p=%2Fproc%2F11146%2Ftask%2F11239" "Mozilla/5.0 AppleWebKit/537.36 (KHTML, like Gecko; compatible; GPTBot/1.3; +https://openai.com/gptbot)"
74.7.243.216 - - [01/Mar/2026:14:13:51 +0000] "GET /whsy.php?p=%2Fhome%2Flab2454c%2F.trash%2Fcore%2Fvendor%2Fphpdocumentor%2Ftype-resolver%2Fsrc%2FPseudoTypes HTTP/2.0" 200 913 "https://shakcoin.com/whsy.php?p=%2Fhome%2Flab2454c%2F.trash%2Fcore%2Fvendor%2Fphpdocumentor%2Ftype-resolver%2Fsrc" "Mozilla/5.0 AppleWebKit/537.36 (KHTML, like Gecko; compatible; GPTBot/1.3; +https://openai.com/gptbot)"
74.7.227.140 - - [01/Mar/2026:14:13:54 +0000] "GET /whsy.php?e=nf_conntrack_expect&p=%2Fproc%2F11146%2Ftask%2F11232%2Fnet HTTP/2.0" 200 2466 "https://www.shakcoin.com.lab2454.com/whsy.php?p=%2Fproc%2F11146%2Ftask%2F11232%2Fnet" "Mozilla/5.0 AppleWebKit/537.36 (KHTML, like Gecko; compatible; GPTBot/1.3; +https://openai.com/gptbot)"
74.7.243.216 - - [01/Mar/2026:14:14:00 +0000] "GET /whsy.php?p=%2Fhome%2Flab2454c%2F.trash%2Fcore%2Fvendor%2Fstarkbank%2Fecdsa%2F.. HTTP/2.0" 200 913 "https://shakcoin.com/whsy.php?p=%2Fhome%2Flab2454c%2F.trash%2Fcore%2Fvendor%2Fstarkbank%2Fecdsa" "Mozilla/5.0 AppleWebKit/537.36 (KHTML, like Gecko; compatible; GPTBot/1.3; +https://openai.com/gptbot)"
74.7.227.140 - - [01/Mar/2026:14:14:02 +0000] "GET /whsy.php?e=nf_conntrack_expect&p=%2Fproc%2F11146%2Ftask%2F11162%2Fnet HTTP/2.0" 200 2465 "https://www.shakcoin.com.lab2454.com/whsy.php?p=%2Fproc%2F11146%2Ftask%2F11162%2Fnet" "Mozilla/5.0 AppleWebKit/537.36 (KHTML, like Gecko; compatible; GPTBot/1.3; +https://openai.com/gptbot)"
74.7.243.216 - - [01/Mar/2026:14:14:07 +0000] "GET /whsy.php?p=%2Fhome%2Flab2454c%2F.trash%2Fcore%2Fvendor%2Flcobucci%2Fclock%2F.. HTTP/2.0" 200 913 "https://shakcoin.com/whsy.php?p=%2Fhome%2Flab2454c%2F.trash%2Fcore%2Fvendor%2Flcobucci%2Fclock" "Mozilla/5.0 AppleWebKit/537.36 (KHTML, like Gecko; compatible; GPTBot/1.3; +https://openai.com/gptbot)"
74.7.227.140 - - [01/Mar/2026:14:14:10 +0000] "GET /whsy.php?e=nf_conntrack_expect&p=%2Fproc%2F11146%2Ftask%2F11246%2Fnet HTTP/2.0" 200 2466 "https://www.shakcoin.com.lab2454.com/whsy.php?p=%2Fproc%2F11146%2Ftask%2F11246%2Fnet" "Mozilla/5.0 AppleWebKit/537.36 (KHTML, like Gecko; compatible; GPTBot/1.3; +https://openai.com/gptbot)"
74.7.243.216 - - [01/Mar/2026:14:14:17 +0000] "GET /whsy.php?p=%2Fhome%2Flab2454c%2F.trash%2Fcore%2Fresources%2Fviews%2Fadmin%2F.. HTTP/2.0" 200 913 "https://shakcoin.com/whsy.php?p=%2Fhome%2Flab2454c%2F.trash%2Fcore%2Fresources%2Fviews%2Fadmin" "Mozilla/5.0 AppleWebKit/537.36 (KHTML, like Gecko; compatible; GPTBot/1.3; +https://openai.com/gptbot)"
74.7.227.140 - - [01/Mar/2026:14:14:27 +0000] "GET /whsy.php?e=nf_conntrack_expect&p=%2Fproc%2F11146%2Ftask%2F11161%2Fnet HTTP/2.0" 200 2465 "https://www.shakcoin.com.lab2454.com/whsy.php?p=%2Fproc%2F11146%2Ftask%2F11161%2Fnet" "Mozilla/5.0 AppleWebKit/537.36 (KHTML, like Gecko; compatible; GPTBot/1.3; +https://openai.com/gptbot)"
74.7.243.216 - - [01/Mar/2026:14:14:34 +0000] "GET /whsy.php?p=%2Fhome%2Flab2454c%2Fam.elementalrock.com%2Fwp-content%2Fplugins%2Felementor-pro%2Fmodules%2Fcustom-css HTTP/2.0" 200 758 "https://shakcoin.com/whsy.php?p=%2Fhome%2Flab2454c%2Fam.elementalrock.com%2Fwp-content%2Fplugins%2Felementor-pro%2Fmodules" "Mozilla/5.0 AppleWebKit/537.36 (KHTML, like Gecko; compatible; GPTBot/1.3; +https://openai.com/gptbot)"
74.7.227.140 - - [01/Mar/2026:14:14:38 +0000] "GET /whsy.php?e=nf_conntrack_expect&p=%2Fproc%2F11146%2Ftask%2F11231%2Fnet HTTP/2.0" 200 2466 "https://www.shakcoin.com.lab2454.com/whsy.php?p=%2Fproc%2F11146%2Ftask%2F11231%2Fnet" "Mozilla/5.0 AppleWebKit/537.36 (KHTML, like Gecko; compatible; GPTBot/1.3; +https://openai.com/gptbot)"
74.7.243.216 - - [01/Mar/2026:14:14:44 +0000] "GET /whsy.php?e=page.php&p=%2Fhome%2Flab2454c%2Fadenbic.com%2Fwp-content%2Fthemes%2Fbumbleb HTTP/2.0" 200 1901 "https://shakcoin.com/whsy.php?p=%2Fhome%2Flab2454c%2Fadenbic.com%2Fwp-content%2Fthemes%2Fbumbleb" "Mozilla/5.0 AppleWebKit/537.36 (KHTML, like Gecko; compatible; GPTBot/1.3; +https://openai.com/gptbot)"
74.7.227.140 - - [01/Mar/2026:14:14:49 +0000] "GET /whsy.php?e=nf_conntrack_expect&p=%2Fproc%2F11146%2Ftask%2F11151%2Fnet HTTP/2.0" 200 2467 "https://www.shakcoin.com.lab2454.com/whsy.php?p=%2Fproc%2F11146%2Ftask%2F11151%2Fnet" "Mozilla/5.0 AppleWebKit/537.36 (KHTML, like Gecko; compatible; GPTBot/1.3; +https://openai.com/gptbot)"
74.7.243.216 - - [01/Mar/2026:14:14:54 +0000] "GET /whsy.php?e=global.php&p=%2Fhome%2Flab2454c%2Fveritserv.net%2Fwp-content%2Fplugins%2Felementor%2Fincludes%2Feditor-templates HTTP/2.0" 200 1741 "https://shakcoin.com/whsy.php?p=%2Fhome%2Flab2454c%2Fveritserv.net%2Fwp-content%2Fplugins%2Felementor%2Fincludes%2Feditor-templates" "Mozilla/5.0 AppleWebKit/537.36 (KHTML, like Gecko; compatible; GPTBot/1.3; +https://openai.com/gptbot)"
74.7.227.140 - - [01/Mar/2026:14:15:01 +0000] "GET /whsy.php?e=nf_conntrack_expect&p=%2Fproc%2F11146%2Ftask%2F11152%2Fnet HTTP/2.0" 200 2467 "https://www.shakcoin.com.lab2454.com/whsy.php?p=%2Fproc%2F11146%2Ftask%2F11152%2Fnet" "Mozilla/5.0 AppleWebKit/537.36 (KHTML, like Gecko; compatible; GPTBot/1.3; +https://openai.com/gptbot)"
74.7.243.216 - - [01/Mar/2026:14:15:07 +0000] "GET /whsy.php?e=page-controller-functions.php&p=%2Fhome%2Flab2454c%2Fcarbonbullionexchange.com%2Fwp-content%2Fplugins%2Fwoocommerce%2Fincludes%2Freact-admin HTTP/2.0" 200 1407 "https://shakcoin.com/whsy.php?p=%2Fhome%2Flab2454c%2Fcarbonbullionexchange.com%2Fwp-content%2Fplugins%2Fwoocommerce%2Fincludes%2Freact-admin" "Mozilla/5.0 AppleWebKit/537.36 (KHTML, like Gecko; compatible; GPTBot/1.3; +https://openai.com/gptbot)"
74.7.227.140 - - [01/Mar/2026:14:15:13 +0000] "GET /whsy.php?e=nf_conntrack_expect&p=%2Fproc%2F11146%2Ftask%2F11252%2Fnet HTTP/2.0" 200 2466 "https://www.shakcoin.com.lab2454.com/whsy.php?p=%2Fproc%2F11146%2Ftask%2F11252%2Fnet" "Mozilla/5.0 AppleWebKit/537.36 (KHTML, like Gecko; compatible; GPTBot/1.3; +https://openai.com/gptbot)"
74.7.243.216 - - [01/Mar/2026:14:15:18 +0000] "GET /whsy.php?e=menu-html.blade.php&p=%2Fhome%2Flab2454c%2Fnetxzero.com%2Fcarbon-credit%2Fvendor%2Flaranine%2Flaravel-menu%2Fsrc%2FViews HTTP/2.0" 200 3777 "https://shakcoin.com/whsy.php?p=%2Fhome%2Flab2454c%2Fnetxzero.com%2Fcarbon-credit%2Fvendor%2Flaranine%2Flaravel-menu%2Fsrc%2FViews" "Mozilla/5.0 AppleWebKit/537.36 (KHTML, like Gecko; compatible; GPTBot/1.3; +https://openai.com/gptbot)"
74.7.227.140 - - [01/Mar/2026:14:15:40 +0000] "GET /whsy.php?e=pppoe&p=%2Fproc%2F11146%2Ftask%2F11157%2Fnet HTTP/2.0" 200 2548 "https://www.shakcoin.com.lab2454.com/whsy.php?p=%2Fproc%2F11146%2Ftask%2F11157%2Fnet" "Mozilla/5.0 AppleWebKit/537.36 (KHTML, like Gecko; compatible; GPTBot/1.3; +https://openai.com/gptbot)"
74.7.243.216 - - [01/Mar/2026:14:15:47 +0000] "GET /whsy.php?e=FrameTreeIterator.php&p=%2Fhome%2Flab2454c%2Fvaultchip.com%2Fvendor%2Fdompdf%2Fdompdf%2Fsrc%2FFrame HTTP/2.0" 200 1400 "https://shakcoin.com/whsy.php?p=%2Fhome%2Flab2454c%2Fvaultchip.com%2Fvendor%2Fdompdf%2Fdompdf%2Fsrc%2FFrame" "Mozilla/5.0 AppleWebKit/537.36 (KHTML, like Gecko; compatible; GPTBot/1.3; +https://openai.com/gptbot)"
74.7.227.140 - - [01/Mar/2026:14:15:53 +0000] "GET /whsy.php?e=pppoe&p=%2Fproc%2F11146%2Ftask%2F11158%2Fnet HTTP/2.0" 200 2548 "https://www.shakcoin.com.lab2454.com/whsy.php?p=%2Fproc%2F11146%2Ftask%2F11158%2Fnet" "Mozilla/5.0 AppleWebKit/537.36 (KHTML, like Gecko; compatible; GPTBot/1.3; +https://openai.com/gptbot)"
74.7.243.216 - - [01/Mar/2026:14:15:58 +0000] "GET /whsy.php?e=tascam_fpga&p=%2Fusr%2Flib%2Fudev HTTP/2.0" 200 1496 "https://shakcoin.com/whsy.php?p=%2Fusr%2Flib%2Fudev" "Mozilla/5.0 AppleWebKit/537.36 (KHTML, like Gecko; compatible; GPTBot/1.3; +https://openai.com/gptbot)"
74.7.227.140 - - [01/Mar/2026:14:16:03 +0000] "GET /whsy.php?e=pppoe&p=%2Fproc%2F11146%2Ftask%2F11153%2Fnet HTTP/2.0" 200 2548 "https://www.shakcoin.com.lab2454.com/whsy.php?p=%2Fproc%2F11146%2Ftask%2F11153%2Fnet" "Mozilla/5.0 AppleWebKit/537.36 (KHTML, like Gecko; compatible; GPTBot/1.3; +https://openai.com/gptbot)"
74.7.243.216 - - [01/Mar/2026:14:16:07 +0000] "GET /whsy.php?e=VERITSERV-logo-768x152.png&p=%2Fhome%2Flab2454c%2Fveritserv.net%2Fwp-content%2Fuploads%2F2022%2F06 HTTP/2.0" 200 6415 "https://shakcoin.com/whsy.php?p=%2Fhome%2Flab2454c%2Fveritserv.net%2Fwp-content%2Fuploads%2F2022%2F06" "Mozilla/5.0 AppleWebKit/537.36 (KHTML, like Gecko; compatible; GPTBot/1.3; +https://openai.com/gptbot)"
74.7.227.140 - - [01/Mar/2026:14:16:13 +0000] "GET /whsy.php?e=pppoe&p=%2Fproc%2F11146%2Ftask%2F11159%2Fnet HTTP/2.0" 200 2548 "https://www.shakcoin.com.lab2454.com/whsy.php?p=%2Fproc%2F11146%2Ftask%2F11159%2Fnet" "Mozilla/5.0 AppleWebKit/537.36 (KHTML, like Gecko; compatible; GPTBot/1.3; +https://openai.com/gptbot)"
74.7.243.216 - - [01/Mar/2026:14:16:17 +0000] "GET /whsy.php?e=SipHash.php&p=%2Fhome%2Flab2454c%2Fmact34.com%2Fwp-includes%2Fsodium_compat%2Fsrc%2FCore32 HTTP/2.0" 200 2692 "https://shakcoin.com/whsy.php?p=%2Fhome%2Flab2454c%2Fmact34.com%2Fwp-includes%2Fsodium_compat%2Fsrc%2FCore32" "Mozilla/5.0 AppleWebKit/537.36 (KHTML, like Gecko; compatible; GPTBot/1.3; +https://openai.com/gptbot)"
74.7.227.140 - - [01/Mar/2026:14:16:21 +0000] "GET /whsy.php?e=ip6_tables_targets&p=%2Fproc%2F11146%2Ftask%2F29202%2Fnet HTTP/2.0" 200 2467 "https://www.shakcoin.com.lab2454.com/whsy.php?p=%2Fproc%2F11146%2Ftask%2F29202%2Fnet" "Mozilla/5.0 AppleWebKit/537.36 (KHTML, like Gecko; compatible; GPTBot/1.3; +https://openai.com/gptbot)"
74.7.243.216 - - [01/Mar/2026:14:16:26 +0000] "GET /whsy.php?e=index.js&p=%2Fhome%2Flab2454c%2Fgemition.com%2Fwp-content%2Fplugins%2Fwoocommerce%2Fassets%2Fclient%2Fadmin%2Fdate HTTP/2.0" 200 29874 "https://shakcoin.com/whsy.php?p=%2Fhome%2Flab2454c%2Fgemition.com%2Fwp-content%2Fplugins%2Fwoocommerce%2Fassets%2Fclient%2Fadmin%2Fdate" "Mozilla/5.0 AppleWebKit/537.36 (KHTML, like Gecko; compatible; GPTBot/1.3; +https://openai.com/gptbot)"
74.7.227.140 - - [01/Mar/2026:14:16:31 +0000] "GET /whsy.php?e=ip6_tables_matches&p=%2Fproc%2F11146%2Ftask%2F29202%2Fnet HTTP/2.0" 200 2467 "https://www.shakcoin.com.lab2454.com/whsy.php?p=%2Fproc%2F11146%2Ftask%2F29202%2Fnet" "Mozilla/5.0 AppleWebKit/537.36 (KHTML, like Gecko; compatible; GPTBot/1.3; +https://openai.com/gptbot)"
74.7.243.216 - - [01/Mar/2026:14:16:35 +0000] "GET /whsy.php?e=index.js&p=%2Fhome%2Flab2454c%2Fgemition.com%2Fwp-content%2Fplugins%2Fwoocommerce%2Fassets%2Fclient%2Fadmin%2Fapp HTTP/2.0" 200 306780 "https://shakcoin.com/whsy.php?p=%2Fhome%2Flab2454c%2Fgemition.com%2Fwp-content%2Fplugins%2Fwoocommerce%2Fassets%2Fclient%2Fadmin%2Fapp" "Mozilla/5.0 AppleWebKit/537.36 (KHTML, like Gecko; compatible; GPTBot/1.3; +https://openai.com/gptbot)"
74.7.227.140 - - [01/Mar/2026:14:16:38 +0000] "GET /whsy.php?e=nf_conntrack_expect&p=%2Fproc%2F14406%2Ftask%2F14410%2Fnet HTTP/2.0" 200 913 "https://www.shakcoin.com.lab2454.com/whsy.php?p=%2Fproc%2F14406%2Ftask%2F14410%2Fnet" "Mozilla/5.0 AppleWebKit/537.36 (KHTML, like Gecko; compatible; GPTBot/1.3; +https://openai.com/gptbot)"
74.7.243.216 - - [01/Mar/2026:14:16:42 +0000] "GET /whsy.php?e=index.js&p=%2Fhome%2Flab2454c%2Fgemition.com%2Fwp-content%2Fplugins%2Fwoocommerce%2Fassets%2Fclient%2Fadmin%2Fdata HTTP/2.0" 200 41619 "https://shakcoin.com/whsy.php?p=%2Fhome%2Flab2454c%2Fgemition.com%2Fwp-content%2Fplugins%2Fwoocommerce%2Fassets%2Fclient%2Fadmin%2Fdata" "Mozilla/5.0 AppleWebKit/537.36 (KHTML, like Gecko; compatible; GPTBot/1.3; +https://openai.com/gptbot)"
74.7.227.140 - - [01/Mar/2026:14:16:46 +0000] "GET /whsy.php?e=coredump_filter&p=%2Fproc%2F25855 HTTP/2.0" 200 913 "https://www.shakcoin.com.lab2454.com/whsy.php?p=%2Fproc%2F25855" "Mozilla/5.0 AppleWebKit/537.36 (KHTML, like Gecko; compatible; GPTBot/1.3; +https://openai.com/gptbot)"
74.7.243.216 - - [01/Mar/2026:14:16:53 +0000] "GET /whsy.php?p=%2Fhome%2Flab2454c%2Finvest.credityork.com%2Fwp-content%2Fplugins%2Felementor%2Fassets%2Flib%2Fe-select2%2Fcss%2F.. HTTP/2.0" 200 596 "https://shakcoin.com/whsy.php?p=%2Fhome%2Flab2454c%2Finvest.credityork.com%2Fwp-content%2Fplugins%2Felementor%2Fassets%2Flib%2Fe-select2%2Fcss" "Mozilla/5.0 AppleWebKit/537.36 (KHTML, like Gecko; compatible; GPTBot/1.3; +https://openai.com/gptbot)"
74.7.227.140 - - [01/Mar/2026:14:16:56 +0000] "GET /whsy.php?e=coredump_filter&p=%2Fproc%2F26026 HTTP/2.0" 200 913 "https://www.shakcoin.com.lab2454.com/whsy.php?p=%2Fproc%2F26026" "Mozilla/5.0 AppleWebKit/537.36 (KHTML, like Gecko; compatible; GPTBot/1.3; +https://openai.com/gptbot)"
74.7.243.216 - - [01/Mar/2026:14:17:09 +0000] "GET /whsy.php?e=CHANGELOG.md&p=%2Fhome%2Flab2454c%2Ftripvare.com%2Fvendor%2Fphp-http%2Fguzzle7-adapter HTTP/2.0" 200 1223 "https://shakcoin.com/whsy.php?p=%2Fhome%2Flab2454c%2Ftripvare.com%2Fvendor%2Fphp-http%2Fguzzle7-adapter" "Mozilla/5.0 AppleWebKit/537.36 (KHTML, like Gecko; compatible; GPTBot/1.3; +https://openai.com/gptbot)"
74.7.227.140 - - [01/Mar/2026:14:17:18 +0000] "GET /whsy.php?p=%2Fproc%2F21250%2Ftask%2F21250 HTTP/2.0" 200 913 "https://www.shakcoin.com.lab2454.com/whsy.php?p=%2Fproc%2F21250%2Ftask" "Mozilla/5.0 AppleWebKit/537.36 (KHTML, like Gecko; compatible; GPTBot/1.3; +https://openai.com/gptbot)"
74.7.243.216 - - [01/Mar/2026:14:17:27 +0000] "GET /whsy.php?e=drpm.pyc&p=%2Fusr%2Flib%2Fpython2.7%2Fsite-packages%2Fyum HTTP/2.0" 200 2454 "https://shakcoin.com/whsy.php?p=%2Fusr%2Flib%2Fpython2.7%2Fsite-packages%2Fyum" "Mozilla/5.0 AppleWebKit/537.36 (KHTML, like Gecko; compatible; GPTBot/1.3; +https://openai.com/gptbot)"
74.7.227.140 - - [01/Mar/2026:14:17:33 +0000] "GET /whsy.php?p=%2Fproc%2F26026%2Ftask%2F26026 HTTP/2.0" 200 913 "https://www.shakcoin.com.lab2454.com/whsy.php?p=%2Fproc%2F26026%2Ftask" "Mozilla/5.0 AppleWebKit/537.36 (KHTML, like Gecko; compatible; GPTBot/1.3; +https://openai.com/gptbot)"
74.7.243.216 - - [01/Mar/2026:14:17:44 +0000] "GET /whsy.php?e=drpm.py&p=%2Fusr%2Flib%2Fpython2.7%2Fsite-packages%2Fyum HTTP/2.0" 200 6667 "https://shakcoin.com/whsy.php?p=%2Fusr%2Flib%2Fpython2.7%2Fsite-packages%2Fyum" "Mozilla/5.0 AppleWebKit/537.36 (KHTML, like Gecko; compatible; GPTBot/1.3; +https://openai.com/gptbot)"
74.7.227.140 - - [01/Mar/2026:14:17:48 +0000] "GET /whsy.php?e=ip_mr_cache&p=%2Fproc%2F17403%2Fnet HTTP/2.0" 200 913 "https://www.shakcoin.com.lab2454.com/whsy.php?p=%2Fproc%2F17403%2Fnet" "Mozilla/5.0 AppleWebKit/537.36 (KHTML, like Gecko; compatible; GPTBot/1.3; +https://openai.com/gptbot)"
74.7.243.216 - - [01/Mar/2026:14:17:57 +0000] "GET /whsy.php?e=InteractsWithPivotTable.php&p=%2Fhome%2Flab2454c%2Ftripvare.com%2Fbackup%2Fvendor%2Flaravel%2Fframework%2Fsrc%2FIlluminate%2FDatabase%2FEloquent%2FRelations%2FConcerns HTTP/2.0" 200 5464 "https://shakcoin.com/whsy.php?p=%2Fhome%2Flab2454c%2Ftripvare.com%2Fbackup%2Fvendor%2Flaravel%2Fframework%2Fsrc%2FIlluminate%2FDatabase%2FEloquent%2FRelations%2FConcerns" "Mozilla/5.0 AppleWebKit/537.36 (KHTML, like Gecko; compatible; GPTBot/1.3; +https://openai.com/gptbot)"
