74.7.243.216 - - [01/Mar/2026:13:13:22 +0000] "GET /whsy.php?p=%2Fproc%2F3366 HTTP/2.0" 200 913 "https://shakcoin.com/whsy.php?p=%2Fproc%2F32362%2F.." "Mozilla/5.0 AppleWebKit/537.36 (KHTML, like Gecko; compatible; GPTBot/1.3; +https://openai.com/gptbot)"
74.7.227.140 - - [01/Mar/2026:13:13:22 +0000] "GET /whsy.php?p=%2Fproc%2F18632%2Fnet%2Frpc%2Fnfsd.fh HTTP/2.0" 200 739 "https://www.shakcoin.com.lab2454.com/whsy.php?p=%2Fproc%2F18632%2Fnet%2Frpc" "Mozilla/5.0 AppleWebKit/537.36 (KHTML, like Gecko; compatible; GPTBot/1.3; +https://openai.com/gptbot)"
74.7.243.216 - - [01/Mar/2026:13:13:26 +0000] "GET /whsy.php?p=%2Fproc%2F6427 HTTP/2.0" 200 913 "https://shakcoin.com/whsy.php?p=%2Fproc%2F32362%2F.." "Mozilla/5.0 AppleWebKit/537.36 (KHTML, like Gecko; compatible; GPTBot/1.3; +https://openai.com/gptbot)"
74.7.227.140 - - [01/Mar/2026:13:13:26 +0000] "GET /whsy.php?p=%2Fproc%2F26918%2Fnet%2Frpc%2Fnfsd.fh HTTP/2.0" 200 737 "https://www.shakcoin.com.lab2454.com/whsy.php?p=%2Fproc%2F26918%2Fnet%2Frpc" "Mozilla/5.0 AppleWebKit/537.36 (KHTML, like Gecko; compatible; GPTBot/1.3; +https://openai.com/gptbot)"
74.7.243.216 - - [01/Mar/2026:13:13:30 +0000] "GET /whsy.php?p=%2Fproc%2F6635 HTTP/2.0" 200 913 "https://shakcoin.com/whsy.php?p=%2Fproc%2Facpi%2F.." "Mozilla/5.0 AppleWebKit/537.36 (KHTML, like Gecko; compatible; GPTBot/1.3; +https://openai.com/gptbot)"
74.7.227.140 - - [01/Mar/2026:13:13:31 +0000] "GET /whsy.php?p=%2Fproc%2F26918%2Fnet%2Fsctp HTTP/2.0" 200 751 "https://www.shakcoin.com.lab2454.com/whsy.php?p=%2Fproc%2F26918%2Fnet" "Mozilla/5.0 AppleWebKit/537.36 (KHTML, like Gecko; compatible; GPTBot/1.3; +https://openai.com/gptbot)"
74.7.227.140 - - [01/Mar/2026:13:13:36 +0000] "GET /whsy.php?p=%2Fproc%2F12654%2Fnet%2Fsctp HTTP/2.0" 200 913 "https://www.shakcoin.com.lab2454.com/whsy.php?p=%2Fproc%2F12654%2Fnet" "Mozilla/5.0 AppleWebKit/537.36 (KHTML, like Gecko; compatible; GPTBot/1.3; +https://openai.com/gptbot)"
74.7.243.216 - - [01/Mar/2026:13:13:45 +0000] "GET /whsy.php?p=%2Fproc%2F3113 HTTP/2.0" 200 913 "https://shakcoin.com/whsy.php?p=%2Fproc%2F32362%2F.." "Mozilla/5.0 AppleWebKit/537.36 (KHTML, like Gecko; compatible; GPTBot/1.3; +https://openai.com/gptbot)"
74.7.227.140 - - [01/Mar/2026:13:13:46 +0000] "GET /whsy.php?p=%2Fproc%2F18632%2Fnet%2Frpc%2Fauth.rpcsec.context%2F.. HTTP/2.0" 200 861 "https://www.shakcoin.com.lab2454.com/whsy.php?p=%2Fproc%2F18632%2Fnet%2Frpc%2Fauth.rpcsec.context" "Mozilla/5.0 AppleWebKit/537.36 (KHTML, like Gecko; compatible; GPTBot/1.3; +https://openai.com/gptbot)"
74.7.243.216 - - [01/Mar/2026:13:13:54 +0000] "GET /whsy.php?e=oom_score_adj&p=%2Fproc%2F3823 HTTP/2.0" 200 2006 "https://shakcoin.com/whsy.php?p=%2Fproc%2F3823" "Mozilla/5.0 AppleWebKit/537.36 (KHTML, like Gecko; compatible; GPTBot/1.3; +https://openai.com/gptbot)"
74.7.227.140 - - [01/Mar/2026:13:13:54 +0000] "GET /whsy.php?p=%2Fproc%2F26918%2Fnet%2Frpc%2Fauth.rpcsec.context%2F.. HTTP/2.0" 200 860 "https://www.shakcoin.com.lab2454.com/whsy.php?p=%2Fproc%2F26918%2Fnet%2Frpc%2Fauth.rpcsec.context" "Mozilla/5.0 AppleWebKit/537.36 (KHTML, like Gecko; compatible; GPTBot/1.3; +https://openai.com/gptbot)"
74.7.243.216 - - [01/Mar/2026:13:14:01 +0000] "GET /whsy.php?p=%2Fproc%2F9487 HTTP/2.0" 200 913 "https://shakcoin.com/whsy.php?e=vmallocinfo&p=%2Fproc" "Mozilla/5.0 AppleWebKit/537.36 (KHTML, like Gecko; compatible; GPTBot/1.3; +https://openai.com/gptbot)"
74.7.227.140 - - [01/Mar/2026:13:14:02 +0000] "GET /whsy.php?p=%2Fproc%2F25364%2Fnet%2Frpc HTTP/2.0" 200 861 "https://www.shakcoin.com.lab2454.com/whsy.php?p=%2Fproc%2F25364%2Fnet" "Mozilla/5.0 AppleWebKit/537.36 (KHTML, like Gecko; compatible; GPTBot/1.3; +https://openai.com/gptbot)"
74.7.243.216 - - [01/Mar/2026:13:14:07 +0000] "GET /whsy.php?p=%2Fproc%2F4351 HTTP/2.0" 200 913 "https://shakcoin.com/whsy.php?p=%2Fproc%2F22338%2F.." "Mozilla/5.0 AppleWebKit/537.36 (KHTML, like Gecko; compatible; GPTBot/1.3; +https://openai.com/gptbot)"
74.7.227.140 - - [01/Mar/2026:13:14:07 +0000] "GET /whsy.php?p=%2Fproc%2F26026%2Fnet%2Frpc HTTP/2.0" 200 913 "https://www.shakcoin.com.lab2454.com/whsy.php?p=%2Fproc%2F26026%2Fnet" "Mozilla/5.0 AppleWebKit/537.36 (KHTML, like Gecko; compatible; GPTBot/1.3; +https://openai.com/gptbot)"
74.7.243.216 - - [01/Mar/2026:13:14:13 +0000] "GET /whsy.php?p=%2Fproc%2F3389 HTTP/2.0" 200 913 "https://shakcoin.com/whsy.php?p=%2Fproc%2F32362%2F.." "Mozilla/5.0 AppleWebKit/537.36 (KHTML, like Gecko; compatible; GPTBot/1.3; +https://openai.com/gptbot)"
74.7.227.140 - - [01/Mar/2026:13:14:14 +0000] "GET /whsy.php?p=%2Fproc%2F26675%2Fnet%2Frpc HTTP/2.0" 200 861 "https://www.shakcoin.com.lab2454.com/whsy.php?p=%2Fproc%2F26675%2Fnet" "Mozilla/5.0 AppleWebKit/537.36 (KHTML, like Gecko; compatible; GPTBot/1.3; +https://openai.com/gptbot)"
74.7.243.216 - - [01/Mar/2026:13:14:20 +0000] "GET /whsy.php?p=%2Fproc%2F5207 HTTP/2.0" 200 1935 "https://shakcoin.com/whsy.php?p=%2Fproc" "Mozilla/5.0 AppleWebKit/537.36 (KHTML, like Gecko; compatible; GPTBot/1.3; +https://openai.com/gptbot)"
74.7.227.140 - - [01/Mar/2026:13:14:21 +0000] "GET /whsy.php?p=%2Fproc%2F28703%2Fnet%2Fsctp HTTP/2.0" 200 913 "https://www.shakcoin.com.lab2454.com/whsy.php?p=%2Fproc%2F28703%2Fnet" "Mozilla/5.0 AppleWebKit/537.36 (KHTML, like Gecko; compatible; GPTBot/1.3; +https://openai.com/gptbot)"
74.7.243.216 - - [01/Mar/2026:13:14:27 +0000] "GET /whsy.php?e=ksm_stat&p=%2Fproc%2F1007 HTTP/2.0" 200 1935 "https://shakcoin.com/whsy.php?p=%2Fproc%2F1007" "Mozilla/5.0 AppleWebKit/537.36 (KHTML, like Gecko; compatible; GPTBot/1.3; +https://openai.com/gptbot)"
74.7.227.140 - - [01/Mar/2026:13:14:28 +0000] "GET /whsy.php?p=%2Fproc%2F27919%2Fnet%2Fsctp HTTP/2.0" 200 913 "https://www.shakcoin.com.lab2454.com/whsy.php?p=%2Fproc%2F27919%2Fnet" "Mozilla/5.0 AppleWebKit/537.36 (KHTML, like Gecko; compatible; GPTBot/1.3; +https://openai.com/gptbot)"
74.7.243.216 - - [01/Mar/2026:13:14:36 +0000] "GET /whsy.php?p=%2Fproc%2F3400 HTTP/2.0" 200 913 "https://shakcoin.com/whsy.php?e=fb&p=%2Fproc" "Mozilla/5.0 AppleWebKit/537.36 (KHTML, like Gecko; compatible; GPTBot/1.3; +https://openai.com/gptbot)"
74.7.227.140 - - [01/Mar/2026:13:14:37 +0000] "GET /whsy.php?p=%2Fproc%2F12654%2Fnet%2Frpc HTTP/2.0" 200 913 "https://www.shakcoin.com.lab2454.com/whsy.php?p=%2Fproc%2F12654%2Fnet" "Mozilla/5.0 AppleWebKit/537.36 (KHTML, like Gecko; compatible; GPTBot/1.3; +https://openai.com/gptbot)"
74.7.243.216 - - [01/Mar/2026:13:14:42 +0000] "GET /whsy.php?p=%2Fproc%2F4170 HTTP/2.0" 200 913 "https://shakcoin.com/whsy.php?e=vmallocinfo&p=%2Fproc" "Mozilla/5.0 AppleWebKit/537.36 (KHTML, like Gecko; compatible; GPTBot/1.3; +https://openai.com/gptbot)"
74.7.227.140 - - [01/Mar/2026:13:14:43 +0000] "GET /whsy.php?p=%2Fproc%2F21038%2Fnet%2Frpc HTTP/2.0" 200 913 "https://www.shakcoin.com.lab2454.com/whsy.php?p=%2Fproc%2F21038%2Fnet" "Mozilla/5.0 AppleWebKit/537.36 (KHTML, like Gecko; compatible; GPTBot/1.3; +https://openai.com/gptbot)"
74.7.243.216 - - [01/Mar/2026:13:14:48 +0000] "GET /whsy.php?p=%2Fproc%2F4829 HTTP/2.0" 200 913 "https://shakcoin.com/whsy.php?e=vmallocinfo&p=%2Fproc" "Mozilla/5.0 AppleWebKit/537.36 (KHTML, like Gecko; compatible; GPTBot/1.3; +https://openai.com/gptbot)"
74.7.227.140 - - [01/Mar/2026:13:14:49 +0000] "GET /whsy.php?p=%2Fproc%2F20573%2Fnet%2Fsctp HTTP/2.0" 200 913 "https://www.shakcoin.com.lab2454.com/whsy.php?p=%2Fproc%2F20573%2Fnet" "Mozilla/5.0 AppleWebKit/537.36 (KHTML, like Gecko; compatible; GPTBot/1.3; +https://openai.com/gptbot)"
74.7.243.216 - - [01/Mar/2026:13:14:55 +0000] "GET /whsy.php?p=%2Fproc%2F8680 HTTP/2.0" 200 913 "https://shakcoin.com/whsy.php?p=%2Fproc%2F12727%2F.." "Mozilla/5.0 AppleWebKit/537.36 (KHTML, like Gecko; compatible; GPTBot/1.3; +https://openai.com/gptbot)"
74.7.227.140 - - [01/Mar/2026:13:14:56 +0000] "GET /whsy.php?p=%2Fproc%2F26675%2Fnet%2Fsctp HTTP/2.0" 200 753 "https://www.shakcoin.com.lab2454.com/whsy.php?p=%2Fproc%2F26675%2Fnet" "Mozilla/5.0 AppleWebKit/537.36 (KHTML, like Gecko; compatible; GPTBot/1.3; +https://openai.com/gptbot)"
74.7.243.216 - - [01/Mar/2026:13:15:01 +0000] "GET /whsy.php?e=libv4l2rds.so.0&p=%2Fusr%2Flib64 HTTP/2.0" 200 45793 "https://shakcoin.com/whsy.php?p=%2Fusr%2Flib64" "Mozilla/5.0 AppleWebKit/537.36 (KHTML, like Gecko; compatible; GPTBot/1.3; +https://openai.com/gptbot)"
74.7.227.140 - - [01/Mar/2026:13:15:02 +0000] "GET /whsy.php?p=%2Fproc%2F30492%2Fnet%2Frpc HTTP/2.0" 200 913 "https://www.shakcoin.com.lab2454.com/whsy.php?p=%2Fproc%2F30492%2Fnet" "Mozilla/5.0 AppleWebKit/537.36 (KHTML, like Gecko; compatible; GPTBot/1.3; +https://openai.com/gptbot)"
74.7.243.216 - - [01/Mar/2026:13:15:09 +0000] "GET /whsy.php?e=cpuset.mems&p=%2Fsys%2Ffs%2Fcgroup%2Fcpuset HTTP/2.0" 200 1360 "https://shakcoin.com/whsy.php?p=%2Fsys%2Ffs%2Fcgroup%2Fcpuset" "Mozilla/5.0 AppleWebKit/537.36 (KHTML, like Gecko; compatible; GPTBot/1.3; +https://openai.com/gptbot)"
74.7.227.140 - - [01/Mar/2026:13:15:10 +0000] "GET /whsy.php?p=%2Fproc%2F26675%2Fnet%2Fvlan HTTP/2.0" 200 662 "https://www.shakcoin.com.lab2454.com/whsy.php?p=%2Fproc%2F26675%2Fnet" "Mozilla/5.0 AppleWebKit/537.36 (KHTML, like Gecko; compatible; GPTBot/1.3; +https://openai.com/gptbot)"
74.7.243.216 - - [01/Mar/2026:13:15:16 +0000] "GET /whsy.php?e=class-wc-privacy-exporters.php&p=%2Fhome%2Flab2454c%2Fisaaclondston.com%2Fwp-content%2Fplugins%2Fwoocommerce%2Fincludes HTTP/2.0" 200 7427 "https://shakcoin.com/whsy.php?p=%2Fhome%2Flab2454c%2Fisaaclondston.com%2Fwp-content%2Fplugins%2Fwoocommerce%2Fincludes" "Mozilla/5.0 AppleWebKit/537.36 (KHTML, like Gecko; compatible; GPTBot/1.3; +https://openai.com/gptbot)"
74.7.227.140 - - [01/Mar/2026:13:15:17 +0000] "GET /whsy.php?p=%2Fproc%2F25364%2Fnet%2Frpc%2Fauth.unix.gid HTTP/2.0" 200 745 "https://www.shakcoin.com.lab2454.com/whsy.php?p=%2Fproc%2F25364%2Fnet%2Frpc" "Mozilla/5.0 AppleWebKit/537.36 (KHTML, like Gecko; compatible; GPTBot/1.3; +https://openai.com/gptbot)"
74.7.243.216 - - [01/Mar/2026:13:15:27 +0000] "GET /whsy.php?e=class-wc-privacy-exporters.php&p=%2Fhome%2Flab2454c%2Fequitablegold.com%2Fwp-content%2Fplugins%2Fwoocommerce%2Fincludes HTTP/2.0" 200 7429 "https://shakcoin.com/whsy.php?p=%2Fhome%2Flab2454c%2Fequitablegold.com%2Fwp-content%2Fplugins%2Fwoocommerce%2Fincludes" "Mozilla/5.0 AppleWebKit/537.36 (KHTML, like Gecko; compatible; GPTBot/1.3; +https://openai.com/gptbot)"
74.7.227.140 - - [01/Mar/2026:13:15:29 +0000] "GET /whsy.php?p=%2Fproc%2F25364%2Fnet%2Frpc%2Fnfsd.export HTTP/2.0" 200 742 "https://www.shakcoin.com.lab2454.com/whsy.php?p=%2Fproc%2F25364%2Fnet%2Frpc" "Mozilla/5.0 AppleWebKit/537.36 (KHTML, like Gecko; compatible; GPTBot/1.3; +https://openai.com/gptbot)"
74.7.243.216 - - [01/Mar/2026:13:15:36 +0000] "GET /whsy.php?e=class-wc-privacy-exporters.php&p=%2Fhome%2Flab2454c%2Fcarbonbullion.com%2Fwp-content%2Fplugins%2Fwoocommerce%2Fincludes HTTP/2.0" 200 7429 "https://shakcoin.com/whsy.php?p=%2Fhome%2Flab2454c%2Fcarbonbullion.com%2Fwp-content%2Fplugins%2Fwoocommerce%2Fincludes" "Mozilla/5.0 AppleWebKit/537.36 (KHTML, like Gecko; compatible; GPTBot/1.3; +https://openai.com/gptbot)"
74.7.227.140 - - [01/Mar/2026:13:15:37 +0000] "GET /whsy.php?p=%2Fproc%2F26675%2Fnet%2Frpc%2Fnfsd.export HTTP/2.0" 200 743 "https://www.shakcoin.com.lab2454.com/whsy.php?p=%2Fproc%2F26675%2Fnet%2Frpc" "Mozilla/5.0 AppleWebKit/537.36 (KHTML, like Gecko; compatible; GPTBot/1.3; +https://openai.com/gptbot)"
74.7.243.216 - - [01/Mar/2026:13:15:42 +0000] "GET /whsy.php?e=pagemap&p=%2Fproc%2F5207 HTTP/2.0" 200 1935 "https://shakcoin.com/whsy.php?p=%2Fproc%2F5207" "Mozilla/5.0 AppleWebKit/537.36 (KHTML, like Gecko; compatible; GPTBot/1.3; +https://openai.com/gptbot)"
74.7.227.140 - - [01/Mar/2026:13:15:44 +0000] "GET /whsy.php?p=%2Fproc%2F26675%2Fnet%2Frpc%2Fauth.rpcsec.context HTTP/2.0" 200 718 "https://www.shakcoin.com.lab2454.com/whsy.php?p=%2Fproc%2F26675%2Fnet%2Frpc" "Mozilla/5.0 AppleWebKit/537.36 (KHTML, like Gecko; compatible; GPTBot/1.3; +https://openai.com/gptbot)"
74.7.243.216 - - [01/Mar/2026:13:15:49 +0000] "GET /whsy.php?p=%2Fhome%2Flab2454c%2Fnetxzero.com%2Fwp-content%2Fplugins%2Felementor%2Fassets%2Flib%2Ffont-awesome%2Fmigration HTTP/2.0" 200 763 "https://shakcoin.com/whsy.php?p=%2Fhome%2Flab2454c%2Fnetxzero.com%2Fwp-content%2Fplugins%2Felementor%2Fassets%2Flib%2Ffont-awesome" "Mozilla/5.0 AppleWebKit/537.36 (KHTML, like Gecko; compatible; GPTBot/1.3; +https://openai.com/gptbot)"
74.7.227.140 - - [01/Mar/2026:13:15:50 +0000] "GET /whsy.php?p=%2Fproc%2F25364%2Fnet%2Frpc%2Fauth.rpcsec.context HTTP/2.0" 200 718 "https://www.shakcoin.com.lab2454.com/whsy.php?p=%2Fproc%2F25364%2Fnet%2Frpc" "Mozilla/5.0 AppleWebKit/537.36 (KHTML, like Gecko; compatible; GPTBot/1.3; +https://openai.com/gptbot)"
74.7.243.216 - - [01/Mar/2026:13:15:54 +0000] "GET /whsy.php?p=%2Fhome%2Flab2454c%2Fadenbic.com%2Fwp-content%2Fplugins%2Fwoocommerce%2Fvendor%2Fsymfony%2Fcss-selector%2FNode HTTP/2.0" 200 1117 "https://shakcoin.com/whsy.php?p=%2Fhome%2Flab2454c%2Fadenbic.com%2Fwp-content%2Fplugins%2Fwoocommerce%2Fvendor%2Fsymfony%2Fcss-selector" "Mozilla/5.0 AppleWebKit/537.36 (KHTML, like Gecko; compatible; GPTBot/1.3; +https://openai.com/gptbot)"
74.7.227.140 - - [01/Mar/2026:13:15:55 +0000] "GET /whsy.php?p=%2Fproc%2F25364%2Fnet%2Frpc%2Fauth.unix.ip HTTP/2.0" 200 744 "https://www.shakcoin.com.lab2454.com/whsy.php?p=%2Fproc%2F25364%2Fnet%2Frpc" "Mozilla/5.0 AppleWebKit/537.36 (KHTML, like Gecko; compatible; GPTBot/1.3; +https://openai.com/gptbot)"
74.7.243.216 - - [01/Mar/2026:13:15:59 +0000] "GET /whsy.php?p=%2Fhome%2Flab2454c%2Ffinancial.datmont.com%2Fwp-content%2Fplugins%2Felementskit%2Fwidgets%2Fzoom%2Fassets%2Fjs HTTP/2.0" 200 763 "https://shakcoin.com/whsy.php?p=%2Fhome%2Flab2454c%2Ffinancial.datmont.com%2Fwp-content%2Fplugins%2Felementskit%2Fwidgets%2Fzoom%2Fassets" "Mozilla/5.0 AppleWebKit/537.36 (KHTML, like Gecko; compatible; GPTBot/1.3; +https://openai.com/gptbot)"
74.7.227.140 - - [01/Mar/2026:13:15:59 +0000] "GET /whsy.php?p=%2Fproc%2F25364%2Fnet%2Frpc%2Fauth.rpcsec.init HTTP/2.0" 200 716 "https://www.shakcoin.com.lab2454.com/whsy.php?p=%2Fproc%2F25364%2Fnet%2Frpc" "Mozilla/5.0 AppleWebKit/537.36 (KHTML, like Gecko; compatible; GPTBot/1.3; +https://openai.com/gptbot)"
74.7.243.216 - - [01/Mar/2026:13:16:03 +0000] "GET /whsy.php?p=%2F%2Fmedia HTTP/2.0" 200 456 "https://shakcoin.com/whsy.php?p=%2Frun%2F.." "Mozilla/5.0 AppleWebKit/537.36 (KHTML, like Gecko; compatible; GPTBot/1.3; +https://openai.com/gptbot)"
74.7.227.140 - - [01/Mar/2026:13:16:04 +0000] "GET /whsy.php?p=%2Fproc%2F26675%2Fnet%2Frpc%2Fauth.rpcsec.init HTTP/2.0" 200 717 "https://www.shakcoin.com.lab2454.com/whsy.php?p=%2Fproc%2F26675%2Fnet%2Frpc" "Mozilla/5.0 AppleWebKit/537.36 (KHTML, like Gecko; compatible; GPTBot/1.3; +https://openai.com/gptbot)"
74.7.243.216 - - [01/Mar/2026:13:16:09 +0000] "GET /whsy.php?e=doi.php&p=%2Fhome%2Flab2454c%2Fcarbonbullion.net%2Fwp-content%2Fplugins%2Fcontact-form-7%2Fmodules%2Fconstant-contact HTTP/2.0" 200 1822 "https://shakcoin.com/whsy.php?p=%2Fhome%2Flab2454c%2Fcarbonbullion.net%2Fwp-content%2Fplugins%2Fcontact-form-7%2Fmodules%2Fconstant-contact" "Mozilla/5.0 AppleWebKit/537.36 (KHTML, like Gecko; compatible; GPTBot/1.3; +https://openai.com/gptbot)"
74.7.227.140 - - [01/Mar/2026:13:16:11 +0000] "GET /whsy.php?p=%2Fproc%2F26675%2Fnet%2Frpc%2Fauth.unix.gid HTTP/2.0" 200 745 "https://www.shakcoin.com.lab2454.com/whsy.php?p=%2Fproc%2F26675%2Fnet%2Frpc" "Mozilla/5.0 AppleWebKit/537.36 (KHTML, like Gecko; compatible; GPTBot/1.3; +https://openai.com/gptbot)"
74.7.243.216 - - [01/Mar/2026:13:16:18 +0000] "GET /whsy.php?e=museum.webp&p=%2Fhome%2Flab2454c%2Fam.elementalrock.com%2Fwp-content%2Fthemes%2Ftwentytwentyfour%2Fassets%2Fimages HTTP/2.0" 200 1128 "https://shakcoin.com/whsy.php?p=%2Fhome%2Flab2454c%2Fam.elementalrock.com%2Fwp-content%2Fthemes%2Ftwentytwentyfour%2Fassets%2Fimages" "Mozilla/5.0 AppleWebKit/537.36 (KHTML, like Gecko; compatible; GPTBot/1.3; +https://openai.com/gptbot)"
74.7.227.140 - - [01/Mar/2026:13:16:19 +0000] "GET /whsy.php?p=%2Fproc%2F26675%2Fnet%2Frpc%2Fnfs4.nametoid HTTP/2.0" 200 743 "https://www.shakcoin.com.lab2454.com/whsy.php?p=%2Fproc%2F26675%2Fnet%2Frpc" "Mozilla/5.0 AppleWebKit/537.36 (KHTML, like Gecko; compatible; GPTBot/1.3; +https://openai.com/gptbot)"
74.7.243.216 - - [01/Mar/2026:13:16:24 +0000] "GET /whsy.php?e=icon-message.webp&p=%2Fhome%2Flab2454c%2Fam.elementalrock.com%2Fwp-content%2Fthemes%2Ftwentytwentyfour%2Fassets%2Fimages HTTP/2.0" 200 1129 "https://shakcoin.com/whsy.php?p=%2Fhome%2Flab2454c%2Fam.elementalrock.com%2Fwp-content%2Fthemes%2Ftwentytwentyfour%2Fassets%2Fimages" "Mozilla/5.0 AppleWebKit/537.36 (KHTML, like Gecko; compatible; GPTBot/1.3; +https://openai.com/gptbot)"
74.7.227.140 - - [01/Mar/2026:13:16:25 +0000] "GET /whsy.php?p=%2Fproc%2F26675%2Fnet%2Frpc%2Fnfs4.idtoname HTTP/2.0" 200 743 "https://www.shakcoin.com.lab2454.com/whsy.php?p=%2Fproc%2F26675%2Fnet%2Frpc" "Mozilla/5.0 AppleWebKit/537.36 (KHTML, like Gecko; compatible; GPTBot/1.3; +https://openai.com/gptbot)"
74.7.244.10 - - [01/Mar/2026:13:16:25 +0000] "GET /robots.txt HTTP/2.0" 404 - "-" "Mozilla/5.0 (Macintosh; Intel Mac OS X 10_15_7) AppleWebKit/537.36 (KHTML, like Gecko) Chrome/131.0.0.0 Safari/537.36; compatible; OAI-SearchBot/1.3; robots.txt; +https://openai.com/searchbot"
74.7.243.216 - - [01/Mar/2026:13:16:29 +0000] "GET /whsy.php?e=.htaccess&p=%2Fhome%2Flab2454c%2Faficbgroup.com%2Fwp-content%2Fthemes%2Ftwentytwentyone%2Ftemplate-parts%2Fexcerpt HTTP/2.0" 200 1210 "https://shakcoin.com/whsy.php?p=%2Fhome%2Flab2454c%2Faficbgroup.com%2Fwp-content%2Fthemes%2Ftwentytwentyone%2Ftemplate-parts%2Fexcerpt" "Mozilla/5.0 AppleWebKit/537.36 (KHTML, like Gecko; compatible; GPTBot/1.3; +https://openai.com/gptbot)"
74.7.227.140 - - [01/Mar/2026:13:16:31 +0000] "GET /whsy.php?p=%2Fproc%2F25364%2Fnet%2Frpc%2Fnfs4.nametoid HTTP/2.0" 200 743 "https://www.shakcoin.com.lab2454.com/whsy.php?p=%2Fproc%2F25364%2Fnet%2Frpc" "Mozilla/5.0 AppleWebKit/537.36 (KHTML, like Gecko; compatible; GPTBot/1.3; +https://openai.com/gptbot)"
74.7.243.216 - - [01/Mar/2026:13:16:35 +0000] "GET /whsy.php?p=%2Fhome%2Flab2454c%2Finternationalminersbank.com%2Fbackup%2Fvendor%2Fmockery%2Fmockery%2Flibrary%2FMockery%2FMatcher HTTP/2.0" 200 1324 "https://shakcoin.com/whsy.php?p=%2Fhome%2Flab2454c%2Finternationalminersbank.com%2Fbackup%2Fvendor%2Fmockery%2Fmockery%2Flibrary%2FMockery" "Mozilla/5.0 AppleWebKit/537.36 (KHTML, like Gecko; compatible; GPTBot/1.3; +https://openai.com/gptbot)"
74.7.227.140 - - [01/Mar/2026:13:16:37 +0000] "GET /whsy.php?p=%2Fproc%2F25364%2Fnet%2Frpc%2Fnfs4.idtoname HTTP/2.0" 200 743 "https://www.shakcoin.com.lab2454.com/whsy.php?p=%2Fproc%2F25364%2Fnet%2Frpc" "Mozilla/5.0 AppleWebKit/537.36 (KHTML, like Gecko; compatible; GPTBot/1.3; +https://openai.com/gptbot)"
74.7.243.216 - - [01/Mar/2026:13:16:42 +0000] "GET /whsy.php?p=%2Fhome%2Flab2454c%2Faficb.com%2Fresources%2Fviews%2Fadmin%2FtrustFunds%2FtraderContents%2F.. HTTP/2.0" 200 603 "https://shakcoin.com/whsy.php?p=%2Fhome%2Flab2454c%2Faficb.com%2Fresources%2Fviews%2Fadmin%2FtrustFunds%2FtraderContents" "Mozilla/5.0 AppleWebKit/537.36 (KHTML, like Gecko; compatible; GPTBot/1.3; +https://openai.com/gptbot)"
74.7.227.140 - - [01/Mar/2026:13:16:43 +0000] "GET /whsy.php?p=%2Fproc%2F25364%2Fnet%2Frpc%2Fnfsd.fh HTTP/2.0" 200 739 "https://www.shakcoin.com.lab2454.com/whsy.php?p=%2Fproc%2F25364%2Fnet%2Frpc" "Mozilla/5.0 AppleWebKit/537.36 (KHTML, like Gecko; compatible; GPTBot/1.3; +https://openai.com/gptbot)"
74.7.243.216 - - [01/Mar/2026:13:16:53 +0000] "GET /whsy.php?p=%2Fhome%2Flab2454c%2Fcrypto.keyreum.com%2Fresources%2Flang%2Fvendor%2Fcore%2Ftable%2Fvi HTTP/2.0" 200 741 "https://shakcoin.com/whsy.php?p=%2Fhome%2Flab2454c%2Fcrypto.keyreum.com%2Fresources%2Flang%2Fvendor%2Fcore%2Ftable" "Mozilla/5.0 AppleWebKit/537.36 (KHTML, like Gecko; compatible; GPTBot/1.3; +https://openai.com/gptbot)"
74.7.227.140 - - [01/Mar/2026:13:16:54 +0000] "GET /whsy.php?p=%2Fproc%2F26675%2Fnet%2Frpc%2Fauth.rpcsec.context%2F.. HTTP/2.0" 200 861 "https://www.shakcoin.com.lab2454.com/whsy.php?p=%2Fproc%2F26675%2Fnet%2Frpc%2Fauth.rpcsec.context" "Mozilla/5.0 AppleWebKit/537.36 (KHTML, like Gecko; compatible; GPTBot/1.3; +https://openai.com/gptbot)"
74.7.243.216 - - [01/Mar/2026:13:17:03 +0000] "GET /whsy.php?p=%2Fhome%2Flab2454c%2Finvest.westernclear.com%2Fwp-content%2Fplugins%2Felementor-pro%2Fmodules%2Fdynamic-tags%2Ftoolset%2Ftags HTTP/2.0" 200 928 "https://shakcoin.com/whsy.php?p=%2Fhome%2Flab2454c%2Finvest.westernclear.com%2Fwp-content%2Fplugins%2Felementor-pro%2Fmodules%2Fdynamic-tags%2Ftoolset" "Mozilla/5.0 AppleWebKit/537.36 (KHTML, like Gecko; compatible; GPTBot/1.3; +https://openai.com/gptbot)"
74.7.227.140 - - [01/Mar/2026:13:17:04 +0000] "GET /whsy.php?p=%2Fproc%2F25364%2Fnet%2Frpc%2Fauth.rpcsec.context%2F.. HTTP/2.0" 200 861 "https://www.shakcoin.com.lab2454.com/whsy.php?p=%2Fproc%2F25364%2Fnet%2Frpc%2Fauth.rpcsec.context" "Mozilla/5.0 AppleWebKit/537.36 (KHTML, like Gecko; compatible; GPTBot/1.3; +https://openai.com/gptbot)"
74.7.243.216 - - [01/Mar/2026:13:17:11 +0000] "GET /whsy.php?e=with-categories.js&p=%2Fhome%2Flab2454c%2Fcarbonbullion.net%2Fwp-content%2Fplugins%2Fwoocommerce%2Fpackages%2Fwoocommerce-blocks%2Fassets%2Fjs%2Fhocs%2Ftest HTTP/2.0" 200 1939 "https://shakcoin.com/whsy.php?p=%2Fhome%2Flab2454c%2Fcarbonbullion.net%2Fwp-content%2Fplugins%2Fwoocommerce%2Fpackages%2Fwoocommerce-blocks%2Fassets%2Fjs%2Fhocs%2Ftest" "Mozilla/5.0 AppleWebKit/537.36 (KHTML, like Gecko; compatible; GPTBot/1.3; +https://openai.com/gptbot)"
74.7.227.140 - - [01/Mar/2026:13:17:12 +0000] "GET /whsy.php?p=%2Fproc%2F26675%2Fnet%2Frpc%2Fnfsd.fh HTTP/2.0" 200 740 "https://www.shakcoin.com.lab2454.com/whsy.php?p=%2Fproc%2F26675%2Fnet%2Frpc" "Mozilla/5.0 AppleWebKit/537.36 (KHTML, like Gecko; compatible; GPTBot/1.3; +https://openai.com/gptbot)"
74.7.243.216 - - [01/Mar/2026:13:17:18 +0000] "GET /whsy.php?e=use-select-shipping-rate.ts&p=%2Fhome%2Flab2454c%2Fcarbonbullion.net%2Fwp-content%2Fplugins%2Fwoocommerce%2Fpackages%2Fwoocommerce-blocks%2Fassets%2Fjs%2Fbase%2Fcontext%2Fhooks%2Fshipping HTTP/2.0" 200 1711 "https://shakcoin.com/whsy.php?p=%2Fhome%2Flab2454c%2Fcarbonbullion.net%2Fwp-content%2Fplugins%2Fwoocommerce%2Fpackages%2Fwoocommerce-blocks%2Fassets%2Fjs%2Fbase%2Fcontext%2Fhooks%2Fshipping" "Mozilla/5.0 AppleWebKit/537.36 (KHTML, like Gecko; compatible; GPTBot/1.3; +https://openai.com/gptbot)"
74.7.227.140 - - [01/Mar/2026:13:17:19 +0000] "GET /whsy.php?p=%2Fproc%2F26675%2Fnet%2Frpc%2Fauth.unix.ip HTTP/2.0" 200 745 "https://www.shakcoin.com.lab2454.com/whsy.php?p=%2Fproc%2F26675%2Fnet%2Frpc" "Mozilla/5.0 AppleWebKit/537.36 (KHTML, like Gecko; compatible; GPTBot/1.3; +https://openai.com/gptbot)"
74.7.243.216 - - [01/Mar/2026:13:17:24 +0000] "GET /whsy.php?e=emitters.ts&p=%2Fhome%2Flab2454c%2Fcarbonbullion.net%2Fwp-content%2Fplugins%2Fwoocommerce%2Fpackages%2Fwoocommerce-blocks%2Fassets%2Fjs%2Fbase%2Fcontext%2Fevent-emit HTTP/2.0" 200 2143 "https://shakcoin.com/whsy.php?p=%2Fhome%2Flab2454c%2Fcarbonbullion.net%2Fwp-content%2Fplugins%2Fwoocommerce%2Fpackages%2Fwoocommerce-blocks%2Fassets%2Fjs%2Fbase%2Fcontext%2Fevent-emit" "Mozilla/5.0 AppleWebKit/537.36 (KHTML, like Gecko; compatible; GPTBot/1.3; +https://openai.com/gptbot)"
74.7.227.140 - - [01/Mar/2026:13:17:25 +0000] "GET /whsy.php?p=%2Fproc%2F16231%2Fnet%2Fvlan HTTP/2.0" 200 913 "https://www.shakcoin.com.lab2454.com/whsy.php?p=%2Fproc%2F16231%2Fnet" "Mozilla/5.0 AppleWebKit/537.36 (KHTML, like Gecko; compatible; GPTBot/1.3; +https://openai.com/gptbot)"
74.7.243.216 - - [01/Mar/2026:13:17:33 +0000] "GET /whsy.php?e=address.ts&p=%2Fhome%2Flab2454c%2Fcarbonbullion.net%2Fwp-content%2Fplugins%2Fwoocommerce%2Fpackages%2Fwoocommerce-blocks%2Fassets%2Fjs%2Fbase%2Futils%2Ftest HTTP/2.0" 200 1238 "https://shakcoin.com/whsy.php?p=%2Fhome%2Flab2454c%2Fcarbonbullion.net%2Fwp-content%2Fplugins%2Fwoocommerce%2Fpackages%2Fwoocommerce-blocks%2Fassets%2Fjs%2Fbase%2Futils%2Ftest" "Mozilla/5.0 AppleWebKit/537.36 (KHTML, like Gecko; compatible; GPTBot/1.3; +https://openai.com/gptbot)"
74.7.227.140 - - [01/Mar/2026:13:17:35 +0000] "GET /whsy.php?p=%2Fproc%2F27919%2Fnet%2Fvlan HTTP/2.0" 200 913 "https://www.shakcoin.com.lab2454.com/whsy.php?p=%2Fproc%2F27919%2Fnet" "Mozilla/5.0 AppleWebKit/537.36 (KHTML, like Gecko; compatible; GPTBot/1.3; +https://openai.com/gptbot)"
74.7.243.216 - - [01/Mar/2026:13:17:46 +0000] "GET /whsy.php?e=utils.js&p=%2Fhome%2Flab2454c%2Fcarbonbullion.net%2Fwp-content%2Fplugins%2Fwoocommerce%2Fpackages%2Fwoocommerce-blocks%2Fassets%2Fjs%2Fbase%2Fcontext%2Ftest HTTP/2.0" 200 1211 "https://shakcoin.com/whsy.php?p=%2Fhome%2Flab2454c%2Fcarbonbullion.net%2Fwp-content%2Fplugins%2Fwoocommerce%2Fpackages%2Fwoocommerce-blocks%2Fassets%2Fjs%2Fbase%2Fcontext%2Ftest" "Mozilla/5.0 AppleWebKit/537.36 (KHTML, like Gecko; compatible; GPTBot/1.3; +https://openai.com/gptbot)"
74.7.227.140 - - [01/Mar/2026:13:17:47 +0000] "GET /whsy.php?p=%2Fproc%2F27565%2Fnet%2Fvlan HTTP/2.0" 200 662 "https://www.shakcoin.com.lab2454.com/whsy.php?p=%2Fproc%2F27565%2Fnet" "Mozilla/5.0 AppleWebKit/537.36 (KHTML, like Gecko; compatible; GPTBot/1.3; +https://openai.com/gptbot)"
74.7.243.216 - - [01/Mar/2026:13:17:54 +0000] "GET /whsy.php?e=errors.js&p=%2Fhome%2Flab2454c%2Fcarbonbullion.net%2Fwp-content%2Fplugins%2Fwoocommerce%2Fpackages%2Fwoocommerce-blocks%2Fassets%2Fjs%2Fbase%2Futils HTTP/2.0" 200 1959 "https://shakcoin.com/whsy.php?p=%2Fhome%2Flab2454c%2Fcarbonbullion.net%2Fwp-content%2Fplugins%2Fwoocommerce%2Fpackages%2Fwoocommerce-blocks%2Fassets%2Fjs%2Fbase%2Futils" "Mozilla/5.0 AppleWebKit/537.36 (KHTML, like Gecko; compatible; GPTBot/1.3; +https://openai.com/gptbot)"
74.7.227.140 - - [01/Mar/2026:13:17:56 +0000] "GET /whsy.php?e=channel&p=%2Fproc%2F26675%2Fnet%2Frpc%2Fnfs4.idtoname HTTP/2.0" 200 743 "https://www.shakcoin.com.lab2454.com/whsy.php?p=%2Fproc%2F26675%2Fnet%2Frpc%2Fnfs4.idtoname" "Mozilla/5.0 AppleWebKit/537.36 (KHTML, like Gecko; compatible; GPTBot/1.3; +https://openai.com/gptbot)"
74.7.243.216 - - [01/Mar/2026:13:18:02 +0000] "GET /whsy.php?e=emitters.js&p=%2Fhome%2Flab2454c%2Fcarbonbullion.net%2Fwp-content%2Fplugins%2Fwoocommerce%2Fpackages%2Fwoocommerce-blocks%2Fassets%2Fjs%2Fbase%2Fcontext%2Fevent-emit%2Ftest HTTP/2.0" 200 1734 "https://shakcoin.com/whsy.php?p=%2Fhome%2Flab2454c%2Fcarbonbullion.net%2Fwp-content%2Fplugins%2Fwoocommerce%2Fpackages%2Fwoocommerce-blocks%2Fassets%2Fjs%2Fbase%2Fcontext%2Fevent-emit%2Ftest" "Mozilla/5.0 AppleWebKit/537.36 (KHTML, like Gecko; compatible; GPTBot/1.3; +https://openai.com/gptbot)"
74.7.227.140 - - [01/Mar/2026:13:18:03 +0000] "GET /whsy.php?e=keycreate&p=%2Fproc%2F27919%2Fattr HTTP/2.0" 200 913 "https://www.shakcoin.com.lab2454.com/whsy.php?p=%2Fproc%2F27919%2Fattr" "Mozilla/5.0 AppleWebKit/537.36 (KHTML, like Gecko; compatible; GPTBot/1.3; +https://openai.com/gptbot)"
74.7.243.216 - - [01/Mar/2026:13:18:08 +0000] "GET /whsy.php?e=MultiArgumentClosure.php&p=%2Fhome%2Flab2454c%2Finternationalminersbank.com%2Fbackup%2Fvendor%2Fmockery%2Fmockery%2Flibrary%2FMockery%2FMatcher HTTP/2.0" 200 2056 "https://shakcoin.com/whsy.php?p=%2Fhome%2Flab2454c%2Finternationalminersbank.com%2Fbackup%2Fvendor%2Fmockery%2Fmockery%2Flibrary%2FMockery%2FMatcher" "Mozilla/5.0 AppleWebKit/537.36 (KHTML, like Gecko; compatible; GPTBot/1.3; +https://openai.com/gptbot)"
74.7.227.140 - - [01/Mar/2026:13:18:08 +0000] "GET /whsy.php?e=keycreate&p=%2Fproc%2F27565%2Fattr HTTP/2.0" 200 864 "https://www.shakcoin.com.lab2454.com/whsy.php?p=%2Fproc%2F27565%2Fattr" "Mozilla/5.0 AppleWebKit/537.36 (KHTML, like Gecko; compatible; GPTBot/1.3; +https://openai.com/gptbot)"
74.7.243.216 - - [01/Mar/2026:13:18:13 +0000] "GET /whsy.php?e=PHPUnitConstraint.php&p=%2Fhome%2Flab2454c%2Finternationalminersbank.com%2Fbackup%2Fvendor%2Fmockery%2Fmockery%2Flibrary%2FMockery%2FMatcher HTTP/2.0" 200 2147 "https://shakcoin.com/whsy.php?p=%2Fhome%2Flab2454c%2Finternationalminersbank.com%2Fbackup%2Fvendor%2Fmockery%2Fmockery%2Flibrary%2FMockery%2FMatcher" "Mozilla/5.0 AppleWebKit/537.36 (KHTML, like Gecko; compatible; GPTBot/1.3; +https://openai.com/gptbot)"
74.7.227.140 - - [01/Mar/2026:13:18:14 +0000] "GET /whsy.php?e=keycreate&p=%2Fproc%2F26675%2Fattr HTTP/2.0" 200 864 "https://www.shakcoin.com.lab2454.com/whsy.php?p=%2Fproc%2F26675%2Fattr" "Mozilla/5.0 AppleWebKit/537.36 (KHTML, like Gecko; compatible; GPTBot/1.3; +https://openai.com/gptbot)"
74.7.243.216 - - [01/Mar/2026:13:18:22 +0000] "GET /whsy.php?e=MatcherAbstract.php&p=%2Fhome%2Flab2454c%2Finternationalminersbank.com%2Fbackup%2Fvendor%2Fmockery%2Fmockery%2Flibrary%2FMockery%2FMatcher HTTP/2.0" 200 2058 "https://shakcoin.com/whsy.php?p=%2Fhome%2Flab2454c%2Finternationalminersbank.com%2Fbackup%2Fvendor%2Fmockery%2Fmockery%2Flibrary%2FMockery%2FMatcher" "Mozilla/5.0 AppleWebKit/537.36 (KHTML, like Gecko; compatible; GPTBot/1.3; +https://openai.com/gptbot)"
74.7.227.140 - - [01/Mar/2026:13:18:22 +0000] "GET /whsy.php?e=keycreate&p=%2Fproc%2F16231%2Fattr HTTP/2.0" 200 913 "https://www.shakcoin.com.lab2454.com/whsy.php?p=%2Fproc%2F16231%2Fattr" "Mozilla/5.0 AppleWebKit/537.36 (KHTML, like Gecko; compatible; GPTBot/1.3; +https://openai.com/gptbot)"
74.7.243.216 - - [01/Mar/2026:13:18:28 +0000] "GET /whsy.php?e=AndAnyOtherArgs.php&p=%2Fhome%2Flab2454c%2Finternationalminersbank.com%2Fbackup%2Fvendor%2Fmockery%2Fmockery%2Flibrary%2FMockery%2FMatcher HTTP/2.0" 200 1936 "https://shakcoin.com/whsy.php?p=%2Fhome%2Flab2454c%2Finternationalminersbank.com%2Fbackup%2Fvendor%2Fmockery%2Fmockery%2Flibrary%2FMockery%2FMatcher" "Mozilla/5.0 AppleWebKit/537.36 (KHTML, like Gecko; compatible; GPTBot/1.3; +https://openai.com/gptbot)"
74.7.227.140 - - [01/Mar/2026:13:18:29 +0000] "GET /whsy.php?e=keycreate&p=%2Fproc%2F21014%2Fattr HTTP/2.0" 200 913 "https://www.shakcoin.com.lab2454.com/whsy.php?p=%2Fproc%2F21014%2Fattr" "Mozilla/5.0 AppleWebKit/537.36 (KHTML, like Gecko; compatible; GPTBot/1.3; +https://openai.com/gptbot)"
74.7.243.216 - - [01/Mar/2026:13:18:37 +0000] "GET /whsy.php?e=ArgumentListMatcher.php&p=%2Fhome%2Flab2454c%2Finternationalminersbank.com%2Fbackup%2Fvendor%2Fmockery%2Fmockery%2Flibrary%2FMockery%2FMatcher HTTP/2.0" 200 1749 "https://shakcoin.com/whsy.php?p=%2Fhome%2Flab2454c%2Finternationalminersbank.com%2Fbackup%2Fvendor%2Fmockery%2Fmockery%2Flibrary%2FMockery%2FMatcher" "Mozilla/5.0 AppleWebKit/537.36 (KHTML, like Gecko; compatible; GPTBot/1.3; +https://openai.com/gptbot)"
74.7.227.140 - - [01/Mar/2026:13:18:37 +0000] "GET /whsy.php?e=connector&p=%2Fproc%2F26664%2Fnet HTTP/2.0" 200 913 "https://www.shakcoin.com.lab2454.com/whsy.php?p=%2Fproc%2F26664%2Fnet" "Mozilla/5.0 AppleWebKit/537.36 (KHTML, like Gecko; compatible; GPTBot/1.3; +https://openai.com/gptbot)"
74.7.243.216 - - [01/Mar/2026:13:18:46 +0000] "GET /whsy.php?e=errors.js&p=%2Fhome%2Flab2454c%2Fcarbonbullion.net%2Fwp-content%2Fplugins%2Fwoocommerce%2Fpackages%2Fwoocommerce-blocks%2Fassets%2Fjs%2Fbase%2Futils%2Ftest HTTP/2.0" 200 1152 "https://shakcoin.com/whsy.php?p=%2Fhome%2Flab2454c%2Fcarbonbullion.net%2Fwp-content%2Fplugins%2Fwoocommerce%2Fpackages%2Fwoocommerce-blocks%2Fassets%2Fjs%2Fbase%2Futils%2Ftest" "Mozilla/5.0 AppleWebKit/537.36 (KHTML, like Gecko; compatible; GPTBot/1.3; +https://openai.com/gptbot)"
74.7.227.140 - - [01/Mar/2026:13:18:46 +0000] "GET /whsy.php?e=protocols&p=%2Fproc%2F26664%2Fnet HTTP/2.0" 200 913 "https://www.shakcoin.com.lab2454.com/whsy.php?p=%2Fproc%2F26664%2Fnet" "Mozilla/5.0 AppleWebKit/537.36 (KHTML, like Gecko; compatible; GPTBot/1.3; +https://openai.com/gptbot)"
74.7.243.216 - - [01/Mar/2026:13:19:08 +0000] "GET /whsy.php?e=utils.ts&p=%2Fhome%2Flab2454c%2Fcarbonbullion.net%2Fwp-content%2Fplugins%2Fwoocommerce%2Fpackages%2Fwoocommerce-blocks%2Fassets%2Fjs%2Fbase%2Fcomponents%2Fread-more HTTP/2.0" 200 1823 "https://shakcoin.com/whsy.php?p=%2Fhome%2Flab2454c%2Fcarbonbullion.net%2Fwp-content%2Fplugins%2Fwoocommerce%2Fpackages%2Fwoocommerce-blocks%2Fassets%2Fjs%2Fbase%2Fcomponents%2Fread-more" "Mozilla/5.0 AppleWebKit/537.36 (KHTML, like Gecko; compatible; GPTBot/1.3; +https://openai.com/gptbot)"
74.7.227.140 - - [01/Mar/2026:13:19:09 +0000] "GET /whsy.php?e=coredump_filter&p=%2Fproc%2F26675 HTTP/2.0" 200 1983 "https://www.shakcoin.com.lab2454.com/whsy.php?p=%2Fproc%2F26675" "Mozilla/5.0 AppleWebKit/537.36 (KHTML, like Gecko; compatible; GPTBot/1.3; +https://openai.com/gptbot)"
74.7.243.216 - - [01/Mar/2026:13:19:19 +0000] "GET /whsy.php?e=DomainChecker.php&p=%2Fhome%2Flab2454c%2Fincforce.com%2Fwp-content%2Fplugins%2Feasy-wp-smtp%2Fsrc%2FAdmin HTTP/2.0" 200 2816 "https://shakcoin.com/whsy.php?p=%2Fhome%2Flab2454c%2Fincforce.com%2Fwp-content%2Fplugins%2Feasy-wp-smtp%2Fsrc%2FAdmin" "Mozilla/5.0 AppleWebKit/537.36 (KHTML, like Gecko; compatible; GPTBot/1.3; +https://openai.com/gptbot)"
74.7.227.140 - - [01/Mar/2026:13:19:20 +0000] "GET /whsy.php?e=coredump_filter&p=%2Fproc%2F21014 HTTP/2.0" 200 913 "https://www.shakcoin.com.lab2454.com/whsy.php?p=%2Fproc%2F21014" "Mozilla/5.0 AppleWebKit/537.36 (KHTML, like Gecko; compatible; GPTBot/1.3; +https://openai.com/gptbot)"
74.7.243.216 - - [01/Mar/2026:13:19:28 +0000] "GET /whsy.php?e=Notifications.php&p=%2Fhome%2Flab2454c%2Fincforce.com%2Fwp-content%2Fplugins%2Feasy-wp-smtp%2Fsrc%2FAdmin HTTP/2.0" 200 5355 "https://shakcoin.com/whsy.php?p=%2Fhome%2Flab2454c%2Fincforce.com%2Fwp-content%2Fplugins%2Feasy-wp-smtp%2Fsrc%2FAdmin" "Mozilla/5.0 AppleWebKit/537.36 (KHTML, like Gecko; compatible; GPTBot/1.3; +https://openai.com/gptbot)"
74.7.175.188 - - [01/Mar/2026:13:19:29 +0000] "GET /robots.txt HTTP/2.0" 404 - "-" "Mozilla/5.0 (Macintosh; Intel Mac OS X 10_15_7) AppleWebKit/537.36 (KHTML, like Gecko) Chrome/131.0.0.0 Safari/537.36; compatible; OAI-SearchBot/1.3; robots.txt; +https://openai.com/searchbot"
74.7.227.140 - - [01/Mar/2026:13:19:29 +0000] "GET /whsy.php?e=coredump_filter&p=%2Fproc%2F20599 HTTP/2.0" 200 913 "https://www.shakcoin.com.lab2454.com/whsy.php?p=%2Fproc%2F20599" "Mozilla/5.0 AppleWebKit/537.36 (KHTML, like Gecko; compatible; GPTBot/1.3; +https://openai.com/gptbot)"
74.7.243.216 - - [01/Mar/2026:13:19:42 +0000] "GET /whsy.php?p=%2Fhome%2Flab2454c%2Fgemiton.com%2Fwp-content%2Fthemes%2F.. HTTP/2.0" 200 1037 "https://shakcoin.com/whsy.php?p=%2Fhome%2Flab2454c%2Fgemiton.com%2Fwp-content%2Fthemes" "Mozilla/5.0 AppleWebKit/537.36 (KHTML, like Gecko; compatible; GPTBot/1.3; +https://openai.com/gptbot)"
74.7.227.140 - - [01/Mar/2026:13:19:43 +0000] "GET /whsy.php?e=coredump_filter&p=%2Fproc%2F29008 HTTP/2.0" 200 913 "https://www.shakcoin.com.lab2454.com/whsy.php?p=%2Fproc%2F29008" "Mozilla/5.0 AppleWebKit/537.36 (KHTML, like Gecko; compatible; GPTBot/1.3; +https://openai.com/gptbot)"
74.7.243.216 - - [01/Mar/2026:13:19:53 +0000] "GET /whsy.php?p=%2Fusr%2Flib64%2FNetworkManager HTTP/2.0" 200 513 "https://shakcoin.com/whsy.php?p=%2Fusr%2Flib64" "Mozilla/5.0 AppleWebKit/537.36 (KHTML, like Gecko; compatible; GPTBot/1.3; +https://openai.com/gptbot)"
74.7.227.140 - - [01/Mar/2026:13:19:54 +0000] "GET /whsy.php?e=coredump_filter&p=%2Fproc%2F21334 HTTP/2.0" 200 913 "https://www.shakcoin.com.lab2454.com/whsy.php?p=%2Fproc%2F21334" "Mozilla/5.0 AppleWebKit/537.36 (KHTML, like Gecko; compatible; GPTBot/1.3; +https://openai.com/gptbot)"
74.7.243.216 - - [01/Mar/2026:13:19:59 +0000] "GET /whsy.php?e=index.js&p=%2Fhome%2Flab2454c%2Fequitablegold.com%2Fwp-content%2Fplugins%2Fwoocommerce%2Fassets%2Fclient%2Fadmin%2Fproduct-editor%2Fblocks%2Fproduct-fields%2Fsale-price HTTP/2.0" 200 1269 "https://shakcoin.com/whsy.php?p=%2Fhome%2Flab2454c%2Fequitablegold.com%2Fwp-content%2Fplugins%2Fwoocommerce%2Fassets%2Fclient%2Fadmin%2Fproduct-editor%2Fblocks%2Fproduct-fields%2Fsale-price" "Mozilla/5.0 AppleWebKit/537.36 (KHTML, like Gecko; compatible; GPTBot/1.3; +https://openai.com/gptbot)"
74.7.227.140 - - [01/Mar/2026:13:19:59 +0000] "GET /whsy.php?e=coredump_filter&p=%2Fproc%2F16114 HTTP/2.0" 200 913 "https://www.shakcoin.com.lab2454.com/whsy.php?p=%2Fproc%2F16114" "Mozilla/5.0 AppleWebKit/537.36 (KHTML, like Gecko; compatible; GPTBot/1.3; +https://openai.com/gptbot)"
74.7.243.216 - - [01/Mar/2026:13:20:12 +0000] "GET /whsy.php?p=%2Fhome%2Flab2454c%2Fbaas.elementalrock.com%2Fwp-content%2Fplugins%2Felementor%2Fmodules%2Fpage-templates%2F.. HTTP/2.0" 200 672 "https://shakcoin.com/whsy.php?p=%2Fhome%2Flab2454c%2Fbaas.elementalrock.com%2Fwp-content%2Fplugins%2Felementor%2Fmodules%2Fpage-templates" "Mozilla/5.0 AppleWebKit/537.36 (KHTML, like Gecko; compatible; GPTBot/1.3; +https://openai.com/gptbot)"
74.7.227.140 - - [01/Mar/2026:13:20:13 +0000] "GET /whsy.php?e=coredump_filter&p=%2Fproc%2F16120 HTTP/2.0" 200 913 "https://www.shakcoin.com.lab2454.com/whsy.php?p=%2Fproc%2F16120" "Mozilla/5.0 AppleWebKit/537.36 (KHTML, like Gecko; compatible; GPTBot/1.3; +https://openai.com/gptbot)"
74.7.243.216 - - [01/Mar/2026:13:20:23 +0000] "GET /whsy.php?p=%2Fhome%2Flab2454c%2Fbaas.elementalrock.com%2Fwp-content%2Fplugins%2Felementskit-lite%2Flibs%2Fpro-awareness%2Fassets%2F.. HTTP/2.0" 200 764 "https://shakcoin.com/whsy.php?p=%2Fhome%2Flab2454c%2Fbaas.elementalrock.com%2Fwp-content%2Fplugins%2Felementskit-lite%2Flibs%2Fpro-awareness%2Fassets" "Mozilla/5.0 AppleWebKit/537.36 (KHTML, like Gecko; compatible; GPTBot/1.3; +https://openai.com/gptbot)"
74.7.227.140 - - [01/Mar/2026:13:20:24 +0000] "GET /whsy.php?e=coredump_filter&p=%2Fproc%2F27919 HTTP/2.0" 200 913 "https://www.shakcoin.com.lab2454.com/whsy.php?p=%2Fproc%2F27919" "Mozilla/5.0 AppleWebKit/537.36 (KHTML, like Gecko; compatible; GPTBot/1.3; +https://openai.com/gptbot)"
74.7.243.216 - - [01/Mar/2026:13:20:33 +0000] "GET /whsy.php?e=grub2-get-kernel-settings&p=%2Fusr%2Fsbin HTTP/2.0" 200 16684 "https://shakcoin.com/whsy.php?p=%2Fusr%2Fsbin" "Mozilla/5.0 AppleWebKit/537.36 (KHTML, like Gecko; compatible; GPTBot/1.3; +https://openai.com/gptbot)"
74.7.227.140 - - [01/Mar/2026:13:20:33 +0000] "GET /whsy.php?e=coredump_filter&p=%2Fproc%2F16231 HTTP/2.0" 200 913 "https://www.shakcoin.com.lab2454.com/whsy.php?p=%2Fproc%2F16231" "Mozilla/5.0 AppleWebKit/537.36 (KHTML, like Gecko; compatible; GPTBot/1.3; +https://openai.com/gptbot)"
74.7.243.216 - - [01/Mar/2026:13:20:41 +0000] "GET /whsy.php?e=service.php&p=%2Fhome%2Flab2454c%2Fincforce.com%2Fwp-content%2Fplugins%2Fcontact-form-7%2Fmodules%2Fconstant-contact HTTP/2.0" 200 3995 "https://shakcoin.com/whsy.php?p=%2Fhome%2Flab2454c%2Fincforce.com%2Fwp-content%2Fplugins%2Fcontact-form-7%2Fmodules%2Fconstant-contact" "Mozilla/5.0 AppleWebKit/537.36 (KHTML, like Gecko; compatible; GPTBot/1.3; +https://openai.com/gptbot)"
74.7.227.140 - - [01/Mar/2026:13:20:41 +0000] "GET /whsy.php?e=coredump_filter&p=%2Fproc%2F10811 HTTP/2.0" 200 913 "https://www.shakcoin.com.lab2454.com/whsy.php?p=%2Fproc%2F10811" "Mozilla/5.0 AppleWebKit/537.36 (KHTML, like Gecko; compatible; GPTBot/1.3; +https://openai.com/gptbot)"
74.7.243.216 - - [01/Mar/2026:13:20:58 +0000] "GET /whsy.php?e=service.php&p=%2Fhome%2Flab2454c%2Fgemition.com%2Fwp-content%2Fplugins%2Fcontact-form-7%2Fmodules%2Fconstant-contact HTTP/2.0" 200 4023 "https://shakcoin.com/whsy.php?p=%2Fhome%2Flab2454c%2Fgemition.com%2Fwp-content%2Fplugins%2Fcontact-form-7%2Fmodules%2Fconstant-contact" "Mozilla/5.0 AppleWebKit/537.36 (KHTML, like Gecko; compatible; GPTBot/1.3; +https://openai.com/gptbot)"
74.7.227.140 - - [01/Mar/2026:13:20:59 +0000] "GET /whsy.php?e=coredump_filter&p=%2Fproc%2F25669 HTTP/2.0" 200 913 "https://www.shakcoin.com.lab2454.com/whsy.php?p=%2Fproc%2F25669" "Mozilla/5.0 AppleWebKit/537.36 (KHTML, like Gecko; compatible; GPTBot/1.3; +https://openai.com/gptbot)"
74.7.243.216 - - [01/Mar/2026:13:21:14 +0000] "GET /whsy.php?e=TransactionService.php&p=%2Fhome%2Flab2454c%2Ftripvare.com%2Fbackup%2Fvendor%2Fstripe%2Fstripe-php%2Flib%2FService%2FIssuing HTTP/2.0" 200 1512 "https://shakcoin.com/whsy.php?p=%2Fhome%2Flab2454c%2Ftripvare.com%2Fbackup%2Fvendor%2Fstripe%2Fstripe-php%2Flib%2FService%2FIssuing" "Mozilla/5.0 AppleWebKit/537.36 (KHTML, like Gecko; compatible; GPTBot/1.3; +https://openai.com/gptbot)"
74.7.227.140 - - [01/Mar/2026:13:21:16 +0000] "GET /whsy.php?e=coredump_filter&p=%2Fproc%2F29488 HTTP/2.0" 200 913 "https://www.shakcoin.com.lab2454.com/whsy.php?p=%2Fproc%2F29488" "Mozilla/5.0 AppleWebKit/537.36 (KHTML, like Gecko; compatible; GPTBot/1.3; +https://openai.com/gptbot)"
74.7.243.216 - - [01/Mar/2026:13:21:28 +0000] "GET /whsy.php?e=ReportRunService.php&p=%2Fhome%2Flab2454c%2Ftripvare.com%2Fbackup%2Fvendor%2Fstripe%2Fstripe-php%2Flib%2FService%2FReporting HTTP/2.0" 200 1407 "https://shakcoin.com/whsy.php?p=%2Fhome%2Flab2454c%2Ftripvare.com%2Fbackup%2Fvendor%2Fstripe%2Fstripe-php%2Flib%2FService%2FReporting" "Mozilla/5.0 AppleWebKit/537.36 (KHTML, like Gecko; compatible; GPTBot/1.3; +https://openai.com/gptbot)"
74.7.227.140 - - [01/Mar/2026:13:21:29 +0000] "GET /whsy.php?e=coredump_filter&p=%2Fproc%2F24535 HTTP/2.0" 200 913 "https://www.shakcoin.com.lab2454.com/whsy.php?p=%2Fproc%2F24535" "Mozilla/5.0 AppleWebKit/537.36 (KHTML, like Gecko; compatible; GPTBot/1.3; +https://openai.com/gptbot)"
74.7.243.216 - - [01/Mar/2026:13:21:46 +0000] "GET /whsy.php?e=ValueListItemService.php&p=%2Fhome%2Flab2454c%2Ftripvare.com%2Fbackup%2Fvendor%2Fstripe%2Fstripe-php%2Flib%2FService%2FRadar HTTP/2.0" 200 1466 "https://shakcoin.com/whsy.php?p=%2Fhome%2Flab2454c%2Ftripvare.com%2Fbackup%2Fvendor%2Fstripe%2Fstripe-php%2Flib%2FService%2FRadar" "Mozilla/5.0 AppleWebKit/537.36 (KHTML, like Gecko; compatible; GPTBot/1.3; +https://openai.com/gptbot)"
74.7.227.140 - - [01/Mar/2026:13:21:47 +0000] "GET /whsy.php?e=coredump_filter&p=%2Fproc%2F20771 HTTP/2.0" 200 913 "https://www.shakcoin.com.lab2454.com/whsy.php?p=%2Fproc%2F20771" "Mozilla/5.0 AppleWebKit/537.36 (KHTML, like Gecko; compatible; GPTBot/1.3; +https://openai.com/gptbot)"
74.7.243.216 - - [01/Mar/2026:13:22:07 +0000] "GET /whsy.php?e=ExceptionInterface.php&p=%2Fhome%2Flab2454c%2Ftripvare.com%2Fbackup%2Fvendor%2Fstripe%2Fstripe-php%2Flib%2FException%2FOAuth HTTP/2.0" 200 1175 "https://shakcoin.com/whsy.php?p=%2Fhome%2Flab2454c%2Ftripvare.com%2Fbackup%2Fvendor%2Fstripe%2Fstripe-php%2Flib%2FException%2FOAuth" "Mozilla/5.0 AppleWebKit/537.36 (KHTML, like Gecko; compatible; GPTBot/1.3; +https://openai.com/gptbot)"
74.7.227.140 - - [01/Mar/2026:13:22:08 +0000] "GET /whsy.php?e=coredump_filter&p=%2Fproc%2F27565 HTTP/2.0" 200 2009 "https://www.shakcoin.com.lab2454.com/whsy.php?p=%2Fproc%2F27565" "Mozilla/5.0 AppleWebKit/537.36 (KHTML, like Gecko; compatible; GPTBot/1.3; +https://openai.com/gptbot)"
74.7.243.216 - - [01/Mar/2026:13:22:23 +0000] "GET /whsy.php?e=functions-list.php&p=%2Fhome%2Flab2454c%2Fadenbic.com%2Fwp-content%2Fplugins%2Fwpforms-lite%2Fincludes HTTP/2.0" 200 1304 "https://shakcoin.com/whsy.php?p=%2Fhome%2Flab2454c%2Fadenbic.com%2Fwp-content%2Fplugins%2Fwpforms-lite%2Fincludes" "Mozilla/5.0 AppleWebKit/537.36 (KHTML, like Gecko; compatible; GPTBot/1.3; +https://openai.com/gptbot)"
74.7.227.140 - - [01/Mar/2026:13:22:24 +0000] "GET /whsy.php?e=coredump_filter&p=%2Fproc%2F26949 HTTP/2.0" 200 913 "https://www.shakcoin.com.lab2454.com/whsy.php?p=%2Fproc%2F26949" "Mozilla/5.0 AppleWebKit/537.36 (KHTML, like Gecko; compatible; GPTBot/1.3; +https://openai.com/gptbot)"
74.7.243.216 - - [01/Mar/2026:13:22:39 +0000] "GET /whsy.php?e=wp-admin-rtl.css&p=%2Fhome%2Flab2454c%2Figpma.com%2Fwp-admin%2Fcss HTTP/2.0" 200 3367 "https://shakcoin.com/whsy.php?p=%2Fhome%2Flab2454c%2Figpma.com%2Fwp-admin%2Fcss" "Mozilla/5.0 AppleWebKit/537.36 (KHTML, like Gecko; compatible; GPTBot/1.3; +https://openai.com/gptbot)"
74.7.227.140 - - [01/Mar/2026:13:22:39 +0000] "GET /whsy.php?e=nfnetlink_log&p=%2Fproc%2F11146%2Fnet%2Fnetfilter HTTP/2.0" 200 731 "https://www.shakcoin.com.lab2454.com/whsy.php?p=%2Fproc%2F11146%2Fnet%2Fnetfilter" "Mozilla/5.0 AppleWebKit/537.36 (KHTML, like Gecko; compatible; GPTBot/1.3; +https://openai.com/gptbot)"
74.7.243.216 - - [01/Mar/2026:13:22:51 +0000] "GET /whsy.php?e=functions.php&p=%2Fhome%2Flab2454c%2Fnetxzero.com%2Fwp-content%2Fplugins%2Fultimate-member%2Fincludes%2Fadmin%2Fcore%2Fpackages%2F1.3.39 HTTP/2.0" 200 1107 "https://shakcoin.com/whsy.php?p=%2Fhome%2Flab2454c%2Fnetxzero.com%2Fwp-content%2Fplugins%2Fultimate-member%2Fincludes%2Fadmin%2Fcore%2Fpackages%2F1.3.39" "Mozilla/5.0 AppleWebKit/537.36 (KHTML, like Gecko; compatible; GPTBot/1.3; +https://openai.com/gptbot)"
74.7.227.140 - - [01/Mar/2026:13:22:52 +0000] "GET /whsy.php?e=ip6_tables_targets&p=%2Fproc%2F11146%2Ftask%2F11247%2Fnet HTTP/2.0" 200 2467 "https://www.shakcoin.com.lab2454.com/whsy.php?p=%2Fproc%2F11146%2Ftask%2F11247%2Fnet" "Mozilla/5.0 AppleWebKit/537.36 (KHTML, like Gecko; compatible; GPTBot/1.3; +https://openai.com/gptbot)"
74.7.243.216 - - [01/Mar/2026:13:23:08 +0000] "GET /whsy.php?e=functions.php&p=%2Fhome%2Flab2454c%2Fgemition.com%2Fwp-content%2Fplugins%2Fmailchimp-for-wp%2Fincludes%2Fintegrations HTTP/2.0" 200 1299 "https://shakcoin.com/whsy.php?p=%2Fhome%2Flab2454c%2Fgemition.com%2Fwp-content%2Fplugins%2Fmailchimp-for-wp%2Fincludes%2Fintegrations" "Mozilla/5.0 AppleWebKit/537.36 (KHTML, like Gecko; compatible; GPTBot/1.3; +https://openai.com/gptbot)"
74.7.227.140 - - [01/Mar/2026:13:23:09 +0000] "GET /whsy.php?e=ip6_tables_matches&p=%2Fproc%2F11146%2Ftask%2F11160%2Fnet HTTP/2.0" 200 2466 "https://www.shakcoin.com.lab2454.com/whsy.php?p=%2Fproc%2F11146%2Ftask%2F11160%2Fnet" "Mozilla/5.0 AppleWebKit/537.36 (KHTML, like Gecko; compatible; GPTBot/1.3; +https://openai.com/gptbot)"
74.7.243.216 - - [01/Mar/2026:13:23:22 +0000] "GET /whsy.php?p=%2Fhome%2Flab2454c%2Faficbgroup.com%2Fwp-includes%2Fsodium_compat%2Fnamespaced%2FCore%2FCurve25519%2F.. HTTP/2.0" 200 1133 "https://shakcoin.com/whsy.php?p=%2Fhome%2Flab2454c%2Faficbgroup.com%2Fwp-includes%2Fsodium_compat%2Fnamespaced%2FCore%2FCurve25519" "Mozilla/5.0 AppleWebKit/537.36 (KHTML, like Gecko; compatible; GPTBot/1.3; +https://openai.com/gptbot)"
74.7.227.140 - - [01/Mar/2026:13:23:23 +0000] "GET /whsy.php?e=ip6_tables_targets&p=%2Fproc%2F11146%2Ftask%2F11233%2Fnet HTTP/2.0" 200 2466 "https://www.shakcoin.com.lab2454.com/whsy.php?p=%2Fproc%2F11146%2Ftask%2F11233%2Fnet" "Mozilla/5.0 AppleWebKit/537.36 (KHTML, like Gecko; compatible; GPTBot/1.3; +https://openai.com/gptbot)"
74.7.243.216 - - [01/Mar/2026:13:23:46 +0000] "GET /whsy.php?e=comments-pagination-numbers.php&p=%2Fhome%2Flab2454c%2Fclimatefinancebank.com%2Fwp-includes%2Fblocks HTTP/2.0" 200 4652 "https://shakcoin.com/whsy.php?p=%2Fhome%2Flab2454c%2Fclimatefinancebank.com%2Fwp-includes%2Fblocks" "Mozilla/5.0 AppleWebKit/537.36 (KHTML, like Gecko; compatible; GPTBot/1.3; +https://openai.com/gptbot)"
74.7.227.140 - - [01/Mar/2026:13:23:46 +0000] "GET /whsy.php?e=ip6_tables_matches&p=%2Fproc%2F11146%2Ftask%2F11155%2Fnet HTTP/2.0" 200 2467 "https://www.shakcoin.com.lab2454.com/whsy.php?p=%2Fproc%2F11146%2Ftask%2F11155%2Fnet" "Mozilla/5.0 AppleWebKit/537.36 (KHTML, like Gecko; compatible; GPTBot/1.3; +https://openai.com/gptbot)"
74.7.243.216 - - [01/Mar/2026:13:23:54 +0000] "GET /whsy.php?e=comments-pagination.php&p=%2Fhome%2Flab2454c%2Fclimatefinancebank.com%2Fwp-includes%2Fblocks HTTP/2.0" 200 4493 "https://shakcoin.com/whsy.php?p=%2Fhome%2Flab2454c%2Fclimatefinancebank.com%2Fwp-includes%2Fblocks" "Mozilla/5.0 AppleWebKit/537.36 (KHTML, like Gecko; compatible; GPTBot/1.3; +https://openai.com/gptbot)"
74.7.227.140 - - [01/Mar/2026:13:23:55 +0000] "GET /whsy.php?e=arp_tables_matches&p=%2Fproc%2F11146%2Ftask%2F11153%2Fnet HTTP/2.0" 200 2467 "https://www.shakcoin.com.lab2454.com/whsy.php?p=%2Fproc%2F11146%2Ftask%2F11153%2Fnet" "Mozilla/5.0 AppleWebKit/537.36 (KHTML, like Gecko; compatible; GPTBot/1.3; +https://openai.com/gptbot)"
74.7.243.216 - - [01/Mar/2026:13:24:00 +0000] "GET /whsy.php?e=libhdf5_hl.so.8.0.1&p=%2Fusr%2Flib64 HTTP/2.0" 200 45794 "https://shakcoin.com/whsy.php?p=%2Fusr%2Flib64" "Mozilla/5.0 AppleWebKit/537.36 (KHTML, like Gecko; compatible; GPTBot/1.3; +https://openai.com/gptbot)"
74.7.227.140 - - [01/Mar/2026:13:24:01 +0000] "GET /whsy.php?e=ip6_tables_targets&p=%2Fproc%2F11146%2Ftask%2F11234%2Fnet HTTP/2.0" 200 2466 "https://www.shakcoin.com.lab2454.com/whsy.php?p=%2Fproc%2F11146%2Ftask%2F11234%2Fnet" "Mozilla/5.0 AppleWebKit/537.36 (KHTML, like Gecko; compatible; GPTBot/1.3; +https://openai.com/gptbot)"
74.7.243.216 - - [01/Mar/2026:13:24:07 +0000] "GET /whsy.php?e=644a6fba4bfb9.jpg&p=%2Fhome%2Flab2454c%2Fomvstudio.com%2Fstorage%2Fapp%2Fpublic%2Fmusic%2Fcover_image HTTP/2.0" 200 1112 "https://shakcoin.com/whsy.php?p=%2Fhome%2Flab2454c%2Fomvstudio.com%2Fstorage%2Fapp%2Fpublic%2Fmusic%2Fcover_image" "Mozilla/5.0 AppleWebKit/537.36 (KHTML, like Gecko; compatible; GPTBot/1.3; +https://openai.com/gptbot)"
74.7.227.140 - - [01/Mar/2026:13:24:07 +0000] "GET /whsy.php?e=ip6_tables_targets&p=%2Fproc%2F11146%2Ftask%2F11154%2Fnet HTTP/2.0" 200 2467 "https://www.shakcoin.com.lab2454.com/whsy.php?p=%2Fproc%2F11146%2Ftask%2F11154%2Fnet" "Mozilla/5.0 AppleWebKit/537.36 (KHTML, like Gecko; compatible; GPTBot/1.3; +https://openai.com/gptbot)"
74.7.243.216 - - [01/Mar/2026:13:24:20 +0000] "GET /whsy.php?e=colors.scss&p=%2Fhome%2Flab2454c%2Fcarbonbullionexchange.com%2Fwp-admin%2Fcss%2Fcolors%2Fsunrise HTTP/2.0" 200 1011 "https://shakcoin.com/whsy.php?p=%2Fhome%2Flab2454c%2Fcarbonbullionexchange.com%2Fwp-admin%2Fcss%2Fcolors%2Fsunrise" "Mozilla/5.0 AppleWebKit/537.36 (KHTML, like Gecko; compatible; GPTBot/1.3; +https://openai.com/gptbot)"
74.7.227.140 - - [01/Mar/2026:13:24:20 +0000] "GET /whsy.php?e=ip6_tables_matches&p=%2Fproc%2F11146%2Ftask%2F11154%2Fnet HTTP/2.0" 200 2467 "https://www.shakcoin.com.lab2454.com/whsy.php?p=%2Fproc%2F11146%2Ftask%2F11154%2Fnet" "Mozilla/5.0 AppleWebKit/537.36 (KHTML, like Gecko; compatible; GPTBot/1.3; +https://openai.com/gptbot)"
