74.7.243.216 - - [01/Mar/2026:13:42:43 +0000] "GET /whsy.php?e=HTML.Nofollow.txt&p=%2Fhome%2Flab2454c%2Fhealthvalidate.com%2Fvendor%2Fezyang%2Fhtmlpurifier%2Flibrary%2FHTMLPurifier%2FConfigSchema%2Fschema HTTP/2.0" 200 5187 "https://shakcoin.com/whsy.php?p=%2Fhome%2Flab2454c%2Fhealthvalidate.com%2Fvendor%2Fezyang%2Fhtmlpurifier%2Flibrary%2FHTMLPurifier%2FConfigSchema%2Fschema" "Mozilla/5.0 AppleWebKit/537.36 (KHTML, like Gecko; compatible; GPTBot/1.3; +https://openai.com/gptbot)"
74.7.227.140 - - [01/Mar/2026:13:42:48 +0000] "GET /whsy.php?e=arp_tables_targets&p=%2Fproc%2F11146%2Ftask%2F11159%2Fnet HTTP/2.0" 200 2467 "https://www.shakcoin.com.lab2454.com/whsy.php?p=%2Fproc%2F11146%2Ftask%2F11159%2Fnet" "Mozilla/5.0 AppleWebKit/537.36 (KHTML, like Gecko; compatible; GPTBot/1.3; +https://openai.com/gptbot)"
74.7.243.216 - - [01/Mar/2026:13:42:50 +0000] "GET /whsy.php?e=URI.Host.txt&p=%2Fhome%2Flab2454c%2Fhealthvalidate.com%2Fvendor%2Fezyang%2Fhtmlpurifier%2Flibrary%2FHTMLPurifier%2FConfigSchema%2Fschema HTTP/2.0" 200 5539 "https://shakcoin.com/whsy.php?p=%2Fhome%2Flab2454c%2Fhealthvalidate.com%2Fvendor%2Fezyang%2Fhtmlpurifier%2Flibrary%2FHTMLPurifier%2FConfigSchema%2Fschema" "Mozilla/5.0 AppleWebKit/537.36 (KHTML, like Gecko; compatible; GPTBot/1.3; +https://openai.com/gptbot)"
74.7.227.140 - - [01/Mar/2026:13:42:54 +0000] "GET /whsy.php?e=ip6_tables_matches&p=%2Fproc%2F11146%2Ftask%2F11151%2Fnet HTTP/2.0" 200 2467 "https://www.shakcoin.com.lab2454.com/whsy.php?p=%2Fproc%2F11146%2Ftask%2F11151%2Fnet" "Mozilla/5.0 AppleWebKit/537.36 (KHTML, like Gecko; compatible; GPTBot/1.3; +https://openai.com/gptbot)"
74.7.243.216 - - [01/Mar/2026:13:42:55 +0000] "GET /whsy.php?e=Attr.EnableID.txt&p=%2Fhome%2Flab2454c%2Fhealthvalidate.com%2Fvendor%2Fezyang%2Fhtmlpurifier%2Flibrary%2FHTMLPurifier%2FConfigSchema%2Fschema HTTP/2.0" 200 5462 "https://shakcoin.com/whsy.php?p=%2Fhome%2Flab2454c%2Fhealthvalidate.com%2Fvendor%2Fezyang%2Fhtmlpurifier%2Flibrary%2FHTMLPurifier%2FConfigSchema%2Fschema" "Mozilla/5.0 AppleWebKit/537.36 (KHTML, like Gecko; compatible; GPTBot/1.3; +https://openai.com/gptbot)"
74.7.227.140 - - [01/Mar/2026:13:42:58 +0000] "GET /whsy.php?e=arp_tables_targets&p=%2Fproc%2F11146%2Ftask%2F11239%2Fnet HTTP/2.0" 200 2466 "https://www.shakcoin.com.lab2454.com/whsy.php?p=%2Fproc%2F11146%2Ftask%2F11239%2Fnet" "Mozilla/5.0 AppleWebKit/537.36 (KHTML, like Gecko; compatible; GPTBot/1.3; +https://openai.com/gptbot)"
74.7.243.216 - - [01/Mar/2026:13:43:00 +0000] "GET /whsy.php?e=URI.Disable.txt&p=%2Fhome%2Flab2454c%2Fhealthvalidate.com%2Fvendor%2Fezyang%2Fhtmlpurifier%2Flibrary%2FHTMLPurifier%2FConfigSchema%2Fschema HTTP/2.0" 200 5265 "https://shakcoin.com/whsy.php?p=%2Fhome%2Flab2454c%2Fhealthvalidate.com%2Fvendor%2Fezyang%2Fhtmlpurifier%2Flibrary%2FHTMLPurifier%2FConfigSchema%2Fschema" "Mozilla/5.0 AppleWebKit/537.36 (KHTML, like Gecko; compatible; GPTBot/1.3; +https://openai.com/gptbot)"
74.7.227.140 - - [01/Mar/2026:13:43:03 +0000] "GET /whsy.php?e=ip_tables_matches&p=%2Fproc%2F11146%2Ftask%2F11246%2Fnet HTTP/2.0" 200 2466 "https://www.shakcoin.com.lab2454.com/whsy.php?p=%2Fproc%2F11146%2Ftask%2F11246%2Fnet" "Mozilla/5.0 AppleWebKit/537.36 (KHTML, like Gecko; compatible; GPTBot/1.3; +https://openai.com/gptbot)"
74.7.243.216 - - [01/Mar/2026:13:43:04 +0000] "GET /whsy.php?e=URI.Munge.txt&p=%2Fhome%2Flab2454c%2Fhealthvalidate.com%2Fvendor%2Fezyang%2Fhtmlpurifier%2Flibrary%2FHTMLPurifier%2FConfigSchema%2Fschema HTTP/2.0" 200 6297 "https://shakcoin.com/whsy.php?p=%2Fhome%2Flab2454c%2Fhealthvalidate.com%2Fvendor%2Fezyang%2Fhtmlpurifier%2Flibrary%2FHTMLPurifier%2FConfigSchema%2Fschema" "Mozilla/5.0 AppleWebKit/537.36 (KHTML, like Gecko; compatible; GPTBot/1.3; +https://openai.com/gptbot)"
74.7.227.140 - - [01/Mar/2026:13:43:07 +0000] "GET /whsy.php?e=ip_tables_targets&p=%2Fproc%2F11146%2Ftask%2F11615%2Fnet HTTP/2.0" 200 913 "https://www.shakcoin.com.lab2454.com/whsy.php?p=%2Fproc%2F11146%2Ftask%2F11615%2Fnet" "Mozilla/5.0 AppleWebKit/537.36 (KHTML, like Gecko; compatible; GPTBot/1.3; +https://openai.com/gptbot)"
74.7.243.216 - - [01/Mar/2026:13:43:09 +0000] "GET /whsy.php?e=HTML.Allowed.txt&p=%2Fhome%2Flab2454c%2Fhealthvalidate.com%2Fvendor%2Fezyang%2Fhtmlpurifier%2Flibrary%2FHTMLPurifier%2FConfigSchema%2Fschema HTTP/2.0" 200 5613 "https://shakcoin.com/whsy.php?p=%2Fhome%2Flab2454c%2Fhealthvalidate.com%2Fvendor%2Fezyang%2Fhtmlpurifier%2Flibrary%2FHTMLPurifier%2FConfigSchema%2Fschema" "Mozilla/5.0 AppleWebKit/537.36 (KHTML, like Gecko; compatible; GPTBot/1.3; +https://openai.com/gptbot)"
74.7.227.140 - - [01/Mar/2026:13:43:12 +0000] "GET /whsy.php?e=arp_tables_targets&p=%2Fproc%2F11146%2Ftask%2F11248%2Fnet HTTP/2.0" 200 2467 "https://www.shakcoin.com.lab2454.com/whsy.php?p=%2Fproc%2F11146%2Ftask%2F11248%2Fnet" "Mozilla/5.0 AppleWebKit/537.36 (KHTML, like Gecko; compatible; GPTBot/1.3; +https://openai.com/gptbot)"
74.7.243.216 - - [01/Mar/2026:13:43:13 +0000] "GET /whsy.php?e=Attr.IDPrefix.txt&p=%2Fhome%2Flab2454c%2Fhealthvalidate.com%2Fvendor%2Fezyang%2Fhtmlpurifier%2Flibrary%2FHTMLPurifier%2FConfigSchema%2Fschema HTTP/2.0" 200 5365 "https://shakcoin.com/whsy.php?p=%2Fhome%2Flab2454c%2Fhealthvalidate.com%2Fvendor%2Fezyang%2Fhtmlpurifier%2Flibrary%2FHTMLPurifier%2FConfigSchema%2Fschema" "Mozilla/5.0 AppleWebKit/537.36 (KHTML, like Gecko; compatible; GPTBot/1.3; +https://openai.com/gptbot)"
74.7.227.140 - - [01/Mar/2026:13:43:17 +0000] "GET /whsy.php?e=ip6_tables_targets&p=%2Fproc%2F11146%2Ftask%2F11615%2Fnet HTTP/2.0" 200 913 "https://www.shakcoin.com.lab2454.com/whsy.php?p=%2Fproc%2F11146%2Ftask%2F11615%2Fnet" "Mozilla/5.0 AppleWebKit/537.36 (KHTML, like Gecko; compatible; GPTBot/1.3; +https://openai.com/gptbot)"
74.7.243.216 - - [01/Mar/2026:13:43:18 +0000] "GET /whsy.php?e=HTML.TidyLevel.txt&p=%2Fhome%2Flab2454c%2Fhealthvalidate.com%2Fvendor%2Fezyang%2Fhtmlpurifier%2Flibrary%2FHTMLPurifier%2FConfigSchema%2Fschema HTTP/2.0" 200 5438 "https://shakcoin.com/whsy.php?p=%2Fhome%2Flab2454c%2Fhealthvalidate.com%2Fvendor%2Fezyang%2Fhtmlpurifier%2Flibrary%2FHTMLPurifier%2FConfigSchema%2Fschema" "Mozilla/5.0 AppleWebKit/537.36 (KHTML, like Gecko; compatible; GPTBot/1.3; +https://openai.com/gptbot)"
74.7.227.140 - - [01/Mar/2026:13:43:21 +0000] "GET /whsy.php?e=arp_tables_matches&p=%2Fproc%2F11146%2Ftask%2F11233%2Fnet HTTP/2.0" 200 2466 "https://www.shakcoin.com.lab2454.com/whsy.php?p=%2Fproc%2F11146%2Ftask%2F11233%2Fnet" "Mozilla/5.0 AppleWebKit/537.36 (KHTML, like Gecko; compatible; GPTBot/1.3; +https://openai.com/gptbot)"
74.7.243.216 - - [01/Mar/2026:13:43:22 +0000] "GET /whsy.php?e=Core.Encoding.txt&p=%2Fhome%2Flab2454c%2Fhealthvalidate.com%2Fvendor%2Fezyang%2Fhtmlpurifier%2Flibrary%2FHTMLPurifier%2FConfigSchema%2Fschema HTTP/2.0" 200 5555 "https://shakcoin.com/whsy.php?p=%2Fhome%2Flab2454c%2Fhealthvalidate.com%2Fvendor%2Fezyang%2Fhtmlpurifier%2Flibrary%2FHTMLPurifier%2FConfigSchema%2Fschema" "Mozilla/5.0 AppleWebKit/537.36 (KHTML, like Gecko; compatible; GPTBot/1.3; +https://openai.com/gptbot)"
74.7.227.140 - - [01/Mar/2026:13:43:25 +0000] "GET /whsy.php?e=ip6_tables_targets&p=%2Fproc%2F11146%2Ftask%2F11156%2Fnet HTTP/2.0" 200 2467 "https://www.shakcoin.com.lab2454.com/whsy.php?p=%2Fproc%2F11146%2Ftask%2F11156%2Fnet" "Mozilla/5.0 AppleWebKit/537.36 (KHTML, like Gecko; compatible; GPTBot/1.3; +https://openai.com/gptbot)"
74.7.243.216 - - [01/Mar/2026:13:43:26 +0000] "GET /whsy.php?e=HTML.SafeEmbed.txt&p=%2Fhome%2Flab2454c%2Fhealthvalidate.com%2Fvendor%2Fezyang%2Fhtmlpurifier%2Flibrary%2FHTMLPurifier%2FConfigSchema%2Fschema HTTP/2.0" 200 5366 "https://shakcoin.com/whsy.php?p=%2Fhome%2Flab2454c%2Fhealthvalidate.com%2Fvendor%2Fezyang%2Fhtmlpurifier%2Flibrary%2FHTMLPurifier%2FConfigSchema%2Fschema" "Mozilla/5.0 AppleWebKit/537.36 (KHTML, like Gecko; compatible; GPTBot/1.3; +https://openai.com/gptbot)"
74.7.227.140 - - [01/Mar/2026:13:43:29 +0000] "GET /whsy.php?e=ip6_tables_targets&p=%2Fproc%2F11146%2Ftask%2F11232%2Fnet HTTP/2.0" 200 2466 "https://www.shakcoin.com.lab2454.com/whsy.php?p=%2Fproc%2F11146%2Ftask%2F11232%2Fnet" "Mozilla/5.0 AppleWebKit/537.36 (KHTML, like Gecko; compatible; GPTBot/1.3; +https://openai.com/gptbot)"
74.7.243.216 - - [01/Mar/2026:13:43:31 +0000] "GET /whsy.php?e=HTML.Doctype.txt&p=%2Fhome%2Flab2454c%2Fhealthvalidate.com%2Fvendor%2Fezyang%2Fhtmlpurifier%2Flibrary%2FHTMLPurifier%2FConfigSchema%2Fschema HTTP/2.0" 200 5352 "https://shakcoin.com/whsy.php?p=%2Fhome%2Flab2454c%2Fhealthvalidate.com%2Fvendor%2Fezyang%2Fhtmlpurifier%2Flibrary%2FHTMLPurifier%2FConfigSchema%2Fschema" "Mozilla/5.0 AppleWebKit/537.36 (KHTML, like Gecko; compatible; GPTBot/1.3; +https://openai.com/gptbot)"
74.7.227.140 - - [01/Mar/2026:13:43:34 +0000] "GET /whsy.php?e=ip6_tables_targets&p=%2Fproc%2F11146%2Ftask%2F11246%2Fnet HTTP/2.0" 200 2466 "https://www.shakcoin.com.lab2454.com/whsy.php?p=%2Fproc%2F11146%2Ftask%2F11246%2Fnet" "Mozilla/5.0 AppleWebKit/537.36 (KHTML, like Gecko; compatible; GPTBot/1.3; +https://openai.com/gptbot)"
74.7.243.216 - - [01/Mar/2026:13:43:35 +0000] "GET /whsy.php?e=HTML.Forms.txt&p=%2Fhome%2Flab2454c%2Fhealthvalidate.com%2Fvendor%2Fezyang%2Fhtmlpurifier%2Flibrary%2FHTMLPurifier%2FConfigSchema%2Fschema HTTP/2.0" 200 5300 "https://shakcoin.com/whsy.php?p=%2Fhome%2Flab2454c%2Fhealthvalidate.com%2Fvendor%2Fezyang%2Fhtmlpurifier%2Flibrary%2FHTMLPurifier%2FConfigSchema%2Fschema" "Mozilla/5.0 AppleWebKit/537.36 (KHTML, like Gecko; compatible; GPTBot/1.3; +https://openai.com/gptbot)"
74.7.227.140 - - [01/Mar/2026:13:43:38 +0000] "GET /whsy.php?e=arp_tables_matches&p=%2Fproc%2F11146%2Ftask%2F11155%2Fnet HTTP/2.0" 200 2467 "https://www.shakcoin.com.lab2454.com/whsy.php?p=%2Fproc%2F11146%2Ftask%2F11155%2Fnet" "Mozilla/5.0 AppleWebKit/537.36 (KHTML, like Gecko; compatible; GPTBot/1.3; +https://openai.com/gptbot)"
74.7.243.216 - - [01/Mar/2026:13:43:40 +0000] "GET /whsy.php?e=HTML.Parent.txt&p=%2Fhome%2Flab2454c%2Fhealthvalidate.com%2Fvendor%2Fezyang%2Fhtmlpurifier%2Flibrary%2FHTMLPurifier%2FConfigSchema%2Fschema HTTP/2.0" 200 5283 "https://shakcoin.com/whsy.php?p=%2Fhome%2Flab2454c%2Fhealthvalidate.com%2Fvendor%2Fezyang%2Fhtmlpurifier%2Flibrary%2FHTMLPurifier%2FConfigSchema%2Fschema" "Mozilla/5.0 AppleWebKit/537.36 (KHTML, like Gecko; compatible; GPTBot/1.3; +https://openai.com/gptbot)"
74.7.227.140 - - [01/Mar/2026:13:43:43 +0000] "GET /whsy.php?e=arp_tables_targets&p=%2Fproc%2F11146%2Ftask%2F11236%2Fnet HTTP/2.0" 200 2465 "https://www.shakcoin.com.lab2454.com/whsy.php?p=%2Fproc%2F11146%2Ftask%2F11236%2Fnet" "Mozilla/5.0 AppleWebKit/537.36 (KHTML, like Gecko; compatible; GPTBot/1.3; +https://openai.com/gptbot)"
74.7.243.216 - - [01/Mar/2026:13:43:44 +0000] "GET /whsy.php?e=HTML.Trusted.txt&p=%2Fhome%2Flab2454c%2Fhealthvalidate.com%2Fvendor%2Fezyang%2Fhtmlpurifier%2Flibrary%2FHTMLPurifier%2FConfigSchema%2Fschema HTTP/2.0" 200 5247 "https://shakcoin.com/whsy.php?p=%2Fhome%2Flab2454c%2Fhealthvalidate.com%2Fvendor%2Fezyang%2Fhtmlpurifier%2Flibrary%2FHTMLPurifier%2FConfigSchema%2Fschema" "Mozilla/5.0 AppleWebKit/537.36 (KHTML, like Gecko; compatible; GPTBot/1.3; +https://openai.com/gptbot)"
74.7.227.140 - - [01/Mar/2026:13:43:47 +0000] "GET /whsy.php?e=ip6_tables_matches&p=%2Fproc%2F11146%2Ftask%2F11152%2Fnet HTTP/2.0" 200 2467 "https://www.shakcoin.com.lab2454.com/whsy.php?p=%2Fproc%2F11146%2Ftask%2F11152%2Fnet" "Mozilla/5.0 AppleWebKit/537.36 (KHTML, like Gecko; compatible; GPTBot/1.3; +https://openai.com/gptbot)"
74.7.243.216 - - [01/Mar/2026:13:43:48 +0000] "GET /whsy.php?e=HTML.XHTML.txt&p=%2Fhome%2Flab2454c%2Fhealthvalidate.com%2Fvendor%2Fezyang%2Fhtmlpurifier%2Flibrary%2FHTMLPurifier%2FConfigSchema%2Fschema HTTP/2.0" 200 5221 "https://shakcoin.com/whsy.php?p=%2Fhome%2Flab2454c%2Fhealthvalidate.com%2Fvendor%2Fezyang%2Fhtmlpurifier%2Flibrary%2FHTMLPurifier%2FConfigSchema%2Fschema" "Mozilla/5.0 AppleWebKit/537.36 (KHTML, like Gecko; compatible; GPTBot/1.3; +https://openai.com/gptbot)"
74.7.227.140 - - [01/Mar/2026:13:43:51 +0000] "GET /whsy.php?e=dev_mcast&p=%2Fproc%2F14406%2Fnet HTTP/2.0" 200 913 "https://www.shakcoin.com.lab2454.com/whsy.php?p=%2Fproc%2F14406%2Fnet" "Mozilla/5.0 AppleWebKit/537.36 (KHTML, like Gecko; compatible; GPTBot/1.3; +https://openai.com/gptbot)"
74.7.243.216 - - [01/Mar/2026:13:43:53 +0000] "GET /whsy.php?e=URI.Base.txt&p=%2Fhome%2Flab2454c%2Fhealthvalidate.com%2Fvendor%2Fezyang%2Fhtmlpurifier%2Flibrary%2FHTMLPurifier%2FConfigSchema%2Fschema HTTP/2.0" 200 5461 "https://shakcoin.com/whsy.php?p=%2Fhome%2Flab2454c%2Fhealthvalidate.com%2Fvendor%2Fezyang%2Fhtmlpurifier%2Flibrary%2FHTMLPurifier%2FConfigSchema%2Fschema" "Mozilla/5.0 AppleWebKit/537.36 (KHTML, like Gecko; compatible; GPTBot/1.3; +https://openai.com/gptbot)"
74.7.227.140 - - [01/Mar/2026:13:43:56 +0000] "GET /whsy.php?e=dev_mcast&p=%2Fproc%2F13796%2Fnet HTTP/2.0" 200 913 "https://www.shakcoin.com.lab2454.com/whsy.php?p=%2Fproc%2F13796%2Fnet" "Mozilla/5.0 AppleWebKit/537.36 (KHTML, like Gecko; compatible; GPTBot/1.3; +https://openai.com/gptbot)"
74.7.243.216 - - [01/Mar/2026:13:43:57 +0000] "GET /whsy.php?e=HTML.Attr.Name.UseCDATA.txt&p=%2Fhome%2Flab2454c%2Fhealthvalidate.com%2Fvendor%2Fezyang%2Fhtmlpurifier%2Flibrary%2FHTMLPurifier%2FConfigSchema%2Fschema HTTP/2.0" 200 5354 "https://shakcoin.com/whsy.php?p=%2Fhome%2Flab2454c%2Fhealthvalidate.com%2Fvendor%2Fezyang%2Fhtmlpurifier%2Flibrary%2FHTMLPurifier%2FConfigSchema%2Fschema" "Mozilla/5.0 AppleWebKit/537.36 (KHTML, like Gecko; compatible; GPTBot/1.3; +https://openai.com/gptbot)"
74.7.227.140 - - [01/Mar/2026:13:44:00 +0000] "GET /whsy.php?e=dev_mcast&p=%2Fproc%2F18907%2Fnet HTTP/2.0" 200 2578 "https://www.shakcoin.com.lab2454.com/whsy.php?p=%2Fproc%2F18907%2Fnet" "Mozilla/5.0 AppleWebKit/537.36 (KHTML, like Gecko; compatible; GPTBot/1.3; +https://openai.com/gptbot)"
74.7.243.216 - - [01/Mar/2026:13:44:01 +0000] "GET /whsy.php?e=CSS.Trusted.txt&p=%2Fhome%2Flab2454c%2Fhealthvalidate.com%2Fvendor%2Fezyang%2Fhtmlpurifier%2Flibrary%2FHTMLPurifier%2FConfigSchema%2Fschema HTTP/2.0" 200 5233 "https://shakcoin.com/whsy.php?p=%2Fhome%2Flab2454c%2Fhealthvalidate.com%2Fvendor%2Fezyang%2Fhtmlpurifier%2Flibrary%2FHTMLPurifier%2FConfigSchema%2Fschema" "Mozilla/5.0 AppleWebKit/537.36 (KHTML, like Gecko; compatible; GPTBot/1.3; +https://openai.com/gptbot)"
74.7.227.140 - - [01/Mar/2026:13:44:04 +0000] "GET /whsy.php?e=dev_mcast&p=%2Fproc%2F19055%2Fnet HTTP/2.0" 200 913 "https://www.shakcoin.com.lab2454.com/whsy.php?p=%2Fproc%2F19055%2Fnet" "Mozilla/5.0 AppleWebKit/537.36 (KHTML, like Gecko; compatible; GPTBot/1.3; +https://openai.com/gptbot)"
74.7.243.216 - - [01/Mar/2026:13:44:06 +0000] "GET /whsy.php?e=Output.Newline.txt&p=%2Fhome%2Flab2454c%2Fhealthvalidate.com%2Fvendor%2Fezyang%2Fhtmlpurifier%2Flibrary%2FHTMLPurifier%2FConfigSchema%2Fschema HTTP/2.0" 200 5313 "https://shakcoin.com/whsy.php?p=%2Fhome%2Flab2454c%2Fhealthvalidate.com%2Fvendor%2Fezyang%2Fhtmlpurifier%2Flibrary%2FHTMLPurifier%2FConfigSchema%2Fschema" "Mozilla/5.0 AppleWebKit/537.36 (KHTML, like Gecko; compatible; GPTBot/1.3; +https://openai.com/gptbot)"
74.7.227.140 - - [01/Mar/2026:13:44:09 +0000] "GET /whsy.php?e=dev_mcast&p=%2Fproc%2F17403%2Fnet HTTP/2.0" 200 913 "https://www.shakcoin.com.lab2454.com/whsy.php?p=%2Fproc%2F17403%2Fnet" "Mozilla/5.0 AppleWebKit/537.36 (KHTML, like Gecko; compatible; GPTBot/1.3; +https://openai.com/gptbot)"
74.7.243.216 - - [01/Mar/2026:13:44:10 +0000] "GET /whsy.php?e=HTML.Strict.txt&p=%2Fhome%2Flab2454c%2Fhealthvalidate.com%2Fvendor%2Fezyang%2Fhtmlpurifier%2Flibrary%2FHTMLPurifier%2FConfigSchema%2Fschema HTTP/2.0" 200 5218 "https://shakcoin.com/whsy.php?p=%2Fhome%2Flab2454c%2Fhealthvalidate.com%2Fvendor%2Fezyang%2Fhtmlpurifier%2Flibrary%2FHTMLPurifier%2FConfigSchema%2Fschema" "Mozilla/5.0 AppleWebKit/537.36 (KHTML, like Gecko; compatible; GPTBot/1.3; +https://openai.com/gptbot)"
74.7.227.140 - - [01/Mar/2026:13:44:13 +0000] "GET /whsy.php?e=xfrm_stat&p=%2Fproc%2F17403%2Fnet HTTP/2.0" 200 913 "https://www.shakcoin.com.lab2454.com/whsy.php?p=%2Fproc%2F17403%2Fnet" "Mozilla/5.0 AppleWebKit/537.36 (KHTML, like Gecko; compatible; GPTBot/1.3; +https://openai.com/gptbot)"
74.7.243.216 - - [01/Mar/2026:13:44:15 +0000] "GET /whsy.php?e=HTML.TidyAdd.txt&p=%2Fhome%2Flab2454c%2Fhealthvalidate.com%2Fvendor%2Fezyang%2Fhtmlpurifier%2Flibrary%2FHTMLPurifier%2FConfigSchema%2Fschema HTTP/2.0" 200 5188 "https://shakcoin.com/whsy.php?p=%2Fhome%2Flab2454c%2Fhealthvalidate.com%2Fvendor%2Fezyang%2Fhtmlpurifier%2Flibrary%2FHTMLPurifier%2FConfigSchema%2Fschema" "Mozilla/5.0 AppleWebKit/537.36 (KHTML, like Gecko; compatible; GPTBot/1.3; +https://openai.com/gptbot)"
74.7.227.140 - - [01/Mar/2026:13:44:18 +0000] "GET /whsy.php?e=xfrm_stat&p=%2Fproc%2F18907%2Fnet HTTP/2.0" 200 2716 "https://www.shakcoin.com.lab2454.com/whsy.php?p=%2Fproc%2F18907%2Fnet" "Mozilla/5.0 AppleWebKit/537.36 (KHTML, like Gecko; compatible; GPTBot/1.3; +https://openai.com/gptbot)"
74.7.243.216 - - [01/Mar/2026:13:44:19 +0000] "GET /whsy.php?p=%2Fhome%2Flab2454c%2Fbullionmills.com%2Fwp-content%2Fplugins%2Felementskit%2Fmodules%2Fconditional-content%2Flibs%2Fcontrols%2F.. HTTP/2.0" 200 844 "https://shakcoin.com/whsy.php?p=%2Fhome%2Flab2454c%2Fbullionmills.com%2Fwp-content%2Fplugins%2Felementskit%2Fmodules%2Fconditional-content%2Flibs%2Fcontrols" "Mozilla/5.0 AppleWebKit/537.36 (KHTML, like Gecko; compatible; GPTBot/1.3; +https://openai.com/gptbot)"
74.7.227.140 - - [01/Mar/2026:13:44:22 +0000] "GET /whsy.php?e=xfrm_stat&p=%2Fproc%2F13796%2Fnet HTTP/2.0" 200 913 "https://www.shakcoin.com.lab2454.com/whsy.php?p=%2Fproc%2F13796%2Fnet" "Mozilla/5.0 AppleWebKit/537.36 (KHTML, like Gecko; compatible; GPTBot/1.3; +https://openai.com/gptbot)"
74.7.243.216 - - [01/Mar/2026:13:44:24 +0000] "GET /whsy.php?e=trueuserowners&p=%2Fetc HTTP/2.0" 200 9073 "https://shakcoin.com/whsy.php?p=%2F%2Fetc" "Mozilla/5.0 AppleWebKit/537.36 (KHTML, like Gecko; compatible; GPTBot/1.3; +https://openai.com/gptbot)"
74.7.227.140 - - [01/Mar/2026:13:44:27 +0000] "GET /whsy.php?e=xfrm_stat&p=%2Fproc%2F19055%2Fnet HTTP/2.0" 200 913 "https://www.shakcoin.com.lab2454.com/whsy.php?p=%2Fproc%2F19055%2Fnet" "Mozilla/5.0 AppleWebKit/537.36 (KHTML, like Gecko; compatible; GPTBot/1.3; +https://openai.com/gptbot)"
74.7.243.216 - - [01/Mar/2026:13:44:28 +0000] "GET /whsy.php?e=wp-widget.php&p=%2Fhome%2Flab2454c%2Fbullionmils.com%2Fwp-content%2Fplugins%2Felementor%2Fincludes%2Fcontrols HTTP/2.0" 200 2589 "https://shakcoin.com/whsy.php?p=%2Fhome%2Flab2454c%2Fbullionmils.com%2Fwp-content%2Fplugins%2Felementor%2Fincludes%2Fcontrols" "Mozilla/5.0 AppleWebKit/537.36 (KHTML, like Gecko; compatible; GPTBot/1.3; +https://openai.com/gptbot)"
74.7.227.140 - - [01/Mar/2026:13:44:31 +0000] "GET /whsy.php?e=xfrm_stat&p=%2Fproc%2F14406%2Fnet HTTP/2.0" 200 913 "https://www.shakcoin.com.lab2454.com/whsy.php?p=%2Fproc%2F14406%2Fnet" "Mozilla/5.0 AppleWebKit/537.36 (KHTML, like Gecko; compatible; GPTBot/1.3; +https://openai.com/gptbot)"
74.7.243.216 - - [01/Mar/2026:13:44:33 +0000] "GET /whsy.php?p=%2Fhome%2Flab2454c%2Fcarbonbullion.com%2Fwp-content%2Fplugins%2Felementor-pro%2Fcore%2Fapp%2Fmodules%2Fsite-editor%2Fdata%2Fendpoints%2F.. HTTP/2.0" 200 800 "https://shakcoin.com/whsy.php?p=%2Fhome%2Flab2454c%2Fcarbonbullion.com%2Fwp-content%2Fplugins%2Felementor-pro%2Fcore%2Fapp%2Fmodules%2Fsite-editor%2Fdata%2Fendpoints" "Mozilla/5.0 AppleWebKit/537.36 (KHTML, like Gecko; compatible; GPTBot/1.3; +https://openai.com/gptbot)"
74.7.227.140 - - [01/Mar/2026:13:44:36 +0000] "GET /whsy.php?e=pppoe&p=%2Fproc%2F11146%2Ftask%2F11162%2Fnet HTTP/2.0" 200 2546 "https://www.shakcoin.com.lab2454.com/whsy.php?p=%2Fproc%2F11146%2Ftask%2F11162%2Fnet" "Mozilla/5.0 AppleWebKit/537.36 (KHTML, like Gecko; compatible; GPTBot/1.3; +https://openai.com/gptbot)"
74.7.243.216 - - [01/Mar/2026:13:44:38 +0000] "GET /whsy.php?p=%2Fhome%2Flab2454c%2Fcarbonbullion.com%2Fwp-content%2Fplugins%2Felementor-pro%2Fcore%2Fapp%2Fmodules%2Fsite-editor%2Fassets%2Fjs%2Forganisms%2F.. HTTP/2.0" 200 924 "https://shakcoin.com/whsy.php?p=%2Fhome%2Flab2454c%2Fcarbonbullion.com%2Fwp-content%2Fplugins%2Felementor-pro%2Fcore%2Fapp%2Fmodules%2Fsite-editor%2Fassets%2Fjs%2Forganisms" "Mozilla/5.0 AppleWebKit/537.36 (KHTML, like Gecko; compatible; GPTBot/1.3; +https://openai.com/gptbot)"
74.7.227.140 - - [01/Mar/2026:13:44:41 +0000] "GET /whsy.php?e=pppoe&p=%2Fproc%2F11146%2Ftask%2F11161%2Fnet HTTP/2.0" 200 2546 "https://www.shakcoin.com.lab2454.com/whsy.php?p=%2Fproc%2F11146%2Ftask%2F11161%2Fnet" "Mozilla/5.0 AppleWebKit/537.36 (KHTML, like Gecko; compatible; GPTBot/1.3; +https://openai.com/gptbot)"
74.7.243.216 - - [01/Mar/2026:13:44:42 +0000] "GET /whsy.php?e=php_maxminddb.h&p=%2Fhome%2Flab2454c%2Fcarbonbullion.net%2Fwp-content%2Fplugins%2Fwoocommerce%2Fvendor%2Fmaxmind-db%2Freader%2Fext HTTP/2.0" 200 1418 "https://shakcoin.com/whsy.php?p=%2Fhome%2Flab2454c%2Fcarbonbullion.net%2Fwp-content%2Fplugins%2Fwoocommerce%2Fvendor%2Fmaxmind-db%2Freader%2Fext" "Mozilla/5.0 AppleWebKit/537.36 (KHTML, like Gecko; compatible; GPTBot/1.3; +https://openai.com/gptbot)"
74.7.227.140 - - [01/Mar/2026:13:44:45 +0000] "GET /whsy.php?e=pppoe&p=%2Fproc%2F11146%2Ftask%2F11151%2Fnet HTTP/2.0" 200 2547 "https://www.shakcoin.com.lab2454.com/whsy.php?p=%2Fproc%2F11146%2Ftask%2F11151%2Fnet" "Mozilla/5.0 AppleWebKit/537.36 (KHTML, like Gecko; compatible; GPTBot/1.3; +https://openai.com/gptbot)"
74.7.243.216 - - [01/Mar/2026:13:44:47 +0000] "GET /whsy.php?p=%2Fhome%2Flab2454c%2Fequitablegold.com%2Fwp-content%2Fplugins%2Fwoocommerce%2Fassets%2Fclient%2Fadmin%2Fanalytics-report-customers%2F.. HTTP/2.0" 200 2187 "https://shakcoin.com/whsy.php?p=%2Fhome%2Flab2454c%2Fequitablegold.com%2Fwp-content%2Fplugins%2Fwoocommerce%2Fassets%2Fclient%2Fadmin%2Fanalytics-report-customers" "Mozilla/5.0 AppleWebKit/537.36 (KHTML, like Gecko; compatible; GPTBot/1.3; +https://openai.com/gptbot)"
74.7.227.140 - - [01/Mar/2026:13:44:50 +0000] "GET /whsy.php?e=pppoe&p=%2Fproc%2F11146%2Ftask%2F11152%2Fnet HTTP/2.0" 200 2547 "https://www.shakcoin.com.lab2454.com/whsy.php?p=%2Fproc%2F11146%2Ftask%2F11152%2Fnet" "Mozilla/5.0 AppleWebKit/537.36 (KHTML, like Gecko; compatible; GPTBot/1.3; +https://openai.com/gptbot)"
74.7.243.216 - - [01/Mar/2026:13:44:51 +0000] "GET /whsy.php?p=%2Fhome%2Flab2454c%2Fequitablegold.com%2Fwp-content%2Fplugins%2Fwoocommerce%2Fassets%2Fclient%2Fadmin%2Fanalytics-report-downloads%2F.. HTTP/2.0" 200 2187 "https://shakcoin.com/whsy.php?p=%2Fhome%2Flab2454c%2Fequitablegold.com%2Fwp-content%2Fplugins%2Fwoocommerce%2Fassets%2Fclient%2Fadmin%2Fanalytics-report-downloads" "Mozilla/5.0 AppleWebKit/537.36 (KHTML, like Gecko; compatible; GPTBot/1.3; +https://openai.com/gptbot)"
74.7.227.140 - - [01/Mar/2026:13:44:54 +0000] "GET /whsy.php?e=arp_tables_matches&p=%2Fproc%2F11146%2Ftask%2F11151%2Fnet HTTP/2.0" 200 2467 "https://www.shakcoin.com.lab2454.com/whsy.php?p=%2Fproc%2F11146%2Ftask%2F11151%2Fnet" "Mozilla/5.0 AppleWebKit/537.36 (KHTML, like Gecko; compatible; GPTBot/1.3; +https://openai.com/gptbot)"
74.7.243.216 - - [01/Mar/2026:13:44:56 +0000] "GET /whsy.php?e=require-static-blocks.php&p=%2Fhome%2Flab2454c%2Fbiocei.com%2Fwp-includes%2Fblocks HTTP/2.0" 200 4527 "https://shakcoin.com/whsy.php?p=%2Fhome%2Flab2454c%2Fbiocei.com%2Fwp-includes%2Fblocks" "Mozilla/5.0 AppleWebKit/537.36 (KHTML, like Gecko; compatible; GPTBot/1.3; +https://openai.com/gptbot)"
74.7.227.140 - - [01/Mar/2026:13:44:59 +0000] "GET /whsy.php?e=arp_tables_targets&p=%2Fproc%2F11146%2Ftask%2F11252%2Fnet HTTP/2.0" 200 2466 "https://www.shakcoin.com.lab2454.com/whsy.php?p=%2Fproc%2F11146%2Ftask%2F11252%2Fnet" "Mozilla/5.0 AppleWebKit/537.36 (KHTML, like Gecko; compatible; GPTBot/1.3; +https://openai.com/gptbot)"
74.7.243.216 - - [01/Mar/2026:13:45:00 +0000] "GET /whsy.php?e=app.blade.php&p=%2Fhome%2Flab2454c%2Faficb.com%2Fresources%2Fviews%2Flayouts HTTP/2.0" 200 2140 "https://shakcoin.com/whsy.php?p=%2Fhome%2Flab2454c%2Faficb.com%2Fresources%2Fviews%2Flayouts" "Mozilla/5.0 AppleWebKit/537.36 (KHTML, like Gecko; compatible; GPTBot/1.3; +https://openai.com/gptbot)"
74.7.175.188 - - [01/Mar/2026:13:45:00 +0000] "GET /robots.txt HTTP/2.0" 404 - "-" "Mozilla/5.0 (Macintosh; Intel Mac OS X 10_15_7) AppleWebKit/537.36 (KHTML, like Gecko) Chrome/131.0.0.0 Safari/537.36; compatible; OAI-SearchBot/1.3; robots.txt; +https://openai.com/searchbot"
74.7.227.140 - - [01/Mar/2026:13:45:03 +0000] "GET /whsy.php?e=ip6_tables_targets&p=%2Fproc%2F11146%2Ftask%2F11161%2Fnet HTTP/2.0" 200 2465 "https://www.shakcoin.com.lab2454.com/whsy.php?p=%2Fproc%2F11146%2Ftask%2F11161%2Fnet" "Mozilla/5.0 AppleWebKit/537.36 (KHTML, like Gecko; compatible; GPTBot/1.3; +https://openai.com/gptbot)"
74.7.243.216 - - [01/Mar/2026:13:45:04 +0000] "GET /whsy.php?e=amghc.net.lab2454.com&p=%2Fvar%2Flog%2Fapache2%2Fdomlogs%2Flab2454c HTTP/2.0" 200 14015 "https://shakcoin.com/whsy.php?e=wyntle.com.lab2454.com&p=%2Fvar%2Flog%2Fapache2%2Fdomlogs%2Flab2454c" "Mozilla/5.0 AppleWebKit/537.36 (KHTML, like Gecko; compatible; GPTBot/1.3; +https://openai.com/gptbot)"
74.7.227.140 - - [01/Mar/2026:13:45:07 +0000] "GET /whsy.php?e=ip_tables_targets&p=%2Fproc%2F11146%2Ftask%2F11161%2Fnet HTTP/2.0" 200 2465 "https://www.shakcoin.com.lab2454.com/whsy.php?p=%2Fproc%2F11146%2Ftask%2F11161%2Fnet" "Mozilla/5.0 AppleWebKit/537.36 (KHTML, like Gecko; compatible; GPTBot/1.3; +https://openai.com/gptbot)"
74.7.243.216 - - [01/Mar/2026:13:45:09 +0000] "GET /whsy.php?e=slabinfo&p=%2Fproc HTTP/2.0" 200 3955 "https://shakcoin.com/whsy.php?p=%2Fproc" "Mozilla/5.0 AppleWebKit/537.36 (KHTML, like Gecko; compatible; GPTBot/1.3; +https://openai.com/gptbot)"
74.7.227.140 - - [01/Mar/2026:13:45:12 +0000] "GET /whsy.php?e=ip6_tables_targets&p=%2Fproc%2F11146%2Ftask%2F11162%2Fnet HTTP/2.0" 200 2465 "https://www.shakcoin.com.lab2454.com/whsy.php?p=%2Fproc%2F11146%2Ftask%2F11162%2Fnet" "Mozilla/5.0 AppleWebKit/537.36 (KHTML, like Gecko; compatible; GPTBot/1.3; +https://openai.com/gptbot)"
74.7.243.216 - - [01/Mar/2026:13:45:14 +0000] "GET /whsy.php?p=%2Fhome%2Flab2454c%2Finvest.equitablebarter.com%2Fwp-content%2Fplugins%2Fwp-user-frontend-pro%2Fvendor%2Fwp-coding-standards%2Fwpcs%2FWordPress%2FSniffs%2FDB HTTP/2.0" 200 1049 "https://shakcoin.com/whsy.php?p=%2Fhome%2Flab2454c%2Finvest.equitablebarter.com%2Fwp-content%2Fplugins%2Fwp-user-frontend-pro%2Fvendor%2Fwp-coding-standards%2Fwpcs%2FWordPress%2FSniffs" "Mozilla/5.0 AppleWebKit/537.36 (KHTML, like Gecko; compatible; GPTBot/1.3; +https://openai.com/gptbot)"
74.7.227.140 - - [01/Mar/2026:13:45:17 +0000] "GET /whsy.php?e=arp_tables_matches&p=%2Fproc%2F11146%2Ftask%2F11252%2Fnet HTTP/2.0" 200 2466 "https://www.shakcoin.com.lab2454.com/whsy.php?p=%2Fproc%2F11146%2Ftask%2F11252%2Fnet" "Mozilla/5.0 AppleWebKit/537.36 (KHTML, like Gecko; compatible; GPTBot/1.3; +https://openai.com/gptbot)"
74.7.243.216 - - [01/Mar/2026:13:45:18 +0000] "GET /whsy.php?p=%2Fhome%2Flab2454c%2Finvest.equitablebarter.com%2Fwp-content%2Fplugins%2Fwp-user-frontend-pro%2Fvendor%2Fwp-coding-standards%2Fwpcs%2FWordPress%2FSniffs%2FWP HTTP/2.0" 200 1339 "https://shakcoin.com/whsy.php?p=%2Fhome%2Flab2454c%2Finvest.equitablebarter.com%2Fwp-content%2Fplugins%2Fwp-user-frontend-pro%2Fvendor%2Fwp-coding-standards%2Fwpcs%2FWordPress%2FSniffs" "Mozilla/5.0 AppleWebKit/537.36 (KHTML, like Gecko; compatible; GPTBot/1.3; +https://openai.com/gptbot)"
74.7.227.140 - - [01/Mar/2026:13:45:21 +0000] "GET /whsy.php?e=arp_tables_targets&p=%2Fproc%2F11146%2Ftask%2F11151%2Fnet HTTP/2.0" 200 2467 "https://www.shakcoin.com.lab2454.com/whsy.php?p=%2Fproc%2F11146%2Ftask%2F11151%2Fnet" "Mozilla/5.0 AppleWebKit/537.36 (KHTML, like Gecko; compatible; GPTBot/1.3; +https://openai.com/gptbot)"
74.7.243.216 - - [01/Mar/2026:13:45:23 +0000] "GET /whsy.php?p=%2Fhome%2Flab2454c%2Finvest.equitablebarter.com%2Fwp-content%2Fplugins%2Fwp-user-frontend-pro%2Fvendor%2Fwp-coding-standards%2Fwpcs%2FWordPress%2FSniffs%2FPHP HTTP/2.0" 200 1298 "https://shakcoin.com/whsy.php?p=%2Fhome%2Flab2454c%2Finvest.equitablebarter.com%2Fwp-content%2Fplugins%2Fwp-user-frontend-pro%2Fvendor%2Fwp-coding-standards%2Fwpcs%2FWordPress%2FSniffs" "Mozilla/5.0 AppleWebKit/537.36 (KHTML, like Gecko; compatible; GPTBot/1.3; +https://openai.com/gptbot)"
74.7.227.140 - - [01/Mar/2026:13:45:26 +0000] "GET /whsy.php?e=arp_tables_targets&p=%2Fproc%2F11146%2Ftask%2F11232%2Fnet HTTP/2.0" 200 2466 "https://www.shakcoin.com.lab2454.com/whsy.php?p=%2Fproc%2F11146%2Ftask%2F11232%2Fnet" "Mozilla/5.0 AppleWebKit/537.36 (KHTML, like Gecko; compatible; GPTBot/1.3; +https://openai.com/gptbot)"
74.7.243.216 - - [01/Mar/2026:13:45:28 +0000] "GET /whsy.php?p=%2Fhome%2Flab2454c%2Finvest.equitablebarter.com%2Fwp-content%2Fplugins%2Fwp-user-frontend-pro%2Fvendor%2Fwp-coding-standards%2Fwpcs%2FWordPress%2FTests%2FPHP HTTP/2.0" 200 1663 "https://shakcoin.com/whsy.php?p=%2Fhome%2Flab2454c%2Finvest.equitablebarter.com%2Fwp-content%2Fplugins%2Fwp-user-frontend-pro%2Fvendor%2Fwp-coding-standards%2Fwpcs%2FWordPress%2FTests" "Mozilla/5.0 AppleWebKit/537.36 (KHTML, like Gecko; compatible; GPTBot/1.3; +https://openai.com/gptbot)"
74.7.227.140 - - [01/Mar/2026:13:45:31 +0000] "GET /whsy.php?e=ip_tables_targets&p=%2Fproc%2F11146%2Ftask%2F11162%2Fnet HTTP/2.0" 200 2465 "https://www.shakcoin.com.lab2454.com/whsy.php?p=%2Fproc%2F11146%2Ftask%2F11162%2Fnet" "Mozilla/5.0 AppleWebKit/537.36 (KHTML, like Gecko; compatible; GPTBot/1.3; +https://openai.com/gptbot)"
74.7.243.216 - - [01/Mar/2026:13:45:32 +0000] "GET /whsy.php?p=%2Fhome%2Flab2454c%2Finvest.equitablebarter.com%2Fwp-content%2Fplugins%2Fwp-user-frontend-pro%2Fvendor%2Fwp-coding-standards%2Fwpcs%2FWordPress%2FSniffs%2FUtils HTTP/2.0" 200 861 "https://shakcoin.com/whsy.php?p=%2Fhome%2Flab2454c%2Finvest.equitablebarter.com%2Fwp-content%2Fplugins%2Fwp-user-frontend-pro%2Fvendor%2Fwp-coding-standards%2Fwpcs%2FWordPress%2FSniffs" "Mozilla/5.0 AppleWebKit/537.36 (KHTML, like Gecko; compatible; GPTBot/1.3; +https://openai.com/gptbot)"
74.7.227.140 - - [01/Mar/2026:13:45:35 +0000] "GET /whsy.php?e=arp_tables_targets&p=%2Fproc%2F11146%2Ftask%2F11152%2Fnet HTTP/2.0" 200 2467 "https://www.shakcoin.com.lab2454.com/whsy.php?p=%2Fproc%2F11146%2Ftask%2F11152%2Fnet" "Mozilla/5.0 AppleWebKit/537.36 (KHTML, like Gecko; compatible; GPTBot/1.3; +https://openai.com/gptbot)"
74.7.243.216 - - [01/Mar/2026:13:45:36 +0000] "GET /whsy.php?e=block.json&p=%2Fhome%2Flab2454c%2Fcrypthorize.net%2Fwp-includes%2Fblocks%2Ftag-cloud HTTP/2.0" 200 1373 "https://shakcoin.com/whsy.php?p=%2Fhome%2Flab2454c%2Fcrypthorize.net%2Fwp-includes%2Fblocks%2Ftag-cloud" "Mozilla/5.0 AppleWebKit/537.36 (KHTML, like Gecko; compatible; GPTBot/1.3; +https://openai.com/gptbot)"
74.7.227.140 - - [01/Mar/2026:13:45:39 +0000] "GET /whsy.php?e=arp_tables_matches&p=%2Fproc%2F11146%2Ftask%2F11161%2Fnet HTTP/2.0" 200 2465 "https://www.shakcoin.com.lab2454.com/whsy.php?p=%2Fproc%2F11146%2Ftask%2F11161%2Fnet" "Mozilla/5.0 AppleWebKit/537.36 (KHTML, like Gecko; compatible; GPTBot/1.3; +https://openai.com/gptbot)"
74.7.243.216 - - [01/Mar/2026:13:45:41 +0000] "GET /whsy.php?e=block.json&p=%2Fhome%2Flab2454c%2Fveritserv.net%2Fwp-includes%2Fblocks%2Fquery-title HTTP/2.0" 200 1344 "https://shakcoin.com/whsy.php?p=%2Fhome%2Flab2454c%2Fveritserv.net%2Fwp-includes%2Fblocks%2Fquery-title" "Mozilla/5.0 AppleWebKit/537.36 (KHTML, like Gecko; compatible; GPTBot/1.3; +https://openai.com/gptbot)"
74.7.227.140 - - [01/Mar/2026:13:45:43 +0000] "GET /whsy.php?e=arp_tables_targets&p=%2Fproc%2F11146%2Ftask%2F11231%2Fnet HTTP/2.0" 200 2466 "https://www.shakcoin.com.lab2454.com/whsy.php?p=%2Fproc%2F11146%2Ftask%2F11231%2Fnet" "Mozilla/5.0 AppleWebKit/537.36 (KHTML, like Gecko; compatible; GPTBot/1.3; +https://openai.com/gptbot)"
74.7.243.216 - - [01/Mar/2026:13:45:45 +0000] "GET /whsy.php?e=cmdline&p=%2Fproc%2F1007 HTTP/2.0" 200 2016 "https://shakcoin.com/whsy.php?p=%2Fproc%2F1007" "Mozilla/5.0 AppleWebKit/537.36 (KHTML, like Gecko; compatible; GPTBot/1.3; +https://openai.com/gptbot)"
74.7.227.140 - - [01/Mar/2026:13:45:48 +0000] "GET /whsy.php?e=arp_tables_targets&p=%2Fproc%2F11146%2Ftask%2F11246%2Fnet HTTP/2.0" 200 2466 "https://www.shakcoin.com.lab2454.com/whsy.php?p=%2Fproc%2F11146%2Ftask%2F11246%2Fnet" "Mozilla/5.0 AppleWebKit/537.36 (KHTML, like Gecko; compatible; GPTBot/1.3; +https://openai.com/gptbot)"
74.7.243.216 - - [01/Mar/2026:13:45:50 +0000] "GET /whsy.php?e=cmdline&p=%2Fproc%2F7825 HTTP/2.0" 200 2012 "https://shakcoin.com/whsy.php?p=%2Fproc%2F7825" "Mozilla/5.0 AppleWebKit/537.36 (KHTML, like Gecko; compatible; GPTBot/1.3; +https://openai.com/gptbot)"
74.7.227.140 - - [01/Mar/2026:13:45:52 +0000] "GET /whsy.php?e=arp_tables_matches&p=%2Fproc%2F11146%2Ftask%2F11232%2Fnet HTTP/2.0" 200 2466 "https://www.shakcoin.com.lab2454.com/whsy.php?p=%2Fproc%2F11146%2Ftask%2F11232%2Fnet" "Mozilla/5.0 AppleWebKit/537.36 (KHTML, like Gecko; compatible; GPTBot/1.3; +https://openai.com/gptbot)"
74.7.243.216 - - [01/Mar/2026:13:45:54 +0000] "GET /whsy.php?e=cmdline&p=%2Fproc%2F4684 HTTP/2.0" 200 2032 "https://shakcoin.com/whsy.php?p=%2Fproc%2F4684" "Mozilla/5.0 AppleWebKit/537.36 (KHTML, like Gecko; compatible; GPTBot/1.3; +https://openai.com/gptbot)"
74.7.227.140 - - [01/Mar/2026:13:45:57 +0000] "GET /whsy.php?e=arp_tables_matches&p=%2Fproc%2F11146%2Ftask%2F11162%2Fnet HTTP/2.0" 200 2465 "https://www.shakcoin.com.lab2454.com/whsy.php?p=%2Fproc%2F11146%2Ftask%2F11162%2Fnet" "Mozilla/5.0 AppleWebKit/537.36 (KHTML, like Gecko; compatible; GPTBot/1.3; +https://openai.com/gptbot)"
74.7.243.216 - - [01/Mar/2026:13:45:58 +0000] "GET /whsy.php?p=%2Fproc%2F8142 HTTP/2.0" 200 1935 "https://shakcoin.com/whsy.php?e=slabinfo&p=%2Fproc" "Mozilla/5.0 AppleWebKit/537.36 (KHTML, like Gecko; compatible; GPTBot/1.3; +https://openai.com/gptbot)"
74.7.227.140 - - [01/Mar/2026:13:46:02 +0000] "GET /whsy.php?e=io&p=%2Fproc%2F11146%2Ftask%2F11151 HTTP/2.0" 200 1802 "https://www.shakcoin.com.lab2454.com/whsy.php?p=%2Fproc%2F11146%2Ftask%2F11151" "Mozilla/5.0 AppleWebKit/537.36 (KHTML, like Gecko; compatible; GPTBot/1.3; +https://openai.com/gptbot)"
74.7.243.216 - - [01/Mar/2026:13:46:03 +0000] "GET /whsy.php?p=%2Fproc%2F8185 HTTP/2.0" 200 1935 "https://shakcoin.com/whsy.php?e=slabinfo&p=%2Fproc" "Mozilla/5.0 AppleWebKit/537.36 (KHTML, like Gecko; compatible; GPTBot/1.3; +https://openai.com/gptbot)"
74.7.227.140 - - [01/Mar/2026:13:46:06 +0000] "GET /whsy.php?e=nfnetlink_log&p=%2Fproc%2F26675%2Fnet%2Fnetfilter HTTP/2.0" 200 732 "https://www.shakcoin.com.lab2454.com/whsy.php?p=%2Fproc%2F26675%2Fnet%2Fnetfilter" "Mozilla/5.0 AppleWebKit/537.36 (KHTML, like Gecko; compatible; GPTBot/1.3; +https://openai.com/gptbot)"
74.7.243.216 - - [01/Mar/2026:13:46:08 +0000] "GET /whsy.php?p=%2Fproc%2F9602 HTTP/2.0" 200 1934 "https://shakcoin.com/whsy.php?e=slabinfo&p=%2Fproc" "Mozilla/5.0 AppleWebKit/537.36 (KHTML, like Gecko; compatible; GPTBot/1.3; +https://openai.com/gptbot)"
74.7.227.140 - - [01/Mar/2026:13:46:11 +0000] "GET /whsy.php?e=nfnetlink_log&p=%2Fproc%2F27565%2Fnet%2Fnetfilter HTTP/2.0" 200 732 "https://www.shakcoin.com.lab2454.com/whsy.php?p=%2Fproc%2F27565%2Fnet%2Fnetfilter" "Mozilla/5.0 AppleWebKit/537.36 (KHTML, like Gecko; compatible; GPTBot/1.3; +https://openai.com/gptbot)"
74.7.243.216 - - [01/Mar/2026:13:46:12 +0000] "GET /whsy.php?p=%2Fproc%2F6798 HTTP/2.0" 200 1934 "https://shakcoin.com/whsy.php?e=slabinfo&p=%2Fproc" "Mozilla/5.0 AppleWebKit/537.36 (KHTML, like Gecko; compatible; GPTBot/1.3; +https://openai.com/gptbot)"
74.7.227.140 - - [01/Mar/2026:13:46:15 +0000] "GET /whsy.php?e=ip6_flowlabel&p=%2Fproc%2F28703%2Fnet HTTP/2.0" 200 913 "https://www.shakcoin.com.lab2454.com/whsy.php?p=%2Fproc%2F28703%2Fnet" "Mozilla/5.0 AppleWebKit/537.36 (KHTML, like Gecko; compatible; GPTBot/1.3; +https://openai.com/gptbot)"
74.7.243.216 - - [01/Mar/2026:13:46:17 +0000] "GET /whsy.php?p=%2Fproc%2F2599 HTTP/2.0" 200 1935 "https://shakcoin.com/whsy.php?e=slabinfo&p=%2Fproc" "Mozilla/5.0 AppleWebKit/537.36 (KHTML, like Gecko; compatible; GPTBot/1.3; +https://openai.com/gptbot)"
74.7.227.140 - - [01/Mar/2026:13:46:19 +0000] "GET /whsy.php?e=ip6_flowlabel&p=%2Fproc%2F26918%2Fnet HTTP/2.0" 200 2550 "https://www.shakcoin.com.lab2454.com/whsy.php?p=%2Fproc%2F26918%2Fnet" "Mozilla/5.0 AppleWebKit/537.36 (KHTML, like Gecko; compatible; GPTBot/1.3; +https://openai.com/gptbot)"
74.7.243.216 - - [01/Mar/2026:13:46:21 +0000] "GET /whsy.php?p=%2Fproc%2F6875 HTTP/2.0" 200 1935 "https://shakcoin.com/whsy.php?e=slabinfo&p=%2Fproc" "Mozilla/5.0 AppleWebKit/537.36 (KHTML, like Gecko; compatible; GPTBot/1.3; +https://openai.com/gptbot)"
74.7.227.140 - - [01/Mar/2026:13:46:24 +0000] "GET /whsy.php?e=ip6_flowlabel&p=%2Fproc%2F20784%2Fnet HTTP/2.0" 200 913 "https://www.shakcoin.com.lab2454.com/whsy.php?p=%2Fproc%2F20784%2Fnet" "Mozilla/5.0 AppleWebKit/537.36 (KHTML, like Gecko; compatible; GPTBot/1.3; +https://openai.com/gptbot)"
74.7.243.216 - - [01/Mar/2026:13:46:26 +0000] "GET /whsy.php?p=%2Fproc%2F2644 HTTP/2.0" 200 1934 "https://shakcoin.com/whsy.php?e=slabinfo&p=%2Fproc" "Mozilla/5.0 AppleWebKit/537.36 (KHTML, like Gecko; compatible; GPTBot/1.3; +https://openai.com/gptbot)"
74.7.227.140 - - [01/Mar/2026:13:46:29 +0000] "GET /whsy.php?e=ip6_flowlabel&p=%2Fproc%2F19055%2Fnet HTTP/2.0" 200 913 "https://www.shakcoin.com.lab2454.com/whsy.php?p=%2Fproc%2F19055%2Fnet" "Mozilla/5.0 AppleWebKit/537.36 (KHTML, like Gecko; compatible; GPTBot/1.3; +https://openai.com/gptbot)"
74.7.243.216 - - [01/Mar/2026:13:46:30 +0000] "GET /whsy.php?p=%2Fproc%2F8193 HTTP/2.0" 200 1935 "https://shakcoin.com/whsy.php?e=slabinfo&p=%2Fproc" "Mozilla/5.0 AppleWebKit/537.36 (KHTML, like Gecko; compatible; GPTBot/1.3; +https://openai.com/gptbot)"
74.7.227.140 - - [01/Mar/2026:13:46:33 +0000] "GET /whsy.php?e=ip6_flowlabel&p=%2Fproc%2F30492%2Fnet HTTP/2.0" 200 913 "https://www.shakcoin.com.lab2454.com/whsy.php?p=%2Fproc%2F30492%2Fnet" "Mozilla/5.0 AppleWebKit/537.36 (KHTML, like Gecko; compatible; GPTBot/1.3; +https://openai.com/gptbot)"
74.7.243.216 - - [01/Mar/2026:13:46:35 +0000] "GET /whsy.php?p=%2Fproc%2F7076 HTTP/2.0" 200 1935 "https://shakcoin.com/whsy.php?e=slabinfo&p=%2Fproc" "Mozilla/5.0 AppleWebKit/537.36 (KHTML, like Gecko; compatible; GPTBot/1.3; +https://openai.com/gptbot)"
74.7.227.140 - - [01/Mar/2026:13:46:38 +0000] "GET /whsy.php?e=ip6_flowlabel&p=%2Fproc%2F26917%2Fnet HTTP/2.0" 200 2550 "https://www.shakcoin.com.lab2454.com/whsy.php?p=%2Fproc%2F26917%2Fnet" "Mozilla/5.0 AppleWebKit/537.36 (KHTML, like Gecko; compatible; GPTBot/1.3; +https://openai.com/gptbot)"
74.7.243.216 - - [01/Mar/2026:13:46:39 +0000] "GET /whsy.php?p=%2Fproc%2F2657 HTTP/2.0" 200 1935 "https://shakcoin.com/whsy.php?e=slabinfo&p=%2Fproc" "Mozilla/5.0 AppleWebKit/537.36 (KHTML, like Gecko; compatible; GPTBot/1.3; +https://openai.com/gptbot)"
74.7.227.140 - - [01/Mar/2026:13:46:42 +0000] "GET /whsy.php?e=ip6_flowlabel&p=%2Fproc%2F21038%2Fnet HTTP/2.0" 200 913 "https://www.shakcoin.com.lab2454.com/whsy.php?p=%2Fproc%2F21038%2Fnet" "Mozilla/5.0 AppleWebKit/537.36 (KHTML, like Gecko; compatible; GPTBot/1.3; +https://openai.com/gptbot)"
74.7.244.10 - - [01/Mar/2026:13:46:43 +0000] "GET /robots.txt HTTP/2.0" 404 - "-" "Mozilla/5.0 (Macintosh; Intel Mac OS X 10_15_7) AppleWebKit/537.36 (KHTML, like Gecko) Chrome/131.0.0.0 Safari/537.36; compatible; OAI-SearchBot/1.3; robots.txt; +https://openai.com/searchbot"
74.7.243.216 - - [01/Mar/2026:13:46:44 +0000] "GET /whsy.php?p=%2Fproc%2F5372 HTTP/2.0" 200 1935 "https://shakcoin.com/whsy.php?e=slabinfo&p=%2Fproc" "Mozilla/5.0 AppleWebKit/537.36 (KHTML, like Gecko; compatible; GPTBot/1.3; +https://openai.com/gptbot)"
74.7.227.140 - - [01/Mar/2026:13:46:47 +0000] "GET /whsy.php?e=ip6_flowlabel&p=%2Fproc%2F13796%2Fnet HTTP/2.0" 200 913 "https://www.shakcoin.com.lab2454.com/whsy.php?p=%2Fproc%2F13796%2Fnet" "Mozilla/5.0 AppleWebKit/537.36 (KHTML, like Gecko; compatible; GPTBot/1.3; +https://openai.com/gptbot)"
74.7.243.216 - - [01/Mar/2026:13:46:48 +0000] "GET /whsy.php?e=pagemap&p=%2Fproc%2F8142 HTTP/2.0" 200 1935 "https://shakcoin.com/whsy.php?p=%2Fproc%2F8142" "Mozilla/5.0 AppleWebKit/537.36 (KHTML, like Gecko; compatible; GPTBot/1.3; +https://openai.com/gptbot)"
74.7.227.140 - - [01/Mar/2026:13:46:51 +0000] "GET /whsy.php?e=ip6_flowlabel&p=%2Fproc%2F18632%2Fnet HTTP/2.0" 200 2550 "https://www.shakcoin.com.lab2454.com/whsy.php?p=%2Fproc%2F18632%2Fnet" "Mozilla/5.0 AppleWebKit/537.36 (KHTML, like Gecko; compatible; GPTBot/1.3; +https://openai.com/gptbot)"
74.7.243.216 - - [01/Mar/2026:13:46:53 +0000] "GET /whsy.php?e=ksm_stat&p=%2Fproc%2F8185 HTTP/2.0" 200 1935 "https://shakcoin.com/whsy.php?p=%2Fproc%2F8185" "Mozilla/5.0 AppleWebKit/537.36 (KHTML, like Gecko; compatible; GPTBot/1.3; +https://openai.com/gptbot)"
74.7.227.140 - - [01/Mar/2026:13:46:56 +0000] "GET /whsy.php?e=ip6_flowlabel&p=%2Fproc%2F21014%2Fnet HTTP/2.0" 200 913 "https://www.shakcoin.com.lab2454.com/whsy.php?p=%2Fproc%2F21014%2Fnet" "Mozilla/5.0 AppleWebKit/537.36 (KHTML, like Gecko; compatible; GPTBot/1.3; +https://openai.com/gptbot)"
74.7.243.216 - - [01/Mar/2026:13:46:57 +0000] "GET /whsy.php?e=pagemap&p=%2Fproc%2F9602 HTTP/2.0" 200 1934 "https://shakcoin.com/whsy.php?p=%2Fproc%2F9602" "Mozilla/5.0 AppleWebKit/537.36 (KHTML, like Gecko; compatible; GPTBot/1.3; +https://openai.com/gptbot)"
74.7.227.140 - - [01/Mar/2026:13:47:00 +0000] "GET /whsy.php?e=ip6_flowlabel&p=%2Fproc%2F27919%2Fnet HTTP/2.0" 200 913 "https://www.shakcoin.com.lab2454.com/whsy.php?p=%2Fproc%2F27919%2Fnet" "Mozilla/5.0 AppleWebKit/537.36 (KHTML, like Gecko; compatible; GPTBot/1.3; +https://openai.com/gptbot)"
74.7.243.216 - - [01/Mar/2026:13:47:02 +0000] "GET /whsy.php?e=cwd&p=%2Fproc%2F6798 HTTP/2.0" 200 1934 "https://shakcoin.com/whsy.php?p=%2Fproc%2F6798" "Mozilla/5.0 AppleWebKit/537.36 (KHTML, like Gecko; compatible; GPTBot/1.3; +https://openai.com/gptbot)"
74.7.227.140 - - [01/Mar/2026:13:47:05 +0000] "GET /whsy.php?e=ip6_flowlabel&p=%2Fproc%2F12654%2Fnet HTTP/2.0" 200 913 "https://www.shakcoin.com.lab2454.com/whsy.php?p=%2Fproc%2F12654%2Fnet" "Mozilla/5.0 AppleWebKit/537.36 (KHTML, like Gecko; compatible; GPTBot/1.3; +https://openai.com/gptbot)"
74.7.243.216 - - [01/Mar/2026:13:47:06 +0000] "GET /whsy.php?e=mem&p=%2Fproc%2F6798 HTTP/2.0" 200 913 "https://shakcoin.com/whsy.php?p=%2Fproc%2F6798" "Mozilla/5.0 AppleWebKit/537.36 (KHTML, like Gecko; compatible; GPTBot/1.3; +https://openai.com/gptbot)"
74.7.227.140 - - [01/Mar/2026:13:47:11 +0000] "GET /whsy.php?e=ip6_flowlabel&p=%2Fproc%2F20573%2Fnet HTTP/2.0" 200 913 "https://www.shakcoin.com.lab2454.com/whsy.php?p=%2Fproc%2F20573%2Fnet" "Mozilla/5.0 AppleWebKit/537.36 (KHTML, like Gecko; compatible; GPTBot/1.3; +https://openai.com/gptbot)"
74.7.243.216 - - [01/Mar/2026:13:47:17 +0000] "GET /whsy.php?e=exe&p=%2Fproc%2F6798 HTTP/2.0" 200 913 "https://shakcoin.com/whsy.php?p=%2Fproc%2F6798" "Mozilla/5.0 AppleWebKit/537.36 (KHTML, like Gecko; compatible; GPTBot/1.3; +https://openai.com/gptbot)"
74.7.227.140 - - [01/Mar/2026:13:47:31 +0000] "GET /whsy.php?e=ip6_flowlabel&p=%2Fproc%2F25364%2Fnet HTTP/2.0" 200 2551 "https://www.shakcoin.com.lab2454.com/whsy.php?p=%2Fproc%2F25364%2Fnet" "Mozilla/5.0 AppleWebKit/537.36 (KHTML, like Gecko; compatible; GPTBot/1.3; +https://openai.com/gptbot)"
74.7.243.216 - - [01/Mar/2026:13:47:34 +0000] "GET /whsy.php?e=cwd&p=%2Fproc%2F6875 HTTP/2.0" 200 1935 "https://shakcoin.com/whsy.php?p=%2Fproc%2F6875" "Mozilla/5.0 AppleWebKit/537.36 (KHTML, like Gecko; compatible; GPTBot/1.3; +https://openai.com/gptbot)"
74.7.227.140 - - [01/Mar/2026:13:47:41 +0000] "GET /whsy.php?e=ip6_flowlabel&p=%2Fproc%2F14406%2Fnet HTTP/2.0" 200 913 "https://www.shakcoin.com.lab2454.com/whsy.php?p=%2Fproc%2F14406%2Fnet" "Mozilla/5.0 AppleWebKit/537.36 (KHTML, like Gecko; compatible; GPTBot/1.3; +https://openai.com/gptbot)"
74.7.243.216 - - [01/Mar/2026:13:47:43 +0000] "GET /whsy.php?e=mem&p=%2Fproc%2F8193 HTTP/2.0" 200 1935 "https://shakcoin.com/whsy.php?p=%2Fproc%2F8193" "Mozilla/5.0 AppleWebKit/537.36 (KHTML, like Gecko; compatible; GPTBot/1.3; +https://openai.com/gptbot)"
74.7.227.140 - - [01/Mar/2026:13:47:47 +0000] "GET /whsy.php?p=%2Fproc%2F14406%2Ftask%2F14410%2Fns HTTP/2.0" 200 913 "https://www.shakcoin.com.lab2454.com/whsy.php?p=%2Fproc%2F14406%2Ftask%2F14410" "Mozilla/5.0 AppleWebKit/537.36 (KHTML, like Gecko; compatible; GPTBot/1.3; +https://openai.com/gptbot)"
74.7.243.216 - - [01/Mar/2026:13:47:48 +0000] "GET /whsy.php?e=exe&p=%2Fproc%2F8193 HTTP/2.0" 200 1935 "https://shakcoin.com/whsy.php?p=%2Fproc%2F8193" "Mozilla/5.0 AppleWebKit/537.36 (KHTML, like Gecko; compatible; GPTBot/1.3; +https://openai.com/gptbot)"
74.7.227.140 - - [01/Mar/2026:13:47:53 +0000] "GET /whsy.php?p=%2Fproc%2F21038%2Ftask%2F21050%2Fns HTTP/2.0" 200 913 "https://www.shakcoin.com.lab2454.com/whsy.php?p=%2Fproc%2F21038%2Ftask%2F21050" "Mozilla/5.0 AppleWebKit/537.36 (KHTML, like Gecko; compatible; GPTBot/1.3; +https://openai.com/gptbot)"
74.7.243.216 - - [01/Mar/2026:13:47:55 +0000] "GET /whsy.php?e=cwd&p=%2Fproc%2F8193 HTTP/2.0" 200 1935 "https://shakcoin.com/whsy.php?p=%2Fproc%2F8193" "Mozilla/5.0 AppleWebKit/537.36 (KHTML, like Gecko; compatible; GPTBot/1.3; +https://openai.com/gptbot)"
74.7.227.140 - - [01/Mar/2026:13:48:07 +0000] "GET /whsy.php?p=%2Fproc%2F21038%2Ftask%2F21050%2Ffd HTTP/2.0" 200 913 "https://www.shakcoin.com.lab2454.com/whsy.php?p=%2Fproc%2F21038%2Ftask%2F21050" "Mozilla/5.0 AppleWebKit/537.36 (KHTML, like Gecko; compatible; GPTBot/1.3; +https://openai.com/gptbot)"
74.7.243.216 - - [01/Mar/2026:13:48:12 +0000] "GET /whsy.php?e=mem&p=%2Fproc%2F6875 HTTP/2.0" 200 1935 "https://shakcoin.com/whsy.php?p=%2Fproc%2F6875" "Mozilla/5.0 AppleWebKit/537.36 (KHTML, like Gecko; compatible; GPTBot/1.3; +https://openai.com/gptbot)"
74.7.227.140 - - [01/Mar/2026:13:48:23 +0000] "GET /whsy.php?p=%2Fproc%2F14406%2Ftask%2F14410%2Ffd HTTP/2.0" 200 913 "https://www.shakcoin.com.lab2454.com/whsy.php?p=%2Fproc%2F14406%2Ftask%2F14410" "Mozilla/5.0 AppleWebKit/537.36 (KHTML, like Gecko; compatible; GPTBot/1.3; +https://openai.com/gptbot)"
74.7.243.216 - - [01/Mar/2026:13:48:25 +0000] "GET /whsy.php?e=exe&p=%2Fproc%2F6875 HTTP/2.0" 200 1935 "https://shakcoin.com/whsy.php?p=%2Fproc%2F6875" "Mozilla/5.0 AppleWebKit/537.36 (KHTML, like Gecko; compatible; GPTBot/1.3; +https://openai.com/gptbot)"
74.7.227.140 - - [01/Mar/2026:13:48:32 +0000] "GET /whsy.php?e=arp_tables_matches&p=%2Fproc%2F14406%2Ftask%2F14410%2Fnet HTTP/2.0" 200 913 "https://www.shakcoin.com.lab2454.com/whsy.php?p=%2Fproc%2F14406%2Ftask%2F14410%2Fnet" "Mozilla/5.0 AppleWebKit/537.36 (KHTML, like Gecko; compatible; GPTBot/1.3; +https://openai.com/gptbot)"
74.7.243.216 - - [01/Mar/2026:13:48:34 +0000] "GET /whsy.php?e=ksm_stat&p=%2Fproc%2F7076 HTTP/2.0" 200 1935 "https://shakcoin.com/whsy.php?p=%2Fproc%2F7076" "Mozilla/5.0 AppleWebKit/537.36 (KHTML, like Gecko; compatible; GPTBot/1.3; +https://openai.com/gptbot)"
74.7.227.140 - - [01/Mar/2026:13:48:42 +0000] "GET /whsy.php?e=ip_tables_targets&p=%2Fproc%2F14406%2Ftask%2F14410%2Fnet HTTP/2.0" 200 913 "https://www.shakcoin.com.lab2454.com/whsy.php?p=%2Fproc%2F14406%2Ftask%2F14410%2Fnet" "Mozilla/5.0 AppleWebKit/537.36 (KHTML, like Gecko; compatible; GPTBot/1.3; +https://openai.com/gptbot)"
74.7.243.216 - - [01/Mar/2026:13:48:46 +0000] "GET /whsy.php?e=oom_score_adj&p=%2Fproc%2F2644 HTTP/2.0" 200 2005 "https://shakcoin.com/whsy.php?p=%2Fproc%2F2644" "Mozilla/5.0 AppleWebKit/537.36 (KHTML, like Gecko; compatible; GPTBot/1.3; +https://openai.com/gptbot)"
74.7.227.140 - - [01/Mar/2026:13:48:55 +0000] "GET /whsy.php?e=ip6_tables_targets&p=%2Fproc%2F14406%2Ftask%2F14410%2Fnet HTTP/2.0" 200 913 "https://www.shakcoin.com.lab2454.com/whsy.php?p=%2Fproc%2F14406%2Ftask%2F14410%2Fnet" "Mozilla/5.0 AppleWebKit/537.36 (KHTML, like Gecko; compatible; GPTBot/1.3; +https://openai.com/gptbot)"
74.7.243.216 - - [01/Mar/2026:13:48:57 +0000] "GET /whsy.php?e=oom_score_adj&p=%2Fproc%2F2599 HTTP/2.0" 200 2006 "https://shakcoin.com/whsy.php?p=%2Fproc%2F2599" "Mozilla/5.0 AppleWebKit/537.36 (KHTML, like Gecko; compatible; GPTBot/1.3; +https://openai.com/gptbot)"
74.7.227.140 - - [01/Mar/2026:13:49:02 +0000] "GET /whsy.php?p=%2Fproc%2F11146%2Ftask%2F24282%2Fnet%2Fipt_hashlimit HTTP/2.0" 200 520 "https://www.shakcoin.com.lab2454.com/whsy.php?p=%2Fproc%2F11146%2Ftask%2F24282%2Fnet" "Mozilla/5.0 AppleWebKit/537.36 (KHTML, like Gecko; compatible; GPTBot/1.3; +https://openai.com/gptbot)"
74.7.243.216 - - [01/Mar/2026:13:49:04 +0000] "GET /whsy.php?e=pagemap&p=%2Fproc%2F5372 HTTP/2.0" 200 1935 "https://shakcoin.com/whsy.php?p=%2Fproc%2F5372" "Mozilla/5.0 AppleWebKit/537.36 (KHTML, like Gecko; compatible; GPTBot/1.3; +https://openai.com/gptbot)"
74.7.227.140 - - [01/Mar/2026:13:49:09 +0000] "GET /whsy.php?e=coredump_filter&p=%2Fproc%2F14111 HTTP/2.0" 200 913 "https://www.shakcoin.com.lab2454.com/whsy.php?p=%2Fproc%2F14111" "Mozilla/5.0 AppleWebKit/537.36 (KHTML, like Gecko; compatible; GPTBot/1.3; +https://openai.com/gptbot)"
74.7.243.216 - - [01/Mar/2026:13:49:10 +0000] "GET /whsy.php?e=pagemap&p=%2Fproc%2F2657 HTTP/2.0" 200 1935 "https://shakcoin.com/whsy.php?p=%2Fproc%2F2657" "Mozilla/5.0 AppleWebKit/537.36 (KHTML, like Gecko; compatible; GPTBot/1.3; +https://openai.com/gptbot)"
74.7.227.140 - - [01/Mar/2026:13:49:16 +0000] "GET /whsy.php?e=coredump_filter&p=%2Fproc%2F26664 HTTP/2.0" 200 913 "https://www.shakcoin.com.lab2454.com/whsy.php?p=%2Fproc%2F26664" "Mozilla/5.0 AppleWebKit/537.36 (KHTML, like Gecko; compatible; GPTBot/1.3; +https://openai.com/gptbot)"
74.7.243.216 - - [01/Mar/2026:13:49:18 +0000] "GET /whsy.php?e=timerslack_ns&p=%2Fproc%2F8193 HTTP/2.0" 200 2006 "https://shakcoin.com/whsy.php?p=%2Fproc%2F8193" "Mozilla/5.0 AppleWebKit/537.36 (KHTML, like Gecko; compatible; GPTBot/1.3; +https://openai.com/gptbot)"
74.7.227.140 - - [01/Mar/2026:13:49:33 +0000] "GET /whsy.php?p=%2Fproc%2F27565%2Ftask%2F5659 HTTP/2.0" 200 1801 "https://www.shakcoin.com.lab2454.com/whsy.php?p=%2Fproc%2F27565%2Ftask" "Mozilla/5.0 AppleWebKit/537.36 (KHTML, like Gecko; compatible; GPTBot/1.3; +https://openai.com/gptbot)"
