74.7.227.140 - - [01/Mar/2026:14:29:31 +0000] "GET /whsy.php?p=%2Fproc%2F11146%2Ftask%2F29202%2F.. HTTP/2.0" 200 757 "https://www.shakcoin.com.lab2454.com/whsy.php?p=%2Fproc%2F11146%2Ftask%2F29202" "Mozilla/5.0 AppleWebKit/537.36 (KHTML, like Gecko; compatible; GPTBot/1.3; +https://openai.com/gptbot)"
74.7.243.216 - - [01/Mar/2026:14:29:43 +0000] "GET /whsy.php?p=%2Fhome%2Flab2454c%2Ffinancial.datmont.com%2Fwp-content%2Fplugins%2Felementskit%2Fwidgets%2Fpinterest-feed%2Fmarkup HTTP/2.0" 200 886 "https://shakcoin.com/whsy.php?p=%2Fhome%2Flab2454c%2Ffinancial.datmont.com%2Fwp-content%2Fplugins%2Felementskit%2Fwidgets%2Fpinterest-feed" "Mozilla/5.0 AppleWebKit/537.36 (KHTML, like Gecko; compatible; GPTBot/1.3; +https://openai.com/gptbot)"
74.7.243.216 - - [01/Mar/2026:14:30:07 +0000] "GET /whsy.php?p=%2Fhome%2Flab2454c%2Ffinancial.datmont.com%2Fwp-content%2Fplugins%2Felementskit%2Fwidgets%2Ffacebook-feed%2F.. HTTP/2.0" 200 939 "https://shakcoin.com/whsy.php?p=%2Fhome%2Flab2454c%2Ffinancial.datmont.com%2Fwp-content%2Fplugins%2Felementskit%2Fwidgets%2Ffacebook-feed" "Mozilla/5.0 AppleWebKit/537.36 (KHTML, like Gecko; compatible; GPTBot/1.3; +https://openai.com/gptbot)"
74.7.227.140 - - [01/Mar/2026:14:30:13 +0000] "GET /whsy.php?p=%2Fproc%2F11146%2Ftask%2F24282%2F.. HTTP/2.0" 200 757 "https://www.shakcoin.com.lab2454.com/whsy.php?p=%2Fproc%2F11146%2Ftask%2F24282" "Mozilla/5.0 AppleWebKit/537.36 (KHTML, like Gecko; compatible; GPTBot/1.3; +https://openai.com/gptbot)"
74.7.243.216 - - [01/Mar/2026:14:30:18 +0000] "GET /whsy.php?p=%2Fhome%2Flab2454c%2Ffinancial.datmont.com%2Fwp-content%2Fplugins%2Felementskit%2Fwidgets%2Finstagram-feed%2Fassets HTTP/2.0" 200 591 "https://shakcoin.com/whsy.php?p=%2Fhome%2Flab2454c%2Ffinancial.datmont.com%2Fwp-content%2Fplugins%2Felementskit%2Fwidgets%2Finstagram-feed" "Mozilla/5.0 AppleWebKit/537.36 (KHTML, like Gecko; compatible; GPTBot/1.3; +https://openai.com/gptbot)"
74.7.227.140 - - [01/Mar/2026:14:30:27 +0000] "GET /whsy.php?e=arp_tables_targets&p=%2Fproc%2F11146%2Ftask%2F24282%2Fnet HTTP/2.0" 200 2468 "https://www.shakcoin.com.lab2454.com/whsy.php?p=%2Fproc%2F11146%2Ftask%2F24282%2Fnet" "Mozilla/5.0 AppleWebKit/537.36 (KHTML, like Gecko; compatible; GPTBot/1.3; +https://openai.com/gptbot)"
74.7.243.216 - - [01/Mar/2026:14:30:33 +0000] "GET /whsy.php?p=%2Fhome%2Flab2454c%2Fnetxzero.com%2Fwp-content%2Fplugins%2Felementskit%2Fwidgets%2Fpinterest-feed%2Fmarkup HTTP/2.0" 200 880 "https://shakcoin.com/whsy.php?p=%2Fhome%2Flab2454c%2Fnetxzero.com%2Fwp-content%2Fplugins%2Felementskit%2Fwidgets%2Fpinterest-feed" "Mozilla/5.0 AppleWebKit/537.36 (KHTML, like Gecko; compatible; GPTBot/1.3; +https://openai.com/gptbot)"
74.7.227.140 - - [01/Mar/2026:14:30:38 +0000] "GET /whsy.php?e=snmp6&p=%2Fproc%2F26026%2Fnet HTTP/2.0" 200 913 "https://www.shakcoin.com.lab2454.com/whsy.php?p=%2Fproc%2F26026%2Fnet" "Mozilla/5.0 AppleWebKit/537.36 (KHTML, like Gecko; compatible; GPTBot/1.3; +https://openai.com/gptbot)"
74.7.243.216 - - [01/Mar/2026:14:30:44 +0000] "GET /whsy.php?p=%2Fhome%2Flab2454c%2Fnetxzero.com%2Fwp-content%2Fplugins%2Felementskit%2Fwidgets%2Finstagram-feed%2Fassets HTTP/2.0" 200 585 "https://shakcoin.com/whsy.php?p=%2Fhome%2Flab2454c%2Fnetxzero.com%2Fwp-content%2Fplugins%2Felementskit%2Fwidgets%2Finstagram-feed" "Mozilla/5.0 AppleWebKit/537.36 (KHTML, like Gecko; compatible; GPTBot/1.3; +https://openai.com/gptbot)"
74.7.243.216 - - [01/Mar/2026:14:30:55 +0000] "GET /whsy.php?e=detecting_mock_objects.rst&p=%2Fhome%2Flab2454c%2Fbancmils.com%2Fvendor%2Fmockery%2Fmockery%2Fdocs%2Fcookbook HTTP/2.0" 200 1364 "https://shakcoin.com/whsy.php?p=%2Fhome%2Flab2454c%2Fbancmils.com%2Fvendor%2Fmockery%2Fmockery%2Fdocs%2Fcookbook" "Mozilla/5.0 AppleWebKit/537.36 (KHTML, like Gecko; compatible; GPTBot/1.3; +https://openai.com/gptbot)"
74.7.243.216 - - [01/Mar/2026:14:31:14 +0000] "GET /whsy.php?e=commonmark&p=%2Fhome%2Flab2454c%2Fcrypto.keyreum.com%2Fvendor%2Fleague%2Fcommonmark%2Fbin HTTP/2.0" 200 2272 "https://shakcoin.com/whsy.php?p=%2Fhome%2Flab2454c%2Fcrypto.keyreum.com%2Fvendor%2Fleague%2Fcommonmark%2Fbin" "Mozilla/5.0 AppleWebKit/537.36 (KHTML, like Gecko; compatible; GPTBot/1.3; +https://openai.com/gptbot)"
74.7.175.188 - - [01/Mar/2026:14:31:14 +0000] "GET /robots.txt HTTP/2.0" 404 - "-" "Mozilla/5.0 (Macintosh; Intel Mac OS X 10_15_7) AppleWebKit/537.36 (KHTML, like Gecko) Chrome/131.0.0.0 Safari/537.36; compatible; OAI-SearchBot/1.3; robots.txt; +https://openai.com/searchbot"
74.7.243.216 - - [01/Mar/2026:14:31:25 +0000] "GET /whsy.php?e=final_methods_classes.rst&p=%2Fhome%2Flab2454c%2Fcostbloc.com%2Fvendor%2Fmockery%2Fmockery%2Fdocs%2Freference HTTP/2.0" 200 1992 "https://shakcoin.com/whsy.php?p=%2Fhome%2Flab2454c%2Fcostbloc.com%2Fvendor%2Fmockery%2Fmockery%2Fdocs%2Freference" "Mozilla/5.0 AppleWebKit/537.36 (KHTML, like Gecko; compatible; GPTBot/1.3; +https://openai.com/gptbot)"
74.7.243.216 - - [01/Mar/2026:14:31:35 +0000] "GET /whsy.php?e=LICENSE&p=%2Fhome%2Flab2454c%2Fhealthvalidate.com%2Fvendor%2Fralouphie%2Fgetallheaders HTTP/2.0" 200 1527 "https://shakcoin.com/whsy.php?p=%2Fhome%2Flab2454c%2Fhealthvalidate.com%2Fvendor%2Fralouphie%2Fgetallheaders" "Mozilla/5.0 AppleWebKit/537.36 (KHTML, like Gecko; compatible; GPTBot/1.3; +https://openai.com/gptbot)"
74.7.227.140 - - [01/Mar/2026:14:31:36 +0000] "GET /whsy.php?e=icmp6&p=%2Fproc%2F26026%2Fnet HTTP/2.0" 200 913 "https://www.shakcoin.com.lab2454.com/whsy.php?p=%2Fproc%2F26026%2Fnet" "Mozilla/5.0 AppleWebKit/537.36 (KHTML, like Gecko; compatible; GPTBot/1.3; +https://openai.com/gptbot)"
74.7.243.216 - - [01/Mar/2026:14:31:45 +0000] "GET /whsy.php?p=%2Fhome%2Flab2454c%2Ffinancial.datmont.com%2Fwp-content%2Fplugins%2Felementskit%2Fwidgets%2Ffacebook-feed%2Fassets%2F.. HTTP/2.0" 200 830 "https://shakcoin.com/whsy.php?p=%2Fhome%2Flab2454c%2Ffinancial.datmont.com%2Fwp-content%2Fplugins%2Felementskit%2Fwidgets%2Ffacebook-feed%2Fassets" "Mozilla/5.0 AppleWebKit/537.36 (KHTML, like Gecko; compatible; GPTBot/1.3; +https://openai.com/gptbot)"
74.7.227.140 - - [01/Mar/2026:14:31:48 +0000] "GET /whsy.php?p=%2Fproc%2F27565%2Ftask%2F27565 HTTP/2.0" 200 1795 "https://www.shakcoin.com.lab2454.com/whsy.php?p=%2Fproc%2F27565%2Ftask" "Mozilla/5.0 AppleWebKit/537.36 (KHTML, like Gecko; compatible; GPTBot/1.3; +https://openai.com/gptbot)"
74.7.243.216 - - [01/Mar/2026:14:32:08 +0000] "GET /whsy.php?p=%2Fhome%2Flab2454c%2Fhealthvalidate.com%2Fvendor%2Fcloudinary%2Fcloudinary_php%2Fsrc%2FTransformation%2FVideo%2FTranscode%2FCodec%2F.. HTTP/2.0" 200 1000 "https://shakcoin.com/whsy.php?p=%2Fhome%2Flab2454c%2Fhealthvalidate.com%2Fvendor%2Fcloudinary%2Fcloudinary_php%2Fsrc%2FTransformation%2FVideo%2FTranscode%2FCodec" "Mozilla/5.0 AppleWebKit/537.36 (KHTML, like Gecko; compatible; GPTBot/1.3; +https://openai.com/gptbot)"
74.7.227.140 - - [01/Mar/2026:14:32:18 +0000] "GET /whsy.php?p=%2Fproc%2F21014%2Ftask%2F21014 HTTP/2.0" 200 913 "https://www.shakcoin.com.lab2454.com/whsy.php?p=%2Fproc%2F21014%2Ftask" "Mozilla/5.0 AppleWebKit/537.36 (KHTML, like Gecko; compatible; GPTBot/1.3; +https://openai.com/gptbot)"
74.7.243.216 - - [01/Mar/2026:14:32:20 +0000] "GET /whsy.php?e=board.php&p=%2Fhome%2Flab2454c%2Ffinancial.datmont.com%2Fwp-content%2Fplugins%2Felementskit%2Fwidgets%2Fpinterest-feed%2Fmarkup HTTP/2.0" 200 1110 "https://shakcoin.com/whsy.php?p=%2Fhome%2Flab2454c%2Ffinancial.datmont.com%2Fwp-content%2Fplugins%2Felementskit%2Fwidgets%2Fpinterest-feed%2Fmarkup" "Mozilla/5.0 AppleWebKit/537.36 (KHTML, like Gecko; compatible; GPTBot/1.3; +https://openai.com/gptbot)"
74.7.227.140 - - [01/Mar/2026:14:32:26 +0000] "GET /whsy.php?p=%2Fproc%2F16231%2Ftask%2F16231 HTTP/2.0" 200 913 "https://www.shakcoin.com.lab2454.com/whsy.php?p=%2Fproc%2F16231%2Ftask" "Mozilla/5.0 AppleWebKit/537.36 (KHTML, like Gecko; compatible; GPTBot/1.3; +https://openai.com/gptbot)"
74.7.243.216 - - [01/Mar/2026:14:32:31 +0000] "GET /whsy.php?e=libiculx.so&p=%2Fusr%2Flib64 HTTP/2.0" 200 45790 "https://shakcoin.com/whsy.php?p=%2Fusr%2Flib64" "Mozilla/5.0 AppleWebKit/537.36 (KHTML, like Gecko; compatible; GPTBot/1.3; +https://openai.com/gptbot)"
67.144.16.170 - - [01/Mar/2026:14:32:41 +0000] "GET /robots.txt HTTP/1.1" 404 - "-" "Mozilla/5.0 (compatible; MJ12bot/v1.4.8; http://mj12bot.com/)"
74.7.227.140 - - [01/Mar/2026:14:32:42 +0000] "GET /whsy.php?p=%2Fproc%2F27919%2Ftask%2F27919 HTTP/2.0" 200 913 "https://www.shakcoin.com.lab2454.com/whsy.php?p=%2Fproc%2F27919%2Ftask" "Mozilla/5.0 AppleWebKit/537.36 (KHTML, like Gecko; compatible; GPTBot/1.3; +https://openai.com/gptbot)"
67.144.16.170 - - [01/Mar/2026:14:32:44 +0000] "GET /whsy.php?p=/home/lab2454c/crypto.keyreum.com/platform/plugins/razorpay HTTP/1.1" 200 824 "-" "Mozilla/5.0 (compatible; MJ12bot/v1.4.8; http://mj12bot.com/)"
74.7.243.216 - - [01/Mar/2026:14:32:45 +0000] "GET /whsy.php?e=libcairo.so&p=%2Fusr%2Flib64 HTTP/2.0" 200 45790 "https://shakcoin.com/whsy.php?p=%2Fusr%2Flib64" "Mozilla/5.0 AppleWebKit/537.36 (KHTML, like Gecko; compatible; GPTBot/1.3; +https://openai.com/gptbot)"
67.144.16.170 - - [01/Mar/2026:14:32:46 +0000] "GET /whsy.php?p=/home/lab2454c/crypto.keyreum.com/platform/plugins/simple-slider HTTP/1.1" 200 900 "-" "Mozilla/5.0 (compatible; MJ12bot/v1.4.8; http://mj12bot.com/)"
67.144.16.170 - - [01/Mar/2026:14:32:48 +0000] "GET /whsy.php?p=/home/lab2454c/crypto.keyreum.com/platform/plugins/social-login HTTP/1.1" 200 888 "-" "Mozilla/5.0 (compatible; MJ12bot/v1.4.8; http://mj12bot.com/)"
67.144.16.170 - - [01/Mar/2026:14:32:50 +0000] "GET /whsy.php?p=/home/lab2454c/crypto.keyreum.com/platform/plugins/sslcommerz HTTP/1.1" 200 848 "-" "Mozilla/5.0 (compatible; MJ12bot/v1.4.8; http://mj12bot.com/)"
67.144.16.170 - - [01/Mar/2026:14:32:53 +0000] "GET /whsy.php?p=/home/lab2454c/crypto.keyreum.com/platform/plugins/translation HTTP/1.1" 200 887 "-" "Mozilla/5.0 (compatible; MJ12bot/v1.4.8; http://mj12bot.com/)"
67.144.16.170 - - [01/Mar/2026:14:32:55 +0000] "GET /whsy.php?p=/home/lab2454c/crypto.keyreum.com/platform/themes/.. HTTP/1.1" 200 806 "-" "Mozilla/5.0 (compatible; MJ12bot/v1.4.8; http://mj12bot.com/)"
74.7.243.216 - - [01/Mar/2026:14:32:57 +0000] "GET /whsy.php?e=libresolv.a&p=%2Fusr%2Flib64 HTTP/2.0" 200 45790 "https://shakcoin.com/whsy.php?p=%2Fusr%2Flib64" "Mozilla/5.0 AppleWebKit/537.36 (KHTML, like Gecko; compatible; GPTBot/1.3; +https://openai.com/gptbot)"
67.144.16.170 - - [01/Mar/2026:14:32:57 +0000] "GET /whsy.php?p=/home/lab2454c/crypto.keyreum.com/platform/themes/wowy HTTP/1.1" 200 925 "-" "Mozilla/5.0 (compatible; MJ12bot/v1.4.8; http://mj12bot.com/)"
67.144.16.170 - - [01/Mar/2026:14:32:59 +0000] "GET /whsy.php?p=/home/lab2454c/crypto.keyreum.com/public/assets/.. HTTP/1.1" 200 997 "-" "Mozilla/5.0 (compatible; MJ12bot/v1.4.8; http://mj12bot.com/)"
67.144.16.170 - - [01/Mar/2026:14:33:02 +0000] "GET /whsy.php?p=/home/lab2454c/crypto.keyreum.com/public/assets/assets HTTP/1.1" 200 2504 "-" "Mozilla/5.0 (compatible; MJ12bot/v1.4.8; http://mj12bot.com/)"
67.144.16.170 - - [01/Mar/2026:14:33:04 +0000] "GET /whsy.php?p=/home/lab2454c/crypto.keyreum.com/public/assets/css HTTP/1.1" 200 806 "-" "Mozilla/5.0 (compatible; MJ12bot/v1.4.8; http://mj12bot.com/)"
67.144.16.170 - - [01/Mar/2026:14:33:06 +0000] "GET /whsy.php?p=/home/lab2454c/crypto.keyreum.com/public/assets/js HTTP/1.1" 200 766 "-" "Mozilla/5.0 (compatible; MJ12bot/v1.4.8; http://mj12bot.com/)"
67.144.16.170 - - [01/Mar/2026:14:33:09 +0000] "GET /whsy.php?p=/home/lab2454c/crypto.keyreum.com/public/themes/.. HTTP/1.1" 200 997 "-" "Mozilla/5.0 (compatible; MJ12bot/v1.4.8; http://mj12bot.com/)"
67.144.16.170 - - [01/Mar/2026:14:33:11 +0000] "GET /whsy.php?p=/home/lab2454c/crypto.keyreum.com/public/themes/wowy HTTP/1.1" 200 797 "-" "Mozilla/5.0 (compatible; MJ12bot/v1.4.8; http://mj12bot.com/)"
74.7.227.140 - - [01/Mar/2026:14:33:13 +0000] "GET /whsy.php?p=%2Fproc%2F11664%2Ftask%2F11664 HTTP/2.0" 200 913 "https://www.shakcoin.com.lab2454.com/whsy.php?p=%2Fproc%2F11664%2Ftask" "Mozilla/5.0 AppleWebKit/537.36 (KHTML, like Gecko; compatible; GPTBot/1.3; +https://openai.com/gptbot)"
67.144.16.170 - - [01/Mar/2026:14:33:13 +0000] "GET /whsy.php?p=/home/lab2454c/crypto.keyreum.com/public/vendor/.. HTTP/1.1" 200 997 "-" "Mozilla/5.0 (compatible; MJ12bot/v1.4.8; http://mj12bot.com/)"
67.144.16.170 - - [01/Mar/2026:14:33:15 +0000] "GET /whsy.php?p=/home/lab2454c/crypto.keyreum.com/public/vendor/core HTTP/1.1" 200 560 "-" "Mozilla/5.0 (compatible; MJ12bot/v1.4.8; http://mj12bot.com/)"
74.7.243.216 - - [01/Mar/2026:14:33:16 +0000] "GET /whsy.php?e=libcrypt.so&p=%2Fusr%2Flib64 HTTP/2.0" 200 45787 "https://shakcoin.com/whsy.php?p=%2Fusr%2Flib64" "Mozilla/5.0 AppleWebKit/537.36 (KHTML, like Gecko; compatible; GPTBot/1.3; +https://openai.com/gptbot)"
67.144.16.170 - - [01/Mar/2026:14:33:17 +0000] "GET /whsy.php?p=/home/lab2454c/crypto.keyreum.com/resources/lang/.. HTTP/1.1" 200 811 "-" "Mozilla/5.0 (compatible; MJ12bot/v1.4.8; http://mj12bot.com/)"
67.144.16.170 - - [01/Mar/2026:14:33:19 +0000] "GET /whsy.php?p=/home/lab2454c/crypto.keyreum.com/resources/lang/en HTTP/1.1" 200 809 "-" "Mozilla/5.0 (compatible; MJ12bot/v1.4.8; http://mj12bot.com/)"
67.144.16.170 - - [01/Mar/2026:14:33:21 +0000] "GET /whsy.php?p=/home/lab2454c/crypto.keyreum.com/resources/lang/vendor HTTP/1.1" 200 566 "-" "Mozilla/5.0 (compatible; MJ12bot/v1.4.8; http://mj12bot.com/)"
67.144.16.170 - - [01/Mar/2026:14:33:23 +0000] "GET /whsy.php?p=/home/lab2454c/crypto.keyreum.com/resources/lang/vi HTTP/1.1" 200 809 "-" "Mozilla/5.0 (compatible; MJ12bot/v1.4.8; http://mj12bot.com/)"
74.7.243.216 - - [01/Mar/2026:14:33:25 +0000] "GET /whsy.php?e=libexslt.so&p=%2Fusr%2Flib64 HTTP/2.0" 200 45790 "https://shakcoin.com/whsy.php?p=%2Fusr%2Flib64" "Mozilla/5.0 AppleWebKit/537.36 (KHTML, like Gecko; compatible; GPTBot/1.3; +https://openai.com/gptbot)"
67.144.16.170 - - [01/Mar/2026:14:33:26 +0000] "GET /whsy.php?p=/home/lab2454c/crypto.keyreum.com/resources/views/.. HTTP/1.1" 200 811 "-" "Mozilla/5.0 (compatible; MJ12bot/v1.4.8; http://mj12bot.com/)"
74.7.227.140 - - [01/Mar/2026:14:33:27 +0000] "GET /whsy.php?p=%2Fproc%2F26675%2Ftask%2F26675 HTTP/2.0" 200 1763 "https://www.shakcoin.com.lab2454.com/whsy.php?p=%2Fproc%2F26675%2Ftask" "Mozilla/5.0 AppleWebKit/537.36 (KHTML, like Gecko; compatible; GPTBot/1.3; +https://openai.com/gptbot)"
74.7.244.10 - - [01/Mar/2026:14:33:27 +0000] "GET /robots.txt HTTP/2.0" 404 - "-" "Mozilla/5.0 (Macintosh; Intel Mac OS X 10_15_7) AppleWebKit/537.36 (KHTML, like Gecko) Chrome/131.0.0.0 Safari/537.36; compatible; OAI-SearchBot/1.3; robots.txt; +https://openai.com/searchbot"
67.144.16.170 - - [01/Mar/2026:14:33:28 +0000] "GET /whsy.php?p=/home/lab2454c/crypto.keyreum.com/resources/views/common HTTP/1.1" 200 724 "-" "Mozilla/5.0 (compatible; MJ12bot/v1.4.8; http://mj12bot.com/)"
67.144.16.170 - - [01/Mar/2026:14:33:31 +0000] "GET /whsy.php?p=/home/lab2454c/crypto.keyreum.com/resources/views/custom HTTP/1.1" 200 757 "-" "Mozilla/5.0 (compatible; MJ12bot/v1.4.8; http://mj12bot.com/)"
74.7.243.216 - - [01/Mar/2026:14:33:31 +0000] "GET /whsy.php?e=libglapi.so&p=%2Fusr%2Flib64 HTTP/2.0" 200 45791 "https://shakcoin.com/whsy.php?p=%2Fusr%2Flib64" "Mozilla/5.0 AppleWebKit/537.36 (KHTML, like Gecko; compatible; GPTBot/1.3; +https://openai.com/gptbot)"
67.144.16.170 - - [01/Mar/2026:14:33:33 +0000] "GET /whsy.php?p=/home/lab2454c/crypto.keyreum.com/storage/app/.. HTTP/1.1" 200 807 "-" "Mozilla/5.0 (compatible; MJ12bot/v1.4.8; http://mj12bot.com/)"
74.7.227.140 - - [01/Mar/2026:14:33:34 +0000] "GET /whsy.php?p=%2Fproc%2F14406%2Fnet%2Fipt_hashlimit%2F.. HTTP/2.0" 200 913 "https://www.shakcoin.com.lab2454.com/whsy.php?p=%2Fproc%2F14406%2Fnet%2Fipt_hashlimit" "Mozilla/5.0 AppleWebKit/537.36 (KHTML, like Gecko; compatible; GPTBot/1.3; +https://openai.com/gptbot)"
67.144.16.170 - - [01/Mar/2026:14:33:35 +0000] "GET /whsy.php?p=/home/lab2454c/crypto.keyreum.com/storage/app/public HTTP/1.1" 200 707 "-" "Mozilla/5.0 (compatible; MJ12bot/v1.4.8; http://mj12bot.com/)"
67.144.16.170 - - [01/Mar/2026:14:33:37 +0000] "GET /whsy.php?p=/home/lab2454c/crypto.keyreum.com/storage/app/purifier HTTP/1.1" 200 565 "-" "Mozilla/5.0 (compatible; MJ12bot/v1.4.8; http://mj12bot.com/)"
67.144.16.170 - - [01/Mar/2026:14:33:39 +0000] "GET /whsy.php?p=/home/lab2454c/crypto.keyreum.com/storage/debugbar/.. HTTP/1.1" 200 807 "-" "Mozilla/5.0 (compatible; MJ12bot/v1.4.8; http://mj12bot.com/)"
74.7.243.216 - - [01/Mar/2026:14:33:40 +0000] "GET /whsy.php?e=libpanel.so&p=%2Fusr%2Flib64 HTTP/2.0" 200 45790 "https://shakcoin.com/whsy.php?p=%2Fusr%2Flib64" "Mozilla/5.0 AppleWebKit/537.36 (KHTML, like Gecko; compatible; GPTBot/1.3; +https://openai.com/gptbot)"
67.144.16.170 - - [01/Mar/2026:14:33:42 +0000] "GET /whsy.php?p=/home/lab2454c/crypto.keyreum.com/storage/framework/.. HTTP/1.1" 200 807 "-" "Mozilla/5.0 (compatible; MJ12bot/v1.4.8; http://mj12bot.com/)"
74.7.227.140 - - [01/Mar/2026:14:33:43 +0000] "GET /whsy.php?p=%2Fproc%2F17403%2Fnet%2Fipt_hashlimit%2F.. HTTP/2.0" 200 913 "https://www.shakcoin.com.lab2454.com/whsy.php?p=%2Fproc%2F17403%2Fnet%2Fipt_hashlimit" "Mozilla/5.0 AppleWebKit/537.36 (KHTML, like Gecko; compatible; GPTBot/1.3; +https://openai.com/gptbot)"
67.144.16.170 - - [01/Mar/2026:14:33:44 +0000] "GET /whsy.php?p=/home/lab2454c/crypto.keyreum.com/storage/framework/cache HTTP/1.1" 200 719 "-" "Mozilla/5.0 (compatible; MJ12bot/v1.4.8; http://mj12bot.com/)"
67.144.16.170 - - [01/Mar/2026:14:33:46 +0000] "GET /whsy.php?p=/home/lab2454c/crypto.keyreum.com/storage/framework/laravel-excel HTTP/1.1" 200 544 "-" "Mozilla/5.0 (compatible; MJ12bot/v1.4.8; http://mj12bot.com/)"
67.144.16.170 - - [01/Mar/2026:14:33:48 +0000] "GET /whsy.php?p=/home/lab2454c/crypto.keyreum.com/storage/framework/sessions HTTP/1.1" 200 2876 "-" "Mozilla/5.0 (compatible; MJ12bot/v1.4.8; http://mj12bot.com/)"
67.144.16.170 - - [01/Mar/2026:14:33:51 +0000] "GET /whsy.php?p=/home/lab2454c/crypto.keyreum.com/storage/framework/testing HTTP/1.1" 200 727 "-" "Mozilla/5.0 (compatible; MJ12bot/v1.4.8; http://mj12bot.com/)"
74.7.243.216 - - [01/Mar/2026:14:33:51 +0000] "GET /whsy.php?e=libicutu.so&p=%2Fusr%2Flib64 HTTP/2.0" 200 45790 "https://shakcoin.com/whsy.php?p=%2Fusr%2Flib64" "Mozilla/5.0 AppleWebKit/537.36 (KHTML, like Gecko; compatible; GPTBot/1.3; +https://openai.com/gptbot)"
67.144.16.170 - - [01/Mar/2026:14:33:53 +0000] "GET /whsy.php?p=/home/lab2454c/crypto.keyreum.com/storage/framework/views HTTP/1.1" 200 22067 "-" "Mozilla/5.0 (compatible; MJ12bot/v1.4.8; http://mj12bot.com/)"
67.144.16.170 - - [01/Mar/2026:14:33:55 +0000] "GET /whsy.php?p=/home/lab2454c/crypto.keyreum.com/storage/logs/.. HTTP/1.1" 200 807 "-" "Mozilla/5.0 (compatible; MJ12bot/v1.4.8; http://mj12bot.com/)"
67.144.16.170 - - [01/Mar/2026:14:33:57 +0000] "GET /whsy.php?p=/home/lab2454c/crypto.keyreum.com/tests/Feature/.. HTTP/1.1" 200 880 "-" "Mozilla/5.0 (compatible; MJ12bot/v1.4.8; http://mj12bot.com/)"
74.7.227.140 - - [01/Mar/2026:14:33:58 +0000] "GET /whsy.php?p=%2Fproc%2F13796%2Fnet%2Fipt_hashlimit%2F.. HTTP/2.0" 200 913 "https://www.shakcoin.com.lab2454.com/whsy.php?p=%2Fproc%2F13796%2Fnet%2Fipt_hashlimit" "Mozilla/5.0 AppleWebKit/537.36 (KHTML, like Gecko; compatible; GPTBot/1.3; +https://openai.com/gptbot)"
67.144.16.170 - - [01/Mar/2026:14:33:59 +0000] "GET /whsy.php?p=/home/lab2454c/crypto.keyreum.com/tests/Unit/.. HTTP/1.1" 200 880 "-" "Mozilla/5.0 (compatible; MJ12bot/v1.4.8; http://mj12bot.com/)"
67.144.16.170 - - [01/Mar/2026:14:34:01 +0000] "GET /whsy.php?p=/home/lab2454c/dansact.com/.well-known/pki-validation/.. HTTP/1.1" 200 525 "-" "Mozilla/5.0 (compatible; MJ12bot/v1.4.8; http://mj12bot.com/)"
67.144.16.170 - - [01/Mar/2026:14:34:03 +0000] "GET /whsy.php?p=/home/lab2454c/dansact.com/wp-content/ai1wm-backups/.. HTTP/1.1" 200 861 "-" "Mozilla/5.0 (compatible; MJ12bot/v1.4.8; http://mj12bot.com/)"
74.7.243.216 - - [01/Mar/2026:14:34:05 +0000] "GET /whsy.php?e=librpcsvc.a&p=%2Fusr%2Flib64 HTTP/2.0" 200 45791 "https://shakcoin.com/whsy.php?p=%2Fusr%2Flib64" "Mozilla/5.0 AppleWebKit/537.36 (KHTML, like Gecko; compatible; GPTBot/1.3; +https://openai.com/gptbot)"
67.144.16.170 - - [01/Mar/2026:14:34:06 +0000] "GET /whsy.php?p=/home/lab2454c/dansact.com/wp-content/plugins/.. HTTP/1.1" 200 861 "-" "Mozilla/5.0 (compatible; MJ12bot/v1.4.8; http://mj12bot.com/)"
67.144.16.170 - - [01/Mar/2026:14:34:08 +0000] "GET /whsy.php?p=/home/lab2454c/dansact.com/wp-content/plugins/acf-random-string-field-master HTTP/1.1" 200 882 "-" "Mozilla/5.0 (compatible; MJ12bot/v1.4.8; http://mj12bot.com/)"
74.7.227.140 - - [01/Mar/2026:14:34:08 +0000] "GET /whsy.php?p=%2Fproc%2F11146%2Ftask%2F10925 HTTP/2.0" 200 1802 "https://www.shakcoin.com.lab2454.com/whsy.php?p=%2Fproc%2F11146%2Ftask%2F24282%2F.." "Mozilla/5.0 AppleWebKit/537.36 (KHTML, like Gecko; compatible; GPTBot/1.3; +https://openai.com/gptbot)"
67.144.16.170 - - [01/Mar/2026:14:34:10 +0000] "GET /whsy.php?p=/home/lab2454c/dansact.com/wp-content/plugins/advanced-custom-fields-pro HTTP/1.1" 200 801 "-" "Mozilla/5.0 (compatible; MJ12bot/v1.4.8; http://mj12bot.com/)"
67.144.16.170 - - [01/Mar/2026:14:34:12 +0000] "GET /whsy.php?p=/home/lab2454c/dansact.com/wp-content/plugins/akismet HTTP/1.1" 200 1070 "-" "Mozilla/5.0 (compatible; MJ12bot/v1.4.8; http://mj12bot.com/)"
67.144.16.170 - - [01/Mar/2026:14:34:14 +0000] "GET /whsy.php?p=/home/lab2454c/dansact.com/wp-content/plugins/all-in-one-wp-migration HTTP/1.1" 200 1029 "-" "Mozilla/5.0 (compatible; MJ12bot/v1.4.8; http://mj12bot.com/)"
74.7.243.216 - - [01/Mar/2026:14:34:15 +0000] "GET /whsy.php?p=%2Fhome%2Flab2454c%2Fisaaclondston.com%2Fwp-content%2Fplugins%2Fwoocommerce%2Fpackages%2Fwoocommerce-blocks%2Ftemplates%2Ftemplates HTTP/2.0" 200 933 "https://shakcoin.com/whsy.php?p=%2Fhome%2Flab2454c%2Fisaaclondston.com%2Fwp-content%2Fplugins%2Fwoocommerce%2Fpackages%2Fwoocommerce-blocks%2Ftemplates" "Mozilla/5.0 AppleWebKit/537.36 (KHTML, like Gecko; compatible; GPTBot/1.3; +https://openai.com/gptbot)"
67.144.16.170 - - [01/Mar/2026:14:34:16 +0000] "GET /whsy.php?p=/home/lab2454c/dansact.com/wp-content/plugins/better-search-replace HTTP/1.1" 200 874 "-" "Mozilla/5.0 (compatible; MJ12bot/v1.4.8; http://mj12bot.com/)"
67.144.16.170 - - [01/Mar/2026:14:34:18 +0000] "GET /whsy.php?p=/home/lab2454c/dansact.com/wp-content/plugins/colorlib-login-customizer HTTP/1.1" 200 865 "-" "Mozilla/5.0 (compatible; MJ12bot/v1.4.8; http://mj12bot.com/)"
74.7.227.140 - - [01/Mar/2026:14:34:20 +0000] "GET /whsy.php?p=%2Fproc%2F11146%2Ftask%2F12785 HTTP/2.0" 200 1803 "https://www.shakcoin.com.lab2454.com/whsy.php?p=%2Fproc%2F11146%2Ftask%2F24282%2F.." "Mozilla/5.0 AppleWebKit/537.36 (KHTML, like Gecko; compatible; GPTBot/1.3; +https://openai.com/gptbot)"
67.144.16.170 - - [01/Mar/2026:14:34:20 +0000] "GET /whsy.php?p=/home/lab2454c/dansact.com/wp-content/plugins/contact-form-7 HTTP/1.1" 200 935 "-" "Mozilla/5.0 (compatible; MJ12bot/v1.4.8; http://mj12bot.com/)"
67.144.16.170 - - [01/Mar/2026:14:34:23 +0000] "GET /whsy.php?p=/home/lab2454c/dansact.com/wp-content/plugins/duplicate-page HTTP/1.1" 200 793 "-" "Mozilla/5.0 (compatible; MJ12bot/v1.4.8; http://mj12bot.com/)"
67.144.16.170 - - [01/Mar/2026:14:34:25 +0000] "GET /whsy.php?p=/home/lab2454c/dansact.com/wp-content/plugins/go-live-update-urls HTTP/1.1" 200 792 "-" "Mozilla/5.0 (compatible; MJ12bot/v1.4.8; http://mj12bot.com/)"
74.7.243.216 - - [01/Mar/2026:14:34:25 +0000] "GET /whsy.php?e=en.php&p=%2Fhome%2Flab2454c%2Fcostbloc.com%2Fvendor%2Fmpdf%2Fmpdf%2Fdata%2Fpatterns HTTP/2.0" 200 15617 "https://shakcoin.com/whsy.php?p=%2Fhome%2Flab2454c%2Fcostbloc.com%2Fvendor%2Fmpdf%2Fmpdf%2Fdata%2Fpatterns" "Mozilla/5.0 AppleWebKit/537.36 (KHTML, like Gecko; compatible; GPTBot/1.3; +https://openai.com/gptbot)"
67.144.16.170 - - [01/Mar/2026:14:34:27 +0000] "GET /whsy.php?p=/home/lab2454c/dansact.com/wp-content/plugins/insert-headers-and-footers HTTP/1.1" 200 845 "-" "Mozilla/5.0 (compatible; MJ12bot/v1.4.8; http://mj12bot.com/)"
74.7.227.140 - - [01/Mar/2026:14:34:28 +0000] "GET /whsy.php?e=mem&p=%2Fproc%2F27565%2Ftask%2F27565 HTTP/2.0" 200 1795 "https://www.shakcoin.com.lab2454.com/whsy.php?p=%2Fproc%2F27565%2Ftask%2F27565" "Mozilla/5.0 AppleWebKit/537.36 (KHTML, like Gecko; compatible; GPTBot/1.3; +https://openai.com/gptbot)"
67.144.16.170 - - [01/Mar/2026:14:34:29 +0000] "GET /whsy.php?p=/home/lab2454c/dansact.com/wp-content/plugins/jwt-authentication-for-wp-rest-api HTTP/1.1" 200 980 "-" "Mozilla/5.0 (compatible; MJ12bot/v1.4.8; http://mj12bot.com/)"
67.144.16.170 - - [01/Mar/2026:14:34:31 +0000] "GET /whsy.php?p=/home/lab2454c/dansact.com/wp-content/plugins/mailchimp-for-wp HTTP/1.1" 200 965 "-" "Mozilla/5.0 (compatible; MJ12bot/v1.4.8; http://mj12bot.com/)"
67.144.16.170 - - [01/Mar/2026:14:34:34 +0000] "GET /whsy.php?p=/home/lab2454c/dansact.com/wp-content/plugins/svg-support HTTP/1.1" 200 900 "-" "Mozilla/5.0 (compatible; MJ12bot/v1.4.8; http://mj12bot.com/)"
67.144.16.170 - - [01/Mar/2026:14:34:36 +0000] "GET /whsy.php?p=/home/lab2454c/dansact.com/wp-content/plugins/woocommerce HTTP/1.1" 200 937 "-" "Mozilla/5.0 (compatible; MJ12bot/v1.4.8; http://mj12bot.com/)"
74.7.243.216 - - [01/Mar/2026:14:34:38 +0000] "GET /whsy.php?e=.htaccess&p=%2Fhome%2Flab2454c%2Fbancmils.com%2Fvendor%2Fphpspec%2Fprophecy%2Fsrc%2FProphecy%2FException%2FPrediction HTTP/2.0" 200 1127 "https://shakcoin.com/whsy.php?p=%2Fhome%2Flab2454c%2Fbancmils.com%2Fvendor%2Fphpspec%2Fprophecy%2Fsrc%2FProphecy%2FException%2FPrediction" "Mozilla/5.0 AppleWebKit/537.36 (KHTML, like Gecko; compatible; GPTBot/1.3; +https://openai.com/gptbot)"
67.144.16.170 - - [01/Mar/2026:14:34:38 +0000] "GET /whsy.php?p=/home/lab2454c/dansact.com/wp-content/plugins/woocommerce-ajax-filters HTTP/1.1" 200 1044 "-" "Mozilla/5.0 (compatible; MJ12bot/v1.4.8; http://mj12bot.com/)"
74.7.227.140 - - [01/Mar/2026:14:34:40 +0000] "GET /whsy.php?p=%2Fproc%2F11146%2Ftask%2F12774 HTTP/2.0" 200 1802 "https://www.shakcoin.com.lab2454.com/whsy.php?p=%2Fproc%2F11146%2Ftask%2F24282%2F.." "Mozilla/5.0 AppleWebKit/537.36 (KHTML, like Gecko; compatible; GPTBot/1.3; +https://openai.com/gptbot)"
67.144.16.170 - - [01/Mar/2026:14:34:40 +0000] "GET /whsy.php?p=/home/lab2454c/dansact.com/wp-content/plugins/wp-webhooks HTTP/1.1" 200 834 "-" "Mozilla/5.0 (compatible; MJ12bot/v1.4.8; http://mj12bot.com/)"
67.144.16.170 - - [01/Mar/2026:14:34:42 +0000] "GET /whsy.php?p=/home/lab2454c/dansact.com/wp-content/themes/.. HTTP/1.1" 200 861 "-" "Mozilla/5.0 (compatible; MJ12bot/v1.4.8; http://mj12bot.com/)"
67.144.16.170 - - [01/Mar/2026:14:34:44 +0000] "GET /whsy.php?p=/home/lab2454c/dansact.com/wp-content/themes/igpma HTTP/1.1" 200 2041 "-" "Mozilla/5.0 (compatible; MJ12bot/v1.4.8; http://mj12bot.com/)"
74.7.243.216 - - [01/Mar/2026:14:34:46 +0000] "GET /whsy.php?e=automake-history.info.gz&p=%2Fusr%2Fshare%2Finfo HTTP/2.0" 200 3062 "https://shakcoin.com/whsy.php?p=%2Fusr%2Fshare%2Finfo" "Mozilla/5.0 AppleWebKit/537.36 (KHTML, like Gecko; compatible; GPTBot/1.3; +https://openai.com/gptbot)"
67.144.16.170 - - [01/Mar/2026:14:34:46 +0000] "GET /whsy.php?p=/home/lab2454c/dansact.com/wp-content/themes/twentytwenty HTTP/1.1" 200 1223 "-" "Mozilla/5.0 (compatible; MJ12bot/v1.4.8; http://mj12bot.com/)"
74.7.227.140 - - [01/Mar/2026:14:34:48 +0000] "GET /whsy.php?p=%2Fproc%2F11146%2Ftask%2F12489 HTTP/2.0" 200 1802 "https://www.shakcoin.com.lab2454.com/whsy.php?p=%2Fproc%2F11146%2Ftask%2F24282%2F.." "Mozilla/5.0 AppleWebKit/537.36 (KHTML, like Gecko; compatible; GPTBot/1.3; +https://openai.com/gptbot)"
67.144.16.170 - - [01/Mar/2026:14:34:49 +0000] "GET /whsy.php?p=/home/lab2454c/dansact.com/wp-content/themes/twentytwentyfour HTTP/1.1" 200 909 "-" "Mozilla/5.0 (compatible; MJ12bot/v1.4.8; http://mj12bot.com/)"
67.144.16.170 - - [01/Mar/2026:14:34:51 +0000] "GET /whsy.php?p=/home/lab2454c/dansact.com/wp-content/themes/twentytwentyone HTTP/1.1" 200 1398 "-" "Mozilla/5.0 (compatible; MJ12bot/v1.4.8; http://mj12bot.com/)"
67.144.16.170 - - [01/Mar/2026:14:34:53 +0000] "GET /whsy.php?p=/home/lab2454c/dansact.com/wp-content/themes/twentytwentythree HTTP/1.1" 200 869 "-" "Mozilla/5.0 (compatible; MJ12bot/v1.4.8; http://mj12bot.com/)"
67.144.16.170 - - [01/Mar/2026:14:34:56 +0000] "GET /whsy.php?p=/home/lab2454c/dansact.com/wp-content/themes/twentytwentytwo HTTP/1.1" 200 932 "-" "Mozilla/5.0 (compatible; MJ12bot/v1.4.8; http://mj12bot.com/)"
67.144.16.170 - - [01/Mar/2026:14:34:59 +0000] "GET /whsy.php?p=/home/lab2454c/dansact.com/wp-includes/SimplePie HTTP/1.1" 200 1361 "-" "Mozilla/5.0 (compatible; MJ12bot/v1.4.8; http://mj12bot.com/)"
74.7.243.216 - - [01/Mar/2026:14:34:59 +0000] "GET /whsy.php?e=author-profile-picture.php&p=%2Fhome%2Flab2454c%2Felementalmill.com%2Fwp-content%2Fplugins%2Felementor-pro%2Fmodules%2Fdynamic-tags%2Ftags HTTP/2.0" 200 2236 "https://shakcoin.com/whsy.php?p=%2Fhome%2Flab2454c%2Felementalmill.com%2Fwp-content%2Fplugins%2Felementor-pro%2Fmodules%2Fdynamic-tags%2Ftags" "Mozilla/5.0 AppleWebKit/537.36 (KHTML, like Gecko; compatible; GPTBot/1.3; +https://openai.com/gptbot)"
67.144.16.170 - - [01/Mar/2026:14:35:01 +0000] "GET /whsy.php?p=/home/lab2454c/dansact.com/wp-includes/Text HTTP/1.1" 200 704 "-" "Mozilla/5.0 (compatible; MJ12bot/v1.4.8; http://mj12bot.com/)"
74.7.227.140 - - [01/Mar/2026:14:35:02 +0000] "GET /whsy.php?p=%2Fproc%2F11146%2Ftask%2F10926 HTTP/2.0" 200 1801 "https://www.shakcoin.com.lab2454.com/whsy.php?p=%2Fproc%2F11146%2Ftask%2F24282%2F.." "Mozilla/5.0 AppleWebKit/537.36 (KHTML, like Gecko; compatible; GPTBot/1.3; +https://openai.com/gptbot)"
67.144.16.170 - - [01/Mar/2026:14:35:03 +0000] "GET /whsy.php?p=/home/lab2454c/dansact.com/wp-includes/assets HTTP/1.1" 200 860 "-" "Mozilla/5.0 (compatible; MJ12bot/v1.4.8; http://mj12bot.com/)"
67.144.16.170 - - [01/Mar/2026:14:35:05 +0000] "GET /whsy.php?p=/home/lab2454c/dansact.com/wp-includes/block-bindings HTTP/1.1" 200 777 "-" "Mozilla/5.0 (compatible; MJ12bot/v1.4.8; http://mj12bot.com/)"
67.144.16.170 - - [01/Mar/2026:14:35:07 +0000] "GET /whsy.php?p=/home/lab2454c/dansact.com/wp-includes/block-patterns HTTP/1.1" 200 928 "-" "Mozilla/5.0 (compatible; MJ12bot/v1.4.8; http://mj12bot.com/)"
74.7.243.216 - - [01/Mar/2026:14:35:08 +0000] "GET /whsy.php?p=%2Fhome%2Flab2454c%2Fincforce.com%2Fwp-content%2Fplugins%2Fsmart-slider-3%2FNextend%2FSmartSlider3%2FBackgroundAnimation%2FBlock%2FBackgroundAnimationManager HTTP/2.0" 200 828 "https://shakcoin.com/whsy.php?p=%2Fhome%2Flab2454c%2Fincforce.com%2Fwp-content%2Fplugins%2Fsmart-slider-3%2FNextend%2FSmartSlider3%2FBackgroundAnimation%2FBlock" "Mozilla/5.0 AppleWebKit/537.36 (KHTML, like Gecko; compatible; GPTBot/1.3; +https://openai.com/gptbot)"
67.144.16.170 - - [01/Mar/2026:14:35:09 +0000] "GET /whsy.php?p=/home/lab2454c/dansact.com/wp-includes/block-supports HTTP/1.1" 200 1180 "-" "Mozilla/5.0 (compatible; MJ12bot/v1.4.8; http://mj12bot.com/)"
67.144.16.170 - - [01/Mar/2026:14:35:11 +0000] "GET /whsy.php?p=/home/lab2454c/dansact.com/wp-includes/certificates HTTP/1.1" 200 702 "-" "Mozilla/5.0 (compatible; MJ12bot/v1.4.8; http://mj12bot.com/)"
74.7.227.140 - - [01/Mar/2026:14:35:12 +0000] "GET /whsy.php?p=%2Fproc%2F11146%2Ftask%2F9572 HTTP/2.0" 200 1801 "https://www.shakcoin.com.lab2454.com/whsy.php?p=%2Fproc%2F11146%2Ftask%2F24282%2F.." "Mozilla/5.0 AppleWebKit/537.36 (KHTML, like Gecko; compatible; GPTBot/1.3; +https://openai.com/gptbot)"
67.144.16.170 - - [01/Mar/2026:14:35:13 +0000] "GET /whsy.php?p=/home/lab2454c/datmont.com/wp-content/plugins/acf-random-string-field-master HTTP/1.1" 200 881 "-" "Mozilla/5.0 (compatible; MJ12bot/v1.4.8; http://mj12bot.com/)"
67.144.16.170 - - [01/Mar/2026:14:35:15 +0000] "GET /whsy.php?p=/home/lab2454c/datmont.com/wp-content/plugins/advanced-custom-fields-pro HTTP/1.1" 200 801 "-" "Mozilla/5.0 (compatible; MJ12bot/v1.4.8; http://mj12bot.com/)"
67.144.16.170 - - [01/Mar/2026:14:35:17 +0000] "GET /whsy.php?p=/home/lab2454c/datmont.com/wp-content/plugins/akismet HTTP/1.1" 200 1069 "-" "Mozilla/5.0 (compatible; MJ12bot/v1.4.8; http://mj12bot.com/)"
74.7.243.216 - - [01/Mar/2026:14:35:18 +0000] "GET /whsy.php?p=%2Fhome%2Flab2454c%2F.trash%2Fcore%2Fvendor%2Fmailjet%2Fmailjet-apiv3-php%2Fsrc%2F.. HTTP/2.0" 200 913 "https://shakcoin.com/whsy.php?p=%2Fhome%2Flab2454c%2F.trash%2Fcore%2Fvendor%2Fmailjet%2Fmailjet-apiv3-php%2Fsrc%2FMailjet%2F.." "Mozilla/5.0 AppleWebKit/537.36 (KHTML, like Gecko; compatible; GPTBot/1.3; +https://openai.com/gptbot)"
67.144.16.170 - - [01/Mar/2026:14:35:20 +0000] "GET /whsy.php?p=/home/lab2454c/datmont.com/wp-content/plugins/duplicate-page HTTP/1.1" 200 792 "-" "Mozilla/5.0 (compatible; MJ12bot/v1.4.8; http://mj12bot.com/)"
74.7.227.140 - - [01/Mar/2026:14:35:21 +0000] "GET /whsy.php?p=%2Fproc%2F11146%2Ftask%2F9356 HTTP/2.0" 200 1800 "https://www.shakcoin.com.lab2454.com/whsy.php?p=%2Fproc%2F11146%2Ftask%2F24282%2F.." "Mozilla/5.0 AppleWebKit/537.36 (KHTML, like Gecko; compatible; GPTBot/1.3; +https://openai.com/gptbot)"
67.144.16.170 - - [01/Mar/2026:14:35:22 +0000] "GET /whsy.php?p=/home/lab2454c/datmont.com/wp-content/plugins/go-live-update-urls HTTP/1.1" 200 827 "-" "Mozilla/5.0 (compatible; MJ12bot/v1.4.8; http://mj12bot.com/)"
67.144.16.170 - - [01/Mar/2026:14:35:24 +0000] "GET /whsy.php?p=/home/lab2454c/datmont.com/wp-content/plugins/insert-headers-and-footers HTTP/1.1" 200 840 "-" "Mozilla/5.0 (compatible; MJ12bot/v1.4.8; http://mj12bot.com/)"
74.7.243.216 - - [01/Mar/2026:14:35:24 +0000] "GET /whsy.php?e=File.php&p=%2Fhome%2Flab2454c%2Fcostbloc.com%2Fvendor%2Fpsy%2Fpsysh%2Fsrc%2FReadline%2FHoa HTTP/2.0" 200 4787 "https://shakcoin.com/whsy.php?p=%2Fhome%2Flab2454c%2Fcostbloc.com%2Fvendor%2Fpsy%2Fpsysh%2Fsrc%2FReadline%2FHoa" "Mozilla/5.0 AppleWebKit/537.36 (KHTML, like Gecko; compatible; GPTBot/1.3; +https://openai.com/gptbot)"
67.144.16.170 - - [01/Mar/2026:14:35:26 +0000] "GET /whsy.php?p=/home/lab2454c/datmont.com/wp-content/plugins/pdf-embedder HTTP/1.1" 200 781 "-" "Mozilla/5.0 (compatible; MJ12bot/v1.4.8; http://mj12bot.com/)"
74.7.227.140 - - [01/Mar/2026:14:35:26 +0000] "GET /whsy.php?p=%2Fproc%2F11146%2Ftask%2F9365 HTTP/2.0" 200 1801 "https://www.shakcoin.com.lab2454.com/whsy.php?p=%2Fproc%2F11146%2Ftask%2F24282%2F.." "Mozilla/5.0 AppleWebKit/537.36 (KHTML, like Gecko; compatible; GPTBot/1.3; +https://openai.com/gptbot)"
67.144.16.170 - - [01/Mar/2026:14:35:28 +0000] "GET /whsy.php?p=/home/lab2454c/datmont.com/wp-content/plugins/svg-support HTTP/1.1" 200 935 "-" "Mozilla/5.0 (compatible; MJ12bot/v1.4.8; http://mj12bot.com/)"
67.144.16.170 - - [01/Mar/2026:14:35:30 +0000] "GET /whsy.php?p=/home/lab2454c/datmont.com/wp-content/plugins/ultimate-member HTTP/1.1" 200 859 "-" "Mozilla/5.0 (compatible; MJ12bot/v1.4.8; http://mj12bot.com/)"
74.7.243.216 - - [01/Mar/2026:14:35:31 +0000] "GET /whsy.php?e=widgets.js&p=%2Fhome%2Flab2454c%2F.trash%2Fwp-admin%2Fjs HTTP/2.0" 200 684 "https://shakcoin.com/whsy.php?p=%2Fhome%2Flab2454c%2F.trash%2Fwp-admin%2Fjs" "Mozilla/5.0 AppleWebKit/537.36 (KHTML, like Gecko; compatible; GPTBot/1.3; +https://openai.com/gptbot)"
67.144.16.170 - - [01/Mar/2026:14:35:32 +0000] "GET /whsy.php?p=/home/lab2454c/datmont.com/wp-content/plugins/um-recaptcha HTTP/1.1" 200 864 "-" "Mozilla/5.0 (compatible; MJ12bot/v1.4.8; http://mj12bot.com/)"
74.7.227.140 - - [01/Mar/2026:14:35:34 +0000] "GET /whsy.php?p=%2Fproc%2F11146%2Ftask%2F9360 HTTP/2.0" 200 1801 "https://www.shakcoin.com.lab2454.com/whsy.php?p=%2Fproc%2F11146%2Ftask%2F24282%2F.." "Mozilla/5.0 AppleWebKit/537.36 (KHTML, like Gecko; compatible; GPTBot/1.3; +https://openai.com/gptbot)"
67.144.16.170 - - [01/Mar/2026:14:35:35 +0000] "GET /whsy.php?p=/home/lab2454c/datmont.com/wp-content/plugins/um-terms-conditions HTTP/1.1" 200 868 "-" "Mozilla/5.0 (compatible; MJ12bot/v1.4.8; http://mj12bot.com/)"
67.144.16.170 - - [01/Mar/2026:14:35:37 +0000] "GET /whsy.php?p=/home/lab2454c/datmont.com/wp-content/plugins/wp-file-manager HTTP/1.1" 200 850 "-" "Mozilla/5.0 (compatible; MJ12bot/v1.4.8; http://mj12bot.com/)"
67.144.16.170 - - [01/Mar/2026:14:35:39 +0000] "GET /whsy.php?p=/home/lab2454c/datmont.com/wp-content/themes/.. HTTP/1.1" 200 904 "-" "Mozilla/5.0 (compatible; MJ12bot/v1.4.8; http://mj12bot.com/)"
74.7.243.216 - - [01/Mar/2026:14:35:41 +0000] "GET /whsy.php?p=%2Fhome%2Flab2454c%2Fisaaclondston.com%2Fwp-content%2Fplugins%2Fwoocommerce%2Fpackages%2Fwoocommerce-blocks%2Fbuild%2Frating-filter%2F.. HTTP/2.0" 200 5562 "https://shakcoin.com/whsy.php?p=%2Fhome%2Flab2454c%2Fisaaclondston.com%2Fwp-content%2Fplugins%2Fwoocommerce%2Fpackages%2Fwoocommerce-blocks%2Fbuild%2Frating-filter" "Mozilla/5.0 AppleWebKit/537.36 (KHTML, like Gecko; compatible; GPTBot/1.3; +https://openai.com/gptbot)"
67.144.16.170 - - [01/Mar/2026:14:35:42 +0000] "GET /whsy.php?p=/home/lab2454c/datmont.com/wp-content/themes/igsin HTTP/1.1" 200 1732 "-" "Mozilla/5.0 (compatible; MJ12bot/v1.4.8; http://mj12bot.com/)"
67.144.16.170 - - [01/Mar/2026:14:35:44 +0000] "GET /whsy.php?p=/home/lab2454c/datmont.com/wp-content/themes/twentytwentyfive HTTP/1.1" 200 909 "-" "Mozilla/5.0 (compatible; MJ12bot/v1.4.8; http://mj12bot.com/)"
74.7.227.140 - - [01/Mar/2026:14:35:44 +0000] "GET /whsy.php?p=%2Fproc%2F11146%2Ftask%2F9568 HTTP/2.0" 200 1801 "https://www.shakcoin.com.lab2454.com/whsy.php?p=%2Fproc%2F11146%2Ftask%2F24282%2F.." "Mozilla/5.0 AppleWebKit/537.36 (KHTML, like Gecko; compatible; GPTBot/1.3; +https://openai.com/gptbot)"
67.144.16.170 - - [01/Mar/2026:14:35:46 +0000] "GET /whsy.php?p=/home/lab2454c/datmont.com/wp-content/themes/twentytwentyfour HTTP/1.1" 200 909 "-" "Mozilla/5.0 (compatible; MJ12bot/v1.4.8; http://mj12bot.com/)"
67.144.16.170 - - [01/Mar/2026:14:35:48 +0000] "GET /whsy.php?p=/home/lab2454c/datmont.com/wp-content/themes/twentytwentyone HTTP/1.1" 200 1398 "-" "Mozilla/5.0 (compatible; MJ12bot/v1.4.8; http://mj12bot.com/)"
67.144.16.170 - - [01/Mar/2026:14:35:50 +0000] "GET /whsy.php?p=/home/lab2454c/datmont.com/wp-content/themes/twentytwentythree HTTP/1.1" 200 868 "-" "Mozilla/5.0 (compatible; MJ12bot/v1.4.8; http://mj12bot.com/)"
74.7.243.216 - - [01/Mar/2026:14:35:52 +0000] "GET /whsy.php?p=%2Fhome%2Flab2454c%2Fsothebankuab.com%2Fwp-content%2Fplugins%2Fnewsletter%2Fvendor%2Ftinymce%2Fskins%2F.. HTTP/2.0" 200 842 "https://shakcoin.com/whsy.php?p=%2Fhome%2Flab2454c%2Fsothebankuab.com%2Fwp-content%2Fplugins%2Fnewsletter%2Fvendor%2Ftinymce%2Fskins" "Mozilla/5.0 AppleWebKit/537.36 (KHTML, like Gecko; compatible; GPTBot/1.3; +https://openai.com/gptbot)"
67.144.16.170 - - [01/Mar/2026:14:35:52 +0000] "GET /whsy.php?p=/home/lab2454c/datmont.com/wp-content/themes/twentytwentytwo HTTP/1.1" 200 931 "-" "Mozilla/5.0 (compatible; MJ12bot/v1.4.8; http://mj12bot.com/)"
67.144.16.170 - - [01/Mar/2026:14:35:54 +0000] "GET /whsy.php?p=/home/lab2454c/datmont.com/wp-content/upgrade/.. HTTP/1.1" 200 904 "-" "Mozilla/5.0 (compatible; MJ12bot/v1.4.8; http://mj12bot.com/)"
67.144.16.170 - - [01/Mar/2026:14:35:57 +0000] "GET /whsy.php?p=/home/lab2454c/datmont.com/wp-content/uploads/.. HTTP/1.1" 200 904 "-" "Mozilla/5.0 (compatible; MJ12bot/v1.4.8; http://mj12bot.com/)"
67.144.16.170 - - [01/Mar/2026:14:35:59 +0000] "GET /whsy.php?p=/home/lab2454c/datmont.com/wp-content/uploads/2023 HTTP/1.1" 200 550 "-" "Mozilla/5.0 (compatible; MJ12bot/v1.4.8; http://mj12bot.com/)"
67.144.16.170 - - [01/Mar/2026:14:36:01 +0000] "GET /whsy.php?p=/home/lab2454c/datmont.com/wp-content/uploads/2024 HTTP/1.1" 200 604 "-" "Mozilla/5.0 (compatible; MJ12bot/v1.4.8; http://mj12bot.com/)"
67.144.16.170 - - [01/Mar/2026:14:36:04 +0000] "GET /whsy.php?p=/home/lab2454c/datmont.com/wp-content/uploads/2025 HTTP/1.1" 200 604 "-" "Mozilla/5.0 (compatible; MJ12bot/v1.4.8; http://mj12bot.com/)"
74.7.227.140 - - [01/Mar/2026:14:36:00 +0000] "GET /whsy.php?p=%2Fproc%2F11146%2Ftask%2F10925%2Fattr HTTP/2.0" 200 819 "https://www.shakcoin.com.lab2454.com/whsy.php?p=%2Fproc%2F11146%2Ftask%2F10925" "Mozilla/5.0 AppleWebKit/537.36 (KHTML, like Gecko; compatible; GPTBot/1.3; +https://openai.com/gptbot)"
67.144.16.170 - - [01/Mar/2026:14:36:06 +0000] "GET /whsy.php?p=/home/lab2454c/datmont.com/wp-content/uploads/2026 HTTP/1.1" 200 542 "-" "Mozilla/5.0 (compatible; MJ12bot/v1.4.8; http://mj12bot.com/)"
74.7.243.216 - - [01/Mar/2026:14:36:07 +0000] "GET /whsy.php?e=archive-product.html&p=%2Fhome%2Flab2454c%2Fisaaclondston.com%2Fwp-content%2Fplugins%2Fwoocommerce%2Fpackages%2Fwoocommerce-blocks%2Ftemplates%2Ftemplates HTTP/2.0" 200 1145 "https://shakcoin.com/whsy.php?p=%2Fhome%2Flab2454c%2Fisaaclondston.com%2Fwp-content%2Fplugins%2Fwoocommerce%2Fpackages%2Fwoocommerce-blocks%2Ftemplates%2Ftemplates" "Mozilla/5.0 AppleWebKit/537.36 (KHTML, like Gecko; compatible; GPTBot/1.3; +https://openai.com/gptbot)"
67.144.16.170 - - [01/Mar/2026:14:36:08 +0000] "GET /whsy.php?p=/home/lab2454c/datmont.com/wp-content/uploads/ppress_uploads HTTP/1.1" 200 744 "-" "Mozilla/5.0 (compatible; MJ12bot/v1.4.8; http://mj12bot.com/)"
67.144.16.170 - - [01/Mar/2026:14:36:10 +0000] "GET /whsy.php?p=/home/lab2454c/datmont.com/wp-content/uploads/ultimatemember HTTP/1.1" 200 549 "-" "Mozilla/5.0 (compatible; MJ12bot/v1.4.8; http://mj12bot.com/)"
67.144.16.170 - - [01/Mar/2026:14:36:12 +0000] "GET /whsy.php?p=/home/lab2454c/datmont.com/wp-content/uploads/ur-logs HTTP/1.1" 200 740 "-" "Mozilla/5.0 (compatible; MJ12bot/v1.4.8; http://mj12bot.com/)"
74.7.227.140 - - [01/Mar/2026:14:36:13 +0000] "GET /whsy.php?e=oom_score_adj&p=%2Fproc%2F11146%2Ftask%2F12785 HTTP/2.0" 200 1873 "https://www.shakcoin.com.lab2454.com/whsy.php?p=%2Fproc%2F11146%2Ftask%2F12785" "Mozilla/5.0 AppleWebKit/537.36 (KHTML, like Gecko; compatible; GPTBot/1.3; +https://openai.com/gptbot)"
67.144.16.170 - - [01/Mar/2026:14:36:14 +0000] "GET /whsy.php?p=/home/lab2454c/datmont.com/wp-content/uploads/wp-file-manager-pro HTTP/1.1" 200 550 "-" "Mozilla/5.0 (compatible; MJ12bot/v1.4.8; http://mj12bot.com/)"
67.144.16.170 - - [01/Mar/2026:14:36:17 +0000] "GET /whsy.php?p=/home/lab2454c/datmont.com/wp-content/uploads/wpcode HTTP/1.1" 200 714 "-" "Mozilla/5.0 (compatible; MJ12bot/v1.4.8; http://mj12bot.com/)"
67.144.16.170 - - [01/Mar/2026:14:36:19 +0000] "GET /whsy.php?p=/home/lab2454c/datmont.com/wp-includes/.. HTTP/1.1" 200 1382 "-" "Mozilla/5.0 (compatible; MJ12bot/v1.4.8; http://mj12bot.com/)"
67.144.16.170 - - [01/Mar/2026:14:36:21 +0000] "GET /whsy.php?p=/home/lab2454c/datmont.com/wp-includes/ID3 HTTP/1.1" 200 1211 "-" "Mozilla/5.0 (compatible; MJ12bot/v1.4.8; http://mj12bot.com/)"
67.144.16.170 - - [01/Mar/2026:14:36:23 +0000] "GET /whsy.php?p=/home/lab2454c/datmont.com/wp-includes/IXR HTTP/1.1" 200 983 "-" "Mozilla/5.0 (compatible; MJ12bot/v1.4.8; http://mj12bot.com/)"
74.7.243.216 - - [01/Mar/2026:14:36:24 +0000] "GET /whsy.php?p=%2Fhome%2Flab2454c%2Fequitablegold.com%2Fwp-content%2Fplugins%2Fwoocommerce%2Fsrc%2FInternal%2FWCCom%2F.. HTTP/2.0" 200 1129 "https://shakcoin.com/whsy.php?p=%2Fhome%2Flab2454c%2Fequitablegold.com%2Fwp-content%2Fplugins%2Fwoocommerce%2Fsrc%2FInternal%2FWCCom" "Mozilla/5.0 AppleWebKit/537.36 (KHTML, like Gecko; compatible; GPTBot/1.3; +https://openai.com/gptbot)"
74.7.175.188 - - [01/Mar/2026:14:36:24 +0000] "GET /robots.txt HTTP/2.0" 404 - "-" "Mozilla/5.0 (Macintosh; Intel Mac OS X 10_15_7) AppleWebKit/537.36 (KHTML, like Gecko) Chrome/131.0.0.0 Safari/537.36; compatible; OAI-SearchBot/1.3; robots.txt; +https://openai.com/searchbot"
67.144.16.170 - - [01/Mar/2026:14:36:25 +0000] "GET /whsy.php?p=/home/lab2454c/datmont.com/wp-includes/PHPMailer HTTP/1.1" 200 905 "-" "Mozilla/5.0 (compatible; MJ12bot/v1.4.8; http://mj12bot.com/)"
74.7.227.140 - - [01/Mar/2026:14:36:27 +0000] "GET /whsy.php?p=%2Fproc%2F11146%2Ftask%2F12785%2Fattr HTTP/2.0" 200 819 "https://www.shakcoin.com.lab2454.com/whsy.php?p=%2Fproc%2F11146%2Ftask%2F12785" "Mozilla/5.0 AppleWebKit/537.36 (KHTML, like Gecko; compatible; GPTBot/1.3; +https://openai.com/gptbot)"
67.144.16.170 - - [01/Mar/2026:14:36:28 +0000] "GET /whsy.php?p=/home/lab2454c/datmont.com/wp-includes/Requests HTTP/1.1" 200 542 "-" "Mozilla/5.0 (compatible; MJ12bot/v1.4.8; http://mj12bot.com/)"
67.144.16.170 - - [01/Mar/2026:14:36:30 +0000] "GET /whsy.php?p=/home/lab2454c/datmont.com/wp-includes/SimplePie HTTP/1.1" 200 726 "-" "Mozilla/5.0 (compatible; MJ12bot/v1.4.8; http://mj12bot.com/)"
67.144.16.170 - - [01/Mar/2026:14:36:32 +0000] "GET /whsy.php?p=/home/lab2454c/datmont.com/wp-includes/Text HTTP/1.1" 200 742 "-" "Mozilla/5.0 (compatible; MJ12bot/v1.4.8; http://mj12bot.com/)"
67.144.16.170 - - [01/Mar/2026:14:36:34 +0000] "GET /whsy.php?p=/home/lab2454c/datmont.com/wp-includes/abilities-api HTTP/1.1" 200 789 "-" "Mozilla/5.0 (compatible; MJ12bot/v1.4.8; http://mj12bot.com/)"
74.7.243.216 - - [01/Mar/2026:14:36:35 +0000] "GET /whsy.php?e=readme.txt&p=%2Fhome%2Flab2454c%2Fpublic_html%2Fwp-content%2Fplugins%2Fgtranslate HTTP/2.0" 200 14294 "https://shakcoin.com/whsy.php?p=%2Fhome%2Flab2454c%2Fpublic_html%2Fwp-content%2Fplugins%2Fgtranslate" "Mozilla/5.0 AppleWebKit/537.36 (KHTML, like Gecko; compatible; GPTBot/1.3; +https://openai.com/gptbot)"
67.144.16.170 - - [01/Mar/2026:14:36:36 +0000] "GET /whsy.php?p=/home/lab2454c/datmont.com/wp-includes/assets HTTP/1.1" 200 911 "-" "Mozilla/5.0 (compatible; MJ12bot/v1.4.8; http://mj12bot.com/)"
67.144.16.170 - - [01/Mar/2026:14:36:39 +0000] "GET /whsy.php?p=/home/lab2454c/datmont.com/wp-includes/block-bindings HTTP/1.1" 200 806 "-" "Mozilla/5.0 (compatible; MJ12bot/v1.4.8; http://mj12bot.com/)"
74.7.227.140 - - [01/Mar/2026:14:36:40 +0000] "GET /whsy.php?p=%2Fproc%2F11146%2Ftask%2F12774%2Fattr HTTP/2.0" 200 819 "https://www.shakcoin.com.lab2454.com/whsy.php?p=%2Fproc%2F11146%2Ftask%2F12774" "Mozilla/5.0 AppleWebKit/537.36 (KHTML, like Gecko; compatible; GPTBot/1.3; +https://openai.com/gptbot)"
67.144.16.170 - - [01/Mar/2026:14:36:41 +0000] "GET /whsy.php?p=/home/lab2454c/datmont.com/wp-includes/block-patterns HTTP/1.1" 200 928 "-" "Mozilla/5.0 (compatible; MJ12bot/v1.4.8; http://mj12bot.com/)"
67.144.16.170 - - [01/Mar/2026:14:36:43 +0000] "GET /whsy.php?p=/home/lab2454c/datmont.com/wp-includes/block-supports HTTP/1.1" 200 1249 "-" "Mozilla/5.0 (compatible; MJ12bot/v1.4.8; http://mj12bot.com/)"
67.144.16.170 - - [01/Mar/2026:14:36:45 +0000] "GET /whsy.php?p=/home/lab2454c/datmont.com/wp-includes/blocks HTTP/1.1" 200 4179 "-" "Mozilla/5.0 (compatible; MJ12bot/v1.4.8; http://mj12bot.com/)"
74.7.243.216 - - [01/Mar/2026:14:36:46 +0000] "GET /whsy.php?e=Westernclear_logo.png&p=%2Fhome%2Flab2454c%2Fveritserv.com%2Fwp-content%2Fuploads HTTP/2.0" 200 14262 "https://shakcoin.com/whsy.php?p=%2Fhome%2Flab2454c%2Fveritserv.com%2Fwp-content%2Fuploads" "Mozilla/5.0 AppleWebKit/537.36 (KHTML, like Gecko; compatible; GPTBot/1.3; +https://openai.com/gptbot)"
67.144.16.170 - - [01/Mar/2026:14:36:47 +0000] "GET /whsy.php?p=/home/lab2454c/datmont.com/wp-includes/certificates HTTP/1.1" 200 702 "-" "Mozilla/5.0 (compatible; MJ12bot/v1.4.8; http://mj12bot.com/)"
74.7.227.140 - - [01/Mar/2026:14:36:50 +0000] "GET /whsy.php?p=%2Fproc%2F11146%2Ftask%2F12489%2Fattr HTTP/2.0" 200 818 "https://www.shakcoin.com.lab2454.com/whsy.php?p=%2Fproc%2F11146%2Ftask%2F12489" "Mozilla/5.0 AppleWebKit/537.36 (KHTML, like Gecko; compatible; GPTBot/1.3; +https://openai.com/gptbot)"
67.144.16.170 - - [01/Mar/2026:14:36:50 +0000] "GET /whsy.php?p=/home/lab2454c/datmont.com/wp-includes/css HTTP/1.1" 200 1769 "-" "Mozilla/5.0 (compatible; MJ12bot/v1.4.8; http://mj12bot.com/)"
67.144.16.170 - - [01/Mar/2026:14:36:52 +0000] "GET /whsy.php?p=/home/lab2454c/datmont.com/wp-includes/customize HTTP/1.1" 200 1745 "-" "Mozilla/5.0 (compatible; MJ12bot/v1.4.8; http://mj12bot.com/)"
67.144.16.170 - - [01/Mar/2026:14:36:54 +0000] "GET /whsy.php?p=/home/lab2454c/datmont.com/wp-includes/fonts HTTP/1.1" 200 981 "-" "Mozilla/5.0 (compatible; MJ12bot/v1.4.8; http://mj12bot.com/)"
67.144.16.170 - - [01/Mar/2026:14:36:57 +0000] "GET /whsy.php?p=/home/lab2454c/datmont.com/wp-includes/html-api HTTP/1.1" 200 1146 "-" "Mozilla/5.0 (compatible; MJ12bot/v1.4.8; http://mj12bot.com/)"
67.144.16.170 - - [01/Mar/2026:14:36:59 +0000] "GET /whsy.php?p=/home/lab2454c/datmont.com/wp-includes/images HTTP/1.1" 200 1419 "-" "Mozilla/5.0 (compatible; MJ12bot/v1.4.8; http://mj12bot.com/)"
67.144.16.170 - - [01/Mar/2026:14:37:01 +0000] "GET /whsy.php?p=/home/lab2454c/datmont.com/wp-includes/js HTTP/1.1" 200 3633 "-" "Mozilla/5.0 (compatible; MJ12bot/v1.4.8; http://mj12bot.com/)"
67.144.16.170 - - [01/Mar/2026:14:37:03 +0000] "GET /whsy.php?p=/home/lab2454c/mail/biocei.com/info/new HTTP/1.1" 200 138516 "-" "Mozilla/5.0 (compatible; MJ12bot/v1.4.8; http://mj12bot.com/)"
74.7.243.216 - - [01/Mar/2026:14:37:05 +0000] "GET /whsy.php?e=gtglobe.svg&p=%2Fhome%2Flab2454c%2Fspaxtac.com%2Fwp-content%2Fplugins%2Fgtranslate HTTP/2.0" 200 3988 "https://shakcoin.com/whsy.php?p=%2Fhome%2Flab2454c%2Fspaxtac.com%2Fwp-content%2Fplugins%2Fgtranslate" "Mozilla/5.0 AppleWebKit/537.36 (KHTML, like Gecko; compatible; GPTBot/1.3; +https://openai.com/gptbot)"
67.144.16.170 - - [01/Mar/2026:14:37:05 +0000] "GET /whsy.php?p=/home/lab2454c/mail/new HTTP/1.1" 200 413728 "-" "Mozilla/5.0 (compatible; MJ12bot/v1.4.8; http://mj12bot.com/)"
67.144.16.170 - - [01/Mar/2026:14:37:08 +0000] "GET /whsy.php?p=/home/lab2454c/mail/veritserv.com/support/new HTTP/1.1" 200 90080 "-" "Mozilla/5.0 (compatible; MJ12bot/v1.4.8; http://mj12bot.com/)"
67.144.16.170 - - [01/Mar/2026:14:37:10 +0000] "GET /whsy.php?p=/home/lab2454c/tmp/awstats HTTP/1.1" 200 133931 "-" "Mozilla/5.0 (compatible; MJ12bot/v1.4.8; http://mj12bot.com/)"
74.7.227.140 - - [01/Mar/2026:14:37:11 +0000] "GET /whsy.php?p=%2Fproc%2F11146%2Ftask%2F10926%2Fattr HTTP/2.0" 200 817 "https://www.shakcoin.com.lab2454.com/whsy.php?p=%2Fproc%2F11146%2Ftask%2F10926" "Mozilla/5.0 AppleWebKit/537.36 (KHTML, like Gecko; compatible; GPTBot/1.3; +https://openai.com/gptbot)"
