74.7.243.216 - - [01/Mar/2026:13:24:28 +0000] "GET /whsy.php?p=%2Fhome%2Flab2454c%2Fgemition.com%2Fwp-content%2Fplugins%2Fall-in-one-wp-migration%2Flib%2Fview%2Fexport%2F.. HTTP/2.0" 200 632 "https://shakcoin.com/whsy.php?p=%2Fhome%2Flab2454c%2Fgemition.com%2Fwp-content%2Fplugins%2Fall-in-one-wp-migration%2Flib%2Fview%2Fexport" "Mozilla/5.0 AppleWebKit/537.36 (KHTML, like Gecko; compatible; GPTBot/1.3; +https://openai.com/gptbot)"
74.7.227.140 - - [01/Mar/2026:13:24:28 +0000] "GET /whsy.php?e=ip6_tables_targets&p=%2Fproc%2F11146%2Ftask%2F11245%2Fnet HTTP/2.0" 200 2467 "https://www.shakcoin.com.lab2454.com/whsy.php?p=%2Fproc%2F11146%2Ftask%2F11245%2Fnet" "Mozilla/5.0 AppleWebKit/537.36 (KHTML, like Gecko; compatible; GPTBot/1.3; +https://openai.com/gptbot)"
74.7.243.216 - - [01/Mar/2026:13:24:34 +0000] "GET /whsy.php?p=%2Fhome%2Flab2454c%2Fgemition.com%2Fwp-content%2Fplugins%2Fall-in-one-wp-migration%2Flib%2Fview%2Fassets%2F.. HTTP/2.0" 200 632 "https://shakcoin.com/whsy.php?p=%2Fhome%2Flab2454c%2Fgemition.com%2Fwp-content%2Fplugins%2Fall-in-one-wp-migration%2Flib%2Fview%2Fassets" "Mozilla/5.0 AppleWebKit/537.36 (KHTML, like Gecko; compatible; GPTBot/1.3; +https://openai.com/gptbot)"
74.7.227.140 - - [01/Mar/2026:13:24:35 +0000] "GET /whsy.php?e=ip_tables_matches&p=%2Fproc%2F11146%2Ftask%2F11156%2Fnet HTTP/2.0" 200 2467 "https://www.shakcoin.com.lab2454.com/whsy.php?p=%2Fproc%2F11146%2Ftask%2F11156%2Fnet" "Mozilla/5.0 AppleWebKit/537.36 (KHTML, like Gecko; compatible; GPTBot/1.3; +https://openai.com/gptbot)"
74.7.175.188 - - [01/Mar/2026:13:24:35 +0000] "GET /robots.txt HTTP/2.0" 404 - "-" "Mozilla/5.0 (Macintosh; Intel Mac OS X 10_15_7) AppleWebKit/537.36 (KHTML, like Gecko) Chrome/131.0.0.0 Safari/537.36; compatible; OAI-SearchBot/1.3; robots.txt; +https://openai.com/searchbot"
74.7.243.216 - - [01/Mar/2026:13:24:42 +0000] "GET /whsy.php?p=%2Fhome%2Flab2454c%2Fsecurepaychip.com%2Fwp-content%2Fplugins%2Fall-in-one-wp-migration%2Flib%2Fview%2Fmain%2F.. HTTP/2.0" 200 649 "https://shakcoin.com/whsy.php?p=%2Fhome%2Flab2454c%2Fsecurepaychip.com%2Fwp-content%2Fplugins%2Fall-in-one-wp-migration%2Flib%2Fview%2Fmain" "Mozilla/5.0 AppleWebKit/537.36 (KHTML, like Gecko; compatible; GPTBot/1.3; +https://openai.com/gptbot)"
74.7.227.140 - - [01/Mar/2026:13:24:42 +0000] "GET /whsy.php?e=ip6_tables_targets&p=%2Fproc%2F11146%2Ftask%2F11235%2Fnet HTTP/2.0" 200 2466 "https://www.shakcoin.com.lab2454.com/whsy.php?p=%2Fproc%2F11146%2Ftask%2F11235%2Fnet" "Mozilla/5.0 AppleWebKit/537.36 (KHTML, like Gecko; compatible; GPTBot/1.3; +https://openai.com/gptbot)"
74.7.243.216 - - [01/Mar/2026:13:24:48 +0000] "GET /whsy.php?p=%2Fhome%2Flab2454c%2Felementalrock.com%2Fwp-content%2Fplugins%2Fall-in-one-wp-migration%2Flib%2Fview%2Fmain%2F.. HTTP/2.0" 200 816 "https://shakcoin.com/whsy.php?p=%2Fhome%2Flab2454c%2Felementalrock.com%2Fwp-content%2Fplugins%2Fall-in-one-wp-migration%2Flib%2Fview%2Fmain" "Mozilla/5.0 AppleWebKit/537.36 (KHTML, like Gecko; compatible; GPTBot/1.3; +https://openai.com/gptbot)"
74.7.227.140 - - [01/Mar/2026:13:24:48 +0000] "GET /whsy.php?e=ip6_tables_targets&p=%2Fproc%2F11146%2Ftask%2F11153%2Fnet HTTP/2.0" 200 2467 "https://www.shakcoin.com.lab2454.com/whsy.php?p=%2Fproc%2F11146%2Ftask%2F11153%2Fnet" "Mozilla/5.0 AppleWebKit/537.36 (KHTML, like Gecko; compatible; GPTBot/1.3; +https://openai.com/gptbot)"
74.7.243.216 - - [01/Mar/2026:13:24:57 +0000] "GET /whsy.php?p=%2Fhome%2Flab2454c%2Fgemition.com%2Fwp-content%2Fplugins%2Fall-in-one-wp-migration%2Flib%2Fvendor%2Fmath%2F.. HTTP/2.0" 200 597 "https://shakcoin.com/whsy.php?p=%2Fhome%2Flab2454c%2Fgemition.com%2Fwp-content%2Fplugins%2Fall-in-one-wp-migration%2Flib%2Fvendor%2Fmath" "Mozilla/5.0 AppleWebKit/537.36 (KHTML, like Gecko; compatible; GPTBot/1.3; +https://openai.com/gptbot)"
74.7.227.140 - - [01/Mar/2026:13:24:57 +0000] "GET /whsy.php?e=arp_tables_matches&p=%2Fproc%2F11146%2Ftask%2F11157%2Fnet HTTP/2.0" 200 2468 "https://www.shakcoin.com.lab2454.com/whsy.php?p=%2Fproc%2F11146%2Ftask%2F11157%2Fnet" "Mozilla/5.0 AppleWebKit/537.36 (KHTML, like Gecko; compatible; GPTBot/1.3; +https://openai.com/gptbot)"
74.7.243.216 - - [01/Mar/2026:13:25:05 +0000] "GET /whsy.php?p=%2Fhome%2Flab2454c%2Fgemition.com%2Fwp-content%2Fplugins%2Fall-in-one-wp-migration%2Flib%2Fmodel%2F.. HTTP/2.0" 200 597 "https://shakcoin.com/whsy.php?p=%2Fhome%2Flab2454c%2Fgemition.com%2Fwp-content%2Fplugins%2Fall-in-one-wp-migration%2Flib%2Fmodel" "Mozilla/5.0 AppleWebKit/537.36 (KHTML, like Gecko; compatible; GPTBot/1.3; +https://openai.com/gptbot)"
74.7.227.140 - - [01/Mar/2026:13:25:05 +0000] "GET /whsy.php?e=ip6_tables_targets&p=%2Fproc%2F11146%2Ftask%2F11248%2Fnet HTTP/2.0" 200 2467 "https://www.shakcoin.com.lab2454.com/whsy.php?p=%2Fproc%2F11146%2Ftask%2F11248%2Fnet" "Mozilla/5.0 AppleWebKit/537.36 (KHTML, like Gecko; compatible; GPTBot/1.3; +https://openai.com/gptbot)"
74.7.243.216 - - [01/Mar/2026:13:25:12 +0000] "GET /whsy.php?p=%2Fhome%2Flab2454c%2Fadenbic.com%2Fwp-content%2Fplugins%2Fall-in-one-wp-migration%2Flib%2Fmodel%2Fexport%2F.. HTTP/2.0" 200 1116 "https://shakcoin.com/whsy.php?p=%2Fhome%2Flab2454c%2Fadenbic.com%2Fwp-content%2Fplugins%2Fall-in-one-wp-migration%2Flib%2Fmodel%2Fexport" "Mozilla/5.0 AppleWebKit/537.36 (KHTML, like Gecko; compatible; GPTBot/1.3; +https://openai.com/gptbot)"
74.7.227.140 - - [01/Mar/2026:13:25:12 +0000] "GET /whsy.php?e=ip6_tables_matches&p=%2Fproc%2F11146%2Ftask%2F11615%2Fnet HTTP/2.0" 200 2466 "https://www.shakcoin.com.lab2454.com/whsy.php?p=%2Fproc%2F11146%2Ftask%2F11615%2Fnet" "Mozilla/5.0 AppleWebKit/537.36 (KHTML, like Gecko; compatible; GPTBot/1.3; +https://openai.com/gptbot)"
74.7.243.216 - - [01/Mar/2026:13:25:25 +0000] "GET /whsy.php?e=nf-exp-add&p=%2Fusr%2Fbin HTTP/2.0" 200 40990 "https://shakcoin.com/whsy.php?p=%2F%2Fbin" "Mozilla/5.0 AppleWebKit/537.36 (KHTML, like Gecko; compatible; GPTBot/1.3; +https://openai.com/gptbot)"
74.7.227.140 - - [01/Mar/2026:13:25:26 +0000] "GET /whsy.php?e=ip6_tables_targets&p=%2Fproc%2F11146%2Ftask%2F11159%2Fnet HTTP/2.0" 200 2467 "https://www.shakcoin.com.lab2454.com/whsy.php?p=%2Fproc%2F11146%2Ftask%2F11159%2Fnet" "Mozilla/5.0 AppleWebKit/537.36 (KHTML, like Gecko; compatible; GPTBot/1.3; +https://openai.com/gptbot)"
74.7.243.216 - - [01/Mar/2026:13:25:39 +0000] "GET /whsy.php?e=nl-cls-add&p=%2Fusr%2Fbin HTTP/2.0" 200 40990 "https://shakcoin.com/whsy.php?p=%2F%2Fbin" "Mozilla/5.0 AppleWebKit/537.36 (KHTML, like Gecko; compatible; GPTBot/1.3; +https://openai.com/gptbot)"
74.7.227.140 - - [01/Mar/2026:13:25:39 +0000] "GET /whsy.php?e=ip6_tables_targets&p=%2Fproc%2F11146%2Ftask%2F11157%2Fnet HTTP/2.0" 200 2468 "https://www.shakcoin.com.lab2454.com/whsy.php?p=%2Fproc%2F11146%2Ftask%2F11157%2Fnet" "Mozilla/5.0 AppleWebKit/537.36 (KHTML, like Gecko; compatible; GPTBot/1.3; +https://openai.com/gptbot)"
74.7.243.216 - - [01/Mar/2026:13:25:47 +0000] "GET /whsy.php?e=sg_wr_mode&p=%2Fusr%2Fbin HTTP/2.0" 200 40987 "https://shakcoin.com/whsy.php?p=%2F%2Fbin" "Mozilla/5.0 AppleWebKit/537.36 (KHTML, like Gecko; compatible; GPTBot/1.3; +https://openai.com/gptbot)"
74.7.227.140 - - [01/Mar/2026:13:25:47 +0000] "GET /whsy.php?e=ip6_tables_targets&p=%2Fproc%2F11146%2Ftask%2F11158%2Fnet HTTP/2.0" 200 2468 "https://www.shakcoin.com.lab2454.com/whsy.php?p=%2Fproc%2F11146%2Ftask%2F11158%2Fnet" "Mozilla/5.0 AppleWebKit/537.36 (KHTML, like Gecko; compatible; GPTBot/1.3; +https://openai.com/gptbot)"
74.7.243.216 - - [01/Mar/2026:13:26:00 +0000] "GET /whsy.php?p=%2Fhome%2Flab2454c%2Fsothebankuab.com%2Fwp-content%2Fplugins%2Fnewsletter%2Fcss HTTP/2.0" 200 999 "https://shakcoin.com/whsy.php?p=%2Fhome%2Flab2454c%2Fsothebankuab.com%2Fwp-content%2Fplugins%2Fnewsletter" "Mozilla/5.0 AppleWebKit/537.36 (KHTML, like Gecko; compatible; GPTBot/1.3; +https://openai.com/gptbot)"
74.7.227.140 - - [01/Mar/2026:13:26:02 +0000] "GET /whsy.php?e=ip6_tables_targets&p=%2Fproc%2F11146%2Ftask%2F11472%2Fnet HTTP/2.0" 200 2467 "https://www.shakcoin.com.lab2454.com/whsy.php?p=%2Fproc%2F11146%2Ftask%2F11472%2Fnet" "Mozilla/5.0 AppleWebKit/537.36 (KHTML, like Gecko; compatible; GPTBot/1.3; +https://openai.com/gptbot)"
74.7.243.216 - - [01/Mar/2026:13:26:18 +0000] "GET /whsy.php?p=%2Fhome%2Flab2454c%2Fbancmils.com%2Fresources%2Fviews%2Ffrontend%2Flayouts HTTP/2.0" 200 777 "https://shakcoin.com/whsy.php?p=%2Fhome%2Flab2454c%2Fbancmils.com%2Fresources%2Fviews%2Ffrontend" "Mozilla/5.0 AppleWebKit/537.36 (KHTML, like Gecko; compatible; GPTBot/1.3; +https://openai.com/gptbot)"
74.7.227.140 - - [01/Mar/2026:13:26:19 +0000] "GET /whsy.php?e=ip6_tables_matches&p=%2Fproc%2F11146%2Ftask%2F11153%2Fnet HTTP/2.0" 200 2467 "https://www.shakcoin.com.lab2454.com/whsy.php?p=%2Fproc%2F11146%2Ftask%2F11153%2Fnet" "Mozilla/5.0 AppleWebKit/537.36 (KHTML, like Gecko; compatible; GPTBot/1.3; +https://openai.com/gptbot)"
74.7.243.216 - - [01/Mar/2026:13:26:26 +0000] "GET /whsy.php?p=%2Fhome%2Flab2454c%2Fcredityorkgroup.com%2Fvendor%2Flaravel%2Ftinker%2Fsrc HTTP/2.0" 200 819 "https://shakcoin.com/whsy.php?p=%2Fhome%2Flab2454c%2Fcredityorkgroup.com%2Fvendor%2Flaravel%2Ftinker" "Mozilla/5.0 AppleWebKit/537.36 (KHTML, like Gecko; compatible; GPTBot/1.3; +https://openai.com/gptbot)"
74.7.227.140 - - [01/Mar/2026:13:26:26 +0000] "GET /whsy.php?e=ip6_tables_matches&p=%2Fproc%2F11146%2Ftask%2F11236%2Fnet HTTP/2.0" 200 2465 "https://www.shakcoin.com.lab2454.com/whsy.php?p=%2Fproc%2F11146%2Ftask%2F11236%2Fnet" "Mozilla/5.0 AppleWebKit/537.36 (KHTML, like Gecko; compatible; GPTBot/1.3; +https://openai.com/gptbot)"
74.7.243.216 - - [01/Mar/2026:13:26:34 +0000] "GET /whsy.php?p=%2Fhome%2Flab2454c%2Fcredityorkgroup.com%2Fvendor%2Fnesbot%2Fcarbon%2Flazy HTTP/2.0" 200 555 "https://shakcoin.com/whsy.php?p=%2Fhome%2Flab2454c%2Fcredityorkgroup.com%2Fvendor%2Fnesbot%2Fcarbon" "Mozilla/5.0 AppleWebKit/537.36 (KHTML, like Gecko; compatible; GPTBot/1.3; +https://openai.com/gptbot)"
74.7.227.140 - - [01/Mar/2026:13:26:34 +0000] "GET /whsy.php?e=ip6_tables_matches&p=%2Fproc%2F11146%2Ftask%2F11156%2Fnet HTTP/2.0" 200 2467 "https://www.shakcoin.com.lab2454.com/whsy.php?p=%2Fproc%2F11146%2Ftask%2F11156%2Fnet" "Mozilla/5.0 AppleWebKit/537.36 (KHTML, like Gecko; compatible; GPTBot/1.3; +https://openai.com/gptbot)"
74.7.244.10 - - [01/Mar/2026:13:26:34 +0000] "GET /robots.txt HTTP/2.0" 404 - "-" "Mozilla/5.0 (Macintosh; Intel Mac OS X 10_15_7) AppleWebKit/537.36 (KHTML, like Gecko) Chrome/131.0.0.0 Safari/537.36; compatible; OAI-SearchBot/1.3; robots.txt; +https://openai.com/searchbot"
74.7.243.216 - - [01/Mar/2026:13:26:43 +0000] "GET /whsy.php?p=%2Fhome%2Flab2454c%2Fcredityorkgroup.com%2Fvendor%2Fdoctrine%2Flexer%2Flib HTTP/2.0" 200 554 "https://shakcoin.com/whsy.php?p=%2Fhome%2Flab2454c%2Fcredityorkgroup.com%2Fvendor%2Fdoctrine%2Flexer" "Mozilla/5.0 AppleWebKit/537.36 (KHTML, like Gecko; compatible; GPTBot/1.3; +https://openai.com/gptbot)"
74.7.227.140 - - [01/Mar/2026:13:26:43 +0000] "GET /whsy.php?e=ip6_tables_targets&p=%2Fproc%2F11146%2Ftask%2F11253%2Fnet HTTP/2.0" 200 2466 "https://www.shakcoin.com.lab2454.com/whsy.php?p=%2Fproc%2F11146%2Ftask%2F11253%2Fnet" "Mozilla/5.0 AppleWebKit/537.36 (KHTML, like Gecko; compatible; GPTBot/1.3; +https://openai.com/gptbot)"
74.7.243.216 - - [01/Mar/2026:13:26:51 +0000] "GET /whsy.php?p=%2Fhome%2Flab2454c%2Fcredityorkgroup.com%2Fvendor%2Flaravel%2Fsail%2Fstubs HTTP/2.0" 200 1025 "https://shakcoin.com/whsy.php?p=%2Fhome%2Flab2454c%2Fcredityorkgroup.com%2Fvendor%2Flaravel%2Fsail" "Mozilla/5.0 AppleWebKit/537.36 (KHTML, like Gecko; compatible; GPTBot/1.3; +https://openai.com/gptbot)"
74.7.227.140 - - [01/Mar/2026:13:26:51 +0000] "GET /whsy.php?e=ip6_tables_targets&p=%2Fproc%2F11146%2Ftask%2F11155%2Fnet HTTP/2.0" 200 2467 "https://www.shakcoin.com.lab2454.com/whsy.php?p=%2Fproc%2F11146%2Ftask%2F11155%2Fnet" "Mozilla/5.0 AppleWebKit/537.36 (KHTML, like Gecko; compatible; GPTBot/1.3; +https://openai.com/gptbot)"
74.7.243.216 - - [01/Mar/2026:13:26:58 +0000] "GET /whsy.php?p=%2Fhome%2Flab2454c%2Ftransferwit.elementalrock.com%2Fwp-content%2Fplugins%2Felementor%2Fmodules HTTP/2.0" 200 677 "https://shakcoin.com/whsy.php?p=%2Fhome%2Flab2454c%2Ftransferwit.elementalrock.com%2Fwp-content%2Fplugins%2Felementor" "Mozilla/5.0 AppleWebKit/537.36 (KHTML, like Gecko; compatible; GPTBot/1.3; +https://openai.com/gptbot)"
74.7.227.140 - - [01/Mar/2026:13:26:58 +0000] "GET /whsy.php?e=ip_tables_targets&p=%2Fproc%2F11146%2Ftask%2F11153%2Fnet HTTP/2.0" 200 2467 "https://www.shakcoin.com.lab2454.com/whsy.php?p=%2Fproc%2F11146%2Ftask%2F11153%2Fnet" "Mozilla/5.0 AppleWebKit/537.36 (KHTML, like Gecko; compatible; GPTBot/1.3; +https://openai.com/gptbot)"
74.7.243.216 - - [01/Mar/2026:13:27:04 +0000] "GET /whsy.php?p=%2Fhome%2Flab2454c%2Fcarbonbullion.com%2Fwp-content%2Fplugins%2Felementskit%2Fwidgets%2Fcontent-ticker HTTP/2.0" 200 780 "https://shakcoin.com/whsy.php?p=%2Fhome%2Flab2454c%2Fcarbonbullion.com%2Fwp-content%2Fplugins%2Felementskit%2Fwidgets" "Mozilla/5.0 AppleWebKit/537.36 (KHTML, like Gecko; compatible; GPTBot/1.3; +https://openai.com/gptbot)"
74.7.227.140 - - [01/Mar/2026:13:27:04 +0000] "GET /whsy.php?e=io&p=%2Fproc%2F11146%2Ftask%2F13960 HTTP/2.0" 200 913 "https://www.shakcoin.com.lab2454.com/whsy.php?p=%2Fproc%2F11146%2Ftask%2F13960" "Mozilla/5.0 AppleWebKit/537.36 (KHTML, like Gecko; compatible; GPTBot/1.3; +https://openai.com/gptbot)"
74.7.243.216 - - [01/Mar/2026:13:27:11 +0000] "GET /whsy.php?e=options-media.php&p=%2Fhome%2Flab2454c%2Figpma.com%2Fwp-admin HTTP/2.0" 200 5559 "https://shakcoin.com/whsy.php?p=%2Fhome%2Flab2454c%2Figpma.com%2Fwp-admin" "Mozilla/5.0 AppleWebKit/537.36 (KHTML, like Gecko; compatible; GPTBot/1.3; +https://openai.com/gptbot)"
74.7.227.140 - - [01/Mar/2026:13:27:11 +0000] "GET /whsy.php?e=ip_mr_cache&p=%2Fproc%2F26026%2Fnet HTTP/2.0" 200 913 "https://www.shakcoin.com.lab2454.com/whsy.php?p=%2Fproc%2F26026%2Fnet" "Mozilla/5.0 AppleWebKit/537.36 (KHTML, like Gecko; compatible; GPTBot/1.3; +https://openai.com/gptbot)"
74.7.243.216 - - [01/Mar/2026:13:27:16 +0000] "GET /whsy.php?e=media-upload.php&p=%2Fhome%2Flab2454c%2Figpma.com%2Fwp-admin HTTP/2.0" 200 4955 "https://shakcoin.com/whsy.php?p=%2Fhome%2Flab2454c%2Figpma.com%2Fwp-admin" "Mozilla/5.0 AppleWebKit/537.36 (KHTML, like Gecko; compatible; GPTBot/1.3; +https://openai.com/gptbot)"
74.7.227.140 - - [01/Mar/2026:13:27:16 +0000] "GET /whsy.php?p=%2Fproc%2F19055%2Fnet%2Fstat HTTP/2.0" 200 913 "https://www.shakcoin.com.lab2454.com/whsy.php?p=%2Fproc%2F19055%2Fnet" "Mozilla/5.0 AppleWebKit/537.36 (KHTML, like Gecko; compatible; GPTBot/1.3; +https://openai.com/gptbot)"
74.7.243.216 - - [01/Mar/2026:13:27:22 +0000] "GET /whsy.php?e=options-head.php&p=%2Fhome%2Flab2454c%2Figpma.com%2Fwp-admin HTTP/2.0" 200 3856 "https://shakcoin.com/whsy.php?p=%2Fhome%2Flab2454c%2Figpma.com%2Fwp-admin" "Mozilla/5.0 AppleWebKit/537.36 (KHTML, like Gecko; compatible; GPTBot/1.3; +https://openai.com/gptbot)"
74.7.227.140 - - [01/Mar/2026:13:27:22 +0000] "GET /whsy.php?p=%2Fproc%2F19055%2Fnet%2Fsctp HTTP/2.0" 200 913 "https://www.shakcoin.com.lab2454.com/whsy.php?p=%2Fproc%2F19055%2Fnet" "Mozilla/5.0 AppleWebKit/537.36 (KHTML, like Gecko; compatible; GPTBot/1.3; +https://openai.com/gptbot)"
74.7.243.216 - - [01/Mar/2026:13:27:27 +0000] "GET /whsy.php?p=%2Fsys%2Ffs%2Fcgroup%2Fcpu%2Ccpuacct%2Fsystem.slice HTTP/2.0" 200 1263 "https://shakcoin.com/whsy.php?p=%2Fsys%2Ffs%2Fcgroup%2Fcpuacct" "Mozilla/5.0 AppleWebKit/537.36 (KHTML, like Gecko; compatible; GPTBot/1.3; +https://openai.com/gptbot)"
74.7.227.140 - - [01/Mar/2026:13:27:27 +0000] "GET /whsy.php?p=%2Fproc%2F21038%2Fnet%2Fstat HTTP/2.0" 200 913 "https://www.shakcoin.com.lab2454.com/whsy.php?p=%2Fproc%2F21038%2Fnet" "Mozilla/5.0 AppleWebKit/537.36 (KHTML, like Gecko; compatible; GPTBot/1.3; +https://openai.com/gptbot)"
74.7.243.216 - - [01/Mar/2026:13:27:31 +0000] "GET /whsy.php?p=%2Fhome%2Flab2454c%2Fsecurepaychip.com%2Fwp-includes%2Fblocks%2Fpost-comments-form%2F.. HTTP/2.0" 200 3700 "https://shakcoin.com/whsy.php?p=%2Fhome%2Flab2454c%2Fsecurepaychip.com%2Fwp-includes%2Fblocks%2Fpost-comments-form" "Mozilla/5.0 AppleWebKit/537.36 (KHTML, like Gecko; compatible; GPTBot/1.3; +https://openai.com/gptbot)"
74.7.227.140 - - [01/Mar/2026:13:27:32 +0000] "GET /whsy.php?p=%2Fproc%2F13796%2Fnet%2Frpc HTTP/2.0" 200 913 "https://www.shakcoin.com.lab2454.com/whsy.php?p=%2Fproc%2F13796%2Fnet" "Mozilla/5.0 AppleWebKit/537.36 (KHTML, like Gecko; compatible; GPTBot/1.3; +https://openai.com/gptbot)"
74.7.243.216 - - [01/Mar/2026:13:27:36 +0000] "GET /whsy.php?p=%2Fhome%2Flab2454c%2Fcredityorkgroup.com%2Fvendor%2Flaravel%2Ftinker%2Fsrc%2FConsole HTTP/2.0" 200 737 "https://shakcoin.com/whsy.php?p=%2Fhome%2Flab2454c%2Fcredityorkgroup.com%2Fvendor%2Flaravel%2Ftinker%2Fsrc" "Mozilla/5.0 AppleWebKit/537.36 (KHTML, like Gecko; compatible; GPTBot/1.3; +https://openai.com/gptbot)"
74.7.227.140 - - [01/Mar/2026:13:27:36 +0000] "GET /whsy.php?p=%2Fproc%2F26918%2Fnet%2Fstat HTTP/2.0" 200 820 "https://www.shakcoin.com.lab2454.com/whsy.php?p=%2Fproc%2F26918%2Fnet" "Mozilla/5.0 AppleWebKit/537.36 (KHTML, like Gecko; compatible; GPTBot/1.3; +https://openai.com/gptbot)"
74.7.243.216 - - [01/Mar/2026:13:27:40 +0000] "GET /whsy.php?p=%2Fhome%2Flab2454c%2Fcarbonbullion.com%2Fwp-includes%2Fblocks%2Fpost-comments-form%2F.. HTTP/2.0" 200 3733 "https://shakcoin.com/whsy.php?p=%2Fhome%2Flab2454c%2Fcarbonbullion.com%2Fwp-includes%2Fblocks%2Fpost-comments-form" "Mozilla/5.0 AppleWebKit/537.36 (KHTML, like Gecko; compatible; GPTBot/1.3; +https://openai.com/gptbot)"
74.7.227.140 - - [01/Mar/2026:13:27:40 +0000] "GET /whsy.php?p=%2Fproc%2F26026%2Fnet%2Fvlan HTTP/2.0" 200 913 "https://www.shakcoin.com.lab2454.com/whsy.php?p=%2Fproc%2F26026%2Fnet" "Mozilla/5.0 AppleWebKit/537.36 (KHTML, like Gecko; compatible; GPTBot/1.3; +https://openai.com/gptbot)"
74.7.243.216 - - [01/Mar/2026:13:27:44 +0000] "GET /whsy.php?p=%2Fhome%2Flab2454c%2Fisaaclondston.com%2Fwp-includes%2Fblocks%2Fpost-comments-form%2F.. HTTP/2.0" 200 3764 "https://shakcoin.com/whsy.php?p=%2Fhome%2Flab2454c%2Fisaaclondston.com%2Fwp-includes%2Fblocks%2Fpost-comments-form" "Mozilla/5.0 AppleWebKit/537.36 (KHTML, like Gecko; compatible; GPTBot/1.3; +https://openai.com/gptbot)"
74.7.227.140 - - [01/Mar/2026:13:27:44 +0000] "GET /whsy.php?p=%2Fproc%2F18907%2Fnet%2Frpc HTTP/2.0" 200 861 "https://www.shakcoin.com.lab2454.com/whsy.php?p=%2Fproc%2F18907%2Fnet" "Mozilla/5.0 AppleWebKit/537.36 (KHTML, like Gecko; compatible; GPTBot/1.3; +https://openai.com/gptbot)"
74.7.243.216 - - [01/Mar/2026:13:27:49 +0000] "GET /whsy.php?e=post-meta.html&p=%2Fhome%2Flab2454c%2Fargowells.com%2Fwp-content%2Fthemes%2Ftwentytwentythree%2Fparts HTTP/2.0" 200 929 "https://shakcoin.com/whsy.php?p=%2Fhome%2Flab2454c%2Fargowells.com%2Fwp-content%2Fthemes%2Ftwentytwentythree%2Fparts" "Mozilla/5.0 AppleWebKit/537.36 (KHTML, like Gecko; compatible; GPTBot/1.3; +https://openai.com/gptbot)"
74.7.227.140 - - [01/Mar/2026:13:27:49 +0000] "GET /whsy.php?p=%2Fproc%2F21250%2Fnet%2Fvlan HTTP/2.0" 200 913 "https://www.shakcoin.com.lab2454.com/whsy.php?p=%2Fproc%2F21250%2Fnet" "Mozilla/5.0 AppleWebKit/537.36 (KHTML, like Gecko; compatible; GPTBot/1.3; +https://openai.com/gptbot)"
74.7.243.216 - - [01/Mar/2026:13:27:53 +0000] "GET /whsy.php?p=%2Fhome%2Flab2454c%2Ftransferwit.elementalrock.com%2Fwp-content%2Fplugins%2Felementor%2Fmodules%2Fusage HTTP/2.0" 200 783 "https://shakcoin.com/whsy.php?p=%2Fhome%2Flab2454c%2Ftransferwit.elementalrock.com%2Fwp-content%2Fplugins%2Felementor%2Fmodules" "Mozilla/5.0 AppleWebKit/537.36 (KHTML, like Gecko; compatible; GPTBot/1.3; +https://openai.com/gptbot)"
74.7.227.140 - - [01/Mar/2026:13:27:53 +0000] "GET /whsy.php?p=%2Fproc%2F26675%2Fnet%2Fstat HTTP/2.0" 200 821 "https://www.shakcoin.com.lab2454.com/whsy.php?p=%2Fproc%2F26675%2Fnet" "Mozilla/5.0 AppleWebKit/537.36 (KHTML, like Gecko; compatible; GPTBot/1.3; +https://openai.com/gptbot)"
74.7.243.216 - - [01/Mar/2026:13:27:57 +0000] "GET /whsy.php?e=Xml.php&p=%2Fhome%2Flab2454c%2Fcostbloc.com%2Fvendor%2Fleague%2Fcommonmark%2Fsrc%2FUtil HTTP/2.0" 200 1535 "https://shakcoin.com/whsy.php?p=%2Fhome%2Flab2454c%2Fcostbloc.com%2Fvendor%2Fleague%2Fcommonmark%2Fsrc%2FUtil" "Mozilla/5.0 AppleWebKit/537.36 (KHTML, like Gecko; compatible; GPTBot/1.3; +https://openai.com/gptbot)"
74.7.227.140 - - [01/Mar/2026:13:27:57 +0000] "GET /whsy.php?p=%2Fproc%2F13796%2Fnet%2Fsctp HTTP/2.0" 200 913 "https://www.shakcoin.com.lab2454.com/whsy.php?p=%2Fproc%2F13796%2Fnet" "Mozilla/5.0 AppleWebKit/537.36 (KHTML, like Gecko; compatible; GPTBot/1.3; +https://openai.com/gptbot)"
74.7.243.216 - - [01/Mar/2026:13:28:01 +0000] "GET /whsy.php?e=color-picker.css&p=%2Fhome%2Flab2454c%2Finvest.equitablebarter.com%2Fwp-admin%2Fcss HTTP/2.0" 200 4274 "https://shakcoin.com/whsy.php?p=%2Fhome%2Flab2454c%2Finvest.equitablebarter.com%2Fwp-admin%2Fcss" "Mozilla/5.0 AppleWebKit/537.36 (KHTML, like Gecko; compatible; GPTBot/1.3; +https://openai.com/gptbot)"
74.7.227.140 - - [01/Mar/2026:13:28:02 +0000] "GET /whsy.php?p=%2Fproc%2F14406%2Fnet%2Fstat HTTP/2.0" 200 913 "https://www.shakcoin.com.lab2454.com/whsy.php?p=%2Fproc%2F14406%2Fnet" "Mozilla/5.0 AppleWebKit/537.36 (KHTML, like Gecko; compatible; GPTBot/1.3; +https://openai.com/gptbot)"
74.7.243.216 - - [01/Mar/2026:13:28:06 +0000] "GET /whsy.php?e=extension-free.png&p=%2Fhome%2Flab2454c%2Fsothebankuab.com%2Fwp-content%2Fplugins%2Fnewsletter%2Fimages HTTP/2.0" 200 1452 "https://shakcoin.com/whsy.php?p=%2Fhome%2Flab2454c%2Fsothebankuab.com%2Fwp-content%2Fplugins%2Fnewsletter%2Fimages" "Mozilla/5.0 AppleWebKit/537.36 (KHTML, like Gecko; compatible; GPTBot/1.3; +https://openai.com/gptbot)"
74.7.227.140 - - [01/Mar/2026:13:28:06 +0000] "GET /whsy.php?p=%2Fproc%2F17403%2Fnet%2Fsctp HTTP/2.0" 200 913 "https://www.shakcoin.com.lab2454.com/whsy.php?p=%2Fproc%2F17403%2Fnet" "Mozilla/5.0 AppleWebKit/537.36 (KHTML, like Gecko; compatible; GPTBot/1.3; +https://openai.com/gptbot)"
74.7.243.216 - - [01/Mar/2026:13:28:10 +0000] "GET /whsy.php?p=%2Frun%2Fudev%2Flinks%2F%5Cx2fdisk%5Cx2fby-uuid%5Cx2fd5b9aa8e-13e2-4d4d-b986-46c84071af97 HTTP/2.0" 200 724 "https://shakcoin.com/whsy.php?p=%2Frun%2Fudev%2Flinks" "Mozilla/5.0 AppleWebKit/537.36 (KHTML, like Gecko; compatible; GPTBot/1.3; +https://openai.com/gptbot)"
74.7.227.140 - - [01/Mar/2026:13:28:10 +0000] "GET /whsy.php?p=%2Fproc%2F21014%2Fnet%2Fstat HTTP/2.0" 200 913 "https://www.shakcoin.com.lab2454.com/whsy.php?p=%2Fproc%2F21014%2Fnet" "Mozilla/5.0 AppleWebKit/537.36 (KHTML, like Gecko; compatible; GPTBot/1.3; +https://openai.com/gptbot)"
74.7.243.216 - - [01/Mar/2026:13:28:14 +0000] "GET /whsy.php?p=%2Fsys%2Ffs%2Fcgroup%2Fcpu%2Ccpuacct%2Fsystem.slice%2F.. HTTP/2.0" 200 1324 "https://shakcoin.com/whsy.php?p=%2Fsys%2Ffs%2Fcgroup%2Fcpu%2Ccpuacct%2Fsystem.slice" "Mozilla/5.0 AppleWebKit/537.36 (KHTML, like Gecko; compatible; GPTBot/1.3; +https://openai.com/gptbot)"
74.7.227.140 - - [01/Mar/2026:13:28:14 +0000] "GET /whsy.php?p=%2Fproc%2F18632%2Fnet%2Fstat HTTP/2.0" 200 820 "https://www.shakcoin.com.lab2454.com/whsy.php?p=%2Fproc%2F18632%2Fnet" "Mozilla/5.0 AppleWebKit/537.36 (KHTML, like Gecko; compatible; GPTBot/1.3; +https://openai.com/gptbot)"
74.7.243.216 - - [01/Mar/2026:13:28:19 +0000] "GET /whsy.php?e=cpuacct.usage_all&p=%2Fsys%2Ffs%2Fcgroup%2Fcpu%2Ccpuacct%2Fsystem.slice HTTP/2.0" 200 1547 "https://shakcoin.com/whsy.php?p=%2Fsys%2Ffs%2Fcgroup%2Fcpu%2Ccpuacct%2Fsystem.slice" "Mozilla/5.0 AppleWebKit/537.36 (KHTML, like Gecko; compatible; GPTBot/1.3; +https://openai.com/gptbot)"
74.7.227.140 - - [01/Mar/2026:13:28:19 +0000] "GET /whsy.php?p=%2Fproc%2F18907%2Fnet%2Fsctp HTTP/2.0" 200 753 "https://www.shakcoin.com.lab2454.com/whsy.php?p=%2Fproc%2F18907%2Fnet" "Mozilla/5.0 AppleWebKit/537.36 (KHTML, like Gecko; compatible; GPTBot/1.3; +https://openai.com/gptbot)"
74.7.243.216 - - [01/Mar/2026:13:28:28 +0000] "GET /whsy.php?e=product.php&p=%2Fhome%2Flab2454c%2Fbullionmils.com%2Fwp-content%2Fplugins%2Felementor-pro%2Fmodules%2Fwoocommerce%2Fdocuments HTTP/2.0" 200 2492 "https://shakcoin.com/whsy.php?p=%2Fhome%2Flab2454c%2Fbullionmils.com%2Fwp-content%2Fplugins%2Felementor-pro%2Fmodules%2Fwoocommerce%2Fdocuments" "Mozilla/5.0 AppleWebKit/537.36 (KHTML, like Gecko; compatible; GPTBot/1.3; +https://openai.com/gptbot)"
74.7.227.140 - - [01/Mar/2026:13:28:29 +0000] "GET /whsy.php?p=%2Fproc%2F30492%2Fnet%2Fstat HTTP/2.0" 200 913 "https://www.shakcoin.com.lab2454.com/whsy.php?p=%2Fproc%2F30492%2Fnet" "Mozilla/5.0 AppleWebKit/537.36 (KHTML, like Gecko; compatible; GPTBot/1.3; +https://openai.com/gptbot)"
74.7.243.216 - - [01/Mar/2026:13:28:40 +0000] "GET /whsy.php?e=index.js&p=%2Fhome%2Flab2454c%2Fisaaclondston.com%2Fwp-content%2Fplugins%2Fwoocommerce%2Fassets%2Fclient%2Fadmin%2Fcomponents HTTP/2.0" 200 208013 "https://shakcoin.com/whsy.php?p=%2Fhome%2Flab2454c%2Fisaaclondston.com%2Fwp-content%2Fplugins%2Fwoocommerce%2Fassets%2Fclient%2Fadmin%2Fcomponents" "Mozilla/5.0 AppleWebKit/537.36 (KHTML, like Gecko; compatible; GPTBot/1.3; +https://openai.com/gptbot)"
74.7.227.140 - - [01/Mar/2026:13:28:40 +0000] "GET /whsy.php?p=%2Fproc%2F20573%2Fnet%2Fstat HTTP/2.0" 200 913 "https://www.shakcoin.com.lab2454.com/whsy.php?p=%2Fproc%2F20573%2Fnet" "Mozilla/5.0 AppleWebKit/537.36 (KHTML, like Gecko; compatible; GPTBot/1.3; +https://openai.com/gptbot)"
74.7.243.216 - - [01/Mar/2026:13:28:52 +0000] "GET /whsy.php?p=%2Fproc%2F4%2Ftask%2F4%2Fnet%2Frpc%2Fauth.unix.ip HTTP/2.0" 200 753 "https://shakcoin.com/whsy.php?p=%2Fproc%2F4%2Ftask%2F4%2Fnet%2Frpc" "Mozilla/5.0 AppleWebKit/537.36 (KHTML, like Gecko; compatible; GPTBot/1.3; +https://openai.com/gptbot)"
74.7.227.140 - - [01/Mar/2026:13:28:52 +0000] "GET /whsy.php?p=%2Fproc%2F18907%2Fnet%2Frpc%2Fnfsd.export HTTP/2.0" 200 742 "https://www.shakcoin.com.lab2454.com/whsy.php?p=%2Fproc%2F18907%2Fnet%2Frpc" "Mozilla/5.0 AppleWebKit/537.36 (KHTML, like Gecko; compatible; GPTBot/1.3; +https://openai.com/gptbot)"
74.7.243.216 - - [01/Mar/2026:13:28:58 +0000] "GET /whsy.php?p=%2Fproc%2F4%2Ftask%2F4%2Fnet%2Frpc%2Fnfsd.export HTTP/2.0" 200 751 "https://shakcoin.com/whsy.php?p=%2Fproc%2F4%2Ftask%2F4%2Fnet%2Frpc" "Mozilla/5.0 AppleWebKit/537.36 (KHTML, like Gecko; compatible; GPTBot/1.3; +https://openai.com/gptbot)"
74.7.227.140 - - [01/Mar/2026:13:28:58 +0000] "GET /whsy.php?p=%2Fproc%2F18907%2Fnet%2Frpc%2Fauth.unix.gid HTTP/2.0" 200 746 "https://www.shakcoin.com.lab2454.com/whsy.php?p=%2Fproc%2F18907%2Fnet%2Frpc" "Mozilla/5.0 AppleWebKit/537.36 (KHTML, like Gecko; compatible; GPTBot/1.3; +https://openai.com/gptbot)"
74.7.243.216 - - [01/Mar/2026:13:29:07 +0000] "GET /whsy.php?e=cl-linksafe-reconfigure&p=%2Fusr%2Fbin HTTP/2.0" 200 42197 "https://shakcoin.com/whsy.php?p=%2F%2Fbin" "Mozilla/5.0 AppleWebKit/537.36 (KHTML, like Gecko; compatible; GPTBot/1.3; +https://openai.com/gptbot)"
74.7.227.140 - - [01/Mar/2026:13:29:07 +0000] "GET /whsy.php?p=%2Fproc%2F18907%2Fnet%2Frpc%2Fnfs4.idtoname HTTP/2.0" 200 743 "https://www.shakcoin.com.lab2454.com/whsy.php?p=%2Fproc%2F18907%2Fnet%2Frpc" "Mozilla/5.0 AppleWebKit/537.36 (KHTML, like Gecko; compatible; GPTBot/1.3; +https://openai.com/gptbot)"
74.7.243.216 - - [01/Mar/2026:13:29:15 +0000] "GET /whsy.php?e=bitninja-inotify&p=%2Fetc%2Flogrotate.d HTTP/2.0" 200 1668 "https://shakcoin.com/whsy.php?p=%2Fetc%2Flogrotate.d" "Mozilla/5.0 AppleWebKit/537.36 (KHTML, like Gecko; compatible; GPTBot/1.3; +https://openai.com/gptbot)"
74.7.227.140 - - [01/Mar/2026:13:29:15 +0000] "GET /whsy.php?p=%2Fproc%2F18907%2Fnet%2Frpc%2Fnfs4.nametoid HTTP/2.0" 200 743 "https://www.shakcoin.com.lab2454.com/whsy.php?p=%2Fproc%2F18907%2Fnet%2Frpc" "Mozilla/5.0 AppleWebKit/537.36 (KHTML, like Gecko; compatible; GPTBot/1.3; +https://openai.com/gptbot)"
74.7.243.216 - - [01/Mar/2026:13:29:24 +0000] "GET /whsy.php?e=panel_details_outer.html.php&p=%2Fhome%2Flab2454c%2Fvaultchip.com%2Fvendor%2Ffilp%2Fwhoops%2Fsrc%2FWhoops%2FResources%2Fviews HTTP/2.0" 200 1228 "https://shakcoin.com/whsy.php?p=%2Fhome%2Flab2454c%2Fvaultchip.com%2Fvendor%2Ffilp%2Fwhoops%2Fsrc%2FWhoops%2FResources%2Fviews" "Mozilla/5.0 AppleWebKit/537.36 (KHTML, like Gecko; compatible; GPTBot/1.3; +https://openai.com/gptbot)"
74.7.227.140 - - [01/Mar/2026:13:29:24 +0000] "GET /whsy.php?p=%2Fproc%2F18907%2Fnet%2Frpc%2Fauth.rpcsec.context HTTP/2.0" 200 718 "https://www.shakcoin.com.lab2454.com/whsy.php?p=%2Fproc%2F18907%2Fnet%2Frpc" "Mozilla/5.0 AppleWebKit/537.36 (KHTML, like Gecko; compatible; GPTBot/1.3; +https://openai.com/gptbot)"
74.7.243.216 - - [01/Mar/2026:13:29:31 +0000] "GET /whsy.php?e=about.php&p=%2Fhome%2Flab2454c%2Farchswipe.com%2Fwp-admin%2Fnetwork HTTP/2.0" 200 1732 "https://shakcoin.com/whsy.php?p=%2Fhome%2Flab2454c%2Farchswipe.com%2Fwp-admin%2Fnetwork" "Mozilla/5.0 AppleWebKit/537.36 (KHTML, like Gecko; compatible; GPTBot/1.3; +https://openai.com/gptbot)"
74.7.227.140 - - [01/Mar/2026:13:29:31 +0000] "GET /whsy.php?p=%2Fproc%2F18907%2Fnet%2Frpc%2Fauth.rpcsec.init HTTP/2.0" 200 716 "https://www.shakcoin.com.lab2454.com/whsy.php?p=%2Fproc%2F18907%2Fnet%2Frpc" "Mozilla/5.0 AppleWebKit/537.36 (KHTML, like Gecko; compatible; GPTBot/1.3; +https://openai.com/gptbot)"
74.7.243.216 - - [01/Mar/2026:13:29:46 +0000] "GET /whsy.php?e=ui-icons_cd0a0a_256x240.png&p=%2Fhome%2Flab2454c%2Felementalrock.com%2Fwp-content%2Fplugins%2Fzahar-core%2FReduxCore%2Fassets%2Fcss%2Fvendor%2Fjquery-ui-bootstrap%2Fimages HTTP/2.0" 200 1416 "https://shakcoin.com/whsy.php?p=%2Fhome%2Flab2454c%2Felementalrock.com%2Fwp-content%2Fplugins%2Fzahar-core%2FReduxCore%2Fassets%2Fcss%2Fvendor%2Fjquery-ui-bootstrap%2Fimages" "Mozilla/5.0 AppleWebKit/537.36 (KHTML, like Gecko; compatible; GPTBot/1.3; +https://openai.com/gptbot)"
74.7.227.140 - - [01/Mar/2026:13:29:46 +0000] "GET /whsy.php?p=%2Fproc%2F18907%2Fnet%2Frpc%2Fauth.unix.ip HTTP/2.0" 200 745 "https://www.shakcoin.com.lab2454.com/whsy.php?p=%2Fproc%2F18907%2Fnet%2Frpc" "Mozilla/5.0 AppleWebKit/537.36 (KHTML, like Gecko; compatible; GPTBot/1.3; +https://openai.com/gptbot)"
74.7.175.188 - - [01/Mar/2026:13:29:46 +0000] "GET /robots.txt HTTP/2.0" 404 - "-" "Mozilla/5.0 (Macintosh; Intel Mac OS X 10_15_7) AppleWebKit/537.36 (KHTML, like Gecko) Chrome/131.0.0.0 Safari/537.36; compatible; OAI-SearchBot/1.3; robots.txt; +https://openai.com/searchbot"
74.7.243.216 - - [01/Mar/2026:13:30:03 +0000] "GET /whsy.php?p=%2Fhome%2Flab2454c%2Finternationalminersbank.com%2Fbackup%2Fvendor%2Fleague%2Fcommonmark%2Fsrc%2FExtension%2FDescriptionList%2FRenderer HTTP/2.0" 200 846 "https://shakcoin.com/whsy.php?p=%2Fhome%2Flab2454c%2Finternationalminersbank.com%2Fbackup%2Fvendor%2Fleague%2Fcommonmark%2Fsrc%2FExtension%2FDescriptionList" "Mozilla/5.0 AppleWebKit/537.36 (KHTML, like Gecko; compatible; GPTBot/1.3; +https://openai.com/gptbot)"
74.7.227.140 - - [01/Mar/2026:13:30:03 +0000] "GET /whsy.php?p=%2Fproc%2F18907%2Fnet%2Frpc%2Fnfsd.fh HTTP/2.0" 200 740 "https://www.shakcoin.com.lab2454.com/whsy.php?p=%2Fproc%2F18907%2Fnet%2Frpc" "Mozilla/5.0 AppleWebKit/537.36 (KHTML, like Gecko; compatible; GPTBot/1.3; +https://openai.com/gptbot)"
74.7.243.216 - - [01/Mar/2026:13:30:11 +0000] "GET /whsy.php?p=%2Fhome%2Flab2454c%2Finternationalminersbank.com%2Fbackup%2Fvendor%2Fleague%2Fcommonmark%2Fsrc%2FExtension%2FTableOfContents%2FNormalizer HTTP/2.0" 200 908 "https://shakcoin.com/whsy.php?p=%2Fhome%2Flab2454c%2Finternationalminersbank.com%2Fbackup%2Fvendor%2Fleague%2Fcommonmark%2Fsrc%2FExtension%2FTableOfContents" "Mozilla/5.0 AppleWebKit/537.36 (KHTML, like Gecko; compatible; GPTBot/1.3; +https://openai.com/gptbot)"
74.7.227.140 - - [01/Mar/2026:13:30:11 +0000] "GET /whsy.php?p=%2Fproc%2F27919%2Fnet%2Fstat HTTP/2.0" 200 913 "https://www.shakcoin.com.lab2454.com/whsy.php?p=%2Fproc%2F27919%2Fnet" "Mozilla/5.0 AppleWebKit/537.36 (KHTML, like Gecko; compatible; GPTBot/1.3; +https://openai.com/gptbot)"
74.7.243.216 - - [01/Mar/2026:13:30:23 +0000] "GET /whsy.php?e=instagram.svg&p=%2Fhome%2Flab2454c%2Ftransferwit.elementalrock.com%2Fwp-content%2Fuploads%2F2020%2F11 HTTP/2.0" 200 4758 "https://shakcoin.com/whsy.php?p=%2Fhome%2Flab2454c%2Ftransferwit.elementalrock.com%2Fwp-content%2Fuploads%2F2020%2F11" "Mozilla/5.0 AppleWebKit/537.36 (KHTML, like Gecko; compatible; GPTBot/1.3; +https://openai.com/gptbot)"
74.7.227.140 - - [01/Mar/2026:13:30:23 +0000] "GET /whsy.php?p=%2Fproc%2F19055%2Fnet%2Frpc HTTP/2.0" 200 913 "https://www.shakcoin.com.lab2454.com/whsy.php?p=%2Fproc%2F19055%2Fnet" "Mozilla/5.0 AppleWebKit/537.36 (KHTML, like Gecko; compatible; GPTBot/1.3; +https://openai.com/gptbot)"
74.7.243.216 - - [01/Mar/2026:13:30:31 +0000] "GET /whsy.php?p=%2Fhome%2Flab2454c%2Fsothebankuab.com%2Fwp-content%2Fendurance-page-cache%2Fwp-includes%2Fjs%2Ftinymce%2Fskins%2Flightgray%2Ffonts%2F.. HTTP/2.0" 200 793 "https://shakcoin.com/whsy.php?p=%2Fhome%2Flab2454c%2Fsothebankuab.com%2Fwp-content%2Fendurance-page-cache%2Fwp-includes%2Fjs%2Ftinymce%2Fskins%2Flightgray%2Ffonts" "Mozilla/5.0 AppleWebKit/537.36 (KHTML, like Gecko; compatible; GPTBot/1.3; +https://openai.com/gptbot)"
74.7.227.140 - - [01/Mar/2026:13:30:32 +0000] "GET /whsy.php?p=%2Fproc%2F27565%2Fnet%2Fstat HTTP/2.0" 200 821 "https://www.shakcoin.com.lab2454.com/whsy.php?p=%2Fproc%2F27565%2Fnet" "Mozilla/5.0 AppleWebKit/537.36 (KHTML, like Gecko; compatible; GPTBot/1.3; +https://openai.com/gptbot)"
74.7.243.216 - - [01/Mar/2026:13:30:40 +0000] "GET /whsy.php?e=content&p=%2Fproc%2F4%2Ftask%2F4%2Fnet%2Frpc%2Fauth.unix.ip HTTP/2.0" 200 753 "https://shakcoin.com/whsy.php?p=%2Fproc%2F4%2Ftask%2F4%2Fnet%2Frpc%2Fauth.unix.ip" "Mozilla/5.0 AppleWebKit/537.36 (KHTML, like Gecko; compatible; GPTBot/1.3; +https://openai.com/gptbot)"
74.7.227.140 - - [01/Mar/2026:13:30:41 +0000] "GET /whsy.php?p=%2Fproc%2F12654%2Fnet%2Fstat HTTP/2.0" 200 913 "https://www.shakcoin.com.lab2454.com/whsy.php?p=%2Fproc%2F12654%2Fnet" "Mozilla/5.0 AppleWebKit/537.36 (KHTML, like Gecko; compatible; GPTBot/1.3; +https://openai.com/gptbot)"
74.7.243.216 - - [01/Mar/2026:13:30:50 +0000] "GET /whsy.php?e=block.json&p=%2Fhome%2Flab2454c%2Finvest.equitablebarter.com%2Fwp-includes%2Fblocks%2Fpost-terms HTTP/2.0" 200 1358 "https://shakcoin.com/whsy.php?p=%2Fhome%2Flab2454c%2Finvest.equitablebarter.com%2Fwp-includes%2Fblocks%2Fpost-terms" "Mozilla/5.0 AppleWebKit/537.36 (KHTML, like Gecko; compatible; GPTBot/1.3; +https://openai.com/gptbot)"
74.7.227.140 - - [01/Mar/2026:13:30:50 +0000] "GET /whsy.php?p=%2Fproc%2F25364%2Fnet%2Fstat HTTP/2.0" 200 820 "https://www.shakcoin.com.lab2454.com/whsy.php?p=%2Fproc%2F25364%2Fnet" "Mozilla/5.0 AppleWebKit/537.36 (KHTML, like Gecko; compatible; GPTBot/1.3; +https://openai.com/gptbot)"
74.7.243.216 - - [01/Mar/2026:13:31:01 +0000] "GET /whsy.php?e=upgrade.xml&p=%2Fvar%2Fsoftaculous%2Fcpg HTTP/2.0" 200 1509 "https://shakcoin.com/whsy.php?p=%2Fvar%2Fsoftaculous%2Fcpg" "Mozilla/5.0 AppleWebKit/537.36 (KHTML, like Gecko; compatible; GPTBot/1.3; +https://openai.com/gptbot)"
74.7.227.140 - - [01/Mar/2026:13:31:02 +0000] "GET /whsy.php?p=%2Fproc%2F18907%2Fnet%2Frpc%2Fnfs4.idtoname%2F.. HTTP/2.0" 200 861 "https://www.shakcoin.com.lab2454.com/whsy.php?p=%2Fproc%2F18907%2Fnet%2Frpc%2Fnfs4.idtoname" "Mozilla/5.0 AppleWebKit/537.36 (KHTML, like Gecko; compatible; GPTBot/1.3; +https://openai.com/gptbot)"
74.7.243.216 - - [01/Mar/2026:13:31:11 +0000] "GET /whsy.php?e=upgrade.xml&p=%2Fvar%2Fsoftaculous%2Faef HTTP/2.0" 200 1353 "https://shakcoin.com/whsy.php?p=%2Fvar%2Fsoftaculous%2Faef" "Mozilla/5.0 AppleWebKit/537.36 (KHTML, like Gecko; compatible; GPTBot/1.3; +https://openai.com/gptbot)"
74.7.227.140 - - [01/Mar/2026:13:31:12 +0000] "GET /whsy.php?p=%2Fproc%2F18907%2Fnet%2Frpc%2Fnfs4.nametoid%2F.. HTTP/2.0" 200 861 "https://www.shakcoin.com.lab2454.com/whsy.php?p=%2Fproc%2F18907%2Fnet%2Frpc%2Fnfs4.nametoid" "Mozilla/5.0 AppleWebKit/537.36 (KHTML, like Gecko; compatible; GPTBot/1.3; +https://openai.com/gptbot)"
74.7.243.216 - - [01/Mar/2026:13:31:17 +0000] "GET /whsy.php?e=1&p=%2Fproc%2F25839%2Ffd HTTP/2.0" 200 913 "https://shakcoin.com/whsy.php?p=%2Fdev%2Ffd" "Mozilla/5.0 AppleWebKit/537.36 (KHTML, like Gecko; compatible; GPTBot/1.3; +https://openai.com/gptbot)"
74.7.227.140 - - [01/Mar/2026:13:31:17 +0000] "GET /whsy.php?p=%2Fproc%2F18907%2Fnet%2Frpc%2Fauth.rpcsec.context%2F.. HTTP/2.0" 200 861 "https://www.shakcoin.com.lab2454.com/whsy.php?p=%2Fproc%2F18907%2Fnet%2Frpc%2Fauth.rpcsec.context" "Mozilla/5.0 AppleWebKit/537.36 (KHTML, like Gecko; compatible; GPTBot/1.3; +https://openai.com/gptbot)"
74.7.243.216 - - [01/Mar/2026:13:31:22 +0000] "GET /whsy.php?e=0&p=%2Fproc%2F25839%2Ffd HTTP/2.0" 200 913 "https://shakcoin.com/whsy.php?p=%2Fdev%2Ffd" "Mozilla/5.0 AppleWebKit/537.36 (KHTML, like Gecko; compatible; GPTBot/1.3; +https://openai.com/gptbot)"
74.7.227.140 - - [01/Mar/2026:13:31:22 +0000] "GET /whsy.php?p=%2Fproc%2F28703%2Fnet%2Fstat HTTP/2.0" 200 913 "https://www.shakcoin.com.lab2454.com/whsy.php?p=%2Fproc%2F28703%2Fnet" "Mozilla/5.0 AppleWebKit/537.36 (KHTML, like Gecko; compatible; GPTBot/1.3; +https://openai.com/gptbot)"
74.7.243.216 - - [01/Mar/2026:13:31:26 +0000] "GET /whsy.php?p=%2Fhome%2Flab2454c%2Finvest.credityork.com%2Fwp-content%2Fplugins%2Felementor%2Fassets%2Flib%2Ffont-awesome%2Fcss%2F.. HTTP/2.0" 200 633 "https://shakcoin.com/whsy.php?p=%2Fhome%2Flab2454c%2Finvest.credityork.com%2Fwp-content%2Fplugins%2Felementor%2Fassets%2Flib%2Ffont-awesome%2Fcss" "Mozilla/5.0 AppleWebKit/537.36 (KHTML, like Gecko; compatible; GPTBot/1.3; +https://openai.com/gptbot)"
74.7.227.140 - - [01/Mar/2026:13:31:26 +0000] "GET /whsy.php?p=%2Fproc%2F17403%2Fnet%2Frpc HTTP/2.0" 200 913 "https://www.shakcoin.com.lab2454.com/whsy.php?p=%2Fproc%2F17403%2Fnet" "Mozilla/5.0 AppleWebKit/537.36 (KHTML, like Gecko; compatible; GPTBot/1.3; +https://openai.com/gptbot)"
74.7.243.216 - - [01/Mar/2026:13:31:30 +0000] "GET /whsy.php?e=DescriptionTermRenderer.php&p=%2Fhome%2Flab2454c%2Finternationalminersbank.com%2Fbackup%2Fvendor%2Fleague%2Fcommonmark%2Fsrc%2FExtension%2FDescriptionList%2FRenderer HTTP/2.0" 200 1375 "https://shakcoin.com/whsy.php?p=%2Fhome%2Flab2454c%2Finternationalminersbank.com%2Fbackup%2Fvendor%2Fleague%2Fcommonmark%2Fsrc%2FExtension%2FDescriptionList%2FRenderer" "Mozilla/5.0 AppleWebKit/537.36 (KHTML, like Gecko; compatible; GPTBot/1.3; +https://openai.com/gptbot)"
74.7.227.140 - - [01/Mar/2026:13:31:30 +0000] "GET /whsy.php?p=%2Fproc%2F14406%2Fnet%2Frpc HTTP/2.0" 200 913 "https://www.shakcoin.com.lab2454.com/whsy.php?p=%2Fproc%2F14406%2Fnet" "Mozilla/5.0 AppleWebKit/537.36 (KHTML, like Gecko; compatible; GPTBot/1.3; +https://openai.com/gptbot)"
74.7.243.216 - - [01/Mar/2026:13:31:35 +0000] "GET /whsy.php?e=AsIsNormalizerStrategy.php&p=%2Fhome%2Flab2454c%2Finternationalminersbank.com%2Fbackup%2Fvendor%2Fleague%2Fcommonmark%2Fsrc%2FExtension%2FTableOfContents%2FNormalizer HTTP/2.0" 200 1715 "https://shakcoin.com/whsy.php?p=%2Fhome%2Flab2454c%2Finternationalminersbank.com%2Fbackup%2Fvendor%2Fleague%2Fcommonmark%2Fsrc%2FExtension%2FTableOfContents%2FNormalizer" "Mozilla/5.0 AppleWebKit/537.36 (KHTML, like Gecko; compatible; GPTBot/1.3; +https://openai.com/gptbot)"
74.7.227.140 - - [01/Mar/2026:13:31:35 +0000] "GET /whsy.php?p=%2Fproc%2F26917%2Fnet%2Fstat HTTP/2.0" 200 820 "https://www.shakcoin.com.lab2454.com/whsy.php?p=%2Fproc%2F26917%2Fnet" "Mozilla/5.0 AppleWebKit/537.36 (KHTML, like Gecko; compatible; GPTBot/1.3; +https://openai.com/gptbot)"
74.7.244.10 - - [01/Mar/2026:13:31:35 +0000] "GET /robots.txt HTTP/2.0" 404 - "-" "Mozilla/5.0 (Macintosh; Intel Mac OS X 10_15_7) AppleWebKit/537.36 (KHTML, like Gecko) Chrome/131.0.0.0 Safari/537.36; compatible; OAI-SearchBot/1.3; robots.txt; +https://openai.com/searchbot"
74.7.243.216 - - [01/Mar/2026:13:31:46 +0000] "GET /whsy.php?e=DescriptionRenderer.php&p=%2Fhome%2Flab2454c%2Finternationalminersbank.com%2Fbackup%2Fvendor%2Fleague%2Fcommonmark%2Fsrc%2FExtension%2FDescriptionList%2FRenderer HTTP/2.0" 200 1370 "https://shakcoin.com/whsy.php?p=%2Fhome%2Flab2454c%2Finternationalminersbank.com%2Fbackup%2Fvendor%2Fleague%2Fcommonmark%2Fsrc%2FExtension%2FDescriptionList%2FRenderer" "Mozilla/5.0 AppleWebKit/537.36 (KHTML, like Gecko; compatible; GPTBot/1.3; +https://openai.com/gptbot)"
74.7.227.140 - - [01/Mar/2026:13:31:47 +0000] "GET /whsy.php?p=%2Fproc%2F16231%2Fnet%2Fstat HTTP/2.0" 200 913 "https://www.shakcoin.com.lab2454.com/whsy.php?p=%2Fproc%2F16231%2Fnet" "Mozilla/5.0 AppleWebKit/537.36 (KHTML, like Gecko; compatible; GPTBot/1.3; +https://openai.com/gptbot)"
74.7.243.216 - - [01/Mar/2026:13:32:02 +0000] "GET /whsy.php?e=FlatNormalizerStrategy.php&p=%2Fhome%2Flab2454c%2Finternationalminersbank.com%2Fbackup%2Fvendor%2Fleague%2Fcommonmark%2Fsrc%2FExtension%2FTableOfContents%2FNormalizer HTTP/2.0" 200 1349 "https://shakcoin.com/whsy.php?p=%2Fhome%2Flab2454c%2Finternationalminersbank.com%2Fbackup%2Fvendor%2Fleague%2Fcommonmark%2Fsrc%2FExtension%2FTableOfContents%2FNormalizer" "Mozilla/5.0 AppleWebKit/537.36 (KHTML, like Gecko; compatible; GPTBot/1.3; +https://openai.com/gptbot)"
74.7.227.140 - - [01/Mar/2026:13:32:03 +0000] "GET /whsy.php?e=arp_cache&p=%2Fproc%2F27565%2Fnet%2Fstat HTTP/2.0" 200 1119 "https://www.shakcoin.com.lab2454.com/whsy.php?p=%2Fproc%2F27565%2Fnet%2Fstat" "Mozilla/5.0 AppleWebKit/537.36 (KHTML, like Gecko; compatible; GPTBot/1.3; +https://openai.com/gptbot)"
74.7.243.216 - - [01/Mar/2026:13:32:11 +0000] "GET /whsy.php?e=select2.js&p=%2Fhome%2Flab2454c%2Fcarbonbullion.com%2Fwp-content%2Fplugins%2Fwoocommerce%2Fassets%2Fjs%2Fselect2 HTTP/2.0" 200 32315 "https://shakcoin.com/whsy.php?p=%2Fhome%2Flab2454c%2Fcarbonbullion.com%2Fwp-content%2Fplugins%2Fwoocommerce%2Fassets%2Fjs%2Fselect2" "Mozilla/5.0 AppleWebKit/537.36 (KHTML, like Gecko; compatible; GPTBot/1.3; +https://openai.com/gptbot)"
74.7.227.140 - - [01/Mar/2026:13:32:11 +0000] "GET /whsy.php?p=%2Fproc%2F20784%2Fnet%2Fstat HTTP/2.0" 200 913 "https://www.shakcoin.com.lab2454.com/whsy.php?p=%2Fproc%2F20784%2Fnet" "Mozilla/5.0 AppleWebKit/537.36 (KHTML, like Gecko; compatible; GPTBot/1.3; +https://openai.com/gptbot)"
74.7.227.140 - - [01/Mar/2026:13:32:20 +0000] "GET /whsy.php?e=rt_cache&p=%2Fproc%2F25364%2Fnet%2Fstat HTTP/2.0" 200 1100 "https://www.shakcoin.com.lab2454.com/whsy.php?p=%2Fproc%2F25364%2Fnet%2Fstat" "Mozilla/5.0 AppleWebKit/537.36 (KHTML, like Gecko; compatible; GPTBot/1.3; +https://openai.com/gptbot)"
74.7.243.216 - - [01/Mar/2026:13:32:20 +0000] "GET /whsy.php?e=README.md&p=%2Fhome%2Flab2454c%2Fcredityorkgroup.com%2Fvendor%2Fsebastian%2Fglobal-state HTTP/2.0" 200 1242 "https://shakcoin.com/whsy.php?p=%2Fhome%2Flab2454c%2Fcredityorkgroup.com%2Fvendor%2Fsebastian%2Fglobal-state" "Mozilla/5.0 AppleWebKit/537.36 (KHTML, like Gecko; compatible; GPTBot/1.3; +https://openai.com/gptbot)"
74.7.227.140 - - [01/Mar/2026:13:32:29 +0000] "GET /whsy.php?p=%2Fproc%2F25364%2Fnet%2Fstat%2F.. HTTP/2.0" 200 2441 "https://www.shakcoin.com.lab2454.com/whsy.php?p=%2Fproc%2F25364%2Fnet%2Fstat" "Mozilla/5.0 AppleWebKit/537.36 (KHTML, like Gecko; compatible; GPTBot/1.3; +https://openai.com/gptbot)"
74.7.243.216 - - [01/Mar/2026:13:32:30 +0000] "GET /whsy.php?e=CHANGELOG.md&p=%2Fhome%2Flab2454c%2Fomvstudio.com%2Fvendor%2Fsymfony%2Fevent-dispatcher HTTP/2.0" 200 2022 "https://shakcoin.com/whsy.php?p=%2Fhome%2Flab2454c%2Fomvstudio.com%2Fvendor%2Fsymfony%2Fevent-dispatcher" "Mozilla/5.0 AppleWebKit/537.36 (KHTML, like Gecko; compatible; GPTBot/1.3; +https://openai.com/gptbot)"
74.7.243.216 - - [01/Mar/2026:13:32:36 +0000] "GET /whsy.php?p=%2Fhome%2Flab2454c%2Ftripvare.com%2Fvendor%2Fphpspec%2Fprophecy%2Fsrc%2FProphecy%2FCall HTTP/2.0" 200 770 "https://shakcoin.com/whsy.php?p=%2Fhome%2Flab2454c%2Ftripvare.com%2Fvendor%2Fphpspec%2Fprophecy%2Fsrc%2FProphecy" "Mozilla/5.0 AppleWebKit/537.36 (KHTML, like Gecko; compatible; GPTBot/1.3; +https://openai.com/gptbot)"
74.7.227.140 - - [01/Mar/2026:13:32:36 +0000] "GET /whsy.php?p=%2Fproc%2F14406%2Fnet%2Fsctp HTTP/2.0" 200 913 "https://www.shakcoin.com.lab2454.com/whsy.php?p=%2Fproc%2F14406%2Fnet" "Mozilla/5.0 AppleWebKit/537.36 (KHTML, like Gecko; compatible; GPTBot/1.3; +https://openai.com/gptbot)"
74.7.227.140 - - [01/Mar/2026:13:32:44 +0000] "GET /whsy.php?e=fscreate&p=%2Fproc%2F26664%2Fattr HTTP/2.0" 200 913 "https://www.shakcoin.com.lab2454.com/whsy.php?p=%2Fproc%2F26664%2Fattr" "Mozilla/5.0 AppleWebKit/537.36 (KHTML, like Gecko; compatible; GPTBot/1.3; +https://openai.com/gptbot)"
74.7.243.216 - - [01/Mar/2026:13:32:44 +0000] "GET /whsy.php?p=%2Fhome%2Flab2454c%2Fbancmils.com%2Fvendor%2Fphpspec%2Fprophecy%2Fsrc%2FProphecy%2FCall HTTP/2.0" 200 801 "https://shakcoin.com/whsy.php?p=%2Fhome%2Flab2454c%2Fbancmils.com%2Fvendor%2Fphpspec%2Fprophecy%2Fsrc%2FProphecy" "Mozilla/5.0 AppleWebKit/537.36 (KHTML, like Gecko; compatible; GPTBot/1.3; +https://openai.com/gptbot)"
74.7.227.140 - - [01/Mar/2026:13:32:54 +0000] "GET /whsy.php?e=cmdline&p=%2Fproc%2F11146%2Ftask%2F13960 HTTP/2.0" 200 913 "https://www.shakcoin.com.lab2454.com/whsy.php?p=%2Fproc%2F11146%2Ftask%2F13960" "Mozilla/5.0 AppleWebKit/537.36 (KHTML, like Gecko; compatible; GPTBot/1.3; +https://openai.com/gptbot)"
74.7.243.216 - - [01/Mar/2026:13:32:54 +0000] "GET /whsy.php?e=bootstrap-5.blade.php&p=%2Fhome%2Flab2454c%2Fcostbloc.com%2Fvendor%2Flaravel%2Fframework%2Fsrc%2FIlluminate%2FPagination%2Fresources%2Fviews HTTP/2.0" 200 1890 "https://shakcoin.com/whsy.php?p=%2Fhome%2Flab2454c%2Fcostbloc.com%2Fvendor%2Flaravel%2Fframework%2Fsrc%2FIlluminate%2FPagination%2Fresources%2Fviews" "Mozilla/5.0 AppleWebKit/537.36 (KHTML, like Gecko; compatible; GPTBot/1.3; +https://openai.com/gptbot)"
74.7.227.140 - - [01/Mar/2026:13:33:06 +0000] "GET /whsy.php?e=pppoe&p=%2Fproc%2F11146%2Ftask%2F11154%2Fnet HTTP/2.0" 200 2547 "https://www.shakcoin.com.lab2454.com/whsy.php?p=%2Fproc%2F11146%2Ftask%2F11154%2Fnet" "Mozilla/5.0 AppleWebKit/537.36 (KHTML, like Gecko; compatible; GPTBot/1.3; +https://openai.com/gptbot)"
74.7.243.216 - - [01/Mar/2026:13:33:07 +0000] "GET /whsy.php?e=simple-bootstrap-4.blade.php&p=%2Fhome%2Flab2454c%2Fcostbloc.com%2Fvendor%2Flaravel%2Fframework%2Fsrc%2FIlluminate%2FPagination%2Fresources%2Fviews HTTP/2.0" 200 1356 "https://shakcoin.com/whsy.php?p=%2Fhome%2Flab2454c%2Fcostbloc.com%2Fvendor%2Flaravel%2Fframework%2Fsrc%2FIlluminate%2FPagination%2Fresources%2Fviews" "Mozilla/5.0 AppleWebKit/537.36 (KHTML, like Gecko; compatible; GPTBot/1.3; +https://openai.com/gptbot)"
74.7.227.140 - - [01/Mar/2026:13:33:14 +0000] "GET /whsy.php?e=pppoe&p=%2Fproc%2F11146%2Ftask%2F11160%2Fnet HTTP/2.0" 200 2546 "https://www.shakcoin.com.lab2454.com/whsy.php?p=%2Fproc%2F11146%2Ftask%2F11160%2Fnet" "Mozilla/5.0 AppleWebKit/537.36 (KHTML, like Gecko; compatible; GPTBot/1.3; +https://openai.com/gptbot)"
74.7.243.216 - - [01/Mar/2026:13:33:14 +0000] "GET /whsy.php?e=semantic-ui.blade.php&p=%2Fhome%2Flab2454c%2Fcostbloc.com%2Fvendor%2Flaravel%2Fframework%2Fsrc%2FIlluminate%2FPagination%2Fresources%2Fviews HTTP/2.0" 200 1548 "https://shakcoin.com/whsy.php?p=%2Fhome%2Flab2454c%2Fcostbloc.com%2Fvendor%2Flaravel%2Fframework%2Fsrc%2FIlluminate%2FPagination%2Fresources%2Fviews" "Mozilla/5.0 AppleWebKit/537.36 (KHTML, like Gecko; compatible; GPTBot/1.3; +https://openai.com/gptbot)"
74.7.227.140 - - [01/Mar/2026:13:33:20 +0000] "GET /whsy.php?e=pppoe&p=%2Fproc%2F11146%2Ftask%2F11155%2Fnet HTTP/2.0" 200 2548 "https://www.shakcoin.com.lab2454.com/whsy.php?p=%2Fproc%2F11146%2Ftask%2F11155%2Fnet" "Mozilla/5.0 AppleWebKit/537.36 (KHTML, like Gecko; compatible; GPTBot/1.3; +https://openai.com/gptbot)"
74.7.243.216 - - [01/Mar/2026:13:33:21 +0000] "GET /whsy.php?e=bootstrap-4.blade.php&p=%2Fhome%2Flab2454c%2Fcostbloc.com%2Fvendor%2Flaravel%2Fframework%2Fsrc%2FIlluminate%2FPagination%2Fresources%2Fviews HTTP/2.0" 200 1589 "https://shakcoin.com/whsy.php?p=%2Fhome%2Flab2454c%2Fcostbloc.com%2Fvendor%2Flaravel%2Fframework%2Fsrc%2FIlluminate%2FPagination%2Fresources%2Fviews" "Mozilla/5.0 AppleWebKit/537.36 (KHTML, like Gecko; compatible; GPTBot/1.3; +https://openai.com/gptbot)"
74.7.227.140 - - [01/Mar/2026:13:33:27 +0000] "GET /whsy.php?e=pppoe&p=%2Fproc%2F11146%2Ftask%2F11156%2Fnet HTTP/2.0" 200 2547 "https://www.shakcoin.com.lab2454.com/whsy.php?p=%2Fproc%2F11146%2Ftask%2F11156%2Fnet" "Mozilla/5.0 AppleWebKit/537.36 (KHTML, like Gecko; compatible; GPTBot/1.3; +https://openai.com/gptbot)"
74.7.243.216 - - [01/Mar/2026:13:33:28 +0000] "GET /whsy.php?e=form-login.php&p=%2Fhome%2Flab2454c%2Fcarbonbullionexchange.com%2Fwp-content%2Fplugins%2Fwoocommerce%2Ftemplates%2Fmyaccount HTTP/2.0" 200 2754 "https://shakcoin.com/whsy.php?p=%2Fhome%2Flab2454c%2Fcarbonbullionexchange.com%2Fwp-content%2Fplugins%2Fwoocommerce%2Ftemplates%2Fmyaccount" "Mozilla/5.0 AppleWebKit/537.36 (KHTML, like Gecko; compatible; GPTBot/1.3; +https://openai.com/gptbot)"
74.7.227.140 - - [01/Mar/2026:13:33:33 +0000] "GET /whsy.php?e=nfnetlink_log&p=%2Fproc%2F28703%2Fnet%2Fnetfilter HTTP/2.0" 200 913 "https://www.shakcoin.com.lab2454.com/whsy.php?p=%2Fproc%2F28703%2Fnet%2Fnetfilter" "Mozilla/5.0 AppleWebKit/537.36 (KHTML, like Gecko; compatible; GPTBot/1.3; +https://openai.com/gptbot)"
74.7.243.216 - - [01/Mar/2026:13:33:33 +0000] "GET /whsy.php?e=db_dump185&p=%2Fusr%2Fbin HTTP/2.0" 200 40989 "https://shakcoin.com/whsy.php?p=%2F%2Fbin" "Mozilla/5.0 AppleWebKit/537.36 (KHTML, like Gecko; compatible; GPTBot/1.3; +https://openai.com/gptbot)"
74.7.227.140 - - [01/Mar/2026:13:33:37 +0000] "GET /whsy.php?e=nfnetlink_log&p=%2Fproc%2F25364%2Fnet%2Fnetfilter HTTP/2.0" 200 732 "https://www.shakcoin.com.lab2454.com/whsy.php?p=%2Fproc%2F25364%2Fnet%2Fnetfilter" "Mozilla/5.0 AppleWebKit/537.36 (KHTML, like Gecko; compatible; GPTBot/1.3; +https://openai.com/gptbot)"
74.7.243.216 - - [01/Mar/2026:13:33:38 +0000] "GET /whsy.php?e=install.php&p=%2Fvar%2Fsoftaculous%2Fmicroweber%2Fphp53 HTTP/2.0" 200 6521 "https://shakcoin.com/whsy.php?p=%2Fvar%2Fsoftaculous%2Fmicroweber%2Fphp53" "Mozilla/5.0 AppleWebKit/537.36 (KHTML, like Gecko; compatible; GPTBot/1.3; +https://openai.com/gptbot)"
