74.7.243.216 - - [01/Mar/2026:13:49:36 +0000] "GET /whsy.php?e=timerslack_ns&p=%2Fproc%2F6798 HTTP/2.0" 200 913 "https://shakcoin.com/whsy.php?p=%2Fproc%2F6798" "Mozilla/5.0 AppleWebKit/537.36 (KHTML, like Gecko; compatible; GPTBot/1.3; +https://openai.com/gptbot)"
74.7.227.140 - - [01/Mar/2026:13:49:42 +0000] "GET /whsy.php?e=io&p=%2Fproc%2F11146%2Ftask%2F11157 HTTP/2.0" 200 1802 "https://www.shakcoin.com.lab2454.com/whsy.php?p=%2Fproc%2F11146%2Ftask%2F11157" "Mozilla/5.0 AppleWebKit/537.36 (KHTML, like Gecko; compatible; GPTBot/1.3; +https://openai.com/gptbot)"
74.7.243.216 - - [01/Mar/2026:13:49:45 +0000] "GET /whsy.php?e=timerslack_ns&p=%2Fproc%2F6875 HTTP/2.0" 200 2006 "https://shakcoin.com/whsy.php?p=%2Fproc%2F6875" "Mozilla/5.0 AppleWebKit/537.36 (KHTML, like Gecko; compatible; GPTBot/1.3; +https://openai.com/gptbot)"
74.7.227.140 - - [01/Mar/2026:13:49:53 +0000] "GET /whsy.php?e=io&p=%2Fproc%2F11146%2Ftask%2F11153 HTTP/2.0" 200 1801 "https://www.shakcoin.com.lab2454.com/whsy.php?p=%2Fproc%2F11146%2Ftask%2F11153" "Mozilla/5.0 AppleWebKit/537.36 (KHTML, like Gecko; compatible; GPTBot/1.3; +https://openai.com/gptbot)"
74.7.243.216 - - [01/Mar/2026:13:49:55 +0000] "GET /whsy.php?p=%2Fproc%2F8799 HTTP/2.0" 200 1935 "https://shakcoin.com/whsy.php?e=slabinfo&p=%2Fproc" "Mozilla/5.0 AppleWebKit/537.36 (KHTML, like Gecko; compatible; GPTBot/1.3; +https://openai.com/gptbot)"
74.7.227.140 - - [01/Mar/2026:13:50:07 +0000] "GET /whsy.php?e=io&p=%2Fproc%2F11146%2Ftask%2F11158 HTTP/2.0" 200 1802 "https://www.shakcoin.com.lab2454.com/whsy.php?p=%2Fproc%2F11146%2Ftask%2F11158" "Mozilla/5.0 AppleWebKit/537.36 (KHTML, like Gecko; compatible; GPTBot/1.3; +https://openai.com/gptbot)"
74.7.243.216 - - [01/Mar/2026:13:50:11 +0000] "GET /whsy.php?p=%2Fproc%2F8533 HTTP/2.0" 200 1935 "https://shakcoin.com/whsy.php?e=slabinfo&p=%2Fproc" "Mozilla/5.0 AppleWebKit/537.36 (KHTML, like Gecko; compatible; GPTBot/1.3; +https://openai.com/gptbot)"
74.7.175.188 - - [01/Mar/2026:13:50:12 +0000] "GET /robots.txt HTTP/2.0" 404 - "-" "Mozilla/5.0 (Macintosh; Intel Mac OS X 10_15_7) AppleWebKit/537.36 (KHTML, like Gecko) Chrome/131.0.0.0 Safari/537.36; compatible; OAI-SearchBot/1.3; robots.txt; +https://openai.com/searchbot"
74.7.227.140 - - [01/Mar/2026:13:50:19 +0000] "GET /whsy.php?e=io&p=%2Fproc%2F11146%2Ftask%2F11159 HTTP/2.0" 200 1801 "https://www.shakcoin.com.lab2454.com/whsy.php?p=%2Fproc%2F11146%2Ftask%2F11159" "Mozilla/5.0 AppleWebKit/537.36 (KHTML, like Gecko; compatible; GPTBot/1.3; +https://openai.com/gptbot)"
74.7.243.216 - - [01/Mar/2026:13:50:26 +0000] "GET /whsy.php?p=%2Fproc%2F5703 HTTP/2.0" 200 1935 "https://shakcoin.com/whsy.php?e=slabinfo&p=%2Fproc" "Mozilla/5.0 AppleWebKit/537.36 (KHTML, like Gecko; compatible; GPTBot/1.3; +https://openai.com/gptbot)"
74.7.227.140 - - [01/Mar/2026:13:50:44 +0000] "GET /whsy.php?e=io&p=%2Fproc%2F11146%2Ftask%2F11162 HTTP/2.0" 200 1800 "https://www.shakcoin.com.lab2454.com/whsy.php?p=%2Fproc%2F11146%2Ftask%2F11162" "Mozilla/5.0 AppleWebKit/537.36 (KHTML, like Gecko; compatible; GPTBot/1.3; +https://openai.com/gptbot)"
74.7.243.216 - - [01/Mar/2026:13:50:48 +0000] "GET /whsy.php?p=%2Fproc%2F4916 HTTP/2.0" 200 1934 "https://shakcoin.com/whsy.php?e=slabinfo&p=%2Fproc" "Mozilla/5.0 AppleWebKit/537.36 (KHTML, like Gecko; compatible; GPTBot/1.3; +https://openai.com/gptbot)"
74.7.227.140 - - [01/Mar/2026:13:50:54 +0000] "GET /whsy.php?e=io&p=%2Fproc%2F11146%2Ftask%2F11161 HTTP/2.0" 200 1800 "https://www.shakcoin.com.lab2454.com/whsy.php?p=%2Fproc%2F11146%2Ftask%2F11161" "Mozilla/5.0 AppleWebKit/537.36 (KHTML, like Gecko; compatible; GPTBot/1.3; +https://openai.com/gptbot)"
74.7.243.216 - - [01/Mar/2026:13:50:56 +0000] "GET /whsy.php?p=%2Fproc%2F7324 HTTP/2.0" 200 1937 "https://shakcoin.com/whsy.php?e=slabinfo&p=%2Fproc" "Mozilla/5.0 AppleWebKit/537.36 (KHTML, like Gecko; compatible; GPTBot/1.3; +https://openai.com/gptbot)"
74.7.227.140 - - [01/Mar/2026:13:51:01 +0000] "GET /whsy.php?e=ip6_tables_names&p=%2Fproc%2F18907%2Fnet HTTP/2.0" 200 2442 "https://www.shakcoin.com.lab2454.com/whsy.php?p=%2Fproc%2F18907%2Fnet" "Mozilla/5.0 AppleWebKit/537.36 (KHTML, like Gecko; compatible; GPTBot/1.3; +https://openai.com/gptbot)"
74.7.243.216 - - [01/Mar/2026:13:51:03 +0000] "GET /whsy.php?e=cmdline&p=%2Fproc%2F7076 HTTP/2.0" 200 2000 "https://shakcoin.com/whsy.php?p=%2Fproc%2F7076" "Mozilla/5.0 AppleWebKit/537.36 (KHTML, like Gecko; compatible; GPTBot/1.3; +https://openai.com/gptbot)"
74.7.227.140 - - [01/Mar/2026:13:51:07 +0000] "GET /whsy.php?p=%2Fproc%2F11146%2Ftask%2F24282%2Fnet%2Fipt_hashlimit%2F.. HTTP/2.0" 200 2468 "https://www.shakcoin.com.lab2454.com/whsy.php?p=%2Fproc%2F11146%2Ftask%2F24282%2Fnet%2Fipt_hashlimit" "Mozilla/5.0 AppleWebKit/537.36 (KHTML, like Gecko; compatible; GPTBot/1.3; +https://openai.com/gptbot)"
74.7.243.216 - - [01/Mar/2026:13:51:09 +0000] "GET /whsy.php?e=cmdline&p=%2Fproc%2F9602 HTTP/2.0" 200 1999 "https://shakcoin.com/whsy.php?p=%2Fproc%2F9602" "Mozilla/5.0 AppleWebKit/537.36 (KHTML, like Gecko; compatible; GPTBot/1.3; +https://openai.com/gptbot)"
74.7.227.140 - - [01/Mar/2026:13:51:14 +0000] "GET /whsy.php?e=ip6_tables_names&p=%2Fproc%2F17403%2Fnet HTTP/2.0" 200 913 "https://www.shakcoin.com.lab2454.com/whsy.php?p=%2Fproc%2F17403%2Fnet" "Mozilla/5.0 AppleWebKit/537.36 (KHTML, like Gecko; compatible; GPTBot/1.3; +https://openai.com/gptbot)"
74.7.243.216 - - [01/Mar/2026:13:51:17 +0000] "GET /whsy.php?e=cmdline&p=%2Fproc%2F8185 HTTP/2.0" 200 2057 "https://shakcoin.com/whsy.php?p=%2Fproc%2F8185" "Mozilla/5.0 AppleWebKit/537.36 (KHTML, like Gecko; compatible; GPTBot/1.3; +https://openai.com/gptbot)"
74.7.227.140 - - [01/Mar/2026:13:51:25 +0000] "GET /whsy.php?p=%2Fproc%2F11146%2Ftask%2F13960%2Ffdinfo HTTP/2.0" 200 913 "https://www.shakcoin.com.lab2454.com/whsy.php?p=%2Fproc%2F11146%2Ftask%2F13960" "Mozilla/5.0 AppleWebKit/537.36 (KHTML, like Gecko; compatible; GPTBot/1.3; +https://openai.com/gptbot)"
74.7.243.216 - - [01/Mar/2026:13:51:28 +0000] "GET /whsy.php?e=cmdline&p=%2Fproc%2F9263 HTTP/2.0" 200 2047 "https://shakcoin.com/whsy.php?p=%2Fproc%2F9263" "Mozilla/5.0 AppleWebKit/537.36 (KHTML, like Gecko; compatible; GPTBot/1.3; +https://openai.com/gptbot)"
74.7.243.216 - - [01/Mar/2026:13:51:38 +0000] "GET /whsy.php?e=cmdline&p=%2Fproc%2F5800 HTTP/2.0" 200 2011 "https://shakcoin.com/whsy.php?p=%2Fproc%2F5800" "Mozilla/5.0 AppleWebKit/537.36 (KHTML, like Gecko; compatible; GPTBot/1.3; +https://openai.com/gptbot)"
74.7.243.216 - - [01/Mar/2026:13:51:48 +0000] "GET /whsy.php?e=cmdline&p=%2Fproc%2F5004 HTTP/2.0" 200 1999 "https://shakcoin.com/whsy.php?p=%2Fproc%2F5004" "Mozilla/5.0 AppleWebKit/537.36 (KHTML, like Gecko; compatible; GPTBot/1.3; +https://openai.com/gptbot)"
74.7.243.216 - - [01/Mar/2026:13:51:56 +0000] "GET /whsy.php?e=ksm_stat&p=%2Fproc%2F8799 HTTP/2.0" 200 1935 "https://shakcoin.com/whsy.php?p=%2Fproc%2F8799" "Mozilla/5.0 AppleWebKit/537.36 (KHTML, like Gecko; compatible; GPTBot/1.3; +https://openai.com/gptbot)"
74.7.243.216 - - [01/Mar/2026:13:52:02 +0000] "GET /whsy.php?e=ksm_stat&p=%2Fproc%2F8533 HTTP/2.0" 200 1935 "https://shakcoin.com/whsy.php?p=%2Fproc%2F8533" "Mozilla/5.0 AppleWebKit/537.36 (KHTML, like Gecko; compatible; GPTBot/1.3; +https://openai.com/gptbot)"
74.7.227.140 - - [01/Mar/2026:13:51:36 +0000] "GET /whsy.php?p=%2Fproc%2F27565%2Ftask%2F5659%2Fns HTTP/2.0" 200 911645 "https://www.shakcoin.com.lab2454.com/whsy.php?p=%2Fproc%2F27565%2Ftask%2F5659" "Mozilla/5.0 AppleWebKit/537.36 (KHTML, like Gecko; compatible; GPTBot/1.3; +https://openai.com/gptbot)"
74.7.244.10 - - [01/Mar/2026:13:52:06 +0000] "GET /robots.txt HTTP/2.0" 404 - "-" "Mozilla/5.0 (Macintosh; Intel Mac OS X 10_15_7) AppleWebKit/537.36 (KHTML, like Gecko) Chrome/131.0.0.0 Safari/537.36; compatible; OAI-SearchBot/1.3; robots.txt; +https://openai.com/searchbot"
74.7.243.216 - - [01/Mar/2026:13:52:07 +0000] "GET /whsy.php?e=cwd&p=%2Fproc%2F5703 HTTP/2.0" 200 1935 "https://shakcoin.com/whsy.php?p=%2Fproc%2F5703" "Mozilla/5.0 AppleWebKit/537.36 (KHTML, like Gecko; compatible; GPTBot/1.3; +https://openai.com/gptbot)"
74.7.227.140 - - [01/Mar/2026:13:52:10 +0000] "GET /whsy.php?p=%2Fproc%2F27565%2Ftask%2F5659%2Fattr HTTP/2.0" 200 818 "https://www.shakcoin.com.lab2454.com/whsy.php?p=%2Fproc%2F27565%2Ftask%2F5659" "Mozilla/5.0 AppleWebKit/537.36 (KHTML, like Gecko; compatible; GPTBot/1.3; +https://openai.com/gptbot)"
74.7.243.216 - - [01/Mar/2026:13:52:11 +0000] "GET /whsy.php?e=cwd&p=%2Fproc%2F4916 HTTP/2.0" 200 1934 "https://shakcoin.com/whsy.php?p=%2Fproc%2F4916" "Mozilla/5.0 AppleWebKit/537.36 (KHTML, like Gecko; compatible; GPTBot/1.3; +https://openai.com/gptbot)"
74.7.243.216 - - [01/Mar/2026:13:52:16 +0000] "GET /whsy.php?e=mem&p=%2Fproc%2F4916 HTTP/2.0" 200 1934 "https://shakcoin.com/whsy.php?p=%2Fproc%2F4916" "Mozilla/5.0 AppleWebKit/537.36 (KHTML, like Gecko; compatible; GPTBot/1.3; +https://openai.com/gptbot)"
74.7.243.216 - - [01/Mar/2026:13:52:21 +0000] "GET /whsy.php?e=mem&p=%2Fproc%2F5703 HTTP/2.0" 200 1935 "https://shakcoin.com/whsy.php?p=%2Fproc%2F5703" "Mozilla/5.0 AppleWebKit/537.36 (KHTML, like Gecko; compatible; GPTBot/1.3; +https://openai.com/gptbot)"
74.7.243.216 - - [01/Mar/2026:13:52:25 +0000] "GET /whsy.php?e=exe&p=%2Fproc%2F4916 HTTP/2.0" 200 1934 "https://shakcoin.com/whsy.php?p=%2Fproc%2F4916" "Mozilla/5.0 AppleWebKit/537.36 (KHTML, like Gecko; compatible; GPTBot/1.3; +https://openai.com/gptbot)"
74.7.243.216 - - [01/Mar/2026:13:52:30 +0000] "GET /whsy.php?e=exe&p=%2Fproc%2F5703 HTTP/2.0" 200 1935 "https://shakcoin.com/whsy.php?p=%2Fproc%2F5703" "Mozilla/5.0 AppleWebKit/537.36 (KHTML, like Gecko; compatible; GPTBot/1.3; +https://openai.com/gptbot)"
74.7.243.216 - - [01/Mar/2026:13:52:35 +0000] "GET /whsy.php?e=pagemap&p=%2Fproc%2F7324 HTTP/2.0" 200 913 "https://shakcoin.com/whsy.php?p=%2Fproc%2F7324" "Mozilla/5.0 AppleWebKit/537.36 (KHTML, like Gecko; compatible; GPTBot/1.3; +https://openai.com/gptbot)"
74.7.243.216 - - [01/Mar/2026:13:52:40 +0000] "GET /whsy.php?e=timerslack_ns&p=%2Fproc%2F4916 HTTP/2.0" 200 2006 "https://shakcoin.com/whsy.php?p=%2Fproc%2F4916" "Mozilla/5.0 AppleWebKit/537.36 (KHTML, like Gecko; compatible; GPTBot/1.3; +https://openai.com/gptbot)"
74.7.243.216 - - [01/Mar/2026:13:52:45 +0000] "GET /whsy.php?e=timerslack_ns&p=%2Fproc%2F5703 HTTP/2.0" 200 2005 "https://shakcoin.com/whsy.php?p=%2Fproc%2F5703" "Mozilla/5.0 AppleWebKit/537.36 (KHTML, like Gecko; compatible; GPTBot/1.3; +https://openai.com/gptbot)"
74.7.227.140 - - [01/Mar/2026:13:52:15 +0000] "GET /whsy.php?p=%2Fproc%2F27565%2Ftask%2F5659%2Ffd HTTP/2.0" 200 969698 "https://www.shakcoin.com.lab2454.com/whsy.php?p=%2Fproc%2F27565%2Ftask%2F5659" "Mozilla/5.0 AppleWebKit/537.36 (KHTML, like Gecko; compatible; GPTBot/1.3; +https://openai.com/gptbot)"
74.7.227.140 - - [01/Mar/2026:13:52:49 +0000] "GET /whsy.php?p=%2Fproc%2F27565%2Ftask%2F5659%2Fnet HTTP/2.0" 200 2464 "https://www.shakcoin.com.lab2454.com/whsy.php?p=%2Fproc%2F27565%2Ftask%2F5659" "Mozilla/5.0 AppleWebKit/537.36 (KHTML, like Gecko; compatible; GPTBot/1.3; +https://openai.com/gptbot)"
74.7.243.216 - - [01/Mar/2026:13:52:49 +0000] "GET /whsy.php?e=cmdline&p=%2Fproc%2F6023 HTTP/2.0" 200 2041 "https://shakcoin.com/whsy.php?p=%2Fproc%2F6023" "Mozilla/5.0 AppleWebKit/537.36 (KHTML, like Gecko; compatible; GPTBot/1.3; +https://openai.com/gptbot)"
74.7.243.216 - - [01/Mar/2026:13:52:57 +0000] "GET /whsy.php?e=cmdline&p=%2Fproc%2F9974 HTTP/2.0" 200 2010 "https://shakcoin.com/whsy.php?p=%2Fproc%2F9974" "Mozilla/5.0 AppleWebKit/537.36 (KHTML, like Gecko; compatible; GPTBot/1.3; +https://openai.com/gptbot)"
74.7.243.216 - - [01/Mar/2026:13:53:14 +0000] "GET /whsy.php?e=cmdline&p=%2Fproc%2F1667 HTTP/2.0" 200 2000 "https://shakcoin.com/whsy.php?p=%2Fproc%2F1667" "Mozilla/5.0 AppleWebKit/537.36 (KHTML, like Gecko; compatible; GPTBot/1.3; +https://openai.com/gptbot)"
74.7.243.216 - - [01/Mar/2026:13:53:25 +0000] "GET /whsy.php?e=cmdline&p=%2Fproc%2F2657 HTTP/2.0" 200 2030 "https://shakcoin.com/whsy.php?p=%2Fproc%2F2657" "Mozilla/5.0 AppleWebKit/537.36 (KHTML, like Gecko; compatible; GPTBot/1.3; +https://openai.com/gptbot)"
74.7.227.140 - - [01/Mar/2026:13:52:57 +0000] "GET /whsy.php?p=%2Fproc%2F27565%2Ftask%2F5659%2Ffdinfo HTTP/2.0" 200 818100 "https://www.shakcoin.com.lab2454.com/whsy.php?p=%2Fproc%2F27565%2Ftask%2F5659" "Mozilla/5.0 AppleWebKit/537.36 (KHTML, like Gecko; compatible; GPTBot/1.3; +https://openai.com/gptbot)"
74.7.243.216 - - [01/Mar/2026:13:53:33 +0000] "GET /whsy.php?e=cmdline&p=%2Fproc%2F5372 HTTP/2.0" 200 2000 "https://shakcoin.com/whsy.php?p=%2Fproc%2F5372" "Mozilla/5.0 AppleWebKit/537.36 (KHTML, like Gecko; compatible; GPTBot/1.3; +https://openai.com/gptbot)"
74.7.227.140 - - [01/Mar/2026:13:53:35 +0000] "GET /whsy.php?e=coredump_filter&p=%2Fproc%2F22201 HTTP/2.0" 200 913 "https://www.shakcoin.com.lab2454.com/whsy.php?p=%2Fproc%2F22201" "Mozilla/5.0 AppleWebKit/537.36 (KHTML, like Gecko; compatible; GPTBot/1.3; +https://openai.com/gptbot)"
74.7.243.216 - - [01/Mar/2026:13:53:46 +0000] "GET /whsy.php?e=cmdline&p=%2Fproc%2F9971 HTTP/2.0" 200 2010 "https://shakcoin.com/whsy.php?p=%2Fproc%2F9971" "Mozilla/5.0 AppleWebKit/537.36 (KHTML, like Gecko; compatible; GPTBot/1.3; +https://openai.com/gptbot)"
74.7.227.140 - - [01/Mar/2026:13:53:55 +0000] "GET /whsy.php?e=ip6_mr_vif&p=%2Fproc%2F18907%2Fnet HTTP/2.0" 200 2547 "https://www.shakcoin.com.lab2454.com/whsy.php?p=%2Fproc%2F18907%2Fnet" "Mozilla/5.0 AppleWebKit/537.36 (KHTML, like Gecko; compatible; GPTBot/1.3; +https://openai.com/gptbot)"
74.7.243.216 - - [01/Mar/2026:13:54:03 +0000] "GET /whsy.php?e=cmdline&p=%2Fproc%2F8533 HTTP/2.0" 200 2041 "https://shakcoin.com/whsy.php?p=%2Fproc%2F8533" "Mozilla/5.0 AppleWebKit/537.36 (KHTML, like Gecko; compatible; GPTBot/1.3; +https://openai.com/gptbot)"
74.7.227.140 - - [01/Mar/2026:13:54:07 +0000] "GET /whsy.php?e=ip6_mr_vif&p=%2Fproc%2F17403%2Fnet HTTP/2.0" 200 913 "https://www.shakcoin.com.lab2454.com/whsy.php?p=%2Fproc%2F17403%2Fnet" "Mozilla/5.0 AppleWebKit/537.36 (KHTML, like Gecko; compatible; GPTBot/1.3; +https://openai.com/gptbot)"
74.7.243.216 - - [01/Mar/2026:13:54:11 +0000] "GET /whsy.php?e=cmdline&p=%2Fproc%2F8799 HTTP/2.0" 200 2029 "https://shakcoin.com/whsy.php?p=%2Fproc%2F8799" "Mozilla/5.0 AppleWebKit/537.36 (KHTML, like Gecko; compatible; GPTBot/1.3; +https://openai.com/gptbot)"
74.7.227.140 - - [01/Mar/2026:13:54:17 +0000] "GET /whsy.php?e=arp_tables_targets&p=%2Fproc%2F14406%2Ftask%2F14410%2Fnet HTTP/2.0" 200 913 "https://www.shakcoin.com.lab2454.com/whsy.php?p=%2Fproc%2F14406%2Ftask%2F14410%2Fnet" "Mozilla/5.0 AppleWebKit/537.36 (KHTML, like Gecko; compatible; GPTBot/1.3; +https://openai.com/gptbot)"
74.7.243.216 - - [01/Mar/2026:13:54:24 +0000] "GET /whsy.php?e=cmdline&p=%2Fproc%2F5192 HTTP/2.0" 200 2039 "https://shakcoin.com/whsy.php?p=%2Fproc%2F5192" "Mozilla/5.0 AppleWebKit/537.36 (KHTML, like Gecko; compatible; GPTBot/1.3; +https://openai.com/gptbot)"
74.7.227.140 - - [01/Mar/2026:13:54:34 +0000] "GET /whsy.php?e=ip_vs_stats&p=%2Fproc%2F28703%2Fnet HTTP/2.0" 200 913 "https://www.shakcoin.com.lab2454.com/whsy.php?p=%2Fproc%2F28703%2Fnet" "Mozilla/5.0 AppleWebKit/537.36 (KHTML, like Gecko; compatible; GPTBot/1.3; +https://openai.com/gptbot)"
74.7.243.216 - - [01/Mar/2026:13:54:39 +0000] "GET /whsy.php?e=cmdline&p=%2Fproc%2F3624 HTTP/2.0" 200 2022 "https://shakcoin.com/whsy.php?p=%2Fproc%2F3624" "Mozilla/5.0 AppleWebKit/537.36 (KHTML, like Gecko; compatible; GPTBot/1.3; +https://openai.com/gptbot)"
74.7.227.140 - - [01/Mar/2026:13:54:43 +0000] "GET /whsy.php?e=ip_vs_stats&p=%2Fproc%2F21038%2Fnet HTTP/2.0" 200 913 "https://www.shakcoin.com.lab2454.com/whsy.php?p=%2Fproc%2F21038%2Fnet" "Mozilla/5.0 AppleWebKit/537.36 (KHTML, like Gecko; compatible; GPTBot/1.3; +https://openai.com/gptbot)"
74.7.243.216 - - [01/Mar/2026:13:54:46 +0000] "GET /whsy.php?e=cmdline&p=%2Fproc%2F7324 HTTP/2.0" 200 913 "https://shakcoin.com/whsy.php?p=%2Fproc%2F7324" "Mozilla/5.0 AppleWebKit/537.36 (KHTML, like Gecko; compatible; GPTBot/1.3; +https://openai.com/gptbot)"
74.7.227.140 - - [01/Mar/2026:13:54:51 +0000] "GET /whsy.php?e=ip_vs_stats&p=%2Fproc%2F25364%2Fnet HTTP/2.0" 200 2590 "https://www.shakcoin.com.lab2454.com/whsy.php?p=%2Fproc%2F25364%2Fnet" "Mozilla/5.0 AppleWebKit/537.36 (KHTML, like Gecko; compatible; GPTBot/1.3; +https://openai.com/gptbot)"
74.7.243.216 - - [01/Mar/2026:13:54:55 +0000] "GET /whsy.php?e=cmdline&p=%2Fproc%2F9975 HTTP/2.0" 200 2012 "https://shakcoin.com/whsy.php?p=%2Fproc%2F9975" "Mozilla/5.0 AppleWebKit/537.36 (KHTML, like Gecko; compatible; GPTBot/1.3; +https://openai.com/gptbot)"
74.7.227.140 - - [01/Mar/2026:13:54:59 +0000] "GET /whsy.php?e=ip_vs_stats&p=%2Fproc%2F30492%2Fnet HTTP/2.0" 200 913 "https://www.shakcoin.com.lab2454.com/whsy.php?p=%2Fproc%2F30492%2Fnet" "Mozilla/5.0 AppleWebKit/537.36 (KHTML, like Gecko; compatible; GPTBot/1.3; +https://openai.com/gptbot)"
74.7.243.216 - - [01/Mar/2026:13:55:03 +0000] "GET /whsy.php?e=cmdline&p=%2Fproc%2F8834 HTTP/2.0" 200 2000 "https://shakcoin.com/whsy.php?p=%2Fproc%2F8834" "Mozilla/5.0 AppleWebKit/537.36 (KHTML, like Gecko; compatible; GPTBot/1.3; +https://openai.com/gptbot)"
74.7.227.140 - - [01/Mar/2026:13:55:08 +0000] "GET /whsy.php?e=ip_vs_stats&p=%2Fproc%2F18632%2Fnet HTTP/2.0" 200 2590 "https://www.shakcoin.com.lab2454.com/whsy.php?p=%2Fproc%2F18632%2Fnet" "Mozilla/5.0 AppleWebKit/537.36 (KHTML, like Gecko; compatible; GPTBot/1.3; +https://openai.com/gptbot)"
74.7.243.216 - - [01/Mar/2026:13:55:12 +0000] "GET /whsy.php?e=cmdline&p=%2Fproc%2F1009 HTTP/2.0" 200 2008 "https://shakcoin.com/whsy.php?p=%2Fproc%2F1009" "Mozilla/5.0 AppleWebKit/537.36 (KHTML, like Gecko; compatible; GPTBot/1.3; +https://openai.com/gptbot)"
74.7.175.188 - - [01/Mar/2026:13:55:13 +0000] "GET /robots.txt HTTP/2.0" 404 - "-" "Mozilla/5.0 (Macintosh; Intel Mac OS X 10_15_7) AppleWebKit/537.36 (KHTML, like Gecko) Chrome/131.0.0.0 Safari/537.36; compatible; OAI-SearchBot/1.3; robots.txt; +https://openai.com/searchbot"
74.7.227.140 - - [01/Mar/2026:13:55:15 +0000] "GET /whsy.php?p=%2Fproc%2F27565%2Ftask%2F5659%2Fnet%2Fipt_hashlimit HTTP/2.0" 200 521 "https://www.shakcoin.com.lab2454.com/whsy.php?p=%2Fproc%2F27565%2Ftask%2F5659%2Fnet" "Mozilla/5.0 AppleWebKit/537.36 (KHTML, like Gecko; compatible; GPTBot/1.3; +https://openai.com/gptbot)"
74.7.243.216 - - [01/Mar/2026:13:55:19 +0000] "GET /whsy.php?e=cmdline&p=%2Fproc%2F9973 HTTP/2.0" 200 2014 "https://shakcoin.com/whsy.php?p=%2Fproc%2F9973" "Mozilla/5.0 AppleWebKit/537.36 (KHTML, like Gecko; compatible; GPTBot/1.3; +https://openai.com/gptbot)"
74.7.227.140 - - [01/Mar/2026:13:55:21 +0000] "GET /whsy.php?p=%2Fproc%2F27565%2Ftask%2F5659%2Fnet%2Fip6t_hashlimit HTTP/2.0" 200 522 "https://www.shakcoin.com.lab2454.com/whsy.php?p=%2Fproc%2F27565%2Ftask%2F5659%2Fnet" "Mozilla/5.0 AppleWebKit/537.36 (KHTML, like Gecko; compatible; GPTBot/1.3; +https://openai.com/gptbot)"
74.7.243.216 - - [01/Mar/2026:13:55:25 +0000] "GET /whsy.php?e=cmdline&p=%2Fproc%2F8142 HTTP/2.0" 200 2020 "https://shakcoin.com/whsy.php?p=%2Fproc%2F8142" "Mozilla/5.0 AppleWebKit/537.36 (KHTML, like Gecko; compatible; GPTBot/1.3; +https://openai.com/gptbot)"
74.7.227.140 - - [01/Mar/2026:13:55:30 +0000] "GET /whsy.php?p=%2Fproc%2F27565%2Ftask%2F5659%2Fnet%2Fnfsfs HTTP/2.0" 200 721 "https://www.shakcoin.com.lab2454.com/whsy.php?p=%2Fproc%2F27565%2Ftask%2F5659%2Fnet" "Mozilla/5.0 AppleWebKit/537.36 (KHTML, like Gecko; compatible; GPTBot/1.3; +https://openai.com/gptbot)"
74.7.243.216 - - [01/Mar/2026:13:55:36 +0000] "GET /whsy.php?e=cmdline&p=%2Fproc%2F3643 HTTP/2.0" 200 2020 "https://shakcoin.com/whsy.php?p=%2Fproc%2F3643" "Mozilla/5.0 AppleWebKit/537.36 (KHTML, like Gecko; compatible; GPTBot/1.3; +https://openai.com/gptbot)"
74.7.227.140 - - [01/Mar/2026:13:55:43 +0000] "GET /whsy.php?p=%2Fproc%2F27565%2Ftask%2F5659%2Fnet%2Fdev_snmp6 HTTP/2.0" 200 1003 "https://www.shakcoin.com.lab2454.com/whsy.php?p=%2Fproc%2F27565%2Ftask%2F5659%2Fnet" "Mozilla/5.0 AppleWebKit/537.36 (KHTML, like Gecko; compatible; GPTBot/1.3; +https://openai.com/gptbot)"
74.7.243.216 - - [01/Mar/2026:13:55:52 +0000] "GET /whsy.php?e=cmdline&p=%2Fproc%2F5207 HTTP/2.0" 200 2064 "https://shakcoin.com/whsy.php?p=%2Fproc%2F5207" "Mozilla/5.0 AppleWebKit/537.36 (KHTML, like Gecko; compatible; GPTBot/1.3; +https://openai.com/gptbot)"
74.7.227.140 - - [01/Mar/2026:13:55:55 +0000] "GET /whsy.php?p=%2Fproc%2F27565%2Ftask%2F5659%2Fnet%2Fstat HTTP/2.0" 200 841 "https://www.shakcoin.com.lab2454.com/whsy.php?p=%2Fproc%2F27565%2Ftask%2F5659%2Fnet" "Mozilla/5.0 AppleWebKit/537.36 (KHTML, like Gecko; compatible; GPTBot/1.3; +https://openai.com/gptbot)"
74.7.243.216 - - [01/Mar/2026:13:56:00 +0000] "GET /whsy.php?e=LICENSE&p=%2Fhome%2Flab2454c%2Fhealthvalidate.com%2Fvendor%2Fsymfony%2Fevent-dispatcher-contracts HTTP/2.0" 200 1646 "https://shakcoin.com/whsy.php?p=%2Fhome%2Flab2454c%2Fhealthvalidate.com%2Fvendor%2Fsymfony%2Fevent-dispatcher-contracts" "Mozilla/5.0 AppleWebKit/537.36 (KHTML, like Gecko; compatible; GPTBot/1.3; +https://openai.com/gptbot)"
74.7.227.140 - - [01/Mar/2026:13:56:02 +0000] "GET /whsy.php?p=%2Fproc%2F27565%2Ftask%2F5659%2Fnet%2Fsctp HTTP/2.0" 200 773 "https://www.shakcoin.com.lab2454.com/whsy.php?p=%2Fproc%2F27565%2Ftask%2F5659%2Fnet" "Mozilla/5.0 AppleWebKit/537.36 (KHTML, like Gecko; compatible; GPTBot/1.3; +https://openai.com/gptbot)"
74.7.243.216 - - [01/Mar/2026:13:56:06 +0000] "GET /whsy.php?e=ChangeLog.md&p=%2Fhome%2Flab2454c%2Fcredityorkgroup.com%2Fvendor%2Fsebastian%2Fenvironment HTTP/2.0" 200 2383 "https://shakcoin.com/whsy.php?p=%2Fhome%2Flab2454c%2Fcredityorkgroup.com%2Fvendor%2Fsebastian%2Fenvironment" "Mozilla/5.0 AppleWebKit/537.36 (KHTML, like Gecko; compatible; GPTBot/1.3; +https://openai.com/gptbot)"
74.7.227.140 - - [01/Mar/2026:13:56:08 +0000] "GET /whsy.php?p=%2Fproc%2F27565%2Ftask%2F5659%2Fnet%2Frpc HTTP/2.0" 200 880 "https://www.shakcoin.com.lab2454.com/whsy.php?p=%2Fproc%2F27565%2Ftask%2F5659%2Fnet" "Mozilla/5.0 AppleWebKit/537.36 (KHTML, like Gecko; compatible; GPTBot/1.3; +https://openai.com/gptbot)"
74.7.243.216 - - [01/Mar/2026:13:56:11 +0000] "GET /whsy.php?e=codemirror.css&p=%2Fhome%2Flab2454c%2Fcarbonbullion.net%2Fwp-content%2Fplugins%2Fwp-phpmyadmin-extension%2Flib%2FphpMyAdmin_wGKM9I65Op2zDcVUbdYnTqx%2Fjs%2Fvendor%2Fcodemirror%2Flib HTTP/2.0" 200 3358 "https://shakcoin.com/whsy.php?p=%2Fhome%2Flab2454c%2Fcarbonbullion.net%2Fwp-content%2Fplugins%2Fwp-phpmyadmin-extension%2Flib%2FphpMyAdmin_wGKM9I65Op2zDcVUbdYnTqx%2Fjs%2Fvendor%2Fcodemirror%2Flib" "Mozilla/5.0 AppleWebKit/537.36 (KHTML, like Gecko; compatible; GPTBot/1.3; +https://openai.com/gptbot)"
74.7.227.140 - - [01/Mar/2026:13:56:12 +0000] "GET /whsy.php?p=%2Fproc%2F27565%2Ftask%2F5659%2Fnet%2Fxt_recent HTTP/2.0" 200 518 "https://www.shakcoin.com.lab2454.com/whsy.php?p=%2Fproc%2F27565%2Ftask%2F5659%2Fnet" "Mozilla/5.0 AppleWebKit/537.36 (KHTML, like Gecko; compatible; GPTBot/1.3; +https://openai.com/gptbot)"
74.7.243.216 - - [01/Mar/2026:13:56:15 +0000] "GET /whsy.php?p=%2Fhome%2Flab2454c%2Fbiocei.com%2Fwp-content%2Fplugins%2Fwp-file-manager%2Flib%2Fsounds HTTP/2.0" 200 732 "https://shakcoin.com/whsy.php?p=%2Fhome%2Flab2454c%2Fbiocei.com%2Fwp-content%2Fplugins%2Fwp-file-manager%2Flib" "Mozilla/5.0 AppleWebKit/537.36 (KHTML, like Gecko; compatible; GPTBot/1.3; +https://openai.com/gptbot)"
74.7.227.140 - - [01/Mar/2026:13:56:17 +0000] "GET /whsy.php?p=%2Fproc%2F27565%2Ftask%2F5659%2Fnet%2Fvlan HTTP/2.0" 200 683 "https://www.shakcoin.com.lab2454.com/whsy.php?p=%2Fproc%2F27565%2Ftask%2F5659%2Fnet" "Mozilla/5.0 AppleWebKit/537.36 (KHTML, like Gecko; compatible; GPTBot/1.3; +https://openai.com/gptbot)"
74.7.243.216 - - [01/Mar/2026:13:56:19 +0000] "GET /whsy.php?p=%2Fhome%2Flab2454c%2Fbiocei.com%2Fwp-content%2Fplugins%2Fwp-file-manager%2Flib%2Fjquery HTTP/2.0" 200 787 "https://shakcoin.com/whsy.php?p=%2Fhome%2Flab2454c%2Fbiocei.com%2Fwp-content%2Fplugins%2Fwp-file-manager%2Flib" "Mozilla/5.0 AppleWebKit/537.36 (KHTML, like Gecko; compatible; GPTBot/1.3; +https://openai.com/gptbot)"
74.7.227.140 - - [01/Mar/2026:13:56:21 +0000] "GET /whsy.php?e=ip_vs_stats&p=%2Fproc%2F26918%2Fnet HTTP/2.0" 200 2589 "https://www.shakcoin.com.lab2454.com/whsy.php?p=%2Fproc%2F26918%2Fnet" "Mozilla/5.0 AppleWebKit/537.36 (KHTML, like Gecko; compatible; GPTBot/1.3; +https://openai.com/gptbot)"
74.7.243.216 - - [01/Mar/2026:13:56:24 +0000] "GET /whsy.php?e=ipv6_route&p=%2Fproc%2F11197%2Fnet HTTP/2.0" 200 2752 "https://shakcoin.com/whsy.php?p=%2Fproc%2F11197%2Fnet" "Mozilla/5.0 AppleWebKit/537.36 (KHTML, like Gecko; compatible; GPTBot/1.3; +https://openai.com/gptbot)"
74.7.227.140 - - [01/Mar/2026:13:56:26 +0000] "GET /whsy.php?e=ip_vs_stats&p=%2Fproc%2F20573%2Fnet HTTP/2.0" 200 913 "https://www.shakcoin.com.lab2454.com/whsy.php?p=%2Fproc%2F20573%2Fnet" "Mozilla/5.0 AppleWebKit/537.36 (KHTML, like Gecko; compatible; GPTBot/1.3; +https://openai.com/gptbot)"
74.7.243.216 - - [01/Mar/2026:13:56:28 +0000] "GET /whsy.php?e=19&p=%2Fproc%2F25839%2Ffd HTTP/2.0" 200 913 "https://shakcoin.com/whsy.php?p=%2Fdev%2Ffd" "Mozilla/5.0 AppleWebKit/537.36 (KHTML, like Gecko; compatible; GPTBot/1.3; +https://openai.com/gptbot)"
74.7.227.140 - - [01/Mar/2026:13:56:30 +0000] "GET /whsy.php?p=%2Fproc%2F27565%2Ftask%2F5659%2Fnet%2Fipt_hashlimit%2F.. HTTP/2.0" 200 2464 "https://www.shakcoin.com.lab2454.com/whsy.php?p=%2Fproc%2F27565%2Ftask%2F5659%2Fnet%2Fipt_hashlimit" "Mozilla/5.0 AppleWebKit/537.36 (KHTML, like Gecko; compatible; GPTBot/1.3; +https://openai.com/gptbot)"
74.7.243.216 - - [01/Mar/2026:13:56:33 +0000] "GET /whsy.php?e=18&p=%2Fproc%2F25839%2Ffd HTTP/2.0" 200 913 "https://shakcoin.com/whsy.php?p=%2Fdev%2Ffd" "Mozilla/5.0 AppleWebKit/537.36 (KHTML, like Gecko; compatible; GPTBot/1.3; +https://openai.com/gptbot)"
74.7.227.140 - - [01/Mar/2026:13:56:35 +0000] "GET /whsy.php?p=%2Fproc%2F27565%2Ftask%2F5659%2Fnet%2Fip6t_hashlimit%2F.. HTTP/2.0" 200 2464 "https://www.shakcoin.com.lab2454.com/whsy.php?p=%2Fproc%2F27565%2Ftask%2F5659%2Fnet%2Fip6t_hashlimit" "Mozilla/5.0 AppleWebKit/537.36 (KHTML, like Gecko; compatible; GPTBot/1.3; +https://openai.com/gptbot)"
74.7.243.216 - - [01/Mar/2026:13:56:38 +0000] "GET /whsy.php?e=wp-cron.php&p=%2Fhome%2Flab2454c%2Farchfort.com%2Fwp-content HTTP/2.0" 200 2314 "https://shakcoin.com/whsy.php?p=%2Fhome%2Flab2454c%2Farchfort.com%2Fwp-content" "Mozilla/5.0 AppleWebKit/537.36 (KHTML, like Gecko; compatible; GPTBot/1.3; +https://openai.com/gptbot)"
74.7.243.216 - - [01/Mar/2026:13:56:44 +0000] "GET /whsy.php?e=editor-rtl.min.css&p=%2Fhome%2Flab2454c%2Fcarbonbullion.net%2Fwp-includes%2Fblocks%2Fsocial-link HTTP/2.0" 200 986 "https://shakcoin.com/whsy.php?p=%2Fhome%2Flab2454c%2Fcarbonbullion.net%2Fwp-includes%2Fblocks%2Fsocial-link" "Mozilla/5.0 AppleWebKit/537.36 (KHTML, like Gecko; compatible; GPTBot/1.3; +https://openai.com/gptbot)"
74.7.227.140 - - [01/Mar/2026:13:56:47 +0000] "GET /whsy.php?e=ip_vs_stats&p=%2Fproc%2F20784%2Fnet HTTP/2.0" 200 913 "https://www.shakcoin.com.lab2454.com/whsy.php?p=%2Fproc%2F20784%2Fnet" "Mozilla/5.0 AppleWebKit/537.36 (KHTML, like Gecko; compatible; GPTBot/1.3; +https://openai.com/gptbot)"
74.7.243.216 - - [01/Mar/2026:13:56:51 +0000] "GET /whsy.php?e=editor-rtl.min.css&p=%2Fhome%2Flab2454c%2Fcarbonbullion.net%2Fwp-includes%2Fblocks%2Fsite-title HTTP/2.0" 200 1041 "https://shakcoin.com/whsy.php?p=%2Fhome%2Flab2454c%2Fcarbonbullion.net%2Fwp-includes%2Fblocks%2Fsite-title" "Mozilla/5.0 AppleWebKit/537.36 (KHTML, like Gecko; compatible; GPTBot/1.3; +https://openai.com/gptbot)"
74.7.227.140 - - [01/Mar/2026:13:56:56 +0000] "GET /whsy.php?e=ip_vs_stats&p=%2Fproc%2F26917%2Fnet HTTP/2.0" 200 2590 "https://www.shakcoin.com.lab2454.com/whsy.php?p=%2Fproc%2F26917%2Fnet" "Mozilla/5.0 AppleWebKit/537.36 (KHTML, like Gecko; compatible; GPTBot/1.3; +https://openai.com/gptbot)"
74.7.243.216 - - [01/Mar/2026:13:57:01 +0000] "GET /whsy.php?p=%2Fhome%2Flab2454c%2Felementalmill.com%2Fwp-content%2Fthemes%2Ftwentytwentyone%2Fassets%2Fsass%2F01-settings%2F.. HTTP/2.0" 200 926 "https://shakcoin.com/whsy.php?e=fonts.scss&p=%2Fhome%2Flab2454c%2Felementalmill.com%2Fwp-content%2Fthemes%2Ftwentytwentyone%2Fassets%2Fsass%2F01-settings" "Mozilla/5.0 AppleWebKit/537.36 (KHTML, like Gecko; compatible; GPTBot/1.3; +https://openai.com/gptbot)"
74.7.227.140 - - [01/Mar/2026:13:57:04 +0000] "GET /whsy.php?e=remaddr&p=%2Fproc%2F27565%2Ftask%2F5659%2Fnet%2Fsctp HTTP/2.0" 200 888 "https://www.shakcoin.com.lab2454.com/whsy.php?p=%2Fproc%2F27565%2Ftask%2F5659%2Fnet%2Fsctp" "Mozilla/5.0 AppleWebKit/537.36 (KHTML, like Gecko; compatible; GPTBot/1.3; +https://openai.com/gptbot)"
74.7.243.216 - - [01/Mar/2026:13:57:10 +0000] "GET /whsy.php?p=%2Fhome%2Flab2454c%2Fsothebankuab.com%2Fwp-content%2Fplugins%2Fbdthemes-element-pack%2Fmodules%2Finstagram-feed%2Fwidgets%2F.. HTTP/2.0" 200 796 "https://shakcoin.com/whsy.php?p=%2Fhome%2Flab2454c%2Fsothebankuab.com%2Fwp-content%2Fplugins%2Fbdthemes-element-pack%2Fmodules%2Finstagram-feed%2Fwidgets" "Mozilla/5.0 AppleWebKit/537.36 (KHTML, like Gecko; compatible; GPTBot/1.3; +https://openai.com/gptbot)"
74.7.227.140 - - [01/Mar/2026:13:57:13 +0000] "GET /whsy.php?p=%2Fproc%2F27565%2Ftask%2F5659%2Fnet%2Frpc%2Fnfs4.nametoid HTTP/2.0" 200 764 "https://www.shakcoin.com.lab2454.com/whsy.php?p=%2Fproc%2F27565%2Ftask%2F5659%2Fnet%2Frpc" "Mozilla/5.0 AppleWebKit/537.36 (KHTML, like Gecko; compatible; GPTBot/1.3; +https://openai.com/gptbot)"
74.7.244.10 - - [01/Mar/2026:13:57:14 +0000] "GET /robots.txt HTTP/2.0" 404 - "-" "Mozilla/5.0 (Macintosh; Intel Mac OS X 10_15_7) AppleWebKit/537.36 (KHTML, like Gecko) Chrome/131.0.0.0 Safari/537.36; compatible; OAI-SearchBot/1.3; robots.txt; +https://openai.com/searchbot"
74.7.243.216 - - [01/Mar/2026:13:57:20 +0000] "GET /whsy.php?e=index.blade.php&p=%2Fhome%2Flab2454c%2Ftripvare.com%2Fresources%2Fviews%2Fadmin%2Fdashboard%2Fdynamic_pages HTTP/2.0" 200 1545 "https://shakcoin.com/whsy.php?p=%2Fhome%2Flab2454c%2Ftripvare.com%2Fresources%2Fviews%2Fadmin%2Fdashboard%2Fdynamic_pages" "Mozilla/5.0 AppleWebKit/537.36 (KHTML, like Gecko; compatible; GPTBot/1.3; +https://openai.com/gptbot)"
74.7.227.140 - - [01/Mar/2026:13:57:22 +0000] "GET /whsy.php?p=%2Fproc%2F27565%2Ftask%2F5659%2Fnet%2Frpc%2Fnfs4.idtoname HTTP/2.0" 200 765 "https://www.shakcoin.com.lab2454.com/whsy.php?p=%2Fproc%2F27565%2Ftask%2F5659%2Fnet%2Frpc" "Mozilla/5.0 AppleWebKit/537.36 (KHTML, like Gecko; compatible; GPTBot/1.3; +https://openai.com/gptbot)"
74.7.243.216 - - [01/Mar/2026:13:57:26 +0000] "GET /whsy.php?e=README.md&p=%2Fhome%2Flab2454c%2Fcarbonbullion.com%2Fwp-content%2Fplugins%2Fmailpoet%2Flib%2FAutomation HTTP/2.0" 200 1074 "https://shakcoin.com/whsy.php?p=%2Fhome%2Flab2454c%2Fcarbonbullion.com%2Fwp-content%2Fplugins%2Fmailpoet%2Flib%2FAutomation" "Mozilla/5.0 AppleWebKit/537.36 (KHTML, like Gecko; compatible; GPTBot/1.3; +https://openai.com/gptbot)"
74.7.227.140 - - [01/Mar/2026:13:57:28 +0000] "GET /whsy.php?p=%2Fproc%2F27565%2Ftask%2F5659%2Fnet%2Frpc%2Fauth.unix.gid HTTP/2.0" 200 766 "https://www.shakcoin.com.lab2454.com/whsy.php?p=%2Fproc%2F27565%2Ftask%2F5659%2Fnet%2Frpc" "Mozilla/5.0 AppleWebKit/537.36 (KHTML, like Gecko; compatible; GPTBot/1.3; +https://openai.com/gptbot)"
74.7.243.216 - - [01/Mar/2026:13:57:33 +0000] "GET /whsy.php?e=admin-init.php&p=%2Fhome%2Flab2454c%2Farchswipe.com%2Fwp-content%2Fplugins%2Fsvg-support%2Fadmin HTTP/2.0" 200 2236 "https://shakcoin.com/whsy.php?p=%2Fhome%2Flab2454c%2Farchswipe.com%2Fwp-content%2Fplugins%2Fsvg-support%2Fadmin" "Mozilla/5.0 AppleWebKit/537.36 (KHTML, like Gecko; compatible; GPTBot/1.3; +https://openai.com/gptbot)"
74.7.227.140 - - [01/Mar/2026:13:57:35 +0000] "GET /whsy.php?p=%2Fproc%2F27565%2Ftask%2F5659%2Fnet%2Frpc%2Fnfsd.export HTTP/2.0" 200 763 "https://www.shakcoin.com.lab2454.com/whsy.php?p=%2Fproc%2F27565%2Ftask%2F5659%2Fnet%2Frpc" "Mozilla/5.0 AppleWebKit/537.36 (KHTML, like Gecko; compatible; GPTBot/1.3; +https://openai.com/gptbot)"
74.7.243.216 - - [01/Mar/2026:13:57:39 +0000] "GET /whsy.php?p=%2Fhome%2Flab2454c%2Fhealthvalidate.com%2Fvendor%2Fdompdf%2Fdompdf%2Fsrc%2FException%2F.. HTTP/2.0" 200 1222 "https://shakcoin.com/whsy.php?p=%2Fhome%2Flab2454c%2Fhealthvalidate.com%2Fvendor%2Fdompdf%2Fdompdf%2Fsrc%2FException" "Mozilla/5.0 AppleWebKit/537.36 (KHTML, like Gecko; compatible; GPTBot/1.3; +https://openai.com/gptbot)"
74.7.227.140 - - [01/Mar/2026:13:57:41 +0000] "GET /whsy.php?p=%2Fproc%2F27565%2Ftask%2F5659%2Fnet%2Frpc%2Fauth.rpcsec.init HTTP/2.0" 200 737 "https://www.shakcoin.com.lab2454.com/whsy.php?p=%2Fproc%2F27565%2Ftask%2F5659%2Fnet%2Frpc" "Mozilla/5.0 AppleWebKit/537.36 (KHTML, like Gecko; compatible; GPTBot/1.3; +https://openai.com/gptbot)"
74.7.243.216 - - [01/Mar/2026:13:57:45 +0000] "GET /whsy.php?e=notes.txt&p=%2Fvar%2Fsoftaculous%2Fminiflux HTTP/2.0" 200 1454 "https://shakcoin.com/whsy.php?p=%2Fvar%2Fsoftaculous%2Fminiflux" "Mozilla/5.0 AppleWebKit/537.36 (KHTML, like Gecko; compatible; GPTBot/1.3; +https://openai.com/gptbot)"
74.7.227.140 - - [01/Mar/2026:13:57:48 +0000] "GET /whsy.php?p=%2Fproc%2F27565%2Ftask%2F5659%2Fnet%2Frpc%2Fauth.rpcsec.context HTTP/2.0" 200 739 "https://www.shakcoin.com.lab2454.com/whsy.php?p=%2Fproc%2F27565%2Ftask%2F5659%2Fnet%2Frpc" "Mozilla/5.0 AppleWebKit/537.36 (KHTML, like Gecko; compatible; GPTBot/1.3; +https://openai.com/gptbot)"
74.7.243.216 - - [01/Mar/2026:13:57:54 +0000] "GET /whsy.php?e=changelog.txt&p=%2Fvar%2Fsoftaculous%2Fmyt HTTP/2.0" 200 1395 "https://shakcoin.com/whsy.php?p=%2Fvar%2Fsoftaculous%2Fmyt" "Mozilla/5.0 AppleWebKit/537.36 (KHTML, like Gecko; compatible; GPTBot/1.3; +https://openai.com/gptbot)"
74.7.227.140 - - [01/Mar/2026:13:57:57 +0000] "GET /whsy.php?p=%2Fproc%2F27565%2Ftask%2F5659%2Fnet%2Frpc%2Fauth.unix.ip HTTP/2.0" 200 765 "https://www.shakcoin.com.lab2454.com/whsy.php?p=%2Fproc%2F27565%2Ftask%2F5659%2Fnet%2Frpc" "Mozilla/5.0 AppleWebKit/537.36 (KHTML, like Gecko; compatible; GPTBot/1.3; +https://openai.com/gptbot)"
74.7.243.216 - - [01/Mar/2026:13:58:02 +0000] "GET /whsy.php?p=%2Fhome%2Flab2454c%2Ftripvare.com%2Fbackup%2Fvendor%2Fsebastian%2Frecursion-context%2F.. HTTP/2.0" 200 737 "https://shakcoin.com/whsy.php?p=%2Fhome%2Flab2454c%2Ftripvare.com%2Fbackup%2Fvendor%2Fsebastian%2Frecursion-context" "Mozilla/5.0 AppleWebKit/537.36 (KHTML, like Gecko; compatible; GPTBot/1.3; +https://openai.com/gptbot)"
74.7.227.140 - - [01/Mar/2026:13:58:05 +0000] "GET /whsy.php?e=coredump_filter&p=%2Fproc%2F21250 HTTP/2.0" 200 913 "https://www.shakcoin.com.lab2454.com/whsy.php?p=%2Fproc%2F21250" "Mozilla/5.0 AppleWebKit/537.36 (KHTML, like Gecko; compatible; GPTBot/1.3; +https://openai.com/gptbot)"
74.7.243.216 - - [01/Mar/2026:13:58:12 +0000] "GET /whsy.php?e=class-wc-order-item-meta.php&p=%2Fhome%2Flab2454c%2Fgemiton.com%2Fwp-content%2Fplugins%2Fwoocommerce%2Fincludes HTTP/2.0" 200 6233 "https://shakcoin.com/whsy.php?p=%2Fhome%2Flab2454c%2Fgemiton.com%2Fwp-content%2Fplugins%2Fwoocommerce%2Fincludes" "Mozilla/5.0 AppleWebKit/537.36 (KHTML, like Gecko; compatible; GPTBot/1.3; +https://openai.com/gptbot)"
74.7.227.140 - - [01/Mar/2026:13:58:15 +0000] "GET /whsy.php?e=coredump_filter&p=%2Fproc%2F24328 HTTP/2.0" 200 913 "https://www.shakcoin.com.lab2454.com/whsy.php?p=%2Fproc%2F24328" "Mozilla/5.0 AppleWebKit/537.36 (KHTML, like Gecko; compatible; GPTBot/1.3; +https://openai.com/gptbot)"
74.7.243.216 - - [01/Mar/2026:13:58:19 +0000] "GET /whsy.php?p=%2Fhome%2Flab2454c%2Fcostbloc.com%2Fvendor%2Flaravel%2Fframework%2Fsrc%2FIlluminate%2FRedis%2FConnections%2F.. HTTP/2.0" 200 915 "https://shakcoin.com/whsy.php?p=%2Fhome%2Flab2454c%2Fcostbloc.com%2Fvendor%2Flaravel%2Fframework%2Fsrc%2FIlluminate%2FRedis%2FConnections" "Mozilla/5.0 AppleWebKit/537.36 (KHTML, like Gecko; compatible; GPTBot/1.3; +https://openai.com/gptbot)"
74.7.227.140 - - [01/Mar/2026:13:58:22 +0000] "GET /whsy.php?e=coredump_filter&p=%2Fproc%2F12239 HTTP/2.0" 200 913 "https://www.shakcoin.com.lab2454.com/whsy.php?p=%2Fproc%2F12239" "Mozilla/5.0 AppleWebKit/537.36 (KHTML, like Gecko; compatible; GPTBot/1.3; +https://openai.com/gptbot)"
74.7.243.216 - - [01/Mar/2026:13:58:30 +0000] "GET /whsy.php?p=%2Fhome%2Flab2454c%2Fcostbloc.com%2Fvendor%2Flaravel%2Fframework%2Fsrc%2FIlluminate%2FRouting%2FContracts%2F.. HTTP/2.0" 200 1976 "https://shakcoin.com/whsy.php?p=%2Fhome%2Flab2454c%2Fcostbloc.com%2Fvendor%2Flaravel%2Fframework%2Fsrc%2FIlluminate%2FRouting%2FContracts" "Mozilla/5.0 AppleWebKit/537.36 (KHTML, like Gecko; compatible; GPTBot/1.3; +https://openai.com/gptbot)"
74.7.227.140 - - [01/Mar/2026:13:58:36 +0000] "GET /whsy.php?e=coredump_filter&p=%2Fproc%2F27979 HTTP/2.0" 200 913 "https://www.shakcoin.com.lab2454.com/whsy.php?p=%2Fproc%2F27979" "Mozilla/5.0 AppleWebKit/537.36 (KHTML, like Gecko; compatible; GPTBot/1.3; +https://openai.com/gptbot)"
74.7.243.216 - - [01/Mar/2026:13:58:44 +0000] "GET /whsy.php?p=%2Fhome%2Flab2454c%2Fcostbloc.com%2Fvendor%2Flaravel%2Fframework%2Fsrc%2FIlluminate%2FContracts%2FRouting%2F.. HTTP/2.0" 200 1082 "https://shakcoin.com/whsy.php?p=%2Fhome%2Flab2454c%2Fcostbloc.com%2Fvendor%2Flaravel%2Fframework%2Fsrc%2FIlluminate%2FContracts%2FRouting" "Mozilla/5.0 AppleWebKit/537.36 (KHTML, like Gecko; compatible; GPTBot/1.3; +https://openai.com/gptbot)"
74.7.227.140 - - [01/Mar/2026:13:58:53 +0000] "GET /whsy.php?p=%2Fproc%2F27565%2Ftask%2F5659%2Fnet%2Frpc%2Fnfs4.nametoid%2F.. HTTP/2.0" 200 880 "https://www.shakcoin.com.lab2454.com/whsy.php?p=%2Fproc%2F27565%2Ftask%2F5659%2Fnet%2Frpc%2Fnfs4.nametoid" "Mozilla/5.0 AppleWebKit/537.36 (KHTML, like Gecko; compatible; GPTBot/1.3; +https://openai.com/gptbot)"
74.7.243.216 - - [01/Mar/2026:13:58:58 +0000] "GET /whsy.php?p=%2Fhome%2Flab2454c%2Fcostbloc.com%2Fvendor%2Flaravel%2Fframework%2Fsrc%2FIlluminate%2FContracts%2FSession%2F.. HTTP/2.0" 200 1082 "https://shakcoin.com/whsy.php?p=%2Fhome%2Flab2454c%2Fcostbloc.com%2Fvendor%2Flaravel%2Fframework%2Fsrc%2FIlluminate%2FContracts%2FSession" "Mozilla/5.0 AppleWebKit/537.36 (KHTML, like Gecko; compatible; GPTBot/1.3; +https://openai.com/gptbot)"
74.7.227.140 - - [01/Mar/2026:13:59:02 +0000] "GET /whsy.php?p=%2Fproc%2F27565%2Ftask%2F5659%2Fnet%2Frpc%2Fnfs4.idtoname%2F.. HTTP/2.0" 200 880 "https://www.shakcoin.com.lab2454.com/whsy.php?p=%2Fproc%2F27565%2Ftask%2F5659%2Fnet%2Frpc%2Fnfs4.idtoname" "Mozilla/5.0 AppleWebKit/537.36 (KHTML, like Gecko; compatible; GPTBot/1.3; +https://openai.com/gptbot)"
74.7.243.216 - - [01/Mar/2026:13:59:07 +0000] "GET /whsy.php?p=%2Fhome%2Flab2454c%2Fcostbloc.com%2Fvendor%2Flaravel%2Fframework%2Fsrc%2FIlluminate%2FContracts%2FSupport%2F.. HTTP/2.0" 200 1082 "https://shakcoin.com/whsy.php?p=%2Fhome%2Flab2454c%2Fcostbloc.com%2Fvendor%2Flaravel%2Fframework%2Fsrc%2FIlluminate%2FContracts%2FSupport" "Mozilla/5.0 AppleWebKit/537.36 (KHTML, like Gecko; compatible; GPTBot/1.3; +https://openai.com/gptbot)"
74.7.227.140 - - [01/Mar/2026:13:59:11 +0000] "GET /whsy.php?p=%2Fproc%2F27565%2Ftask%2F5659%2Fnet%2Frpc%2Fauth.unix.gid%2F.. HTTP/2.0" 200 880 "https://www.shakcoin.com.lab2454.com/whsy.php?p=%2Fproc%2F27565%2Ftask%2F5659%2Fnet%2Frpc%2Fauth.unix.gid" "Mozilla/5.0 AppleWebKit/537.36 (KHTML, like Gecko; compatible; GPTBot/1.3; +https://openai.com/gptbot)"
74.7.243.216 - - [01/Mar/2026:13:59:15 +0000] "GET /whsy.php?e=DMD_Dias3-copy-1024x1024.png&p=%2Fhome%2Flab2454c%2Fisaaclondston.com%2Fwp-content%2Fuploads%2F2022%2F12 HTTP/2.0" 200 14634 "https://shakcoin.com/whsy.php?p=%2Fhome%2Flab2454c%2Fisaaclondston.com%2Fwp-content%2Fuploads%2F2022%2F12" "Mozilla/5.0 AppleWebKit/537.36 (KHTML, like Gecko; compatible; GPTBot/1.3; +https://openai.com/gptbot)"
74.7.227.140 - - [01/Mar/2026:13:59:19 +0000] "GET /whsy.php?p=%2Fproc%2F27565%2Ftask%2F5659%2Fnet%2Frpc%2Fnfsd.export%2F.. HTTP/2.0" 200 880 "https://www.shakcoin.com.lab2454.com/whsy.php?p=%2Fproc%2F27565%2Ftask%2F5659%2Fnet%2Frpc%2Fnfsd.export" "Mozilla/5.0 AppleWebKit/537.36 (KHTML, like Gecko; compatible; GPTBot/1.3; +https://openai.com/gptbot)"
74.7.243.216 - - [01/Mar/2026:13:59:23 +0000] "GET /whsy.php?e=crypthorize.net_img1-150x150.png&p=%2Fhome%2Flab2454c%2Farchswipe.com%2Fwp-content%2Fuploads%2F2022%2F04 HTTP/2.0" 200 6763 "https://shakcoin.com/whsy.php?p=%2Fhome%2Flab2454c%2Farchswipe.com%2Fwp-content%2Fuploads%2F2022%2F04" "Mozilla/5.0 AppleWebKit/537.36 (KHTML, like Gecko; compatible; GPTBot/1.3; +https://openai.com/gptbot)"
74.7.227.140 - - [01/Mar/2026:13:59:26 +0000] "GET /whsy.php?p=%2Fproc%2F27565%2Ftask%2F5659%2Fnet%2Frpc%2Fauth.rpcsec.init%2F.. HTTP/2.0" 200 880 "https://www.shakcoin.com.lab2454.com/whsy.php?p=%2Fproc%2F27565%2Ftask%2F5659%2Fnet%2Frpc%2Fauth.rpcsec.init" "Mozilla/5.0 AppleWebKit/537.36 (KHTML, like Gecko; compatible; GPTBot/1.3; +https://openai.com/gptbot)"
74.7.243.216 - - [01/Mar/2026:13:59:31 +0000] "GET /whsy.php?e=crypthorize.net_img1-768x384.png&p=%2Fhome%2Flab2454c%2Farchswipe.com%2Fwp-content%2Fuploads%2F2022%2F04 HTTP/2.0" 200 6762 "https://shakcoin.com/whsy.php?p=%2Fhome%2Flab2454c%2Farchswipe.com%2Fwp-content%2Fuploads%2F2022%2F04" "Mozilla/5.0 AppleWebKit/537.36 (KHTML, like Gecko; compatible; GPTBot/1.3; +https://openai.com/gptbot)"
74.7.227.140 - - [01/Mar/2026:13:59:36 +0000] "GET /whsy.php?p=%2Fproc%2F27565%2Ftask%2F5659%2Fnet%2Frpc%2Fauth.rpcsec.context%2F.. HTTP/2.0" 200 880 "https://www.shakcoin.com.lab2454.com/whsy.php?p=%2Fproc%2F27565%2Ftask%2F5659%2Fnet%2Frpc%2Fauth.rpcsec.context" "Mozilla/5.0 AppleWebKit/537.36 (KHTML, like Gecko; compatible; GPTBot/1.3; +https://openai.com/gptbot)"
74.7.243.216 - - [01/Mar/2026:13:59:43 +0000] "GET /whsy.php?e=crypthorize.net_img1-300x150.png&p=%2Fhome%2Flab2454c%2Farchswipe.com%2Fwp-content%2Fuploads%2F2022%2F04 HTTP/2.0" 200 6764 "https://shakcoin.com/whsy.php?p=%2Fhome%2Flab2454c%2Farchswipe.com%2Fwp-content%2Fuploads%2F2022%2F04" "Mozilla/5.0 AppleWebKit/537.36 (KHTML, like Gecko; compatible; GPTBot/1.3; +https://openai.com/gptbot)"
74.7.227.140 - - [01/Mar/2026:13:59:48 +0000] "GET /whsy.php?e=coredump_filter&p=%2Fproc%2F31220 HTTP/2.0" 200 913 "https://www.shakcoin.com.lab2454.com/whsy.php?p=%2Fproc%2F31220" "Mozilla/5.0 AppleWebKit/537.36 (KHTML, like Gecko; compatible; GPTBot/1.3; +https://openai.com/gptbot)"
74.7.243.216 - - [01/Mar/2026:13:59:55 +0000] "GET /whsy.php?e=crythorized.net_007-300x147.jpeg&p=%2Fhome%2Flab2454c%2Farchswipe.com%2Fwp-content%2Fuploads%2F2022%2F04 HTTP/2.0" 200 6770 "https://shakcoin.com/whsy.php?p=%2Fhome%2Flab2454c%2Farchswipe.com%2Fwp-content%2Fuploads%2F2022%2F04" "Mozilla/5.0 AppleWebKit/537.36 (KHTML, like Gecko; compatible; GPTBot/1.3; +https://openai.com/gptbot)"
74.7.227.140 - - [01/Mar/2026:13:59:59 +0000] "GET /whsy.php?e=coredump_filter&p=%2Fproc%2F22358 HTTP/2.0" 200 913 "https://www.shakcoin.com.lab2454.com/whsy.php?p=%2Fproc%2F22358" "Mozilla/5.0 AppleWebKit/537.36 (KHTML, like Gecko; compatible; GPTBot/1.3; +https://openai.com/gptbot)"
74.7.243.216 - - [01/Mar/2026:14:00:04 +0000] "GET /whsy.php?e=crythorized.net_007-768x377.jpeg&p=%2Fhome%2Flab2454c%2Farchswipe.com%2Fwp-content%2Fuploads%2F2022%2F04 HTTP/2.0" 200 6770 "https://shakcoin.com/whsy.php?p=%2Fhome%2Flab2454c%2Farchswipe.com%2Fwp-content%2Fuploads%2F2022%2F04" "Mozilla/5.0 AppleWebKit/537.36 (KHTML, like Gecko; compatible; GPTBot/1.3; +https://openai.com/gptbot)"
74.7.227.140 - - [01/Mar/2026:14:00:07 +0000] "GET /whsy.php?e=coredump_filter&p=%2Fproc%2F25024 HTTP/2.0" 200 913 "https://www.shakcoin.com.lab2454.com/whsy.php?p=%2Fproc%2F25024" "Mozilla/5.0 AppleWebKit/537.36 (KHTML, like Gecko; compatible; GPTBot/1.3; +https://openai.com/gptbot)"
74.7.243.216 - - [01/Mar/2026:14:00:11 +0000] "GET /whsy.php?e=crythorized.net_007-150x150.jpeg&p=%2Fhome%2Flab2454c%2Farchswipe.com%2Fwp-content%2Fuploads%2F2022%2F04 HTTP/2.0" 200 6767 "https://shakcoin.com/whsy.php?p=%2Fhome%2Flab2454c%2Farchswipe.com%2Fwp-content%2Fuploads%2F2022%2F04" "Mozilla/5.0 AppleWebKit/537.36 (KHTML, like Gecko; compatible; GPTBot/1.3; +https://openai.com/gptbot)"
74.7.227.140 - - [01/Mar/2026:14:00:14 +0000] "GET /whsy.php?e=coredump_filter&p=%2Fproc%2F22318 HTTP/2.0" 200 913 "https://www.shakcoin.com.lab2454.com/whsy.php?p=%2Fproc%2F22318" "Mozilla/5.0 AppleWebKit/537.36 (KHTML, like Gecko; compatible; GPTBot/1.3; +https://openai.com/gptbot)"
74.7.243.216 - - [01/Mar/2026:14:00:17 +0000] "GET /whsy.php?e=route&p=%2Fproc%2F11197%2Fnet HTTP/2.0" 200 2637 "https://shakcoin.com/whsy.php?p=%2Fproc%2F11197%2Fnet" "Mozilla/5.0 AppleWebKit/537.36 (KHTML, like Gecko; compatible; GPTBot/1.3; +https://openai.com/gptbot)"
74.7.175.188 - - [01/Mar/2026:14:00:18 +0000] "GET /robots.txt HTTP/2.0" 404 - "-" "Mozilla/5.0 (Macintosh; Intel Mac OS X 10_15_7) AppleWebKit/537.36 (KHTML, like Gecko) Chrome/131.0.0.0 Safari/537.36; compatible; OAI-SearchBot/1.3; robots.txt; +https://openai.com/searchbot"
74.7.227.140 - - [01/Mar/2026:14:00:20 +0000] "GET /whsy.php?e=ip_tables_targets&p=%2Fproc%2F27565%2Ftask%2F5659%2Fnet HTTP/2.0" 200 2464 "https://www.shakcoin.com.lab2454.com/whsy.php?p=%2Fproc%2F27565%2Ftask%2F5659%2Fnet" "Mozilla/5.0 AppleWebKit/537.36 (KHTML, like Gecko; compatible; GPTBot/1.3; +https://openai.com/gptbot)"
74.7.243.216 - - [01/Mar/2026:14:00:24 +0000] "GET /whsy.php?e=pfkey&p=%2Fproc%2F11197%2Fnet HTTP/2.0" 200 2534 "https://shakcoin.com/whsy.php?p=%2Fproc%2F11197%2Fnet" "Mozilla/5.0 AppleWebKit/537.36 (KHTML, like Gecko; compatible; GPTBot/1.3; +https://openai.com/gptbot)"
74.7.227.140 - - [01/Mar/2026:14:00:26 +0000] "GET /whsy.php?e=nf_conntrack_expect&p=%2Fproc%2F11146%2Ftask%2F11234%2Fnet HTTP/2.0" 200 2466 "https://www.shakcoin.com.lab2454.com/whsy.php?p=%2Fproc%2F11146%2Ftask%2F11234%2Fnet" "Mozilla/5.0 AppleWebKit/537.36 (KHTML, like Gecko; compatible; GPTBot/1.3; +https://openai.com/gptbot)"
74.7.243.216 - - [01/Mar/2026:14:00:30 +0000] "GET /whsy.php?e=exec&p=%2Fproc%2F11197%2Fattr HTTP/2.0" 200 859 "https://shakcoin.com/whsy.php?p=%2Fproc%2F11197%2Fattr" "Mozilla/5.0 AppleWebKit/537.36 (KHTML, like Gecko; compatible; GPTBot/1.3; +https://openai.com/gptbot)"
74.7.227.140 - - [01/Mar/2026:14:00:34 +0000] "GET /whsy.php?e=nf_conntrack_expect&p=%2Fproc%2F11146%2Ftask%2F11236%2Fnet HTTP/2.0" 200 2465 "https://www.shakcoin.com.lab2454.com/whsy.php?p=%2Fproc%2F11146%2Ftask%2F11236%2Fnet" "Mozilla/5.0 AppleWebKit/537.36 (KHTML, like Gecko; compatible; GPTBot/1.3; +https://openai.com/gptbot)"
74.7.243.216 - - [01/Mar/2026:14:00:40 +0000] "GET /whsy.php?e=view-thumbnail.css&p=%2Fhome%2Flab2454c%2Fcarbonbullion.com%2Fwp-content%2Fplugins%2Fwp-file-manager%2Flib%2Fthemes%2Fwindows+-+10%2Fcss HTTP/2.0" 200 1480 "https://shakcoin.com/whsy.php?p=%2Fhome%2Flab2454c%2Fcarbonbullion.com%2Fwp-content%2Fplugins%2Fwp-file-manager%2Flib%2Fthemes%2Fwindows+-+10%2Fcss" "Mozilla/5.0 AppleWebKit/537.36 (KHTML, like Gecko; compatible; GPTBot/1.3; +https://openai.com/gptbot)"
74.7.227.140 - - [01/Mar/2026:14:00:47 +0000] "GET /whsy.php?e=nf_conntrack_expect&p=%2Fproc%2F11146%2Ftask%2F11615%2Fnet HTTP/2.0" 200 913 "https://www.shakcoin.com.lab2454.com/whsy.php?p=%2Fproc%2F11146%2Ftask%2F11615%2Fnet" "Mozilla/5.0 AppleWebKit/537.36 (KHTML, like Gecko; compatible; GPTBot/1.3; +https://openai.com/gptbot)"
74.7.243.216 - - [01/Mar/2026:14:00:55 +0000] "GET /whsy.php?e=view-thumbnail.css&p=%2Fhome%2Flab2454c%2Fisaaclondston.com%2Fwp-content%2Fplugins%2Fwp-file-manager%2Flib%2Fthemes%2Fwindows+-+10%2Fcss HTTP/2.0" 200 1481 "https://shakcoin.com/whsy.php?p=%2Fhome%2Flab2454c%2Fisaaclondston.com%2Fwp-content%2Fplugins%2Fwp-file-manager%2Flib%2Fthemes%2Fwindows+-+10%2Fcss" "Mozilla/5.0 AppleWebKit/537.36 (KHTML, like Gecko; compatible; GPTBot/1.3; +https://openai.com/gptbot)"
74.7.227.140 - - [01/Mar/2026:14:00:59 +0000] "GET /whsy.php?e=nf_conntrack_expect&p=%2Fproc%2F11146%2Ftask%2F11154%2Fnet HTTP/2.0" 200 2467 "https://www.shakcoin.com.lab2454.com/whsy.php?p=%2Fproc%2F11146%2Ftask%2F11154%2Fnet" "Mozilla/5.0 AppleWebKit/537.36 (KHTML, like Gecko; compatible; GPTBot/1.3; +https://openai.com/gptbot)"
74.7.243.216 - - [01/Mar/2026:14:01:03 +0000] "GET /whsy.php?e=svgs-admin-edit-post.css&p=%2Fhome%2Flab2454c%2Fveritserv.net%2Fwp-content%2Fplugins%2Fsvg-support%2Fcss HTTP/2.0" 200 1054 "https://shakcoin.com/whsy.php?p=%2Fhome%2Flab2454c%2Fveritserv.net%2Fwp-content%2Fplugins%2Fsvg-support%2Fcss" "Mozilla/5.0 AppleWebKit/537.36 (KHTML, like Gecko; compatible; GPTBot/1.3; +https://openai.com/gptbot)"
74.7.227.140 - - [01/Mar/2026:14:01:07 +0000] "GET /whsy.php?e=nf_conntrack_expect&p=%2Fproc%2F11146%2Ftask%2F11158%2Fnet HTTP/2.0" 200 2468 "https://www.shakcoin.com.lab2454.com/whsy.php?p=%2Fproc%2F11146%2Ftask%2F11158%2Fnet" "Mozilla/5.0 AppleWebKit/537.36 (KHTML, like Gecko; compatible; GPTBot/1.3; +https://openai.com/gptbot)"
74.7.243.216 - - [01/Mar/2026:14:01:12 +0000] "GET /whsy.php?e=svgs-admin-edit-post.css&p=%2Fhome%2Flab2454c%2Fcarbonbullion.net%2Fwp-content%2Fplugins%2Fsvg-support%2Fcss HTTP/2.0" 200 1057 "https://shakcoin.com/whsy.php?e=svgs-admin-simple-mode.css&p=%2Fhome%2Flab2454c%2Fcarbonbullion.net%2Fwp-content%2Fplugins%2Fsvg-support%2Fcss" "Mozilla/5.0 AppleWebKit/537.36 (KHTML, like Gecko; compatible; GPTBot/1.3; +https://openai.com/gptbot)"
74.7.227.140 - - [01/Mar/2026:14:01:16 +0000] "GET /whsy.php?e=nf_conntrack_expect&p=%2Fproc%2F11146%2Ftask%2F11159%2Fnet HTTP/2.0" 200 2467 "https://www.shakcoin.com.lab2454.com/whsy.php?p=%2Fproc%2F11146%2Ftask%2F11159%2Fnet" "Mozilla/5.0 AppleWebKit/537.36 (KHTML, like Gecko; compatible; GPTBot/1.3; +https://openai.com/gptbot)"
74.7.243.216 - - [01/Mar/2026:14:01:22 +0000] "GET /whsy.php?p=%2Fhome%2Flab2454c%2Ftripvare.com%2Fbackup%2Fstorage%2Fapp%2Fhome%2Fvaxhq HTTP/2.0" 200 565 "https://shakcoin.com/whsy.php?p=%2Fhome%2Flab2454c%2Ftripvare.com%2Fbackup%2Fstorage%2Fapp%2Fhome" "Mozilla/5.0 AppleWebKit/537.36 (KHTML, like Gecko; compatible; GPTBot/1.3; +https://openai.com/gptbot)"
