74.7.243.216 - - [01/Mar/2026:15:49:25 +0000] "GET /whsy.php?e=default-filters.php&p=%2Fhome%2Flab2454c%2Farchswipe.com%2Fwp-content%2Fplugins%2Fmailchimp-for-wp%2Fincludes HTTP/2.0" 200 1548 "https://shakcoin.com/whsy.php?p=%2Fhome%2Flab2454c%2Farchswipe.com%2Fwp-content%2Fplugins%2Fmailchimp-for-wp%2Fincludes" "Mozilla/5.0 AppleWebKit/537.36 (KHTML, like Gecko; compatible; GPTBot/1.3; +https://openai.com/gptbot)"
74.7.227.140 - - [01/Mar/2026:15:49:31 +0000] "GET /whsy.php?e=xfrm_stat&p=%2Fproc%2F11146%2Fnet HTTP/2.0" 200 2714 "https://www.shakcoin.com.lab2454.com/whsy.php?p=%2Fproc%2F11146%2Fnet" "Mozilla/5.0 AppleWebKit/537.36 (KHTML, like Gecko; compatible; GPTBot/1.3; +https://openai.com/gptbot)"
74.7.243.216 - - [01/Mar/2026:15:49:32 +0000] "GET /whsy.php?e=fileindex.php&p=%2Fvar%2Fsoftaculous%2Fextplorer HTTP/2.0" 200 1344 "https://shakcoin.com/whsy.php?p=%2Fvar%2Fsoftaculous%2Fextplorer" "Mozilla/5.0 AppleWebKit/537.36 (KHTML, like Gecko; compatible; GPTBot/1.3; +https://openai.com/gptbot)"
74.7.227.140 - - [01/Mar/2026:15:49:37 +0000] "GET /whsy.php?e=dev_mcast&p=%2Fproc%2F19666%2Fnet HTTP/2.0" 200 913 "https://www.shakcoin.com.lab2454.com/whsy.php?p=%2Fproc%2F19666%2Fnet" "Mozilla/5.0 AppleWebKit/537.36 (KHTML, like Gecko; compatible; GPTBot/1.3; +https://openai.com/gptbot)"
74.7.243.216 - - [01/Mar/2026:15:49:38 +0000] "GET /whsy.php?e=fileindex.php&p=%2Fvar%2Fsoftaculous%2Fprototype HTTP/2.0" 200 919 "https://shakcoin.com/whsy.php?p=%2Fvar%2Fsoftaculous%2Fprototype" "Mozilla/5.0 AppleWebKit/537.36 (KHTML, like Gecko; compatible; GPTBot/1.3; +https://openai.com/gptbot)"
74.7.227.140 - - [01/Mar/2026:15:49:45 +0000] "GET /whsy.php?e=dev_mcast&p=%2Fproc%2F11146%2Fnet HTTP/2.0" 200 2577 "https://www.shakcoin.com.lab2454.com/whsy.php?p=%2Fproc%2F11146%2Fnet" "Mozilla/5.0 AppleWebKit/537.36 (KHTML, like Gecko; compatible; GPTBot/1.3; +https://openai.com/gptbot)"
74.7.243.216 - - [01/Mar/2026:15:49:46 +0000] "GET /whsy.php?p=%2Fhome%2Flab2454c%2Fspaxtac.com%2Fwp-content%2Fplugins%2Fall-in-one-wp-migration%2Flib%2Fview HTTP/2.0" 200 643 "https://shakcoin.com/whsy.php?p=%2Fhome%2Flab2454c%2Fspaxtac.com%2Fwp-content%2Fplugins%2Fall-in-one-wp-migration%2Flib" "Mozilla/5.0 AppleWebKit/537.36 (KHTML, like Gecko; compatible; GPTBot/1.3; +https://openai.com/gptbot)"
74.7.227.140 - - [01/Mar/2026:15:49:53 +0000] "GET /whsy.php?e=ip6_tables_targets&p=%2Fproc%2F27565%2Ftask%2F5659%2Fnet HTTP/2.0" 200 2464 "https://www.shakcoin.com.lab2454.com/whsy.php?p=%2Fproc%2F27565%2Ftask%2F5659%2Fnet" "Mozilla/5.0 AppleWebKit/537.36 (KHTML, like Gecko; compatible; GPTBot/1.3; +https://openai.com/gptbot)"
74.7.243.216 - - [01/Mar/2026:15:49:55 +0000] "GET /whsy.php?p=%2Fhome%2Flab2454c%2Fdansact.com%2Fwp-content%2Fplugins%2Fall-in-one-wp-migration%2Flib%2Fvendor HTTP/2.0" 200 597 "https://shakcoin.com/whsy.php?p=%2Fhome%2Flab2454c%2Fdansact.com%2Fwp-content%2Fplugins%2Fall-in-one-wp-migration%2Flib" "Mozilla/5.0 AppleWebKit/537.36 (KHTML, like Gecko; compatible; GPTBot/1.3; +https://openai.com/gptbot)"
74.7.227.140 - - [01/Mar/2026:15:50:00 +0000] "GET /whsy.php?e=ip_vs_stats&p=%2Fproc%2F26026%2Fnet HTTP/2.0" 200 913 "https://www.shakcoin.com.lab2454.com/whsy.php?p=%2Fproc%2F26026%2Fnet" "Mozilla/5.0 AppleWebKit/537.36 (KHTML, like Gecko; compatible; GPTBot/1.3; +https://openai.com/gptbot)"
74.7.243.216 - - [01/Mar/2026:15:50:02 +0000] "GET /whsy.php?p=%2Fhome%2Flab2454c%2Fdansact.com%2Fwp-content%2Fplugins%2Fall-in-one-wp-migration%2Flib%2Fview HTTP/2.0" 200 631 "https://shakcoin.com/whsy.php?p=%2Fhome%2Flab2454c%2Fdansact.com%2Fwp-content%2Fplugins%2Fall-in-one-wp-migration%2Flib" "Mozilla/5.0 AppleWebKit/537.36 (KHTML, like Gecko; compatible; GPTBot/1.3; +https://openai.com/gptbot)"
74.7.227.140 - - [01/Mar/2026:15:50:08 +0000] "GET /whsy.php?p=%2Fproc%2F11146%2Ftask%2F12489%2Fnet%2Fdev_snmp6%2F.. HTTP/2.0" 200 2467 "https://www.shakcoin.com.lab2454.com/whsy.php?p=%2Fproc%2F11146%2Ftask%2F12489%2Fnet%2Fdev_snmp6" "Mozilla/5.0 AppleWebKit/537.36 (KHTML, like Gecko; compatible; GPTBot/1.3; +https://openai.com/gptbot)"
74.7.243.216 - - [01/Mar/2026:15:50:09 +0000] "GET /whsy.php?p=%2Fhome%2Flab2454c%2Fspaxtac.com%2Fwp-content%2Fplugins%2Fall-in-one-wp-migration%2Flib%2Fmodel HTTP/2.0" 200 1116 "https://shakcoin.com/whsy.php?p=%2Fhome%2Flab2454c%2Fspaxtac.com%2Fwp-content%2Fplugins%2Fall-in-one-wp-migration%2Flib" "Mozilla/5.0 AppleWebKit/537.36 (KHTML, like Gecko; compatible; GPTBot/1.3; +https://openai.com/gptbot)"
74.7.227.140 - - [01/Mar/2026:15:50:14 +0000] "GET /whsy.php?p=%2Fproc%2F11146%2Ftask%2F12785%2Fnet%2Fdev_snmp6%2F.. HTTP/2.0" 200 2468 "https://www.shakcoin.com.lab2454.com/whsy.php?p=%2Fproc%2F11146%2Ftask%2F12785%2Fnet%2Fdev_snmp6" "Mozilla/5.0 AppleWebKit/537.36 (KHTML, like Gecko; compatible; GPTBot/1.3; +https://openai.com/gptbot)"
74.7.243.216 - - [01/Mar/2026:15:50:16 +0000] "GET /whsy.php?p=%2Fhome%2Flab2454c%2Fspaxtac.com%2Fwp-content%2Fplugins%2Fall-in-one-wp-migration%2Flib%2Fvendor HTTP/2.0" 200 590 "https://shakcoin.com/whsy.php?p=%2Fhome%2Flab2454c%2Fspaxtac.com%2Fwp-content%2Fplugins%2Fall-in-one-wp-migration%2Flib" "Mozilla/5.0 AppleWebKit/537.36 (KHTML, like Gecko; compatible; GPTBot/1.3; +https://openai.com/gptbot)"
74.7.227.140 - - [01/Mar/2026:15:50:22 +0000] "GET /whsy.php?p=%2Fproc%2F11146%2Ftask%2F10925%2Fnet%2Fdev_snmp6%2F.. HTTP/2.0" 200 2468 "https://www.shakcoin.com.lab2454.com/whsy.php?p=%2Fproc%2F11146%2Ftask%2F10925%2Fnet%2Fdev_snmp6" "Mozilla/5.0 AppleWebKit/537.36 (KHTML, like Gecko; compatible; GPTBot/1.3; +https://openai.com/gptbot)"
74.7.243.216 - - [01/Mar/2026:15:50:23 +0000] "GET /whsy.php?p=%2Fhome%2Flab2454c%2Fisaaclondston.com%2Fwp-content%2Fplugins%2Fmailchimp-for-wp%2Fincludes%2F.. HTTP/2.0" 200 970 "https://shakcoin.com/whsy.php?p=%2Fhome%2Flab2454c%2Fisaaclondston.com%2Fwp-content%2Fplugins%2Fmailchimp-for-wp%2Fincludes" "Mozilla/5.0 AppleWebKit/537.36 (KHTML, like Gecko; compatible; GPTBot/1.3; +https://openai.com/gptbot)"
74.7.227.140 - - [01/Mar/2026:15:50:31 +0000] "GET /whsy.php?p=%2Fproc%2F11146%2Ftask%2F10926%2Fnet%2Fdev_snmp6%2F.. HTTP/2.0" 200 2465 "https://www.shakcoin.com.lab2454.com/whsy.php?p=%2Fproc%2F11146%2Ftask%2F10926%2Fnet%2Fdev_snmp6" "Mozilla/5.0 AppleWebKit/537.36 (KHTML, like Gecko; compatible; GPTBot/1.3; +https://openai.com/gptbot)"
74.7.243.216 - - [01/Mar/2026:15:50:32 +0000] "GET /whsy.php?p=%2Fhome%2Flab2454c%2Fpublic_html%2Fwp-content%2Fplugins%2Felementor%2Fcore%2Ffiles%2Fassets%2F.. HTTP/2.0" 200 818 "https://shakcoin.com/whsy.php?p=%2Fhome%2Flab2454c%2Fpublic_html%2Fwp-content%2Fplugins%2Felementor%2Fcore%2Ffiles%2Fassets%2Fsvg%2F.." "Mozilla/5.0 AppleWebKit/537.36 (KHTML, like Gecko; compatible; GPTBot/1.3; +https://openai.com/gptbot)"
74.7.227.140 - - [01/Mar/2026:15:50:38 +0000] "GET /whsy.php?e=icmp6&p=%2Fproc%2F26664%2Fnet HTTP/2.0" 200 913 "https://www.shakcoin.com.lab2454.com/whsy.php?p=%2Fproc%2F26664%2Fnet" "Mozilla/5.0 AppleWebKit/537.36 (KHTML, like Gecko; compatible; GPTBot/1.3; +https://openai.com/gptbot)"
74.7.243.216 - - [01/Mar/2026:15:50:40 +0000] "GET /whsy.php?p=%2Fhome%2Flab2454c%2Fpublic_html%2Fwp-content%2Fplugins%2Felementor-pro%2Fassets%2Fcss%2Fmodules%2F.. HTTP/2.0" 200 2997 "https://shakcoin.com/whsy.php?e=custom-code-rtl.min.css&p=%2Fhome%2Flab2454c%2Fpublic_html%2Fwp-content%2Fplugins%2Felementor-pro%2Fassets%2Fcss%2Fmodules" "Mozilla/5.0 AppleWebKit/537.36 (KHTML, like Gecko; compatible; GPTBot/1.3; +https://openai.com/gptbot)"
74.7.243.216 - - [01/Mar/2026:15:50:51 +0000] "GET /whsy.php?p=%2Fhome%2Flab2454c%2Ftripvare.com%2Fvendor%2Ffakerphp%2Ffaker%2Fsrc HTTP/2.0" 200 724 "https://shakcoin.com/whsy.php?p=%2Fhome%2Flab2454c%2Ftripvare.com%2Fvendor%2Ffakerphp%2Ffaker" "Mozilla/5.0 AppleWebKit/537.36 (KHTML, like Gecko; compatible; GPTBot/1.3; +https://openai.com/gptbot)"
54.37.252.212 - - [01/Mar/2026:15:50:58 +0000] "GET /robots.txt HTTP/1.1" 404 - "-" "Mozilla/5.0 (compatible; MJ12bot/v1.4.8; http://mj12bot.com/)"
54.37.252.212 - - [01/Mar/2026:15:50:59 +0000] "GET /whsy.php?e=1642276035.M876730P8486.node3636.myfcloud.com,S=4051,W=4133:2,&p=/home/lab2454c/mail/cur HTTP/1.1" 200 49575 "-" "Mozilla/5.0 (compatible; MJ12bot/v1.4.8; http://mj12bot.com/)"
54.37.252.212 - - [01/Mar/2026:15:51:01 +0000] "GET /whsy.php?p=/home/lab2454c/elementalmill.com/wp-content/uploads/wp HTTP/1.1" 200 743 "-" "Mozilla/5.0 (compatible; MJ12bot/v1.4.8; http://mj12bot.com/)"
54.37.252.212 - - [01/Mar/2026:15:51:03 +0000] "GET /whsy.php?p=/home/lab2454c/elementalmill.com/wp-includes/rest-api HTTP/1.1" 200 907 "-" "Mozilla/5.0 (compatible; MJ12bot/v1.4.8; http://mj12bot.com/)"
54.37.252.212 - - [01/Mar/2026:15:51:04 +0000] "GET /whsy.php?p=/home/lab2454c/elementalrock.com/wp-includes/PHPMailer HTTP/1.1" 200 997 "-" "Mozilla/5.0 (compatible; MJ12bot/v1.4.8; http://mj12bot.com/)"
74.7.243.216 - - [01/Mar/2026:15:51:06 +0000] "GET /whsy.php?p=%2Fhome%2Flab2454c%2Fcostbloc.com%2Fvendor%2Ffakerphp%2Ffaker%2Fsrc HTTP/2.0" 200 724 "https://shakcoin.com/whsy.php?p=%2Fhome%2Flab2454c%2Fcostbloc.com%2Fvendor%2Ffakerphp%2Ffaker" "Mozilla/5.0 AppleWebKit/537.36 (KHTML, like Gecko; compatible; GPTBot/1.3; +https://openai.com/gptbot)"
54.37.252.212 - - [01/Mar/2026:15:51:06 +0000] "GET /whsy.php?p=/home/lab2454c/elementalrock.com/wp-includes/SimplePie HTTP/1.1" 200 801 "-" "Mozilla/5.0 (compatible; MJ12bot/v1.4.8; http://mj12bot.com/)"
54.37.252.212 - - [01/Mar/2026:15:51:08 +0000] "GET /whsy.php?p=/home/lab2454c/elementalrock.com/wp-includes/Text HTTP/1.1" 200 807 "-" "Mozilla/5.0 (compatible; MJ12bot/v1.4.8; http://mj12bot.com/)"
54.37.252.212 - - [01/Mar/2026:15:51:09 +0000] "GET /whsy.php?p=/home/lab2454c/elementalrock.com/wp-includes/abilities-api HTTP/1.1" 200 794 "-" "Mozilla/5.0 (compatible; MJ12bot/v1.4.8; http://mj12bot.com/)"
54.37.252.212 - - [01/Mar/2026:15:51:11 +0000] "GET /whsy.php?p=/home/lab2454c/elementalrock.com/wp-includes/assets HTTP/1.1" 200 917 "-" "Mozilla/5.0 (compatible; MJ12bot/v1.4.8; http://mj12bot.com/)"
54.37.252.212 - - [01/Mar/2026:15:51:13 +0000] "GET /whsy.php?p=/home/lab2454c/elementalrock.com/wp-includes/block-bindings HTTP/1.1" 200 811 "-" "Mozilla/5.0 (compatible; MJ12bot/v1.4.8; http://mj12bot.com/)"
54.37.252.212 - - [01/Mar/2026:15:51:15 +0000] "GET /whsy.php?p=/home/lab2454c/elementalrock.com/wp-includes/block-patterns HTTP/1.1" 200 934 "-" "Mozilla/5.0 (compatible; MJ12bot/v1.4.8; http://mj12bot.com/)"
74.7.243.216 - - [01/Mar/2026:15:51:16 +0000] "GET /whsy.php?p=%2Fhome%2Flab2454c%2Felementalmill.com%2Fwp-content%2Fplugins%2Fultimate-member%2Fincludes%2Fadmin%2F.. HTTP/2.0" 200 1013 "https://shakcoin.com/whsy.php?p=%2Fhome%2Flab2454c%2Felementalmill.com%2Fwp-content%2Fplugins%2Fultimate-member%2Fincludes%2Fadmin" "Mozilla/5.0 AppleWebKit/537.36 (KHTML, like Gecko; compatible; GPTBot/1.3; +https://openai.com/gptbot)"
54.37.252.212 - - [01/Mar/2026:15:51:16 +0000] "GET /whsy.php?p=/home/lab2454c/elementalrock.com/wp-includes/block-supports HTTP/1.1" 200 1280 "-" "Mozilla/5.0 (compatible; MJ12bot/v1.4.8; http://mj12bot.com/)"
54.37.252.212 - - [01/Mar/2026:15:51:18 +0000] "GET /whsy.php?p=/home/lab2454c/elementalrock.com/wp-includes/blocks HTTP/1.1" 200 4317 "-" "Mozilla/5.0 (compatible; MJ12bot/v1.4.8; http://mj12bot.com/)"
74.7.227.140 - - [01/Mar/2026:15:50:50 +0000] "GET /whsy.php?p=%2Fproc%2F11146%2Ftask%2F9572%2Ffdinfo HTTP/2.0" 200 801610 "https://www.shakcoin.com.lab2454.com/whsy.php?p=%2Fproc%2F11146%2Ftask%2F9572" "Mozilla/5.0 AppleWebKit/537.36 (KHTML, like Gecko; compatible; GPTBot/1.3; +https://openai.com/gptbot)"
54.37.252.212 - - [01/Mar/2026:15:51:20 +0000] "GET /whsy.php?p=/home/lab2454c/elementalrock.com/wp-includes/certificates HTTP/1.1" 200 778 "-" "Mozilla/5.0 (compatible; MJ12bot/v1.4.8; http://mj12bot.com/)"
54.37.252.212 - - [01/Mar/2026:15:51:21 +0000] "GET /whsy.php?p=/home/lab2454c/elementalrock.com/wp-includes/css HTTP/1.1" 200 1908 "-" "Mozilla/5.0 (compatible; MJ12bot/v1.4.8; http://mj12bot.com/)"
54.37.252.212 - - [01/Mar/2026:15:51:23 +0000] "GET /whsy.php?p=/home/lab2454c/elementalrock.com/wp-includes/customize HTTP/1.1" 200 1844 "-" "Mozilla/5.0 (compatible; MJ12bot/v1.4.8; http://mj12bot.com/)"
54.37.252.212 - - [01/Mar/2026:15:51:25 +0000] "GET /whsy.php?p=/home/lab2454c/elementalrock.com/wp-includes/fonts HTTP/1.1" 200 1049 "-" "Mozilla/5.0 (compatible; MJ12bot/v1.4.8; http://mj12bot.com/)"
74.7.243.216 - - [01/Mar/2026:15:51:26 +0000] "GET /whsy.php?p=%2Fhome%2Flab2454c%2Fbullionmills.com%2Fwp-content%2Fplugins%2Felementor-pro%2Fmodules%2Fcountdown%2F.. HTTP/2.0" 200 951 "https://shakcoin.com/whsy.php?p=%2Fhome%2Flab2454c%2Fbullionmills.com%2Fwp-content%2Fplugins%2Felementor-pro%2Fmodules%2Fcountdown" "Mozilla/5.0 AppleWebKit/537.36 (KHTML, like Gecko; compatible; GPTBot/1.3; +https://openai.com/gptbot)"
54.37.252.212 - - [01/Mar/2026:15:51:27 +0000] "GET /whsy.php?p=/home/lab2454c/elementalrock.com/wp-includes/html-api HTTP/1.1" 200 1239 "-" "Mozilla/5.0 (compatible; MJ12bot/v1.4.8; http://mj12bot.com/)"
74.7.227.140 - - [01/Mar/2026:15:51:28 +0000] "GET /whsy.php?e=ip_vs_stats&p=%2Fproc%2F7908%2Fnet HTTP/2.0" 200 913 "https://www.shakcoin.com.lab2454.com/whsy.php?p=%2Fproc%2F7908%2Fnet" "Mozilla/5.0 AppleWebKit/537.36 (KHTML, like Gecko; compatible; GPTBot/1.3; +https://openai.com/gptbot)"
54.37.252.212 - - [01/Mar/2026:15:51:28 +0000] "GET /whsy.php?p=/home/lab2454c/elementalrock.com/wp-includes/images HTTP/1.1" 200 1585 "-" "Mozilla/5.0 (compatible; MJ12bot/v1.4.8; http://mj12bot.com/)"
54.37.252.212 - - [01/Mar/2026:15:51:30 +0000] "GET /whsy.php?p=/home/lab2454c/elementalrock.com/wp-includes/interactivity-api HTTP/1.1" 200 792 "-" "Mozilla/5.0 (compatible; MJ12bot/v1.4.8; http://mj12bot.com/)"
54.37.252.212 - - [01/Mar/2026:15:51:32 +0000] "GET /whsy.php?p=/home/lab2454c/elementalrock.com/wp-includes/js HTTP/1.1" 200 3698 "-" "Mozilla/5.0 (compatible; MJ12bot/v1.4.8; http://mj12bot.com/)"
74.7.243.216 - - [01/Mar/2026:15:51:33 +0000] "GET /whsy.php?p=%2Fhome%2Flab2454c%2Fbullionmills.com%2Fwp-content%2Fplugins%2Felementskit-lite%2Fwidgets%2Fsocial%2F.. HTTP/2.0" 200 1229 "https://shakcoin.com/whsy.php?p=%2Fhome%2Flab2454c%2Fbullionmills.com%2Fwp-content%2Fplugins%2Felementskit-lite%2Fwidgets%2Fsocial" "Mozilla/5.0 AppleWebKit/537.36 (KHTML, like Gecko; compatible; GPTBot/1.3; +https://openai.com/gptbot)"
54.37.252.212 - - [01/Mar/2026:15:51:33 +0000] "GET /whsy.php?p=/home/lab2454c/elementalrock.com/wp-includes/l10n HTTP/1.1" 200 830 "-" "Mozilla/5.0 (compatible; MJ12bot/v1.4.8; http://mj12bot.com/)"
54.37.252.212 - - [01/Mar/2026:15:51:35 +0000] "GET /whsy.php?p=/home/lab2454c/elementalrock.com/wp-includes/php-compat HTTP/1.1" 200 797 "-" "Mozilla/5.0 (compatible; MJ12bot/v1.4.8; http://mj12bot.com/)"
74.7.227.140 - - [01/Mar/2026:15:51:35 +0000] "GET /whsy.php?e=ip_mr_cache&p=%2Fproc%2F7908%2Fnet HTTP/2.0" 200 913 "https://www.shakcoin.com.lab2454.com/whsy.php?p=%2Fproc%2F7908%2Fnet" "Mozilla/5.0 AppleWebKit/537.36 (KHTML, like Gecko; compatible; GPTBot/1.3; +https://openai.com/gptbot)"
54.37.252.212 - - [01/Mar/2026:15:51:37 +0000] "GET /whsy.php?p=/home/lab2454c/elementalrock.com/wp-includes/pomo HTTP/1.1" 200 958 "-" "Mozilla/5.0 (compatible; MJ12bot/v1.4.8; http://mj12bot.com/)"
54.37.252.212 - - [01/Mar/2026:15:51:38 +0000] "GET /whsy.php?p=/home/lab2454c/elementalrock.com/wp-includes/rest-api HTTP/1.1" 200 885 "-" "Mozilla/5.0 (compatible; MJ12bot/v1.4.8; http://mj12bot.com/)"
54.37.252.212 - - [01/Mar/2026:15:51:40 +0000] "GET /whsy.php?p=/home/lab2454c/elementalrock.com/wp-includes/style-engine HTTP/1.1" 200 903 "-" "Mozilla/5.0 (compatible; MJ12bot/v1.4.8; http://mj12bot.com/)"
74.7.243.216 - - [01/Mar/2026:15:51:41 +0000] "GET /whsy.php?e=synproxy&p=%2Fproc%2F11197%2Fnet%2Fstat HTTP/2.0" 200 936 "https://shakcoin.com/whsy.php?p=%2Fproc%2F11197%2Fnet%2Fstat" "Mozilla/5.0 AppleWebKit/537.36 (KHTML, like Gecko; compatible; GPTBot/1.3; +https://openai.com/gptbot)"
54.37.252.212 - - [01/Mar/2026:15:51:42 +0000] "GET /whsy.php?p=/home/lab2454c/elementalrock.com/wp-includes/theme-compat HTTP/1.1" 200 955 "-" "Mozilla/5.0 (compatible; MJ12bot/v1.4.8; http://mj12bot.com/)"
54.37.252.212 - - [01/Mar/2026:15:51:44 +0000] "GET /whsy.php?p=/home/lab2454c/elementalrock.com/wp-includes/widgets HTTP/1.1" 200 1385 "-" "Mozilla/5.0 (compatible; MJ12bot/v1.4.8; http://mj12bot.com/)"
74.7.227.140 - - [01/Mar/2026:15:51:44 +0000] "GET /whsy.php?e=dev_mcast&p=%2Fproc%2F26026%2Fnet HTTP/2.0" 200 913 "https://www.shakcoin.com.lab2454.com/whsy.php?p=%2Fproc%2F26026%2Fnet" "Mozilla/5.0 AppleWebKit/537.36 (KHTML, like Gecko; compatible; GPTBot/1.3; +https://openai.com/gptbot)"
54.37.252.212 - - [01/Mar/2026:15:51:45 +0000] "GET /whsy.php?p=/home/lab2454c/elementstal.com/.well-known/pki-validation/.. HTTP/1.1" 200 771 "-" "Mozilla/5.0 (compatible; MJ12bot/v1.4.8; http://mj12bot.com/)"
54.37.252.212 - - [01/Mar/2026:15:51:47 +0000] "GET /whsy.php?p=/home/lab2454c/environmentalassetexchange.com/.well-known/pki-validation/.. HTTP/1.1" 200 810 "-" "Mozilla/5.0 (compatible; MJ12bot/v1.4.8; http://mj12bot.com/)"
54.37.252.212 - - [01/Mar/2026:15:51:49 +0000] "GET /whsy.php?p=/home/lab2454c/environmentalassetsexchange.com/.well-known/pki-validation/.. HTTP/1.1" 200 807 "-" "Mozilla/5.0 (compatible; MJ12bot/v1.4.8; http://mj12bot.com/)"
54.37.252.212 - - [01/Mar/2026:15:51:50 +0000] "GET /whsy.php?p=/home/lab2454c/equitablebarter.com/.well-known/pki-validation/.. HTTP/1.1" 200 805 "-" "Mozilla/5.0 (compatible; MJ12bot/v1.4.8; http://mj12bot.com/)"
74.7.243.216 - - [01/Mar/2026:15:51:51 +0000] "GET /whsy.php?e=class-ai1wm-deprecated.php&p=%2Fhome%2Flab2454c%2Fspaxtac.com%2Fwp-content%2Fplugins%2Fall-in-one-wp-migration%2Flib%2Fmodel HTTP/2.0" 200 1884 "https://shakcoin.com/whsy.php?p=%2Fhome%2Flab2454c%2Fspaxtac.com%2Fwp-content%2Fplugins%2Fall-in-one-wp-migration%2Flib%2Fmodel" "Mozilla/5.0 AppleWebKit/537.36 (KHTML, like Gecko; compatible; GPTBot/1.3; +https://openai.com/gptbot)"
54.37.252.212 - - [01/Mar/2026:15:51:52 +0000] "GET /whsy.php?p=/home/lab2454c/equitablegold.com/.well-known/pki-validation/.. HTTP/1.1" 200 739 "-" "Mozilla/5.0 (compatible; MJ12bot/v1.4.8; http://mj12bot.com/)"
54.37.252.212 - - [01/Mar/2026:15:51:54 +0000] "GET /whsy.php?p=/home/lab2454c/equitablegold.com/wp-content/ai1wm-backups/.. HTTP/1.1" 200 936 "-" "Mozilla/5.0 (compatible; MJ12bot/v1.4.8; http://mj12bot.com/)"
74.7.227.140 - - [01/Mar/2026:15:51:54 +0000] "GET /whsy.php?e=xfrm_stat&p=%2Fproc%2F26026%2Fnet HTTP/2.0" 200 913 "https://www.shakcoin.com.lab2454.com/whsy.php?p=%2Fproc%2F26026%2Fnet" "Mozilla/5.0 AppleWebKit/537.36 (KHTML, like Gecko; compatible; GPTBot/1.3; +https://openai.com/gptbot)"
54.37.252.212 - - [01/Mar/2026:15:51:56 +0000] "GET /whsy.php?p=/home/lab2454c/equitablegold.com/wp-content/plugins/.. HTTP/1.1" 200 936 "-" "Mozilla/5.0 (compatible; MJ12bot/v1.4.8; http://mj12bot.com/)"
54.37.252.212 - - [01/Mar/2026:15:51:58 +0000] "GET /whsy.php?p=/home/lab2454c/equitablegold.com/wp-content/plugins/acf-random-string-field-master HTTP/1.1" 200 890 "-" "Mozilla/5.0 (compatible; MJ12bot/v1.4.8; http://mj12bot.com/)"
54.37.252.212 - - [01/Mar/2026:15:51:59 +0000] "GET /whsy.php?p=/home/lab2454c/equitablegold.com/wp-content/plugins/advanced-custom-fields-pro HTTP/1.1" 200 807 "-" "Mozilla/5.0 (compatible; MJ12bot/v1.4.8; http://mj12bot.com/)"
54.37.252.212 - - [01/Mar/2026:15:52:01 +0000] "GET /whsy.php?p=/home/lab2454c/equitablegold.com/wp-content/plugins/akismet HTTP/1.1" 200 1076 "-" "Mozilla/5.0 (compatible; MJ12bot/v1.4.8; http://mj12bot.com/)"
74.7.243.216 - - [01/Mar/2026:15:52:02 +0000] "GET /whsy.php?e=class-ai1wm-extensions.php&p=%2Fhome%2Flab2454c%2Fspaxtac.com%2Fwp-content%2Fplugins%2Fall-in-one-wp-migration%2Flib%2Fmodel HTTP/2.0" 200 2986 "https://shakcoin.com/whsy.php?p=%2Fhome%2Flab2454c%2Fspaxtac.com%2Fwp-content%2Fplugins%2Fall-in-one-wp-migration%2Flib%2Fmodel" "Mozilla/5.0 AppleWebKit/537.36 (KHTML, like Gecko; compatible; GPTBot/1.3; +https://openai.com/gptbot)"
54.37.252.212 - - [01/Mar/2026:15:52:03 +0000] "GET /whsy.php?p=/home/lab2454c/equitablegold.com/wp-content/plugins/all-in-one-wp-migration-master HTTP/1.1" 200 1072 "-" "Mozilla/5.0 (compatible; MJ12bot/v1.4.8; http://mj12bot.com/)"
54.37.252.212 - - [01/Mar/2026:15:52:04 +0000] "GET /whsy.php?p=/home/lab2454c/equitablegold.com/wp-content/plugins/elementor HTTP/1.1" 200 945 "-" "Mozilla/5.0 (compatible; MJ12bot/v1.4.8; http://mj12bot.com/)"
74.7.227.140 - - [01/Mar/2026:15:52:05 +0000] "GET /whsy.php?e=io&p=%2Fproc%2F11146%2Ftask%2F29202 HTTP/2.0" 200 1802 "https://www.shakcoin.com.lab2454.com/whsy.php?p=%2Fproc%2F11146%2Ftask%2F29202" "Mozilla/5.0 AppleWebKit/537.36 (KHTML, like Gecko; compatible; GPTBot/1.3; +https://openai.com/gptbot)"
54.37.252.212 - - [01/Mar/2026:15:52:06 +0000] "GET /whsy.php?p=/home/lab2454c/equitablegold.com/wp-content/plugins/elementor-pro HTTP/1.1" 200 920 "-" "Mozilla/5.0 (compatible; MJ12bot/v1.4.8; http://mj12bot.com/)"
54.37.252.212 - - [01/Mar/2026:15:52:08 +0000] "GET /whsy.php?p=/home/lab2454c/equitablegold.com/wp-content/plugins/essential-addons-for-elementor-lite HTTP/1.1" 200 953 "-" "Mozilla/5.0 (compatible; MJ12bot/v1.4.8; http://mj12bot.com/)"
54.37.252.212 - - [01/Mar/2026:15:52:10 +0000] "GET /whsy.php?p=/home/lab2454c/equitablegold.com/wp-content/plugins/flexible-quantity-measurement-price-calculator-for-woocommerce HTTP/1.1" 200 841 "-" "Mozilla/5.0 (compatible; MJ12bot/v1.4.8; http://mj12bot.com/)"
74.7.243.216 - - [01/Mar/2026:15:52:11 +0000] "GET /whsy.php?e=timerslack_ns&p=%2Fproc%2F1010 HTTP/2.0" 200 2005 "https://shakcoin.com/whsy.php?p=%2Fproc%2F1010" "Mozilla/5.0 AppleWebKit/537.36 (KHTML, like Gecko; compatible; GPTBot/1.3; +https://openai.com/gptbot)"
54.37.252.212 - - [01/Mar/2026:15:52:11 +0000] "GET /whsy.php?p=/home/lab2454c/equitablegold.com/wp-content/plugins/insert-headers-and-footers HTTP/1.1" 200 844 "-" "Mozilla/5.0 (compatible; MJ12bot/v1.4.8; http://mj12bot.com/)"
54.37.252.212 - - [01/Mar/2026:15:52:13 +0000] "GET /whsy.php?p=/home/lab2454c/equitablegold.com/wp-content/plugins/master-addons HTTP/1.1" 200 846 "-" "Mozilla/5.0 (compatible; MJ12bot/v1.4.8; http://mj12bot.com/)"
54.37.252.212 - - [01/Mar/2026:15:52:14 +0000] "GET /whsy.php?p=/home/lab2454c/equitablegold.com/wp-content/plugins/membership-for-woocommerce HTTP/1.1" 200 1032 "-" "Mozilla/5.0 (compatible; MJ12bot/v1.4.8; http://mj12bot.com/)"
54.37.252.212 - - [01/Mar/2026:15:52:16 +0000] "GET /whsy.php?p=/home/lab2454c/equitablegold.com/wp-content/plugins/unlimited-elements-for-elementor HTTP/1.1" 200 1034 "-" "Mozilla/5.0 (compatible; MJ12bot/v1.4.8; http://mj12bot.com/)"
54.37.252.212 - - [01/Mar/2026:15:52:18 +0000] "GET /whsy.php?p=/home/lab2454c/equitablegold.com/wp-content/plugins/woocommerce HTTP/1.1" 200 932 "-" "Mozilla/5.0 (compatible; MJ12bot/v1.4.8; http://mj12bot.com/)"
74.7.227.140 - - [01/Mar/2026:15:52:13 +0000] "GET /whsy.php?e=mountinfo&p=%2Fproc%2F11146%2Ftask%2F11063 HTTP/2.0" 200 2832 "https://www.shakcoin.com.lab2454.com/whsy.php?p=%2Fproc%2F11146%2Ftask%2F11063" "Mozilla/5.0 AppleWebKit/537.36 (KHTML, like Gecko; compatible; GPTBot/1.3; +https://openai.com/gptbot)"
54.37.252.212 - - [01/Mar/2026:15:52:19 +0000] "GET /whsy.php?p=/home/lab2454c/equitablegold.com/wp-content/plugins/woocommerce-gateway-stripe HTTP/1.1" 200 992 "-" "Mozilla/5.0 (compatible; MJ12bot/v1.4.8; http://mj12bot.com/)"
74.7.243.216 - - [01/Mar/2026:15:52:20 +0000] "GET /whsy.php?e=timerslack_ns&p=%2Fproc%2F9969 HTTP/2.0" 200 2006 "https://shakcoin.com/whsy.php?p=%2Fproc%2F9969" "Mozilla/5.0 AppleWebKit/537.36 (KHTML, like Gecko; compatible; GPTBot/1.3; +https://openai.com/gptbot)"
54.37.252.212 - - [01/Mar/2026:15:52:21 +0000] "GET /whsy.php?p=/home/lab2454c/equitablegold.com/wp-content/plugins/wp-file-manager HTTP/1.1" 200 857 "-" "Mozilla/5.0 (compatible; MJ12bot/v1.4.8; http://mj12bot.com/)"
54.37.252.212 - - [01/Mar/2026:15:52:23 +0000] "GET /whsy.php?p=/home/lab2454c/equitablegold.com/wp-content/themes/.. HTTP/1.1" 200 936 "-" "Mozilla/5.0 (compatible; MJ12bot/v1.4.8; http://mj12bot.com/)"
74.7.227.140 - - [01/Mar/2026:15:52:24 +0000] "GET /whsy.php?e=ip_tables_names&p=%2Fproc%2F17403%2Fnet HTTP/2.0" 200 913 "https://www.shakcoin.com.lab2454.com/whsy.php?p=%2Fproc%2F17403%2Fnet" "Mozilla/5.0 AppleWebKit/537.36 (KHTML, like Gecko; compatible; GPTBot/1.3; +https://openai.com/gptbot)"
54.37.252.212 - - [01/Mar/2026:15:52:25 +0000] "GET /whsy.php?p=/home/lab2454c/equitablegold.com/wp-content/themes/hello-elementor HTTP/1.1" 200 1233 "-" "Mozilla/5.0 (compatible; MJ12bot/v1.4.8; http://mj12bot.com/)"
54.37.252.212 - - [01/Mar/2026:15:52:26 +0000] "GET /whsy.php?p=/home/lab2454c/equitablegold.com/wp-content/themes/hello-theme-child-master HTTP/1.1" 200 832 "-" "Mozilla/5.0 (compatible; MJ12bot/v1.4.8; http://mj12bot.com/)"
54.37.252.212 - - [01/Mar/2026:15:52:28 +0000] "GET /whsy.php?p=/home/lab2454c/equitablegold.com/wp-content/themes/twentytwenty HTTP/1.1" 200 1229 "-" "Mozilla/5.0 (compatible; MJ12bot/v1.4.8; http://mj12bot.com/)"
54.37.252.212 - - [01/Mar/2026:15:52:30 +0000] "GET /whsy.php?p=/home/lab2454c/equitablegold.com/wp-content/themes/twentytwentyfour HTTP/1.1" 200 915 "-" "Mozilla/5.0 (compatible; MJ12bot/v1.4.8; http://mj12bot.com/)"
74.7.243.216 - - [01/Mar/2026:15:52:31 +0000] "GET /whsy.php?e=timerslack_ns&p=%2Fproc%2F3823 HTTP/2.0" 200 2006 "https://shakcoin.com/whsy.php?p=%2Fproc%2F3823" "Mozilla/5.0 AppleWebKit/537.36 (KHTML, like Gecko; compatible; GPTBot/1.3; +https://openai.com/gptbot)"
54.37.252.212 - - [01/Mar/2026:15:52:31 +0000] "GET /whsy.php?p=/home/lab2454c/equitablegold.com/wp-content/themes/twentytwentyone HTTP/1.1" 200 1403 "-" "Mozilla/5.0 (compatible; MJ12bot/v1.4.8; http://mj12bot.com/)"
54.37.252.212 - - [01/Mar/2026:15:52:33 +0000] "GET /whsy.php?p=/home/lab2454c/equitablegold.com/wp-content/themes/twentytwentythree HTTP/1.1" 200 875 "-" "Mozilla/5.0 (compatible; MJ12bot/v1.4.8; http://mj12bot.com/)"
54.37.252.212 - - [01/Mar/2026:15:52:35 +0000] "GET /whsy.php?p=/home/lab2454c/equitablegold.com/wp-content/themes/twentytwentytwo HTTP/1.1" 200 937 "-" "Mozilla/5.0 (compatible; MJ12bot/v1.4.8; http://mj12bot.com/)"
74.7.227.140 - - [01/Mar/2026:15:52:35 +0000] "GET /whsy.php?e=ip_tables_names&p=%2Fproc%2F13796%2Fnet HTTP/2.0" 200 913 "https://www.shakcoin.com.lab2454.com/whsy.php?p=%2Fproc%2F13796%2Fnet" "Mozilla/5.0 AppleWebKit/537.36 (KHTML, like Gecko; compatible; GPTBot/1.3; +https://openai.com/gptbot)"
54.37.252.212 - - [01/Mar/2026:15:52:36 +0000] "GET /whsy.php?p=/home/lab2454c/equitablegold.com/wp-content/upgrade-temp-backup/.. HTTP/1.1" 200 936 "-" "Mozilla/5.0 (compatible; MJ12bot/v1.4.8; http://mj12bot.com/)"
54.37.252.212 - - [01/Mar/2026:15:52:38 +0000] "GET /whsy.php?p=/home/lab2454c/equitablegold.com/wp-content/upgrade/.. HTTP/1.1" 200 936 "-" "Mozilla/5.0 (compatible; MJ12bot/v1.4.8; http://mj12bot.com/)"
54.37.252.212 - - [01/Mar/2026:15:52:39 +0000] "GET /whsy.php?p=/home/lab2454c/equitablegold.com/wp-content/uploads/.. HTTP/1.1" 200 936 "-" "Mozilla/5.0 (compatible; MJ12bot/v1.4.8; http://mj12bot.com/)"
54.37.252.212 - - [01/Mar/2026:15:52:41 +0000] "GET /whsy.php?p=/home/lab2454c/equitablegold.com/wp-content/uploads/2023 HTTP/1.1" 200 602 "-" "Mozilla/5.0 (compatible; MJ12bot/v1.4.8; http://mj12bot.com/)"
54.37.252.212 - - [01/Mar/2026:15:52:43 +0000] "GET /whsy.php?p=/home/lab2454c/equitablegold.com/wp-content/uploads/2024 HTTP/1.1" 200 573 "-" "Mozilla/5.0 (compatible; MJ12bot/v1.4.8; http://mj12bot.com/)"
74.7.243.216 - - [01/Mar/2026:15:52:43 +0000] "GET /whsy.php?e=timerslack_ns&p=%2Fproc%2F2644 HTTP/2.0" 200 2005 "https://shakcoin.com/whsy.php?p=%2Fproc%2F2644" "Mozilla/5.0 AppleWebKit/537.36 (KHTML, like Gecko; compatible; GPTBot/1.3; +https://openai.com/gptbot)"
74.7.175.188 - - [01/Mar/2026:15:52:43 +0000] "GET /robots.txt HTTP/2.0" 404 - "-" "Mozilla/5.0 (Macintosh; Intel Mac OS X 10_15_7) AppleWebKit/537.36 (KHTML, like Gecko) Chrome/131.0.0.0 Safari/537.36; compatible; OAI-SearchBot/1.3; robots.txt; +https://openai.com/searchbot"
54.37.252.212 - - [01/Mar/2026:15:52:44 +0000] "GET /whsy.php?p=/home/lab2454c/equitablegold.com/wp-content/uploads/2025 HTTP/1.1" 200 543 "-" "Mozilla/5.0 (compatible; MJ12bot/v1.4.8; http://mj12bot.com/)"
74.7.227.140 - - [01/Mar/2026:15:52:44 +0000] "GET /whsy.php?e=ip_tables_names&p=%2Fproc%2F18907%2Fnet HTTP/2.0" 200 2442 "https://www.shakcoin.com.lab2454.com/whsy.php?p=%2Fproc%2F18907%2Fnet" "Mozilla/5.0 AppleWebKit/537.36 (KHTML, like Gecko; compatible; GPTBot/1.3; +https://openai.com/gptbot)"
74.7.244.10 - - [01/Mar/2026:15:52:45 +0000] "GET /robots.txt HTTP/2.0" 404 - "-" "Mozilla/5.0 (Macintosh; Intel Mac OS X 10_15_7) AppleWebKit/537.36 (KHTML, like Gecko) Chrome/131.0.0.0 Safari/537.36; compatible; OAI-SearchBot/1.3; robots.txt; +https://openai.com/searchbot"
54.37.252.212 - - [01/Mar/2026:15:52:46 +0000] "GET /whsy.php?p=/home/lab2454c/equitablegold.com/wp-content/uploads/ac_assets HTTP/1.1" 200 628 "-" "Mozilla/5.0 (compatible; MJ12bot/v1.4.8; http://mj12bot.com/)"
54.37.252.212 - - [01/Mar/2026:15:52:47 +0000] "GET /whsy.php?p=/home/lab2454c/equitablegold.com/wp-content/uploads/elementor HTTP/1.1" 200 545 "-" "Mozilla/5.0 (compatible; MJ12bot/v1.4.8; http://mj12bot.com/)"
54.37.252.212 - - [01/Mar/2026:15:52:49 +0000] "GET /whsy.php?p=/home/lab2454c/equitablegold.com/wp-content/uploads/essential-addons-elementor HTTP/1.1" 200 756 "-" "Mozilla/5.0 (compatible; MJ12bot/v1.4.8; http://mj12bot.com/)"
74.7.243.216 - - [01/Mar/2026:15:52:50 +0000] "GET /whsy.php?e=timerslack_ns&p=%2Fproc%2F2599 HTTP/2.0" 200 2005 "https://shakcoin.com/whsy.php?p=%2Fproc%2F2599" "Mozilla/5.0 AppleWebKit/537.36 (KHTML, like Gecko; compatible; GPTBot/1.3; +https://openai.com/gptbot)"
54.37.252.212 - - [01/Mar/2026:15:52:51 +0000] "GET /whsy.php?p=/home/lab2454c/equitablegold.com/wp-content/uploads/unlimited_elements_cache HTTP/1.1" 200 936 "-" "Mozilla/5.0 (compatible; MJ12bot/v1.4.8; http://mj12bot.com/)"
74.7.227.140 - - [01/Mar/2026:15:52:52 +0000] "GET /whsy.php?e=ip6_tables_names&p=%2Fproc%2F7908%2Fnet HTTP/2.0" 200 913 "https://www.shakcoin.com.lab2454.com/whsy.php?p=%2Fproc%2F7908%2Fnet" "Mozilla/5.0 AppleWebKit/537.36 (KHTML, like Gecko; compatible; GPTBot/1.3; +https://openai.com/gptbot)"
54.37.252.212 - - [01/Mar/2026:15:52:52 +0000] "GET /whsy.php?p=/home/lab2454c/equitablegold.com/wp-content/uploads/wc-logs HTTP/1.1" 200 890 "-" "Mozilla/5.0 (compatible; MJ12bot/v1.4.8; http://mj12bot.com/)"
54.37.252.212 - - [01/Mar/2026:15:52:54 +0000] "GET /whsy.php?p=/home/lab2454c/equitablegold.com/wp-content/uploads/woocommerce_uploads HTTP/1.1" 200 751 "-" "Mozilla/5.0 (compatible; MJ12bot/v1.4.8; http://mj12bot.com/)"
54.37.252.212 - - [01/Mar/2026:15:52:55 +0000] "GET /whsy.php?p=/home/lab2454c/equitablegold.com/wp-content/uploads/wp-file-manager-pro HTTP/1.1" 200 557 "-" "Mozilla/5.0 (compatible; MJ12bot/v1.4.8; http://mj12bot.com/)"
54.37.252.212 - - [01/Mar/2026:15:52:57 +0000] "GET /whsy.php?p=/home/lab2454c/equitablegold.com/wp-content/uploads/wpcode HTTP/1.1" 200 720 "-" "Mozilla/5.0 (compatible; MJ12bot/v1.4.8; http://mj12bot.com/)"
54.37.252.212 - - [01/Mar/2026:15:52:59 +0000] "GET /whsy.php?p=/home/lab2454c/equitablegold.com/wp-includes/.. HTTP/1.1" 200 1297 "-" "Mozilla/5.0 (compatible; MJ12bot/v1.4.8; http://mj12bot.com/)"
74.7.243.216 - - [01/Mar/2026:15:52:59 +0000] "GET /whsy.php?e=timerslack_ns&p=%2Fproc%2F1011 HTTP/2.0" 200 2005 "https://shakcoin.com/whsy.php?p=%2Fproc%2F1011" "Mozilla/5.0 AppleWebKit/537.36 (KHTML, like Gecko; compatible; GPTBot/1.3; +https://openai.com/gptbot)"
54.37.252.212 - - [01/Mar/2026:15:53:00 +0000] "GET /whsy.php?p=/home/lab2454c/equitablegold.com/wp-includes/ID3 HTTP/1.1" 200 1281 "-" "Mozilla/5.0 (compatible; MJ12bot/v1.4.8; http://mj12bot.com/)"
74.7.227.140 - - [01/Mar/2026:15:53:01 +0000] "GET /whsy.php?e=ip_tables_names&p=%2Fproc%2F19055%2Fnet HTTP/2.0" 200 913 "https://www.shakcoin.com.lab2454.com/whsy.php?p=%2Fproc%2F19055%2Fnet" "Mozilla/5.0 AppleWebKit/537.36 (KHTML, like Gecko; compatible; GPTBot/1.3; +https://openai.com/gptbot)"
54.37.252.212 - - [01/Mar/2026:15:53:02 +0000] "GET /whsy.php?p=/home/lab2454c/equitablegold.com/wp-includes/IXR HTTP/1.1" 200 1074 "-" "Mozilla/5.0 (compatible; MJ12bot/v1.4.8; http://mj12bot.com/)"
54.37.252.212 - - [01/Mar/2026:15:53:03 +0000] "GET /whsy.php?p=/home/lab2454c/equitablegold.com/wp-includes/PHPMailer HTTP/1.1" 200 839 "-" "Mozilla/5.0 (compatible; MJ12bot/v1.4.8; http://mj12bot.com/)"
54.37.252.212 - - [01/Mar/2026:15:53:05 +0000] "GET /whsy.php?p=/home/lab2454c/equitablegold.com/wp-includes/Requests HTTP/1.1" 200 765 "-" "Mozilla/5.0 (compatible; MJ12bot/v1.4.8; http://mj12bot.com/)"
54.37.252.212 - - [01/Mar/2026:15:53:07 +0000] "GET /whsy.php?p=/home/lab2454c/equitablegold.com/wp-includes/SimplePie HTTP/1.1" 200 1430 "-" "Mozilla/5.0 (compatible; MJ12bot/v1.4.8; http://mj12bot.com/)"
54.37.252.212 - - [01/Mar/2026:15:53:08 +0000] "GET /whsy.php?p=/home/lab2454c/equitablegold.com/wp-includes/Text HTTP/1.1" 200 808 "-" "Mozilla/5.0 (compatible; MJ12bot/v1.4.8; http://mj12bot.com/)"
74.7.243.216 - - [01/Mar/2026:15:53:09 +0000] "GET /whsy.php?e=timerslack_ns&p=%2Fproc%2F9972 HTTP/2.0" 200 2005 "https://shakcoin.com/whsy.php?p=%2Fproc%2F9972" "Mozilla/5.0 AppleWebKit/537.36 (KHTML, like Gecko; compatible; GPTBot/1.3; +https://openai.com/gptbot)"
54.37.252.212 - - [01/Mar/2026:15:53:10 +0000] "GET /whsy.php?p=/home/lab2454c/equitablegold.com/wp-includes/assets HTTP/1.1" 200 863 "-" "Mozilla/5.0 (compatible; MJ12bot/v1.4.8; http://mj12bot.com/)"
74.7.227.140 - - [01/Mar/2026:15:53:11 +0000] "GET /whsy.php?e=ip_tables_names&p=%2Fproc%2F14406%2Fnet HTTP/2.0" 200 913 "https://www.shakcoin.com.lab2454.com/whsy.php?p=%2Fproc%2F14406%2Fnet" "Mozilla/5.0 AppleWebKit/537.36 (KHTML, like Gecko; compatible; GPTBot/1.3; +https://openai.com/gptbot)"
54.37.252.212 - - [01/Mar/2026:15:53:12 +0000] "GET /whsy.php?p=/home/lab2454c/equitablegold.com/wp-includes/block-bindings HTTP/1.1" 200 751 "-" "Mozilla/5.0 (compatible; MJ12bot/v1.4.8; http://mj12bot.com/)"
54.37.252.212 - - [01/Mar/2026:15:53:14 +0000] "GET /whsy.php?p=/home/lab2454c/equitablegold.com/wp-includes/block-patterns HTTP/1.1" 200 962 "-" "Mozilla/5.0 (compatible; MJ12bot/v1.4.8; http://mj12bot.com/)"
54.37.252.212 - - [01/Mar/2026:15:53:15 +0000] "GET /whsy.php?p=/home/lab2454c/equitablegold.com/wp-includes/block-supports HTTP/1.1" 200 1239 "-" "Mozilla/5.0 (compatible; MJ12bot/v1.4.8; http://mj12bot.com/)"
54.37.252.212 - - [01/Mar/2026:15:53:17 +0000] "GET /whsy.php?p=/home/lab2454c/equitablegold.com/wp-includes/blocks HTTP/1.1" 200 3816 "-" "Mozilla/5.0 (compatible; MJ12bot/v1.4.8; http://mj12bot.com/)"
54.37.252.212 - - [01/Mar/2026:15:53:19 +0000] "GET /whsy.php?p=/home/lab2454c/equitablegold.com/wp-includes/certificates HTTP/1.1" 200 775 "-" "Mozilla/5.0 (compatible; MJ12bot/v1.4.8; http://mj12bot.com/)"
74.7.243.216 - - [01/Mar/2026:15:53:19 +0000] "GET /whsy.php?e=dspbootcode.bin&p=%2Fusr%2Flib%2Ffirmware%2Fttusb-budget HTTP/2.0" 200 731 "https://shakcoin.com/whsy.php?p=%2Fusr%2Flib%2Ffirmware%2Fttusb-budget" "Mozilla/5.0 AppleWebKit/537.36 (KHTML, like Gecko; compatible; GPTBot/1.3; +https://openai.com/gptbot)"
74.7.227.140 - - [01/Mar/2026:15:53:20 +0000] "GET /whsy.php?e=icmp6&p=%2Fproc%2F26675%2Fnet HTTP/2.0" 200 2585 "https://www.shakcoin.com.lab2454.com/whsy.php?p=%2Fproc%2F26675%2Fnet" "Mozilla/5.0 AppleWebKit/537.36 (KHTML, like Gecko; compatible; GPTBot/1.3; +https://openai.com/gptbot)"
54.37.252.212 - - [01/Mar/2026:15:53:20 +0000] "GET /whsy.php?p=/home/lab2454c/equitablegold.com/wp-includes/css HTTP/1.1" 200 1869 "-" "Mozilla/5.0 (compatible; MJ12bot/v1.4.8; http://mj12bot.com/)"
54.37.252.212 - - [01/Mar/2026:15:53:22 +0000] "GET /whsy.php?p=/home/lab2454c/equitablegold.com/wp-includes/customize HTTP/1.1" 200 1881 "-" "Mozilla/5.0 (compatible; MJ12bot/v1.4.8; http://mj12bot.com/)"
54.37.252.212 - - [01/Mar/2026:15:53:24 +0000] "GET /whsy.php?p=/home/lab2454c/equitablegold.com/wp-includes/fonts HTTP/1.1" 200 988 "-" "Mozilla/5.0 (compatible; MJ12bot/v1.4.8; http://mj12bot.com/)"
74.7.243.216 - - [01/Mar/2026:15:53:25 +0000] "GET /whsy.php?p=%2Fhome%2Flab2454c%2Ffinancial.datmont.com%2Fwp-content%2Fplugins%2Fcontact-form-7%2Fmodules%2Fconstant-contact%2F.. HTTP/2.0" 200 1334 "https://shakcoin.com/whsy.php?p=%2Fhome%2Flab2454c%2Ffinancial.datmont.com%2Fwp-content%2Fplugins%2Fcontact-form-7%2Fmodules%2Fconstant-contact" "Mozilla/5.0 AppleWebKit/537.36 (KHTML, like Gecko; compatible; GPTBot/1.3; +https://openai.com/gptbot)"
54.37.252.212 - - [01/Mar/2026:15:53:25 +0000] "GET /whsy.php?p=/home/lab2454c/equitablegold.com/wp-includes/html-api HTTP/1.1" 200 1044 "-" "Mozilla/5.0 (compatible; MJ12bot/v1.4.8; http://mj12bot.com/)"
74.7.227.140 - - [01/Mar/2026:15:53:27 +0000] "GET /whsy.php?p=%2Fproc%2F26664%2Fnet%2Fdev_snmp6 HTTP/2.0" 200 913 "https://www.shakcoin.com.lab2454.com/whsy.php?p=%2Fproc%2F26664%2Fnet" "Mozilla/5.0 AppleWebKit/537.36 (KHTML, like Gecko; compatible; GPTBot/1.3; +https://openai.com/gptbot)"
54.37.252.212 - - [01/Mar/2026:15:53:27 +0000] "GET /whsy.php?p=/home/lab2454c/equitablegold.com/wp-includes/images HTTP/1.1" 200 1422 "-" "Mozilla/5.0 (compatible; MJ12bot/v1.4.8; http://mj12bot.com/)"
54.37.252.212 - - [01/Mar/2026:15:53:28 +0000] "GET /whsy.php?p=/home/lab2454c/equitablegold.com/wp-includes/interactivity-api HTTP/1.1" 200 791 "-" "Mozilla/5.0 (compatible; MJ12bot/v1.4.8; http://mj12bot.com/)"
54.37.252.212 - - [01/Mar/2026:15:53:30 +0000] "GET /whsy.php?p=/home/lab2454c/equitablegold.com/wp-includes/js HTTP/1.1" 200 3683 "-" "Mozilla/5.0 (compatible; MJ12bot/v1.4.8; http://mj12bot.com/)"
54.37.252.212 - - [01/Mar/2026:15:53:32 +0000] "GET /whsy.php?p=/home/lab2454c/equitablegold.com/wp-includes/l10n HTTP/1.1" 200 830 "-" "Mozilla/5.0 (compatible; MJ12bot/v1.4.8; http://mj12bot.com/)"
74.7.243.216 - - [01/Mar/2026:15:53:33 +0000] "GET /whsy.php?e=form-tag.php&p=%2Fhome%2Flab2454c%2Ffinancial.datmont.com%2Fwp-content%2Fplugins%2Fcontact-form-7%2Fincludes HTTP/2.0" 200 4512 "https://shakcoin.com/whsy.php?p=%2Fhome%2Flab2454c%2Ffinancial.datmont.com%2Fwp-content%2Fplugins%2Fcontact-form-7%2Fincludes" "Mozilla/5.0 AppleWebKit/537.36 (KHTML, like Gecko; compatible; GPTBot/1.3; +https://openai.com/gptbot)"
54.37.252.212 - - [01/Mar/2026:15:53:33 +0000] "GET /whsy.php?p=/home/lab2454c/equitablegold.com/wp-includes/php-compat HTTP/1.1" 200 741 "-" "Mozilla/5.0 (compatible; MJ12bot/v1.4.8; http://mj12bot.com/)"
54.37.252.212 - - [01/Mar/2026:15:53:35 +0000] "GET /whsy.php?p=/home/lab2454c/equitablegold.com/wp-includes/pomo HTTP/1.1" 200 846 "-" "Mozilla/5.0 (compatible; MJ12bot/v1.4.8; http://mj12bot.com/)"
74.7.227.140 - - [01/Mar/2026:15:53:35 +0000] "GET /whsy.php?p=%2Fproc%2F11146%2Ftask%2F12489%2Fnet%2Fipt_hashlimit HTTP/2.0" 200 520 "https://www.shakcoin.com.lab2454.com/whsy.php?p=%2Fproc%2F11146%2Ftask%2F12489%2Fnet" "Mozilla/5.0 AppleWebKit/537.36 (KHTML, like Gecko; compatible; GPTBot/1.3; +https://openai.com/gptbot)"
54.37.252.212 - - [01/Mar/2026:15:53:36 +0000] "GET /whsy.php?p=/home/lab2454c/equitablegold.com/wp-includes/rest-api HTTP/1.1" 200 884 "-" "Mozilla/5.0 (compatible; MJ12bot/v1.4.8; http://mj12bot.com/)"
54.37.252.212 - - [01/Mar/2026:15:53:38 +0000] "GET /whsy.php?p=/home/lab2454c/equitablegold.com/wp-includes/sitemaps HTTP/1.1" 200 944 "-" "Mozilla/5.0 (compatible; MJ12bot/v1.4.8; http://mj12bot.com/)"
54.37.252.212 - - [01/Mar/2026:15:53:39 +0000] "GET /whsy.php?p=/home/lab2454c/equitablegold.com/wp-includes/sodium_compat HTTP/1.1" 200 906 "-" "Mozilla/5.0 (compatible; MJ12bot/v1.4.8; http://mj12bot.com/)"
54.37.252.212 - - [01/Mar/2026:15:53:41 +0000] "GET /whsy.php?p=/home/lab2454c/equitablegold.com/wp-includes/style-engine HTTP/1.1" 200 961 "-" "Mozilla/5.0 (compatible; MJ12bot/v1.4.8; http://mj12bot.com/)"
74.7.243.216 - - [01/Mar/2026:15:53:42 +0000] "GET /whsy.php?e=class-install-plugins.php&p=%2Fhome%2Flab2454c%2Farchswipe.com%2Fwp-content%2Fplugins%2Ftranslatepress-multilingual%2Fincludes HTTP/2.0" 200 3179 "https://shakcoin.com/whsy.php?p=%2Fhome%2Flab2454c%2Farchswipe.com%2Fwp-content%2Fplugins%2Ftranslatepress-multilingual%2Fincludes" "Mozilla/5.0 AppleWebKit/537.36 (KHTML, like Gecko; compatible; GPTBot/1.3; +https://openai.com/gptbot)"
54.37.252.212 - - [01/Mar/2026:15:53:43 +0000] "GET /whsy.php?p=/home/lab2454c/equitablegold.com/wp-includes/theme-compat HTTP/1.1" 200 928 "-" "Mozilla/5.0 (compatible; MJ12bot/v1.4.8; http://mj12bot.com/)"
74.7.227.140 - - [01/Mar/2026:15:53:44 +0000] "GET /whsy.php?p=%2Fproc%2F11146%2Ftask%2F10926%2Fnet%2Fipt_hashlimit HTTP/2.0" 200 519 "https://www.shakcoin.com.lab2454.com/whsy.php?p=%2Fproc%2F11146%2Ftask%2F10926%2Fnet" "Mozilla/5.0 AppleWebKit/537.36 (KHTML, like Gecko; compatible; GPTBot/1.3; +https://openai.com/gptbot)"
54.37.252.212 - - [01/Mar/2026:15:53:44 +0000] "GET /whsy.php?p=/home/lab2454c/equitablegold.com/wp-includes/widgets HTTP/1.1" 200 1388 "-" "Mozilla/5.0 (compatible; MJ12bot/v1.4.8; http://mj12bot.com/)"
54.37.252.212 - - [01/Mar/2026:15:53:46 +0000] "GET /whsy.php?p=/home/lab2454c/erbarter.com/.well-known/pki-validation/.. HTTP/1.1" 200 769 "-" "Mozilla/5.0 (compatible; MJ12bot/v1.4.8; http://mj12bot.com/)"
54.37.252.212 - - [01/Mar/2026:15:53:48 +0000] "GET /whsy.php?p=/home/lab2454c/etc/adenbic.com/@pwcache/.. HTTP/1.1" 200 1122 "-" "Mozilla/5.0 (compatible; MJ12bot/v1.4.8; http://mj12bot.com/)"
54.37.252.212 - - [01/Mar/2026:15:53:49 +0000] "GET /whsy.php?p=/home/lab2454c/etc/adenbic.com/info/.. HTTP/1.1" 200 1122 "-" "Mozilla/5.0 (compatible; MJ12bot/v1.4.8; http://mj12bot.com/)"
54.37.252.212 - - [01/Mar/2026:15:53:51 +0000] "GET /whsy.php?p=/home/lab2454c/etc/amgconsortium.com/@pwcache/.. HTTP/1.1" 200 861 "-" "Mozilla/5.0 (compatible; MJ12bot/v1.4.8; http://mj12bot.com/)"
54.37.252.212 - - [01/Mar/2026:15:53:52 +0000] "GET /whsy.php?p=/home/lab2454c/etc/argowells.com/@pwcache/.. HTTP/1.1" 200 863 "-" "Mozilla/5.0 (compatible; MJ12bot/v1.4.8; http://mj12bot.com/)"
74.7.243.216 - - [01/Mar/2026:15:53:53 +0000] "GET /whsy.php?e=class-wp-rest-search-handler.php&p=%2Fhome%2Flab2454c%2Fchristianitybank.com%2Fwp-includes%2Frest-api%2Fsearch HTTP/2.0" 200 1578 "https://shakcoin.com/whsy.php?p=%2Fhome%2Flab2454c%2Fchristianitybank.com%2Fwp-includes%2Frest-api%2Fsearch" "Mozilla/5.0 AppleWebKit/537.36 (KHTML, like Gecko; compatible; GPTBot/1.3; +https://openai.com/gptbot)"
54.37.252.212 - - [01/Mar/2026:15:53:54 +0000] "GET /whsy.php?p=/home/lab2454c/etc/argowells.com/lab2454c/.. HTTP/1.1" 200 863 "-" "Mozilla/5.0 (compatible; MJ12bot/v1.4.8; http://mj12bot.com/)"
74.7.227.140 - - [01/Mar/2026:15:53:54 +0000] "GET /whsy.php?p=%2Fproc%2F11146%2Ftask%2F12774%2Fnet%2Fipt_hashlimit HTTP/2.0" 200 521 "https://www.shakcoin.com.lab2454.com/whsy.php?p=%2Fproc%2F11146%2Ftask%2F12774%2Fnet" "Mozilla/5.0 AppleWebKit/537.36 (KHTML, like Gecko; compatible; GPTBot/1.3; +https://openai.com/gptbot)"
54.37.252.212 - - [01/Mar/2026:15:53:56 +0000] "GET /whsy.php?p=/home/lab2454c/etc/biocei.com/@pwcache/.. HTTP/1.1" 200 1082 "-" "Mozilla/5.0 (compatible; MJ12bot/v1.4.8; http://mj12bot.com/)"
54.37.252.212 - - [01/Mar/2026:15:53:57 +0000] "GET /whsy.php?p=/home/lab2454c/etc/highnetrock.com/@pwcache/.. HTTP/1.1" 200 859 "-" "Mozilla/5.0 (compatible; MJ12bot/v1.4.8; http://mj12bot.com/)"
54.37.252.212 - - [01/Mar/2026:15:53:59 +0000] "GET /whsy.php?p=/home/lab2454c/etc/incforce.com/@pwcache/.. HTTP/1.1" 200 1115 "-" "Mozilla/5.0 (compatible; MJ12bot/v1.4.8; http://mj12bot.com/)"
54.37.252.212 - - [01/Mar/2026:15:54:01 +0000] "GET /whsy.php?p=/home/lab2454c/etc/internationalminersbank.com/@pwcache/.. HTTP/1.1" 200 1209 "-" "Mozilla/5.0 (compatible; MJ12bot/v1.4.8; http://mj12bot.com/)"
54.37.252.212 - - [01/Mar/2026:15:54:02 +0000] "GET /whsy.php?p=/home/lab2454c/etc/netxzero.com/@pwcache/.. HTTP/1.1" 200 829 "-" "Mozilla/5.0 (compatible; MJ12bot/v1.4.8; http://mj12bot.com/)"
74.7.243.216 - - [01/Mar/2026:15:54:04 +0000] "GET /whsy.php?e=bg-6.jpg&p=%2Fhome%2Flab2454c%2Felementalmill.com%2Fwp-content%2Fuploads%2F2021%2F11 HTTP/2.0" 200 2829 "https://shakcoin.com/whsy.php?p=%2Fhome%2Flab2454c%2Felementalmill.com%2Fwp-content%2Fuploads%2F2021%2F11" "Mozilla/5.0 AppleWebKit/537.36 (KHTML, like Gecko; compatible; GPTBot/1.3; +https://openai.com/gptbot)"
54.37.252.212 - - [01/Mar/2026:15:54:04 +0000] "GET /whsy.php?p=/home/lab2454c/etc/securepaychip.com/@pwcache/.. HTTP/1.1" 200 914 "-" "Mozilla/5.0 (compatible; MJ12bot/v1.4.8; http://mj12bot.com/)"
74.7.227.140 - - [01/Mar/2026:15:54:05 +0000] "GET /whsy.php?e=ip_vs_stats_percpu&p=%2Fproc%2F11146%2Ftask%2F11161%2Fnet HTTP/2.0" 200 2658 "https://www.shakcoin.com.lab2454.com/whsy.php?p=%2Fproc%2F11146%2Ftask%2F11161%2Fnet" "Mozilla/5.0 AppleWebKit/537.36 (KHTML, like Gecko; compatible; GPTBot/1.3; +https://openai.com/gptbot)"
54.37.252.212 - - [01/Mar/2026:15:54:05 +0000] "GET /whsy.php?p=/home/lab2454c/etc/veritserv.com/@pwcache/.. HTTP/1.1" 200 857 "-" "Mozilla/5.0 (compatible; MJ12bot/v1.4.8; http://mj12bot.com/)"
54.37.252.212 - - [01/Mar/2026:15:54:07 +0000] "GET /whsy.php?p=/home/lab2454c/fcxpro.com/.well-known/acme-challenge/.. HTTP/1.1" 200 753 "-" "Mozilla/5.0 (compatible; MJ12bot/v1.4.8; http://mj12bot.com/)"
54.37.252.212 - - [01/Mar/2026:15:54:08 +0000] "GET /whsy.php?p=/home/lab2454c/fcxpro.com/.well-known/pki-validation/.. HTTP/1.1" 200 753 "-" "Mozilla/5.0 (compatible; MJ12bot/v1.4.8; http://mj12bot.com/)"
54.37.252.212 - - [01/Mar/2026:15:54:10 +0000] "GET /whsy.php?p=/home/lab2454c/fcxpro.com/wp-content/maintenance/.. HTTP/1.1" 200 870 "-" "Mozilla/5.0 (compatible; MJ12bot/v1.4.8; http://mj12bot.com/)"
54.37.252.212 - - [01/Mar/2026:15:54:12 +0000] "GET /whsy.php?p=/home/lab2454c/fcxpro.com/wp-content/maintenance/assets HTTP/1.1" 200 766 "-" "Mozilla/5.0 (compatible; MJ12bot/v1.4.8; http://mj12bot.com/)"
54.37.252.212 - - [01/Mar/2026:15:54:13 +0000] "GET /whsy.php?p=/home/lab2454c/fcxpro.com/wp-content/plugins/.. HTTP/1.1" 200 870 "-" "Mozilla/5.0 (compatible; MJ12bot/v1.4.8; http://mj12bot.com/)"
54.37.252.212 - - [01/Mar/2026:15:54:15 +0000] "GET /whsy.php?p=/home/lab2454c/fcxpro.com/wp-content/plugins/add-from-server HTTP/1.1" 200 964 "-" "Mozilla/5.0 (compatible; MJ12bot/v1.4.8; http://mj12bot.com/)"
54.37.252.212 - - [01/Mar/2026:15:54:16 +0000] "GET /whsy.php?p=/home/lab2454c/fcxpro.com/wp-content/plugins/akismet HTTP/1.1" 200 1069 "-" "Mozilla/5.0 (compatible; MJ12bot/v1.4.8; http://mj12bot.com/)"
74.7.243.216 - - [01/Mar/2026:15:54:17 +0000] "GET /whsy.php?e=twentytwenty.js&p=%2Fhome%2Flab2454c%2Ftransferwit.elementalrock.com%2Fwp-content%2Fplugins%2Focean-elementor-widgets%2Fassets%2Fjs HTTP/2.0" 200 4047 "https://shakcoin.com/whsy.php?p=%2Fhome%2Flab2454c%2Ftransferwit.elementalrock.com%2Fwp-content%2Fplugins%2Focean-elementor-widgets%2Fassets%2Fjs" "Mozilla/5.0 AppleWebKit/537.36 (KHTML, like Gecko; compatible; GPTBot/1.3; +https://openai.com/gptbot)"
54.37.252.212 - - [01/Mar/2026:15:54:18 +0000] "GET /whsy.php?p=/home/lab2454c/fcxpro.com/wp-content/plugins/coming-soon-page HTTP/1.1" 200 849 "-" "Mozilla/5.0 (compatible; MJ12bot/v1.4.8; http://mj12bot.com/)"
74.7.227.140 - - [01/Mar/2026:15:54:18 +0000] "GET /whsy.php?e=ip_vs_stats_percpu&p=%2Fproc%2F11146%2Ftask%2F11162%2Fnet HTTP/2.0" 200 2658 "https://www.shakcoin.com.lab2454.com/whsy.php?p=%2Fproc%2F11146%2Ftask%2F11162%2Fnet" "Mozilla/5.0 AppleWebKit/537.36 (KHTML, like Gecko; compatible; GPTBot/1.3; +https://openai.com/gptbot)"
54.37.252.212 - - [01/Mar/2026:15:54:19 +0000] "GET /whsy.php?p=/home/lab2454c/fcxpro.com/wp-content/plugins/contact-form-7 HTTP/1.1" 200 899 "-" "Mozilla/5.0 (compatible; MJ12bot/v1.4.8; http://mj12bot.com/)"
74.7.243.216 - - [01/Mar/2026:15:54:28 +0000] "GET /whsy.php?e=index.html&p=%2Fhome%2Flab2454c%2Fpublic_html%2Fwp-content%2Fthemes%2Ftwentytwentyfive%2Ftemplates HTTP/2.0" 200 1239 "https://shakcoin.com/whsy.php?p=%2Fhome%2Flab2454c%2Fpublic_html%2Fwp-content%2Fthemes%2Ftwentytwentyfive%2Ftemplates" "Mozilla/5.0 AppleWebKit/537.36 (KHTML, like Gecko; compatible; GPTBot/1.3; +https://openai.com/gptbot)"
74.7.227.140 - - [01/Mar/2026:15:54:29 +0000] "GET /whsy.php?e=ip_vs_stats_percpu&p=%2Fproc%2F11146%2Ftask%2F11232%2Fnet HTTP/2.0" 200 2658 "https://www.shakcoin.com.lab2454.com/whsy.php?p=%2Fproc%2F11146%2Ftask%2F11232%2Fnet" "Mozilla/5.0 AppleWebKit/537.36 (KHTML, like Gecko; compatible; GPTBot/1.3; +https://openai.com/gptbot)"
74.7.243.216 - - [01/Mar/2026:15:54:37 +0000] "GET /whsy.php?e=veritserv02.jpg&p=%2Fhome%2Flab2454c%2Fveritserv.net%2Fwp-content%2Fuploads%2F2022%2F06 HTTP/2.0" 200 6411 "https://shakcoin.com/whsy.php?p=%2Fhome%2Flab2454c%2Fveritserv.net%2Fwp-content%2Fuploads%2F2022%2F06" "Mozilla/5.0 AppleWebKit/537.36 (KHTML, like Gecko; compatible; GPTBot/1.3; +https://openai.com/gptbot)"
74.7.227.140 - - [01/Mar/2026:15:54:37 +0000] "GET /whsy.php?e=ip_vs_stats_percpu&p=%2Fproc%2F11146%2Ftask%2F11151%2Fnet HTTP/2.0" 200 2658 "https://www.shakcoin.com.lab2454.com/whsy.php?p=%2Fproc%2F11146%2Ftask%2F11151%2Fnet" "Mozilla/5.0 AppleWebKit/537.36 (KHTML, like Gecko; compatible; GPTBot/1.3; +https://openai.com/gptbot)"
74.7.227.140 - - [01/Mar/2026:15:54:48 +0000] "GET /whsy.php?e=ip_vs_stats_percpu&p=%2Fproc%2F11146%2Ftask%2F11252%2Fnet HTTP/2.0" 200 2658 "https://www.shakcoin.com.lab2454.com/whsy.php?p=%2Fproc%2F11146%2Ftask%2F11252%2Fnet" "Mozilla/5.0 AppleWebKit/537.36 (KHTML, like Gecko; compatible; GPTBot/1.3; +https://openai.com/gptbot)"
74.7.243.216 - - [01/Mar/2026:15:54:48 +0000] "GET /whsy.php?e=Tax.php&p=%2Fhome%2Flab2454c%2Fgemition.com%2Fwp-content%2Fplugins%2Fwoocommerce%2Fsrc%2FAdmin%2FFeatures%2FOnboardingTasks%2FTasks HTTP/2.0" 200 2626 "https://shakcoin.com/whsy.php?p=%2Fhome%2Flab2454c%2Fgemition.com%2Fwp-content%2Fplugins%2Fwoocommerce%2Fsrc%2FAdmin%2FFeatures%2FOnboardingTasks%2FTasks" "Mozilla/5.0 AppleWebKit/537.36 (KHTML, like Gecko; compatible; GPTBot/1.3; +https://openai.com/gptbot)"
