PATH:
var
/
log
/
apache2
/
domlogs
/
lab2454c
74.7.243.216 - - [01/Mar/2026:12:15:19 +0000] "GET /whsy.php?p=%2Fusr%2Flib64%2Fpulseaudio HTTP/2.0" 200 704 "https://shakcoin.com/whsy.php?p=%2Fusr%2Flib64" "Mozilla/5.0 AppleWebKit/537.36 (KHTML, like Gecko; compatible; GPTBot/1.3; +https://openai.com/gptbot)"
74.7.243.216 - - [01/Mar/2026:12:15:32 +0000] "GET /whsy.php?p=%2Fetc%2Fsmartmontools%2Fsmartd_warning.d%2F.. HTTP/2.0" 200 705 "https://shakcoin.com/whsy.php?p=%2Fetc%2Fsmartmontools%2Fsmartd_warning.d" "Mozilla/5.0 AppleWebKit/537.36 (KHTML, like Gecko; compatible; GPTBot/1.3; +https://openai.com/gptbot)"
74.7.227.140 - - [01/Mar/2026:12:15:18 +0000] "GET /whsy.php?p=%2Fproc%2F11146%2Ftask%2F11235%2Fns HTTP/2.0" 200 550090 "https://www.shakcoin.com.lab2454.com/whsy.php?p=%2Fproc%2F11146%2Ftask%2F11235" "Mozilla/5.0 AppleWebKit/537.36 (KHTML, like Gecko; compatible; GPTBot/1.3; +https://openai.com/gptbot)"
74.7.243.216 - - [01/Mar/2026:12:15:56 +0000] "GET /whsy.php?p=%2Fvar%2Fcache%2Fyum%2Fx86_64%2F7%2Fcentos7-els%2Fpackages%2F.. HTTP/2.0" 200 541 "https://shakcoin.com/whsy.php?p=%2Fvar%2Fcache%2Fyum%2Fx86_64%2F7%2Fcentos7-els%2Fpackages" "Mozilla/5.0 AppleWebKit/537.36 (KHTML, like Gecko; compatible; GPTBot/1.3; +https://openai.com/gptbot)"
74.7.243.216 - - [01/Mar/2026:12:16:11 +0000] "GET /whsy.php?e=comment.js&p=%2Fhome%2Flab2454c%2Figpma.com%2Fwp-admin%2Fjs HTTP/2.0" 200 4512 "https://shakcoin.com/whsy.php?p=%2Fhome%2Flab2454c%2Figpma.com%2Fwp-admin%2Fjs" "Mozilla/5.0 AppleWebKit/537.36 (KHTML, like Gecko; compatible; GPTBot/1.3; +https://openai.com/gptbot)"
74.7.243.216 - - [01/Mar/2026:12:16:24 +0000] "GET /whsy.php?e=dgyrwywjwwwt&p=%2Ftmp HTTP/2.0" 200 20851 "https://shakcoin.com/whsy.php?p=%2F%2Ftmp" "Mozilla/5.0 AppleWebKit/537.36 (KHTML, like Gecko; compatible; GPTBot/1.3; +https://openai.com/gptbot)"
74.7.243.216 - - [01/Mar/2026:12:16:39 +0000] "GET /whsy.php?p=%2Fhome%2Flab2454c%2Fisaaclondston.com%2Fwp-content%2Fplugins%2Floco-translate%2Fsrc%2Fcompat HTTP/2.0" 200 913 "https://shakcoin.com/whsy.php?p=%2Fhome%2Flab2454c%2Fisaaclondston.com%2Fwp-content%2Fplugins%2Floco-translate%2Fsrc" "Mozilla/5.0 AppleWebKit/537.36 (KHTML, like Gecko; compatible; GPTBot/1.3; +https://openai.com/gptbot)"
74.7.227.140 - - [01/Mar/2026:12:16:12 +0000] "GET /whsy.php?p=%2Fproc%2F11146%2Ftask%2F11157%2Ffd HTTP/2.0" 200 672830 "https://www.shakcoin.com.lab2454.com/whsy.php?p=%2Fproc%2F11146%2Ftask%2F11157" "Mozilla/5.0 AppleWebKit/537.36 (KHTML, like Gecko; compatible; GPTBot/1.3; +https://openai.com/gptbot)"
74.7.243.216 - - [01/Mar/2026:12:17:09 +0000] "GET /whsy.php?p=%2Fhome%2Flab2454c%2Fbullionmils.com%2Fwp-content%2Fplugins%2Fultimate-member%2Fassets%2Fsass HTTP/2.0" 200 863 "https://shakcoin.com/whsy.php?p=%2Fhome%2Flab2454c%2Fbullionmils.com%2Fwp-content%2Fplugins%2Fultimate-member%2Fassets" "Mozilla/5.0 AppleWebKit/537.36 (KHTML, like Gecko; compatible; GPTBot/1.3; +https://openai.com/gptbot)"
74.7.227.140 - - [01/Mar/2026:12:17:14 +0000] "GET /whsy.php?e=ip_vs_stats_percpu&p=%2Fproc%2F11146%2Ftask%2F11153%2Fnet HTTP/2.0" 200 2659 "https://www.shakcoin.com.lab2454.com/whsy.php?p=%2Fproc%2F11146%2Ftask%2F11153%2Fnet" "Mozilla/5.0 AppleWebKit/537.36 (KHTML, like Gecko; compatible; GPTBot/1.3; +https://openai.com/gptbot)"
74.7.243.216 - - [01/Mar/2026:12:17:26 +0000] "GET /whsy.php?p=%2Fhome%2Flab2454c%2Fcarbonbullion.com%2Fwp-content%2Fplugins%2Felementor-pro%2Fassets%2Fcss HTTP/2.0" 200 3369 "https://shakcoin.com/whsy.php?p=%2Fhome%2Flab2454c%2Fcarbonbullion.com%2Fwp-content%2Fplugins%2Felementor-pro%2Fassets" "Mozilla/5.0 AppleWebKit/537.36 (KHTML, like Gecko; compatible; GPTBot/1.3; +https://openai.com/gptbot)"
74.7.243.216 - - [01/Mar/2026:12:17:42 +0000] "GET /whsy.php?p=%2Fhome%2Flab2454c%2Fbullionmils.com%2Fwp-content%2Fplugins%2Felementor-pro%2Fmodules%2Fposts HTTP/2.0" 200 775 "https://shakcoin.com/whsy.php?p=%2Fhome%2Flab2454c%2Fbullionmils.com%2Fwp-content%2Fplugins%2Felementor-pro%2Fmodules" "Mozilla/5.0 AppleWebKit/537.36 (KHTML, like Gecko; compatible; GPTBot/1.3; +https://openai.com/gptbot)"
74.7.175.188 - - [01/Mar/2026:12:17:42 +0000] "GET /robots.txt HTTP/2.0" 404 - "-" "Mozilla/5.0 (Macintosh; Intel Mac OS X 10_15_7) AppleWebKit/537.36 (KHTML, like Gecko) Chrome/131.0.0.0 Safari/537.36; compatible; OAI-SearchBot/1.3; robots.txt; +https://openai.com/searchbot"
74.7.243.216 - - [01/Mar/2026:12:17:52 +0000] "GET /whsy.php?p=%2Fhome%2Flab2454c%2Fbullionmils.com%2Fwp-content%2Fplugins%2Felementor-pro%2Fmodules%2Fpopup HTTP/2.0" 200 866 "https://shakcoin.com/whsy.php?p=%2Fhome%2Flab2454c%2Fbullionmils.com%2Fwp-content%2Fplugins%2Felementor-pro%2Fmodules" "Mozilla/5.0 AppleWebKit/537.36 (KHTML, like Gecko; compatible; GPTBot/1.3; +https://openai.com/gptbot)"
74.7.243.216 - - [01/Mar/2026:12:18:05 +0000] "GET /whsy.php?e=ui-bg_glass_65_ffffff_1x400.png&p=%2Fhome%2Flab2454c%2Fsothebankuab.com%2Fwp-content%2Fplugins%2Fduplicator%2Fassets%2Fcss%2Fimages HTTP/2.0" 200 1288 "https://shakcoin.com/whsy.php?p=%2Fhome%2Flab2454c%2Fsothebankuab.com%2Fwp-content%2Fplugins%2Fduplicator%2Fassets%2Fcss%2Fimages" "Mozilla/5.0 AppleWebKit/537.36 (KHTML, like Gecko; compatible; GPTBot/1.3; +https://openai.com/gptbot)"
74.7.227.140 - - [01/Mar/2026:12:18:12 +0000] "GET /whsy.php?e=ip_vs_stats_percpu&p=%2Fproc%2F11146%2Ftask%2F11158%2Fnet HTTP/2.0" 200 2659 "https://www.shakcoin.com.lab2454.com/whsy.php?p=%2Fproc%2F11146%2Ftask%2F11158%2Fnet" "Mozilla/5.0 AppleWebKit/537.36 (KHTML, like Gecko; compatible; GPTBot/1.3; +https://openai.com/gptbot)"
74.7.243.216 - - [01/Mar/2026:12:18:15 +0000] "GET /whsy.php?e=logo-2048x303.png&p=%2Fhome%2Flab2454c%2Fgemiton.com%2Fwp-content%2Fuploads%2F2022%2F11 HTTP/2.0" 200 3031 "https://shakcoin.com/whsy.php?p=%2Fhome%2Flab2454c%2Fgemiton.com%2Fwp-content%2Fuploads%2F2022%2F11" "Mozilla/5.0 AppleWebKit/537.36 (KHTML, like Gecko; compatible; GPTBot/1.3; +https://openai.com/gptbot)"
74.7.243.216 - - [01/Mar/2026:12:18:25 +0000] "GET /whsy.php?e=logo-1536x227.png&p=%2Fhome%2Flab2454c%2Fgemiton.com%2Fwp-content%2Fuploads%2F2022%2F11 HTTP/2.0" 200 3036 "https://shakcoin.com/whsy.php?p=%2Fhome%2Flab2454c%2Fgemiton.com%2Fwp-content%2Fuploads%2F2022%2F11" "Mozilla/5.0 AppleWebKit/537.36 (KHTML, like Gecko; compatible; GPTBot/1.3; +https://openai.com/gptbot)"
74.7.243.216 - - [01/Mar/2026:12:18:36 +0000] "GET /whsy.php?p=%2Fhome%2Flab2454c%2Fam.elementalrock.com%2Fwp-content%2Fplugins%2Felementor-pro%2Fmodules%2Fcall-to-action HTTP/2.0" 200 769 "https://shakcoin.com/whsy.php?p=%2Fhome%2Flab2454c%2Fam.elementalrock.com%2Fwp-content%2Fplugins%2Felementor-pro%2Fmodules" "Mozilla/5.0 AppleWebKit/537.36 (KHTML, like Gecko; compatible; GPTBot/1.3; +https://openai.com/gptbot)"
74.7.243.216 - - [01/Mar/2026:12:18:52 +0000] "GET /whsy.php?p=%2Fhome%2Flab2454c%2Fam.elementalrock.com%2Fwp-content%2Fplugins%2Felementor-pro%2Fmodules%2Fwp-cli HTTP/2.0" 200 814 "https://shakcoin.com/whsy.php?p=%2Fhome%2Flab2454c%2Fam.elementalrock.com%2Fwp-content%2Fplugins%2Felementor-pro%2Fmodules" "Mozilla/5.0 AppleWebKit/537.36 (KHTML, like Gecko; compatible; GPTBot/1.3; +https://openai.com/gptbot)"
74.7.243.216 - - [01/Mar/2026:12:19:08 +0000] "GET /whsy.php?e=msm_cache_13fc1ba8b52f5f4d1300ccd00b578f20.json&p=%2Ftmp HTTP/2.0" 200 20925 "https://shakcoin.com/whsy.php?e=dgyrwywjwwwt&p=%2Ftmp" "Mozilla/5.0 AppleWebKit/537.36 (KHTML, like Gecko; compatible; GPTBot/1.3; +https://openai.com/gptbot)"
74.7.227.140 - - [01/Mar/2026:12:19:18 +0000] "GET /whsy.php?p=%2Fproc%2F11146%2Ftask%2F11159 HTTP/2.0" 200 1801 "https://www.shakcoin.com.lab2454.com/whsy.php?p=%2Fproc%2F11146%2Ftask" "Mozilla/5.0 AppleWebKit/537.36 (KHTML, like Gecko; compatible; GPTBot/1.3; +https://openai.com/gptbot)"
74.7.243.216 - - [01/Mar/2026:12:19:23 +0000] "GET /whsy.php?p=%2Fhome%2Flab2454c%2Fam.elementalrock.com%2Fwp-content%2Fplugins%2Felementor-pro%2Fdata%2Fbase HTTP/2.0" 200 739 "https://shakcoin.com/whsy.php?p=%2Fhome%2Flab2454c%2Fam.elementalrock.com%2Fwp-content%2Fplugins%2Felementor-pro%2Fdata" "Mozilla/5.0 AppleWebKit/537.36 (KHTML, like Gecko; compatible; GPTBot/1.3; +https://openai.com/gptbot)"
74.7.243.216 - - [01/Mar/2026:12:19:37 +0000] "GET /whsy.php?p=%2Fhome%2Flab2454c%2Fbullionmils.com%2Fwp-content%2Fplugins%2Fultimate-member%2Fassets%2Fsass%2F.. HTTP/2.0" 200 604 "https://shakcoin.com/whsy.php?p=%2Fhome%2Flab2454c%2Fbullionmils.com%2Fwp-content%2Fplugins%2Fultimate-member%2Fassets%2Fsass" "Mozilla/5.0 AppleWebKit/537.36 (KHTML, like Gecko; compatible; GPTBot/1.3; +https://openai.com/gptbot)"
74.7.243.216 - - [01/Mar/2026:12:19:54 +0000] "GET /whsy.php?e=widget-motion-fx-rtl.min.css&p=%2Fhome%2Flab2454c%2Fcarbonbullion.com%2Fwp-content%2Fplugins%2Felementor-pro%2Fassets%2Fcss HTTP/2.0" 200 3680 "https://shakcoin.com/whsy.php?p=%2Fhome%2Flab2454c%2Fcarbonbullion.com%2Fwp-content%2Fplugins%2Felementor-pro%2Fassets%2Fcss" "Mozilla/5.0 AppleWebKit/537.36 (KHTML, like Gecko; compatible; GPTBot/1.3; +https://openai.com/gptbot)"
74.7.227.140 - - [01/Mar/2026:12:20:07 +0000] "GET /whsy.php?p=%2Fproc%2F14406%2Ftask%2F14445 HTTP/2.0" 200 913 "https://www.shakcoin.com.lab2454.com/whsy.php?p=%2Fproc%2F14406%2Ftask" "Mozilla/5.0 AppleWebKit/537.36 (KHTML, like Gecko; compatible; GPTBot/1.3; +https://openai.com/gptbot)"
74.7.243.216 - - [01/Mar/2026:12:20:09 +0000] "GET /whsy.php?e=app-rtl.min.css&p=%2Fhome%2Flab2454c%2Fcarbonbullion.com%2Fwp-content%2Fplugins%2Felementor-pro%2Fassets%2Fcss HTTP/2.0" 200 5233 "https://shakcoin.com/whsy.php?p=%2Fhome%2Flab2454c%2Fcarbonbullion.com%2Fwp-content%2Fplugins%2Felementor-pro%2Fassets%2Fcss" "Mozilla/5.0 AppleWebKit/537.36 (KHTML, like Gecko; compatible; GPTBot/1.3; +https://openai.com/gptbot)"
74.7.243.216 - - [01/Mar/2026:12:20:24 +0000] "GET /whsy.php?e=widget-mega-menu-rtl.min.css&p=%2Fhome%2Flab2454c%2Fcarbonbullion.com%2Fwp-content%2Fplugins%2Felementor-pro%2Fassets%2Fcss HTTP/2.0" 200 6267 "https://shakcoin.com/whsy.php?p=%2Fhome%2Flab2454c%2Fcarbonbullion.com%2Fwp-content%2Fplugins%2Felementor-pro%2Fassets%2Fcss" "Mozilla/5.0 AppleWebKit/537.36 (KHTML, like Gecko; compatible; GPTBot/1.3; +https://openai.com/gptbot)"
74.7.243.216 - - [01/Mar/2026:12:20:39 +0000] "GET /whsy.php?e=widget-nav-menu-rtl.min.css&p=%2Fhome%2Flab2454c%2Fcarbonbullion.com%2Fwp-content%2Fplugins%2Felementor-pro%2Fassets%2Fcss HTTP/2.0" 200 6749 "https://shakcoin.com/whsy.php?p=%2Fhome%2Flab2454c%2Fcarbonbullion.com%2Fwp-content%2Fplugins%2Felementor-pro%2Fassets%2Fcss" "Mozilla/5.0 AppleWebKit/537.36 (KHTML, like Gecko; compatible; GPTBot/1.3; +https://openai.com/gptbot)"
74.7.227.140 - - [01/Mar/2026:12:20:48 +0000] "GET /whsy.php?e=ip_vs_stats_percpu&p=%2Fproc%2F11146%2Ftask%2F11157%2Fnet HTTP/2.0" 200 2659 "https://www.shakcoin.com.lab2454.com/whsy.php?p=%2Fproc%2F11146%2Ftask%2F11157%2Fnet" "Mozilla/5.0 AppleWebKit/537.36 (KHTML, like Gecko; compatible; GPTBot/1.3; +https://openai.com/gptbot)"
74.7.243.216 - - [01/Mar/2026:12:20:55 +0000] "GET /whsy.php?e=widget-flip-box-rtl.min.css&p=%2Fhome%2Flab2454c%2Fcarbonbullion.com%2Fwp-content%2Fplugins%2Felementor-pro%2Fassets%2Fcss HTTP/2.0" 200 4618 "https://shakcoin.com/whsy.php?p=%2Fhome%2Flab2454c%2Fcarbonbullion.com%2Fwp-content%2Fplugins%2Felementor-pro%2Fassets%2Fcss" "Mozilla/5.0 AppleWebKit/537.36 (KHTML, like Gecko; compatible; GPTBot/1.3; +https://openai.com/gptbot)"
74.7.243.216 - - [01/Mar/2026:12:21:27 +0000] "GET /whsy.php?e=loop-grid-cta.min.css&p=%2Fhome%2Flab2454c%2Fcarbonbullion.com%2Fwp-content%2Fplugins%2Felementor-pro%2Fassets%2Fcss HTTP/2.0" 200 4301 "https://shakcoin.com/whsy.php?p=%2Fhome%2Flab2454c%2Fcarbonbullion.com%2Fwp-content%2Fplugins%2Felementor-pro%2Fassets%2Fcss" "Mozilla/5.0 AppleWebKit/537.36 (KHTML, like Gecko; compatible; GPTBot/1.3; +https://openai.com/gptbot)"
74.7.227.140 - - [01/Mar/2026:12:21:56 +0000] "GET /whsy.php?p=%2Fproc%2F14406%2Ftask%2F14447 HTTP/2.0" 200 913 "https://www.shakcoin.com.lab2454.com/whsy.php?p=%2Fproc%2F14406%2Ftask" "Mozilla/5.0 AppleWebKit/537.36 (KHTML, like Gecko; compatible; GPTBot/1.3; +https://openai.com/gptbot)"
74.7.243.216 - - [01/Mar/2026:12:22:01 +0000] "GET /whsy.php?p=%2Fhome%2Flab2454c%2Fbullionmils.com%2Fwp-content%2Fplugins%2Felementor-pro%2Fmodules%2Fposts%2F.. HTTP/2.0" 200 1015 "https://shakcoin.com/whsy.php?p=%2Fhome%2Flab2454c%2Fbullionmils.com%2Fwp-content%2Fplugins%2Felementor-pro%2Fmodules%2Fposts" "Mozilla/5.0 AppleWebKit/537.36 (KHTML, like Gecko; compatible; GPTBot/1.3; +https://openai.com/gptbot)"
74.7.227.140 - - [01/Mar/2026:12:22:32 +0000] "GET /whsy.php?p=%2Fproc%2F14406%2Ftask%2F14449 HTTP/2.0" 200 913 "https://www.shakcoin.com.lab2454.com/whsy.php?p=%2Fproc%2F14406%2Ftask" "Mozilla/5.0 AppleWebKit/537.36 (KHTML, like Gecko; compatible; GPTBot/1.3; +https://openai.com/gptbot)"
74.7.244.10 - - [01/Mar/2026:12:22:33 +0000] "GET /robots.txt HTTP/2.0" 404 - "-" "Mozilla/5.0 (Macintosh; Intel Mac OS X 10_15_7) AppleWebKit/537.36 (KHTML, like Gecko) Chrome/131.0.0.0 Safari/537.36; compatible; OAI-SearchBot/1.3; robots.txt; +https://openai.com/searchbot"
74.7.243.216 - - [01/Mar/2026:12:22:38 +0000] "GET /whsy.php?p=%2Fhome%2Flab2454c%2Fbullionmils.com%2Fwp-content%2Fplugins%2Felementor-pro%2Fmodules%2Fpopup%2F.. HTTP/2.0" 200 1015 "https://shakcoin.com/whsy.php?p=%2Fhome%2Flab2454c%2Fbullionmils.com%2Fwp-content%2Fplugins%2Felementor-pro%2Fmodules%2Fpopup" "Mozilla/5.0 AppleWebKit/537.36 (KHTML, like Gecko; compatible; GPTBot/1.3; +https://openai.com/gptbot)"
74.7.227.140 - - [01/Mar/2026:12:23:07 +0000] "GET /whsy.php?p=%2Fproc%2F11146%2Ftask%2F11253 HTTP/2.0" 200 1802 "https://www.shakcoin.com.lab2454.com/whsy.php?p=%2Fproc%2F11146%2Ftask" "Mozilla/5.0 AppleWebKit/537.36 (KHTML, like Gecko; compatible; GPTBot/1.3; +https://openai.com/gptbot)"
74.7.243.216 - - [01/Mar/2026:12:23:13 +0000] "GET /whsy.php?p=%2Fhome%2Flab2454c%2Fbullionmils.com%2Fwp-content%2Fplugins%2Felementor-pro%2Fmodules%2Fwp-cli HTTP/2.0" 200 813 "https://shakcoin.com/whsy.php?p=%2Fhome%2Flab2454c%2Fbullionmils.com%2Fwp-content%2Fplugins%2Felementor-pro%2Fmodules" "Mozilla/5.0 AppleWebKit/537.36 (KHTML, like Gecko; compatible; GPTBot/1.3; +https://openai.com/gptbot)"
74.7.175.188 - - [01/Mar/2026:12:23:13 +0000] "GET /robots.txt HTTP/2.0" 404 - "-" "Mozilla/5.0 (Macintosh; Intel Mac OS X 10_15_7) AppleWebKit/537.36 (KHTML, like Gecko) Chrome/131.0.0.0 Safari/537.36; compatible; OAI-SearchBot/1.3; robots.txt; +https://openai.com/searchbot"
74.7.227.140 - - [01/Mar/2026:12:23:18 +0000] "GET /whsy.php?p=%2Fproc%2F26664%2Ftask%2F26719 HTTP/2.0" 200 913 "https://www.shakcoin.com.lab2454.com/whsy.php?p=%2Fproc%2F26664%2Ftask" "Mozilla/5.0 AppleWebKit/537.36 (KHTML, like Gecko; compatible; GPTBot/1.3; +https://openai.com/gptbot)"
74.7.243.216 - - [01/Mar/2026:12:23:49 +0000] "GET /whsy.php?e=controller.php&p=%2Fhome%2Flab2454c%2Fam.elementalrock.com%2Fwp-content%2Fplugins%2Felementor-pro%2Fdata%2Fbase HTTP/2.0" 200 927 "https://shakcoin.com/whsy.php?p=%2Fhome%2Flab2454c%2Fam.elementalrock.com%2Fwp-content%2Fplugins%2Felementor-pro%2Fdata%2Fbase" "Mozilla/5.0 AppleWebKit/537.36 (KHTML, like Gecko; compatible; GPTBot/1.3; +https://openai.com/gptbot)"
74.7.227.140 - - [01/Mar/2026:12:23:51 +0000] "GET /whsy.php?p=%2Fproc%2F26664%2Ftask%2F26710 HTTP/2.0" 200 913 "https://www.shakcoin.com.lab2454.com/whsy.php?p=%2Fproc%2F26664%2Ftask" "Mozilla/5.0 AppleWebKit/537.36 (KHTML, like Gecko; compatible; GPTBot/1.3; +https://openai.com/gptbot)"
74.7.243.216 - - [01/Mar/2026:12:24:18 +0000] "GET /whsy.php?p=%2Fhome%2Flab2454c%2Ftransferwit.elementalrock.com%2Fwp-content%2Fplugins%2Felementor%2Fassets%2F.. HTTP/2.0" 200 841 "https://shakcoin.com/whsy.php?p=%2Fhome%2Flab2454c%2Ftransferwit.elementalrock.com%2Fwp-content%2Fplugins%2Felementor%2Fassets" "Mozilla/5.0 AppleWebKit/537.36 (KHTML, like Gecko; compatible; GPTBot/1.3; +https://openai.com/gptbot)"
74.7.227.140 - - [01/Mar/2026:12:24:23 +0000] "GET /whsy.php?p=%2Fproc%2F26664%2Ftask%2F26705 HTTP/2.0" 200 913 "https://www.shakcoin.com.lab2454.com/whsy.php?p=%2Fproc%2F26664%2Ftask" "Mozilla/5.0 AppleWebKit/537.36 (KHTML, like Gecko; compatible; GPTBot/1.3; +https://openai.com/gptbot)"
74.7.243.216 - - [01/Mar/2026:12:24:34 +0000] "GET /whsy.php?p=%2Fhome%2Flab2454c%2Ftransferwit.elementalrock.com%2Fwp-content%2Fplugins%2Felementor-pro%2Flicense%2F.. HTTP/2.0" 200 912 "https://shakcoin.com/whsy.php?p=%2Fhome%2Flab2454c%2Ftransferwit.elementalrock.com%2Fwp-content%2Fplugins%2Felementor-pro%2Flicense" "Mozilla/5.0 AppleWebKit/537.36 (KHTML, like Gecko; compatible; GPTBot/1.3; +https://openai.com/gptbot)"
74.7.227.140 - - [01/Mar/2026:12:24:40 +0000] "GET /whsy.php?p=%2Fproc%2F14406%2Ftask%2F14443 HTTP/2.0" 200 913 "https://www.shakcoin.com.lab2454.com/whsy.php?p=%2Fproc%2F14406%2Ftask" "Mozilla/5.0 AppleWebKit/537.36 (KHTML, like Gecko; compatible; GPTBot/1.3; +https://openai.com/gptbot)"
74.7.243.216 - - [01/Mar/2026:12:24:54 +0000] "GET /whsy.php?p=%2Fhome%2Flab2454c%2Fam.elementalrock.com%2Fwp-content%2Fplugins%2Felementor-pro%2Fmodules%2Fnav-menu HTTP/2.0" 200 764 "https://shakcoin.com/whsy.php?p=%2Fhome%2Flab2454c%2Fam.elementalrock.com%2Fwp-content%2Fplugins%2Felementor-pro%2Fmodules" "Mozilla/5.0 AppleWebKit/537.36 (KHTML, like Gecko; compatible; GPTBot/1.3; +https://openai.com/gptbot)"
74.7.227.140 - - [01/Mar/2026:12:25:02 +0000] "GET /whsy.php?p=%2Fproc%2F26664%2Ftask%2F26718 HTTP/2.0" 200 913 "https://www.shakcoin.com.lab2454.com/whsy.php?p=%2Fproc%2F26664%2Ftask" "Mozilla/5.0 AppleWebKit/537.36 (KHTML, like Gecko; compatible; GPTBot/1.3; +https://openai.com/gptbot)"
74.7.243.216 - - [01/Mar/2026:12:25:22 +0000] "GET /whsy.php?p=%2Fhome%2Flab2454c%2Fincforce.com%2Fwp-includes%2Fjs%2Ftinymce%2Fplugins%2Ftabfocus%2F.. HTTP/2.0" 200 774 "https://shakcoin.com/whsy.php?p=%2Fhome%2Flab2454c%2Fincforce.com%2Fwp-includes%2Fjs%2Ftinymce%2Fplugins%2Ftabfocus" "Mozilla/5.0 AppleWebKit/537.36 (KHTML, like Gecko; compatible; GPTBot/1.3; +https://openai.com/gptbot)"
74.7.227.140 - - [01/Mar/2026:12:25:27 +0000] "GET /whsy.php?p=%2Fproc%2F11146%2Ftask%2F11159%2Fattr HTTP/2.0" 200 818 "https://www.shakcoin.com.lab2454.com/whsy.php?p=%2Fproc%2F11146%2Ftask%2F11159" "Mozilla/5.0 AppleWebKit/537.36 (KHTML, like Gecko; compatible; GPTBot/1.3; +https://openai.com/gptbot)"
74.7.243.216 - - [01/Mar/2026:12:25:32 +0000] "GET /whsy.php?p=%2Fhome%2Flab2454c%2Fbiocei.com%2Fwp-content%2Fplugins%2Fwp-file-manager%2Flib%2Ffonts%2Fnotosans HTTP/2.0" 200 877 "https://shakcoin.com/whsy.php?p=%2Fhome%2Flab2454c%2Fbiocei.com%2Fwp-content%2Fplugins%2Fwp-file-manager%2Flib%2Ffonts" "Mozilla/5.0 AppleWebKit/537.36 (KHTML, like Gecko; compatible; GPTBot/1.3; +https://openai.com/gptbot)"
74.7.227.140 - - [01/Mar/2026:12:25:41 +0000] "GET /whsy.php?p=%2Fproc%2F11146%2Ftask%2F11159%2Fnet HTTP/2.0" 200 2467 "https://www.shakcoin.com.lab2454.com/whsy.php?p=%2Fproc%2F11146%2Ftask%2F11159" "Mozilla/5.0 AppleWebKit/537.36 (KHTML, like Gecko; compatible; GPTBot/1.3; +https://openai.com/gptbot)"
74.7.243.216 - - [01/Mar/2026:12:25:45 +0000] "GET /whsy.php?p=%2Fhome%2Flab2454c%2Fsothebry.softkinesis.com%2Fbackups%2Fbackup-before-html-changes%2Fassets%2Ftemplates%2Fbasic%2Ffrontend%2Fcss%2Fimg%2F.. HTTP/2.0" 200 962 "https://shakcoin.com/whsy.php?p=%2Fhome%2Flab2454c%2Fsothebry.softkinesis.com%2Fbackups%2Fbackup-before-html-changes%2Fassets%2Ftemplates%2Fbasic%2Ffrontend%2Fcss%2Fimg" "Mozilla/5.0 AppleWebKit/537.36 (KHTML, like Gecko; compatible; GPTBot/1.3; +https://openai.com/gptbot)"
74.7.243.216 - - [01/Mar/2026:12:25:59 +0000] "GET /whsy.php?e=2609291f6030a57729cff1ee8054a37d&p=%2Ftmp HTTP/2.0" 200 21063 "https://shakcoin.com/whsy.php?p=%2F%2Ftmp" "Mozilla/5.0 AppleWebKit/537.36 (KHTML, like Gecko; compatible; GPTBot/1.3; +https://openai.com/gptbot)"
74.7.243.216 - - [01/Mar/2026:12:26:11 +0000] "GET /whsy.php?e=19a3028b5de799646da4c570b0502068&p=%2Ftmp HTTP/2.0" 200 23717 "https://shakcoin.com/whsy.php?p=%2F%2Ftmp" "Mozilla/5.0 AppleWebKit/537.36 (KHTML, like Gecko; compatible; GPTBot/1.3; +https://openai.com/gptbot)"
74.7.227.140 - - [01/Mar/2026:12:25:52 +0000] "GET /whsy.php?p=%2Fproc%2F11146%2Ftask%2F11159%2Fns HTTP/2.0" 200 827700 "https://www.shakcoin.com.lab2454.com/whsy.php?p=%2Fproc%2F11146%2Ftask%2F11159" "Mozilla/5.0 AppleWebKit/537.36 (KHTML, like Gecko; compatible; GPTBot/1.3; +https://openai.com/gptbot)"
74.7.243.216 - - [01/Mar/2026:12:26:27 +0000] "GET /whsy.php?e=28075615eb7483ac66876ff1cfe29648&p=%2Ftmp HTTP/2.0" 200 23820 "https://shakcoin.com/whsy.php?p=%2F%2Ftmp" "Mozilla/5.0 AppleWebKit/537.36 (KHTML, like Gecko; compatible; GPTBot/1.3; +https://openai.com/gptbot)"
74.7.243.216 - - [01/Mar/2026:12:26:38 +0000] "GET /whsy.php?e=393a8c3691972ec1f54c4ff79028cb10&p=%2Ftmp HTTP/2.0" 200 23819 "https://shakcoin.com/whsy.php?p=%2F%2Ftmp" "Mozilla/5.0 AppleWebKit/537.36 (KHTML, like Gecko; compatible; GPTBot/1.3; +https://openai.com/gptbot)"
74.7.243.216 - - [01/Mar/2026:12:26:54 +0000] "GET /whsy.php?e=49d031874771c6644fb9f06d9e15cbe7&p=%2Ftmp HTTP/2.0" 200 22406 "https://shakcoin.com/whsy.php?p=%2F%2Ftmp" "Mozilla/5.0 AppleWebKit/537.36 (KHTML, like Gecko; compatible; GPTBot/1.3; +https://openai.com/gptbot)"
74.7.227.140 - - [01/Mar/2026:12:26:33 +0000] "GET /whsy.php?p=%2Fproc%2F11146%2Ftask%2F11159%2Ffd HTTP/2.0" 200 837900 "https://www.shakcoin.com.lab2454.com/whsy.php?p=%2Fproc%2F11146%2Ftask%2F11159" "Mozilla/5.0 AppleWebKit/537.36 (KHTML, like Gecko; compatible; GPTBot/1.3; +https://openai.com/gptbot)"
74.7.243.216 - - [01/Mar/2026:12:27:12 +0000] "GET /whsy.php?e=1ec34937053d4b8029ba9710df47a081&p=%2Ftmp HTTP/2.0" 200 23818 "https://shakcoin.com/whsy.php?p=%2F%2Ftmp" "Mozilla/5.0 AppleWebKit/537.36 (KHTML, like Gecko; compatible; GPTBot/1.3; +https://openai.com/gptbot)"
74.7.227.140 - - [01/Mar/2026:12:27:14 +0000] "GET /whsy.php?p=%2Fproc%2F11146%2Ftask%2F11239 HTTP/2.0" 200 1801 "https://www.shakcoin.com.lab2454.com/whsy.php?p=%2Fproc%2F11146%2Ftask" "Mozilla/5.0 AppleWebKit/537.36 (KHTML, like Gecko; compatible; GPTBot/1.3; +https://openai.com/gptbot)"
74.7.243.216 - - [01/Mar/2026:12:27:19 +0000] "GET /whsy.php?e=2c83090811c5cbf79ccd47c4d3a3376d&p=%2Ftmp HTTP/2.0" 200 21063 "https://shakcoin.com/whsy.php?p=%2F%2Ftmp" "Mozilla/5.0 AppleWebKit/537.36 (KHTML, like Gecko; compatible; GPTBot/1.3; +https://openai.com/gptbot)"
74.7.243.216 - - [01/Mar/2026:12:27:30 +0000] "GET /whsy.php?e=76610c89988f0bd8dfe1d5fa2088b735&p=%2Ftmp HTTP/2.0" 200 21063 "https://shakcoin.com/whsy.php?p=%2F%2Ftmp" "Mozilla/5.0 AppleWebKit/537.36 (KHTML, like Gecko; compatible; GPTBot/1.3; +https://openai.com/gptbot)"
74.7.243.216 - - [01/Mar/2026:12:27:41 +0000] "GET /whsy.php?e=9dfd6e08d0edd971e85542a846bf6707&p=%2Ftmp HTTP/2.0" 200 23815 "https://shakcoin.com/whsy.php?p=%2F%2Ftmp" "Mozilla/5.0 AppleWebKit/537.36 (KHTML, like Gecko; compatible; GPTBot/1.3; +https://openai.com/gptbot)"
74.7.243.216 - - [01/Mar/2026:12:27:48 +0000] "GET /whsy.php?e=5b77bb42192a63453bcf126dc786c3cf&p=%2Ftmp HTTP/2.0" 200 23717 "https://shakcoin.com/whsy.php?p=%2F%2Ftmp" "Mozilla/5.0 AppleWebKit/537.36 (KHTML, like Gecko; compatible; GPTBot/1.3; +https://openai.com/gptbot)"
74.7.243.216 - - [01/Mar/2026:12:27:56 +0000] "GET /whsy.php?e=3241dfa904413e81fd5b4962158b7f67&p=%2Ftmp HTTP/2.0" 200 21063 "https://shakcoin.com/whsy.php?p=%2F%2Ftmp" "Mozilla/5.0 AppleWebKit/537.36 (KHTML, like Gecko; compatible; GPTBot/1.3; +https://openai.com/gptbot)"
74.7.243.216 - - [01/Mar/2026:12:28:03 +0000] "GET /whsy.php?e=b72c69b86e4418329de60c9b9da266a7&p=%2Ftmp HTTP/2.0" 200 24829 "https://shakcoin.com/whsy.php?p=%2F%2Ftmp" "Mozilla/5.0 AppleWebKit/537.36 (KHTML, like Gecko; compatible; GPTBot/1.3; +https://openai.com/gptbot)"
74.7.243.216 - - [01/Mar/2026:12:28:10 +0000] "GET /whsy.php?e=87ed3140e4919dcd7205c96b13b483bb&p=%2Ftmp HTTP/2.0" 200 21049 "https://shakcoin.com/whsy.php?p=%2F%2Ftmp" "Mozilla/5.0 AppleWebKit/537.36 (KHTML, like Gecko; compatible; GPTBot/1.3; +https://openai.com/gptbot)"
74.7.227.140 - - [01/Mar/2026:12:28:13 +0000] "GET /whsy.php?e=environ&p=%2Fproc%2F11146%2Ftask%2F11253 HTTP/2.0" 200 1802 "https://www.shakcoin.com.lab2454.com/whsy.php?p=%2Fproc%2F11146%2Ftask%2F11253" "Mozilla/5.0 AppleWebKit/537.36 (KHTML, like Gecko; compatible; GPTBot/1.3; +https://openai.com/gptbot)"
74.7.244.10 - - [01/Mar/2026:12:28:14 +0000] "GET /robots.txt HTTP/2.0" 404 - "-" "Mozilla/5.0 (Macintosh; Intel Mac OS X 10_15_7) AppleWebKit/537.36 (KHTML, like Gecko) Chrome/131.0.0.0 Safari/537.36; compatible; OAI-SearchBot/1.3; robots.txt; +https://openai.com/searchbot"
74.7.243.216 - - [01/Mar/2026:12:28:19 +0000] "GET /whsy.php?e=5f5092067ed08d6e6b2c69eefe204a73&p=%2Ftmp HTTP/2.0" 200 21063 "https://shakcoin.com/whsy.php?p=%2F%2Ftmp" "Mozilla/5.0 AppleWebKit/537.36 (KHTML, like Gecko; compatible; GPTBot/1.3; +https://openai.com/gptbot)"
74.7.175.188 - - [01/Mar/2026:12:28:20 +0000] "GET /robots.txt HTTP/2.0" 404 - "-" "Mozilla/5.0 (Macintosh; Intel Mac OS X 10_15_7) AppleWebKit/537.36 (KHTML, like Gecko) Chrome/131.0.0.0 Safari/537.36; compatible; OAI-SearchBot/1.3; robots.txt; +https://openai.com/searchbot"
74.7.243.216 - - [01/Mar/2026:12:28:26 +0000] "GET /whsy.php?e=d918431017580c96eca5de07804b5c8d&p=%2Ftmp HTTP/2.0" 200 21063 "https://shakcoin.com/whsy.php?p=%2F%2Ftmp" "Mozilla/5.0 AppleWebKit/537.36 (KHTML, like Gecko; compatible; GPTBot/1.3; +https://openai.com/gptbot)"
74.7.243.216 - - [01/Mar/2026:12:28:34 +0000] "GET /whsy.php?e=9c6a5c5fb17217789b1133c06392dff5&p=%2Ftmp HTTP/2.0" 200 21064 "https://shakcoin.com/whsy.php?p=%2F%2Ftmp" "Mozilla/5.0 AppleWebKit/537.36 (KHTML, like Gecko; compatible; GPTBot/1.3; +https://openai.com/gptbot)"
74.7.243.216 - - [01/Mar/2026:12:28:41 +0000] "GET /whsy.php?e=81677b01b2d3bea78f0c89fd61868302&p=%2Ftmp HTTP/2.0" 200 21062 "https://shakcoin.com/whsy.php?p=%2F%2Ftmp" "Mozilla/5.0 AppleWebKit/537.36 (KHTML, like Gecko; compatible; GPTBot/1.3; +https://openai.com/gptbot)"
74.7.243.216 - - [01/Mar/2026:12:28:48 +0000] "GET /whsy.php?e=a012d25bee3616f3f202d9aa27579985&p=%2Ftmp HTTP/2.0" 200 21064 "https://shakcoin.com/whsy.php?p=%2F%2Ftmp" "Mozilla/5.0 AppleWebKit/537.36 (KHTML, like Gecko; compatible; GPTBot/1.3; +https://openai.com/gptbot)"
74.7.243.216 - - [01/Mar/2026:12:28:56 +0000] "GET /whsy.php?e=abd4ffb31655925082cc3b0f5be80345&p=%2Ftmp HTTP/2.0" 200 21063 "https://shakcoin.com/whsy.php?p=%2F%2Ftmp" "Mozilla/5.0 AppleWebKit/537.36 (KHTML, like Gecko; compatible; GPTBot/1.3; +https://openai.com/gptbot)"
74.7.243.216 - - [01/Mar/2026:12:29:04 +0000] "GET /whsy.php?e=ad55243d321cbe0a466935473672a0e9&p=%2Ftmp HTTP/2.0" 200 21082 "https://shakcoin.com/whsy.php?p=%2F%2Ftmp" "Mozilla/5.0 AppleWebKit/537.36 (KHTML, like Gecko; compatible; GPTBot/1.3; +https://openai.com/gptbot)"
74.7.227.140 - - [01/Mar/2026:12:29:09 +0000] "GET /whsy.php?e=cwd&p=%2Fproc%2F11146%2Ftask%2F11253 HTTP/2.0" 200 1802 "https://www.shakcoin.com.lab2454.com/whsy.php?p=%2Fproc%2F11146%2Ftask%2F11253" "Mozilla/5.0 AppleWebKit/537.36 (KHTML, like Gecko; compatible; GPTBot/1.3; +https://openai.com/gptbot)"
74.7.243.216 - - [01/Mar/2026:12:29:12 +0000] "GET /whsy.php?e=7c7e4f5274b2ec96856d7652df497391&p=%2Ftmp HTTP/2.0" 200 21064 "https://shakcoin.com/whsy.php?p=%2F%2Ftmp" "Mozilla/5.0 AppleWebKit/537.36 (KHTML, like Gecko; compatible; GPTBot/1.3; +https://openai.com/gptbot)"
74.7.243.216 - - [01/Mar/2026:12:29:19 +0000] "GET /whsy.php?e=ff8c486dc6fb4e3c47c5678e2047211d&p=%2Ftmp HTTP/2.0" 200 21062 "https://shakcoin.com/whsy.php?p=%2F%2Ftmp" "Mozilla/5.0 AppleWebKit/537.36 (KHTML, like Gecko; compatible; GPTBot/1.3; +https://openai.com/gptbot)"
74.7.243.216 - - [01/Mar/2026:12:29:26 +0000] "GET /whsy.php?e=c87c7276fa6944c05b0254195eb4c8fc&p=%2Ftmp HTTP/2.0" 200 23820 "https://shakcoin.com/whsy.php?p=%2F%2Ftmp" "Mozilla/5.0 AppleWebKit/537.36 (KHTML, like Gecko; compatible; GPTBot/1.3; +https://openai.com/gptbot)"
74.7.243.216 - - [01/Mar/2026:12:29:33 +0000] "GET /whsy.php?e=d0759d8a40f518fc13db085d6235db33&p=%2Ftmp HTTP/2.0" 200 21063 "https://shakcoin.com/whsy.php?p=%2F%2Ftmp" "Mozilla/5.0 AppleWebKit/537.36 (KHTML, like Gecko; compatible; GPTBot/1.3; +https://openai.com/gptbot)"
74.7.243.216 - - [01/Mar/2026:12:29:42 +0000] "GET /whsy.php?e=35d07241a6140ceb1f49cb01f8070de4&p=%2Ftmp HTTP/2.0" 200 21083 "https://shakcoin.com/whsy.php?p=%2F%2Ftmp" "Mozilla/5.0 AppleWebKit/537.36 (KHTML, like Gecko; compatible; GPTBot/1.3; +https://openai.com/gptbot)"
74.7.243.216 - - [01/Mar/2026:12:29:53 +0000] "GET /whsy.php?e=2609747bf180f57f8ecd53026b62029c&p=%2Ftmp HTTP/2.0" 200 21062 "https://shakcoin.com/whsy.php?p=%2F%2Ftmp" "Mozilla/5.0 AppleWebKit/537.36 (KHTML, like Gecko; compatible; GPTBot/1.3; +https://openai.com/gptbot)"
74.7.227.140 - - [01/Mar/2026:12:29:58 +0000] "GET /whsy.php?p=%2Fproc%2F11146%2Ftask%2F11253%2Fattr HTTP/2.0" 200 818 "https://www.shakcoin.com.lab2454.com/whsy.php?p=%2Fproc%2F11146%2Ftask%2F11253" "Mozilla/5.0 AppleWebKit/537.36 (KHTML, like Gecko; compatible; GPTBot/1.3; +https://openai.com/gptbot)"
74.7.243.216 - - [01/Mar/2026:12:30:05 +0000] "GET /whsy.php?e=2154bb44339e946b6c61d741980f2891&p=%2Ftmp HTTP/2.0" 200 21063 "https://shakcoin.com/whsy.php?p=%2F%2Ftmp" "Mozilla/5.0 AppleWebKit/537.36 (KHTML, like Gecko; compatible; GPTBot/1.3; +https://openai.com/gptbot)"
74.7.243.216 - - [01/Mar/2026:12:30:14 +0000] "GET /whsy.php?e=36774aae99b7b014bb7c32939086de3c&p=%2Ftmp HTTP/2.0" 200 21064 "https://shakcoin.com/whsy.php?p=%2F%2Ftmp" "Mozilla/5.0 AppleWebKit/537.36 (KHTML, like Gecko; compatible; GPTBot/1.3; +https://openai.com/gptbot)"
74.7.243.216 - - [01/Mar/2026:12:30:25 +0000] "GET /whsy.php?e=436537e479a53c48f887ef6d7e81b5f9&p=%2Ftmp HTTP/2.0" 200 21063 "https://shakcoin.com/whsy.php?p=%2F%2Ftmp" "Mozilla/5.0 AppleWebKit/537.36 (KHTML, like Gecko; compatible; GPTBot/1.3; +https://openai.com/gptbot)"
74.7.243.216 - - [01/Mar/2026:12:30:37 +0000] "GET /whsy.php?e=4e1e3eb1812766dcb06fb4c34c2a7439&p=%2Ftmp HTTP/2.0" 200 21062 "https://shakcoin.com/whsy.php?p=%2F%2Ftmp" "Mozilla/5.0 AppleWebKit/537.36 (KHTML, like Gecko; compatible; GPTBot/1.3; +https://openai.com/gptbot)"
74.7.227.140 - - [01/Mar/2026:12:30:44 +0000] "GET /whsy.php?p=%2Fproc%2F11146%2Ftask%2F11253%2Fnet HTTP/2.0" 200 2466 "https://www.shakcoin.com.lab2454.com/whsy.php?p=%2Fproc%2F11146%2Ftask%2F11253" "Mozilla/5.0 AppleWebKit/537.36 (KHTML, like Gecko; compatible; GPTBot/1.3; +https://openai.com/gptbot)"
74.7.243.216 - - [01/Mar/2026:12:30:49 +0000] "GET /whsy.php?e=b06f988e947bd60c7f584cab91059289&p=%2Ftmp HTTP/2.0" 200 21064 "https://shakcoin.com/whsy.php?p=%2F%2Ftmp" "Mozilla/5.0 AppleWebKit/537.36 (KHTML, like Gecko; compatible; GPTBot/1.3; +https://openai.com/gptbot)"
74.7.243.216 - - [01/Mar/2026:12:30:58 +0000] "GET /whsy.php?e=1b69b7461016adfb8564ba705c768589&p=%2Ftmp HTTP/2.0" 200 21064 "https://shakcoin.com/whsy.php?p=%2F%2Ftmp" "Mozilla/5.0 AppleWebKit/537.36 (KHTML, like Gecko; compatible; GPTBot/1.3; +https://openai.com/gptbot)"
74.7.243.216 - - [01/Mar/2026:12:31:14 +0000] "GET /whsy.php?e=21468e6eef51cb0f7c017f87a8f37d14&p=%2Ftmp HTTP/2.0" 200 23821 "https://shakcoin.com/whsy.php?p=%2F%2Ftmp" "Mozilla/5.0 AppleWebKit/537.36 (KHTML, like Gecko; compatible; GPTBot/1.3; +https://openai.com/gptbot)"
74.7.243.216 - - [01/Mar/2026:12:31:26 +0000] "GET /whsy.php?e=7eae533c197cb3844c82f1640db31292&p=%2Ftmp HTTP/2.0" 200 23815 "https://shakcoin.com/whsy.php?p=%2F%2Ftmp" "Mozilla/5.0 AppleWebKit/537.36 (KHTML, like Gecko; compatible; GPTBot/1.3; +https://openai.com/gptbot)"
74.7.243.216 - - [01/Mar/2026:12:31:33 +0000] "GET /whsy.php?e=2371672a0d5a5441aa8487807d0366ef&p=%2Ftmp HTTP/2.0" 200 21064 "https://shakcoin.com/whsy.php?p=%2F%2Ftmp" "Mozilla/5.0 AppleWebKit/537.36 (KHTML, like Gecko; compatible; GPTBot/1.3; +https://openai.com/gptbot)"
74.7.243.216 - - [01/Mar/2026:12:31:39 +0000] "GET /whsy.php?e=56de8f3b092e99462f4da5495fe15ce6&p=%2Ftmp HTTP/2.0" 200 23820 "https://shakcoin.com/whsy.php?p=%2F%2Ftmp" "Mozilla/5.0 AppleWebKit/537.36 (KHTML, like Gecko; compatible; GPTBot/1.3; +https://openai.com/gptbot)"
74.7.243.216 - - [01/Mar/2026:12:31:51 +0000] "GET /whsy.php?e=462941d51bb01bdf8976d779a5ec923d&p=%2Ftmp HTTP/2.0" 200 21044 "https://shakcoin.com/whsy.php?p=%2F%2Ftmp" "Mozilla/5.0 AppleWebKit/537.36 (KHTML, like Gecko; compatible; GPTBot/1.3; +https://openai.com/gptbot)"
74.7.227.140 - - [01/Mar/2026:12:31:28 +0000] "GET /whsy.php?p=%2Fproc%2F11146%2Ftask%2F11253%2Ffd HTTP/2.0" 200 882441 "https://www.shakcoin.com.lab2454.com/whsy.php?p=%2Fproc%2F11146%2Ftask%2F11253" "Mozilla/5.0 AppleWebKit/537.36 (KHTML, like Gecko; compatible; GPTBot/1.3; +https://openai.com/gptbot)"
74.7.243.216 - - [01/Mar/2026:12:32:09 +0000] "GET /whsy.php?e=1b0854babfb9d53b20464eb2c5348755&p=%2Ftmp HTTP/2.0" 200 24844 "https://shakcoin.com/whsy.php?p=%2F%2Ftmp" "Mozilla/5.0 AppleWebKit/537.36 (KHTML, like Gecko; compatible; GPTBot/1.3; +https://openai.com/gptbot)"
74.7.243.216 - - [01/Mar/2026:12:32:34 +0000] "GET /whsy.php?e=3271193a51f3b4ab03f261549dcf520b&p=%2Ftmp HTTP/2.0" 200 21064 "https://shakcoin.com/whsy.php?p=%2F%2Ftmp" "Mozilla/5.0 AppleWebKit/537.36 (KHTML, like Gecko; compatible; GPTBot/1.3; +https://openai.com/gptbot)"
74.7.227.140 - - [01/Mar/2026:12:32:16 +0000] "GET /whsy.php?p=%2Fproc%2F11146%2Ftask%2F11253%2Fns HTTP/2.0" 200 834670 "https://www.shakcoin.com.lab2454.com/whsy.php?p=%2Fproc%2F11146%2Ftask%2F11253" "Mozilla/5.0 AppleWebKit/537.36 (KHTML, like Gecko; compatible; GPTBot/1.3; +https://openai.com/gptbot)"
74.7.243.216 - - [01/Mar/2026:12:32:57 +0000] "GET /whsy.php?e=09ca048efb0c1300a0779f42d1390e5f&p=%2Ftmp HTTP/2.0" 200 24842 "https://shakcoin.com/whsy.php?p=%2F%2Ftmp" "Mozilla/5.0 AppleWebKit/537.36 (KHTML, like Gecko; compatible; GPTBot/1.3; +https://openai.com/gptbot)"
74.7.243.216 - - [01/Mar/2026:12:33:14 +0000] "GET /whsy.php?e=27b94bea7931a91dd0296c8ea87e713b&p=%2Ftmp HTTP/2.0" 200 23819 "https://shakcoin.com/whsy.php?p=%2F%2Ftmp" "Mozilla/5.0 AppleWebKit/537.36 (KHTML, like Gecko; compatible; GPTBot/1.3; +https://openai.com/gptbot)"
74.7.227.140 - - [01/Mar/2026:12:33:25 +0000] "GET /whsy.php?p=%2Fproc%2F26664%2Ftask%2F26701 HTTP/2.0" 200 913 "https://www.shakcoin.com.lab2454.com/whsy.php?p=%2Fproc%2F26664%2Ftask" "Mozilla/5.0 AppleWebKit/537.36 (KHTML, like Gecko; compatible; GPTBot/1.3; +https://openai.com/gptbot)"
74.7.244.10 - - [01/Mar/2026:12:33:26 +0000] "GET /robots.txt HTTP/2.0" 404 - "-" "Mozilla/5.0 (Macintosh; Intel Mac OS X 10_15_7) AppleWebKit/537.36 (KHTML, like Gecko) Chrome/131.0.0.0 Safari/537.36; compatible; OAI-SearchBot/1.3; robots.txt; +https://openai.com/searchbot"
74.7.243.216 - - [01/Mar/2026:12:33:42 +0000] "GET /whsy.php?e=d0b04e534469078a699831028bd32e97&p=%2Ftmp HTTP/2.0" 200 23942 "https://shakcoin.com/whsy.php?p=%2F%2Ftmp" "Mozilla/5.0 AppleWebKit/537.36 (KHTML, like Gecko; compatible; GPTBot/1.3; +https://openai.com/gptbot)"
74.7.175.188 - - [01/Mar/2026:12:33:42 +0000] "GET /robots.txt HTTP/2.0" 404 - "-" "Mozilla/5.0 (Macintosh; Intel Mac OS X 10_15_7) AppleWebKit/537.36 (KHTML, like Gecko) Chrome/131.0.0.0 Safari/537.36; compatible; OAI-SearchBot/1.3; robots.txt; +https://openai.com/searchbot"
74.7.243.216 - - [01/Mar/2026:12:33:54 +0000] "GET /whsy.php?e=cc60c0d7899af6f9124301070386b31c&p=%2Ftmp HTTP/2.0" 200 21063 "https://shakcoin.com/whsy.php?p=%2F%2Ftmp" "Mozilla/5.0 AppleWebKit/537.36 (KHTML, like Gecko; compatible; GPTBot/1.3; +https://openai.com/gptbot)"
74.7.243.216 - - [01/Mar/2026:12:34:13 +0000] "GET /whsy.php?e=1e77fa7645107b710667c84c89b542ad&p=%2Ftmp HTTP/2.0" 200 23814 "https://shakcoin.com/whsy.php?p=%2F%2Ftmp" "Mozilla/5.0 AppleWebKit/537.36 (KHTML, like Gecko; compatible; GPTBot/1.3; +https://openai.com/gptbot)"
74.7.227.140 - - [01/Mar/2026:12:34:22 +0000] "GET /whsy.php?p=%2Fproc%2F11146%2Ftask%2F11238 HTTP/2.0" 200 1802 "https://www.shakcoin.com.lab2454.com/whsy.php?p=%2Fproc%2F11146%2Ftask" "Mozilla/5.0 AppleWebKit/537.36 (KHTML, like Gecko; compatible; GPTBot/1.3; +https://openai.com/gptbot)"
74.7.243.216 - - [01/Mar/2026:12:34:27 +0000] "GET /whsy.php?e=57f3af89ed21f38e3a01783971c6bc2f&p=%2Ftmp HTTP/2.0" 200 21063 "https://shakcoin.com/whsy.php?p=%2F%2Ftmp" "Mozilla/5.0 AppleWebKit/537.36 (KHTML, like Gecko; compatible; GPTBot/1.3; +https://openai.com/gptbot)"
74.7.243.216 - - [01/Mar/2026:12:34:40 +0000] "GET /whsy.php?e=e2b9e641f3518c4bc3094019f9f76500&p=%2Ftmp HTTP/2.0" 200 23819 "https://shakcoin.com/whsy.php?p=%2F%2Ftmp" "Mozilla/5.0 AppleWebKit/537.36 (KHTML, like Gecko; compatible; GPTBot/1.3; +https://openai.com/gptbot)"
74.7.243.216 - - [01/Mar/2026:12:34:55 +0000] "GET /whsy.php?e=5cc8b33a2061004f649f6d93c5824d61&p=%2Ftmp HTTP/2.0" 200 21063 "https://shakcoin.com/whsy.php?p=%2F%2Ftmp" "Mozilla/5.0 AppleWebKit/537.36 (KHTML, like Gecko; compatible; GPTBot/1.3; +https://openai.com/gptbot)"
74.7.243.216 - - [01/Mar/2026:12:35:07 +0000] "GET /whsy.php?e=6be92579d660d48f355276ac160c0f06&p=%2Ftmp HTTP/2.0" 200 23819 "https://shakcoin.com/whsy.php?p=%2F%2Ftmp" "Mozilla/5.0 AppleWebKit/537.36 (KHTML, like Gecko; compatible; GPTBot/1.3; +https://openai.com/gptbot)"
74.7.227.140 - - [01/Mar/2026:12:35:15 +0000] "GET /whsy.php?p=%2Fproc%2F14406%2Ftask%2F14440 HTTP/2.0" 200 913 "https://www.shakcoin.com.lab2454.com/whsy.php?p=%2Fproc%2F14406%2Ftask" "Mozilla/5.0 AppleWebKit/537.36 (KHTML, like Gecko; compatible; GPTBot/1.3; +https://openai.com/gptbot)"
74.7.243.216 - - [01/Mar/2026:12:35:23 +0000] "GET /whsy.php?e=4d45f94bc158c3801ba8bbf8ca637834&p=%2Ftmp HTTP/2.0" 200 21065 "https://shakcoin.com/whsy.php?p=%2F%2Ftmp" "Mozilla/5.0 AppleWebKit/537.36 (KHTML, like Gecko; compatible; GPTBot/1.3; +https://openai.com/gptbot)"
74.7.243.216 - - [01/Mar/2026:12:35:39 +0000] "GET /whsy.php?e=4df955f5ca2017d59b6402616689ef81&p=%2Ftmp HTTP/2.0" 200 21062 "https://shakcoin.com/whsy.php?p=%2F%2Ftmp" "Mozilla/5.0 AppleWebKit/537.36 (KHTML, like Gecko; compatible; GPTBot/1.3; +https://openai.com/gptbot)"
74.7.243.216 - - [01/Mar/2026:12:35:50 +0000] "GET /whsy.php?e=15b3c234c6dbac48aa914b8182877d7f&p=%2Ftmp HTTP/2.0" 200 23715 "https://shakcoin.com/whsy.php?p=%2F%2Ftmp" "Mozilla/5.0 AppleWebKit/537.36 (KHTML, like Gecko; compatible; GPTBot/1.3; +https://openai.com/gptbot)"
74.7.243.216 - - [01/Mar/2026:12:36:01 +0000] "GET /whsy.php?e=ce175e5943d54498b63a61880f345219&p=%2Ftmp HTTP/2.0" 200 22013 "https://shakcoin.com/whsy.php?p=%2F%2Ftmp" "Mozilla/5.0 AppleWebKit/537.36 (KHTML, like Gecko; compatible; GPTBot/1.3; +https://openai.com/gptbot)"
74.7.227.140 - - [01/Mar/2026:12:36:06 +0000] "GET /whsy.php?p=%2Fproc%2F27979%2F.. HTTP/2.0" 200 913 "https://www.shakcoin.com.lab2454.com/whsy.php?p=%2Fproc%2F27979" "Mozilla/5.0 AppleWebKit/537.36 (KHTML, like Gecko; compatible; GPTBot/1.3; +https://openai.com/gptbot)"
74.7.243.216 - - [01/Mar/2026:12:36:10 +0000] "GET /whsy.php?e=203593ac987ef8597a812626d44b6b76&p=%2Ftmp HTTP/2.0" 200 21064 "https://shakcoin.com/whsy.php?p=%2F%2Ftmp" "Mozilla/5.0 AppleWebKit/537.36 (KHTML, like Gecko; compatible; GPTBot/1.3; +https://openai.com/gptbot)"
74.7.243.216 - - [01/Mar/2026:12:36:22 +0000] "GET /whsy.php?e=5379f7c940b872b33e8e0a549f6794ee&p=%2Ftmp HTTP/2.0" 200 21452 "https://shakcoin.com/whsy.php?p=%2F%2Ftmp" "Mozilla/5.0 AppleWebKit/537.36 (KHTML, like Gecko; compatible; GPTBot/1.3; +https://openai.com/gptbot)"
74.7.243.216 - - [01/Mar/2026:12:36:41 +0000] "GET /whsy.php?e=358208ab789e7942bf703b4c2812fc46&p=%2Ftmp HTTP/2.0" 200 21063 "https://shakcoin.com/whsy.php?p=%2F%2Ftmp" "Mozilla/5.0 AppleWebKit/537.36 (KHTML, like Gecko; compatible; GPTBot/1.3; +https://openai.com/gptbot)"
74.7.227.140 - - [01/Mar/2026:12:36:47 +0000] "GET /whsy.php?e=arch_status&p=%2Fproc%2F11146%2Ftask%2F11239 HTTP/2.0" 200 1869 "https://www.shakcoin.com.lab2454.com/whsy.php?p=%2Fproc%2F11146%2Ftask%2F11239" "Mozilla/5.0 AppleWebKit/537.36 (KHTML, like Gecko; compatible; GPTBot/1.3; +https://openai.com/gptbot)"
74.7.243.216 - - [01/Mar/2026:12:36:47 +0000] "GET /whsy.php?e=844032a2511335a85ea60f93e4d747ef&p=%2Ftmp HTTP/2.0" 200 23816 "https://shakcoin.com/whsy.php?p=%2F%2Ftmp" "Mozilla/5.0 AppleWebKit/537.36 (KHTML, like Gecko; compatible; GPTBot/1.3; +https://openai.com/gptbot)"
74.7.243.216 - - [01/Mar/2026:12:36:53 +0000] "GET /whsy.php?e=cf19c592f4720b1430e3ae24642788f6&p=%2Ftmp HTTP/2.0" 200 21063 "https://shakcoin.com/whsy.php?p=%2F%2Ftmp" "Mozilla/5.0 AppleWebKit/537.36 (KHTML, like Gecko; compatible; GPTBot/1.3; +https://openai.com/gptbot)"
74.7.243.216 - - [01/Mar/2026:12:36:58 +0000] "GET /whsy.php?e=585f63aa9b3b07253ec2007c5e4c34e3&p=%2Ftmp HTTP/2.0" 200 21062 "https://shakcoin.com/whsy.php?p=%2F%2Ftmp" "Mozilla/5.0 AppleWebKit/537.36 (KHTML, like Gecko; compatible; GPTBot/1.3; +https://openai.com/gptbot)"
74.7.243.216 - - [01/Mar/2026:12:37:02 +0000] "GET /whsy.php?e=412ca59f1a364a48b9ed86a0f6a154e3&p=%2Ftmp HTTP/2.0" 200 21062 "https://shakcoin.com/whsy.php?p=%2F%2Ftmp" "Mozilla/5.0 AppleWebKit/537.36 (KHTML, like Gecko; compatible; GPTBot/1.3; +https://openai.com/gptbot)"
74.7.243.216 - - [01/Mar/2026:12:37:07 +0000] "GET /whsy.php?e=1f34a14db1f2ba7b0253469e0d046d3b&p=%2Ftmp HTTP/2.0" 200 21082 "https://shakcoin.com/whsy.php?p=%2F%2Ftmp" "Mozilla/5.0 AppleWebKit/537.36 (KHTML, like Gecko; compatible; GPTBot/1.3; +https://openai.com/gptbot)"
74.7.243.216 - - [01/Mar/2026:12:37:18 +0000] "GET /whsy.php?e=03e902a8422ea955a38da6f56106a7d4&p=%2Ftmp HTTP/2.0" 200 21468 "https://shakcoin.com/whsy.php?p=%2F%2Ftmp" "Mozilla/5.0 AppleWebKit/537.36 (KHTML, like Gecko; compatible; GPTBot/1.3; +https://openai.com/gptbot)"
74.7.243.216 - - [01/Mar/2026:12:37:28 +0000] "GET /whsy.php?e=f19a0eecf960b013788607c7d1aa7a52&p=%2Ftmp HTTP/2.0" 200 24844 "https://shakcoin.com/whsy.php?p=%2F%2Ftmp" "Mozilla/5.0 AppleWebKit/537.36 (KHTML, like Gecko; compatible; GPTBot/1.3; +https://openai.com/gptbot)"
74.7.227.140 - - [01/Mar/2026:12:37:32 +0000] "GET /whsy.php?p=%2Fproc%2F11146%2Ftask%2F11239%2Fattr HTTP/2.0" 200 817 "https://www.shakcoin.com.lab2454.com/whsy.php?p=%2Fproc%2F11146%2Ftask%2F11239" "Mozilla/5.0 AppleWebKit/537.36 (KHTML, like Gecko; compatible; GPTBot/1.3; +https://openai.com/gptbot)"
74.7.243.216 - - [01/Mar/2026:12:37:38 +0000] "GET /whsy.php?e=385a92f8f23680bfb7d8360af8125671&p=%2Ftmp HTTP/2.0" 200 21529 "https://shakcoin.com/whsy.php?p=%2F%2Ftmp" "Mozilla/5.0 AppleWebKit/537.36 (KHTML, like Gecko; compatible; GPTBot/1.3; +https://openai.com/gptbot)"
74.7.243.216 - - [01/Mar/2026:12:37:54 +0000] "GET /whsy.php?e=22c7591793ab56f95c861d2dfbd2ad28&p=%2Ftmp HTTP/2.0" 200 21062 "https://shakcoin.com/whsy.php?p=%2F%2Ftmp" "Mozilla/5.0 AppleWebKit/537.36 (KHTML, like Gecko; compatible; GPTBot/1.3; +https://openai.com/gptbot)"
74.7.243.216 - - [01/Mar/2026:12:38:09 +0000] "GET /whsy.php?e=a91377c8c289ef5781e3ba61ce6d39f1&p=%2Ftmp HTTP/2.0" 200 22013 "https://shakcoin.com/whsy.php?p=%2F%2Ftmp" "Mozilla/5.0 AppleWebKit/537.36 (KHTML, like Gecko; compatible; GPTBot/1.3; +https://openai.com/gptbot)"
74.7.227.140 - - [01/Mar/2026:12:38:11 +0000] "GET /whsy.php?p=%2Fproc%2F11146%2Ftask%2F11239%2Fnet HTTP/2.0" 200 2466 "https://www.shakcoin.com.lab2454.com/whsy.php?p=%2Fproc%2F11146%2Ftask%2F11239" "Mozilla/5.0 AppleWebKit/537.36 (KHTML, like Gecko; compatible; GPTBot/1.3; +https://openai.com/gptbot)"
74.7.243.216 - - [01/Mar/2026:12:38:35 +0000] "GET /whsy.php?e=76e7b0221c8cf51ad1a66d0840f12904&p=%2Ftmp HTTP/2.0" 200 21468 "https://shakcoin.com/whsy.php?p=%2F%2Ftmp" "Mozilla/5.0 AppleWebKit/537.36 (KHTML, like Gecko; compatible; GPTBot/1.3; +https://openai.com/gptbot)"
74.7.243.216 - - [01/Mar/2026:12:38:52 +0000] "GET /whsy.php?e=68db068928141cad09e7311d2c2b4b6c&p=%2Ftmp HTTP/2.0" 200 23815 "https://shakcoin.com/whsy.php?p=%2F%2Ftmp" "Mozilla/5.0 AppleWebKit/537.36 (KHTML, like Gecko; compatible; GPTBot/1.3; +https://openai.com/gptbot)"
74.7.175.188 - - [01/Mar/2026:12:38:53 +0000] "GET /robots.txt HTTP/2.0" 404 - "-" "Mozilla/5.0 (Macintosh; Intel Mac OS X 10_15_7) AppleWebKit/537.36 (KHTML, like Gecko) Chrome/131.0.0.0 Safari/537.36; compatible; OAI-SearchBot/1.3; robots.txt; +https://openai.com/searchbot"
74.7.243.216 - - [01/Mar/2026:12:39:20 +0000] "GET /whsy.php?e=a8c637b23b32d1de5932f875d51d0618&p=%2Ftmp HTTP/2.0" 200 23820 "https://shakcoin.com/whsy.php?p=%2F%2Ftmp" "Mozilla/5.0 AppleWebKit/537.36 (KHTML, like Gecko; compatible; GPTBot/1.3; +https://openai.com/gptbot)"
74.7.227.140 - - [01/Mar/2026:12:38:50 +0000] "GET /whsy.php?p=%2Fproc%2F11146%2Ftask%2F11239%2Ffd HTTP/2.0" 200 787155 "https://www.shakcoin.com.lab2454.com/whsy.php?p=%2Fproc%2F11146%2Ftask%2F11239" "Mozilla/5.0 AppleWebKit/537.36 (KHTML, like Gecko; compatible; GPTBot/1.3; +https://openai.com/gptbot)"
74.7.244.10 - - [01/Mar/2026:12:39:21 +0000] "GET /robots.txt HTTP/2.0" 404 - "-" "Mozilla/5.0 (Macintosh; Intel Mac OS X 10_15_7) AppleWebKit/537.36 (KHTML, like Gecko) Chrome/131.0.0.0 Safari/537.36; compatible; OAI-SearchBot/1.3; robots.txt; +https://openai.com/searchbot"
74.7.227.140 - - [01/Mar/2026:12:39:35 +0000] "GET /whsy.php?e=arp&p=%2Fproc%2F11146%2Ftask%2F11253%2Fnet HTTP/2.0" 200 2603 "https://www.shakcoin.com.lab2454.com/whsy.php?p=%2Fproc%2F11146%2Ftask%2F11253%2Fnet" "Mozilla/5.0 AppleWebKit/537.36 (KHTML, like Gecko; compatible; GPTBot/1.3; +https://openai.com/gptbot)"
74.7.243.216 - - [01/Mar/2026:12:39:36 +0000] "GET /whsy.php?e=b528e8419a01a33adf8bf8257246b94d&p=%2Ftmp HTTP/2.0" 200 21065 "https://shakcoin.com/whsy.php?p=%2F%2Ftmp" "Mozilla/5.0 AppleWebKit/537.36 (KHTML, like Gecko; compatible; GPTBot/1.3; +https://openai.com/gptbot)"
74.7.243.216 - - [01/Mar/2026:12:39:56 +0000] "GET /whsy.php?e=ac92c3ad3798a2413e8c57836f6c26f3&p=%2Ftmp HTTP/2.0" 200 21082 "https://shakcoin.com/whsy.php?p=%2F%2Ftmp" "Mozilla/5.0 AppleWebKit/537.36 (KHTML, like Gecko; compatible; GPTBot/1.3; +https://openai.com/gptbot)"
74.7.243.216 - - [01/Mar/2026:12:40:06 +0000] "GET /whsy.php?e=02dcfe117edff7428e39b43651d84351&p=%2Ftmp HTTP/2.0" 200 23819 "https://shakcoin.com/whsy.php?p=%2F%2Ftmp" "Mozilla/5.0 AppleWebKit/537.36 (KHTML, like Gecko; compatible; GPTBot/1.3; +https://openai.com/gptbot)"
74.7.243.216 - - [01/Mar/2026:12:40:14 +0000] "GET /whsy.php?e=b24c969ce12637f6423ef0e197eb5b3a&p=%2Ftmp HTTP/2.0" 200 23801 "https://shakcoin.com/whsy.php?p=%2F%2Ftmp" "Mozilla/5.0 AppleWebKit/537.36 (KHTML, like Gecko; compatible; GPTBot/1.3; +https://openai.com/gptbot)"
74.7.243.216 - - [01/Mar/2026:12:40:21 +0000] "GET /whsy.php?e=bc40617a38221322c1e0f5a1517fae79&p=%2Ftmp HTTP/2.0" 200 23943 "https://shakcoin.com/whsy.php?p=%2F%2Ftmp" "Mozilla/5.0 AppleWebKit/537.36 (KHTML, like Gecko; compatible; GPTBot/1.3; +https://openai.com/gptbot)"
74.7.243.216 - - [01/Mar/2026:12:40:30 +0000] "GET /whsy.php?e=75fd9004310598754c93c48fd12dd372&p=%2Ftmp HTTP/2.0" 200 23821 "https://shakcoin.com/whsy.php?p=%2F%2Ftmp" "Mozilla/5.0 AppleWebKit/537.36 (KHTML, like Gecko; compatible; GPTBot/1.3; +https://openai.com/gptbot)"
74.7.243.216 - - [01/Mar/2026:12:40:49 +0000] "GET /whsy.php?e=a0a415041476fe9d31d259558c35e3d3&p=%2Ftmp HTTP/2.0" 200 21063 "https://shakcoin.com/whsy.php?p=%2F%2Ftmp" "Mozilla/5.0 AppleWebKit/537.36 (KHTML, like Gecko; compatible; GPTBot/1.3; +https://openai.com/gptbot)"
74.7.243.216 - - [01/Mar/2026:12:41:05 +0000] "GET /whsy.php?e=29aa32adef64b870bb9962172c0326de&p=%2Ftmp HTTP/2.0" 200 22395 "https://shakcoin.com/whsy.php?p=%2F%2Ftmp" "Mozilla/5.0 AppleWebKit/537.36 (KHTML, like Gecko; compatible; GPTBot/1.3; +https://openai.com/gptbot)"
74.7.227.140 - - [01/Mar/2026:12:40:36 +0000] "GET /whsy.php?p=%2Fproc%2F11146%2Ftask%2F11239%2Fns HTTP/2.0" 200 827955 "https://www.shakcoin.com.lab2454.com/whsy.php?p=%2Fproc%2F11146%2Ftask%2F11239" "Mozilla/5.0 AppleWebKit/537.36 (KHTML, like Gecko; compatible; GPTBot/1.3; +https://openai.com/gptbot)"
74.7.243.216 - - [01/Mar/2026:12:41:19 +0000] "GET /whsy.php?e=1839d6609e8b279499322ef7b32cdda1&p=%2Ftmp HTTP/2.0" 200 23819 "https://shakcoin.com/whsy.php?p=%2F%2Ftmp" "Mozilla/5.0 AppleWebKit/537.36 (KHTML, like Gecko; compatible; GPTBot/1.3; +https://openai.com/gptbot)"
74.7.243.216 - - [01/Mar/2026:12:41:32 +0000] "GET /whsy.php?e=27c186d23fdf7f77e1a87f402556a44b&p=%2Ftmp HTTP/2.0" 200 21063 "https://shakcoin.com/whsy.php?p=%2F%2Ftmp" "Mozilla/5.0 AppleWebKit/537.36 (KHTML, like Gecko; compatible; GPTBot/1.3; +https://openai.com/gptbot)"
74.7.227.140 - - [01/Mar/2026:12:41:35 +0000] "GET /whsy.php?p=%2Fproc%2F25855%2F.. HTTP/2.0" 200 913 "https://www.shakcoin.com.lab2454.com/whsy.php?p=%2Fproc%2F25855" "Mozilla/5.0 AppleWebKit/537.36 (KHTML, like Gecko; compatible; GPTBot/1.3; +https://openai.com/gptbot)"
74.7.243.216 - - [01/Mar/2026:12:41:42 +0000] "GET /whsy.php?e=651e0940edfc5fa2465e80dc132d5229&p=%2Ftmp HTTP/2.0" 200 21062 "https://shakcoin.com/whsy.php?p=%2F%2Ftmp" "Mozilla/5.0 AppleWebKit/537.36 (KHTML, like Gecko; compatible; GPTBot/1.3; +https://openai.com/gptbot)"
74.7.243.216 - - [01/Mar/2026:12:41:54 +0000] "GET /whsy.php?e=bbab9867a722132f2e65013bcca83e83&p=%2Ftmp HTTP/2.0" 200 23819 "https://shakcoin.com/whsy.php?p=%2F%2Ftmp" "Mozilla/5.0 AppleWebKit/537.36 (KHTML, like Gecko; compatible; GPTBot/1.3; +https://openai.com/gptbot)"
74.7.243.216 - - [01/Mar/2026:12:42:13 +0000] "GET /whsy.php?e=3266892f81a187da350908e956f773ed&p=%2Ftmp HTTP/2.0" 200 21063 "https://shakcoin.com/whsy.php?p=%2F%2Ftmp" "Mozilla/5.0 AppleWebKit/537.36 (KHTML, like Gecko; compatible; GPTBot/1.3; +https://openai.com/gptbot)"
74.7.243.216 - - [01/Mar/2026:12:42:28 +0000] "GET /whsy.php?e=fa3b2dcd34639961d88c781a2c323604&p=%2Ftmp HTTP/2.0" 200 24846 "https://shakcoin.com/whsy.php?p=%2F%2Ftmp" "Mozilla/5.0 AppleWebKit/537.36 (KHTML, like Gecko; compatible; GPTBot/1.3; +https://openai.com/gptbot)"
74.7.227.140 - - [01/Mar/2026:12:42:33 +0000] "GET /whsy.php?p=%2Fproc%2F26026%2F.. HTTP/2.0" 200 913 "https://www.shakcoin.com.lab2454.com/whsy.php?p=%2Fproc%2F26026" "Mozilla/5.0 AppleWebKit/537.36 (KHTML, like Gecko; compatible; GPTBot/1.3; +https://openai.com/gptbot)"
