74.7.243.238 - - [01/Mar/2026:15:48:27 +0000] "GET /whsy.php?e=25932&p=%2Fproc HTTP/2.0" 200 3942 "https://23rdbanking.com/whsy.php?p=%2Fproc%2F7825%2F.." "Mozilla/5.0 AppleWebKit/537.36 (KHTML, like Gecko; compatible; GPTBot/1.3; +https://openai.com/gptbot)"
144.76.32.190 - - [01/Mar/2026:15:48:29 +0000] "GET /whsy.php?p=/home/lab2454c/omvstudio.com/public/storage/.. HTTP/1.1" 200 1039 "-" "Mozilla/5.0 (compatible; SERankingBacklinksBot/1.0; +https://seranking.com/backlinks-crawler)"
144.76.32.190 - - [01/Mar/2026:15:48:32 +0000] "GET /whsy.php?p=/home/lab2454c/omvstudio.com/resources/sass/.. HTTP/1.1" 200 790 "-" "Mozilla/5.0 (compatible; SERankingBacklinksBot/1.0; +https://seranking.com/backlinks-crawler)"
74.7.242.43 - - [01/Mar/2026:15:48:34 +0000] "GET /whsy.php?e=exe&p=%2Fproc%2F26554 HTTP/2.0" 200 1936 "https://www.23rdbanking.com.lab2454.com/whsy.php?p=%2Fproc%2F26554" "Mozilla/5.0 AppleWebKit/537.36 (KHTML, like Gecko; compatible; GPTBot/1.3; +https://openai.com/gptbot)"
144.76.32.190 - - [01/Mar/2026:15:48:35 +0000] "GET /whsy.php?p=/home/lab2454c/omvstudio.com/vendor/brick/math HTTP/1.1" 200 796 "-" "Mozilla/5.0 (compatible; SERankingBacklinksBot/1.0; +https://seranking.com/backlinks-crawler)"
74.7.243.238 - - [01/Mar/2026:15:48:36 +0000] "GET /whsy.php?p=%2Fproc%2F27667 HTTP/2.0" 200 1936 "https://23rdbanking.com/whsy.php?p=%2Fproc%2F7825%2F.." "Mozilla/5.0 AppleWebKit/537.36 (KHTML, like Gecko; compatible; GPTBot/1.3; +https://openai.com/gptbot)"
144.76.32.190 - - [01/Mar/2026:15:48:39 +0000] "GET /whsy.php?p=/home/lab2454c/omvstudio.com/vendor/dflydev/.. HTTP/1.1" 200 1218 "-" "Mozilla/5.0 (compatible; SERankingBacklinksBot/1.0; +https://seranking.com/backlinks-crawler)"
144.76.32.190 - - [01/Mar/2026:15:48:42 +0000] "GET /whsy.php?p=/home/lab2454c/omvstudio.com/vendor/egulias/.. HTTP/1.1" 200 1218 "-" "Mozilla/5.0 (compatible; SERankingBacklinksBot/1.0; +https://seranking.com/backlinks-crawler)"
74.7.242.43 - - [01/Mar/2026:15:48:43 +0000] "GET /whsy.php?e=cwd&p=%2Fproc%2F26554 HTTP/2.0" 200 1936 "https://www.23rdbanking.com.lab2454.com/whsy.php?p=%2Fproc%2F26554" "Mozilla/5.0 AppleWebKit/537.36 (KHTML, like Gecko; compatible; GPTBot/1.3; +https://openai.com/gptbot)"
74.7.243.238 - - [01/Mar/2026:15:48:44 +0000] "GET /whsy.php?p=%2Fproc%2F12435 HTTP/2.0" 200 1936 "https://23rdbanking.com/whsy.php?p=%2Fproc%2F7825%2F.." "Mozilla/5.0 AppleWebKit/537.36 (KHTML, like Gecko; compatible; GPTBot/1.3; +https://openai.com/gptbot)"
144.76.32.190 - - [01/Mar/2026:15:48:45 +0000] "GET /whsy.php?p=/home/lab2454c/omvstudio.com/vendor/laravel/.. HTTP/1.1" 200 1218 "-" "Mozilla/5.0 (compatible; SERankingBacklinksBot/1.0; +https://seranking.com/backlinks-crawler)"
144.76.32.190 - - [01/Mar/2026:15:48:48 +0000] "GET /whsy.php?p=/home/lab2454c/omvstudio.com/vendor/laravel/ui HTTP/1.1" 200 822 "-" "Mozilla/5.0 (compatible; SERankingBacklinksBot/1.0; +https://seranking.com/backlinks-crawler)"
74.7.242.43 - - [01/Mar/2026:15:48:51 +0000] "GET /whsy.php?e=stat&p=%2Fproc%2F29457 HTTP/2.0" 200 2129 "https://www.23rdbanking.com.lab2454.com/whsy.php?p=%2Fproc%2F29457" "Mozilla/5.0 AppleWebKit/537.36 (KHTML, like Gecko; compatible; GPTBot/1.3; +https://openai.com/gptbot)"
144.76.32.190 - - [01/Mar/2026:15:48:51 +0000] "GET /whsy.php?p=/home/lab2454c/omvstudio.com/vendor/mockery/.. HTTP/1.1" 200 1218 "-" "Mozilla/5.0 (compatible; SERankingBacklinksBot/1.0; +https://seranking.com/backlinks-crawler)"
74.7.243.238 - - [01/Mar/2026:15:48:52 +0000] "GET /whsy.php?p=%2Fproc%2F25926 HTTP/2.0" 200 863 "https://23rdbanking.com/whsy.php?p=%2Fproc%2F7825%2F.." "Mozilla/5.0 AppleWebKit/537.36 (KHTML, like Gecko; compatible; GPTBot/1.3; +https://openai.com/gptbot)"
144.76.32.190 - - [01/Mar/2026:15:48:54 +0000] "GET /whsy.php?p=/home/lab2454c/omvstudio.com/vendor/monolog/.. HTTP/1.1" 200 1218 "-" "Mozilla/5.0 (compatible; SERankingBacklinksBot/1.0; +https://seranking.com/backlinks-crawler)"
144.76.32.190 - - [01/Mar/2026:15:48:58 +0000] "GET /whsy.php?p=/home/lab2454c/omvstudio.com/vendor/myclabs/.. HTTP/1.1" 200 1218 "-" "Mozilla/5.0 (compatible; SERankingBacklinksBot/1.0; +https://seranking.com/backlinks-crawler)"
74.7.242.43 - - [01/Mar/2026:15:48:59 +0000] "GET /whsy.php?e=stat&p=%2Fproc%2F29456 HTTP/2.0" 200 2128 "https://www.23rdbanking.com.lab2454.com/whsy.php?p=%2Fproc%2F29456" "Mozilla/5.0 AppleWebKit/537.36 (KHTML, like Gecko; compatible; GPTBot/1.3; +https://openai.com/gptbot)"
74.7.230.21 - - [01/Mar/2026:15:48:59 +0000] "GET /robots.txt HTTP/2.0" 404 - "-" "Mozilla/5.0 (Macintosh; Intel Mac OS X 10_15_7) AppleWebKit/537.36 (KHTML, like Gecko) Chrome/131.0.0.0 Safari/537.36; compatible; OAI-SearchBot/1.3; robots.txt; +https://openai.com/searchbot"
74.7.243.238 - - [01/Mar/2026:15:49:00 +0000] "GET /whsy.php?p=%2Fproc%2F21894 HTTP/2.0" 200 1936 "https://23rdbanking.com/whsy.php?p=%2Fproc%2F7825%2F.." "Mozilla/5.0 AppleWebKit/537.36 (KHTML, like Gecko; compatible; GPTBot/1.3; +https://openai.com/gptbot)"
144.76.32.190 - - [01/Mar/2026:15:49:01 +0000] "GET /whsy.php?p=/home/lab2454c/omvstudio.com/vendor/phar-io/.. HTTP/1.1" 200 1218 "-" "Mozilla/5.0 (compatible; SERankingBacklinksBot/1.0; +https://seranking.com/backlinks-crawler)"
144.76.32.190 - - [01/Mar/2026:15:49:04 +0000] "GET /whsy.php?p=/home/lab2454c/omvstudio.com/vendor/phpunit/.. HTTP/1.1" 200 1218 "-" "Mozilla/5.0 (compatible; SERankingBacklinksBot/1.0; +https://seranking.com/backlinks-crawler)"
74.7.242.43 - - [01/Mar/2026:15:49:06 +0000] "GET /whsy.php?e=stat&p=%2Fproc%2F27391 HTTP/2.0" 200 2129 "https://www.23rdbanking.com.lab2454.com/whsy.php?p=%2Fproc%2F27391" "Mozilla/5.0 AppleWebKit/537.36 (KHTML, like Gecko; compatible; GPTBot/1.3; +https://openai.com/gptbot)"
74.7.243.238 - - [01/Mar/2026:15:49:07 +0000] "GET /whsy.php?p=%2Fproc%2F12426 HTTP/2.0" 200 1935 "https://23rdbanking.com/whsy.php?p=%2Fproc%2F7825%2F.." "Mozilla/5.0 AppleWebKit/537.36 (KHTML, like Gecko; compatible; GPTBot/1.3; +https://openai.com/gptbot)"
144.76.32.190 - - [01/Mar/2026:15:49:07 +0000] "GET /whsy.php?p=/home/lab2454c/omvstudio.com/vendor/symfony/.. HTTP/1.1" 200 1218 "-" "Mozilla/5.0 (compatible; SERankingBacklinksBot/1.0; +https://seranking.com/backlinks-crawler)"
144.76.32.190 - - [01/Mar/2026:15:49:11 +0000] "GET /whsy.php?p=/home/lab2454c/omvstudio.com/vendor/theseer/.. HTTP/1.1" 200 1218 "-" "Mozilla/5.0 (compatible; SERankingBacklinksBot/1.0; +https://seranking.com/backlinks-crawler)"
74.7.242.43 - - [01/Mar/2026:15:49:14 +0000] "GET /whsy.php?e=ksm_stat&p=%2Fproc%2F26554 HTTP/2.0" 200 1936 "https://www.23rdbanking.com.lab2454.com/whsy.php?p=%2Fproc%2F26554" "Mozilla/5.0 AppleWebKit/537.36 (KHTML, like Gecko; compatible; GPTBot/1.3; +https://openai.com/gptbot)"
144.76.32.190 - - [01/Mar/2026:15:49:14 +0000] "GET /whsy.php?p=/home/lab2454c/php/.registry/.channel.__uri/.. HTTP/1.1" 200 542 "-" "Mozilla/5.0 (compatible; SERankingBacklinksBot/1.0; +https://seranking.com/backlinks-crawler)"
74.7.243.238 - - [01/Mar/2026:15:49:14 +0000] "GET /whsy.php?p=%2Fproc%2F24589 HTTP/2.0" 200 1936 "https://23rdbanking.com/whsy.php?p=%2Fproc%2F7825%2F.." "Mozilla/5.0 AppleWebKit/537.36 (KHTML, like Gecko; compatible; GPTBot/1.3; +https://openai.com/gptbot)"
144.76.32.190 - - [01/Mar/2026:15:49:17 +0000] "GET /whsy.php?p=/home/lab2454c/public_html/wp-admin/css/colors HTTP/1.1" 200 854 "-" "Mozilla/5.0 (compatible; SERankingBacklinksBot/1.0; +https://seranking.com/backlinks-crawler)"
74.7.242.43 - - [01/Mar/2026:15:49:20 +0000] "GET /whsy.php?e=exe&p=%2Fproc%2F29456 HTTP/2.0" 200 1978 "https://www.23rdbanking.com.lab2454.com/whsy.php?p=%2Fproc%2F29456" "Mozilla/5.0 AppleWebKit/537.36 (KHTML, like Gecko; compatible; GPTBot/1.3; +https://openai.com/gptbot)"
144.76.32.190 - - [01/Mar/2026:15:49:20 +0000] "GET /whsy.php?p=/home/lab2454c/public_html/wp-admin/js/widgets HTTP/1.1" 200 1062 "-" "Mozilla/5.0 (compatible; SERankingBacklinksBot/1.0; +https://seranking.com/backlinks-crawler)"
74.7.243.238 - - [01/Mar/2026:15:49:21 +0000] "GET /whsy.php?p=%2Fproc%2F21300 HTTP/2.0" 200 1936 "https://23rdbanking.com/whsy.php?p=%2Fproc%2F7825%2F.." "Mozilla/5.0 AppleWebKit/537.36 (KHTML, like Gecko; compatible; GPTBot/1.3; +https://openai.com/gptbot)"
144.76.32.190 - - [01/Mar/2026:15:49:23 +0000] "GET /whsy.php?p=/home/lab2454c/public_html/wp-admin/network/.. HTTP/1.1" 200 3495 "-" "Mozilla/5.0 (compatible; SERankingBacklinksBot/1.0; +https://seranking.com/backlinks-crawler)"
74.7.242.43 - - [01/Mar/2026:15:49:26 +0000] "GET /whsy.php?e=exe&p=%2Fproc%2F29457 HTTP/2.0" 200 1978 "https://www.23rdbanking.com.lab2454.com/whsy.php?p=%2Fproc%2F29457" "Mozilla/5.0 AppleWebKit/537.36 (KHTML, like Gecko; compatible; GPTBot/1.3; +https://openai.com/gptbot)"
144.76.32.190 - - [01/Mar/2026:15:49:26 +0000] "GET /whsy.php?p=/home/lab2454c/public_html/wp-includes/Text/.. HTTP/1.1" 200 8614 "-" "Mozilla/5.0 (compatible; SERankingBacklinksBot/1.0; +https://seranking.com/backlinks-crawler)"
74.7.243.238 - - [01/Mar/2026:15:49:27 +0000] "GET /whsy.php?p=%2Fproc%2F29460 HTTP/2.0" 200 1906 "https://23rdbanking.com/whsy.php?p=%2Fproc%2F7825%2F.." "Mozilla/5.0 AppleWebKit/537.36 (KHTML, like Gecko; compatible; GPTBot/1.3; +https://openai.com/gptbot)"
144.76.32.190 - - [01/Mar/2026:15:49:30 +0000] "GET /whsy.php?p=/home/lab2454c/public_html/wp-includes/js/crop HTTP/1.1" 200 811 "-" "Mozilla/5.0 (compatible; SERankingBacklinksBot/1.0; +https://seranking.com/backlinks-crawler)"
74.7.242.43 - - [01/Mar/2026:15:49:33 +0000] "GET /whsy.php?e=exe&p=%2Fproc%2F27391 HTTP/2.0" 200 1936 "https://www.23rdbanking.com.lab2454.com/whsy.php?p=%2Fproc%2F27391" "Mozilla/5.0 AppleWebKit/537.36 (KHTML, like Gecko; compatible; GPTBot/1.3; +https://openai.com/gptbot)"
144.76.32.190 - - [01/Mar/2026:15:49:33 +0000] "GET /whsy.php?p=/home/lab2454c/public_html/wp-includes/js/dist HTTP/1.1" 200 4014 "-" "Mozilla/5.0 (compatible; SERankingBacklinksBot/1.0; +https://seranking.com/backlinks-crawler)"
74.7.243.238 - - [01/Mar/2026:15:49:33 +0000] "GET /whsy.php?p=%2Fproc%2F27260 HTTP/2.0" 200 1936 "https://23rdbanking.com/whsy.php?p=%2Fproc%2F7825%2F.." "Mozilla/5.0 AppleWebKit/537.36 (KHTML, like Gecko; compatible; GPTBot/1.3; +https://openai.com/gptbot)"
144.76.32.190 - - [01/Mar/2026:15:49:36 +0000] "GET /whsy.php?p=/home/lab2454c/public_html/wp-includes/l10n/.. HTTP/1.1" 200 8614 "-" "Mozilla/5.0 (compatible; SERankingBacklinksBot/1.0; +https://seranking.com/backlinks-crawler)"
74.7.242.43 - - [01/Mar/2026:15:49:39 +0000] "GET /whsy.php?e=gid_map&p=%2Fproc%2F25293 HTTP/2.0" 200 2025 "https://www.23rdbanking.com.lab2454.com/whsy.php?p=%2Fproc%2F25293" "Mozilla/5.0 AppleWebKit/537.36 (KHTML, like Gecko; compatible; GPTBot/1.3; +https://openai.com/gptbot)"
144.76.32.190 - - [01/Mar/2026:15:49:39 +0000] "GET /whsy.php?p=/home/lab2454c/public_html/wp-includes/pomo/.. HTTP/1.1" 200 8614 "-" "Mozilla/5.0 (compatible; SERankingBacklinksBot/1.0; +https://seranking.com/backlinks-crawler)"
74.7.243.238 - - [01/Mar/2026:15:49:39 +0000] "GET /whsy.php?p=%2Fproc%2F29451 HTTP/2.0" 200 1906 "https://23rdbanking.com/whsy.php?p=%2Fproc%2F7825%2F.." "Mozilla/5.0 AppleWebKit/537.36 (KHTML, like Gecko; compatible; GPTBot/1.3; +https://openai.com/gptbot)"
144.76.32.190 - - [01/Mar/2026:15:49:42 +0000] "GET /whsy.php?p=/home/lab2454c/sothebankuab.com/wp-admin/js/.. HTTP/1.1" 200 3438 "-" "Mozilla/5.0 (compatible; SERankingBacklinksBot/1.0; +https://seranking.com/backlinks-crawler)"
144.76.32.190 - - [01/Mar/2026:15:49:46 +0000] "GET /whsy.php?e=budget.veritserv.com.bkup&p=/home/lab2454c/logs HTTP/1.1" 200 18638 "-" "Mozilla/5.0 (compatible; SERankingBacklinksBot/1.0; +https://seranking.com/backlinks-crawler)"
74.7.242.43 - - [01/Mar/2026:15:49:47 +0000] "GET /whsy.php?e=gid_map&p=%2Fproc%2F26782 HTTP/2.0" 200 2026 "https://www.23rdbanking.com.lab2454.com/whsy.php?p=%2Fproc%2F26782" "Mozilla/5.0 AppleWebKit/537.36 (KHTML, like Gecko; compatible; GPTBot/1.3; +https://openai.com/gptbot)"
74.7.243.238 - - [01/Mar/2026:15:49:48 +0000] "GET /whsy.php?p=%2Fproc%2F28999 HTTP/2.0" 200 863 "https://23rdbanking.com/whsy.php?e=25932&p=%2Fproc" "Mozilla/5.0 AppleWebKit/537.36 (KHTML, like Gecko; compatible; GPTBot/1.3; +https://openai.com/gptbot)"
144.76.32.190 - - [01/Mar/2026:15:49:49 +0000] "GET /whsy.php?e=de.png&p=/home/lab2454c/tripvare.com/public/img HTTP/1.1" 200 2341 "-" "Mozilla/5.0 (compatible; SERankingBacklinksBot/1.0; +https://seranking.com/backlinks-crawler)"
144.76.32.190 - - [01/Mar/2026:15:49:52 +0000] "GET /whsy.php?e=remote_iplist_sync_point.json&p=/var/imunify360 HTTP/1.1" 200 1231 "-" "Mozilla/5.0 (compatible; SERankingBacklinksBot/1.0; +https://seranking.com/backlinks-crawler)"
144.76.32.190 - - [01/Mar/2026:15:49:55 +0000] "GET /whsy.php?e=.htaccess&p=/home/lab2454c/.trash/assets/errors HTTP/1.1" 200 805 "-" "Mozilla/5.0 (compatible; SERankingBacklinksBot/1.0; +https://seranking.com/backlinks-crawler)"
74.7.242.43 - - [01/Mar/2026:15:49:56 +0000] "GET /whsy.php?e=uid_map&p=%2Fproc%2F26782 HTTP/2.0" 200 2023 "https://www.23rdbanking.com.lab2454.com/whsy.php?p=%2Fproc%2F26782" "Mozilla/5.0 AppleWebKit/537.36 (KHTML, like Gecko; compatible; GPTBot/1.3; +https://openai.com/gptbot)"
74.7.243.238 - - [01/Mar/2026:15:49:56 +0000] "GET /whsy.php?e=setgroups&p=%2Fproc%2F27667 HTTP/2.0" 200 2008 "https://23rdbanking.com/whsy.php?p=%2Fproc%2F27667" "Mozilla/5.0 AppleWebKit/537.36 (KHTML, like Gecko; compatible; GPTBot/1.3; +https://openai.com/gptbot)"
144.76.32.190 - - [01/Mar/2026:15:49:58 +0000] "GET /whsy.php?e=info&p=/home/lab2454c/etc/incforce.com/@pwcache HTTP/1.1" 200 966 "-" "Mozilla/5.0 (compatible; SERankingBacklinksBot/1.0; +https://seranking.com/backlinks-crawler)"
144.76.32.190 - - [01/Mar/2026:15:50:02 +0000] "GET /whsy.php?p=/home/lab2454c/spaxtac.com/wp-admin/includes/.. HTTP/1.1" 200 3494 "-" "Mozilla/5.0 (compatible; SERankingBacklinksBot/1.0; +https://seranking.com/backlinks-crawler)"
74.7.242.43 - - [01/Mar/2026:15:50:03 +0000] "GET /whsy.php?e=oom_adj&p=%2Fproc%2F25293 HTTP/2.0" 200 2006 "https://www.23rdbanking.com.lab2454.com/whsy.php?p=%2Fproc%2F25293" "Mozilla/5.0 AppleWebKit/537.36 (KHTML, like Gecko; compatible; GPTBot/1.3; +https://openai.com/gptbot)"
74.7.243.238 - - [01/Mar/2026:15:50:04 +0000] "GET /whsy.php?p=%2Fproc%2F12435%2Fnet HTTP/2.0" 200 2441 "https://23rdbanking.com/whsy.php?p=%2Fproc%2F12435" "Mozilla/5.0 AppleWebKit/537.36 (KHTML, like Gecko; compatible; GPTBot/1.3; +https://openai.com/gptbot)"
144.76.32.190 - - [01/Mar/2026:15:50:06 +0000] "GET /whsy.php?e=xfn.js&p=/home/lab2454c/adenbic.com/wp-admin/js HTTP/1.1" 200 3750 "-" "Mozilla/5.0 (compatible; SERankingBacklinksBot/1.0; +https://seranking.com/backlinks-crawler)"
144.76.32.190 - - [01/Mar/2026:15:50:09 +0000] "GET /whsy.php?e=carbon&p=/home/lab2454c/bancmils.com/vendor/bin HTTP/1.1" 200 1483 "-" "Mozilla/5.0 (compatible; SERankingBacklinksBot/1.0; +https://seranking.com/backlinks-crawler)"
74.7.242.43 - - [01/Mar/2026:15:50:11 +0000] "GET /whsy.php?e=oom_adj&p=%2Fproc%2F26782 HTTP/2.0" 200 2006 "https://www.23rdbanking.com.lab2454.com/whsy.php?p=%2Fproc%2F26782" "Mozilla/5.0 AppleWebKit/537.36 (KHTML, like Gecko; compatible; GPTBot/1.3; +https://openai.com/gptbot)"
74.7.243.238 - - [01/Mar/2026:15:50:11 +0000] "GET /whsy.php?e=mountinfo&p=%2Fproc%2F27667 HTTP/2.0" 200 2988 "https://23rdbanking.com/whsy.php?p=%2Fproc%2F27667" "Mozilla/5.0 AppleWebKit/537.36 (KHTML, like Gecko; compatible; GPTBot/1.3; +https://openai.com/gptbot)"
144.76.32.190 - - [01/Mar/2026:15:50:12 +0000] "GET /whsy.php?e=dropdown.php&p=/home/lab2454c/mail/.Archive/cur HTTP/1.1" 200 1589 "-" "Mozilla/5.0 (compatible; SERankingBacklinksBot/1.0; +https://seranking.com/backlinks-crawler)"
144.76.32.190 - - [01/Mar/2026:15:50:15 +0000] "GET /whsy.php?e=restartsrv_bitninja-reliable-auto-update&p=/run HTTP/1.1" 200 3694 "-" "Mozilla/5.0 (compatible; SERankingBacklinksBot/1.0; +https://seranking.com/backlinks-crawler)"
74.7.242.43 - - [01/Mar/2026:15:50:17 +0000] "GET /whsy.php?e=uid_map&p=%2Fproc%2F25293 HTTP/2.0" 200 2022 "https://www.23rdbanking.com.lab2454.com/whsy.php?p=%2Fproc%2F25293" "Mozilla/5.0 AppleWebKit/537.36 (KHTML, like Gecko; compatible; GPTBot/1.3; +https://openai.com/gptbot)"
74.7.243.238 - - [01/Mar/2026:15:50:18 +0000] "GET /whsy.php?e=smaps&p=%2Fproc%2F21894 HTTP/2.0" 200 2007 "https://23rdbanking.com/whsy.php?p=%2Fproc%2F21894" "Mozilla/5.0 AppleWebKit/537.36 (KHTML, like Gecko; compatible; GPTBot/1.3; +https://openai.com/gptbot)"
144.76.32.190 - - [01/Mar/2026:15:50:18 +0000] "GET /whsy.php?e=.htaccess&p=/home/lab2454c/.trash/assets/global HTTP/1.1" 200 806 "-" "Mozilla/5.0 (compatible; SERankingBacklinksBot/1.0; +https://seranking.com/backlinks-crawler)"
144.76.32.190 - - [01/Mar/2026:15:50:22 +0000] "GET /whsy.php?e=info&p=/home/lab2454c/etc/netxzero.com/@pwcache HTTP/1.1" 200 942 "-" "Mozilla/5.0 (compatible; SERankingBacklinksBot/1.0; +https://seranking.com/backlinks-crawler)"
144.76.32.190 - - [01/Mar/2026:15:50:25 +0000] "GET /whsy.php?p=/home/lab2454c/spaxtac.com/wp-content/themes/.. HTTP/1.1" 200 903 "-" "Mozilla/5.0 (compatible; SERankingBacklinksBot/1.0; +https://seranking.com/backlinks-crawler)"
74.7.242.43 - - [01/Mar/2026:15:50:25 +0000] "GET /whsy.php?e=oom_adj&p=%2Fproc%2F26554 HTTP/2.0" 200 2006 "https://www.23rdbanking.com.lab2454.com/whsy.php?p=%2Fproc%2F26554" "Mozilla/5.0 AppleWebKit/537.36 (KHTML, like Gecko; compatible; GPTBot/1.3; +https://openai.com/gptbot)"
74.7.243.238 - - [01/Mar/2026:15:50:27 +0000] "GET /whsy.php?e=mountinfo&p=%2Fproc%2F12426 HTTP/2.0" 200 863 "https://23rdbanking.com/whsy.php?p=%2Fproc%2F12426" "Mozilla/5.0 AppleWebKit/537.36 (KHTML, like Gecko; compatible; GPTBot/1.3; +https://openai.com/gptbot)"
144.76.32.190 - - [01/Mar/2026:15:50:28 +0000] "GET /whsy.php?e=xfn.js&p=/home/lab2454c/dansact.com/wp-admin/js HTTP/1.1" 200 3748 "-" "Mozilla/5.0 (compatible; SERankingBacklinksBot/1.0; +https://seranking.com/backlinks-crawler)"
144.76.32.190 - - [01/Mar/2026:15:50:31 +0000] "GET /whsy.php?e=carbon&p=/home/lab2454c/costbloc.com/vendor/bin HTTP/1.1" 200 2186 "-" "Mozilla/5.0 (compatible; SERankingBacklinksBot/1.0; +https://seranking.com/backlinks-crawler)"
74.7.242.43 - - [01/Mar/2026:15:50:33 +0000] "GET /whsy.php?e=cmdline&p=%2Fproc%2F26554 HTTP/2.0" 200 2024 "https://www.23rdbanking.com.lab2454.com/whsy.php?p=%2Fproc%2F26554" "Mozilla/5.0 AppleWebKit/537.36 (KHTML, like Gecko; compatible; GPTBot/1.3; +https://openai.com/gptbot)"
74.7.243.238 - - [01/Mar/2026:15:50:34 +0000] "GET /whsy.php?e=mountinfo&p=%2Fproc%2F12435 HTTP/2.0" 200 2988 "https://23rdbanking.com/whsy.php?p=%2Fproc%2F12435" "Mozilla/5.0 AppleWebKit/537.36 (KHTML, like Gecko; compatible; GPTBot/1.3; +https://openai.com/gptbot)"
144.76.32.190 - - [01/Mar/2026:15:50:34 +0000] "GET /whsy.php?e=es.png&p=/home/lab2454c/tripvare.com/public/img HTTP/1.1" 200 2342 "-" "Mozilla/5.0 (compatible; SERankingBacklinksBot/1.0; +https://seranking.com/backlinks-crawler)"
144.76.32.190 - - [01/Mar/2026:15:50:38 +0000] "GET /whsy.php?e=tags.js&p=/home/lab2454c/biocei.com/wp-admin/js HTTP/1.1" 200 5764 "-" "Mozilla/5.0 (compatible; SERankingBacklinksBot/1.0; +https://seranking.com/backlinks-crawler)"
144.76.32.190 - - [01/Mar/2026:15:50:41 +0000] "GET /whsy.php?e=.htaccess&p=/home/lab2454c/.trash/assets/images HTTP/1.1" 200 805 "-" "Mozilla/5.0 (compatible; SERankingBacklinksBot/1.0; +https://seranking.com/backlinks-crawler)"
74.7.242.43 - - [01/Mar/2026:15:50:41 +0000] "GET /whsy.php?e=sessionid&p=%2Fproc%2F26782 HTTP/2.0" 200 2016 "https://www.23rdbanking.com.lab2454.com/whsy.php?p=%2Fproc%2F26782" "Mozilla/5.0 AppleWebKit/537.36 (KHTML, like Gecko; compatible; GPTBot/1.3; +https://openai.com/gptbot)"
74.7.243.238 - - [01/Mar/2026:15:50:43 +0000] "GET /whsy.php?e=ksm_merging_pages&p=%2Fproc%2F21300 HTTP/2.0" 200 1936 "https://23rdbanking.com/whsy.php?p=%2Fproc%2F21300" "Mozilla/5.0 AppleWebKit/537.36 (KHTML, like Gecko; compatible; GPTBot/1.3; +https://openai.com/gptbot)"
144.76.32.190 - - [01/Mar/2026:15:50:44 +0000] "GET /whsy.php?e=input.php&p=/home/lab2454c/etc/adenbic.com/info HTTP/1.1" 200 1586 "-" "Mozilla/5.0 (compatible; SERankingBacklinksBot/1.0; +https://seranking.com/backlinks-crawler)"
144.76.32.190 - - [01/Mar/2026:15:50:47 +0000] "GET /whsy.php?p=/home/lab2454c/spaxtac.com/wp-includes/css/dist HTTP/1.1" 200 707 "-" "Mozilla/5.0 (compatible; SERankingBacklinksBot/1.0; +https://seranking.com/backlinks-crawler)"
144.76.32.190 - - [01/Mar/2026:15:50:50 +0000] "GET /whsy.php?e=xfn.js&p=/home/lab2454c/datmont.com/wp-admin/js HTTP/1.1" 200 3747 "-" "Mozilla/5.0 (compatible; SERankingBacklinksBot/1.0; +https://seranking.com/backlinks-crawler)"
74.7.243.238 - - [01/Mar/2026:15:50:53 +0000] "GET /whsy.php?e=setgroups&p=%2Fproc%2F29460 HTTP/2.0" 200 1981 "https://23rdbanking.com/whsy.php?p=%2Fproc%2F29460" "Mozilla/5.0 AppleWebKit/537.36 (KHTML, like Gecko; compatible; GPTBot/1.3; +https://openai.com/gptbot)"
144.76.32.190 - - [01/Mar/2026:15:50:54 +0000] "GET /whsy.php?e=carbon&p=/home/lab2454c/tripvare.com/vendor/bin HTTP/1.1" 200 1103 "-" "Mozilla/5.0 (compatible; SERankingBacklinksBot/1.0; +https://seranking.com/backlinks-crawler)"
74.7.242.43 - - [01/Mar/2026:15:50:52 +0000] "GET /whsy.php?e=setgroups&p=%2Fproc%2F25293 HTTP/2.0" 200 2007 "https://www.23rdbanking.com.lab2454.com/whsy.php?p=%2Fproc%2F25293" "Mozilla/5.0 AppleWebKit/537.36 (KHTML, like Gecko; compatible; GPTBot/1.3; +https://openai.com/gptbot)"
144.76.32.190 - - [01/Mar/2026:15:50:57 +0000] "GET /whsy.php?e=fr.png&p=/home/lab2454c/tripvare.com/public/img HTTP/1.1" 200 2344 "-" "Mozilla/5.0 (compatible; SERankingBacklinksBot/1.0; +https://seranking.com/backlinks-crawler)"
144.76.32.190 - - [01/Mar/2026:15:51:00 +0000] "GET /whsy.php?e=tags.js&p=/home/lab2454c/fcxpro.com/wp-admin/js HTTP/1.1" 200 5096 "-" "Mozilla/5.0 (compatible; SERankingBacklinksBot/1.0; +https://seranking.com/backlinks-crawler)"
144.76.32.190 - - [01/Mar/2026:15:51:03 +0000] "GET /whsy.php?e=.htaccess&p=/home/lab2454c/.trash/public/vendor HTTP/1.1" 200 806 "-" "Mozilla/5.0 (compatible; SERankingBacklinksBot/1.0; +https://seranking.com/backlinks-crawler)"
144.76.32.190 - - [01/Mar/2026:15:51:07 +0000] "GET /whsy.php?e=link.js&p=/home/lab2454c/biocei.com/wp-admin/js HTTP/1.1" 200 5070 "-" "Mozilla/5.0 (compatible; SERankingBacklinksBot/1.0; +https://seranking.com/backlinks-crawler)"
74.7.242.43 - - [01/Mar/2026:15:51:07 +0000] "GET /whsy.php?e=sessionid&p=%2Fproc%2F25293 HTTP/2.0" 200 2016 "https://www.23rdbanking.com.lab2454.com/whsy.php?p=%2Fproc%2F25293" "Mozilla/5.0 AppleWebKit/537.36 (KHTML, like Gecko; compatible; GPTBot/1.3; +https://openai.com/gptbot)"
74.7.243.238 - - [01/Mar/2026:15:51:08 +0000] "GET /whsy.php?e=mountinfo&p=%2Fproc%2F27260 HTTP/2.0" 200 2987 "https://23rdbanking.com/whsy.php?p=%2Fproc%2F27260" "Mozilla/5.0 AppleWebKit/537.36 (KHTML, like Gecko; compatible; GPTBot/1.3; +https://openai.com/gptbot)"
144.76.32.190 - - [01/Mar/2026:15:51:10 +0000] "GET /whsy.php?p=/home/lab2454c/spaxtac.com/wp-includes/fonts/.. HTTP/1.1" 200 8398 "-" "Mozilla/5.0 (compatible; SERankingBacklinksBot/1.0; +https://seranking.com/backlinks-crawler)"
144.76.32.190 - - [01/Mar/2026:15:51:13 +0000] "GET /whsy.php?e=xfn.js&p=/home/lab2454c/gemiton.com/wp-admin/js HTTP/1.1" 200 3749 "-" "Mozilla/5.0 (compatible; SERankingBacklinksBot/1.0; +https://seranking.com/backlinks-crawler)"
144.76.32.190 - - [01/Mar/2026:15:51:16 +0000] "GET /whsy.php?e=core.js&p=/home/lab2454c/tripvare.com/public/js HTTP/1.1" 200 2966 "-" "Mozilla/5.0 (compatible; SERankingBacklinksBot/1.0; +https://seranking.com/backlinks-crawler)"
74.7.242.43 - - [01/Mar/2026:15:51:17 +0000] "GET /whsy.php?e=setgroups&p=%2Fproc%2F26782 HTTP/2.0" 200 2007 "https://www.23rdbanking.com.lab2454.com/whsy.php?p=%2Fproc%2F26782" "Mozilla/5.0 AppleWebKit/537.36 (KHTML, like Gecko; compatible; GPTBot/1.3; +https://openai.com/gptbot)"
74.7.243.238 - - [01/Mar/2026:15:51:19 +0000] "GET /whsy.php?e=mountinfo&p=%2Fproc%2F24589 HTTP/2.0" 200 2987 "https://23rdbanking.com/whsy.php?p=%2Fproc%2F24589" "Mozilla/5.0 AppleWebKit/537.36 (KHTML, like Gecko; compatible; GPTBot/1.3; +https://openai.com/gptbot)"
144.76.32.190 - - [01/Mar/2026:15:51:19 +0000] "GET /whsy.php?e=tags.js&p=/home/lab2454c/mact34.com/wp-admin/js HTTP/1.1" 200 5226 "-" "Mozilla/5.0 (compatible; SERankingBacklinksBot/1.0; +https://seranking.com/backlinks-crawler)"
144.76.32.190 - - [01/Mar/2026:15:51:23 +0000] "GET /whsy.php?e=Cart.php&p=/home/lab2454c/costbloc.com/app/Cart HTTP/1.1" 200 4181 "-" "Mozilla/5.0 (compatible; SERankingBacklinksBot/1.0; +https://seranking.com/backlinks-crawler)"
144.76.32.190 - - [01/Mar/2026:15:51:26 +0000] "GET /whsy.php?e=link.js&p=/home/lab2454c/fcxpro.com/wp-admin/js HTTP/1.1" 200 4866 "-" "Mozilla/5.0 (compatible; SERankingBacklinksBot/1.0; +https://seranking.com/backlinks-crawler)"
74.7.242.43 - - [01/Mar/2026:15:51:27 +0000] "GET /whsy.php?e=ksm_stat&p=%2Fproc%2F29457 HTTP/2.0" 200 2012 "https://www.23rdbanking.com.lab2454.com/whsy.php?p=%2Fproc%2F29457" "Mozilla/5.0 AppleWebKit/537.36 (KHTML, like Gecko; compatible; GPTBot/1.3; +https://openai.com/gptbot)"
74.7.243.238 - - [01/Mar/2026:15:51:28 +0000] "GET /whsy.php?e=mountinfo&p=%2Fproc%2F29451 HTTP/2.0" 200 2948 "https://23rdbanking.com/whsy.php?p=%2Fproc%2F29451" "Mozilla/5.0 AppleWebKit/537.36 (KHTML, like Gecko; compatible; GPTBot/1.3; +https://openai.com/gptbot)"
144.76.32.190 - - [01/Mar/2026:15:51:29 +0000] "GET /whsy.php?p=/home/lab2454c/spaxtac.com/wp-includes/js/jcrop HTTP/1.1" 200 772 "-" "Mozilla/5.0 (compatible; SERankingBacklinksBot/1.0; +https://seranking.com/backlinks-crawler)"
144.76.32.190 - - [01/Mar/2026:15:51:32 +0000] "GET /whsy.php?e=xfn.js&p=/home/lab2454c/public_html/wp-admin/js HTTP/1.1" 200 3747 "-" "Mozilla/5.0 (compatible; SERankingBacklinksBot/1.0; +https://seranking.com/backlinks-crawler)"
74.7.242.43 - - [01/Mar/2026:15:51:35 +0000] "GET /whsy.php?e=ksm_stat&p=%2Fproc%2F29456 HTTP/2.0" 200 2012 "https://www.23rdbanking.com.lab2454.com/whsy.php?p=%2Fproc%2F29456" "Mozilla/5.0 AppleWebKit/537.36 (KHTML, like Gecko; compatible; GPTBot/1.3; +https://openai.com/gptbot)"
74.7.243.238 - - [01/Mar/2026:15:51:35 +0000] "GET /whsy.php?e=mountinfo&p=%2Fproc%2F29460 HTTP/2.0" 200 2947 "https://23rdbanking.com/whsy.php?p=%2Fproc%2F29460" "Mozilla/5.0 AppleWebKit/537.36 (KHTML, like Gecko; compatible; GPTBot/1.3; +https://openai.com/gptbot)"
144.76.32.190 - - [01/Mar/2026:15:51:35 +0000] "GET /whsy.php?e=theme.js&p=/home/lab2454c/cbcei.com/wp-admin/js HTTP/1.1" 200 17706 "-" "Mozilla/5.0 (compatible; SERankingBacklinksBot/1.0; +https://seranking.com/backlinks-crawler)"
144.76.32.190 - - [01/Mar/2026:15:51:39 +0000] "GET /whsy.php?e=Event.php&p=/home/lab2454c/aficb.com/app/Models HTTP/1.1" 200 1819 "-" "Mozilla/5.0 (compatible; SERankingBacklinksBot/1.0; +https://seranking.com/backlinks-crawler)"
144.76.32.190 - - [01/Mar/2026:15:51:42 +0000] "GET /whsy.php?e=link.js&p=/home/lab2454c/mact34.com/wp-admin/js HTTP/1.1" 200 5003 "-" "Mozilla/5.0 (compatible; SERankingBacklinksBot/1.0; +https://seranking.com/backlinks-crawler)"
74.7.242.43 - - [01/Mar/2026:15:51:43 +0000] "GET /whsy.php?e=ksm_stat&p=%2Fproc%2F27391 HTTP/2.0" 200 1936 "https://www.23rdbanking.com.lab2454.com/whsy.php?p=%2Fproc%2F27391" "Mozilla/5.0 AppleWebKit/537.36 (KHTML, like Gecko; compatible; GPTBot/1.3; +https://openai.com/gptbot)"
74.7.243.238 - - [01/Mar/2026:15:51:44 +0000] "GET /whsy.php?e=mountinfo&p=%2Fproc%2F21894 HTTP/2.0" 200 863 "https://23rdbanking.com/whsy.php?p=%2Fproc%2F21894" "Mozilla/5.0 AppleWebKit/537.36 (KHTML, like Gecko; compatible; GPTBot/1.3; +https://openai.com/gptbot)"
144.76.32.190 - - [01/Mar/2026:15:51:45 +0000] "GET /whsy.php?p=/home/lab2454c/sportsnovate.com/backups/core/.. HTTP/1.1" 200 971 "-" "Mozilla/5.0 (compatible; SERankingBacklinksBot/1.0; +https://seranking.com/backlinks-crawler)"
144.76.32.190 - - [01/Mar/2026:15:51:48 +0000] "GET /whsy.php?e=xfn.js&p=/home/lab2454c/spaxtac.com/wp-admin/js HTTP/1.1" 200 3748 "-" "Mozilla/5.0 (compatible; SERankingBacklinksBot/1.0; +https://seranking.com/backlinks-crawler)"
144.76.32.190 - - [01/Mar/2026:15:51:51 +0000] "GET /whsy.php?e=theme.js&p=/home/lab2454c/igpma.com/wp-admin/js HTTP/1.1" 200 17745 "-" "Mozilla/5.0 (compatible; SERankingBacklinksBot/1.0; +https://seranking.com/backlinks-crawler)"
74.7.242.43 - - [01/Mar/2026:15:51:52 +0000] "GET /whsy.php?e=timerslack_ns&p=%2Fproc%2F25293 HTTP/2.0" 200 2007 "https://www.23rdbanking.com.lab2454.com/whsy.php?p=%2Fproc%2F25293" "Mozilla/5.0 AppleWebKit/537.36 (KHTML, like Gecko; compatible; GPTBot/1.3; +https://openai.com/gptbot)"
74.7.243.238 - - [01/Mar/2026:15:51:53 +0000] "GET /whsy.php?e=mountinfo&p=%2Fproc%2F21300 HTTP/2.0" 200 2986 "https://23rdbanking.com/whsy.php?p=%2Fproc%2F21300" "Mozilla/5.0 AppleWebKit/537.36 (KHTML, like Gecko; compatible; GPTBot/1.3; +https://openai.com/gptbot)"
144.76.32.190 - - [01/Mar/2026:15:51:55 +0000] "GET /whsy.php?e=auth.php&p=/home/lab2454c/omvstudio.com/lang/en HTTP/1.1" 200 1200 "-" "Mozilla/5.0 (compatible; SERankingBacklinksBot/1.0; +https://seranking.com/backlinks-crawler)"
144.76.32.190 - - [01/Mar/2026:15:51:58 +0000] "GET /whsy.php?e=media.js&p=/home/lab2454c/cbcei.com/wp-admin/js HTTP/1.1" 200 5658 "-" "Mozilla/5.0 (compatible; SERankingBacklinksBot/1.0; +https://seranking.com/backlinks-crawler)"
144.76.32.190 - - [01/Mar/2026:15:52:01 +0000] "GET /whsy.php?p=/home/lab2454c/tmp/analog/crypto.keyreum.com/.. HTTP/1.1" 200 3809 "-" "Mozilla/5.0 (compatible; SERankingBacklinksBot/1.0; +https://seranking.com/backlinks-crawler)"
74.7.242.43 - - [01/Mar/2026:15:52:03 +0000] "GET /whsy.php?e=timerslack_ns&p=%2Fproc%2F26782 HTTP/2.0" 200 2008 "https://www.23rdbanking.com.lab2454.com/whsy.php?p=%2Fproc%2F26782" "Mozilla/5.0 AppleWebKit/537.36 (KHTML, like Gecko; compatible; GPTBot/1.3; +https://openai.com/gptbot)"
74.7.243.238 - - [01/Mar/2026:15:52:04 +0000] "GET /whsy.php?e=stack&p=%2Fproc%2F29451 HTTP/2.0" 200 1979 "https://23rdbanking.com/whsy.php?p=%2Fproc%2F29451" "Mozilla/5.0 AppleWebKit/537.36 (KHTML, like Gecko; compatible; GPTBot/1.3; +https://openai.com/gptbot)"
144.76.32.190 - - [01/Mar/2026:15:52:04 +0000] "GET /whsy.php?p=/home/lab2454c/.cpanel/ea-php-cli/biocei.com/.. HTTP/1.1" 200 1020 "-" "Mozilla/5.0 (compatible; SERankingBacklinksBot/1.0; +https://seranking.com/backlinks-crawler)"
144.76.32.190 - - [01/Mar/2026:15:52:08 +0000] "GET /whsy.php?e=theme.js&p=/home/lab2454c/nfsin.com/wp-admin/js HTTP/1.1" 200 17808 "-" "Mozilla/5.0 (compatible; SERankingBacklinksBot/1.0; +https://seranking.com/backlinks-crawler)"
144.76.32.190 - - [01/Mar/2026:15:52:11 +0000] "GET /whsy.php?e=media.js&p=/home/lab2454c/igpma.com/wp-admin/js HTTP/1.1" 200 5689 "-" "Mozilla/5.0 (compatible; SERankingBacklinksBot/1.0; +https://seranking.com/backlinks-crawler)"
74.7.242.43 - - [01/Mar/2026:15:52:12 +0000] "GET /whsy.php?e=oom_score_adj&p=%2Fproc%2F26554 HTTP/2.0" 200 2008 "https://www.23rdbanking.com.lab2454.com/whsy.php?p=%2Fproc%2F26554" "Mozilla/5.0 AppleWebKit/537.36 (KHTML, like Gecko; compatible; GPTBot/1.3; +https://openai.com/gptbot)"
74.7.243.238 - - [01/Mar/2026:15:52:12 +0000] "GET /whsy.php?e=stack&p=%2Fproc%2F24589 HTTP/2.0" 200 1936 "https://23rdbanking.com/whsy.php?p=%2Fproc%2F24589" "Mozilla/5.0 AppleWebKit/537.36 (KHTML, like Gecko; compatible; GPTBot/1.3; +https://openai.com/gptbot)"
144.76.32.190 - - [01/Mar/2026:15:52:14 +0000] "GET /whsy.php?p=/home/lab2454c/tmp/analog/sports.keyreum.com/.. HTTP/1.1" 200 3809 "-" "Mozilla/5.0 (compatible; SERankingBacklinksBot/1.0; +https://seranking.com/backlinks-crawler)"
144.76.32.190 - - [01/Mar/2026:15:52:17 +0000] "GET /whsy.php?p=/home/lab2454c/.cpanel/ea-php-cli/fcxpro.com/.. HTTP/1.1" 200 1020 "-" "Mozilla/5.0 (compatible; SERankingBacklinksBot/1.0; +https://seranking.com/backlinks-crawler)"
144.76.32.190 - - [01/Mar/2026:15:52:20 +0000] "GET /whsy.php?e=media.js&p=/home/lab2454c/nfsin.com/wp-admin/js HTTP/1.1" 200 5777 "-" "Mozilla/5.0 (compatible; SERankingBacklinksBot/1.0; +https://seranking.com/backlinks-crawler)"
74.7.242.43 - - [01/Mar/2026:15:52:23 +0000] "GET /whsy.php?e=root&p=%2Fproc%2F27391 HTTP/2.0" 200 1936 "https://www.23rdbanking.com.lab2454.com/whsy.php?p=%2Fproc%2F27391" "Mozilla/5.0 AppleWebKit/537.36 (KHTML, like Gecko; compatible; GPTBot/1.3; +https://openai.com/gptbot)"
74.7.243.238 - - [01/Mar/2026:15:52:23 +0000] "GET /whsy.php?e=stack&p=%2Fproc%2F29460 HTTP/2.0" 200 1978 "https://23rdbanking.com/whsy.php?p=%2Fproc%2F29460" "Mozilla/5.0 AppleWebKit/537.36 (KHTML, like Gecko; compatible; GPTBot/1.3; +https://openai.com/gptbot)"
144.76.32.190 - - [01/Mar/2026:15:52:24 +0000] "GET /whsy.php?p=/home/lab2454c/tmp/analog/ssl/sow.veritserv.com HTTP/1.1" 200 1146 "-" "Mozilla/5.0 (compatible; SERankingBacklinksBot/1.0; +https://seranking.com/backlinks-crawler)"
144.76.32.190 - - [01/Mar/2026:15:52:27 +0000] "GET /whsy.php?p=/home/lab2454c/.cpanel/ea-php-cli/mact34.com/.. HTTP/1.1" 200 1020 "-" "Mozilla/5.0 (compatible; SERankingBacklinksBot/1.0; +https://seranking.com/backlinks-crawler)"
144.76.32.190 - - [01/Mar/2026:15:52:30 +0000] "GET /whsy.php?e=nl.png&p=/home/lab2454c/tripvare.com/public/img HTTP/1.1" 200 2340 "-" "Mozilla/5.0 (compatible; SERankingBacklinksBot/1.0; +https://seranking.com/backlinks-crawler)"
74.7.242.43 - - [01/Mar/2026:15:52:33 +0000] "GET /whsy.php?e=stat&p=%2Fproc%2F26782 HTTP/2.0" 200 2134 "https://www.23rdbanking.com.lab2454.com/whsy.php?p=%2Fproc%2F26782" "Mozilla/5.0 AppleWebKit/537.36 (KHTML, like Gecko; compatible; GPTBot/1.3; +https://openai.com/gptbot)"
74.7.243.238 - - [01/Mar/2026:15:52:33 +0000] "GET /whsy.php?e=statm&p=%2Fproc%2F21894 HTTP/2.0" 200 863 "https://23rdbanking.com/whsy.php?p=%2Fproc%2F21894" "Mozilla/5.0 AppleWebKit/537.36 (KHTML, like Gecko; compatible; GPTBot/1.3; +https://openai.com/gptbot)"
144.76.32.190 - - [01/Mar/2026:15:52:33 +0000] "GET /whsy.php?p=/home/lab2454c/tmp/webalizer/kyc.datmont.com/.. HTTP/1.1" 200 9183 "-" "Mozilla/5.0 (compatible; SERankingBacklinksBot/1.0; +https://seranking.com/backlinks-crawler)"
144.76.32.190 - - [01/Mar/2026:15:52:37 +0000] "GET /whsy.php?p=/home/lab2454c/adenbic.com/wp-admin/includes/.. HTTP/1.1" 200 3494 "-" "Mozilla/5.0 (compatible; SERankingBacklinksBot/1.0; +https://seranking.com/backlinks-crawler)"
144.76.32.190 - - [01/Mar/2026:15:52:40 +0000] "GET /whsy.php?e=php-parse&p=/home/lab2454c/aficb.com/vendor/bin HTTP/1.1" 200 1451 "-" "Mozilla/5.0 (compatible; SERankingBacklinksBot/1.0; +https://seranking.com/backlinks-crawler)"
144.76.32.190 - - [01/Mar/2026:15:52:43 +0000] "GET /whsy.php?p=/home/lab2454c/tripvare.com/app/Http/Middleware HTTP/1.1" 200 1035 "-" "Mozilla/5.0 (compatible; SERankingBacklinksBot/1.0; +https://seranking.com/backlinks-crawler)"
74.7.242.43 - - [01/Mar/2026:15:52:44 +0000] "GET /whsy.php?e=stat&p=%2Fproc%2F25293 HTTP/2.0" 200 2132 "https://www.23rdbanking.com.lab2454.com/whsy.php?p=%2Fproc%2F25293" "Mozilla/5.0 AppleWebKit/537.36 (KHTML, like Gecko; compatible; GPTBot/1.3; +https://openai.com/gptbot)"
74.7.243.238 - - [01/Mar/2026:15:52:44 +0000] "GET /whsy.php?e=statm&p=%2Fproc%2F12435 HTTP/2.0" 200 2008 "https://23rdbanking.com/whsy.php?p=%2Fproc%2F12435" "Mozilla/5.0 AppleWebKit/537.36 (KHTML, like Gecko; compatible; GPTBot/1.3; +https://openai.com/gptbot)"
144.76.32.190 - - [01/Mar/2026:15:52:46 +0000] "GET /whsy.php?p=/home/lab2454c/adenbic.com/wp-content/themes/.. HTTP/1.1" 200 897 "-" "Mozilla/5.0 (compatible; SERankingBacklinksBot/1.0; +https://seranking.com/backlinks-crawler)"
144.76.32.190 - - [01/Mar/2026:15:52:50 +0000] "GET /whsy.php?e=post.js&p=/home/lab2454c/biocei.com/wp-admin/js HTTP/1.1" 200 15360 "-" "Mozilla/5.0 (compatible; SERankingBacklinksBot/1.0; +https://seranking.com/backlinks-crawler)"
74.7.242.43 - - [01/Mar/2026:15:52:52 +0000] "GET /whsy.php?e=personality&p=%2Fproc%2F26554 HTTP/2.0" 200 1936 "https://www.23rdbanking.com.lab2454.com/whsy.php?p=%2Fproc%2F26554" "Mozilla/5.0 AppleWebKit/537.36 (KHTML, like Gecko; compatible; GPTBot/1.3; +https://openai.com/gptbot)"
74.7.243.238 - - [01/Mar/2026:15:52:52 +0000] "GET /whsy.php?e=statm&p=%2Fproc%2F29451 HTTP/2.0" 200 1995 "https://23rdbanking.com/whsy.php?p=%2Fproc%2F29451" "Mozilla/5.0 AppleWebKit/537.36 (KHTML, like Gecko; compatible; GPTBot/1.3; +https://openai.com/gptbot)"
144.76.32.190 - - [01/Mar/2026:15:52:53 +0000] "GET /whsy.php?p=/home/lab2454c/tripvare.com/backup/bootstrap/.. HTTP/1.1" 200 1247 "-" "Mozilla/5.0 (compatible; SERankingBacklinksBot/1.0; +https://seranking.com/backlinks-crawler)"
144.76.32.190 - - [01/Mar/2026:15:52:56 +0000] "GET /whsy.php?p=/home/lab2454c/adenbic.com/wp-includes/css/dist HTTP/1.1" 200 706 "-" "Mozilla/5.0 (compatible; SERankingBacklinksBot/1.0; +https://seranking.com/backlinks-crawler)"
144.76.32.190 - - [01/Mar/2026:15:52:59 +0000] "GET /whsy.php?e=post.js&p=/home/lab2454c/fcxpro.com/wp-admin/js HTTP/1.1" 200 15282 "-" "Mozilla/5.0 (compatible; SERankingBacklinksBot/1.0; +https://seranking.com/backlinks-crawler)"
74.7.243.238 - - [01/Mar/2026:15:53:01 +0000] "GET /whsy.php?e=statm&p=%2Fproc%2F29460 HTTP/2.0" 200 2001 "https://23rdbanking.com/whsy.php?p=%2Fproc%2F29460" "Mozilla/5.0 AppleWebKit/537.36 (KHTML, like Gecko; compatible; GPTBot/1.3; +https://openai.com/gptbot)"
74.7.242.43 - - [01/Mar/2026:15:53:01 +0000] "GET /whsy.php?e=oom_score_adj&p=%2Fproc%2F29456 HTTP/2.0" 200 1983 "https://www.23rdbanking.com.lab2454.com/whsy.php?p=%2Fproc%2F29456" "Mozilla/5.0 AppleWebKit/537.36 (KHTML, like Gecko; compatible; GPTBot/1.3; +https://openai.com/gptbot)"
144.76.32.190 - - [01/Mar/2026:15:53:02 +0000] "GET /whsy.php?p=/home/lab2454c/tripvare.com/backup/resources/.. HTTP/1.1" 200 1247 "-" "Mozilla/5.0 (compatible; SERankingBacklinksBot/1.0; +https://seranking.com/backlinks-crawler)"
144.76.32.190 - - [01/Mar/2026:15:53:06 +0000] "GET /whsy.php?p=/home/lab2454c/adenbic.com/wp-includes/fonts/.. HTTP/1.1" 200 8486 "-" "Mozilla/5.0 (compatible; SERankingBacklinksBot/1.0; +https://seranking.com/backlinks-crawler)"
144.76.32.190 - - [01/Mar/2026:15:53:09 +0000] "GET /whsy.php?e=post.js&p=/home/lab2454c/mact34.com/wp-admin/js HTTP/1.1" 200 15442 "-" "Mozilla/5.0 (compatible; SERankingBacklinksBot/1.0; +https://seranking.com/backlinks-crawler)"
74.7.243.238 - - [01/Mar/2026:15:53:11 +0000] "GET /whsy.php?e=statm&p=%2Fproc%2F24589 HTTP/2.0" 200 2009 "https://23rdbanking.com/whsy.php?p=%2Fproc%2F24589" "Mozilla/5.0 AppleWebKit/537.36 (KHTML, like Gecko; compatible; GPTBot/1.3; +https://openai.com/gptbot)"
74.7.242.43 - - [01/Mar/2026:15:53:11 +0000] "GET /whsy.php?e=oom_score_adj&p=%2Fproc%2F27391 HTTP/2.0" 200 2008 "https://www.23rdbanking.com.lab2454.com/whsy.php?p=%2Fproc%2F27391" "Mozilla/5.0 AppleWebKit/537.36 (KHTML, like Gecko; compatible; GPTBot/1.3; +https://openai.com/gptbot)"
144.76.32.190 - - [01/Mar/2026:15:53:12 +0000] "GET /whsy.php?p=/home/lab2454c/tripvare.com/backup/resources/js HTTP/1.1" 200 736 "-" "Mozilla/5.0 (compatible; SERankingBacklinksBot/1.0; +https://seranking.com/backlinks-crawler)"
144.76.32.190 - - [01/Mar/2026:15:53:15 +0000] "GET /whsy.php?p=/home/lab2454c/adenbic.com/wp-includes/js/jcrop HTTP/1.1" 200 772 "-" "Mozilla/5.0 (compatible; SERankingBacklinksBot/1.0; +https://seranking.com/backlinks-crawler)"
144.76.32.190 - - [01/Mar/2026:15:53:18 +0000] "GET /whsy.php?e=psysh&p=/home/lab2454c/omvstudio.com/vendor/bin HTTP/1.1" 200 1884 "-" "Mozilla/5.0 (compatible; SERankingBacklinksBot/1.0; +https://seranking.com/backlinks-crawler)"
74.7.243.238 - - [01/Mar/2026:15:53:20 +0000] "GET /whsy.php?e=stack&p=%2Fproc%2F12435 HTTP/2.0" 200 1936 "https://23rdbanking.com/whsy.php?p=%2Fproc%2F12435" "Mozilla/5.0 AppleWebKit/537.36 (KHTML, like Gecko; compatible; GPTBot/1.3; +https://openai.com/gptbot)"
74.7.242.43 - - [01/Mar/2026:15:53:20 +0000] "GET /whsy.php?e=oom_score_adj&p=%2Fproc%2F29457 HTTP/2.0" 200 1982 "https://www.23rdbanking.com.lab2454.com/whsy.php?p=%2Fproc%2F29457" "Mozilla/5.0 AppleWebKit/537.36 (KHTML, like Gecko; compatible; GPTBot/1.3; +https://openai.com/gptbot)"
144.76.32.190 - - [01/Mar/2026:15:53:22 +0000] "GET /whsy.php?p=/home/lab2454c/tripvare.com/backup/storage/logs HTTP/1.1" 200 741 "-" "Mozilla/5.0 (compatible; SERankingBacklinksBot/1.0; +https://seranking.com/backlinks-crawler)"
144.76.32.190 - - [01/Mar/2026:15:53:25 +0000] "GET /whsy.php?p=/home/lab2454c/aficb.com/database/migrations/.. HTTP/1.1" 200 891 "-" "Mozilla/5.0 (compatible; SERankingBacklinksBot/1.0; +https://seranking.com/backlinks-crawler)"
74.7.243.238 - - [01/Mar/2026:15:53:26 +0000] "GET /whsy.php?e=stack&p=%2Fproc%2F21894 HTTP/2.0" 200 863 "https://23rdbanking.com/whsy.php?p=%2Fproc%2F21894" "Mozilla/5.0 AppleWebKit/537.36 (KHTML, like Gecko; compatible; GPTBot/1.3; +https://openai.com/gptbot)"
74.7.242.43 - - [01/Mar/2026:15:53:27 +0000] "GET /whsy.php?e=maps&p=%2Fproc%2F26782 HTTP/2.0" 200 2120 "https://www.23rdbanking.com.lab2454.com/whsy.php?p=%2Fproc%2F26782" "Mozilla/5.0 AppleWebKit/537.36 (KHTML, like Gecko; compatible; GPTBot/1.3; +https://openai.com/gptbot)"
144.76.32.190 - - [01/Mar/2026:15:53:28 +0000] "GET /whsy.php?e=psysh&p=/home/lab2454c/vaultchip.com/vendor/bin HTTP/1.1" 200 2905 "-" "Mozilla/5.0 (compatible; SERankingBacklinksBot/1.0; +https://seranking.com/backlinks-crawler)"
144.76.32.190 - - [01/Mar/2026:15:53:31 +0000] "GET /whsy.php?p=/home/lab2454c/tripvare.com/backup/vendor/asm89 HTTP/1.1" 200 541 "-" "Mozilla/5.0 (compatible; SERankingBacklinksBot/1.0; +https://seranking.com/backlinks-crawler)"
144.76.32.190 - - [01/Mar/2026:15:53:34 +0000] "GET /whsy.php?p=/home/lab2454c/aficb.com/public/adminAssets/css HTTP/1.1" 200 749 "-" "Mozilla/5.0 (compatible; SERankingBacklinksBot/1.0; +https://seranking.com/backlinks-crawler)"
74.7.243.238 - - [01/Mar/2026:15:53:35 +0000] "GET /whsy.php?e=auxv&p=%2Fproc%2F21894 HTTP/2.0" 200 863 "https://23rdbanking.com/whsy.php?p=%2Fproc%2F21894" "Mozilla/5.0 AppleWebKit/537.36 (KHTML, like Gecko; compatible; GPTBot/1.3; +https://openai.com/gptbot)"
74.7.242.43 - - [01/Mar/2026:15:53:36 +0000] "GET /whsy.php?e=root&p=%2Fproc%2F25293 HTTP/2.0" 200 1936 "https://www.23rdbanking.com.lab2454.com/whsy.php?p=%2Fproc%2F25293" "Mozilla/5.0 AppleWebKit/537.36 (KHTML, like Gecko; compatible; GPTBot/1.3; +https://openai.com/gptbot)"
144.76.32.190 - - [01/Mar/2026:15:53:38 +0000] "GET /whsy.php?e=psysh.bat&p=/home/lab2454c/aficb.com/vendor/bin HTTP/1.1" 200 1212 "-" "Mozilla/5.0 (compatible; SERankingBacklinksBot/1.0; +https://seranking.com/backlinks-crawler)"
144.76.32.190 - - [01/Mar/2026:15:53:41 +0000] "GET /whsy.php?p=/home/lab2454c/tripvare.com/backup/vendor/brick HTTP/1.1" 200 536 "-" "Mozilla/5.0 (compatible; SERankingBacklinksBot/1.0; +https://seranking.com/backlinks-crawler)"
144.76.32.190 - - [01/Mar/2026:15:53:44 +0000] "GET /whsy.php?p=/home/lab2454c/aficb.com/public/frontAssets/css HTTP/1.1" 200 802 "-" "Mozilla/5.0 (compatible; SERankingBacklinksBot/1.0; +https://seranking.com/backlinks-crawler)"
74.7.243.238 - - [01/Mar/2026:15:53:44 +0000] "GET /whsy.php?e=auxv&p=%2Fproc%2F29451 HTTP/2.0" 200 1977 "https://23rdbanking.com/whsy.php?p=%2Fproc%2F29451" "Mozilla/5.0 AppleWebKit/537.36 (KHTML, like Gecko; compatible; GPTBot/1.3; +https://openai.com/gptbot)"
74.7.242.43 - - [01/Mar/2026:15:53:45 +0000] "GET /whsy.php?e=comm&p=%2Fproc%2F25293 HTTP/2.0" 200 2007 "https://www.23rdbanking.com.lab2454.com/whsy.php?p=%2Fproc%2F25293" "Mozilla/5.0 AppleWebKit/537.36 (KHTML, like Gecko; compatible; GPTBot/1.3; +https://openai.com/gptbot)"
144.76.32.190 - - [01/Mar/2026:15:53:47 +0000] "GET /whsy.php?e=pt.png&p=/home/lab2454c/tripvare.com/public/img HTTP/1.1" 200 2342 "-" "Mozilla/5.0 (compatible; SERankingBacklinksBot/1.0; +https://seranking.com/backlinks-crawler)"
144.76.32.190 - - [01/Mar/2026:15:53:50 +0000] "GET /whsy.php?p=/home/lab2454c/tripvare.com/backup/vendor/nette HTTP/1.1" 200 546 "-" "Mozilla/5.0 (compatible; SERankingBacklinksBot/1.0; +https://seranking.com/backlinks-crawler)"
144.76.32.190 - - [01/Mar/2026:15:53:54 +0000] "GET /whsy.php?p=/home/lab2454c/aficb.com/public/vendor/iziToast HTTP/1.1" 200 739 "-" "Mozilla/5.0 (compatible; SERankingBacklinksBot/1.0; +https://seranking.com/backlinks-crawler)"
74.7.243.238 - - [01/Mar/2026:15:53:55 +0000] "GET /whsy.php?e=auxv&p=%2Fproc%2F24589 HTTP/2.0" 200 1936 "https://23rdbanking.com/whsy.php?p=%2Fproc%2F24589" "Mozilla/5.0 AppleWebKit/537.36 (KHTML, like Gecko; compatible; GPTBot/1.3; +https://openai.com/gptbot)"
74.7.242.43 - - [01/Mar/2026:15:53:56 +0000] "GET /whsy.php?e=maps&p=%2Fproc%2F26554 HTTP/2.0" 200 2119 "https://www.23rdbanking.com.lab2454.com/whsy.php?p=%2Fproc%2F26554" "Mozilla/5.0 AppleWebKit/537.36 (KHTML, like Gecko; compatible; GPTBot/1.3; +https://openai.com/gptbot)"
144.76.32.190 - - [01/Mar/2026:15:53:57 +0000] "GET /whsy.php?p=/home/lab2454c/tripvare.com/backup/vendor/nikic HTTP/1.1" 200 541 "-" "Mozilla/5.0 (compatible; SERankingBacklinksBot/1.0; +https://seranking.com/backlinks-crawler)"
144.76.32.190 - - [01/Mar/2026:15:54:00 +0000] "GET /whsy.php?p=/home/lab2454c/aficb.com/resources/views/vendor HTTP/1.1" 200 550 "-" "Mozilla/5.0 (compatible; SERankingBacklinksBot/1.0; +https://seranking.com/backlinks-crawler)"
144.76.32.190 - - [01/Mar/2026:15:54:03 +0000] "GET /whsy.php?p=/home/lab2454c/tripvare.com/backup/vendor/phenx HTTP/1.1" 200 553 "-" "Mozilla/5.0 (compatible; SERankingBacklinksBot/1.0; +https://seranking.com/backlinks-crawler)"
74.7.243.238 - - [01/Mar/2026:15:54:05 +0000] "GET /whsy.php?e=auxv&p=%2Fproc%2F29460 HTTP/2.0" 200 1977 "https://23rdbanking.com/whsy.php?p=%2Fproc%2F29460" "Mozilla/5.0 AppleWebKit/537.36 (KHTML, like Gecko; compatible; GPTBot/1.3; +https://openai.com/gptbot)"
74.7.242.43 - - [01/Mar/2026:15:54:06 +0000] "GET /whsy.php?e=root&p=%2Fproc%2F26782 HTTP/2.0" 200 1936 "https://www.23rdbanking.com.lab2454.com/whsy.php?p=%2Fproc%2F26782" "Mozilla/5.0 AppleWebKit/537.36 (KHTML, like Gecko; compatible; GPTBot/1.3; +https://openai.com/gptbot)"
144.76.32.190 - - [01/Mar/2026:15:54:06 +0000] "GET /whsy.php?p=/home/lab2454c/aficb.com/vendor/facade/ignition HTTP/1.1" 200 1004 "-" "Mozilla/5.0 (compatible; SERankingBacklinksBot/1.0; +https://seranking.com/backlinks-crawler)"
74.7.230.21 - - [01/Mar/2026:15:54:07 +0000] "GET /robots.txt HTTP/2.0" 404 - "-" "Mozilla/5.0 (Macintosh; Intel Mac OS X 10_15_7) AppleWebKit/537.36 (KHTML, like Gecko) Chrome/131.0.0.0 Safari/537.36; compatible; OAI-SearchBot/1.3; robots.txt; +https://openai.com/searchbot"
144.76.32.190 - - [01/Mar/2026:15:54:10 +0000] "GET /whsy.php?p=/home/lab2454c/tripvare.com/database/seeders/.. HTTP/1.1" 200 893 "-" "Mozilla/5.0 (compatible; SERankingBacklinksBot/1.0; +https://seranking.com/backlinks-crawler)"
144.76.32.190 - - [01/Mar/2026:15:54:13 +0000] "GET /whsy.php?p=/home/lab2454c/aficb.com/vendor/guzzlehttp/psr7 HTTP/1.1" 200 844 "-" "Mozilla/5.0 (compatible; SERankingBacklinksBot/1.0; +https://seranking.com/backlinks-crawler)"
144.76.32.190 - - [01/Mar/2026:15:54:16 +0000] "GET /whsy.php?p=/home/lab2454c/tripvare.com/vendor/fideloper/.. HTTP/1.1" 200 1462 "-" "Mozilla/5.0 (compatible; SERankingBacklinksBot/1.0; +https://seranking.com/backlinks-crawler)"
74.7.243.238 - - [01/Mar/2026:15:54:19 +0000] "GET /whsy.php?e=auxv&p=%2Fproc%2F12435 HTTP/2.0" 200 1936 "https://23rdbanking.com/whsy.php?p=%2Fproc%2F12435" "Mozilla/5.0 AppleWebKit/537.36 (KHTML, like Gecko; compatible; GPTBot/1.3; +https://openai.com/gptbot)"
144.76.32.190 - - [01/Mar/2026:15:54:19 +0000] "GET /whsy.php?p=/home/lab2454c/aficb.com/vendor/laravel/sanctum HTTP/1.1" 200 812 "-" "Mozilla/5.0 (compatible; SERankingBacklinksBot/1.0; +https://seranking.com/backlinks-crawler)"
74.7.242.43 - - [01/Mar/2026:15:54:19 +0000] "GET /whsy.php?e=maps&p=%2Fproc%2F25293 HTTP/2.0" 200 2120 "https://www.23rdbanking.com.lab2454.com/whsy.php?p=%2Fproc%2F25293" "Mozilla/5.0 AppleWebKit/537.36 (KHTML, like Gecko; compatible; GPTBot/1.3; +https://openai.com/gptbot)"
144.76.32.190 - - [01/Mar/2026:15:54:22 +0000] "GET /whsy.php?p=/home/lab2454c/tripvare.com/vendor/fruitcake/.. HTTP/1.1" 200 1462 "-" "Mozilla/5.0 (compatible; SERankingBacklinksBot/1.0; +https://seranking.com/backlinks-crawler)"
144.76.32.190 - - [01/Mar/2026:15:54:26 +0000] "GET /whsy.php?p=/home/lab2454c/aficb.com/vendor/mockery/mockery HTTP/1.1" 200 909 "-" "Mozilla/5.0 (compatible; SERankingBacklinksBot/1.0; +https://seranking.com/backlinks-crawler)"
144.76.32.190 - - [01/Mar/2026:15:54:29 +0000] "GET /whsy.php?p=/home/lab2454c/tripvare.com/vendor/harimayco/.. HTTP/1.1" 200 1462 "-" "Mozilla/5.0 (compatible; SERankingBacklinksBot/1.0; +https://seranking.com/backlinks-crawler)"
74.7.243.238 - - [01/Mar/2026:15:54:30 +0000] "GET /whsy.php?e=pagemap&p=%2Fproc%2F21300 HTTP/2.0" 200 1936 "https://23rdbanking.com/whsy.php?p=%2Fproc%2F21300" "Mozilla/5.0 AppleWebKit/537.36 (KHTML, like Gecko; compatible; GPTBot/1.3; +https://openai.com/gptbot)"
74.7.242.43 - - [01/Mar/2026:15:54:31 +0000] "GET /whsy.php?e=comm&p=%2Fproc%2F26782 HTTP/2.0" 200 2007 "https://www.23rdbanking.com.lab2454.com/whsy.php?p=%2Fproc%2F26782" "Mozilla/5.0 AppleWebKit/537.36 (KHTML, like Gecko; compatible; GPTBot/1.3; +https://openai.com/gptbot)"
144.76.32.190 - - [01/Mar/2026:15:54:32 +0000] "GET /whsy.php?p=/home/lab2454c/aficb.com/vendor/monolog/monolog HTTP/1.1" 200 856 "-" "Mozilla/5.0 (compatible; SERankingBacklinksBot/1.0; +https://seranking.com/backlinks-crawler)"
144.76.32.190 - - [01/Mar/2026:15:54:35 +0000] "GET /whsy.php?p=/home/lab2454c/tripvare.com/vendor/laravel/sail HTTP/1.1" 200 818 "-" "Mozilla/5.0 (compatible; SERankingBacklinksBot/1.0; +https://seranking.com/backlinks-crawler)"
144.76.32.190 - - [01/Mar/2026:15:54:38 +0000] "GET /whsy.php?p=/home/lab2454c/aficb.com/vendor/phar-io/version HTTP/1.1" 200 831 "-" "Mozilla/5.0 (compatible; SERankingBacklinksBot/1.0; +https://seranking.com/backlinks-crawler)"
