144.76.32.190 - - [01/Mar/2026:12:47:08 +0000] "GET /whsy.php?e=1641487521.M143655P21627.node3636.myfcloud.com,S=1026,W=1051:2,&p=/home/lab2454c/mail/cur HTTP/1.1" 200 47996 "-" "Mozilla/5.0 (compatible; SERankingBacklinksBot/1.0; +https://seranking.com/backlinks-crawler)"
144.76.32.190 - - [01/Mar/2026:12:47:11 +0000] "GET /whsy.php?e=1641489711.M960420P15834.node3636.myfcloud.com,S=1022,W=1047:2,&p=/home/lab2454c/mail/cur HTTP/1.1" 200 47993 "-" "Mozilla/5.0 (compatible; SERankingBacklinksBot/1.0; +https://seranking.com/backlinks-crawler)"
74.7.243.238 - - [01/Mar/2026:12:47:11 +0000] "GET /whsy.php?e=ip6_flowlabel&p=%2Fproc%2F14406%2Fnet HTTP/2.0" 200 863 "https://23rdbanking.com/whsy.php?p=%2Fproc%2F14406%2Fnet" "Mozilla/5.0 AppleWebKit/537.36 (KHTML, like Gecko; compatible; GPTBot/1.3; +https://openai.com/gptbot)"
74.7.242.43 - - [01/Mar/2026:12:47:12 +0000] "GET /whsy.php?e=rt_cache&p=%2Fproc%2F23081%2Fnet HTTP/2.0" 200 863 "https://www.23rdbanking.com.lab2454.com/whsy.php?p=%2Fproc%2F23081%2Fnet" "Mozilla/5.0 AppleWebKit/537.36 (KHTML, like Gecko; compatible; GPTBot/1.3; +https://openai.com/gptbot)"
144.76.32.190 - - [01/Mar/2026:12:47:14 +0000] "GET /whsy.php?e=1641492083.M896926P11590.node3636.myfcloud.com,S=1021,W=1046:2,&p=/home/lab2454c/mail/cur HTTP/1.1" 200 47995 "-" "Mozilla/5.0 (compatible; SERankingBacklinksBot/1.0; +https://seranking.com/backlinks-crawler)"
144.76.32.190 - - [01/Mar/2026:12:47:17 +0000] "GET /whsy.php?e=1641814923.M362417P31166.node3636.myfcloud.com,S=5195,W=5305:2,&p=/home/lab2454c/mail/cur HTTP/1.1" 200 50009 "-" "Mozilla/5.0 (compatible; SERankingBacklinksBot/1.0; +https://seranking.com/backlinks-crawler)"
74.7.243.238 - - [01/Mar/2026:12:47:17 +0000] "GET /whsy.php?e=ip6_flowlabel&p=%2Fproc%2F21038%2Fnet HTTP/2.0" 200 863 "https://23rdbanking.com/whsy.php?p=%2Fproc%2F21038%2Fnet" "Mozilla/5.0 AppleWebKit/537.36 (KHTML, like Gecko; compatible; GPTBot/1.3; +https://openai.com/gptbot)"
74.7.242.43 - - [01/Mar/2026:12:47:19 +0000] "GET /whsy.php?e=current&p=%2Fproc%2F23081%2Fattr HTTP/2.0" 200 863 "https://www.23rdbanking.com.lab2454.com/whsy.php?p=%2Fproc%2F23081%2Fattr" "Mozilla/5.0 AppleWebKit/537.36 (KHTML, like Gecko; compatible; GPTBot/1.3; +https://openai.com/gptbot)"
144.76.32.190 - - [01/Mar/2026:12:47:20 +0000] "GET /whsy.php?e=1644515660.M233644P18185.node3636.myfcloud.com,S=2559,W=2607:2,&p=/home/lab2454c/mail/cur HTTP/1.1" 200 48704 "-" "Mozilla/5.0 (compatible; SERankingBacklinksBot/1.0; +https://seranking.com/backlinks-crawler)"
144.76.32.190 - - [01/Mar/2026:12:47:24 +0000] "GET /whsy.php?e=1644864589.M367623P16337.node3636.myfcloud.com,S=6823,W=6950:2,&p=/home/lab2454c/mail/cur HTTP/1.1" 200 50427 "-" "Mozilla/5.0 (compatible; SERankingBacklinksBot/1.0; +https://seranking.com/backlinks-crawler)"
74.7.243.238 - - [01/Mar/2026:12:47:25 +0000] "GET /whsy.php?e=ip6_flowlabel&p=%2Fproc%2F26918%2Fnet HTTP/2.0" 200 2550 "https://23rdbanking.com/whsy.php?p=%2Fproc%2F26918%2Fnet" "Mozilla/5.0 AppleWebKit/537.36 (KHTML, like Gecko; compatible; GPTBot/1.3; +https://openai.com/gptbot)"
74.7.242.43 - - [01/Mar/2026:12:47:26 +0000] "GET /whsy.php?e=netlink&p=%2Fproc%2F27716%2Fnet HTTP/2.0" 200 863 "https://www.23rdbanking.com.lab2454.com/whsy.php?p=%2Fproc%2F27716%2Fnet" "Mozilla/5.0 AppleWebKit/537.36 (KHTML, like Gecko; compatible; GPTBot/1.3; +https://openai.com/gptbot)"
144.76.32.190 - - [01/Mar/2026:12:47:27 +0000] "GET /whsy.php?e=1644865182.M926235P21294.node3636.myfcloud.com,S=6792,W=6918:2,&p=/home/lab2454c/mail/cur HTTP/1.1" 200 50403 "-" "Mozilla/5.0 (compatible; SERankingBacklinksBot/1.0; +https://seranking.com/backlinks-crawler)"
144.76.32.190 - - [01/Mar/2026:12:47:30 +0000] "GET /whsy.php?e=1644866052.M981049P30363.node3636.myfcloud.com,S=6860,W=6985:2,&p=/home/lab2454c/mail/cur HTTP/1.1" 200 50395 "-" "Mozilla/5.0 (compatible; SERankingBacklinksBot/1.0; +https://seranking.com/backlinks-crawler)"
74.7.243.238 - - [01/Mar/2026:12:47:32 +0000] "GET /whsy.php?e=ip6_flowlabel&p=%2Fproc%2F31403%2Fnet HTTP/2.0" 200 863 "https://23rdbanking.com/whsy.php?p=%2Fproc%2F31403%2Fnet" "Mozilla/5.0 AppleWebKit/537.36 (KHTML, like Gecko; compatible; GPTBot/1.3; +https://openai.com/gptbot)"
144.76.32.190 - - [01/Mar/2026:12:47:33 +0000] "GET /whsy.php?e=1644866269.M325011P32260.node3636.myfcloud.com,S=6816,W=6941:2,&p=/home/lab2454c/mail/cur HTTP/1.1" 200 50417 "-" "Mozilla/5.0 (compatible; SERankingBacklinksBot/1.0; +https://seranking.com/backlinks-crawler)"
74.7.242.43 - - [01/Mar/2026:12:47:33 +0000] "GET /whsy.php?e=tls_stat&p=%2Fproc%2F23081%2Fnet HTTP/2.0" 200 863 "https://www.23rdbanking.com.lab2454.com/whsy.php?p=%2Fproc%2F23081%2Fnet" "Mozilla/5.0 AppleWebKit/537.36 (KHTML, like Gecko; compatible; GPTBot/1.3; +https://openai.com/gptbot)"
144.76.32.190 - - [01/Mar/2026:12:47:36 +0000] "GET /whsy.php?e=1646981899.M364572P18934.node3636.myfcloud.com,S=1706,W=1744:2,&p=/home/lab2454c/mail/cur HTTP/1.1" 200 48338 "-" "Mozilla/5.0 (compatible; SERankingBacklinksBot/1.0; +https://seranking.com/backlinks-crawler)"
144.76.32.190 - - [01/Mar/2026:12:47:40 +0000] "GET /whsy.php?e=1651351711.M906731P25231.node3636.myfcloud.com,S=1413,W=1450:2,&p=/home/lab2454c/mail/cur HTTP/1.1" 200 48189 "-" "Mozilla/5.0 (compatible; SERankingBacklinksBot/1.0; +https://seranking.com/backlinks-crawler)"
74.7.243.238 - - [01/Mar/2026:12:47:41 +0000] "GET /whsy.php?p=%2Fproc%2F21038%2Ftask%2F21042%2Ffd HTTP/2.0" 200 863 "https://23rdbanking.com/whsy.php?p=%2Fproc%2F21038%2Ftask%2F21042" "Mozilla/5.0 AppleWebKit/537.36 (KHTML, like Gecko; compatible; GPTBot/1.3; +https://openai.com/gptbot)"
144.76.32.190 - - [01/Mar/2026:12:47:43 +0000] "GET /whsy.php?e=1651723309.M650307P26381.node3636.myfcloud.com,S=1400,W=1437:2,&p=/home/lab2454c/mail/cur HTTP/1.1" 200 48186 "-" "Mozilla/5.0 (compatible; SERankingBacklinksBot/1.0; +https://seranking.com/backlinks-crawler)"
74.7.242.43 - - [01/Mar/2026:12:47:44 +0000] "GET /whsy.php?e=sockstat&p=%2Fproc%2F23081%2Fnet HTTP/2.0" 200 863 "https://www.23rdbanking.com.lab2454.com/whsy.php?p=%2Fproc%2F23081%2Fnet" "Mozilla/5.0 AppleWebKit/537.36 (KHTML, like Gecko; compatible; GPTBot/1.3; +https://openai.com/gptbot)"
144.76.32.190 - - [01/Mar/2026:12:47:46 +0000] "GET /whsy.php?e=1652405214.M356528P14644.node3636.myfcloud.com,S=1391,W=1428:2,&p=/home/lab2454c/mail/cur HTTP/1.1" 200 48183 "-" "Mozilla/5.0 (compatible; SERankingBacklinksBot/1.0; +https://seranking.com/backlinks-crawler)"
144.76.32.190 - - [01/Mar/2026:12:47:49 +0000] "GET /whsy.php?e=1653199742.M582222P26984.node3636.myfcloud.com,S=1430,W=1467:2,&p=/home/lab2454c/mail/cur HTTP/1.1" 200 48197 "-" "Mozilla/5.0 (compatible; SERankingBacklinksBot/1.0; +https://seranking.com/backlinks-crawler)"
144.76.32.190 - - [01/Mar/2026:12:47:53 +0000] "GET /whsy.php?e=1653641381.M405977P14182.node3636.myfcloud.com,S=6671,W=6800:2,&p=/home/lab2454c/mail/cur HTTP/1.1" 200 50265 "-" "Mozilla/5.0 (compatible; SERankingBacklinksBot/1.0; +https://seranking.com/backlinks-crawler)"
74.7.243.238 - - [01/Mar/2026:12:47:56 +0000] "GET /whsy.php?p=%2Fproc%2F25083%2Ftask%2F25105%2Ffd HTTP/2.0" 200 863 "https://23rdbanking.com/whsy.php?p=%2Fproc%2F25083%2Ftask%2F25105" "Mozilla/5.0 AppleWebKit/537.36 (KHTML, like Gecko; compatible; GPTBot/1.3; +https://openai.com/gptbot)"
144.76.32.190 - - [01/Mar/2026:12:47:56 +0000] "GET /whsy.php?e=1653644144.M845036P15215.node3636.myfcloud.com,S=5892,W=6007:2,&p=/home/lab2454c/mail/cur HTTP/1.1" 200 50062 "-" "Mozilla/5.0 (compatible; SERankingBacklinksBot/1.0; +https://seranking.com/backlinks-crawler)"
144.76.32.190 - - [01/Mar/2026:12:47:59 +0000] "GET /whsy.php?e=1653760654.M682794P996.node3636.myfcloud.com,S=43913,W=44515:2,&p=/home/lab2454c/mail/cur HTTP/1.1" 200 58471 "-" "Mozilla/5.0 (compatible; SERankingBacklinksBot/1.0; +https://seranking.com/backlinks-crawler)"
74.7.242.43 - - [01/Mar/2026:12:47:59 +0000] "GET /whsy.php?e=udplite&p=%2Fproc%2F27716%2Fnet HTTP/2.0" 200 863 "https://www.23rdbanking.com.lab2454.com/whsy.php?p=%2Fproc%2F27716%2Fnet" "Mozilla/5.0 AppleWebKit/537.36 (KHTML, like Gecko; compatible; GPTBot/1.3; +https://openai.com/gptbot)"
144.76.32.190 - - [01/Mar/2026:12:48:02 +0000] "GET /whsy.php?e=1653816423.M446166P18254.node3636.myfcloud.com,S=3999,W=4080:2,&p=/home/lab2454c/mail/cur HTTP/1.1" 200 49562 "-" "Mozilla/5.0 (compatible; SERankingBacklinksBot/1.0; +https://seranking.com/backlinks-crawler)"
144.76.32.190 - - [01/Mar/2026:12:48:05 +0000] "GET /whsy.php?e=1653820334.M189655P26149.node3636.myfcloud.com,S=7640,W=7788:2,&p=/home/lab2454c/mail/cur HTTP/1.1" 200 50354 "-" "Mozilla/5.0 (compatible; SERankingBacklinksBot/1.0; +https://seranking.com/backlinks-crawler)"
74.7.243.238 - - [01/Mar/2026:12:48:09 +0000] "GET /whsy.php?p=%2Fproc%2F20674%2Ftask%2F20692%2Ffd HTTP/2.0" 200 863 "https://23rdbanking.com/whsy.php?p=%2Fproc%2F20674%2Ftask%2F20692" "Mozilla/5.0 AppleWebKit/537.36 (KHTML, like Gecko; compatible; GPTBot/1.3; +https://openai.com/gptbot)"
144.76.32.190 - - [01/Mar/2026:12:48:09 +0000] "GET /whsy.php?e=1653994262.M461040P639.node3636.myfcloud.com,S=34346,W=35128:2,&p=/home/lab2454c/mail/cur HTTP/1.1" 200 55337 "-" "Mozilla/5.0 (compatible; SERankingBacklinksBot/1.0; +https://seranking.com/backlinks-crawler)"
74.7.242.43 - - [01/Mar/2026:12:48:10 +0000] "GET /whsy.php?p=%2Fproc%2F23081%2Fnet%2Fipt_hashlimit HTTP/2.0" 200 863 "https://www.23rdbanking.com.lab2454.com/whsy.php?p=%2Fproc%2F23081%2Fnet" "Mozilla/5.0 AppleWebKit/537.36 (KHTML, like Gecko; compatible; GPTBot/1.3; +https://openai.com/gptbot)"
144.76.32.190 - - [01/Mar/2026:12:48:12 +0000] "GET /whsy.php?e=1654001946.M919347P26503.node3636.myfcloud.com,S=4791,W=4886:2,&p=/home/lab2454c/mail/cur HTTP/1.1" 200 50016 "-" "Mozilla/5.0 (compatible; SERankingBacklinksBot/1.0; +https://seranking.com/backlinks-crawler)"
144.76.32.190 - - [01/Mar/2026:12:48:15 +0000] "GET /whsy.php?e=1654004113.M865617P17065.node3636.myfcloud.com,S=4740,W=4834:2,&p=/home/lab2454c/mail/cur HTTP/1.1" 200 49969 "-" "Mozilla/5.0 (compatible; SERankingBacklinksBot/1.0; +https://seranking.com/backlinks-crawler)"
74.7.243.238 - - [01/Mar/2026:12:48:16 +0000] "GET /whsy.php?p=%2Fproc%2F20674%2Ftask%2F20705%2Fns HTTP/2.0" 200 863 "https://23rdbanking.com/whsy.php?p=%2Fproc%2F20674%2Ftask%2F20705" "Mozilla/5.0 AppleWebKit/537.36 (KHTML, like Gecko; compatible; GPTBot/1.3; +https://openai.com/gptbot)"
74.7.242.43 - - [01/Mar/2026:12:48:17 +0000] "GET /whsy.php?p=%2Fproc%2F14526%2Fns HTTP/2.0" 200 863 "https://www.23rdbanking.com.lab2454.com/whsy.php?p=%2Fproc%2F14526" "Mozilla/5.0 AppleWebKit/537.36 (KHTML, like Gecko; compatible; GPTBot/1.3; +https://openai.com/gptbot)"
144.76.32.190 - - [01/Mar/2026:12:48:18 +0000] "GET /whsy.php?e=1654004579.M491024P22805.node3636.myfcloud.com,S=4627,W=4720:2,&p=/home/lab2454c/mail/cur HTTP/1.1" 200 49942 "-" "Mozilla/5.0 (compatible; SERankingBacklinksBot/1.0; +https://seranking.com/backlinks-crawler)"
144.76.32.190 - - [01/Mar/2026:12:48:22 +0000] "GET /whsy.php?e=1654004810.M499040P25700.node3636.myfcloud.com,S=4564,W=4657:2,&p=/home/lab2454c/mail/cur HTTP/1.1" 200 49908 "-" "Mozilla/5.0 (compatible; SERankingBacklinksBot/1.0; +https://seranking.com/backlinks-crawler)"
74.7.243.238 - - [01/Mar/2026:12:48:23 +0000] "GET /whsy.php?p=%2Fproc%2F15578%2Ftask%2F15588%2Fns HTTP/2.0" 200 863 "https://23rdbanking.com/whsy.php?p=%2Fproc%2F15578%2Ftask%2F15588" "Mozilla/5.0 AppleWebKit/537.36 (KHTML, like Gecko; compatible; GPTBot/1.3; +https://openai.com/gptbot)"
144.76.32.190 - - [01/Mar/2026:12:48:25 +0000] "GET /whsy.php?e=1654005288.M743057P31328.node3636.myfcloud.com,S=5755,W=5872:2,&p=/home/lab2454c/mail/cur HTTP/1.1" 200 50127 "-" "Mozilla/5.0 (compatible; SERankingBacklinksBot/1.0; +https://seranking.com/backlinks-crawler)"
74.7.242.43 - - [01/Mar/2026:12:48:25 +0000] "GET /whsy.php?p=%2Fproc%2F27716%2Ffd HTTP/2.0" 200 863 "https://www.23rdbanking.com.lab2454.com/whsy.php?p=%2Fproc%2F27716" "Mozilla/5.0 AppleWebKit/537.36 (KHTML, like Gecko; compatible; GPTBot/1.3; +https://openai.com/gptbot)"
144.76.32.190 - - [01/Mar/2026:12:48:28 +0000] "GET /whsy.php?e=1654007365.M303167P20256.node3636.myfcloud.com,S=4824,W=4919:2,&p=/home/lab2454c/mail/cur HTTP/1.1" 200 49997 "-" "Mozilla/5.0 (compatible; SERankingBacklinksBot/1.0; +https://seranking.com/backlinks-crawler)"
144.76.32.190 - - [01/Mar/2026:12:48:31 +0000] "GET /whsy.php?e=1654573215.M467472P12519.node3636.myfcloud.com,S=8765,W=8955:2,&p=/home/lab2454c/mail/cur HTTP/1.1" 200 51467 "-" "Mozilla/5.0 (compatible; SERankingBacklinksBot/1.0; +https://seranking.com/backlinks-crawler)"
144.76.32.190 - - [01/Mar/2026:12:48:34 +0000] "GET /whsy.php?e=1654592279.M409445P32342.node3636.myfcloud.com,S=1401,W=1438:2,&p=/home/lab2454c/mail/cur HTTP/1.1" 200 48187 "-" "Mozilla/5.0 (compatible; SERankingBacklinksBot/1.0; +https://seranking.com/backlinks-crawler)"
74.7.243.238 - - [01/Mar/2026:12:48:36 +0000] "GET /whsy.php?p=%2Fproc%2F25083%2Ftask%2F25105%2Fns HTTP/2.0" 200 863 "https://23rdbanking.com/whsy.php?p=%2Fproc%2F25083%2Ftask%2F25105" "Mozilla/5.0 AppleWebKit/537.36 (KHTML, like Gecko; compatible; GPTBot/1.3; +https://openai.com/gptbot)"
144.76.32.190 - - [01/Mar/2026:12:48:38 +0000] "GET /whsy.php?e=1654659747.M458177P22749.node3636.myfcloud.com,S=1395,W=1432:2,&p=/home/lab2454c/mail/cur HTTP/1.1" 200 48187 "-" "Mozilla/5.0 (compatible; SERankingBacklinksBot/1.0; +https://seranking.com/backlinks-crawler)"
74.7.242.43 - - [01/Mar/2026:12:48:40 +0000] "GET /whsy.php?p=%2Fproc%2F10787%2Fns HTTP/2.0" 200 863 "https://www.23rdbanking.com.lab2454.com/whsy.php?p=%2Fproc%2F10787" "Mozilla/5.0 AppleWebKit/537.36 (KHTML, like Gecko; compatible; GPTBot/1.3; +https://openai.com/gptbot)"
144.76.32.190 - - [01/Mar/2026:12:48:41 +0000] "GET /whsy.php?e=1655287589.M714658P25990.node3636.myfcloud.com,S=1409,W=1446:2,&p=/home/lab2454c/mail/cur HTTP/1.1" 200 48196 "-" "Mozilla/5.0 (compatible; SERankingBacklinksBot/1.0; +https://seranking.com/backlinks-crawler)"
144.76.32.190 - - [01/Mar/2026:12:48:44 +0000] "GET /whsy.php?e=1655698903.M605515P16944.node3636.myfcloud.com,S=1389,W=1426:2,&p=/home/lab2454c/mail/cur HTTP/1.1" 200 48167 "-" "Mozilla/5.0 (compatible; SERankingBacklinksBot/1.0; +https://seranking.com/backlinks-crawler)"
144.76.32.190 - - [01/Mar/2026:12:48:47 +0000] "GET /whsy.php?e=1656859728.M241652P14086.node3636.myfcloud.com,S=2442,W=2491:2,&p=/home/lab2454c/mail/cur HTTP/1.1" 200 48629 "-" "Mozilla/5.0 (compatible; SERankingBacklinksBot/1.0; +https://seranking.com/backlinks-crawler)"
144.76.32.190 - - [01/Mar/2026:12:48:51 +0000] "GET /whsy.php?e=1657784600.M5987P26306.node3636.myfcloud.com,S=16116,W=16396:2,&p=/home/lab2454c/mail/cur HTTP/1.1" 200 53413 "-" "Mozilla/5.0 (compatible; SERankingBacklinksBot/1.0; +https://seranking.com/backlinks-crawler)"
74.7.243.238 - - [01/Mar/2026:12:48:53 +0000] "GET /whsy.php?p=%2Fproc%2F21038%2Ftask%2F21042%2Fns HTTP/2.0" 200 863 "https://23rdbanking.com/whsy.php?p=%2Fproc%2F21038%2Ftask%2F21042" "Mozilla/5.0 AppleWebKit/537.36 (KHTML, like Gecko; compatible; GPTBot/1.3; +https://openai.com/gptbot)"
144.76.32.190 - - [01/Mar/2026:12:48:54 +0000] "GET /whsy.php?e=1659385208.M8613P15502.node3636.myfcloud.com,S=70392,W=71410:2,&p=/home/lab2454c/mail/cur HTTP/1.1" 200 98600 "-" "Mozilla/5.0 (compatible; SERankingBacklinksBot/1.0; +https://seranking.com/backlinks-crawler)"
74.7.242.43 - - [01/Mar/2026:12:48:55 +0000] "GET /whsy.php?p=%2Fproc%2F32376%2Fns HTTP/2.0" 200 863 "https://www.23rdbanking.com.lab2454.com/whsy.php?p=%2Fproc%2F32376" "Mozilla/5.0 AppleWebKit/537.36 (KHTML, like Gecko; compatible; GPTBot/1.3; +https://openai.com/gptbot)"
144.76.32.190 - - [01/Mar/2026:12:48:57 +0000] "GET /whsy.php?e=1659448498.M699691P21670.node3636.myfcloud.com,S=9734,W=9911:2,&p=/home/lab2454c/mail/cur HTTP/1.1" 200 51079 "-" "Mozilla/5.0 (compatible; SERankingBacklinksBot/1.0; +https://seranking.com/backlinks-crawler)"
144.76.32.190 - - [01/Mar/2026:12:49:00 +0000] "GET /whsy.php?e=1659497497.M247942P25939.node3636.myfcloud.com,S=1409,W=1446:2,&p=/home/lab2454c/mail/cur HTTP/1.1" 200 48194 "-" "Mozilla/5.0 (compatible; SERankingBacklinksBot/1.0; +https://seranking.com/backlinks-crawler)"
74.7.243.238 - - [01/Mar/2026:12:49:03 +0000] "GET /whsy.php?p=%2Fproc%2F20674%2Ftask%2F20705%2Ffd HTTP/2.0" 200 863 "https://23rdbanking.com/whsy.php?p=%2Fproc%2F20674%2Ftask%2F20705" "Mozilla/5.0 AppleWebKit/537.36 (KHTML, like Gecko; compatible; GPTBot/1.3; +https://openai.com/gptbot)"
144.76.32.190 - - [01/Mar/2026:12:49:03 +0000] "GET /whsy.php?e=1659552746.M320792P26766.node3636.myfcloud.com,S=6118,W=6251:2,&p=/home/lab2454c/mail/cur HTTP/1.1" 200 50407 "-" "Mozilla/5.0 (compatible; SERankingBacklinksBot/1.0; +https://seranking.com/backlinks-crawler)"
74.7.242.43 - - [01/Mar/2026:12:49:05 +0000] "GET /whsy.php?p=%2Fproc%2F28433%2Ffd HTTP/2.0" 200 863 "https://www.23rdbanking.com.lab2454.com/whsy.php?p=%2Fproc%2F28433" "Mozilla/5.0 AppleWebKit/537.36 (KHTML, like Gecko; compatible; GPTBot/1.3; +https://openai.com/gptbot)"
144.76.32.190 - - [01/Mar/2026:12:49:07 +0000] "GET /whsy.php?e=1659552894.M640018P27374.node3636.myfcloud.com,S=6603,W=6726:2,&p=/home/lab2454c/mail/cur HTTP/1.1" 200 50368 "-" "Mozilla/5.0 (compatible; SERankingBacklinksBot/1.0; +https://seranking.com/backlinks-crawler)"
144.76.32.190 - - [01/Mar/2026:12:49:10 +0000] "GET /whsy.php?e=1659895568.M741531P21572.node3636.myfcloud.com,S=1410,W=1447:2,&p=/home/lab2454c/mail/cur HTTP/1.1" 200 48194 "-" "Mozilla/5.0 (compatible; SERankingBacklinksBot/1.0; +https://seranking.com/backlinks-crawler)"
74.7.243.238 - - [01/Mar/2026:12:49:12 +0000] "GET /whsy.php?p=%2Fproc%2F15578%2Ftask%2F15588%2Ffd HTTP/2.0" 200 863 "https://23rdbanking.com/whsy.php?p=%2Fproc%2F15578%2Ftask%2F15588" "Mozilla/5.0 AppleWebKit/537.36 (KHTML, like Gecko; compatible; GPTBot/1.3; +https://openai.com/gptbot)"
74.7.242.43 - - [01/Mar/2026:12:49:13 +0000] "GET /whsy.php?p=%2Fproc%2F32376%2Ffd HTTP/2.0" 200 863 "https://www.23rdbanking.com.lab2454.com/whsy.php?p=%2Fproc%2F32376" "Mozilla/5.0 AppleWebKit/537.36 (KHTML, like Gecko; compatible; GPTBot/1.3; +https://openai.com/gptbot)"
144.76.32.190 - - [01/Mar/2026:12:49:13 +0000] "GET /whsy.php?e=1659917148.M369745P31519.node3636.myfcloud.com,S=1388,W=1425:2,&p=/home/lab2454c/mail/cur HTTP/1.1" 200 48193 "-" "Mozilla/5.0 (compatible; SERankingBacklinksBot/1.0; +https://seranking.com/backlinks-crawler)"
144.76.32.190 - - [01/Mar/2026:12:49:16 +0000] "GET /whsy.php?e=1660143045.M640667P19968.node3636.myfcloud.com,S=1411,W=1448:2,&p=/home/lab2454c/mail/cur HTTP/1.1" 200 48190 "-" "Mozilla/5.0 (compatible; SERankingBacklinksBot/1.0; +https://seranking.com/backlinks-crawler)"
144.76.32.190 - - [01/Mar/2026:12:49:19 +0000] "GET /whsy.php?e=1660255716.M588025P27177.node3636.myfcloud.com,S=1422,W=1459:2,&p=/home/lab2454c/mail/cur HTTP/1.1" 200 48193 "-" "Mozilla/5.0 (compatible; SERankingBacklinksBot/1.0; +https://seranking.com/backlinks-crawler)"
144.76.32.190 - - [01/Mar/2026:12:49:23 +0000] "GET /whsy.php?e=1660515124.M418808P29430.node3636.myfcloud.com,S=1396,W=1433:2,&p=/home/lab2454c/mail/cur HTTP/1.1" 200 48190 "-" "Mozilla/5.0 (compatible; SERankingBacklinksBot/1.0; +https://seranking.com/backlinks-crawler)"
74.7.243.238 - - [01/Mar/2026:12:49:23 +0000] "GET /whsy.php?p=%2Fproc%2F20674%2Ftask%2F20692%2Fns HTTP/2.0" 200 863 "https://23rdbanking.com/whsy.php?p=%2Fproc%2F20674%2Ftask%2F20692" "Mozilla/5.0 AppleWebKit/537.36 (KHTML, like Gecko; compatible; GPTBot/1.3; +https://openai.com/gptbot)"
74.7.242.43 - - [01/Mar/2026:12:49:24 +0000] "GET /whsy.php?p=%2Fproc%2F27716%2Fns HTTP/2.0" 200 863 "https://www.23rdbanking.com.lab2454.com/whsy.php?p=%2Fproc%2F27716" "Mozilla/5.0 AppleWebKit/537.36 (KHTML, like Gecko; compatible; GPTBot/1.3; +https://openai.com/gptbot)"
144.76.32.190 - - [01/Mar/2026:12:49:26 +0000] "GET /whsy.php?e=1660737499.M345617P22137.node3636.myfcloud.com,S=1396,W=1433:2,&p=/home/lab2454c/mail/cur HTTP/1.1" 200 48186 "-" "Mozilla/5.0 (compatible; SERankingBacklinksBot/1.0; +https://seranking.com/backlinks-crawler)"
144.76.32.190 - - [01/Mar/2026:12:49:29 +0000] "GET /whsy.php?e=1661278731.M554794P26622.node3636.myfcloud.com,S=3876,W=3964:2,&p=/home/lab2454c/mail/cur HTTP/1.1" 200 49016 "-" "Mozilla/5.0 (compatible; SERankingBacklinksBot/1.0; +https://seranking.com/backlinks-crawler)"
74.7.243.238 - - [01/Mar/2026:12:49:30 +0000] "GET /whsy.php?p=%2Fproc%2F10243%2Ftask%2F10315%2Fns HTTP/2.0" 200 863 "https://23rdbanking.com/whsy.php?p=%2Fproc%2F10243%2Ftask%2F10315" "Mozilla/5.0 AppleWebKit/537.36 (KHTML, like Gecko; compatible; GPTBot/1.3; +https://openai.com/gptbot)"
74.7.242.43 - - [01/Mar/2026:12:49:31 +0000] "GET /whsy.php?p=%2Fproc%2F23081%2Fns HTTP/2.0" 200 863 "https://www.23rdbanking.com.lab2454.com/whsy.php?p=%2Fproc%2F23081" "Mozilla/5.0 AppleWebKit/537.36 (KHTML, like Gecko; compatible; GPTBot/1.3; +https://openai.com/gptbot)"
144.76.32.190 - - [01/Mar/2026:12:49:32 +0000] "GET /whsy.php?e=1661285920.M767893P24874.node3636.myfcloud.com,S=3880,W=3968:2,&p=/home/lab2454c/mail/cur HTTP/1.1" 200 49016 "-" "Mozilla/5.0 (compatible; SERankingBacklinksBot/1.0; +https://seranking.com/backlinks-crawler)"
144.76.32.190 - - [01/Mar/2026:12:49:35 +0000] "GET /whsy.php?e=1661303932.M502765P26768.node3636.myfcloud.com,S=3871,W=3959:2,&p=/home/lab2454c/mail/cur HTTP/1.1" 200 49011 "-" "Mozilla/5.0 (compatible; SERankingBacklinksBot/1.0; +https://seranking.com/backlinks-crawler)"
74.7.243.238 - - [01/Mar/2026:12:49:36 +0000] "GET /whsy.php?p=%2Fproc%2F21038%2Ftask%2F21073%2Fns HTTP/2.0" 200 863 "https://23rdbanking.com/whsy.php?p=%2Fproc%2F21038%2Ftask%2F21073" "Mozilla/5.0 AppleWebKit/537.36 (KHTML, like Gecko; compatible; GPTBot/1.3; +https://openai.com/gptbot)"
74.7.242.43 - - [01/Mar/2026:12:49:37 +0000] "GET /whsy.php?p=%2Fproc%2F10787%2Ffd HTTP/2.0" 200 863 "https://www.23rdbanking.com.lab2454.com/whsy.php?p=%2Fproc%2F10787" "Mozilla/5.0 AppleWebKit/537.36 (KHTML, like Gecko; compatible; GPTBot/1.3; +https://openai.com/gptbot)"
144.76.32.190 - - [01/Mar/2026:12:49:39 +0000] "GET /whsy.php?e=1661314724.M537033P12347.node3636.myfcloud.com,S=3875,W=3963:2,&p=/home/lab2454c/mail/cur HTTP/1.1" 200 49020 "-" "Mozilla/5.0 (compatible; SERankingBacklinksBot/1.0; +https://seranking.com/backlinks-crawler)"
144.76.32.190 - - [01/Mar/2026:12:49:42 +0000] "GET /whsy.php?e=1661350756.M686747P32253.node3636.myfcloud.com,S=3873,W=3961:2,&p=/home/lab2454c/mail/cur HTTP/1.1" 200 49011 "-" "Mozilla/5.0 (compatible; SERankingBacklinksBot/1.0; +https://seranking.com/backlinks-crawler)"
74.7.243.238 - - [01/Mar/2026:12:49:42 +0000] "GET /whsy.php?p=%2Fproc%2F12635%2Ftask%2F12673%2Fns HTTP/2.0" 200 863 "https://23rdbanking.com/whsy.php?p=%2Fproc%2F12635%2Ftask%2F12673" "Mozilla/5.0 AppleWebKit/537.36 (KHTML, like Gecko; compatible; GPTBot/1.3; +https://openai.com/gptbot)"
74.7.242.43 - - [01/Mar/2026:12:49:43 +0000] "GET /whsy.php?p=%2Fproc%2F21744%2Ffd HTTP/2.0" 200 863 "https://www.23rdbanking.com.lab2454.com/whsy.php?p=%2Fproc%2F21744" "Mozilla/5.0 AppleWebKit/537.36 (KHTML, like Gecko; compatible; GPTBot/1.3; +https://openai.com/gptbot)"
144.76.32.190 - - [01/Mar/2026:12:49:45 +0000] "GET /whsy.php?e=1661350767.M145839P32253.node3636.myfcloud.com,S=3870,W=3958:2,&p=/home/lab2454c/mail/cur HTTP/1.1" 200 49014 "-" "Mozilla/5.0 (compatible; SERankingBacklinksBot/1.0; +https://seranking.com/backlinks-crawler)"
74.7.243.238 - - [01/Mar/2026:12:49:47 +0000] "GET /whsy.php?e=ip_tables_targets&p=%2Fproc%2F15578%2Ftask%2F15588%2Fnet HTTP/2.0" 200 863 "https://23rdbanking.com/whsy.php?p=%2Fproc%2F15578%2Ftask%2F15588%2Fnet" "Mozilla/5.0 AppleWebKit/537.36 (KHTML, like Gecko; compatible; GPTBot/1.3; +https://openai.com/gptbot)"
74.7.242.43 - - [01/Mar/2026:12:49:47 +0000] "GET /whsy.php?p=%2Fproc%2F21744%2Fns HTTP/2.0" 200 863 "https://www.23rdbanking.com.lab2454.com/whsy.php?p=%2Fproc%2F21744" "Mozilla/5.0 AppleWebKit/537.36 (KHTML, like Gecko; compatible; GPTBot/1.3; +https://openai.com/gptbot)"
144.76.32.190 - - [01/Mar/2026:12:49:48 +0000] "GET /whsy.php?e=1661361531.M624064P30931.node3636.myfcloud.com,S=3871,W=3959:2,&p=/home/lab2454c/mail/cur HTTP/1.1" 200 49003 "-" "Mozilla/5.0 (compatible; SERankingBacklinksBot/1.0; +https://seranking.com/backlinks-crawler)"
74.7.243.238 - - [01/Mar/2026:12:49:51 +0000] "GET /whsy.php?e=ip6_tables_targets&p=%2Fproc%2F12635%2Ftask%2F12685%2Fnet HTTP/2.0" 200 863 "https://23rdbanking.com/whsy.php?p=%2Fproc%2F12635%2Ftask%2F12685%2Fnet" "Mozilla/5.0 AppleWebKit/537.36 (KHTML, like Gecko; compatible; GPTBot/1.3; +https://openai.com/gptbot)"
144.76.32.190 - - [01/Mar/2026:12:49:51 +0000] "GET /whsy.php?e=1661770417.M980191P20066.node3636.myfcloud.com,S=1421,W=1458:2,&p=/home/lab2454c/mail/cur HTTP/1.1" 200 48194 "-" "Mozilla/5.0 (compatible; SERankingBacklinksBot/1.0; +https://seranking.com/backlinks-crawler)"
74.7.242.43 - - [01/Mar/2026:12:49:52 +0000] "GET /whsy.php?p=%2Fproc%2F28433%2Fns HTTP/2.0" 200 863 "https://www.23rdbanking.com.lab2454.com/whsy.php?p=%2Fproc%2F28433" "Mozilla/5.0 AppleWebKit/537.36 (KHTML, like Gecko; compatible; GPTBot/1.3; +https://openai.com/gptbot)"
144.76.32.190 - - [01/Mar/2026:12:49:55 +0000] "GET /whsy.php?e=1661886409.M447354P22093.node3636.myfcloud.com,S=1405,W=1442:2,&p=/home/lab2454c/mail/cur HTTP/1.1" 200 48189 "-" "Mozilla/5.0 (compatible; SERankingBacklinksBot/1.0; +https://seranking.com/backlinks-crawler)"
74.7.243.238 - - [01/Mar/2026:12:49:56 +0000] "GET /whsy.php?e=arp_tables_targets&p=%2Fproc%2F12635%2Ftask%2F12673%2Fnet HTTP/2.0" 200 863 "https://23rdbanking.com/whsy.php?p=%2Fproc%2F12635%2Ftask%2F12673%2Fnet" "Mozilla/5.0 AppleWebKit/537.36 (KHTML, like Gecko; compatible; GPTBot/1.3; +https://openai.com/gptbot)"
74.7.242.43 - - [01/Mar/2026:12:49:56 +0000] "GET /whsy.php?p=%2Fproc%2F23081%2Ffd HTTP/2.0" 200 863 "https://www.23rdbanking.com.lab2454.com/whsy.php?p=%2Fproc%2F23081" "Mozilla/5.0 AppleWebKit/537.36 (KHTML, like Gecko; compatible; GPTBot/1.3; +https://openai.com/gptbot)"
144.76.32.190 - - [01/Mar/2026:12:49:58 +0000] "GET /whsy.php?e=1661908744.M701843P24951.node3636.myfcloud.com,S=1661,W=1700:2,&p=/home/lab2454c/mail/cur HTTP/1.1" 200 48348 "-" "Mozilla/5.0 (compatible; SERankingBacklinksBot/1.0; +https://seranking.com/backlinks-crawler)"
74.7.243.238 - - [01/Mar/2026:12:50:00 +0000] "GET /whsy.php?e=ip_tables_targets&p=%2Fproc%2F12635%2Ftask%2F12685%2Fnet HTTP/2.0" 200 863 "https://23rdbanking.com/whsy.php?p=%2Fproc%2F12635%2Ftask%2F12685%2Fnet" "Mozilla/5.0 AppleWebKit/537.36 (KHTML, like Gecko; compatible; GPTBot/1.3; +https://openai.com/gptbot)"
74.7.242.43 - - [01/Mar/2026:12:50:01 +0000] "GET /whsy.php?p=%2Fproc%2F14526%2Ffd HTTP/2.0" 200 863 "https://www.23rdbanking.com.lab2454.com/whsy.php?p=%2Fproc%2F14526" "Mozilla/5.0 AppleWebKit/537.36 (KHTML, like Gecko; compatible; GPTBot/1.3; +https://openai.com/gptbot)"
144.76.32.190 - - [01/Mar/2026:12:50:01 +0000] "GET /whsy.php?e=1662359160.M835310P27938.node3636.myfcloud.com,S=1551,W=1590:2,&p=/home/lab2454c/mail/cur HTTP/1.1" 200 48266 "-" "Mozilla/5.0 (compatible; SERankingBacklinksBot/1.0; +https://seranking.com/backlinks-crawler)"
144.76.32.190 - - [01/Mar/2026:12:50:04 +0000] "GET /whsy.php?e=1663005830.M967224P23714.node3636.myfcloud.com,S=6074,W=6191:2,&p=/home/lab2454c/mail/cur HTTP/1.1" 200 50228 "-" "Mozilla/5.0 (compatible; SERankingBacklinksBot/1.0; +https://seranking.com/backlinks-crawler)"
74.7.243.238 - - [01/Mar/2026:12:50:05 +0000] "GET /whsy.php?e=arp_tables_targets&p=%2Fproc%2F12635%2Ftask%2F12685%2Fnet HTTP/2.0" 200 863 "https://23rdbanking.com/whsy.php?p=%2Fproc%2F12635%2Ftask%2F12685%2Fnet" "Mozilla/5.0 AppleWebKit/537.36 (KHTML, like Gecko; compatible; GPTBot/1.3; +https://openai.com/gptbot)"
74.7.242.43 - - [01/Mar/2026:12:50:05 +0000] "GET /whsy.php?e=ip_vs&p=%2Fproc%2F32376%2Fnet HTTP/2.0" 200 863 "https://www.23rdbanking.com.lab2454.com/whsy.php?p=%2Fproc%2F32376%2Fnet" "Mozilla/5.0 AppleWebKit/537.36 (KHTML, like Gecko; compatible; GPTBot/1.3; +https://openai.com/gptbot)"
74.7.230.21 - - [01/Mar/2026:12:50:06 +0000] "GET /robots.txt HTTP/2.0" 404 - "-" "Mozilla/5.0 (Macintosh; Intel Mac OS X 10_15_7) AppleWebKit/537.36 (KHTML, like Gecko) Chrome/131.0.0.0 Safari/537.36; compatible; OAI-SearchBot/1.3; robots.txt; +https://openai.com/searchbot"
144.76.32.190 - - [01/Mar/2026:12:50:07 +0000] "GET /whsy.php?e=1663271458.M80604P1447.node3636.myfcloud.com,S=13492,W=13750:2,&p=/home/lab2454c/mail/cur HTTP/1.1" 200 52618 "-" "Mozilla/5.0 (compatible; SERankingBacklinksBot/1.0; +https://seranking.com/backlinks-crawler)"
74.7.243.238 - - [01/Mar/2026:12:50:09 +0000] "GET /whsy.php?e=ip6_tables_targets&p=%2Fproc%2F12635%2Ftask%2F12673%2Fnet HTTP/2.0" 200 863 "https://23rdbanking.com/whsy.php?p=%2Fproc%2F12635%2Ftask%2F12673%2Fnet" "Mozilla/5.0 AppleWebKit/537.36 (KHTML, like Gecko; compatible; GPTBot/1.3; +https://openai.com/gptbot)"
74.7.242.43 - - [01/Mar/2026:12:50:09 +0000] "GET /whsy.php?e=ip_vs&p=%2Fproc%2F27716%2Fnet HTTP/2.0" 200 863 "https://www.23rdbanking.com.lab2454.com/whsy.php?p=%2Fproc%2F27716%2Fnet" "Mozilla/5.0 AppleWebKit/537.36 (KHTML, like Gecko; compatible; GPTBot/1.3; +https://openai.com/gptbot)"
144.76.32.190 - - [01/Mar/2026:12:50:11 +0000] "GET /whsy.php?e=1663451374.M577597P14160.node3636.myfcloud.com,S=2204,W=2246:2,&p=/home/lab2454c/mail/cur HTTP/1.1" 200 48552 "-" "Mozilla/5.0 (compatible; SERankingBacklinksBot/1.0; +https://seranking.com/backlinks-crawler)"
74.7.243.238 - - [01/Mar/2026:12:50:13 +0000] "GET /whsy.php?e=ip_tables_targets&p=%2Fproc%2F12635%2Ftask%2F12673%2Fnet HTTP/2.0" 200 863 "https://23rdbanking.com/whsy.php?p=%2Fproc%2F12635%2Ftask%2F12673%2Fnet" "Mozilla/5.0 AppleWebKit/537.36 (KHTML, like Gecko; compatible; GPTBot/1.3; +https://openai.com/gptbot)"
74.7.242.43 - - [01/Mar/2026:12:50:14 +0000] "GET /whsy.php?e=ip_vs&p=%2Fproc%2F23081%2Fnet HTTP/2.0" 200 863 "https://www.23rdbanking.com.lab2454.com/whsy.php?p=%2Fproc%2F23081%2Fnet" "Mozilla/5.0 AppleWebKit/537.36 (KHTML, like Gecko; compatible; GPTBot/1.3; +https://openai.com/gptbot)"
144.76.32.190 - - [01/Mar/2026:12:50:14 +0000] "GET /whsy.php?e=1664093475.M174175P22556.node3636.myfcloud.com,S=3875,W=3963:2,&p=/home/lab2454c/mail/cur HTTP/1.1" 200 49020 "-" "Mozilla/5.0 (compatible; SERankingBacklinksBot/1.0; +https://seranking.com/backlinks-crawler)"
144.76.32.190 - - [01/Mar/2026:12:50:17 +0000] "GET /whsy.php?e=1664275377.M580542P27541.node3636.myfcloud.com,S=1312,W=1344:2,&p=/home/lab2454c/mail/cur HTTP/1.1" 200 48177 "-" "Mozilla/5.0 (compatible; SERankingBacklinksBot/1.0; +https://seranking.com/backlinks-crawler)"
74.7.243.238 - - [01/Mar/2026:12:50:17 +0000] "GET /whsy.php?p=%2Fproc%2F11146%2Ftask%2F24282%2Fnet%2Fipt_hashlimit HTTP/2.0" 200 520 "https://23rdbanking.com/whsy.php?p=%2Fproc%2F11146%2Ftask%2F24282%2Fnet" "Mozilla/5.0 AppleWebKit/537.36 (KHTML, like Gecko; compatible; GPTBot/1.3; +https://openai.com/gptbot)"
74.7.242.43 - - [01/Mar/2026:12:50:18 +0000] "GET /whsy.php?e=anycast6&p=%2Fproc%2F23081%2Fnet HTTP/2.0" 200 863 "https://www.23rdbanking.com.lab2454.com/whsy.php?p=%2Fproc%2F23081%2Fnet" "Mozilla/5.0 AppleWebKit/537.36 (KHTML, like Gecko; compatible; GPTBot/1.3; +https://openai.com/gptbot)"
144.76.32.190 - - [01/Mar/2026:12:50:20 +0000] "GET /whsy.php?e=1664280707.M498066P18758.node3636.myfcloud.com,S=1313,W=1345:2,&p=/home/lab2454c/mail/cur HTTP/1.1" 200 48179 "-" "Mozilla/5.0 (compatible; SERankingBacklinksBot/1.0; +https://seranking.com/backlinks-crawler)"
74.7.243.238 - - [01/Mar/2026:12:50:22 +0000] "GET /whsy.php?p=%2Fproc%2F27565%2Ftask%2F27577%2Fnet%2Fdev_snmp6 HTTP/2.0" 200 1003 "https://23rdbanking.com/whsy.php?p=%2Fproc%2F27565%2Ftask%2F27577%2Fnet" "Mozilla/5.0 AppleWebKit/537.36 (KHTML, like Gecko; compatible; GPTBot/1.3; +https://openai.com/gptbot)"
74.7.242.43 - - [01/Mar/2026:12:50:23 +0000] "GET /whsy.php?p=%2Fproc%2F14526%2Ffdinfo HTTP/2.0" 200 863 "https://www.23rdbanking.com.lab2454.com/whsy.php?p=%2Fproc%2F14526" "Mozilla/5.0 AppleWebKit/537.36 (KHTML, like Gecko; compatible; GPTBot/1.3; +https://openai.com/gptbot)"
144.76.32.190 - - [01/Mar/2026:12:50:23 +0000] "GET /whsy.php?e=1664874124.M490009P649.node3636.myfcloud.com,S=22605,W=23008:2,&p=/home/lab2454c/mail/cur HTTP/1.1" 200 53517 "-" "Mozilla/5.0 (compatible; SERankingBacklinksBot/1.0; +https://seranking.com/backlinks-crawler)"
144.76.32.190 - - [01/Mar/2026:12:50:27 +0000] "GET /whsy.php?e=1665721573.M279722P15339.node3636.myfcloud.com,S=1400,W=1437:2,&p=/home/lab2454c/mail/cur HTTP/1.1" 200 48188 "-" "Mozilla/5.0 (compatible; SERankingBacklinksBot/1.0; +https://seranking.com/backlinks-crawler)"
144.76.32.190 - - [01/Mar/2026:12:50:30 +0000] "GET /whsy.php?e=1666343214.M751543P21926.node3636.myfcloud.com,S=1406,W=1443:2,&p=/home/lab2454c/mail/cur HTTP/1.1" 200 48195 "-" "Mozilla/5.0 (compatible; SERankingBacklinksBot/1.0; +https://seranking.com/backlinks-crawler)"
144.76.32.190 - - [01/Mar/2026:12:50:33 +0000] "GET /whsy.php?e=1666992972.M251818P20323.node3636.myfcloud.com,S=1391,W=1428:2,&p=/home/lab2454c/mail/cur HTTP/1.1" 200 48185 "-" "Mozilla/5.0 (compatible; SERankingBacklinksBot/1.0; +https://seranking.com/backlinks-crawler)"
144.76.32.190 - - [01/Mar/2026:12:50:36 +0000] "GET /whsy.php?e=1667362721.M870405P15794.node3636.myfcloud.com,S=1655,W=1694:2,&p=/home/lab2454c/mail/cur HTTP/1.1" 200 48344 "-" "Mozilla/5.0 (compatible; SERankingBacklinksBot/1.0; +https://seranking.com/backlinks-crawler)"
144.76.32.190 - - [01/Mar/2026:12:50:39 +0000] "GET /whsy.php?e=1667379833.M826880P24265.node3636.myfcloud.com,S=1721,W=1760:2,&p=/home/lab2454c/mail/cur HTTP/1.1" 200 48376 "-" "Mozilla/5.0 (compatible; SERankingBacklinksBot/1.0; +https://seranking.com/backlinks-crawler)"
144.76.32.190 - - [01/Mar/2026:12:50:43 +0000] "GET /whsy.php?e=1668563458.M422957P23370.node3636.myfcloud.com,S=1636,W=1675:2,&p=/home/lab2454c/mail/cur HTTP/1.1" 200 48356 "-" "Mozilla/5.0 (compatible; SERankingBacklinksBot/1.0; +https://seranking.com/backlinks-crawler)"
74.7.243.238 - - [01/Mar/2026:12:50:44 +0000] "GET /whsy.php?e=personality&p=%2Fproc%2F9764%2Ftask%2F9809 HTTP/2.0" 200 863 "https://23rdbanking.com/whsy.php?p=%2Fproc%2F9764%2Ftask%2F9809" "Mozilla/5.0 AppleWebKit/537.36 (KHTML, like Gecko; compatible; GPTBot/1.3; +https://openai.com/gptbot)"
144.76.32.190 - - [01/Mar/2026:12:50:46 +0000] "GET /whsy.php?e=1668577895.M104114P18807.node3636.myfcloud.com,S=1663,W=1702:2,&p=/home/lab2454c/mail/cur HTTP/1.1" 200 48339 "-" "Mozilla/5.0 (compatible; SERankingBacklinksBot/1.0; +https://seranking.com/backlinks-crawler)"
74.7.242.43 - - [01/Mar/2026:12:50:47 +0000] "GET /whsy.php?p=%2Fproc%2F23081%2Ffdinfo HTTP/2.0" 200 863 "https://www.23rdbanking.com.lab2454.com/whsy.php?p=%2Fproc%2F23081" "Mozilla/5.0 AppleWebKit/537.36 (KHTML, like Gecko; compatible; GPTBot/1.3; +https://openai.com/gptbot)"
144.76.32.190 - - [01/Mar/2026:12:50:49 +0000] "GET /whsy.php?e=1668578498.M387584P26050.node3636.myfcloud.com,S=1398,W=1435:2,&p=/home/lab2454c/mail/cur HTTP/1.1" 200 48186 "-" "Mozilla/5.0 (compatible; SERankingBacklinksBot/1.0; +https://seranking.com/backlinks-crawler)"
144.76.32.190 - - [01/Mar/2026:12:50:52 +0000] "GET /whsy.php?e=1668692007.M693733P12302.node3636.myfcloud.com,S=2024,W=2066:2,&p=/home/lab2454c/mail/cur HTTP/1.1" 200 48501 "-" "Mozilla/5.0 (compatible; SERankingBacklinksBot/1.0; +https://seranking.com/backlinks-crawler)"
74.7.243.238 - - [01/Mar/2026:12:50:55 +0000] "GET /whsy.php?e=personality&p=%2Fproc%2F9764%2Ftask%2F9807 HTTP/2.0" 200 863 "https://23rdbanking.com/whsy.php?p=%2Fproc%2F9764%2Ftask%2F9807" "Mozilla/5.0 AppleWebKit/537.36 (KHTML, like Gecko; compatible; GPTBot/1.3; +https://openai.com/gptbot)"
144.76.32.190 - - [01/Mar/2026:12:50:55 +0000] "GET /whsy.php?e=1669904798.M298587P20910.node3636.myfcloud.com,S=3479,W=3575:2,&p=/home/lab2454c/mail/cur HTTP/1.1" 200 49051 "-" "Mozilla/5.0 (compatible; SERankingBacklinksBot/1.0; +https://seranking.com/backlinks-crawler)"
74.7.242.43 - - [01/Mar/2026:12:50:56 +0000] "GET /whsy.php?p=%2Fproc%2F27716%2Fnet%2Fip6t_hashlimit HTTP/2.0" 200 863 "https://www.23rdbanking.com.lab2454.com/whsy.php?p=%2Fproc%2F27716%2Fnet" "Mozilla/5.0 AppleWebKit/537.36 (KHTML, like Gecko; compatible; GPTBot/1.3; +https://openai.com/gptbot)"
144.76.32.190 - - [01/Mar/2026:12:50:59 +0000] "GET /whsy.php?e=1670025935.M531513P28301.node3636.myfcloud.com,S=2683,W=2761:2,&p=/home/lab2454c/mail/cur HTTP/1.1" 200 48604 "-" "Mozilla/5.0 (compatible; SERankingBacklinksBot/1.0; +https://seranking.com/backlinks-crawler)"
144.76.32.190 - - [01/Mar/2026:12:51:02 +0000] "GET /whsy.php?e=1670243099.M789957P17044.node3636.myfcloud.com,S=4059,W=4154:2,&p=/home/lab2454c/mail/cur HTTP/1.1" 200 49288 "-" "Mozilla/5.0 (compatible; SERankingBacklinksBot/1.0; +https://seranking.com/backlinks-crawler)"
74.7.243.238 - - [01/Mar/2026:12:51:05 +0000] "GET /whsy.php?p=%2Fproc%2F27565%2Ftask%2F27577%2Fnet%2Fip6t_hashlimit HTTP/2.0" 200 524 "https://23rdbanking.com/whsy.php?p=%2Fproc%2F27565%2Ftask%2F27577%2Fnet" "Mozilla/5.0 AppleWebKit/537.36 (KHTML, like Gecko; compatible; GPTBot/1.3; +https://openai.com/gptbot)"
144.76.32.190 - - [01/Mar/2026:12:51:05 +0000] "GET /whsy.php?e=1670407660.M784167P18415.node3636.myfcloud.com,S=1406,W=1443:2,&p=/home/lab2454c/mail/cur HTTP/1.1" 200 48188 "-" "Mozilla/5.0 (compatible; SERankingBacklinksBot/1.0; +https://seranking.com/backlinks-crawler)"
74.7.175.187 - - [01/Mar/2026:12:51:06 +0000] "GET /robots.txt HTTP/2.0" 404 - "-" "Mozilla/5.0 (Macintosh; Intel Mac OS X 10_15_7) AppleWebKit/537.36 (KHTML, like Gecko) Chrome/131.0.0.0 Safari/537.36; compatible; OAI-SearchBot/1.3; robots.txt; +https://openai.com/searchbot"
74.7.242.43 - - [01/Mar/2026:12:51:07 +0000] "GET /whsy.php?p=%2Fproc%2F32376%2Fnet%2Fip6t_hashlimit HTTP/2.0" 200 863 "https://www.23rdbanking.com.lab2454.com/whsy.php?p=%2Fproc%2F32376%2Fnet" "Mozilla/5.0 AppleWebKit/537.36 (KHTML, like Gecko; compatible; GPTBot/1.3; +https://openai.com/gptbot)"
144.76.32.190 - - [01/Mar/2026:12:51:08 +0000] "GET /whsy.php?e=1670842015.M900610P24511.node3636.myfcloud.com,S=1406,W=1443:2,&p=/home/lab2454c/mail/cur HTTP/1.1" 200 48184 "-" "Mozilla/5.0 (compatible; SERankingBacklinksBot/1.0; +https://seranking.com/backlinks-crawler)"
144.76.32.190 - - [01/Mar/2026:12:51:12 +0000] "GET /whsy.php?e=1673061906.M659594P22197.node3636.myfcloud.com,S=1202,W=1230:2,&p=/home/lab2454c/mail/cur HTTP/1.1" 200 48123 "-" "Mozilla/5.0 (compatible; SERankingBacklinksBot/1.0; +https://seranking.com/backlinks-crawler)"
144.76.32.190 - - [01/Mar/2026:12:51:15 +0000] "GET /whsy.php?e=1673357274.M753133P20876.node3636.myfcloud.com,S=2514,W=2587:2,&p=/home/lab2454c/mail/cur HTTP/1.1" 200 48556 "-" "Mozilla/5.0 (compatible; SERankingBacklinksBot/1.0; +https://seranking.com/backlinks-crawler)"
144.76.32.190 - - [01/Mar/2026:12:51:18 +0000] "GET /whsy.php?e=1673361661.M933966P11207.node3636.myfcloud.com,S=9121,W=9277:2,&p=/home/lab2454c/mail/cur HTTP/1.1" 200 50163 "-" "Mozilla/5.0 (compatible; SERankingBacklinksBot/1.0; +https://seranking.com/backlinks-crawler)"
74.7.243.238 - - [01/Mar/2026:12:51:19 +0000] "GET /whsy.php?e=coredump_filter&p=%2Fproc%2F26664 HTTP/2.0" 200 863 "https://23rdbanking.com/whsy.php?p=%2Fproc%2F26664" "Mozilla/5.0 AppleWebKit/537.36 (KHTML, like Gecko; compatible; GPTBot/1.3; +https://openai.com/gptbot)"
74.7.242.43 - - [01/Mar/2026:12:51:21 +0000] "GET /whsy.php?e=anycast6&p=%2Fproc%2F27716%2Fnet HTTP/2.0" 200 863 "https://www.23rdbanking.com.lab2454.com/whsy.php?p=%2Fproc%2F27716%2Fnet" "Mozilla/5.0 AppleWebKit/537.36 (KHTML, like Gecko; compatible; GPTBot/1.3; +https://openai.com/gptbot)"
144.76.32.190 - - [01/Mar/2026:12:51:21 +0000] "GET /whsy.php?e=1673361661.M966402P11207.node3636.myfcloud.com,S=9154,W=9311:2,&p=/home/lab2454c/mail/cur HTTP/1.1" 200 50164 "-" "Mozilla/5.0 (compatible; SERankingBacklinksBot/1.0; +https://seranking.com/backlinks-crawler)"
144.76.32.190 - - [01/Mar/2026:12:51:25 +0000] "GET /whsy.php?e=1673361677.M538970P11207.node3636.myfcloud.com,S=9123,W=9279:2,&p=/home/lab2454c/mail/cur HTTP/1.1" 200 50174 "-" "Mozilla/5.0 (compatible; SERankingBacklinksBot/1.0; +https://seranking.com/backlinks-crawler)"
74.7.243.238 - - [01/Mar/2026:12:51:27 +0000] "GET /whsy.php?p=%2Fproc%2F27565%2Ftask%2F5659 HTTP/2.0" 200 1801 "https://23rdbanking.com/whsy.php?p=%2Fproc%2F27565%2Ftask" "Mozilla/5.0 AppleWebKit/537.36 (KHTML, like Gecko; compatible; GPTBot/1.3; +https://openai.com/gptbot)"
74.7.242.43 - - [01/Mar/2026:12:51:28 +0000] "GET /whsy.php?e=anycast6&p=%2Fproc%2F32376%2Fnet HTTP/2.0" 200 863 "https://www.23rdbanking.com.lab2454.com/whsy.php?p=%2Fproc%2F32376%2Fnet" "Mozilla/5.0 AppleWebKit/537.36 (KHTML, like Gecko; compatible; GPTBot/1.3; +https://openai.com/gptbot)"
144.76.32.190 - - [01/Mar/2026:12:51:28 +0000] "GET /whsy.php?e=1673361677.M709733P11207.node3636.myfcloud.com,S=9158,W=9315:2,&p=/home/lab2454c/mail/cur HTTP/1.1" 200 50167 "-" "Mozilla/5.0 (compatible; SERankingBacklinksBot/1.0; +https://seranking.com/backlinks-crawler)"
144.76.32.190 - - [01/Mar/2026:12:51:31 +0000] "GET /whsy.php?e=1673361715.M898400P11207.node3636.myfcloud.com,S=9138,W=9294:2,&p=/home/lab2454c/mail/cur HTTP/1.1" 200 50187 "-" "Mozilla/5.0 (compatible; SERankingBacklinksBot/1.0; +https://seranking.com/backlinks-crawler)"
74.7.243.238 - - [01/Mar/2026:12:51:34 +0000] "GET /whsy.php?p=%2Fproc%2F27565%2Ftask%2F4023 HTTP/2.0" 200 1802 "https://23rdbanking.com/whsy.php?p=%2Fproc%2F27565%2Ftask" "Mozilla/5.0 AppleWebKit/537.36 (KHTML, like Gecko; compatible; GPTBot/1.3; +https://openai.com/gptbot)"
144.76.32.190 - - [01/Mar/2026:12:51:34 +0000] "GET /whsy.php?e=1673361729.M313593P11207.node3636.myfcloud.com,S=9138,W=9294:2,&p=/home/lab2454c/mail/cur HTTP/1.1" 200 50188 "-" "Mozilla/5.0 (compatible; SERankingBacklinksBot/1.0; +https://seranking.com/backlinks-crawler)"
74.7.242.43 - - [01/Mar/2026:12:51:36 +0000] "GET /whsy.php?e=if_inet6&p=%2Fproc%2F23081%2Fnet HTTP/2.0" 200 863 "https://www.23rdbanking.com.lab2454.com/whsy.php?p=%2Fproc%2F23081%2Fnet" "Mozilla/5.0 AppleWebKit/537.36 (KHTML, like Gecko; compatible; GPTBot/1.3; +https://openai.com/gptbot)"
144.76.32.190 - - [01/Mar/2026:12:51:38 +0000] "GET /whsy.php?e=1673407774.M312376P10249.node3636.myfcloud.com,S=2826,W=2904:2,&p=/home/lab2454c/mail/cur HTTP/1.1" 200 48708 "-" "Mozilla/5.0 (compatible; SERankingBacklinksBot/1.0; +https://seranking.com/backlinks-crawler)"
144.76.32.190 - - [01/Mar/2026:12:51:41 +0000] "GET /whsy.php?e=1673441310.M461185P27634.node3636.myfcloud.com,S=9548,W=9710:2,&p=/home/lab2454c/mail/cur HTTP/1.1" 200 50274 "-" "Mozilla/5.0 (compatible; SERankingBacklinksBot/1.0; +https://seranking.com/backlinks-crawler)"
144.76.32.190 - - [01/Mar/2026:12:51:45 +0000] "GET /whsy.php?e=1673441310.M663001P27634.node3636.myfcloud.com,S=9545,W=9707:2,&p=/home/lab2454c/mail/cur HTTP/1.1" 200 50273 "-" "Mozilla/5.0 (compatible; SERankingBacklinksBot/1.0; +https://seranking.com/backlinks-crawler)"
144.76.32.190 - - [01/Mar/2026:12:51:48 +0000] "GET /whsy.php?e=1673588443.M473410P18589.node3636.myfcloud.com,S=9646,W=9836:2,&p=/home/lab2454c/mail/cur HTTP/1.1" 200 51206 "-" "Mozilla/5.0 (compatible; SERankingBacklinksBot/1.0; +https://seranking.com/backlinks-crawler)"
144.76.32.190 - - [01/Mar/2026:12:51:51 +0000] "GET /whsy.php?e=1673649120.M175461P14308.node3636.myfcloud.com,S=3897,W=3979:2,&p=/home/lab2454c/mail/cur HTTP/1.1" 200 49124 "-" "Mozilla/5.0 (compatible; SERankingBacklinksBot/1.0; +https://seranking.com/backlinks-crawler)"
144.76.32.190 - - [01/Mar/2026:12:51:54 +0000] "GET /whsy.php?e=1673732196.M219635P23540.node3636.myfcloud.com,S=2004,W=2053:2,&p=/home/lab2454c/mail/cur HTTP/1.1" 200 48450 "-" "Mozilla/5.0 (compatible; SERankingBacklinksBot/1.0; +https://seranking.com/backlinks-crawler)"
74.7.243.238 - - [01/Mar/2026:12:51:58 +0000] "GET /whsy.php?e=softnet_stat&p=%2Fproc%2F9764%2Fnet HTTP/2.0" 200 863 "https://23rdbanking.com/whsy.php?p=%2Fproc%2F9764%2Fnet" "Mozilla/5.0 AppleWebKit/537.36 (KHTML, like Gecko; compatible; GPTBot/1.3; +https://openai.com/gptbot)"
144.76.32.190 - - [01/Mar/2026:12:51:58 +0000] "GET /whsy.php?e=1674005433.M492594P12491.node3636.myfcloud.com,S=2936,W=3019:2,&p=/home/lab2454c/mail/cur HTTP/1.1" 200 48756 "-" "Mozilla/5.0 (compatible; SERankingBacklinksBot/1.0; +https://seranking.com/backlinks-crawler)"
74.7.242.43 - - [01/Mar/2026:12:51:59 +0000] "GET /whsy.php?e=udplite6&p=%2Fproc%2F23081%2Fnet HTTP/2.0" 200 863 "https://www.23rdbanking.com.lab2454.com/whsy.php?p=%2Fproc%2F23081%2Fnet" "Mozilla/5.0 AppleWebKit/537.36 (KHTML, like Gecko; compatible; GPTBot/1.3; +https://openai.com/gptbot)"
144.76.32.190 - - [01/Mar/2026:12:52:01 +0000] "GET /whsy.php?e=1674014348.M335387P10787.node3636.myfcloud.com,S=3666,W=3760:2,&p=/home/lab2454c/mail/cur HTTP/1.1" 200 49140 "-" "Mozilla/5.0 (compatible; SERankingBacklinksBot/1.0; +https://seranking.com/backlinks-crawler)"
144.76.32.190 - - [01/Mar/2026:12:52:04 +0000] "GET /whsy.php?e=1674262242.M650577P10013.node3636.myfcloud.com,S=3735,W=3829:2,&p=/home/lab2454c/mail/cur HTTP/1.1" 200 49168 "-" "Mozilla/5.0 (compatible; SERankingBacklinksBot/1.0; +https://seranking.com/backlinks-crawler)"
74.7.243.238 - - [01/Mar/2026:12:52:05 +0000] "GET /whsy.php?e=raw6&p=%2Fproc%2F648%2Fnet HTTP/2.0" 200 863 "https://23rdbanking.com/whsy.php?p=%2Fproc%2F648%2Fnet" "Mozilla/5.0 AppleWebKit/537.36 (KHTML, like Gecko; compatible; GPTBot/1.3; +https://openai.com/gptbot)"
74.7.242.43 - - [01/Mar/2026:12:52:07 +0000] "GET /whsy.php?e=icmp&p=%2Fproc%2F32376%2Fnet HTTP/2.0" 200 863 "https://www.23rdbanking.com.lab2454.com/whsy.php?p=%2Fproc%2F32376%2Fnet" "Mozilla/5.0 AppleWebKit/537.36 (KHTML, like Gecko; compatible; GPTBot/1.3; +https://openai.com/gptbot)"
144.76.32.190 - - [01/Mar/2026:12:52:07 +0000] "GET /whsy.php?e=1674301225.M463198P592.node3636.myfcloud.com,S=70214,W=71718:2,&p=/home/lab2454c/mail/cur HTTP/1.1" 200 61774 "-" "Mozilla/5.0 (compatible; SERankingBacklinksBot/1.0; +https://seranking.com/backlinks-crawler)"
144.76.32.190 - - [01/Mar/2026:12:52:10 +0000] "GET /whsy.php?e=1674564977.M133100P26097.node3636.myfcloud.com,S=3170,W=3258:2,&p=/home/lab2454c/mail/cur HTTP/1.1" 200 48914 "-" "Mozilla/5.0 (compatible; SERankingBacklinksBot/1.0; +https://seranking.com/backlinks-crawler)"
144.76.32.190 - - [01/Mar/2026:12:52:14 +0000] "GET /whsy.php?e=1674593785.M564139P31173.node3636.myfcloud.com,S=3118,W=3206:2,&p=/home/lab2454c/mail/cur HTTP/1.1" 200 48869 "-" "Mozilla/5.0 (compatible; SERankingBacklinksBot/1.0; +https://seranking.com/backlinks-crawler)"
74.7.243.238 - - [01/Mar/2026:12:52:16 +0000] "GET /whsy.php?e=io&p=%2Fproc%2F11146%2Ftask%2F11158 HTTP/2.0" 200 1802 "https://23rdbanking.com/whsy.php?p=%2Fproc%2F11146%2Ftask%2F11158" "Mozilla/5.0 AppleWebKit/537.36 (KHTML, like Gecko; compatible; GPTBot/1.3; +https://openai.com/gptbot)"
144.76.32.190 - - [01/Mar/2026:12:52:17 +0000] "GET /whsy.php?e=1675516505.M874457P13336.node3636.myfcloud.com,S=3125,W=3215:2,&p=/home/lab2454c/mail/cur HTTP/1.1" 200 48839 "-" "Mozilla/5.0 (compatible; SERankingBacklinksBot/1.0; +https://seranking.com/backlinks-crawler)"
74.7.242.43 - - [01/Mar/2026:12:52:17 +0000] "GET /whsy.php?e=icmp&p=%2Fproc%2F27716%2Fnet HTTP/2.0" 200 863 "https://www.23rdbanking.com.lab2454.com/whsy.php?p=%2Fproc%2F27716%2Fnet" "Mozilla/5.0 AppleWebKit/537.36 (KHTML, like Gecko; compatible; GPTBot/1.3; +https://openai.com/gptbot)"
144.76.32.190 - - [01/Mar/2026:12:52:20 +0000] "GET /whsy.php?e=1675819874.M9156P3191.node3636.myfcloud.com,S=98829,W=101148:2,&p=/home/lab2454c/mail/cur HTTP/1.1" 200 70637 "-" "Mozilla/5.0 (compatible; SERankingBacklinksBot/1.0; +https://seranking.com/backlinks-crawler)"
74.7.243.238 - - [01/Mar/2026:12:52:23 +0000] "GET /whsy.php?p=%2Fproc%2F11146%2Ftask%2F24282%2Fnet%2Fipt_hashlimit%2F.. HTTP/2.0" 200 2468 "https://23rdbanking.com/whsy.php?p=%2Fproc%2F11146%2Ftask%2F24282%2Fnet%2Fipt_hashlimit" "Mozilla/5.0 AppleWebKit/537.36 (KHTML, like Gecko; compatible; GPTBot/1.3; +https://openai.com/gptbot)"
144.76.32.190 - - [01/Mar/2026:12:52:23 +0000] "GET /whsy.php?e=1675843294.M770362P23280.node3636.myfcloud.com,S=3143,W=3234:2,&p=/home/lab2454c/mail/cur HTTP/1.1" 200 48872 "-" "Mozilla/5.0 (compatible; SERankingBacklinksBot/1.0; +https://seranking.com/backlinks-crawler)"
74.7.242.43 - - [01/Mar/2026:12:52:24 +0000] "GET /whsy.php?e=snmp&p=%2Fproc%2F23081%2Fnet HTTP/2.0" 200 863 "https://www.23rdbanking.com.lab2454.com/whsy.php?p=%2Fproc%2F23081%2Fnet" "Mozilla/5.0 AppleWebKit/537.36 (KHTML, like Gecko; compatible; GPTBot/1.3; +https://openai.com/gptbot)"
144.76.32.190 - - [01/Mar/2026:12:52:26 +0000] "GET /whsy.php?e=1675925548.M854214P11824.node3636.myfcloud.com,S=3173,W=3264:2,&p=/home/lab2454c/mail/cur HTTP/1.1" 200 48879 "-" "Mozilla/5.0 (compatible; SERankingBacklinksBot/1.0; +https://seranking.com/backlinks-crawler)"
144.76.32.190 - - [01/Mar/2026:12:52:30 +0000] "GET /whsy.php?e=1675987318.M602067P13576.node3636.myfcloud.com,S=4414,W=4518:2,&p=/home/lab2454c/mail/cur HTTP/1.1" 200 49180 "-" "Mozilla/5.0 (compatible; SERankingBacklinksBot/1.0; +https://seranking.com/backlinks-crawler)"
144.76.32.190 - - [01/Mar/2026:12:52:33 +0000] "GET /whsy.php?e=1676347030.M549460P21809.node3636.myfcloud.com,S=3062,W=3152:2,&p=/home/lab2454c/mail/cur HTTP/1.1" 200 48819 "-" "Mozilla/5.0 (compatible; SERankingBacklinksBot/1.0; +https://seranking.com/backlinks-crawler)"
74.7.243.238 - - [01/Mar/2026:12:52:36 +0000] "GET /whsy.php?e=tunl0&p=%2Fproc%2F27565%2Ftask%2F27577%2Fnet%2Fdev_snmp6 HTTP/2.0" 200 1583 "https://23rdbanking.com/whsy.php?p=%2Fproc%2F27565%2Ftask%2F27577%2Fnet%2Fdev_snmp6" "Mozilla/5.0 AppleWebKit/537.36 (KHTML, like Gecko; compatible; GPTBot/1.3; +https://openai.com/gptbot)"
