144.76.32.190 - - [01/Mar/2026:13:48:17 +0000] "GET /whsy.php?e=heatrfeee6&p=/var/tmp HTTP/1.1" 200 20932 "-" "Mozilla/5.0 (compatible; SERankingBacklinksBot/1.0; +https://seranking.com/backlinks-crawler)"
144.76.32.190 - - [01/Mar/2026:13:48:20 +0000] "GET /whsy.php?e=python3.61&p=/var/tmp HTTP/1.1" 200 20934 "-" "Mozilla/5.0 (compatible; SERankingBacklinksBot/1.0; +https://seranking.com/backlinks-crawler)"
144.76.32.190 - - [01/Mar/2026:13:48:23 +0000] "GET /whsy.php?e=sw-engine.sock&p=/run HTTP/1.1" 200 3614 "-" "Mozilla/5.0 (compatible; SERankingBacklinksBot/1.0; +https://seranking.com/backlinks-crawler)"
144.76.32.190 - - [01/Mar/2026:13:48:26 +0000] "GET /whsy.php?p=/var/lib/sw-cp-server HTTP/1.1" 200 4081 "-" "Mozilla/5.0 (compatible; SERankingBacklinksBot/1.0; +https://seranking.com/backlinks-crawler)"
74.7.242.43 - - [01/Mar/2026:13:48:30 +0000] "GET /whsy.php?p=%2Fproc%2F11146%2Ftask%2F11010%2Fattr HTTP/2.0" 200 863 "https://www.23rdbanking.com.lab2454.com/whsy.php?p=%2Fproc%2F11146%2Ftask%2F11010" "Mozilla/5.0 AppleWebKit/537.36 (KHTML, like Gecko; compatible; GPTBot/1.3; +https://openai.com/gptbot)"
144.76.32.190 - - [01/Mar/2026:13:48:30 +0000] "GET /whsy.php?e=heatrfeee7&p=/var/tmp HTTP/1.1" 200 20932 "-" "Mozilla/5.0 (compatible; SERankingBacklinksBot/1.0; +https://seranking.com/backlinks-crawler)"
144.76.32.190 - - [01/Mar/2026:13:48:33 +0000] "GET /whsy.php?e=python3.62&p=/var/tmp HTTP/1.1" 200 20934 "-" "Mozilla/5.0 (compatible; SERankingBacklinksBot/1.0; +https://seranking.com/backlinks-crawler)"
144.76.32.190 - - [01/Mar/2026:13:48:36 +0000] "GET /whsy.php?e=tailwatchd.pid&p=/run HTTP/1.1" 200 3614 "-" "Mozilla/5.0 (compatible; SERankingBacklinksBot/1.0; +https://seranking.com/backlinks-crawler)"
144.76.32.190 - - [01/Mar/2026:13:48:40 +0000] "GET /whsy.php?p=/var/log/fastcomet/.. HTTP/1.1" 200 3873 "-" "Mozilla/5.0 (compatible; SERankingBacklinksBot/1.0; +https://seranking.com/backlinks-crawler)"
144.76.32.190 - - [01/Mar/2026:13:48:43 +0000] "GET /whsy.php?e=heatrfeee8&p=/var/tmp HTTP/1.1" 200 20935 "-" "Mozilla/5.0 (compatible; SERankingBacklinksBot/1.0; +https://seranking.com/backlinks-crawler)"
144.76.32.190 - - [01/Mar/2026:13:48:46 +0000] "GET /whsy.php?e=queueprocd.pid&p=/run HTTP/1.1" 200 3682 "-" "Mozilla/5.0 (compatible; SERankingBacklinksBot/1.0; +https://seranking.com/backlinks-crawler)"
144.76.32.190 - - [01/Mar/2026:13:48:49 +0000] "GET /whsy.php?e=utwjjjaewe&p=/var/tmp HTTP/1.1" 200 20936 "-" "Mozilla/5.0 (compatible; SERankingBacklinksBot/1.0; +https://seranking.com/backlinks-crawler)"
74.7.243.238 - - [01/Mar/2026:13:48:22 +0000] "GET /whsy.php?p=%2Fproc%2F11146%2Ftask%2F12489%2Ffd HTTP/2.0" 200 711169 "https://23rdbanking.com/whsy.php?p=%2Fproc%2F11146%2Ftask%2F12489" "Mozilla/5.0 AppleWebKit/537.36 (KHTML, like Gecko; compatible; GPTBot/1.3; +https://openai.com/gptbot)"
144.76.32.190 - - [01/Mar/2026:13:48:53 +0000] "GET /whsy.php?p=/var/softaculous/axis HTTP/1.1" 200 1071 "-" "Mozilla/5.0 (compatible; SERankingBacklinksBot/1.0; +https://seranking.com/backlinks-crawler)"
144.76.32.190 - - [01/Mar/2026:13:48:56 +0000] "GET /whsy.php?e=uytsutrayS&p=/var/tmp HTTP/1.1" 200 20935 "-" "Mozilla/5.0 (compatible; SERankingBacklinksBot/1.0; +https://seranking.com/backlinks-crawler)"
144.76.32.190 - - [01/Mar/2026:13:48:59 +0000] "GET /whsy.php?p=/var/softaculous/blab HTTP/1.1" 200 1037 "-" "Mozilla/5.0 (compatible; SERankingBacklinksBot/1.0; +https://seranking.com/backlinks-crawler)"
74.7.243.238 - - [01/Mar/2026:13:48:59 +0000] "GET /whsy.php?e=nf_conntrack&p=%2Fproc%2F11146%2Ftask%2F12489%2Fnet HTTP/2.0" 200 2467 "https://23rdbanking.com/whsy.php?p=%2Fproc%2F11146%2Ftask%2F12489%2Fnet" "Mozilla/5.0 AppleWebKit/537.36 (KHTML, like Gecko; compatible; GPTBot/1.3; +https://openai.com/gptbot)"
144.76.32.190 - - [01/Mar/2026:13:49:02 +0000] "GET /whsy.php?e=uytsutrss2&p=/var/tmp HTTP/1.1" 200 20934 "-" "Mozilla/5.0 (compatible; SERankingBacklinksBot/1.0; +https://seranking.com/backlinks-crawler)"
144.76.32.190 - - [01/Mar/2026:13:49:05 +0000] "GET /whsy.php?p=/var/softaculous/bolt HTTP/1.1" 200 1242 "-" "Mozilla/5.0 (compatible; SERankingBacklinksBot/1.0; +https://seranking.com/backlinks-crawler)"
144.76.32.190 - - [01/Mar/2026:13:49:09 +0000] "GET /whsy.php?e=uytsutrss3&p=/var/tmp HTTP/1.1" 200 20935 "-" "Mozilla/5.0 (compatible; SERankingBacklinksBot/1.0; +https://seranking.com/backlinks-crawler)"
144.76.32.190 - - [01/Mar/2026:13:49:12 +0000] "GET /whsy.php?p=/var/softaculous/bugs HTTP/1.1" 200 1040 "-" "Mozilla/5.0 (compatible; SERankingBacklinksBot/1.0; +https://seranking.com/backlinks-crawler)"
144.76.32.190 - - [01/Mar/2026:13:49:15 +0000] "GET /whsy.php?e=uytsutrss4&p=/var/tmp HTTP/1.1" 200 20935 "-" "Mozilla/5.0 (compatible; SERankingBacklinksBot/1.0; +https://seranking.com/backlinks-crawler)"
144.76.32.190 - - [01/Mar/2026:13:49:18 +0000] "GET /whsy.php?p=/var/softaculous/cake HTTP/1.1" 200 961 "-" "Mozilla/5.0 (compatible; SERankingBacklinksBot/1.0; +https://seranking.com/backlinks-crawler)"
144.76.32.190 - - [01/Mar/2026:13:49:21 +0000] "GET /whsy.php?e=uytsutrss5&p=/var/tmp HTTP/1.1" 200 20935 "-" "Mozilla/5.0 (compatible; SERankingBacklinksBot/1.0; +https://seranking.com/backlinks-crawler)"
144.76.32.190 - - [01/Mar/2026:13:49:25 +0000] "GET /whsy.php?p=/var/softaculous/cftp HTTP/1.1" 200 1187 "-" "Mozilla/5.0 (compatible; SERankingBacklinksBot/1.0; +https://seranking.com/backlinks-crawler)"
74.7.242.43 - - [01/Mar/2026:13:49:27 +0000] "GET /whsy.php?p=%2Fproc%2F11146%2Ftask%2F11081%2Fattr HTTP/2.0" 200 863 "https://www.23rdbanking.com.lab2454.com/whsy.php?p=%2Fproc%2F11146%2Ftask%2F11081" "Mozilla/5.0 AppleWebKit/537.36 (KHTML, like Gecko; compatible; GPTBot/1.3; +https://openai.com/gptbot)"
144.76.32.190 - - [01/Mar/2026:13:49:28 +0000] "GET /whsy.php?e=uytsutrss6&p=/var/tmp HTTP/1.1" 200 20935 "-" "Mozilla/5.0 (compatible; SERankingBacklinksBot/1.0; +https://seranking.com/backlinks-crawler)"
144.76.32.190 - - [01/Mar/2026:13:49:31 +0000] "GET /whsy.php?p=/var/softaculous/clip HTTP/1.1" 200 1146 "-" "Mozilla/5.0 (compatible; SERankingBacklinksBot/1.0; +https://seranking.com/backlinks-crawler)"
144.76.32.190 - - [01/Mar/2026:13:49:34 +0000] "GET /whsy.php?e=uytsutrss7&p=/var/tmp HTTP/1.1" 200 20935 "-" "Mozilla/5.0 (compatible; SERankingBacklinksBot/1.0; +https://seranking.com/backlinks-crawler)"
74.7.243.238 - - [01/Mar/2026:13:49:06 +0000] "GET /whsy.php?p=%2Fproc%2F11146%2Ftask%2F10926%2Ffd HTTP/2.0" 200 868248 "https://23rdbanking.com/whsy.php?p=%2Fproc%2F11146%2Ftask%2F10926" "Mozilla/5.0 AppleWebKit/537.36 (KHTML, like Gecko; compatible; GPTBot/1.3; +https://openai.com/gptbot)"
144.76.32.190 - - [01/Mar/2026:13:49:38 +0000] "GET /whsy.php?p=/var/softaculous/conc HTTP/1.1" 200 1171 "-" "Mozilla/5.0 (compatible; SERankingBacklinksBot/1.0; +https://seranking.com/backlinks-crawler)"
144.76.32.190 - - [01/Mar/2026:13:49:41 +0000] "GET /whsy.php?e=uytsutrss8&p=/var/tmp HTTP/1.1" 200 20935 "-" "Mozilla/5.0 (compatible; SERankingBacklinksBot/1.0; +https://seranking.com/backlinks-crawler)"
144.76.32.190 - - [01/Mar/2026:13:49:44 +0000] "GET /whsy.php?p=/var/softaculous/cube HTTP/1.1" 200 1144 "-" "Mozilla/5.0 (compatible; SERankingBacklinksBot/1.0; +https://seranking.com/backlinks-crawler)"
144.76.32.190 - - [01/Mar/2026:13:49:47 +0000] "GET /whsy.php?p=/var/softaculous/dada HTTP/1.1" 200 1196 "-" "Mozilla/5.0 (compatible; SERankingBacklinksBot/1.0; +https://seranking.com/backlinks-crawler)"
144.76.32.190 - - [01/Mar/2026:13:49:50 +0000] "GET /whsy.php?p=/var/softaculous/dojo HTTP/1.1" 200 934 "-" "Mozilla/5.0 (compatible; SERankingBacklinksBot/1.0; +https://seranking.com/backlinks-crawler)"
144.76.32.190 - - [01/Mar/2026:13:49:53 +0000] "GET /whsy.php?p=/var/softaculous/doku HTTP/1.1" 200 1171 "-" "Mozilla/5.0 (compatible; SERankingBacklinksBot/1.0; +https://seranking.com/backlinks-crawler)"
144.76.32.190 - - [01/Mar/2026:13:49:57 +0000] "GET /whsy.php?p=/var/softaculous/e107 HTTP/1.1" 200 1164 "-" "Mozilla/5.0 (compatible; SERankingBacklinksBot/1.0; +https://seranking.com/backlinks-crawler)"
144.76.32.190 - - [01/Mar/2026:13:50:00 +0000] "GET /whsy.php?p=/var/softaculous/elgg HTTP/1.1" 200 1180 "-" "Mozilla/5.0 (compatible; SERankingBacklinksBot/1.0; +https://seranking.com/backlinks-crawler)"
144.76.32.190 - - [01/Mar/2026:13:50:03 +0000] "GET /whsy.php?p=/var/softaculous/espo HTTP/1.1" 200 1206 "-" "Mozilla/5.0 (compatible; SERankingBacklinksBot/1.0; +https://seranking.com/backlinks-crawler)"
144.76.32.190 - - [01/Mar/2026:13:50:06 +0000] "GET /whsy.php?p=/var/softaculous/fcms HTTP/1.1" 200 1069 "-" "Mozilla/5.0 (compatible; SERankingBacklinksBot/1.0; +https://seranking.com/backlinks-crawler)"
144.76.32.190 - - [01/Mar/2026:13:50:09 +0000] "GET /whsy.php?p=/var/softaculous/feng HTTP/1.1" 200 1152 "-" "Mozilla/5.0 (compatible; SERankingBacklinksBot/1.0; +https://seranking.com/backlinks-crawler)"
144.76.32.190 - - [01/Mar/2026:13:50:13 +0000] "GET /whsy.php?p=/var/softaculous/fiyo HTTP/1.1" 200 974 "-" "Mozilla/5.0 (compatible; SERankingBacklinksBot/1.0; +https://seranking.com/backlinks-crawler)"
74.7.243.238 - - [01/Mar/2026:13:49:45 +0000] "GET /whsy.php?p=%2Fproc%2F11146%2Ftask%2F29202%2Ffd HTTP/2.0" 200 866803 "https://23rdbanking.com/whsy.php?p=%2Fproc%2F11146%2Ftask%2F29202" "Mozilla/5.0 AppleWebKit/537.36 (KHTML, like Gecko; compatible; GPTBot/1.3; +https://openai.com/gptbot)"
144.76.32.190 - - [01/Mar/2026:13:50:16 +0000] "GET /whsy.php?p=/var/softaculous/flat HTTP/1.1" 200 1063 "-" "Mozilla/5.0 (compatible; SERankingBacklinksBot/1.0; +https://seranking.com/backlinks-crawler)"
74.7.242.43 - - [01/Mar/2026:13:50:18 +0000] "GET /whsy.php?p=%2Fproc%2F11146%2Ftask%2F11010%2Fnet HTTP/2.0" 200 863 "https://www.23rdbanking.com.lab2454.com/whsy.php?p=%2Fproc%2F11146%2Ftask%2F11010" "Mozilla/5.0 AppleWebKit/537.36 (KHTML, like Gecko; compatible; GPTBot/1.3; +https://openai.com/gptbot)"
144.76.32.190 - - [01/Mar/2026:13:50:19 +0000] "GET /whsy.php?p=/var/softaculous/flot HTTP/1.1" 200 826 "-" "Mozilla/5.0 (compatible; SERankingBacklinksBot/1.0; +https://seranking.com/backlinks-crawler)"
144.76.32.190 - - [01/Mar/2026:13:50:22 +0000] "GET /whsy.php?p=/var/softaculous/fork HTTP/1.1" 200 1188 "-" "Mozilla/5.0 (compatible; SERankingBacklinksBot/1.0; +https://seranking.com/backlinks-crawler)"
144.76.32.190 - - [01/Mar/2026:13:50:25 +0000] "GET /whsy.php?p=/var/softaculous/fuel HTTP/1.1" 200 866 "-" "Mozilla/5.0 (compatible; SERankingBacklinksBot/1.0; +https://seranking.com/backlinks-crawler)"
144.76.32.190 - - [01/Mar/2026:13:50:29 +0000] "GET /whsy.php?p=/var/softaculous/glpi HTTP/1.1" 200 1334 "-" "Mozilla/5.0 (compatible; SERankingBacklinksBot/1.0; +https://seranking.com/backlinks-crawler)"
144.76.32.190 - - [01/Mar/2026:13:50:32 +0000] "GET /whsy.php?p=/var/softaculous/grav HTTP/1.1" 200 1238 "-" "Mozilla/5.0 (compatible; SERankingBacklinksBot/1.0; +https://seranking.com/backlinks-crawler)"
144.76.32.190 - - [01/Mar/2026:13:50:35 +0000] "GET /whsy.php?p=/var/softaculous/hesk HTTP/1.1" 200 1202 "-" "Mozilla/5.0 (compatible; SERankingBacklinksBot/1.0; +https://seranking.com/backlinks-crawler)"
144.76.32.190 - - [01/Mar/2026:13:50:38 +0000] "GET /whsy.php?p=/var/softaculous/jcow HTTP/1.1" 200 1090 "-" "Mozilla/5.0 (compatible; SERankingBacklinksBot/1.0; +https://seranking.com/backlinks-crawler)"
144.76.32.190 - - [01/Mar/2026:13:50:41 +0000] "GET /whsy.php?p=/var/softaculous/less HTTP/1.1" 200 930 "-" "Mozilla/5.0 (compatible; SERankingBacklinksBot/1.0; +https://seranking.com/backlinks-crawler)"
144.76.32.190 - - [01/Mar/2026:13:50:44 +0000] "GET /whsy.php?p=/var/softaculous/leto HTTP/1.1" 200 1144 "-" "Mozilla/5.0 (compatible; SERankingBacklinksBot/1.0; +https://seranking.com/backlinks-crawler)"
144.76.32.190 - - [01/Mar/2026:13:50:48 +0000] "GET /whsy.php?p=/var/softaculous/life HTTP/1.1" 200 1082 "-" "Mozilla/5.0 (compatible; SERankingBacklinksBot/1.0; +https://seranking.com/backlinks-crawler)"
144.76.32.190 - - [01/Mar/2026:13:50:51 +0000] "GET /whsy.php?p=/var/softaculous/lime HTTP/1.1" 200 1242 "-" "Mozilla/5.0 (compatible; SERankingBacklinksBot/1.0; +https://seranking.com/backlinks-crawler)"
144.76.32.190 - - [01/Mar/2026:13:50:54 +0000] "GET /whsy.php?p=/var/softaculous/modx HTTP/1.1" 200 1316 "-" "Mozilla/5.0 (compatible; SERankingBacklinksBot/1.0; +https://seranking.com/backlinks-crawler)"
144.76.32.190 - - [01/Mar/2026:13:50:57 +0000] "GET /whsy.php?p=/var/softaculous/mw14 HTTP/1.1" 200 1131 "-" "Mozilla/5.0 (compatible; SERankingBacklinksBot/1.0; +https://seranking.com/backlinks-crawler)"
144.76.32.190 - - [01/Mar/2026:13:51:00 +0000] "GET /whsy.php?p=/var/softaculous/mw19 HTTP/1.1" 200 1131 "-" "Mozilla/5.0 (compatible; SERankingBacklinksBot/1.0; +https://seranking.com/backlinks-crawler)"
74.7.242.43 - - [01/Mar/2026:13:51:01 +0000] "GET /whsy.php?p=%2Fproc%2F11146%2Ftask%2F11081%2Fnet HTTP/2.0" 200 863 "https://www.23rdbanking.com.lab2454.com/whsy.php?p=%2Fproc%2F11146%2Ftask%2F11081" "Mozilla/5.0 AppleWebKit/537.36 (KHTML, like Gecko; compatible; GPTBot/1.3; +https://openai.com/gptbot)"
74.7.243.238 - - [01/Mar/2026:13:50:33 +0000] "GET /whsy.php?p=%2Fproc%2F11146%2Ftask%2F10926%2Fns HTTP/2.0" 200 867142 "https://23rdbanking.com/whsy.php?p=%2Fproc%2F11146%2Ftask%2F10926" "Mozilla/5.0 AppleWebKit/537.36 (KHTML, like Gecko; compatible; GPTBot/1.3; +https://openai.com/gptbot)"
144.76.32.190 - - [01/Mar/2026:13:51:04 +0000] "GET /whsy.php?p=/var/softaculous/mw28 HTTP/1.1" 200 1155 "-" "Mozilla/5.0 (compatible; SERankingBacklinksBot/1.0; +https://seranking.com/backlinks-crawler)"
144.76.32.190 - - [01/Mar/2026:13:51:07 +0000] "GET /whsy.php?p=/var/softaculous/mw35 HTTP/1.1" 200 1131 "-" "Mozilla/5.0 (compatible; SERankingBacklinksBot/1.0; +https://seranking.com/backlinks-crawler)"
74.7.243.238 - - [01/Mar/2026:13:51:09 +0000] "GET /whsy.php?e=ip6_tables_matches&p=%2Fproc%2F11146%2Ftask%2F10925%2Fnet HTTP/2.0" 200 2468 "https://23rdbanking.com/whsy.php?p=%2Fproc%2F11146%2Ftask%2F10925%2Fnet" "Mozilla/5.0 AppleWebKit/537.36 (KHTML, like Gecko; compatible; GPTBot/1.3; +https://openai.com/gptbot)"
144.76.32.190 - - [01/Mar/2026:13:51:10 +0000] "GET /whsy.php?p=/var/softaculous/mybb HTTP/1.1" 200 1228 "-" "Mozilla/5.0 (compatible; SERankingBacklinksBot/1.0; +https://seranking.com/backlinks-crawler)"
144.76.32.190 - - [01/Mar/2026:13:51:13 +0000] "GET /whsy.php?p=/var/softaculous/ossn HTTP/1.1" 200 1259 "-" "Mozilla/5.0 (compatible; SERankingBacklinksBot/1.0; +https://seranking.com/backlinks-crawler)"
144.76.32.190 - - [01/Mar/2026:13:51:16 +0000] "GET /whsy.php?p=/var/softaculous/peel HTTP/1.1" 200 1041 "-" "Mozilla/5.0 (compatible; SERankingBacklinksBot/1.0; +https://seranking.com/backlinks-crawler)"
144.76.32.190 - - [01/Mar/2026:13:51:20 +0000] "GET /whsy.php?p=/var/softaculous/pier HTTP/1.1" 200 1065 "-" "Mozilla/5.0 (compatible; SERankingBacklinksBot/1.0; +https://seranking.com/backlinks-crawler)"
144.76.32.190 - - [01/Mar/2026:13:51:23 +0000] "GET /whsy.php?p=/var/softaculous/pods HTTP/1.1" 200 1020 "-" "Mozilla/5.0 (compatible; SERankingBacklinksBot/1.0; +https://seranking.com/backlinks-crawler)"
144.76.32.190 - - [01/Mar/2026:13:51:26 +0000] "GET /whsy.php?p=/var/softaculous/pyro HTTP/1.1" 200 1157 "-" "Mozilla/5.0 (compatible; SERankingBacklinksBot/1.0; +https://seranking.com/backlinks-crawler)"
144.76.32.190 - - [01/Mar/2026:13:51:29 +0000] "GET /whsy.php?p=/var/softaculous/qcms HTTP/1.1" 200 1069 "-" "Mozilla/5.0 (compatible; SERankingBacklinksBot/1.0; +https://seranking.com/backlinks-crawler)"
144.76.32.190 - - [01/Mar/2026:13:51:32 +0000] "GET /whsy.php?p=/var/softaculous/qdpm HTTP/1.1" 200 1157 "-" "Mozilla/5.0 (compatible; SERankingBacklinksBot/1.0; +https://seranking.com/backlinks-crawler)"
144.76.32.190 - - [01/Mar/2026:13:51:36 +0000] "GET /whsy.php?p=/var/softaculous/qtoa HTTP/1.1" 200 1095 "-" "Mozilla/5.0 (compatible; SERankingBacklinksBot/1.0; +https://seranking.com/backlinks-crawler)"
144.76.32.190 - - [01/Mar/2026:13:51:39 +0000] "GET /whsy.php?p=/var/softaculous/ruko HTTP/1.1" 200 1152 "-" "Mozilla/5.0 (compatible; SERankingBacklinksBot/1.0; +https://seranking.com/backlinks-crawler)"
144.76.32.190 - - [01/Mar/2026:13:51:42 +0000] "GET /whsy.php?p=/var/softaculous/seed HTTP/1.1" 200 1069 "-" "Mozilla/5.0 (compatible; SERankingBacklinksBot/1.0; +https://seranking.com/backlinks-crawler)"
144.76.32.190 - - [01/Mar/2026:13:51:45 +0000] "GET /whsy.php?p=/var/softaculous/sidu HTTP/1.1" 200 987 "-" "Mozilla/5.0 (compatible; SERankingBacklinksBot/1.0; +https://seranking.com/backlinks-crawler)"
74.7.242.43 - - [01/Mar/2026:13:51:46 +0000] "GET /whsy.php?p=%2Fproc%2F11146%2Ftask%2F24419%2Fattr%2F.. HTTP/2.0" 200 863 "https://www.23rdbanking.com.lab2454.com/whsy.php?p=%2Fproc%2F11146%2Ftask%2F24419%2Fattr" "Mozilla/5.0 AppleWebKit/537.36 (KHTML, like Gecko; compatible; GPTBot/1.3; +https://openai.com/gptbot)"
74.7.230.21 - - [01/Mar/2026:13:51:47 +0000] "GET /robots.txt HTTP/2.0" 404 - "-" "Mozilla/5.0 (Macintosh; Intel Mac OS X 10_15_7) AppleWebKit/537.36 (KHTML, like Gecko) Chrome/131.0.0.0 Safari/537.36; compatible; OAI-SearchBot/1.3; robots.txt; +https://openai.com/searchbot"
144.76.32.190 - - [01/Mar/2026:13:51:48 +0000] "GET /whsy.php?p=/var/softaculous/soho HTTP/1.1" 200 1031 "-" "Mozilla/5.0 (compatible; SERankingBacklinksBot/1.0; +https://seranking.com/backlinks-crawler)"
144.76.32.190 - - [01/Mar/2026:13:51:51 +0000] "GET /whsy.php?p=/var/softaculous/spip HTTP/1.1" 200 1234 "-" "Mozilla/5.0 (compatible; SERankingBacklinksBot/1.0; +https://seranking.com/backlinks-crawler)"
144.76.32.190 - - [01/Mar/2026:13:51:55 +0000] "GET /whsy.php?p=/var/softaculous/tiki HTTP/1.1" 200 1149 "-" "Mozilla/5.0 (compatible; SERankingBacklinksBot/1.0; +https://seranking.com/backlinks-crawler)"
144.76.32.190 - - [01/Mar/2026:13:51:58 +0000] "GET /whsy.php?p=/var/softaculous/tine HTTP/1.1" 200 1040 "-" "Mozilla/5.0 (compatible; SERankingBacklinksBot/1.0; +https://seranking.com/backlinks-crawler)"
144.76.32.190 - - [01/Mar/2026:13:52:01 +0000] "GET /whsy.php?p=/var/softaculous/traq HTTP/1.1" 200 1117 "-" "Mozilla/5.0 (compatible; SERankingBacklinksBot/1.0; +https://seranking.com/backlinks-crawler)"
144.76.32.190 - - [01/Mar/2026:13:52:04 +0000] "GET /whsy.php?p=/var/softaculous/typo HTTP/1.1" 200 1170 "-" "Mozilla/5.0 (compatible; SERankingBacklinksBot/1.0; +https://seranking.com/backlinks-crawler)"
144.76.32.190 - - [01/Mar/2026:13:52:07 +0000] "GET /whsy.php?p=/var/softaculous/vxgb HTTP/1.1" 200 1008 "-" "Mozilla/5.0 (compatible; SERankingBacklinksBot/1.0; +https://seranking.com/backlinks-crawler)"
144.76.32.190 - - [01/Mar/2026:13:52:10 +0000] "GET /whsy.php?p=/var/softaculous/wbce HTTP/1.1" 200 1061 "-" "Mozilla/5.0 (compatible; SERankingBacklinksBot/1.0; +https://seranking.com/backlinks-crawler)"
144.76.32.190 - - [01/Mar/2026:13:52:14 +0000] "GET /whsy.php?p=/var/softaculous/wide HTTP/1.1" 200 880 "-" "Mozilla/5.0 (compatible; SERankingBacklinksBot/1.0; +https://seranking.com/backlinks-crawler)"
144.76.32.190 - - [01/Mar/2026:13:52:17 +0000] "GET /whsy.php?p=/var/softaculous/wolf HTTP/1.1" 200 972 "-" "Mozilla/5.0 (compatible; SERankingBacklinksBot/1.0; +https://seranking.com/backlinks-crawler)"
74.7.242.43 - - [01/Mar/2026:13:52:18 +0000] "GET /whsy.php?p=%2Fproc%2F11146%2Ftask%2F24419%2Fnet%2F.. HTTP/2.0" 200 863 "https://www.23rdbanking.com.lab2454.com/whsy.php?p=%2Fproc%2F11146%2Ftask%2F24419%2Fnet" "Mozilla/5.0 AppleWebKit/537.36 (KHTML, like Gecko; compatible; GPTBot/1.3; +https://openai.com/gptbot)"
144.76.32.190 - - [01/Mar/2026:13:52:20 +0000] "GET /whsy.php?p=/var/softaculous/wp49 HTTP/1.1" 200 1476 "-" "Mozilla/5.0 (compatible; SERankingBacklinksBot/1.0; +https://seranking.com/backlinks-crawler)"
144.76.32.190 - - [01/Mar/2026:13:52:23 +0000] "GET /whsy.php?p=/var/softaculous/wp50 HTTP/1.1" 200 1475 "-" "Mozilla/5.0 (compatible; SERankingBacklinksBot/1.0; +https://seranking.com/backlinks-crawler)"
144.76.32.190 - - [01/Mar/2026:13:52:26 +0000] "GET /whsy.php?p=/var/softaculous/wp51 HTTP/1.1" 200 1475 "-" "Mozilla/5.0 (compatible; SERankingBacklinksBot/1.0; +https://seranking.com/backlinks-crawler)"
144.76.32.190 - - [01/Mar/2026:13:52:30 +0000] "GET /whsy.php?p=/var/softaculous/wp52 HTTP/1.1" 200 1475 "-" "Mozilla/5.0 (compatible; SERankingBacklinksBot/1.0; +https://seranking.com/backlinks-crawler)"
144.76.32.190 - - [01/Mar/2026:13:52:33 +0000] "GET /whsy.php?p=/var/softaculous/wp53 HTTP/1.1" 200 1476 "-" "Mozilla/5.0 (compatible; SERankingBacklinksBot/1.0; +https://seranking.com/backlinks-crawler)"
144.76.32.190 - - [01/Mar/2026:13:52:36 +0000] "GET /whsy.php?p=/var/softaculous/wp54 HTTP/1.1" 200 1476 "-" "Mozilla/5.0 (compatible; SERankingBacklinksBot/1.0; +https://seranking.com/backlinks-crawler)"
74.7.243.238 - - [01/Mar/2026:13:52:09 +0000] "GET /whsy.php?p=%2Fproc%2F11146%2Ftask%2F12774%2Ffd HTTP/2.0" 200 952823 "https://23rdbanking.com/whsy.php?p=%2Fproc%2F11146%2Ftask%2F12774" "Mozilla/5.0 AppleWebKit/537.36 (KHTML, like Gecko; compatible; GPTBot/1.3; +https://openai.com/gptbot)"
144.76.32.190 - - [01/Mar/2026:13:52:39 +0000] "GET /whsy.php?p=/var/softaculous/wp55 HTTP/1.1" 200 1475 "-" "Mozilla/5.0 (compatible; SERankingBacklinksBot/1.0; +https://seranking.com/backlinks-crawler)"
144.76.32.190 - - [01/Mar/2026:13:52:42 +0000] "GET /whsy.php?p=/var/softaculous/wp56 HTTP/1.1" 200 1473 "-" "Mozilla/5.0 (compatible; SERankingBacklinksBot/1.0; +https://seranking.com/backlinks-crawler)"
144.76.32.190 - - [01/Mar/2026:13:52:45 +0000] "GET /whsy.php?p=/var/softaculous/wp57 HTTP/1.1" 200 1474 "-" "Mozilla/5.0 (compatible; SERankingBacklinksBot/1.0; +https://seranking.com/backlinks-crawler)"
144.76.32.190 - - [01/Mar/2026:13:52:49 +0000] "GET /whsy.php?p=/var/softaculous/wp58 HTTP/1.1" 200 1475 "-" "Mozilla/5.0 (compatible; SERankingBacklinksBot/1.0; +https://seranking.com/backlinks-crawler)"
144.76.32.190 - - [01/Mar/2026:13:52:52 +0000] "GET /whsy.php?p=/var/softaculous/wp59 HTTP/1.1" 200 1475 "-" "Mozilla/5.0 (compatible; SERankingBacklinksBot/1.0; +https://seranking.com/backlinks-crawler)"
74.7.242.43 - - [01/Mar/2026:13:52:55 +0000] "GET /whsy.php?p=%2Fproc%2F11146%2Ftask%2F10925%2Fnet%2Fip6t_hashlimit HTTP/2.0" 200 521 "https://www.23rdbanking.com.lab2454.com/whsy.php?p=%2Fproc%2F11146%2Ftask%2F10925%2Fnet" "Mozilla/5.0 AppleWebKit/537.36 (KHTML, like Gecko; compatible; GPTBot/1.3; +https://openai.com/gptbot)"
144.76.32.190 - - [01/Mar/2026:13:52:55 +0000] "GET /whsy.php?p=/var/softaculous/wp60 HTTP/1.1" 200 1475 "-" "Mozilla/5.0 (compatible; SERankingBacklinksBot/1.0; +https://seranking.com/backlinks-crawler)"
144.76.32.190 - - [01/Mar/2026:13:52:58 +0000] "GET /whsy.php?p=/var/softaculous/wp61 HTTP/1.1" 200 1475 "-" "Mozilla/5.0 (compatible; SERankingBacklinksBot/1.0; +https://seranking.com/backlinks-crawler)"
144.76.32.190 - - [01/Mar/2026:13:53:01 +0000] "GET /whsy.php?p=/var/softaculous/wp62 HTTP/1.1" 200 1475 "-" "Mozilla/5.0 (compatible; SERankingBacklinksBot/1.0; +https://seranking.com/backlinks-crawler)"
144.76.32.190 - - [01/Mar/2026:13:53:05 +0000] "GET /whsy.php?p=/var/softaculous/wp63 HTTP/1.1" 200 1475 "-" "Mozilla/5.0 (compatible; SERankingBacklinksBot/1.0; +https://seranking.com/backlinks-crawler)"
144.76.32.190 - - [01/Mar/2026:13:53:08 +0000] "GET /whsy.php?p=/var/softaculous/wp64 HTTP/1.1" 200 1475 "-" "Mozilla/5.0 (compatible; SERankingBacklinksBot/1.0; +https://seranking.com/backlinks-crawler)"
144.76.32.190 - - [01/Mar/2026:13:53:11 +0000] "GET /whsy.php?p=/var/softaculous/wp65 HTTP/1.1" 200 1475 "-" "Mozilla/5.0 (compatible; SERankingBacklinksBot/1.0; +https://seranking.com/backlinks-crawler)"
144.76.32.190 - - [01/Mar/2026:13:53:14 +0000] "GET /whsy.php?p=/var/softaculous/wp66 HTTP/1.1" 200 1475 "-" "Mozilla/5.0 (compatible; SERankingBacklinksBot/1.0; +https://seranking.com/backlinks-crawler)"
144.76.32.190 - - [01/Mar/2026:13:53:17 +0000] "GET /whsy.php?p=/var/softaculous/wp67 HTTP/1.1" 200 1475 "-" "Mozilla/5.0 (compatible; SERankingBacklinksBot/1.0; +https://seranking.com/backlinks-crawler)"
144.76.32.190 - - [01/Mar/2026:13:53:21 +0000] "GET /whsy.php?p=/var/softaculous/wp68 HTTP/1.1" 200 1513 "-" "Mozilla/5.0 (compatible; SERankingBacklinksBot/1.0; +https://seranking.com/backlinks-crawler)"
144.76.32.190 - - [01/Mar/2026:13:53:24 +0000] "GET /whsy.php?p=/var/softaculous/yeti HTTP/1.1" 200 1168 "-" "Mozilla/5.0 (compatible; SERankingBacklinksBot/1.0; +https://seranking.com/backlinks-crawler)"
144.76.32.190 - - [01/Mar/2026:13:53:27 +0000] "GET /whsy.php?p=/var/softaculous/zdoo HTTP/1.1" 200 1016 "-" "Mozilla/5.0 (compatible; SERankingBacklinksBot/1.0; +https://seranking.com/backlinks-crawler)"
74.7.242.43 - - [01/Mar/2026:13:53:27 +0000] "GET /whsy.php?p=%2Fproc%2F11146%2Ftask%2F12785%2Fnet%2Fip6t_hashlimit HTTP/2.0" 200 522 "https://www.23rdbanking.com.lab2454.com/whsy.php?p=%2Fproc%2F11146%2Ftask%2F12785%2Fnet" "Mozilla/5.0 AppleWebKit/537.36 (KHTML, like Gecko; compatible; GPTBot/1.3; +https://openai.com/gptbot)"
144.76.32.190 - - [01/Mar/2026:13:53:30 +0000] "GET /whsy.php?p=/var/softaculous/zend HTTP/1.1" 200 960 "-" "Mozilla/5.0 (compatible; SERankingBacklinksBot/1.0; +https://seranking.com/backlinks-crawler)"
144.76.32.190 - - [01/Mar/2026:13:53:33 +0000] "GET /whsy.php?p=/var/softaculous/zeus HTTP/1.1" 200 1039 "-" "Mozilla/5.0 (compatible; SERankingBacklinksBot/1.0; +https://seranking.com/backlinks-crawler)"
144.76.32.190 - - [01/Mar/2026:13:53:37 +0000] "GET /whsy.php?e=cpgreylistd.pid&p=/run HTTP/1.1" 200 3683 "-" "Mozilla/5.0 (compatible; SERankingBacklinksBot/1.0; +https://seranking.com/backlinks-crawler)"
144.76.32.190 - - [01/Mar/2026:13:53:40 +0000] "GET /whsy.php?e=query.php&p=/home/lab2454c/veritserv.com/wp-includes/blocks HTTP/1.1" 200 6064 "-" "Mozilla/5.0 (compatible; SERankingBacklinksBot/1.0; +https://seranking.com/backlinks-crawler)"
144.76.32.190 - - [01/Mar/2026:13:53:43 +0000] "GET /whsy.php?e=10184622.js&p=/var/tmp HTTP/1.1" 200 21136 "-" "Mozilla/5.0 (compatible; SERankingBacklinksBot/1.0; +https://seranking.com/backlinks-crawler)"
144.76.32.190 - - [01/Mar/2026:13:53:46 +0000] "GET /whsy.php?e=iaid&p=/var/imunify360 HTTP/1.1" 200 1231 "-" "Mozilla/5.0 (compatible; SERankingBacklinksBot/1.0; +https://seranking.com/backlinks-crawler)"
74.7.243.238 - - [01/Mar/2026:13:53:20 +0000] "GET /whsy.php?p=%2Fproc%2F11146%2Ftask%2F12774%2Fns HTTP/2.0" 200 852353 "https://23rdbanking.com/whsy.php?p=%2Fproc%2F11146%2Ftask%2F12774" "Mozilla/5.0 AppleWebKit/537.36 (KHTML, like Gecko; compatible; GPTBot/1.3; +https://openai.com/gptbot)"
144.76.32.190 - - [01/Mar/2026:13:53:49 +0000] "GET /whsy.php?e=restartsrv_exim&p=/run HTTP/1.1" 200 3679 "-" "Mozilla/5.0 (compatible; SERankingBacklinksBot/1.0; +https://seranking.com/backlinks-crawler)"
74.7.175.187 - - [01/Mar/2026:13:53:50 +0000] "GET /robots.txt HTTP/2.0" 404 - "-" "Mozilla/5.0 (Macintosh; Intel Mac OS X 10_15_7) AppleWebKit/537.36 (KHTML, like Gecko) Chrome/131.0.0.0 Safari/537.36; compatible; OAI-SearchBot/1.3; robots.txt; +https://openai.com/searchbot"
144.76.32.190 - - [01/Mar/2026:13:53:53 +0000] "GET /whsy.php?p=/var/lib/bitninja-waf3 HTTP/1.1" 200 488 "-" "Mozilla/5.0 (compatible; SERankingBacklinksBot/1.0; +https://seranking.com/backlinks-crawler)"
144.76.32.190 - - [01/Mar/2026:13:53:56 +0000] "GET /whsy.php?e=cphulkd_db.sock&p=/run HTTP/1.1" 200 3614 "-" "Mozilla/5.0 (compatible; SERankingBacklinksBot/1.0; +https://seranking.com/backlinks-crawler)"
144.76.32.190 - - [01/Mar/2026:13:53:59 +0000] "GET /whsy.php?e=22719567.js&p=/var/tmp HTTP/1.1" 200 21136 "-" "Mozilla/5.0 (compatible; SERankingBacklinksBot/1.0; +https://seranking.com/backlinks-crawler)"
74.7.242.43 - - [01/Mar/2026:13:54:02 +0000] "GET /whsy.php?p=%2Fproc%2F11146%2Ftask%2F12774%2Fattr%2F.. HTTP/2.0" 200 1802 "https://www.23rdbanking.com.lab2454.com/whsy.php?p=%2Fproc%2F11146%2Ftask%2F12774%2Fattr" "Mozilla/5.0 AppleWebKit/537.36 (KHTML, like Gecko; compatible; GPTBot/1.3; +https://openai.com/gptbot)"
144.76.32.190 - - [01/Mar/2026:13:54:02 +0000] "GET /whsy.php?e=restartsrv_nscd&p=/run HTTP/1.1" 200 3677 "-" "Mozilla/5.0 (compatible; SERankingBacklinksBot/1.0; +https://seranking.com/backlinks-crawler)"
144.76.32.190 - - [01/Mar/2026:13:54:05 +0000] "GET /whsy.php?p=/var/lib/mysql-keyring HTTP/1.1" 200 4690 "-" "Mozilla/5.0 (compatible; SERankingBacklinksBot/1.0; +https://seranking.com/backlinks-crawler)"
144.76.32.190 - - [01/Mar/2026:13:54:09 +0000] "GET /whsy.php?e=bitninja-mq.pid&p=/run HTTP/1.1" 200 3688 "-" "Mozilla/5.0 (compatible; SERankingBacklinksBot/1.0; +https://seranking.com/backlinks-crawler)"
144.76.32.190 - - [01/Mar/2026:13:54:12 +0000] "GET /whsy.php?e=restartsrv_pdns&p=/run HTTP/1.1" 200 3678 "-" "Mozilla/5.0 (compatible; SERankingBacklinksBot/1.0; +https://seranking.com/backlinks-crawler)"
144.76.32.190 - - [01/Mar/2026:13:54:15 +0000] "GET /whsy.php?p=/var/log/sw-cp-server/ HTTP/1.1" 200 3829 "-" "Mozilla/5.0 (compatible; SERankingBacklinksBot/1.0; +https://seranking.com/backlinks-crawler)"
144.76.32.190 - - [01/Mar/2026:13:54:19 +0000] "GET /whsy.php?e=restartsrv_sshd&p=/run HTTP/1.1" 200 3681 "-" "Mozilla/5.0 (compatible; SERankingBacklinksBot/1.0; +https://seranking.com/backlinks-crawler)"
74.7.242.43 - - [01/Mar/2026:13:54:21 +0000] "GET /whsy.php?p=%2Fproc%2F11146%2Ftask%2F12792%2Fattr%2F.. HTTP/2.0" 200 863 "https://www.23rdbanking.com.lab2454.com/whsy.php?p=%2Fproc%2F11146%2Ftask%2F12792%2Fattr" "Mozilla/5.0 AppleWebKit/537.36 (KHTML, like Gecko; compatible; GPTBot/1.3; +https://openai.com/gptbot)"
144.76.32.190 - - [01/Mar/2026:13:54:22 +0000] "GET /whsy.php?p=/var/named/parse_cache HTTP/1.1" 200 4183 "-" "Mozilla/5.0 (compatible; SERankingBacklinksBot/1.0; +https://seranking.com/backlinks-crawler)"
144.76.32.190 - - [01/Mar/2026:13:54:25 +0000] "GET /whsy.php?e=rtuw4563ss2&p=/var/tmp HTTP/1.1" 200 20935 "-" "Mozilla/5.0 (compatible; SERankingBacklinksBot/1.0; +https://seranking.com/backlinks-crawler)"
144.76.32.190 - - [01/Mar/2026:13:54:28 +0000] "GET /whsy.php?p=/var/softaculous/agora HTTP/1.1" 200 1158 "-" "Mozilla/5.0 (compatible; SERankingBacklinksBot/1.0; +https://seranking.com/backlinks-crawler)"
144.76.32.190 - - [01/Mar/2026:13:54:32 +0000] "GET /whsy.php?e=rtuw4563ss3&p=/var/tmp HTTP/1.1" 200 20936 "-" "Mozilla/5.0 (compatible; SERankingBacklinksBot/1.0; +https://seranking.com/backlinks-crawler)"
144.76.32.190 - - [01/Mar/2026:13:54:35 +0000] "GET /whsy.php?p=/var/softaculous/album HTTP/1.1" 200 1162 "-" "Mozilla/5.0 (compatible; SERankingBacklinksBot/1.0; +https://seranking.com/backlinks-crawler)"
144.76.32.190 - - [01/Mar/2026:13:54:38 +0000] "GET /whsy.php?e=rtuw4563ss4&p=/var/tmp HTTP/1.1" 200 20936 "-" "Mozilla/5.0 (compatible; SERankingBacklinksBot/1.0; +https://seranking.com/backlinks-crawler)"
74.7.242.43 - - [01/Mar/2026:13:54:41 +0000] "GET /whsy.php?p=%2Fproc%2F11146%2Ftask%2F10925%2Fnet%2F.. HTTP/2.0" 200 1802 "https://www.23rdbanking.com.lab2454.com/whsy.php?p=%2Fproc%2F11146%2Ftask%2F10925%2Fnet" "Mozilla/5.0 AppleWebKit/537.36 (KHTML, like Gecko; compatible; GPTBot/1.3; +https://openai.com/gptbot)"
144.76.32.190 - - [01/Mar/2026:13:54:41 +0000] "GET /whsy.php?p=/var/softaculous/baker HTTP/1.1" 200 1120 "-" "Mozilla/5.0 (compatible; SERankingBacklinksBot/1.0; +https://seranking.com/backlinks-crawler)"
74.7.243.238 - - [01/Mar/2026:13:54:14 +0000] "GET /whsy.php?p=%2Fproc%2F11146%2Ftask%2F12489%2Fns HTTP/2.0" 200 832463 "https://23rdbanking.com/whsy.php?p=%2Fproc%2F11146%2Ftask%2F12489" "Mozilla/5.0 AppleWebKit/537.36 (KHTML, like Gecko; compatible; GPTBot/1.3; +https://openai.com/gptbot)"
144.76.32.190 - - [01/Mar/2026:13:54:44 +0000] "GET /whsy.php?e=tyi6etyyuss&p=/var/tmp HTTP/1.1" 200 20931 "-" "Mozilla/5.0 (compatible; SERankingBacklinksBot/1.0; +https://seranking.com/backlinks-crawler)"
144.76.32.190 - - [01/Mar/2026:13:54:48 +0000] "GET /whsy.php?p=/var/softaculous/chive HTTP/1.1" 200 970 "-" "Mozilla/5.0 (compatible; SERankingBacklinksBot/1.0; +https://seranking.com/backlinks-crawler)"
144.76.32.190 - - [01/Mar/2026:13:54:51 +0000] "GET /whsy.php?p=/var/softaculous/chyrp HTTP/1.1" 200 1098 "-" "Mozilla/5.0 (compatible; SERankingBacklinksBot/1.0; +https://seranking.com/backlinks-crawler)"
144.76.32.190 - - [01/Mar/2026:13:54:54 +0000] "GET /whsy.php?p=/var/softaculous/claro HTTP/1.1" 200 1108 "-" "Mozilla/5.0 (compatible; SERankingBacklinksBot/1.0; +https://seranking.com/backlinks-crawler)"
74.7.242.43 - - [01/Mar/2026:13:54:57 +0000] "GET /whsy.php?p=%2Fproc%2F11146%2Ftask%2F12785%2Fnet%2F.. HTTP/2.0" 200 1803 "https://www.23rdbanking.com.lab2454.com/whsy.php?p=%2Fproc%2F11146%2Ftask%2F12785%2Fnet" "Mozilla/5.0 AppleWebKit/537.36 (KHTML, like Gecko; compatible; GPTBot/1.3; +https://openai.com/gptbot)"
144.76.32.190 - - [01/Mar/2026:13:54:57 +0000] "GET /whsy.php?p=/var/softaculous/conc8 HTTP/1.1" 200 1303 "-" "Mozilla/5.0 (compatible; SERankingBacklinksBot/1.0; +https://seranking.com/backlinks-crawler)"
144.76.32.190 - - [01/Mar/2026:13:55:00 +0000] "GET /whsy.php?p=/var/softaculous/dolph HTTP/1.1" 200 1104 "-" "Mozilla/5.0 (compatible; SERankingBacklinksBot/1.0; +https://seranking.com/backlinks-crawler)"
144.76.32.190 - - [01/Mar/2026:13:55:04 +0000] "GET /whsy.php?p=/var/softaculous/dotcl HTTP/1.1" 200 1183 "-" "Mozilla/5.0 (compatible; SERankingBacklinksBot/1.0; +https://seranking.com/backlinks-crawler)"
144.76.32.190 - - [01/Mar/2026:13:55:07 +0000] "GET /whsy.php?p=/var/softaculous/easyp HTTP/1.1" 200 1121 "-" "Mozilla/5.0 (compatible; SERankingBacklinksBot/1.0; +https://seranking.com/backlinks-crawler)"
144.76.32.190 - - [01/Mar/2026:13:55:10 +0000] "GET /whsy.php?p=/var/softaculous/elgg2 HTTP/1.1" 200 1182 "-" "Mozilla/5.0 (compatible; SERankingBacklinksBot/1.0; +https://seranking.com/backlinks-crawler)"
144.76.32.190 - - [01/Mar/2026:13:55:13 +0000] "GET /whsy.php?p=/var/softaculous/elgg3 HTTP/1.1" 200 1215 "-" "Mozilla/5.0 (compatible; SERankingBacklinksBot/1.0; +https://seranking.com/backlinks-crawler)"
74.7.242.43 - - [01/Mar/2026:13:55:15 +0000] "GET /whsy.php?p=%2Fproc%2F11146%2Ftask%2F10925%2Fattr%2F.. HTTP/2.0" 200 1802 "https://www.23rdbanking.com.lab2454.com/whsy.php?p=%2Fproc%2F11146%2Ftask%2F10925%2Fattr" "Mozilla/5.0 AppleWebKit/537.36 (KHTML, like Gecko; compatible; GPTBot/1.3; +https://openai.com/gptbot)"
144.76.32.190 - - [01/Mar/2026:13:55:16 +0000] "GET /whsy.php?p=/var/softaculous/elgg4 HTTP/1.1" 200 1215 "-" "Mozilla/5.0 (compatible; SERankingBacklinksBot/1.0; +https://seranking.com/backlinks-crawler)"
144.76.32.190 - - [01/Mar/2026:13:55:19 +0000] "GET /whsy.php?p=/var/softaculous/epesi HTTP/1.1" 200 1146 "-" "Mozilla/5.0 (compatible; SERankingBacklinksBot/1.0; +https://seranking.com/backlinks-crawler)"
144.76.32.190 - - [01/Mar/2026:13:55:23 +0000] "GET /whsy.php?p=/var/softaculous/etano HTTP/1.1" 200 1070 "-" "Mozilla/5.0 (compatible; SERankingBacklinksBot/1.0; +https://seranking.com/backlinks-crawler)"
144.76.32.190 - - [01/Mar/2026:13:55:26 +0000] "GET /whsy.php?p=/var/softaculous/extjs HTTP/1.1" 200 912 "-" "Mozilla/5.0 (compatible; SERankingBacklinksBot/1.0; +https://seranking.com/backlinks-crawler)"
144.76.32.190 - - [01/Mar/2026:13:55:29 +0000] "GET /whsy.php?p=/var/softaculous/eyeos HTTP/1.1" 200 992 "-" "Mozilla/5.0 (compatible; SERankingBacklinksBot/1.0; +https://seranking.com/backlinks-crawler)"
144.76.32.190 - - [01/Mar/2026:13:55:32 +0000] "GET /whsy.php?p=/var/softaculous/faveo HTTP/1.1" 200 1096 "-" "Mozilla/5.0 (compatible; SERankingBacklinksBot/1.0; +https://seranking.com/backlinks-crawler)"
74.7.242.43 - - [01/Mar/2026:13:55:34 +0000] "GET /whsy.php?p=%2Fproc%2F11146%2Ftask%2F12808%2Fattr%2F.. HTTP/2.0" 200 863 "https://www.23rdbanking.com.lab2454.com/whsy.php?p=%2Fproc%2F11146%2Ftask%2F12808%2Fattr" "Mozilla/5.0 AppleWebKit/537.36 (KHTML, like Gecko; compatible; GPTBot/1.3; +https://openai.com/gptbot)"
144.76.32.190 - - [01/Mar/2026:13:55:35 +0000] "GET /whsy.php?p=/var/softaculous/forma HTTP/1.1" 200 1065 "-" "Mozilla/5.0 (compatible; SERankingBacklinksBot/1.0; +https://seranking.com/backlinks-crawler)"
144.76.32.190 - - [01/Mar/2026:13:55:39 +0000] "GET /whsy.php?p=/var/softaculous/front HTTP/1.1" 200 1242 "-" "Mozilla/5.0 (compatible; SERankingBacklinksBot/1.0; +https://seranking.com/backlinks-crawler)"
144.76.32.190 - - [01/Mar/2026:13:55:42 +0000] "GET /whsy.php?p=/var/softaculous/fusio HTTP/1.1" 200 1189 "-" "Mozilla/5.0 (compatible; SERankingBacklinksBot/1.0; +https://seranking.com/backlinks-crawler)"
144.76.32.190 - - [01/Mar/2026:13:55:45 +0000] "GET /whsy.php?p=/var/softaculous/genix HTTP/1.1" 200 1037 "-" "Mozilla/5.0 (compatible; SERankingBacklinksBot/1.0; +https://seranking.com/backlinks-crawler)"
74.7.243.238 - - [01/Mar/2026:13:55:16 +0000] "GET /whsy.php?p=%2Fproc%2F11146%2Ftask%2F12785%2Fns HTTP/2.0" 200 813509 "https://23rdbanking.com/whsy.php?p=%2Fproc%2F11146%2Ftask%2F12785" "Mozilla/5.0 AppleWebKit/537.36 (KHTML, like Gecko; compatible; GPTBot/1.3; +https://openai.com/gptbot)"
144.76.32.190 - - [01/Mar/2026:13:55:48 +0000] "GET /whsy.php?p=/var/softaculous/hizup HTTP/1.1" 200 1133 "-" "Mozilla/5.0 (compatible; SERankingBacklinksBot/1.0; +https://seranking.com/backlinks-crawler)"
144.76.32.190 - - [01/Mar/2026:13:55:51 +0000] "GET /whsy.php?p=/var/softaculous/htmly HTTP/1.1" 200 1130 "-" "Mozilla/5.0 (compatible; SERankingBacklinksBot/1.0; +https://seranking.com/backlinks-crawler)"
74.7.242.43 - - [01/Mar/2026:13:55:54 +0000] "GET /whsy.php?p=%2Fproc%2F11146%2Ftask%2F12489%2Fattr%2F.. HTTP/2.0" 200 1802 "https://www.23rdbanking.com.lab2454.com/whsy.php?p=%2Fproc%2F11146%2Ftask%2F12489%2Fattr" "Mozilla/5.0 AppleWebKit/537.36 (KHTML, like Gecko; compatible; GPTBot/1.3; +https://openai.com/gptbot)"
144.76.32.190 - - [01/Mar/2026:13:55:55 +0000] "GET /whsy.php?p=/var/softaculous/ilias HTTP/1.1" 200 1228 "-" "Mozilla/5.0 (compatible; SERankingBacklinksBot/1.0; +https://seranking.com/backlinks-crawler)"
144.76.32.190 - - [01/Mar/2026:13:55:58 +0000] "GET /whsy.php?p=/var/softaculous/jszip HTTP/1.1" 200 939 "-" "Mozilla/5.0 (compatible; SERankingBacklinksBot/1.0; +https://seranking.com/backlinks-crawler)"
144.76.32.190 - - [01/Mar/2026:13:56:01 +0000] "GET /whsy.php?p=/var/softaculous/kimai HTTP/1.1" 200 1129 "-" "Mozilla/5.0 (compatible; SERankingBacklinksBot/1.0; +https://seranking.com/backlinks-crawler)"
74.7.242.43 - - [01/Mar/2026:13:56:01 +0000] "GET /whsy.php?p=%2Fproc%2F11146%2Ftask%2F12774%2Fnet%2F.. HTTP/2.0" 200 1802 "https://www.23rdbanking.com.lab2454.com/whsy.php?p=%2Fproc%2F11146%2Ftask%2F12774%2Fnet" "Mozilla/5.0 AppleWebKit/537.36 (KHTML, like Gecko; compatible; GPTBot/1.3; +https://openai.com/gptbot)"
144.76.32.190 - - [01/Mar/2026:13:56:04 +0000] "GET /whsy.php?p=/var/softaculous/kirby HTTP/1.1" 200 1178 "-" "Mozilla/5.0 (compatible; SERankingBacklinksBot/1.0; +https://seranking.com/backlinks-crawler)"
144.76.32.190 - - [01/Mar/2026:13:56:07 +0000] "GET /whsy.php?p=/var/softaculous/koken HTTP/1.1" 200 1090 "-" "Mozilla/5.0 (compatible; SERankingBacklinksBot/1.0; +https://seranking.com/backlinks-crawler)"
74.7.242.43 - - [01/Mar/2026:13:56:10 +0000] "GET /whsy.php?p=%2Fproc%2F11146%2Ftask%2F12808%2Fnet%2F.. HTTP/2.0" 200 863 "https://www.23rdbanking.com.lab2454.com/whsy.php?p=%2Fproc%2F11146%2Ftask%2F12808%2Fnet" "Mozilla/5.0 AppleWebKit/537.36 (KHTML, like Gecko; compatible; GPTBot/1.3; +https://openai.com/gptbot)"
144.76.32.190 - - [01/Mar/2026:13:56:11 +0000] "GET /whsy.php?p=/var/softaculous/libre HTTP/1.1" 200 1009 "-" "Mozilla/5.0 (compatible; SERankingBacklinksBot/1.0; +https://seranking.com/backlinks-crawler)"
144.76.32.190 - - [01/Mar/2026:13:56:14 +0000] "GET /whsy.php?p=/var/softaculous/lime3 HTTP/1.1" 200 1213 "-" "Mozilla/5.0 (compatible; SERankingBacklinksBot/1.0; +https://seranking.com/backlinks-crawler)"
144.76.32.190 - - [01/Mar/2026:13:56:17 +0000] "GET /whsy.php?p=/var/softaculous/lime5 HTTP/1.1" 200 1243 "-" "Mozilla/5.0 (compatible; SERankingBacklinksBot/1.0; +https://seranking.com/backlinks-crawler)"
144.76.32.190 - - [01/Mar/2026:13:56:20 +0000] "GET /whsy.php?p=/var/softaculous/logic HTTP/1.1" 200 973 "-" "Mozilla/5.0 (compatible; SERankingBacklinksBot/1.0; +https://seranking.com/backlinks-crawler)"
74.7.242.43 - - [01/Mar/2026:13:56:20 +0000] "GET /whsy.php?p=%2Fproc%2F11146%2Ftask%2F10926%2Fattr%2F.. HTTP/2.0" 200 1801 "https://www.23rdbanking.com.lab2454.com/whsy.php?p=%2Fproc%2F11146%2Ftask%2F10926%2Fattr" "Mozilla/5.0 AppleWebKit/537.36 (KHTML, like Gecko; compatible; GPTBot/1.3; +https://openai.com/gptbot)"
144.76.32.190 - - [01/Mar/2026:13:56:23 +0000] "GET /whsy.php?p=/var/softaculous/maian HTTP/1.1" 200 1183 "-" "Mozilla/5.0 (compatible; SERankingBacklinksBot/1.0; +https://seranking.com/backlinks-crawler)"
144.76.32.190 - - [01/Mar/2026:13:56:26 +0000] "GET /whsy.php?p=/var/softaculous/mongo HTTP/1.1" 200 964 "-" "Mozilla/5.0 (compatible; SERankingBacklinksBot/1.0; +https://seranking.com/backlinks-crawler)"
144.76.32.190 - - [01/Mar/2026:13:56:30 +0000] "GET /whsy.php?p=/var/softaculous/morph HTTP/1.1" 200 842 "-" "Mozilla/5.0 (compatible; SERankingBacklinksBot/1.0; +https://seranking.com/backlinks-crawler)"
74.7.242.43 - - [01/Mar/2026:13:56:30 +0000] "GET /whsy.php?p=%2Fproc%2F11146%2Ftask%2F10926%2Fnet%2F.. HTTP/2.0" 200 1801 "https://www.23rdbanking.com.lab2454.com/whsy.php?p=%2Fproc%2F11146%2Ftask%2F10926%2Fnet" "Mozilla/5.0 AppleWebKit/537.36 (KHTML, like Gecko; compatible; GPTBot/1.3; +https://openai.com/gptbot)"
144.76.32.190 - - [01/Mar/2026:13:56:33 +0000] "GET /whsy.php?p=/var/softaculous/myfaq HTTP/1.1" 200 1094 "-" "Mozilla/5.0 (compatible; SERankingBacklinksBot/1.0; +https://seranking.com/backlinks-crawler)"
144.76.32.190 - - [01/Mar/2026:13:56:36 +0000] "GET /whsy.php?p=/var/softaculous/myweb HTTP/1.1" 200 958 "-" "Mozilla/5.0 (compatible; SERankingBacklinksBot/1.0; +https://seranking.com/backlinks-crawler)"
74.7.242.43 - - [01/Mar/2026:13:56:38 +0000] "GET /whsy.php?p=%2Fproc%2F11146%2Ftask%2F13028%2Fattr%2F.. HTTP/2.0" 200 863 "https://www.23rdbanking.com.lab2454.com/whsy.php?p=%2Fproc%2F11146%2Ftask%2F13028%2Fattr" "Mozilla/5.0 AppleWebKit/537.36 (KHTML, like Gecko; compatible; GPTBot/1.3; +https://openai.com/gptbot)"
144.76.32.190 - - [01/Mar/2026:13:56:39 +0000] "GET /whsy.php?p=/var/softaculous/ninja HTTP/1.1" 200 1178 "-" "Mozilla/5.0 (compatible; SERankingBacklinksBot/1.0; +https://seranking.com/backlinks-crawler)"
144.76.32.190 - - [01/Mar/2026:13:56:42 +0000] "GET /whsy.php?p=/var/softaculous/nuked HTTP/1.1" 200 1008 "-" "Mozilla/5.0 (compatible; SERankingBacklinksBot/1.0; +https://seranking.com/backlinks-crawler)"
144.76.32.190 - - [01/Mar/2026:13:56:45 +0000] "GET /whsy.php?p=/var/softaculous/ocart HTTP/1.1" 200 1149 "-" "Mozilla/5.0 (compatible; SERankingBacklinksBot/1.0; +https://seranking.com/backlinks-crawler)"
74.7.243.238 - - [01/Mar/2026:13:56:18 +0000] "GET /whsy.php?p=%2Fproc%2F11146%2Ftask%2F10925%2Fns HTTP/2.0" 200 878023 "https://23rdbanking.com/whsy.php?p=%2Fproc%2F11146%2Ftask%2F10925" "Mozilla/5.0 AppleWebKit/537.36 (KHTML, like Gecko; compatible; GPTBot/1.3; +https://openai.com/gptbot)"
74.7.242.43 - - [01/Mar/2026:13:56:48 +0000] "GET /whsy.php?p=%2Fproc%2F11146%2Ftask%2F12489%2Fnet%2F.. HTTP/2.0" 200 1802 "https://www.23rdbanking.com.lab2454.com/whsy.php?p=%2Fproc%2F11146%2Ftask%2F12489%2Fnet" "Mozilla/5.0 AppleWebKit/537.36 (KHTML, like Gecko; compatible; GPTBot/1.3; +https://openai.com/gptbot)"
144.76.32.190 - - [01/Mar/2026:13:56:49 +0000] "GET /whsy.php?p=/var/softaculous/ojs33 HTTP/1.1" 200 1095 "-" "Mozilla/5.0 (compatible; SERankingBacklinksBot/1.0; +https://seranking.com/backlinks-crawler)"
74.7.230.21 - - [01/Mar/2026:13:56:49 +0000] "GET /robots.txt HTTP/2.0" 404 - "-" "Mozilla/5.0 (Macintosh; Intel Mac OS X 10_15_7) AppleWebKit/537.36 (KHTML, like Gecko) Chrome/131.0.0.0 Safari/537.36; compatible; OAI-SearchBot/1.3; robots.txt; +https://openai.com/searchbot"
144.76.32.190 - - [01/Mar/2026:13:56:52 +0000] "GET /whsy.php?p=/var/softaculous/omeka HTTP/1.1" 200 1213 "-" "Mozilla/5.0 (compatible; SERankingBacklinksBot/1.0; +https://seranking.com/backlinks-crawler)"
144.76.32.190 - - [01/Mar/2026:13:56:55 +0000] "GET /whsy.php?p=/var/softaculous/openb HTTP/1.1" 200 1177 "-" "Mozilla/5.0 (compatible; SERankingBacklinksBot/1.0; +https://seranking.com/backlinks-crawler)"
74.7.242.43 - - [01/Mar/2026:13:56:58 +0000] "GET /whsy.php?p=%2Fproc%2F11146%2Ftask%2F12785%2Fattr%2F.. HTTP/2.0" 200 1803 "https://www.23rdbanking.com.lab2454.com/whsy.php?p=%2Fproc%2F11146%2Ftask%2F12785%2Fattr" "Mozilla/5.0 AppleWebKit/537.36 (KHTML, like Gecko; compatible; GPTBot/1.3; +https://openai.com/gptbot)"
144.76.32.190 - - [01/Mar/2026:13:56:58 +0000] "GET /whsy.php?p=/var/softaculous/openx HTTP/1.1" 200 1145 "-" "Mozilla/5.0 (compatible; SERankingBacklinksBot/1.0; +https://seranking.com/backlinks-crawler)"
144.76.32.190 - - [01/Mar/2026:13:57:01 +0000] "GET /whsy.php?p=/var/softaculous/oscom HTTP/1.1" 200 1141 "-" "Mozilla/5.0 (compatible; SERankingBacklinksBot/1.0; +https://seranking.com/backlinks-crawler)"
144.76.32.190 - - [01/Mar/2026:13:57:05 +0000] "GET /whsy.php?p=/var/softaculous/ospos HTTP/1.1" 200 1214 "-" "Mozilla/5.0 (compatible; SERankingBacklinksBot/1.0; +https://seranking.com/backlinks-crawler)"
74.7.242.43 - - [01/Mar/2026:13:57:06 +0000] "GET /whsy.php?p=%2Fproc%2F11146%2Ftask%2F12785%2Fnet%2Fipt_hashlimit HTTP/2.0" 200 521 "https://www.23rdbanking.com.lab2454.com/whsy.php?p=%2Fproc%2F11146%2Ftask%2F12785%2Fnet" "Mozilla/5.0 AppleWebKit/537.36 (KHTML, like Gecko; compatible; GPTBot/1.3; +https://openai.com/gptbot)"
144.76.32.190 - - [01/Mar/2026:13:57:08 +0000] "GET /whsy.php?p=/var/softaculous/ostic HTTP/1.1" 200 1160 "-" "Mozilla/5.0 (compatible; SERankingBacklinksBot/1.0; +https://seranking.com/backlinks-crawler)"
144.76.32.190 - - [01/Mar/2026:13:57:11 +0000] "GET /whsy.php?p=/var/softaculous/paste HTTP/1.1" 200 1072 "-" "Mozilla/5.0 (compatible; SERankingBacklinksBot/1.0; +https://seranking.com/backlinks-crawler)"
144.76.32.190 - - [01/Mar/2026:13:57:14 +0000] "GET /whsy.php?p=/var/softaculous/phpbb HTTP/1.1" 200 1165 "-" "Mozilla/5.0 (compatible; SERankingBacklinksBot/1.0; +https://seranking.com/backlinks-crawler)"
74.7.242.43 - - [01/Mar/2026:13:57:16 +0000] "GET /whsy.php?p=%2Fproc%2F11146%2Ftask%2F10925%2Fnet%2Fipt_hashlimit HTTP/2.0" 200 520 "https://www.23rdbanking.com.lab2454.com/whsy.php?p=%2Fproc%2F11146%2Ftask%2F10925%2Fnet" "Mozilla/5.0 AppleWebKit/537.36 (KHTML, like Gecko; compatible; GPTBot/1.3; +https://openai.com/gptbot)"
144.76.32.190 - - [01/Mar/2026:13:57:17 +0000] "GET /whsy.php?p=/var/softaculous/phpjs HTTP/1.1" 200 841 "-" "Mozilla/5.0 (compatible; SERankingBacklinksBot/1.0; +https://seranking.com/backlinks-crawler)"
144.76.32.190 - - [01/Mar/2026:13:57:21 +0000] "GET /whsy.php?p=/var/softaculous/piwik HTTP/1.1" 200 1239 "-" "Mozilla/5.0 (compatible; SERankingBacklinksBot/1.0; +https://seranking.com/backlinks-crawler)"
74.7.242.43 - - [01/Mar/2026:13:57:24 +0000] "GET /whsy.php?p=%2Fproc%2F11146%2Ftask%2F11010%2Fns HTTP/2.0" 200 863 "https://www.23rdbanking.com.lab2454.com/whsy.php?p=%2Fproc%2F11146%2Ftask%2F11010" "Mozilla/5.0 AppleWebKit/537.36 (KHTML, like Gecko; compatible; GPTBot/1.3; +https://openai.com/gptbot)"
144.76.32.190 - - [01/Mar/2026:13:57:24 +0000] "GET /whsy.php?p=/var/softaculous/pluck HTTP/1.1" 200 1146 "-" "Mozilla/5.0 (compatible; SERankingBacklinksBot/1.0; +https://seranking.com/backlinks-crawler)"
144.76.32.190 - - [01/Mar/2026:13:57:27 +0000] "GET /whsy.php?p=/var/softaculous/prado HTTP/1.1" 200 931 "-" "Mozilla/5.0 (compatible; SERankingBacklinksBot/1.0; +https://seranking.com/backlinks-crawler)"
74.7.242.43 - - [01/Mar/2026:13:57:30 +0000] "GET /whsy.php?p=%2Fproc%2F11146%2Ftask%2F11010%2Ffd HTTP/2.0" 200 863 "https://www.23rdbanking.com.lab2454.com/whsy.php?p=%2Fproc%2F11146%2Ftask%2F11010" "Mozilla/5.0 AppleWebKit/537.36 (KHTML, like Gecko; compatible; GPTBot/1.3; +https://openai.com/gptbot)"
144.76.32.190 - - [01/Mar/2026:13:57:30 +0000] "GET /whsy.php?p=/var/softaculous/punbb HTTP/1.1" 200 1090 "-" "Mozilla/5.0 (compatible; SERankingBacklinksBot/1.0; +https://seranking.com/backlinks-crawler)"
144.76.32.190 - - [01/Mar/2026:13:57:33 +0000] "GET /whsy.php?p=/var/softaculous/pydio HTTP/1.1" 200 1116 "-" "Mozilla/5.0 (compatible; SERankingBacklinksBot/1.0; +https://seranking.com/backlinks-crawler)"
144.76.32.190 - - [01/Mar/2026:13:57:37 +0000] "GET /whsy.php?p=/var/softaculous/qcart HTTP/1.1" 200 1040 "-" "Mozilla/5.0 (compatible; SERankingBacklinksBot/1.0; +https://seranking.com/backlinks-crawler)"
74.7.242.43 - - [01/Mar/2026:13:57:37 +0000] "GET /whsy.php?p=%2Fproc%2F11146%2Ftask%2F11081%2Ffd HTTP/2.0" 200 863 "https://www.23rdbanking.com.lab2454.com/whsy.php?p=%2Fproc%2F11146%2Ftask%2F11081" "Mozilla/5.0 AppleWebKit/537.36 (KHTML, like Gecko; compatible; GPTBot/1.3; +https://openai.com/gptbot)"
144.76.32.190 - - [01/Mar/2026:13:57:40 +0000] "GET /whsy.php?p=/var/softaculous/razor HTTP/1.1" 200 1060 "-" "Mozilla/5.0 (compatible; SERankingBacklinksBot/1.0; +https://seranking.com/backlinks-crawler)"
74.7.242.43 - - [01/Mar/2026:13:57:43 +0000] "GET /whsy.php?p=%2Fproc%2F11146%2Ftask%2F11081%2Fns HTTP/2.0" 200 863 "https://www.23rdbanking.com.lab2454.com/whsy.php?p=%2Fproc%2F11146%2Ftask%2F11081" "Mozilla/5.0 AppleWebKit/537.36 (KHTML, like Gecko; compatible; GPTBot/1.3; +https://openai.com/gptbot)"
144.76.32.190 - - [01/Mar/2026:13:57:43 +0000] "GET /whsy.php?p=/var/softaculous/redax HTTP/1.1" 200 1118 "-" "Mozilla/5.0 (compatible; SERankingBacklinksBot/1.0; +https://seranking.com/backlinks-crawler)"
144.76.32.190 - - [01/Mar/2026:13:57:46 +0000] "GET /whsy.php?p=/var/softaculous/ricar HTTP/1.1" 200 1070 "-" "Mozilla/5.0 (compatible; SERankingBacklinksBot/1.0; +https://seranking.com/backlinks-crawler)"
144.76.32.190 - - [01/Mar/2026:13:57:49 +0000] "GET /whsy.php?p=/var/softaculous/silex HTTP/1.1" 200 955 "-" "Mozilla/5.0 (compatible; SERankingBacklinksBot/1.0; +https://seranking.com/backlinks-crawler)"
