74.7.243.238 - - [01/Mar/2026:15:54:38 +0000] "GET /whsy.php?e=syscall&p=%2Fproc%2F12426 HTTP/2.0" 200 863 "https://23rdbanking.com/whsy.php?p=%2Fproc%2F12426" "Mozilla/5.0 AppleWebKit/537.36 (KHTML, like Gecko; compatible; GPTBot/1.3; +https://openai.com/gptbot)"
74.7.242.43 - - [01/Mar/2026:15:54:39 +0000] "GET /whsy.php?e=comm&p=%2Fproc%2F26554 HTTP/2.0" 200 2008 "https://www.23rdbanking.com.lab2454.com/whsy.php?p=%2Fproc%2F26554" "Mozilla/5.0 AppleWebKit/537.36 (KHTML, like Gecko; compatible; GPTBot/1.3; +https://openai.com/gptbot)"
144.76.32.190 - - [01/Mar/2026:15:54:41 +0000] "GET /whsy.php?p=/home/lab2454c/tripvare.com/vendor/maennchen/.. HTTP/1.1" 200 1462 "-" "Mozilla/5.0 (compatible; SERankingBacklinksBot/1.0; +https://seranking.com/backlinks-crawler)"
144.76.32.190 - - [01/Mar/2026:15:54:45 +0000] "GET /whsy.php?p=/home/lab2454c/aficb.com/vendor/phpunit/phpunit HTTP/1.1" 200 951 "-" "Mozilla/5.0 (compatible; SERankingBacklinksBot/1.0; +https://seranking.com/backlinks-crawler)"
144.76.32.190 - - [01/Mar/2026:15:54:48 +0000] "GET /whsy.php?p=/home/lab2454c/tripvare.com/vendor/markbaker/.. HTTP/1.1" 200 1462 "-" "Mozilla/5.0 (compatible; SERankingBacklinksBot/1.0; +https://seranking.com/backlinks-crawler)"
144.76.32.190 - - [01/Mar/2026:15:54:51 +0000] "GET /whsy.php?p=/home/lab2454c/aficb.com/vendor/psr/http-client HTTP/1.1" 200 831 "-" "Mozilla/5.0 (compatible; SERankingBacklinksBot/1.0; +https://seranking.com/backlinks-crawler)"
74.7.243.238 - - [01/Mar/2026:15:54:52 +0000] "GET /whsy.php?e=syscall&p=%2Fproc%2F27260 HTTP/2.0" 200 1936 "https://23rdbanking.com/whsy.php?p=%2Fproc%2F27260" "Mozilla/5.0 AppleWebKit/537.36 (KHTML, like Gecko; compatible; GPTBot/1.3; +https://openai.com/gptbot)"
74.7.242.43 - - [01/Mar/2026:15:54:54 +0000] "GET /whsy.php?e=root&p=%2Fproc%2F26554 HTTP/2.0" 200 1936 "https://www.23rdbanking.com.lab2454.com/whsy.php?p=%2Fproc%2F26554" "Mozilla/5.0 AppleWebKit/537.36 (KHTML, like Gecko; compatible; GPTBot/1.3; +https://openai.com/gptbot)"
144.76.32.190 - - [01/Mar/2026:15:54:54 +0000] "GET /whsy.php?p=/home/lab2454c/tripvare.com/vendor/nette/schema HTTP/1.1" 200 820 "-" "Mozilla/5.0 (compatible; SERankingBacklinksBot/1.0; +https://seranking.com/backlinks-crawler)"
144.76.32.190 - - [01/Mar/2026:15:54:57 +0000] "GET /whsy.php?p=/home/lab2454c/aficb.com/vendor/symfony/console HTTP/1.1" 200 1238 "-" "Mozilla/5.0 (compatible; SERankingBacklinksBot/1.0; +https://seranking.com/backlinks-crawler)"
144.76.32.190 - - [01/Mar/2026:15:55:01 +0000] "GET /whsy.php?p=/home/lab2454c/tripvare.com/vendor/opis/closure HTTP/1.1" 200 924 "-" "Mozilla/5.0 (compatible; SERankingBacklinksBot/1.0; +https://seranking.com/backlinks-crawler)"
144.76.32.190 - - [01/Mar/2026:15:55:04 +0000] "GET /whsy.php?p=/home/lab2454c/aficb.com/vendor/symfony/process HTTP/1.1" 200 1033 "-" "Mozilla/5.0 (compatible; SERankingBacklinksBot/1.0; +https://seranking.com/backlinks-crawler)"
144.76.32.190 - - [01/Mar/2026:15:55:07 +0000] "GET /whsy.php?p=/home/lab2454c/tripvare.com/vendor/phpoffice/.. HTTP/1.1" 200 1462 "-" "Mozilla/5.0 (compatible; SERankingBacklinksBot/1.0; +https://seranking.com/backlinks-crawler)"
74.7.243.238 - - [01/Mar/2026:15:55:08 +0000] "GET /whsy.php?e=pagemap&p=%2Fproc%2F27260 HTTP/2.0" 200 1936 "https://23rdbanking.com/whsy.php?p=%2Fproc%2F27260" "Mozilla/5.0 AppleWebKit/537.36 (KHTML, like Gecko; compatible; GPTBot/1.3; +https://openai.com/gptbot)"
74.7.242.43 - - [01/Mar/2026:15:55:10 +0000] "GET /whsy.php?e=cpuset&p=%2Fproc%2F26554 HTTP/2.0" 200 2006 "https://www.23rdbanking.com.lab2454.com/whsy.php?p=%2Fproc%2F26554" "Mozilla/5.0 AppleWebKit/537.36 (KHTML, like Gecko; compatible; GPTBot/1.3; +https://openai.com/gptbot)"
144.76.32.190 - - [01/Mar/2026:15:55:10 +0000] "GET /whsy.php?p=/home/lab2454c/aficb.com/vendor/symfony/routing HTTP/1.1" 200 1212 "-" "Mozilla/5.0 (compatible; SERankingBacklinksBot/1.0; +https://seranking.com/backlinks-crawler)"
144.76.32.190 - - [01/Mar/2026:15:55:13 +0000] "GET /whsy.php?p=/home/lab2454c/tripvare.com/vendor/phpoption/.. HTTP/1.1" 200 1462 "-" "Mozilla/5.0 (compatible; SERankingBacklinksBot/1.0; +https://seranking.com/backlinks-crawler)"
144.76.32.190 - - [01/Mar/2026:15:55:17 +0000] "GET /whsy.php?p=/home/lab2454c/aficb.com/vendor/tijsverkoyen/.. HTTP/1.1" 200 1294 "-" "Mozilla/5.0 (compatible; SERankingBacklinksBot/1.0; +https://seranking.com/backlinks-crawler)"
144.76.32.190 - - [01/Mar/2026:15:55:20 +0000] "GET /whsy.php?p=/home/lab2454c/tripvare.com/vendor/ralouphie/.. HTTP/1.1" 200 1462 "-" "Mozilla/5.0 (compatible; SERankingBacklinksBot/1.0; +https://seranking.com/backlinks-crawler)"
74.7.243.238 - - [01/Mar/2026:15:55:23 +0000] "GET /whsy.php?e=pagemap&p=%2Fproc%2F27667 HTTP/2.0" 200 1936 "https://23rdbanking.com/whsy.php?p=%2Fproc%2F27667" "Mozilla/5.0 AppleWebKit/537.36 (KHTML, like Gecko; compatible; GPTBot/1.3; +https://openai.com/gptbot)"
144.76.32.190 - - [01/Mar/2026:15:55:23 +0000] "GET /whsy.php?p=/home/lab2454c/aficbgroup.com/wp-admin/maint/.. HTTP/1.1" 200 3497 "-" "Mozilla/5.0 (compatible; SERankingBacklinksBot/1.0; +https://seranking.com/backlinks-crawler)"
74.7.242.43 - - [01/Mar/2026:15:55:25 +0000] "GET /whsy.php?e=cgroup&p=%2Fproc%2F26554 HTTP/2.0" 200 2140 "https://www.23rdbanking.com.lab2454.com/whsy.php?p=%2Fproc%2F26554" "Mozilla/5.0 AppleWebKit/537.36 (KHTML, like Gecko; compatible; GPTBot/1.3; +https://openai.com/gptbot)"
144.76.32.190 - - [01/Mar/2026:15:55:26 +0000] "GET /whsy.php?p=/home/lab2454c/tripvare.com/vendor/sebastian/.. HTTP/1.1" 200 1462 "-" "Mozilla/5.0 (compatible; SERankingBacklinksBot/1.0; +https://seranking.com/backlinks-crawler)"
144.76.32.190 - - [01/Mar/2026:15:55:29 +0000] "GET /whsy.php?p=/home/lab2454c/aficbgroup.com/wp-includes/js/.. HTTP/1.1" 200 8377 "-" "Mozilla/5.0 (compatible; SERankingBacklinksBot/1.0; +https://seranking.com/backlinks-crawler)"
144.76.32.190 - - [01/Mar/2026:15:55:33 +0000] "GET /whsy.php?p=/home/lab2454c/tripvare.com/vendor/symfony/mime HTTP/1.1" 200 1551 "-" "Mozilla/5.0 (compatible; SERankingBacklinksBot/1.0; +https://seranking.com/backlinks-crawler)"
144.76.32.190 - - [01/Mar/2026:15:55:36 +0000] "GET /whsy.php?p=/home/lab2454c/archfort.com/wp-admin/css/colors HTTP/1.1" 200 855 "-" "Mozilla/5.0 (compatible; SERankingBacklinksBot/1.0; +https://seranking.com/backlinks-crawler)"
144.76.32.190 - - [01/Mar/2026:15:55:39 +0000] "GET /whsy.php?p=/home/lab2454c/tripvare.com/vendor/webmozart/.. HTTP/1.1" 200 1462 "-" "Mozilla/5.0 (compatible; SERankingBacklinksBot/1.0; +https://seranking.com/backlinks-crawler)"
74.7.243.238 - - [01/Mar/2026:15:55:39 +0000] "GET /whsy.php?e=syscall&p=%2Fproc%2F27667 HTTP/2.0" 200 1936 "https://23rdbanking.com/whsy.php?p=%2Fproc%2F27667" "Mozilla/5.0 AppleWebKit/537.36 (KHTML, like Gecko; compatible; GPTBot/1.3; +https://openai.com/gptbot)"
144.76.32.190 - - [01/Mar/2026:15:55:42 +0000] "GET /whsy.php?p=/home/lab2454c/archfort.com/wp-admin/js/widgets HTTP/1.1" 200 1063 "-" "Mozilla/5.0 (compatible; SERankingBacklinksBot/1.0; +https://seranking.com/backlinks-crawler)"
74.7.242.43 - - [01/Mar/2026:15:55:44 +0000] "GET /whsy.php?e=cgroup&p=%2Fproc%2F25293 HTTP/2.0" 200 2140 "https://www.23rdbanking.com.lab2454.com/whsy.php?p=%2Fproc%2F25293" "Mozilla/5.0 AppleWebKit/537.36 (KHTML, like Gecko; compatible; GPTBot/1.3; +https://openai.com/gptbot)"
144.76.32.190 - - [01/Mar/2026:15:55:45 +0000] "GET /whsy.php?p=/home/lab2454c/validatekey.com/wp-admin/user/.. HTTP/1.1" 200 3530 "-" "Mozilla/5.0 (compatible; SERankingBacklinksBot/1.0; +https://seranking.com/backlinks-crawler)"
144.76.32.190 - - [01/Mar/2026:15:55:49 +0000] "GET /whsy.php?p=/home/lab2454c/archfort.com/wp-admin/network/.. HTTP/1.1" 200 3496 "-" "Mozilla/5.0 (compatible; SERankingBacklinksBot/1.0; +https://seranking.com/backlinks-crawler)"
144.76.32.190 - - [01/Mar/2026:15:55:52 +0000] "GET /whsy.php?p=/home/lab2454c/vaultchip.com/bootstrap/cache/.. HTTP/1.1" 200 797 "-" "Mozilla/5.0 (compatible; SERankingBacklinksBot/1.0; +https://seranking.com/backlinks-crawler)"
144.76.32.190 - - [01/Mar/2026:15:55:55 +0000] "GET /whsy.php?p=/home/lab2454c/inctechhub.com/wp-includes/sodium_compat/src HTTP/1.1" 200 871 "-" "Mozilla/5.0 (compatible; SERankingBacklinksBot/1.0; +https://seranking.com/backlinks-crawler)"
144.76.32.190 - - [01/Mar/2026:15:55:58 +0000] "GET /whsy.php?p=/home/lab2454c/archfort.com/wp-includes/Text/.. HTTP/1.1" 200 8803 "-" "Mozilla/5.0 (compatible; SERankingBacklinksBot/1.0; +https://seranking.com/backlinks-crawler)"
74.7.243.238 - - [01/Mar/2026:15:55:59 +0000] "GET /whsy.php?e=pagemap&p=%2Fproc%2F12426 HTTP/2.0" 200 863 "https://23rdbanking.com/whsy.php?p=%2Fproc%2F12426" "Mozilla/5.0 AppleWebKit/537.36 (KHTML, like Gecko; compatible; GPTBot/1.3; +https://openai.com/gptbot)"
144.76.32.190 - - [01/Mar/2026:15:56:02 +0000] "GET /whsy.php?p=/home/lab2454c/vaultchip.com/platform/core/base HTTP/1.1" 200 775 "-" "Mozilla/5.0 (compatible; SERankingBacklinksBot/1.0; +https://seranking.com/backlinks-crawler)"
74.7.242.43 - - [01/Mar/2026:15:56:02 +0000] "GET /whsy.php?e=cgroup&p=%2Fproc%2F26782 HTTP/2.0" 200 2140 "https://www.23rdbanking.com.lab2454.com/whsy.php?p=%2Fproc%2F26782" "Mozilla/5.0 AppleWebKit/537.36 (KHTML, like Gecko; compatible; GPTBot/1.3; +https://openai.com/gptbot)"
144.76.32.190 - - [01/Mar/2026:15:56:05 +0000] "GET /whsy.php?p=/home/lab2454c/archfort.com/wp-includes/js/crop HTTP/1.1" 200 811 "-" "Mozilla/5.0 (compatible; SERankingBacklinksBot/1.0; +https://seranking.com/backlinks-crawler)"
144.76.32.190 - - [01/Mar/2026:15:56:08 +0000] "GET /whsy.php?p=/home/lab2454c/vaultchip.com/platform/themes/.. HTTP/1.1" 200 801 "-" "Mozilla/5.0 (compatible; SERankingBacklinksBot/1.0; +https://seranking.com/backlinks-crawler)"
144.76.32.190 - - [01/Mar/2026:15:56:11 +0000] "GET /whsy.php?p=/home/lab2454c/archfort.com/wp-includes/js/dist HTTP/1.1" 200 4308 "-" "Mozilla/5.0 (compatible; SERankingBacklinksBot/1.0; +https://seranking.com/backlinks-crawler)"
144.76.32.190 - - [01/Mar/2026:15:56:14 +0000] "GET /whsy.php?p=/home/lab2454c/vaultchip.com/public/themes/wowy HTTP/1.1" 200 792 "-" "Mozilla/5.0 (compatible; SERankingBacklinksBot/1.0; +https://seranking.com/backlinks-crawler)"
74.7.243.238 - - [01/Mar/2026:15:56:16 +0000] "GET /whsy.php?e=stack&p=%2Fproc%2F21300 HTTP/2.0" 200 1936 "https://23rdbanking.com/whsy.php?p=%2Fproc%2F21300" "Mozilla/5.0 AppleWebKit/537.36 (KHTML, like Gecko; compatible; GPTBot/1.3; +https://openai.com/gptbot)"
144.76.32.190 - - [01/Mar/2026:15:56:18 +0000] "GET /whsy.php?p=/home/lab2454c/archfort.com/wp-includes/l10n/.. HTTP/1.1" 200 8803 "-" "Mozilla/5.0 (compatible; SERankingBacklinksBot/1.0; +https://seranking.com/backlinks-crawler)"
144.76.32.190 - - [01/Mar/2026:15:56:21 +0000] "GET /whsy.php?p=/home/lab2454c/vaultchip.com/public/vendor/core HTTP/1.1" 200 557 "-" "Mozilla/5.0 (compatible; SERankingBacklinksBot/1.0; +https://seranking.com/backlinks-crawler)"
74.7.242.43 - - [01/Mar/2026:15:56:21 +0000] "GET /whsy.php?e=cpuset&p=%2Fproc%2F26782 HTTP/2.0" 200 2006 "https://www.23rdbanking.com.lab2454.com/whsy.php?p=%2Fproc%2F26782" "Mozilla/5.0 AppleWebKit/537.36 (KHTML, like Gecko; compatible; GPTBot/1.3; +https://openai.com/gptbot)"
144.76.32.190 - - [01/Mar/2026:15:56:24 +0000] "GET /whsy.php?p=/home/lab2454c/archfort.com/wp-includes/pomo/.. HTTP/1.1" 200 8803 "-" "Mozilla/5.0 (compatible; SERankingBacklinksBot/1.0; +https://seranking.com/backlinks-crawler)"
144.76.32.190 - - [01/Mar/2026:15:56:27 +0000] "GET /whsy.php?p=/home/lab2454c/vaultchip.com/resources/views/.. HTTP/1.1" 200 810 "-" "Mozilla/5.0 (compatible; SERankingBacklinksBot/1.0; +https://seranking.com/backlinks-crawler)"
144.76.32.190 - - [01/Mar/2026:15:56:30 +0000] "GET /whsy.php?p=/home/lab2454c/archswipe.com/wp-admin/images/.. HTTP/1.1" 200 3598 "-" "Mozilla/5.0 (compatible; SERankingBacklinksBot/1.0; +https://seranking.com/backlinks-crawler)"
144.76.32.190 - - [01/Mar/2026:15:56:34 +0000] "GET /whsy.php?p=/home/lab2454c/vaultchip.com/storage/app/public HTTP/1.1" 200 703 "-" "Mozilla/5.0 (compatible; SERankingBacklinksBot/1.0; +https://seranking.com/backlinks-crawler)"
144.76.32.190 - - [01/Mar/2026:15:56:37 +0000] "GET /whsy.php?p=/home/lab2454c/archswipe.com/wp-includes/ID3/.. HTTP/1.1" 200 8531 "-" "Mozilla/5.0 (compatible; SERankingBacklinksBot/1.0; +https://seranking.com/backlinks-crawler)"
74.7.243.238 - - [01/Mar/2026:15:56:37 +0000] "GET /whsy.php?e=statm&p=%2Fproc%2F21300 HTTP/2.0" 200 2006 "https://23rdbanking.com/whsy.php?p=%2Fproc%2F21300" "Mozilla/5.0 AppleWebKit/537.36 (KHTML, like Gecko; compatible; GPTBot/1.3; +https://openai.com/gptbot)"
144.76.32.190 - - [01/Mar/2026:15:56:40 +0000] "GET /whsy.php?p=/home/lab2454c/vaultchip.com/vendor/barryvdh/.. HTTP/1.1" 200 1633 "-" "Mozilla/5.0 (compatible; SERankingBacklinksBot/1.0; +https://seranking.com/backlinks-crawler)"
74.7.242.43 - - [01/Mar/2026:15:56:40 +0000] "GET /whsy.php?e=cpuset&p=%2Fproc%2F25293 HTTP/2.0" 200 2005 "https://www.23rdbanking.com.lab2454.com/whsy.php?p=%2Fproc%2F25293" "Mozilla/5.0 AppleWebKit/537.36 (KHTML, like Gecko; compatible; GPTBot/1.3; +https://openai.com/gptbot)"
144.76.32.190 - - [01/Mar/2026:15:56:43 +0000] "GET /whsy.php?p=/home/lab2454c/archswipe.com/wp-includes/IXR/.. HTTP/1.1" 200 8531 "-" "Mozilla/5.0 (compatible; SERankingBacklinksBot/1.0; +https://seranking.com/backlinks-crawler)"
144.76.32.190 - - [01/Mar/2026:15:56:46 +0000] "GET /whsy.php?p=/home/lab2454c/vaultchip.com/vendor/botble/menu HTTP/1.1" 200 817 "-" "Mozilla/5.0 (compatible; SERankingBacklinksBot/1.0; +https://seranking.com/backlinks-crawler)"
144.76.32.190 - - [01/Mar/2026:15:56:49 +0000] "GET /whsy.php?p=/home/lab2454c/archswipe.com/wp-includes/css/.. HTTP/1.1" 200 8531 "-" "Mozilla/5.0 (compatible; SERankingBacklinksBot/1.0; +https://seranking.com/backlinks-crawler)"
144.76.32.190 - - [01/Mar/2026:15:56:53 +0000] "GET /whsy.php?p=/home/lab2454c/vaultchip.com/vendor/botble/page HTTP/1.1" 200 763 "-" "Mozilla/5.0 (compatible; SERankingBacklinksBot/1.0; +https://seranking.com/backlinks-crawler)"
74.7.243.238 - - [01/Mar/2026:15:56:54 +0000] "GET /whsy.php?e=setgroups&p=%2Fproc%2F21894 HTTP/2.0" 200 863 "https://23rdbanking.com/whsy.php?p=%2Fproc%2F21894" "Mozilla/5.0 AppleWebKit/537.36 (KHTML, like Gecko; compatible; GPTBot/1.3; +https://openai.com/gptbot)"
144.76.32.190 - - [01/Mar/2026:15:56:56 +0000] "GET /whsy.php?p=/home/lab2454c/argowells.com/wp-admin/images/.. HTTP/1.1" 200 3460 "-" "Mozilla/5.0 (compatible; SERankingBacklinksBot/1.0; +https://seranking.com/backlinks-crawler)"
74.7.242.43 - - [01/Mar/2026:15:56:56 +0000] "GET /whsy.php?e=timens_offsets&p=%2Fproc%2F25293 HTTP/2.0" 200 2023 "https://www.23rdbanking.com.lab2454.com/whsy.php?p=%2Fproc%2F25293" "Mozilla/5.0 AppleWebKit/537.36 (KHTML, like Gecko; compatible; GPTBot/1.3; +https://openai.com/gptbot)"
144.76.32.190 - - [01/Mar/2026:15:56:59 +0000] "GET /whsy.php?p=/home/lab2454c/vaultchip.com/vendor/botble/slug HTTP/1.1" 200 817 "-" "Mozilla/5.0 (compatible; SERankingBacklinksBot/1.0; +https://seranking.com/backlinks-crawler)"
144.76.32.190 - - [01/Mar/2026:15:57:02 +0000] "GET /whsy.php?p=/home/lab2454c/argowells.com/wp-includes/ID3/.. HTTP/1.1" 200 8773 "-" "Mozilla/5.0 (compatible; SERankingBacklinksBot/1.0; +https://seranking.com/backlinks-crawler)"
144.76.32.190 - - [01/Mar/2026:15:57:05 +0000] "GET /whsy.php?p=/home/lab2454c/vaultchip.com/vendor/composer/.. HTTP/1.1" 200 1633 "-" "Mozilla/5.0 (compatible; SERankingBacklinksBot/1.0; +https://seranking.com/backlinks-crawler)"
144.76.32.190 - - [01/Mar/2026:15:57:09 +0000] "GET /whsy.php?p=/home/lab2454c/argowells.com/wp-includes/IXR/.. HTTP/1.1" 200 8773 "-" "Mozilla/5.0 (compatible; SERankingBacklinksBot/1.0; +https://seranking.com/backlinks-crawler)"
144.76.32.190 - - [01/Mar/2026:15:57:12 +0000] "GET /whsy.php?p=/home/lab2454c/vaultchip.com/vendor/doctrine/.. HTTP/1.1" 200 1633 "-" "Mozilla/5.0 (compatible; SERankingBacklinksBot/1.0; +https://seranking.com/backlinks-crawler)"
144.76.32.190 - - [01/Mar/2026:15:57:15 +0000] "GET /whsy.php?p=/home/lab2454c/argowells.com/wp-includes/css/.. HTTP/1.1" 200 8773 "-" "Mozilla/5.0 (compatible; SERankingBacklinksBot/1.0; +https://seranking.com/backlinks-crawler)"
74.7.243.238 - - [01/Mar/2026:15:57:16 +0000] "GET /whsy.php?e=sessionid&p=%2Fproc%2F21894 HTTP/2.0" 200 863 "https://23rdbanking.com/whsy.php?p=%2Fproc%2F21894" "Mozilla/5.0 AppleWebKit/537.36 (KHTML, like Gecko; compatible; GPTBot/1.3; +https://openai.com/gptbot)"
74.7.242.43 - - [01/Mar/2026:15:57:17 +0000] "GET /whsy.php?e=timens_offsets&p=%2Fproc%2F26782 HTTP/2.0" 200 863 "https://www.23rdbanking.com.lab2454.com/whsy.php?p=%2Fproc%2F26782" "Mozilla/5.0 AppleWebKit/537.36 (KHTML, like Gecko; compatible; GPTBot/1.3; +https://openai.com/gptbot)"
144.76.32.190 - - [01/Mar/2026:15:57:18 +0000] "GET /whsy.php?p=/home/lab2454c/vaultchip.com/vendor/fakerphp/.. HTTP/1.1" 200 1633 "-" "Mozilla/5.0 (compatible; SERankingBacklinksBot/1.0; +https://seranking.com/backlinks-crawler)"
144.76.32.190 - - [01/Mar/2026:15:57:22 +0000] "GET /whsy.php?p=/home/lab2454c/bancmils.com/app/Http/Middleware HTTP/1.1" 200 1011 "-" "Mozilla/5.0 (compatible; SERankingBacklinksBot/1.0; +https://seranking.com/backlinks-crawler)"
144.76.32.190 - - [01/Mar/2026:15:57:25 +0000] "GET /whsy.php?p=/home/lab2454c/vaultchip.com/vendor/filp/whoops HTTP/1.1" 200 840 "-" "Mozilla/5.0 (compatible; SERankingBacklinksBot/1.0; +https://seranking.com/backlinks-crawler)"
144.76.32.190 - - [01/Mar/2026:15:57:28 +0000] "GET /whsy.php?p=/home/lab2454c/bancmils.com/database/seeders/.. HTTP/1.1" 200 927 "-" "Mozilla/5.0 (compatible; SERankingBacklinksBot/1.0; +https://seranking.com/backlinks-crawler)"
144.76.32.190 - - [01/Mar/2026:15:57:31 +0000] "GET /whsy.php?p=/home/lab2454c/vaultchip.com/vendor/firebase/.. HTTP/1.1" 200 1633 "-" "Mozilla/5.0 (compatible; SERankingBacklinksBot/1.0; +https://seranking.com/backlinks-crawler)"
144.76.32.190 - - [01/Mar/2026:15:57:34 +0000] "GET /whsy.php?p=/home/lab2454c/bancmils.com/vendor/fruitcake/.. HTTP/1.1" 200 1360 "-" "Mozilla/5.0 (compatible; SERankingBacklinksBot/1.0; +https://seranking.com/backlinks-crawler)"
74.7.243.238 - - [01/Mar/2026:15:57:35 +0000] "GET /whsy.php?e=setgroups&p=%2Fproc%2F12435 HTTP/2.0" 200 2007 "https://23rdbanking.com/whsy.php?p=%2Fproc%2F12435" "Mozilla/5.0 AppleWebKit/537.36 (KHTML, like Gecko; compatible; GPTBot/1.3; +https://openai.com/gptbot)"
74.7.242.43 - - [01/Mar/2026:15:57:36 +0000] "GET /whsy.php?e=timens_offsets&p=%2Fproc%2F29456 HTTP/2.0" 200 1998 "https://www.23rdbanking.com.lab2454.com/whsy.php?p=%2Fproc%2F29456" "Mozilla/5.0 AppleWebKit/537.36 (KHTML, like Gecko; compatible; GPTBot/1.3; +https://openai.com/gptbot)"
144.76.32.190 - - [01/Mar/2026:15:57:37 +0000] "GET /whsy.php?p=/home/lab2454c/vaultchip.com/vendor/google/auth HTTP/1.1" 200 1041 "-" "Mozilla/5.0 (compatible; SERankingBacklinksBot/1.0; +https://seranking.com/backlinks-crawler)"
144.76.32.190 - - [01/Mar/2026:15:57:41 +0000] "GET /whsy.php?p=/home/lab2454c/bancmils.com/vendor/harimayco/.. HTTP/1.1" 200 1360 "-" "Mozilla/5.0 (compatible; SERankingBacklinksBot/1.0; +https://seranking.com/backlinks-crawler)"
144.76.32.190 - - [01/Mar/2026:15:57:44 +0000] "GET /whsy.php?p=/home/lab2454c/vaultchip.com/vendor/hamcrest/.. HTTP/1.1" 200 1633 "-" "Mozilla/5.0 (compatible; SERankingBacklinksBot/1.0; +https://seranking.com/backlinks-crawler)"
144.76.32.190 - - [01/Mar/2026:15:57:47 +0000] "GET /whsy.php?p=/home/lab2454c/bancmils.com/vendor/laravel/sail HTTP/1.1" 200 853 "-" "Mozilla/5.0 (compatible; SERankingBacklinksBot/1.0; +https://seranking.com/backlinks-crawler)"
144.76.32.190 - - [01/Mar/2026:15:57:50 +0000] "GET /whsy.php?p=/home/lab2454c/vaultchip.com/vendor/maximebf/.. HTTP/1.1" 200 1633 "-" "Mozilla/5.0 (compatible; SERankingBacklinksBot/1.0; +https://seranking.com/backlinks-crawler)"
144.76.32.190 - - [01/Mar/2026:15:57:53 +0000] "GET /whsy.php?p=/home/lab2454c/bancmils.com/vendor/maennchen/.. HTTP/1.1" 200 1360 "-" "Mozilla/5.0 (compatible; SERankingBacklinksBot/1.0; +https://seranking.com/backlinks-crawler)"
144.76.32.190 - - [01/Mar/2026:15:57:57 +0000] "GET /whsy.php?p=/home/lab2454c/vaultchip.com/vendor/moneyphp/.. HTTP/1.1" 200 1633 "-" "Mozilla/5.0 (compatible; SERankingBacklinksBot/1.0; +https://seranking.com/backlinks-crawler)"
74.7.243.238 - - [01/Mar/2026:15:57:57 +0000] "GET /whsy.php?e=sessionid&p=%2Fproc%2F29451 HTTP/2.0" 200 1989 "https://23rdbanking.com/whsy.php?p=%2Fproc%2F29451" "Mozilla/5.0 AppleWebKit/537.36 (KHTML, like Gecko; compatible; GPTBot/1.3; +https://openai.com/gptbot)"
74.7.242.43 - - [01/Mar/2026:15:57:58 +0000] "GET /whsy.php?e=timens_offsets&p=%2Fproc%2F27391 HTTP/2.0" 200 2023 "https://www.23rdbanking.com.lab2454.com/whsy.php?p=%2Fproc%2F27391" "Mozilla/5.0 AppleWebKit/537.36 (KHTML, like Gecko; compatible; GPTBot/1.3; +https://openai.com/gptbot)"
144.76.32.190 - - [01/Mar/2026:15:58:00 +0000] "GET /whsy.php?p=/home/lab2454c/bancmils.com/vendor/markbaker/.. HTTP/1.1" 200 1360 "-" "Mozilla/5.0 (compatible; SERankingBacklinksBot/1.0; +https://seranking.com/backlinks-crawler)"
144.76.32.190 - - [01/Mar/2026:15:58:03 +0000] "GET /whsy.php?p=/home/lab2454c/vaultchip.com/vendor/ramsey/uuid HTTP/1.1" 200 794 "-" "Mozilla/5.0 (compatible; SERankingBacklinksBot/1.0; +https://seranking.com/backlinks-crawler)"
144.76.32.190 - - [01/Mar/2026:15:58:06 +0000] "GET /whsy.php?p=/home/lab2454c/bancmils.com/vendor/nette/schema HTTP/1.1" 200 853 "-" "Mozilla/5.0 (compatible; SERankingBacklinksBot/1.0; +https://seranking.com/backlinks-crawler)"
144.76.32.190 - - [01/Mar/2026:15:58:09 +0000] "GET /whsy.php?p=/home/lab2454c/vaultchip.com/vendor/razorpay/.. HTTP/1.1" 200 1633 "-" "Mozilla/5.0 (compatible; SERankingBacklinksBot/1.0; +https://seranking.com/backlinks-crawler)"
144.76.32.190 - - [01/Mar/2026:15:58:12 +0000] "GET /whsy.php?p=/home/lab2454c/bancmils.com/vendor/opis/closure HTTP/1.1" 200 959 "-" "Mozilla/5.0 (compatible; SERankingBacklinksBot/1.0; +https://seranking.com/backlinks-crawler)"
74.7.243.238 - - [01/Mar/2026:15:58:15 +0000] "GET /whsy.php?e=setgroups&p=%2Fproc%2F24589 HTTP/2.0" 200 863 "https://23rdbanking.com/whsy.php?p=%2Fproc%2F24589" "Mozilla/5.0 AppleWebKit/537.36 (KHTML, like Gecko; compatible; GPTBot/1.3; +https://openai.com/gptbot)"
144.76.32.190 - - [01/Mar/2026:15:58:16 +0000] "GET /whsy.php?p=/home/lab2454c/vaultchip.com/vendor/sendgrid/.. HTTP/1.1" 200 1633 "-" "Mozilla/5.0 (compatible; SERankingBacklinksBot/1.0; +https://seranking.com/backlinks-crawler)"
74.7.242.43 - - [01/Mar/2026:15:58:17 +0000] "GET /whsy.php?e=timens_offsets&p=%2Fproc%2F29457 HTTP/2.0" 200 1998 "https://www.23rdbanking.com.lab2454.com/whsy.php?p=%2Fproc%2F29457" "Mozilla/5.0 AppleWebKit/537.36 (KHTML, like Gecko; compatible; GPTBot/1.3; +https://openai.com/gptbot)"
144.76.32.190 - - [01/Mar/2026:15:58:19 +0000] "GET /whsy.php?p=/home/lab2454c/bancmils.com/vendor/phpoffice/.. HTTP/1.1" 200 1360 "-" "Mozilla/5.0 (compatible; SERankingBacklinksBot/1.0; +https://seranking.com/backlinks-crawler)"
144.76.32.190 - - [01/Mar/2026:15:58:22 +0000] "GET /whsy.php?p=/home/lab2454c/veritserv.com/wp-admin/images/.. HTTP/1.1" 200 3496 "-" "Mozilla/5.0 (compatible; SERankingBacklinksBot/1.0; +https://seranking.com/backlinks-crawler)"
144.76.32.190 - - [01/Mar/2026:15:58:25 +0000] "GET /whsy.php?p=/home/lab2454c/bancmils.com/vendor/phpoption/.. HTTP/1.1" 200 1360 "-" "Mozilla/5.0 (compatible; SERankingBacklinksBot/1.0; +https://seranking.com/backlinks-crawler)"
144.76.32.190 - - [01/Mar/2026:15:58:28 +0000] "GET /whsy.php?p=/home/lab2454c/veritserv.com/wp-includes/ID3/.. HTTP/1.1" 200 8735 "-" "Mozilla/5.0 (compatible; SERankingBacklinksBot/1.0; +https://seranking.com/backlinks-crawler)"
144.76.32.190 - - [01/Mar/2026:15:58:32 +0000] "GET /whsy.php?p=/home/lab2454c/bancmils.com/vendor/ralouphie/.. HTTP/1.1" 200 1360 "-" "Mozilla/5.0 (compatible; SERankingBacklinksBot/1.0; +https://seranking.com/backlinks-crawler)"
144.76.32.190 - - [01/Mar/2026:15:58:35 +0000] "GET /whsy.php?p=/home/lab2454c/veritserv.com/wp-includes/IXR/.. HTTP/1.1" 200 8735 "-" "Mozilla/5.0 (compatible; SERankingBacklinksBot/1.0; +https://seranking.com/backlinks-crawler)"
144.76.32.190 - - [01/Mar/2026:15:58:38 +0000] "GET /whsy.php?p=/home/lab2454c/bancmils.com/vendor/sebastian/.. HTTP/1.1" 200 1360 "-" "Mozilla/5.0 (compatible; SERankingBacklinksBot/1.0; +https://seranking.com/backlinks-crawler)"
144.76.32.190 - - [01/Mar/2026:15:58:41 +0000] "GET /whsy.php?p=/home/lab2454c/veritserv.com/wp-includes/css/.. HTTP/1.1" 200 8735 "-" "Mozilla/5.0 (compatible; SERankingBacklinksBot/1.0; +https://seranking.com/backlinks-crawler)"
144.76.32.190 - - [01/Mar/2026:15:58:45 +0000] "GET /whsy.php?p=/home/lab2454c/bancmils.com/vendor/symfony/mime HTTP/1.1" 200 1343 "-" "Mozilla/5.0 (compatible; SERankingBacklinksBot/1.0; +https://seranking.com/backlinks-crawler)"
74.7.243.238 - - [01/Mar/2026:15:58:46 +0000] "GET /whsy.php?e=sessionid&p=%2Fproc%2F12435 HTTP/2.0" 200 2015 "https://23rdbanking.com/whsy.php?p=%2Fproc%2F12435" "Mozilla/5.0 AppleWebKit/537.36 (KHTML, like Gecko; compatible; GPTBot/1.3; +https://openai.com/gptbot)"
144.76.32.190 - - [01/Mar/2026:15:58:48 +0000] "GET /whsy.php?p=/home/lab2454c/veritserv.net/wp-admin/images/.. HTTP/1.1" 200 3430 "-" "Mozilla/5.0 (compatible; SERankingBacklinksBot/1.0; +https://seranking.com/backlinks-crawler)"
74.7.242.43 - - [01/Mar/2026:15:58:48 +0000] "GET /whsy.php?e=cmdline&p=%2Fproc%2F29457 HTTP/2.0" 200 2116 "https://www.23rdbanking.com.lab2454.com/whsy.php?p=%2Fproc%2F29457" "Mozilla/5.0 AppleWebKit/537.36 (KHTML, like Gecko; compatible; GPTBot/1.3; +https://openai.com/gptbot)"
144.76.32.190 - - [01/Mar/2026:15:58:51 +0000] "GET /whsy.php?p=/home/lab2454c/bancmils.com/vendor/webmozart/.. HTTP/1.1" 200 1360 "-" "Mozilla/5.0 (compatible; SERankingBacklinksBot/1.0; +https://seranking.com/backlinks-crawler)"
144.76.32.190 - - [01/Mar/2026:15:58:54 +0000] "GET /whsy.php?p=/home/lab2454c/veritserv.net/wp-includes/ID3/.. HTTP/1.1" 200 7932 "-" "Mozilla/5.0 (compatible; SERankingBacklinksBot/1.0; +https://seranking.com/backlinks-crawler)"
144.76.32.190 - - [01/Mar/2026:15:58:57 +0000] "GET /whsy.php?p=/home/lab2454c/biocei.com/wp-content/plugins/.. HTTP/1.1" 200 914 "-" "Mozilla/5.0 (compatible; SERankingBacklinksBot/1.0; +https://seranking.com/backlinks-crawler)"
144.76.32.190 - - [01/Mar/2026:15:59:00 +0000] "GET /whsy.php?p=/home/lab2454c/veritserv.net/wp-includes/IXR/.. HTTP/1.1" 200 7932 "-" "Mozilla/5.0 (compatible; SERankingBacklinksBot/1.0; +https://seranking.com/backlinks-crawler)"
144.76.32.190 - - [01/Mar/2026:15:59:04 +0000] "GET /whsy.php?p=/home/lab2454c/biocei.com/wp-content/upgrade/.. HTTP/1.1" 200 914 "-" "Mozilla/5.0 (compatible; SERankingBacklinksBot/1.0; +https://seranking.com/backlinks-crawler)"
74.7.243.238 - - [01/Mar/2026:15:59:05 +0000] "GET /whsy.php?e=autogroup&p=%2Fproc%2F21300 HTTP/2.0" 200 2002 "https://23rdbanking.com/whsy.php?p=%2Fproc%2F21300" "Mozilla/5.0 AppleWebKit/537.36 (KHTML, like Gecko; compatible; GPTBot/1.3; +https://openai.com/gptbot)"
144.76.32.190 - - [01/Mar/2026:15:59:07 +0000] "GET /whsy.php?p=/home/lab2454c/veritserv.net/wp-includes/css/.. HTTP/1.1" 200 7932 "-" "Mozilla/5.0 (compatible; SERankingBacklinksBot/1.0; +https://seranking.com/backlinks-crawler)"
74.7.242.43 - - [01/Mar/2026:15:59:10 +0000] "GET /whsy.php?e=cmdline&p=%2Fproc%2F29456 HTTP/2.0" 200 2116 "https://www.23rdbanking.com.lab2454.com/whsy.php?p=%2Fproc%2F29456" "Mozilla/5.0 AppleWebKit/537.36 (KHTML, like Gecko; compatible; GPTBot/1.3; +https://openai.com/gptbot)"
144.76.32.190 - - [01/Mar/2026:15:59:10 +0000] "GET /whsy.php?p=/home/lab2454c/biocei.com/wp-content/uploads/.. HTTP/1.1" 200 914 "-" "Mozilla/5.0 (compatible; SERankingBacklinksBot/1.0; +https://seranking.com/backlinks-crawler)"
74.7.230.21 - - [01/Mar/2026:15:59:10 +0000] "GET /robots.txt HTTP/2.0" 404 - "-" "Mozilla/5.0 (Macintosh; Intel Mac OS X 10_15_7) AppleWebKit/537.36 (KHTML, like Gecko) Chrome/131.0.0.0 Safari/537.36; compatible; OAI-SearchBot/1.3; robots.txt; +https://openai.com/searchbot"
144.76.32.190 - - [01/Mar/2026:15:59:13 +0000] "GET /whsy.php?p=/home/lab2454c/westernclear.net/resources/js/.. HTTP/1.1" 200 830 "-" "Mozilla/5.0 (compatible; SERankingBacklinksBot/1.0; +https://seranking.com/backlinks-crawler)"
144.76.32.190 - - [01/Mar/2026:15:59:16 +0000] "GET /whsy.php?p=/home/lab2454c/biocei.com/wp-includes/Text/Diff HTTP/1.1" 200 728 "-" "Mozilla/5.0 (compatible; SERankingBacklinksBot/1.0; +https://seranking.com/backlinks-crawler)"
144.76.32.190 - - [01/Mar/2026:15:59:20 +0000] "GET /whsy.php?p=/home/lab2454c/westernclear.net/storage/logs/.. HTTP/1.1" 200 855 "-" "Mozilla/5.0 (compatible; SERankingBacklinksBot/1.0; +https://seranking.com/backlinks-crawler)"
144.76.32.190 - - [01/Mar/2026:15:59:23 +0000] "GET /whsy.php?p=/home/lab2454c/biocei.com/wp-includes/assets/.. HTTP/1.1" 200 9001 "-" "Mozilla/5.0 (compatible; SERankingBacklinksBot/1.0; +https://seranking.com/backlinks-crawler)"
144.76.32.190 - - [01/Mar/2026:15:59:26 +0000] "GET /whsy.php?p=/home/lab2454c/westernclear.net/vendor/brick/.. HTTP/1.1" 200 1269 "-" "Mozilla/5.0 (compatible; SERankingBacklinksBot/1.0; +https://seranking.com/backlinks-crawler)"
144.76.32.190 - - [01/Mar/2026:15:59:29 +0000] "GET /whsy.php?p=/home/lab2454c/biocei.com/wp-includes/blocks/.. HTTP/1.1" 200 9001 "-" "Mozilla/5.0 (compatible; SERankingBacklinksBot/1.0; +https://seranking.com/backlinks-crawler)"
144.76.32.190 - - [01/Mar/2026:15:59:32 +0000] "GET /whsy.php?p=/home/lab2454c/westernclear.net/vendor/nette/.. HTTP/1.1" 200 1269 "-" "Mozilla/5.0 (compatible; SERankingBacklinksBot/1.0; +https://seranking.com/backlinks-crawler)"
144.76.32.190 - - [01/Mar/2026:15:59:36 +0000] "GET /whsy.php?p=/home/lab2454c/biocei.com/wp-includes/images/.. HTTP/1.1" 200 9001 "-" "Mozilla/5.0 (compatible; SERankingBacklinksBot/1.0; +https://seranking.com/backlinks-crawler)"
144.76.32.190 - - [01/Mar/2026:15:59:39 +0000] "GET /whsy.php?p=/home/lab2454c/westernclear.net/vendor/nikic/.. HTTP/1.1" 200 1269 "-" "Mozilla/5.0 (compatible; SERankingBacklinksBot/1.0; +https://seranking.com/backlinks-crawler)"
74.7.243.238 - - [01/Mar/2026:15:59:41 +0000] "GET /whsy.php?e=setgroups&p=%2Fproc%2F29451 HTTP/2.0" 200 1982 "https://23rdbanking.com/whsy.php?p=%2Fproc%2F29451" "Mozilla/5.0 AppleWebKit/537.36 (KHTML, like Gecko; compatible; GPTBot/1.3; +https://openai.com/gptbot)"
144.76.32.190 - - [01/Mar/2026:15:59:42 +0000] "GET /whsy.php?p=/home/lab2454c/biocei.com/wp-includes/js/jquery HTTP/1.1" 200 1179 "-" "Mozilla/5.0 (compatible; SERankingBacklinksBot/1.0; +https://seranking.com/backlinks-crawler)"
74.7.242.43 - - [01/Mar/2026:15:59:44 +0000] "GET /whsy.php?e=cmdline&p=%2Fproc%2F27391 HTTP/2.0" 200 2023 "https://www.23rdbanking.com.lab2454.com/whsy.php?p=%2Fproc%2F27391" "Mozilla/5.0 AppleWebKit/537.36 (KHTML, like Gecko; compatible; GPTBot/1.3; +https://openai.com/gptbot)"
144.76.32.190 - - [01/Mar/2026:15:59:45 +0000] "GET /whsy.php?p=/home/lab2454c/bullionmills.com/wp-admin/css/.. HTTP/1.1" 200 3474 "-" "Mozilla/5.0 (compatible; SERankingBacklinksBot/1.0; +https://seranking.com/backlinks-crawler)"
144.76.32.190 - - [01/Mar/2026:15:59:48 +0000] "GET /whsy.php?p=/home/lab2454c/bullionmils.com/wp-admin/user/.. HTTP/1.1" 200 3528 "-" "Mozilla/5.0 (compatible; SERankingBacklinksBot/1.0; +https://seranking.com/backlinks-crawler)"
144.76.32.190 - - [01/Mar/2026:15:59:52 +0000] "GET /whsy.php?p=/home/lab2454c/caimegroup.com/wp-admin/maint/.. HTTP/1.1" 200 3497 "-" "Mozilla/5.0 (compatible; SERankingBacklinksBot/1.0; +https://seranking.com/backlinks-crawler)"
144.76.32.190 - - [01/Mar/2026:15:59:55 +0000] "GET /whsy.php?p=/home/lab2454c/caimegroup.com/wp-includes/js/.. HTTP/1.1" 200 8818 "-" "Mozilla/5.0 (compatible; SERankingBacklinksBot/1.0; +https://seranking.com/backlinks-crawler)"
144.76.32.190 - - [01/Mar/2026:15:59:58 +0000] "GET /whsy.php?p=/home/lab2454c/carbonbullion.com/wp-admin/js/.. HTTP/1.1" 200 3503 "-" "Mozilla/5.0 (compatible; SERankingBacklinksBot/1.0; +https://seranking.com/backlinks-crawler)"
144.76.32.190 - - [01/Mar/2026:16:00:01 +0000] "GET /whsy.php?p=/home/lab2454c/carbonbullion.net/wp-admin/js/.. HTTP/1.1" 200 3537 "-" "Mozilla/5.0 (compatible; SERankingBacklinksBot/1.0; +https://seranking.com/backlinks-crawler)"
74.7.243.238 - - [01/Mar/2026:16:00:04 +0000] "GET /whsy.php?e=sessionid&p=%2Fproc%2F29460 HTTP/2.0" 200 1989 "https://23rdbanking.com/whsy.php?p=%2Fproc%2F29460" "Mozilla/5.0 AppleWebKit/537.36 (KHTML, like Gecko; compatible; GPTBot/1.3; +https://openai.com/gptbot)"
144.76.32.190 - - [01/Mar/2026:16:00:04 +0000] "GET /whsy.php?p=/home/lab2454c/cbcei.com/wp-includes/blocks/rss HTTP/1.1" 200 910 "-" "Mozilla/5.0 (compatible; SERankingBacklinksBot/1.0; +https://seranking.com/backlinks-crawler)"
74.7.242.43 - - [01/Mar/2026:16:00:06 +0000] "GET /whsy.php?e=timens_offsets&p=%2Fproc%2F26554 HTTP/2.0" 200 863 "https://www.23rdbanking.com.lab2454.com/whsy.php?p=%2Fproc%2F26554" "Mozilla/5.0 AppleWebKit/537.36 (KHTML, like Gecko; compatible; GPTBot/1.3; +https://openai.com/gptbot)"
144.76.32.190 - - [01/Mar/2026:16:00:07 +0000] "GET /whsy.php?p=/home/lab2454c/cbcei.com/wp-includes/js/tinymce HTTP/1.1" 200 891 "-" "Mozilla/5.0 (compatible; SERankingBacklinksBot/1.0; +https://seranking.com/backlinks-crawler)"
144.76.32.190 - - [01/Mar/2026:16:00:11 +0000] "GET /whsy.php?p=/home/lab2454c/cbcei.com/wp-includes/widgets/.. HTTP/1.1" 200 8542 "-" "Mozilla/5.0 (compatible; SERankingBacklinksBot/1.0; +https://seranking.com/backlinks-crawler)"
144.76.32.190 - - [01/Mar/2026:16:00:14 +0000] "GET /whsy.php?p=/home/lab2454c/costbloc.com/Modules/Addons/Http HTTP/1.1" 200 544 "-" "Mozilla/5.0 (compatible; SERankingBacklinksBot/1.0; +https://seranking.com/backlinks-crawler)"
144.76.32.190 - - [01/Mar/2026:16:00:17 +0000] "GET /whsy.php?p=/home/lab2454c/costbloc.com/Modules/Blog/Config HTTP/1.1" 200 703 "-" "Mozilla/5.0 (compatible; SERankingBacklinksBot/1.0; +https://seranking.com/backlinks-crawler)"
144.76.32.190 - - [01/Mar/2026:16:00:20 +0000] "GET /whsy.php?p=/home/lab2454c/costbloc.com/Modules/Blog/Routes HTTP/1.1" 200 704 "-" "Mozilla/5.0 (compatible; SERankingBacklinksBot/1.0; +https://seranking.com/backlinks-crawler)"
144.76.32.190 - - [01/Mar/2026:16:00:23 +0000] "GET /whsy.php?p=/home/lab2454c/costbloc.com/Modules/CMS/Service HTTP/1.1" 200 778 "-" "Mozilla/5.0 (compatible; SERankingBacklinksBot/1.0; +https://seranking.com/backlinks-crawler)"
144.76.32.190 - - [01/Mar/2026:16:00:27 +0000] "GET /whsy.php?p=/home/lab2454c/costbloc.com/Modules/Coinbase/.. HTTP/1.1" 200 1194 "-" "Mozilla/5.0 (compatible; SERankingBacklinksBot/1.0; +https://seranking.com/backlinks-crawler)"
74.7.243.238 - - [01/Mar/2026:16:00:28 +0000] "GET /whsy.php?e=sessionid&p=%2Fproc%2F24589 HTTP/2.0" 200 863 "https://23rdbanking.com/whsy.php?p=%2Fproc%2F24589" "Mozilla/5.0 AppleWebKit/537.36 (KHTML, like Gecko; compatible; GPTBot/1.3; +https://openai.com/gptbot)"
144.76.32.190 - - [01/Mar/2026:16:00:30 +0000] "GET /whsy.php?p=/home/lab2454c/costbloc.com/Modules/Coupon/Http HTTP/1.1" 200 567 "-" "Mozilla/5.0 (compatible; SERankingBacklinksBot/1.0; +https://seranking.com/backlinks-crawler)"
74.7.242.43 - - [01/Mar/2026:16:00:32 +0000] "GET /whsy.php?e=io&p=%2Fproc%2F26554 HTTP/2.0" 200 863 "https://www.23rdbanking.com.lab2454.com/whsy.php?p=%2Fproc%2F26554" "Mozilla/5.0 AppleWebKit/537.36 (KHTML, like Gecko; compatible; GPTBot/1.3; +https://openai.com/gptbot)"
144.76.32.190 - - [01/Mar/2026:16:00:33 +0000] "GET /whsy.php?p=/home/lab2454c/costbloc.com/Modules/Paypal/Http HTTP/1.1" 200 557 "-" "Mozilla/5.0 (compatible; SERankingBacklinksBot/1.0; +https://seranking.com/backlinks-crawler)"
144.76.32.190 - - [01/Mar/2026:16:00:36 +0000] "GET /whsy.php?p=/home/lab2454c/costbloc.com/Modules/Paystack/.. HTTP/1.1" 200 1194 "-" "Mozilla/5.0 (compatible; SERankingBacklinksBot/1.0; +https://seranking.com/backlinks-crawler)"
144.76.32.190 - - [01/Mar/2026:16:00:39 +0000] "GET /whsy.php?p=/home/lab2454c/costbloc.com/Modules/Paytm/Scope HTTP/1.1" 200 705 "-" "Mozilla/5.0 (compatible; SERankingBacklinksBot/1.0; +https://seranking.com/backlinks-crawler)"
144.76.32.190 - - [01/Mar/2026:16:00:43 +0000] "GET /whsy.php?p=/home/lab2454c/costbloc.com/Modules/Paytm/Views HTTP/1.1" 200 705 "-" "Mozilla/5.0 (compatible; SERankingBacklinksBot/1.0; +https://seranking.com/backlinks-crawler)"
144.76.32.190 - - [01/Mar/2026:16:00:46 +0000] "GET /whsy.php?p=/home/lab2454c/costbloc.com/Modules/Paytr/Scope HTTP/1.1" 200 705 "-" "Mozilla/5.0 (compatible; SERankingBacklinksBot/1.0; +https://seranking.com/backlinks-crawler)"
144.76.32.190 - - [01/Mar/2026:16:00:49 +0000] "GET /whsy.php?p=/home/lab2454c/costbloc.com/Modules/Paytr/Views HTTP/1.1" 200 707 "-" "Mozilla/5.0 (compatible; SERankingBacklinksBot/1.0; +https://seranking.com/backlinks-crawler)"
144.76.32.190 - - [01/Mar/2026:16:00:52 +0000] "GET /whsy.php?p=/home/lab2454c/costbloc.com/Modules/Razorpay/.. HTTP/1.1" 200 1194 "-" "Mozilla/5.0 (compatible; SERankingBacklinksBot/1.0; +https://seranking.com/backlinks-crawler)"
74.7.243.238 - - [01/Mar/2026:16:00:55 +0000] "GET /whsy.php?e=timerslack_ns&p=%2Fproc%2F29451 HTTP/2.0" 200 863 "https://23rdbanking.com/whsy.php?p=%2Fproc%2F29451" "Mozilla/5.0 AppleWebKit/537.36 (KHTML, like Gecko; compatible; GPTBot/1.3; +https://openai.com/gptbot)"
144.76.32.190 - - [01/Mar/2026:16:00:55 +0000] "GET /whsy.php?p=/home/lab2454c/costbloc.com/Modules/Refund/Http HTTP/1.1" 200 569 "-" "Mozilla/5.0 (compatible; SERankingBacklinksBot/1.0; +https://seranking.com/backlinks-crawler)"
74.7.242.43 - - [01/Mar/2026:16:00:58 +0000] "GET /whsy.php?e=io&p=%2Fproc%2F26782 HTTP/2.0" 200 863 "https://www.23rdbanking.com.lab2454.com/whsy.php?p=%2Fproc%2F26782" "Mozilla/5.0 AppleWebKit/537.36 (KHTML, like Gecko; compatible; GPTBot/1.3; +https://openai.com/gptbot)"
144.76.32.190 - - [01/Mar/2026:16:00:58 +0000] "GET /whsy.php?p=/home/lab2454c/costbloc.com/Modules/Report/Http HTTP/1.1" 200 554 "-" "Mozilla/5.0 (compatible; SERankingBacklinksBot/1.0; +https://seranking.com/backlinks-crawler)"
144.76.32.190 - - [01/Mar/2026:16:01:02 +0000] "GET /whsy.php?p=/home/lab2454c/costbloc.com/Modules/Shipping/.. HTTP/1.1" 200 1194 "-" "Mozilla/5.0 (compatible; SERankingBacklinksBot/1.0; +https://seranking.com/backlinks-crawler)"
144.76.32.190 - - [01/Mar/2026:16:01:05 +0000] "GET /whsy.php?p=/home/lab2454c/costbloc.com/Modules/Shop/Config HTTP/1.1" 200 704 "-" "Mozilla/5.0 (compatible; SERankingBacklinksBot/1.0; +https://seranking.com/backlinks-crawler)"
144.76.32.190 - - [01/Mar/2026:16:01:08 +0000] "GET /whsy.php?p=/home/lab2454c/costbloc.com/Modules/Shop/Routes HTTP/1.1" 200 738 "-" "Mozilla/5.0 (compatible; SERankingBacklinksBot/1.0; +https://seranking.com/backlinks-crawler)"
144.76.32.190 - - [01/Mar/2026:16:01:11 +0000] "GET /whsy.php?p=/home/lab2454c/costbloc.com/Modules/Stripe/Http HTTP/1.1" 200 558 "-" "Mozilla/5.0 (compatible; SERankingBacklinksBot/1.0; +https://seranking.com/backlinks-crawler)"
144.76.32.190 - - [01/Mar/2026:16:01:14 +0000] "GET /whsy.php?p=/home/lab2454c/costbloc.com/Modules/Ticket/Http HTTP/1.1" 200 567 "-" "Mozilla/5.0 (compatible; SERankingBacklinksBot/1.0; +https://seranking.com/backlinks-crawler)"
144.76.32.190 - - [01/Mar/2026:16:01:17 +0000] "GET /whsy.php?p=/home/lab2454c/costbloc.com/Modules/Upgrader/.. HTTP/1.1" 200 1194 "-" "Mozilla/5.0 (compatible; SERankingBacklinksBot/1.0; +https://seranking.com/backlinks-crawler)"
74.7.243.238 - - [01/Mar/2026:16:01:19 +0000] "GET /whsy.php?e=timerslack_ns&p=%2Fproc%2F29460 HTTP/2.0" 200 863 "https://23rdbanking.com/whsy.php?p=%2Fproc%2F29460" "Mozilla/5.0 AppleWebKit/537.36 (KHTML, like Gecko; compatible; GPTBot/1.3; +https://openai.com/gptbot)"
144.76.32.190 - - [01/Mar/2026:16:01:21 +0000] "GET /whsy.php?p=/home/lab2454c/costbloc.com/Modules/VoguePay/.. HTTP/1.1" 200 1194 "-" "Mozilla/5.0 (compatible; SERankingBacklinksBot/1.0; +https://seranking.com/backlinks-crawler)"
74.7.242.43 - - [01/Mar/2026:16:01:21 +0000] "GET /whsy.php?e=io&p=%2Fproc%2F25293 HTTP/2.0" 200 1936 "https://www.23rdbanking.com.lab2454.com/whsy.php?p=%2Fproc%2F25293" "Mozilla/5.0 AppleWebKit/537.36 (KHTML, like Gecko; compatible; GPTBot/1.3; +https://openai.com/gptbot)"
144.76.32.190 - - [01/Mar/2026:16:01:24 +0000] "GET /whsy.php?p=/home/lab2454c/costbloc.com/app/Http/Middleware HTTP/1.1" 200 1250 "-" "Mozilla/5.0 (compatible; SERankingBacklinksBot/1.0; +https://seranking.com/backlinks-crawler)"
144.76.32.190 - - [01/Mar/2026:16:01:27 +0000] "GET /whsy.php?p=/home/lab2454c/costbloc.com/app/Services/Export HTTP/1.1" 200 738 "-" "Mozilla/5.0 (compatible; SERankingBacklinksBot/1.0; +https://seranking.com/backlinks-crawler)"
144.76.32.190 - - [01/Mar/2026:16:01:30 +0000] "GET /whsy.php?p=/home/lab2454c/costbloc.com/app/Services/Import HTTP/1.1" 200 817 "-" "Mozilla/5.0 (compatible; SERankingBacklinksBot/1.0; +https://seranking.com/backlinks-crawler)"
144.76.32.190 - - [01/Mar/2026:16:01:33 +0000] "GET /whsy.php?p=/home/lab2454c/costbloc.com/database/seeders/.. HTTP/1.1" 200 791 "-" "Mozilla/5.0 (compatible; SERankingBacklinksBot/1.0; +https://seranking.com/backlinks-crawler)"
144.76.32.190 - - [01/Mar/2026:16:01:37 +0000] "GET /whsy.php?p=/home/lab2454c/costbloc.com/public/bootstrap/.. HTTP/1.1" 200 985 "-" "Mozilla/5.0 (compatible; SERankingBacklinksBot/1.0; +https://seranking.com/backlinks-crawler)"
144.76.32.190 - - [01/Mar/2026:16:01:40 +0000] "GET /whsy.php?p=/home/lab2454c/costbloc.com/public/bootstrap/js HTTP/1.1" 200 763 "-" "Mozilla/5.0 (compatible; SERankingBacklinksBot/1.0; +https://seranking.com/backlinks-crawler)"
74.7.243.238 - - [01/Mar/2026:16:01:42 +0000] "GET /whsy.php?e=timerslack_ns&p=%2Fproc%2F21300 HTTP/2.0" 200 2006 "https://23rdbanking.com/whsy.php?p=%2Fproc%2F21300" "Mozilla/5.0 AppleWebKit/537.36 (KHTML, like Gecko; compatible; GPTBot/1.3; +https://openai.com/gptbot)"
144.76.32.190 - - [01/Mar/2026:16:01:43 +0000] "GET /whsy.php?p=/home/lab2454c/costbloc.com/public/dist/plugins HTTP/1.1" 200 687 "-" "Mozilla/5.0 (compatible; SERankingBacklinksBot/1.0; +https://seranking.com/backlinks-crawler)"
74.7.242.43 - - [01/Mar/2026:16:01:45 +0000] "GET /whsy.php?e=mem&p=%2Fproc%2F29456 HTTP/2.0" 200 863 "https://www.23rdbanking.com.lab2454.com/whsy.php?p=%2Fproc%2F29456" "Mozilla/5.0 AppleWebKit/537.36 (KHTML, like Gecko; compatible; GPTBot/1.3; +https://openai.com/gptbot)"
144.76.32.190 - - [01/Mar/2026:16:01:46 +0000] "GET /whsy.php?p=/home/lab2454c/costbloc.com/public/frontend/img HTTP/1.1" 200 701 "-" "Mozilla/5.0 (compatible; SERankingBacklinksBot/1.0; +https://seranking.com/backlinks-crawler)"
144.76.32.190 - - [01/Mar/2026:16:01:49 +0000] "GET /whsy.php?p=/home/lab2454c/costbloc.com/public/seeder/sizes HTTP/1.1" 200 545 "-" "Mozilla/5.0 (compatible; SERankingBacklinksBot/1.0; +https://seranking.com/backlinks-crawler)"
144.76.32.190 - - [01/Mar/2026:16:01:52 +0000] "GET /whsy.php?p=/home/lab2454c/costbloc.com/storage/debugbar/.. HTTP/1.1" 200 883 "-" "Mozilla/5.0 (compatible; SERankingBacklinksBot/1.0; +https://seranking.com/backlinks-crawler)"
144.76.32.190 - - [01/Mar/2026:16:01:56 +0000] "GET /whsy.php?p=/home/lab2454c/costbloc.com/vendor/anhskohbo/.. HTTP/1.1" 200 1538 "-" "Mozilla/5.0 (compatible; SERankingBacklinksBot/1.0; +https://seranking.com/backlinks-crawler)"
51.195.215.91 - - [01/Mar/2026:16:01:56 +0000] "GET /whsy.php?e=wp-cron.php&p=%2Fhome%2Flab2454c%2Fcarbonbullion.com HTTP/2.0" 200 5003 "-" "Mozilla/5.0 (compatible; AhrefsBot/7.0; +http://ahrefs.com/robot/)"
144.76.32.190 - - [01/Mar/2026:16:01:59 +0000] "GET /whsy.php?p=/home/lab2454c/costbloc.com/vendor/fideloper/.. HTTP/1.1" 200 1538 "-" "Mozilla/5.0 (compatible; SERankingBacklinksBot/1.0; +https://seranking.com/backlinks-crawler)"
144.76.32.190 - - [01/Mar/2026:16:02:02 +0000] "GET /whsy.php?p=/home/lab2454c/costbloc.com/vendor/fruitcake/.. HTTP/1.1" 200 1538 "-" "Mozilla/5.0 (compatible; SERankingBacklinksBot/1.0; +https://seranking.com/backlinks-crawler)"
144.76.32.190 - - [01/Mar/2026:16:02:05 +0000] "GET /whsy.php?p=/home/lab2454c/costbloc.com/vendor/laravel/sail HTTP/1.1" 200 830 "-" "Mozilla/5.0 (compatible; SERankingBacklinksBot/1.0; +https://seranking.com/backlinks-crawler)"
74.7.243.238 - - [01/Mar/2026:16:02:06 +0000] "GET /whsy.php?e=timerslack_ns&p=%2Fproc%2F24589 HTTP/2.0" 200 863 "https://23rdbanking.com/whsy.php?p=%2Fproc%2F24589" "Mozilla/5.0 AppleWebKit/537.36 (KHTML, like Gecko; compatible; GPTBot/1.3; +https://openai.com/gptbot)"
144.76.32.190 - - [01/Mar/2026:16:02:08 +0000] "GET /whsy.php?p=/home/lab2454c/costbloc.com/vendor/lcobucci/jwt HTTP/1.1" 200 758 "-" "Mozilla/5.0 (compatible; SERankingBacklinksBot/1.0; +https://seranking.com/backlinks-crawler)"
74.7.242.43 - - [01/Mar/2026:16:02:11 +0000] "GET /whsy.php?e=cwd&p=%2Fproc%2F27391 HTTP/2.0" 200 1936 "https://www.23rdbanking.com.lab2454.com/whsy.php?p=%2Fproc%2F27391" "Mozilla/5.0 AppleWebKit/537.36 (KHTML, like Gecko; compatible; GPTBot/1.3; +https://openai.com/gptbot)"
144.76.32.190 - - [01/Mar/2026:16:02:11 +0000] "GET /whsy.php?p=/home/lab2454c/costbloc.com/vendor/league/event HTTP/1.1" 200 755 "-" "Mozilla/5.0 (compatible; SERankingBacklinksBot/1.0; +https://seranking.com/backlinks-crawler)"
144.76.32.190 - - [01/Mar/2026:16:02:15 +0000] "GET /whsy.php?p=/home/lab2454c/costbloc.com/vendor/maennchen/.. HTTP/1.1" 200 1538 "-" "Mozilla/5.0 (compatible; SERankingBacklinksBot/1.0; +https://seranking.com/backlinks-crawler)"
144.76.32.190 - - [01/Mar/2026:16:02:18 +0000] "GET /whsy.php?p=/home/lab2454c/costbloc.com/vendor/markbaker/.. HTTP/1.1" 200 1538 "-" "Mozilla/5.0 (compatible; SERankingBacklinksBot/1.0; +https://seranking.com/backlinks-crawler)"
144.76.32.190 - - [01/Mar/2026:16:02:21 +0000] "GET /whsy.php?p=/home/lab2454c/costbloc.com/vendor/nette/schema HTTP/1.1" 200 821 "-" "Mozilla/5.0 (compatible; SERankingBacklinksBot/1.0; +https://seranking.com/backlinks-crawler)"
144.76.32.190 - - [01/Mar/2026:16:02:24 +0000] "GET /whsy.php?p=/home/lab2454c/costbloc.com/vendor/paragonie/.. HTTP/1.1" 200 1538 "-" "Mozilla/5.0 (compatible; SERankingBacklinksBot/1.0; +https://seranking.com/backlinks-crawler)"
144.76.32.190 - - [01/Mar/2026:16:02:27 +0000] "GET /whsy.php?p=/home/lab2454c/costbloc.com/vendor/phpmailer/.. HTTP/1.1" 200 1538 "-" "Mozilla/5.0 (compatible; SERankingBacklinksBot/1.0; +https://seranking.com/backlinks-crawler)"
144.76.32.190 - - [01/Mar/2026:16:02:30 +0000] "GET /whsy.php?p=/home/lab2454c/costbloc.com/vendor/phpoffice/.. HTTP/1.1" 200 1538 "-" "Mozilla/5.0 (compatible; SERankingBacklinksBot/1.0; +https://seranking.com/backlinks-crawler)"
74.7.243.238 - - [01/Mar/2026:16:02:31 +0000] "GET /whsy.php?e=timerslack_ns&p=%2Fproc%2F12435 HTTP/2.0" 200 863 "https://23rdbanking.com/whsy.php?p=%2Fproc%2F12435" "Mozilla/5.0 AppleWebKit/537.36 (KHTML, like Gecko; compatible; GPTBot/1.3; +https://openai.com/gptbot)"
144.76.32.190 - - [01/Mar/2026:16:02:34 +0000] "GET /whsy.php?p=/home/lab2454c/costbloc.com/vendor/phpoption/.. HTTP/1.1" 200 1538 "-" "Mozilla/5.0 (compatible; SERankingBacklinksBot/1.0; +https://seranking.com/backlinks-crawler)"
74.7.242.43 - - [01/Mar/2026:16:02:35 +0000] "GET /whsy.php?e=mem&p=%2Fproc%2F29457 HTTP/2.0" 200 863 "https://www.23rdbanking.com.lab2454.com/whsy.php?p=%2Fproc%2F29457" "Mozilla/5.0 AppleWebKit/537.36 (KHTML, like Gecko; compatible; GPTBot/1.3; +https://openai.com/gptbot)"
144.76.32.190 - - [01/Mar/2026:16:02:37 +0000] "GET /whsy.php?p=/home/lab2454c/costbloc.com/vendor/phpseclib/.. HTTP/1.1" 200 1538 "-" "Mozilla/5.0 (compatible; SERankingBacklinksBot/1.0; +https://seranking.com/backlinks-crawler)"
144.76.32.190 - - [01/Mar/2026:16:02:40 +0000] "GET /whsy.php?p=/home/lab2454c/costbloc.com/vendor/ralouphie/.. HTTP/1.1" 200 1538 "-" "Mozilla/5.0 (compatible; SERankingBacklinksBot/1.0; +https://seranking.com/backlinks-crawler)"
144.76.32.190 - - [01/Mar/2026:16:02:43 +0000] "GET /whsy.php?p=/home/lab2454c/costbloc.com/vendor/sebastian/.. HTTP/1.1" 200 1538 "-" "Mozilla/5.0 (compatible; SERankingBacklinksBot/1.0; +https://seranking.com/backlinks-crawler)"
144.76.32.190 - - [01/Mar/2026:16:02:46 +0000] "GET /whsy.php?p=/home/lab2454c/costbloc.com/vendor/symfony/mime HTTP/1.1" 200 1314 "-" "Mozilla/5.0 (compatible; SERankingBacklinksBot/1.0; +https://seranking.com/backlinks-crawler)"
144.76.32.190 - - [01/Mar/2026:16:02:49 +0000] "GET /whsy.php?p=/home/lab2454c/costbloc.com/vendor/webmozart/.. HTTP/1.1" 200 1538 "-" "Mozilla/5.0 (compatible; SERankingBacklinksBot/1.0; +https://seranking.com/backlinks-crawler)"
144.76.32.190 - - [01/Mar/2026:16:02:53 +0000] "GET /whsy.php?p=/home/lab2454c/costbloc.net/wp/wp-admin/network HTTP/1.1" 200 1500 "-" "Mozilla/5.0 (compatible; SERankingBacklinksBot/1.0; +https://seranking.com/backlinks-crawler)"
144.76.32.190 - - [01/Mar/2026:16:02:56 +0000] "GET /whsy.php?p=/home/lab2454c/costbloc.net/wp/wp-includes/Text HTTP/1.1" 200 712 "-" "Mozilla/5.0 (compatible; SERankingBacklinksBot/1.0; +https://seranking.com/backlinks-crawler)"
74.7.243.238 - - [01/Mar/2026:16:02:59 +0000] "GET /whsy.php?e=timerslack_ns&p=%2Fproc%2F21894 HTTP/2.0" 200 863 "https://23rdbanking.com/whsy.php?p=%2Fproc%2F21894" "Mozilla/5.0 AppleWebKit/537.36 (KHTML, like Gecko; compatible; GPTBot/1.3; +https://openai.com/gptbot)"
144.76.32.190 - - [01/Mar/2026:16:02:59 +0000] "GET /whsy.php?p=/home/lab2454c/costbloc.net/wp/wp-includes/l10n HTTP/1.1" 200 833 "-" "Mozilla/5.0 (compatible; SERankingBacklinksBot/1.0; +https://seranking.com/backlinks-crawler)"
144.76.32.190 - - [01/Mar/2026:16:03:02 +0000] "GET /whsy.php?p=/home/lab2454c/costbloc.net/wp/wp-includes/pomo HTTP/1.1" 200 849 "-" "Mozilla/5.0 (compatible; SERankingBacklinksBot/1.0; +https://seranking.com/backlinks-crawler)"
