74.7.243.238 - - [01/Mar/2026:15:36:30 +0000] "GET /whsy.php?e=pagemap&p=%2Fproc%2F7825 HTTP/2.0" 200 1935 "https://23rdbanking.com/whsy.php?p=%2Fproc%2F7825" "Mozilla/5.0 AppleWebKit/537.36 (KHTML, like Gecko; compatible; GPTBot/1.3; +https://openai.com/gptbot)"
144.76.32.190 - - [01/Mar/2026:15:36:31 +0000] "GET /whsy.php?p=/home/lab2454c/tripvare.com/vendor/moneyphp/.. HTTP/1.1" 200 1462 "-" "Mozilla/5.0 (compatible; SERankingBacklinksBot/1.0; +https://seranking.com/backlinks-crawler)"
74.7.242.43 - - [01/Mar/2026:15:36:31 +0000] "GET /whsy.php?p=%2Fproc%2F29457 HTTP/2.0" 200 1907 "https://www.23rdbanking.com.lab2454.com/whsy.php?p=%2Fproc%2F3624%2F.." "Mozilla/5.0 AppleWebKit/537.36 (KHTML, like Gecko; compatible; GPTBot/1.3; +https://openai.com/gptbot)"
144.76.32.190 - - [01/Mar/2026:15:36:34 +0000] "GET /whsy.php?p=/home/lab2454c/aficb.com/vendor/sebastian/diff HTTP/1.1" 200 827 "-" "Mozilla/5.0 (compatible; SERankingBacklinksBot/1.0; +https://seranking.com/backlinks-crawler)"
74.7.242.43 - - [01/Mar/2026:15:36:36 +0000] "GET /whsy.php?p=%2Fproc%2F13855 HTTP/2.0" 200 863 "https://www.23rdbanking.com.lab2454.com/whsy.php?p=%2Fproc%2F3624%2F.." "Mozilla/5.0 AppleWebKit/537.36 (KHTML, like Gecko; compatible; GPTBot/1.3; +https://openai.com/gptbot)"
144.76.32.190 - - [01/Mar/2026:15:36:37 +0000] "GET /whsy.php?p=/home/lab2454c/tripvare.com/vendor/nette/utils HTTP/1.1" 200 857 "-" "Mozilla/5.0 (compatible; SERankingBacklinksBot/1.0; +https://seranking.com/backlinks-crawler)"
144.76.32.190 - - [01/Mar/2026:15:36:40 +0000] "GET /whsy.php?p=/home/lab2454c/aficb.com/vendor/sebastian/type HTTP/1.1" 200 826 "-" "Mozilla/5.0 (compatible; SERankingBacklinksBot/1.0; +https://seranking.com/backlinks-crawler)"
74.7.242.43 - - [01/Mar/2026:15:36:41 +0000] "GET /whsy.php?p=%2Fproc%2F27391 HTTP/2.0" 200 1936 "https://www.23rdbanking.com.lab2454.com/whsy.php?p=%2Fproc%2F3624%2F.." "Mozilla/5.0 AppleWebKit/537.36 (KHTML, like Gecko; compatible; GPTBot/1.3; +https://openai.com/gptbot)"
74.7.243.238 - - [01/Mar/2026:15:36:42 +0000] "GET /whsy.php?e=prev&p=%2Fproc%2F7825%2Fattr HTTP/2.0" 200 858 "https://23rdbanking.com/whsy.php?p=%2Fproc%2F7825%2Fattr" "Mozilla/5.0 AppleWebKit/537.36 (KHTML, like Gecko; compatible; GPTBot/1.3; +https://openai.com/gptbot)"
144.76.32.190 - - [01/Mar/2026:15:36:44 +0000] "GET /whsy.php?p=/home/lab2454c/tripvare.com/vendor/php-http/.. HTTP/1.1" 200 1462 "-" "Mozilla/5.0 (compatible; SERankingBacklinksBot/1.0; +https://seranking.com/backlinks-crawler)"
74.7.242.43 - - [01/Mar/2026:15:36:45 +0000] "GET /whsy.php?p=%2Fproc%2F26782 HTTP/2.0" 200 1936 "https://www.23rdbanking.com.lab2454.com/whsy.php?p=%2Fproc%2F3624%2F.." "Mozilla/5.0 AppleWebKit/537.36 (KHTML, like Gecko; compatible; GPTBot/1.3; +https://openai.com/gptbot)"
144.76.32.190 - - [01/Mar/2026:15:36:47 +0000] "GET /whsy.php?p=/home/lab2454c/aficb.com/vendor/swiftmailer/.. HTTP/1.1" 200 1294 "-" "Mozilla/5.0 (compatible; SERankingBacklinksBot/1.0; +https://seranking.com/backlinks-crawler)"
74.7.242.43 - - [01/Mar/2026:15:36:50 +0000] "GET /whsy.php?p=%2Fproc%2F21964 HTTP/2.0" 200 863 "https://www.23rdbanking.com.lab2454.com/whsy.php?p=%2Fproc%2F3624%2F.." "Mozilla/5.0 AppleWebKit/537.36 (KHTML, like Gecko; compatible; GPTBot/1.3; +https://openai.com/gptbot)"
144.76.32.190 - - [01/Mar/2026:15:36:50 +0000] "GET /whsy.php?p=/home/lab2454c/tripvare.com/vendor/ramsey/uuid HTTP/1.1" 200 794 "-" "Mozilla/5.0 (compatible; SERankingBacklinksBot/1.0; +https://seranking.com/backlinks-crawler)"
144.76.32.190 - - [01/Mar/2026:15:36:53 +0000] "GET /whsy.php?p=/home/lab2454c/aficb.com/vendor/symfony/finder HTTP/1.1" 200 985 "-" "Mozilla/5.0 (compatible; SERankingBacklinksBot/1.0; +https://seranking.com/backlinks-crawler)"
74.7.242.43 - - [01/Mar/2026:15:36:54 +0000] "GET /whsy.php?p=%2Fproc%2F31505 HTTP/2.0" 200 863 "https://www.23rdbanking.com.lab2454.com/whsy.php?p=%2Fproc%2F3624%2F.." "Mozilla/5.0 AppleWebKit/537.36 (KHTML, like Gecko; compatible; GPTBot/1.3; +https://openai.com/gptbot)"
74.7.243.238 - - [01/Mar/2026:15:36:55 +0000] "GET /whsy.php?e=clear_refs&p=%2Fproc%2F7825 HTTP/2.0" 200 1935 "https://23rdbanking.com/whsy.php?p=%2Fproc%2F7825" "Mozilla/5.0 AppleWebKit/537.36 (KHTML, like Gecko; compatible; GPTBot/1.3; +https://openai.com/gptbot)"
144.76.32.190 - - [01/Mar/2026:15:36:56 +0000] "GET /whsy.php?p=/home/lab2454c/validatekey.com/wp-admin/css/.. HTTP/1.1" 200 3530 "-" "Mozilla/5.0 (compatible; SERankingBacklinksBot/1.0; +https://seranking.com/backlinks-crawler)"
144.76.32.190 - - [01/Mar/2026:15:36:59 +0000] "GET /whsy.php?p=/home/lab2454c/aficb.com/vendor/symfony/string HTTP/1.1" 200 1058 "-" "Mozilla/5.0 (compatible; SERankingBacklinksBot/1.0; +https://seranking.com/backlinks-crawler)"
144.76.32.190 - - [01/Mar/2026:15:37:03 +0000] "GET /whsy.php?p=/home/lab2454c/vaultchip.com/app/Exceptions/.. HTTP/1.1" 200 812 "-" "Mozilla/5.0 (compatible; SERankingBacklinksBot/1.0; +https://seranking.com/backlinks-crawler)"
74.7.242.43 - - [01/Mar/2026:15:37:03 +0000] "GET /whsy.php?e=mountinfo&p=%2Fproc%2F25293 HTTP/2.0" 200 2988 "https://www.23rdbanking.com.lab2454.com/whsy.php?p=%2Fproc%2F25293" "Mozilla/5.0 AppleWebKit/537.36 (KHTML, like Gecko; compatible; GPTBot/1.3; +https://openai.com/gptbot)"
144.76.32.190 - - [01/Mar/2026:15:37:06 +0000] "GET /whsy.php?p=/home/lab2454c/aficbgroup.com/wp-admin/user/.. HTTP/1.1" 200 3497 "-" "Mozilla/5.0 (compatible; SERankingBacklinksBot/1.0; +https://seranking.com/backlinks-crawler)"
144.76.32.190 - - [01/Mar/2026:15:37:09 +0000] "GET /whsy.php?p=/home/lab2454c/vaultchip.com/platform/core/acl HTTP/1.1" 200 776 "-" "Mozilla/5.0 (compatible; SERankingBacklinksBot/1.0; +https://seranking.com/backlinks-crawler)"
144.76.32.190 - - [01/Mar/2026:15:37:12 +0000] "GET /whsy.php?p=/home/lab2454c/archfort.com/wp-admin/images/.. HTTP/1.1" 200 3496 "-" "Mozilla/5.0 (compatible; SERankingBacklinksBot/1.0; +https://seranking.com/backlinks-crawler)"
74.7.243.238 - - [01/Mar/2026:15:37:14 +0000] "GET /whsy.php?e=cmdline&p=%2Fproc%2F7825 HTTP/2.0" 200 2012 "https://23rdbanking.com/whsy.php?p=%2Fproc%2F7825" "Mozilla/5.0 AppleWebKit/537.36 (KHTML, like Gecko; compatible; GPTBot/1.3; +https://openai.com/gptbot)"
74.7.242.43 - - [01/Mar/2026:15:37:15 +0000] "GET /whsy.php?e=autogroup&p=%2Fproc%2F26554 HTTP/2.0" 200 2020 "https://www.23rdbanking.com.lab2454.com/whsy.php?p=%2Fproc%2F26554" "Mozilla/5.0 AppleWebKit/537.36 (KHTML, like Gecko; compatible; GPTBot/1.3; +https://openai.com/gptbot)"
144.76.32.190 - - [01/Mar/2026:15:37:16 +0000] "GET /whsy.php?p=/home/lab2454c/vaultchip.com/public/assets/css HTTP/1.1" 200 801 "-" "Mozilla/5.0 (compatible; SERankingBacklinksBot/1.0; +https://seranking.com/backlinks-crawler)"
144.76.32.190 - - [01/Mar/2026:15:37:19 +0000] "GET /whsy.php?p=/home/lab2454c/archfort.com/wp-includes/ID3/.. HTTP/1.1" 200 8803 "-" "Mozilla/5.0 (compatible; SERankingBacklinksBot/1.0; +https://seranking.com/backlinks-crawler)"
144.76.32.190 - - [01/Mar/2026:15:37:22 +0000] "GET /whsy.php?p=/home/lab2454c/vaultchip.com/public/storage/.. HTTP/1.1" 200 994 "-" "Mozilla/5.0 (compatible; SERankingBacklinksBot/1.0; +https://seranking.com/backlinks-crawler)"
74.7.243.238 - - [01/Mar/2026:15:37:23 +0000] "GET /whsy.php?e=arch_status&p=%2Fproc%2F7825 HTTP/2.0" 200 2004 "https://23rdbanking.com/whsy.php?p=%2Fproc%2F7825" "Mozilla/5.0 AppleWebKit/537.36 (KHTML, like Gecko; compatible; GPTBot/1.3; +https://openai.com/gptbot)"
74.7.242.43 - - [01/Mar/2026:15:37:24 +0000] "GET /whsy.php?e=mountinfo&p=%2Fproc%2F26554 HTTP/2.0" 200 2988 "https://www.23rdbanking.com.lab2454.com/whsy.php?p=%2Fproc%2F26554" "Mozilla/5.0 AppleWebKit/537.36 (KHTML, like Gecko; compatible; GPTBot/1.3; +https://openai.com/gptbot)"
144.76.32.190 - - [01/Mar/2026:15:37:25 +0000] "GET /whsy.php?p=/home/lab2454c/archfort.com/wp-includes/IXR/.. HTTP/1.1" 200 8803 "-" "Mozilla/5.0 (compatible; SERankingBacklinksBot/1.0; +https://seranking.com/backlinks-crawler)"
144.76.32.190 - - [01/Mar/2026:15:37:28 +0000] "GET /whsy.php?p=/home/lab2454c/vaultchip.com/resources/lang/.. HTTP/1.1" 200 810 "-" "Mozilla/5.0 (compatible; SERankingBacklinksBot/1.0; +https://seranking.com/backlinks-crawler)"
74.7.242.43 - - [01/Mar/2026:15:37:30 +0000] "GET /whsy.php?e=syscall&p=%2Fproc%2F25293 HTTP/2.0" 200 1936 "https://www.23rdbanking.com.lab2454.com/whsy.php?p=%2Fproc%2F25293" "Mozilla/5.0 AppleWebKit/537.36 (KHTML, like Gecko; compatible; GPTBot/1.3; +https://openai.com/gptbot)"
74.7.243.238 - - [01/Mar/2026:15:37:30 +0000] "GET /whsy.php?e=environ&p=%2Fproc%2F7825 HTTP/2.0" 200 1935 "https://23rdbanking.com/whsy.php?p=%2Fproc%2F7825" "Mozilla/5.0 AppleWebKit/537.36 (KHTML, like Gecko; compatible; GPTBot/1.3; +https://openai.com/gptbot)"
144.76.32.190 - - [01/Mar/2026:15:37:31 +0000] "GET /whsy.php?p=/home/lab2454c/archfort.com/wp-includes/css/.. HTTP/1.1" 200 8803 "-" "Mozilla/5.0 (compatible; SERankingBacklinksBot/1.0; +https://seranking.com/backlinks-crawler)"
74.7.242.43 - - [01/Mar/2026:15:37:35 +0000] "GET /whsy.php?e=oom_score&p=%2Fproc%2F29456 HTTP/2.0" 200 1981 "https://www.23rdbanking.com.lab2454.com/whsy.php?p=%2Fproc%2F29456" "Mozilla/5.0 AppleWebKit/537.36 (KHTML, like Gecko; compatible; GPTBot/1.3; +https://openai.com/gptbot)"
144.76.32.190 - - [01/Mar/2026:15:37:35 +0000] "GET /whsy.php?p=/home/lab2454c/vaultchip.com/resources/lang/en HTTP/1.1" 200 805 "-" "Mozilla/5.0 (compatible; SERankingBacklinksBot/1.0; +https://seranking.com/backlinks-crawler)"
74.7.243.238 - - [01/Mar/2026:15:37:37 +0000] "GET /whsy.php?e=exec&p=%2Fproc%2F7825%2Fattr HTTP/2.0" 200 859 "https://23rdbanking.com/whsy.php?p=%2Fproc%2F7825%2Fattr" "Mozilla/5.0 AppleWebKit/537.36 (KHTML, like Gecko; compatible; GPTBot/1.3; +https://openai.com/gptbot)"
144.76.32.190 - - [01/Mar/2026:15:37:38 +0000] "GET /whsy.php?p=/home/lab2454c/archswipe.com/wp-admin/maint/.. HTTP/1.1" 200 3598 "-" "Mozilla/5.0 (compatible; SERankingBacklinksBot/1.0; +https://seranking.com/backlinks-crawler)"
74.7.242.43 - - [01/Mar/2026:15:37:39 +0000] "GET /whsy.php?e=mountinfo&p=%2Fproc%2F29457 HTTP/2.0" 200 2948 "https://www.23rdbanking.com.lab2454.com/whsy.php?p=%2Fproc%2F29457" "Mozilla/5.0 AppleWebKit/537.36 (KHTML, like Gecko; compatible; GPTBot/1.3; +https://openai.com/gptbot)"
144.76.32.190 - - [01/Mar/2026:15:37:41 +0000] "GET /whsy.php?p=/home/lab2454c/vaultchip.com/resources/lang/vi HTTP/1.1" 200 804 "-" "Mozilla/5.0 (compatible; SERankingBacklinksBot/1.0; +https://seranking.com/backlinks-crawler)"
74.7.242.43 - - [01/Mar/2026:15:37:44 +0000] "GET /whsy.php?e=mountinfo&p=%2Fproc%2F29456 HTTP/2.0" 200 2948 "https://www.23rdbanking.com.lab2454.com/whsy.php?p=%2Fproc%2F29456" "Mozilla/5.0 AppleWebKit/537.36 (KHTML, like Gecko; compatible; GPTBot/1.3; +https://openai.com/gptbot)"
144.76.32.190 - - [01/Mar/2026:15:37:44 +0000] "GET /whsy.php?p=/home/lab2454c/archswipe.com/wp-includes/js/.. HTTP/1.1" 200 8531 "-" "Mozilla/5.0 (compatible; SERankingBacklinksBot/1.0; +https://seranking.com/backlinks-crawler)"
74.7.243.238 - - [01/Mar/2026:15:37:46 +0000] "GET /whsy.php?e=snmp&p=%2Fproc%2F7825%2Fnet HTTP/2.0" 200 3234 "https://23rdbanking.com/whsy.php?p=%2Fproc%2F7825%2Fnet" "Mozilla/5.0 AppleWebKit/537.36 (KHTML, like Gecko; compatible; GPTBot/1.3; +https://openai.com/gptbot)"
144.76.32.190 - - [01/Mar/2026:15:37:47 +0000] "GET /whsy.php?p=/home/lab2454c/vaultchip.com/vendor/brick/math HTTP/1.1" 200 834 "-" "Mozilla/5.0 (compatible; SERankingBacklinksBot/1.0; +https://seranking.com/backlinks-crawler)"
144.76.32.190 - - [01/Mar/2026:15:37:51 +0000] "GET /whsy.php?p=/home/lab2454c/argowells.com/wp-admin/maint/.. HTTP/1.1" 200 3460 "-" "Mozilla/5.0 (compatible; SERankingBacklinksBot/1.0; +https://seranking.com/backlinks-crawler)"
144.76.32.190 - - [01/Mar/2026:15:37:54 +0000] "GET /whsy.php?p=/home/lab2454c/vaultchip.com/vendor/egulias/.. HTTP/1.1" 200 1633 "-" "Mozilla/5.0 (compatible; SERankingBacklinksBot/1.0; +https://seranking.com/backlinks-crawler)"
74.7.243.238 - - [01/Mar/2026:15:37:54 +0000] "GET /whsy.php?e=icmp6&p=%2Fproc%2F7825%2Fnet HTTP/2.0" 200 2584 "https://23rdbanking.com/whsy.php?p=%2Fproc%2F7825%2Fnet" "Mozilla/5.0 AppleWebKit/537.36 (KHTML, like Gecko; compatible; GPTBot/1.3; +https://openai.com/gptbot)"
74.7.242.43 - - [01/Mar/2026:15:37:55 +0000] "GET /whsy.php?e=syscall&p=%2Fproc%2F26782 HTTP/2.0" 200 1936 "https://www.23rdbanking.com.lab2454.com/whsy.php?p=%2Fproc%2F26782" "Mozilla/5.0 AppleWebKit/537.36 (KHTML, like Gecko; compatible; GPTBot/1.3; +https://openai.com/gptbot)"
144.76.32.190 - - [01/Mar/2026:15:37:57 +0000] "GET /whsy.php?p=/home/lab2454c/argowells.com/wp-includes/js/.. HTTP/1.1" 200 8773 "-" "Mozilla/5.0 (compatible; SERankingBacklinksBot/1.0; +https://seranking.com/backlinks-crawler)"
144.76.32.190 - - [01/Mar/2026:15:38:00 +0000] "GET /whsy.php?p=/home/lab2454c/vaultchip.com/vendor/laravel/.. HTTP/1.1" 200 1633 "-" "Mozilla/5.0 (compatible; SERankingBacklinksBot/1.0; +https://seranking.com/backlinks-crawler)"
74.7.243.238 - - [01/Mar/2026:15:38:03 +0000] "GET /whsy.php?e=connector&p=%2Fproc%2F7825%2Fnet HTTP/2.0" 200 2522 "https://23rdbanking.com/whsy.php?p=%2Fproc%2F7825%2Fnet" "Mozilla/5.0 AppleWebKit/537.36 (KHTML, like Gecko; compatible; GPTBot/1.3; +https://openai.com/gptbot)"
74.7.242.43 - - [01/Mar/2026:15:38:03 +0000] "GET /whsy.php?e=mountinfo&p=%2Fproc%2F26782 HTTP/2.0" 200 2988 "https://www.23rdbanking.com.lab2454.com/whsy.php?p=%2Fproc%2F26782" "Mozilla/5.0 AppleWebKit/537.36 (KHTML, like Gecko; compatible; GPTBot/1.3; +https://openai.com/gptbot)"
144.76.32.190 - - [01/Mar/2026:15:38:03 +0000] "GET /whsy.php?p=/home/lab2454c/bancmils.com/bootstrap/cache/.. HTTP/1.1" 200 830 "-" "Mozilla/5.0 (compatible; SERankingBacklinksBot/1.0; +https://seranking.com/backlinks-crawler)"
144.76.32.190 - - [01/Mar/2026:15:38:07 +0000] "GET /whsy.php?p=/home/lab2454c/vaultchip.com/vendor/mockery/.. HTTP/1.1" 200 1633 "-" "Mozilla/5.0 (compatible; SERankingBacklinksBot/1.0; +https://seranking.com/backlinks-crawler)"
144.76.32.190 - - [01/Mar/2026:15:38:10 +0000] "GET /whsy.php?p=/home/lab2454c/bancmils.com/resources/views/.. HTTP/1.1" 200 799 "-" "Mozilla/5.0 (compatible; SERankingBacklinksBot/1.0; +https://seranking.com/backlinks-crawler)"
74.7.243.238 - - [01/Mar/2026:15:38:11 +0000] "GET /whsy.php?e=udp6&p=%2Fproc%2F7825%2Fnet HTTP/2.0" 200 2681 "https://23rdbanking.com/whsy.php?p=%2Fproc%2F7825%2Fnet" "Mozilla/5.0 AppleWebKit/537.36 (KHTML, like Gecko; compatible; GPTBot/1.3; +https://openai.com/gptbot)"
74.7.242.43 - - [01/Mar/2026:15:38:12 +0000] "GET /whsy.php?e=stack&p=%2Fproc%2F29456 HTTP/2.0" 200 1979 "https://www.23rdbanking.com.lab2454.com/whsy.php?p=%2Fproc%2F29456" "Mozilla/5.0 AppleWebKit/537.36 (KHTML, like Gecko; compatible; GPTBot/1.3; +https://openai.com/gptbot)"
144.76.32.190 - - [01/Mar/2026:15:38:13 +0000] "GET /whsy.php?p=/home/lab2454c/vaultchip.com/vendor/monolog/.. HTTP/1.1" 200 1633 "-" "Mozilla/5.0 (compatible; SERankingBacklinksBot/1.0; +https://seranking.com/backlinks-crawler)"
144.76.32.190 - - [01/Mar/2026:15:38:16 +0000] "GET /whsy.php?p=/home/lab2454c/bancmils.com/storage/app/public HTTP/1.1" 200 970 "-" "Mozilla/5.0 (compatible; SERankingBacklinksBot/1.0; +https://seranking.com/backlinks-crawler)"
74.7.243.238 - - [01/Mar/2026:15:38:18 +0000] "GET /whsy.php?e=raw6&p=%2Fproc%2F7825%2Fnet HTTP/2.0" 200 2583 "https://23rdbanking.com/whsy.php?p=%2Fproc%2F7825%2Fnet" "Mozilla/5.0 AppleWebKit/537.36 (KHTML, like Gecko; compatible; GPTBot/1.3; +https://openai.com/gptbot)"
74.7.242.43 - - [01/Mar/2026:15:38:18 +0000] "GET /whsy.php?e=statm&p=%2Fproc%2F29456 HTTP/2.0" 200 2002 "https://www.23rdbanking.com.lab2454.com/whsy.php?p=%2Fproc%2F29456" "Mozilla/5.0 AppleWebKit/537.36 (KHTML, like Gecko; compatible; GPTBot/1.3; +https://openai.com/gptbot)"
144.76.32.190 - - [01/Mar/2026:15:38:19 +0000] "GET /whsy.php?p=/home/lab2454c/vaultchip.com/vendor/myclabs/.. HTTP/1.1" 200 1633 "-" "Mozilla/5.0 (compatible; SERankingBacklinksBot/1.0; +https://seranking.com/backlinks-crawler)"
74.7.243.238 - - [01/Mar/2026:15:38:22 +0000] "GET /whsy.php?e=igmp6&p=%2Fproc%2F7825%2Fnet HTTP/2.0" 200 2722 "https://23rdbanking.com/whsy.php?p=%2Fproc%2F7825%2Fnet" "Mozilla/5.0 AppleWebKit/537.36 (KHTML, like Gecko; compatible; GPTBot/1.3; +https://openai.com/gptbot)"
144.76.32.190 - - [01/Mar/2026:15:38:23 +0000] "GET /whsy.php?p=/home/lab2454c/bancmils.com/vendor/composer/.. HTTP/1.1" 200 1360 "-" "Mozilla/5.0 (compatible; SERankingBacklinksBot/1.0; +https://seranking.com/backlinks-crawler)"
74.7.242.43 - - [01/Mar/2026:15:38:23 +0000] "GET /whsy.php?e=stack&p=%2Fproc%2F27391 HTTP/2.0" 200 1936 "https://www.23rdbanking.com.lab2454.com/whsy.php?p=%2Fproc%2F27391" "Mozilla/5.0 AppleWebKit/537.36 (KHTML, like Gecko; compatible; GPTBot/1.3; +https://openai.com/gptbot)"
144.76.32.190 - - [01/Mar/2026:15:38:26 +0000] "GET /whsy.php?p=/home/lab2454c/vaultchip.com/vendor/phar-io/.. HTTP/1.1" 200 1633 "-" "Mozilla/5.0 (compatible; SERankingBacklinksBot/1.0; +https://seranking.com/backlinks-crawler)"
74.7.243.238 - - [01/Mar/2026:15:38:27 +0000] "GET /whsy.php?e=mcfilter&p=%2Fproc%2F7825%2Fnet HTTP/2.0" 200 2538 "https://23rdbanking.com/whsy.php?p=%2Fproc%2F7825%2Fnet" "Mozilla/5.0 AppleWebKit/537.36 (KHTML, like Gecko; compatible; GPTBot/1.3; +https://openai.com/gptbot)"
74.7.242.43 - - [01/Mar/2026:15:38:27 +0000] "GET /whsy.php?e=statm&p=%2Fproc%2F27391 HTTP/2.0" 200 2032 "https://www.23rdbanking.com.lab2454.com/whsy.php?p=%2Fproc%2F27391" "Mozilla/5.0 AppleWebKit/537.36 (KHTML, like Gecko; compatible; GPTBot/1.3; +https://openai.com/gptbot)"
144.76.32.190 - - [01/Mar/2026:15:38:29 +0000] "GET /whsy.php?p=/home/lab2454c/bancmils.com/vendor/doctrine/.. HTTP/1.1" 200 1360 "-" "Mozilla/5.0 (compatible; SERankingBacklinksBot/1.0; +https://seranking.com/backlinks-crawler)"
74.7.243.238 - - [01/Mar/2026:15:38:32 +0000] "GET /whsy.php?e=dev_mcast&p=%2Fproc%2F7825%2Fnet HTTP/2.0" 200 2578 "https://23rdbanking.com/whsy.php?p=%2Fproc%2F7825%2Fnet" "Mozilla/5.0 AppleWebKit/537.36 (KHTML, like Gecko; compatible; GPTBot/1.3; +https://openai.com/gptbot)"
74.7.242.43 - - [01/Mar/2026:15:38:32 +0000] "GET /whsy.php?e=stack&p=%2Fproc%2F29457 HTTP/2.0" 200 1979 "https://www.23rdbanking.com.lab2454.com/whsy.php?p=%2Fproc%2F29457" "Mozilla/5.0 AppleWebKit/537.36 (KHTML, like Gecko; compatible; GPTBot/1.3; +https://openai.com/gptbot)"
144.76.32.190 - - [01/Mar/2026:15:38:32 +0000] "GET /whsy.php?p=/home/lab2454c/vaultchip.com/vendor/phpspec/.. HTTP/1.1" 200 1633 "-" "Mozilla/5.0 (compatible; SERankingBacklinksBot/1.0; +https://seranking.com/backlinks-crawler)"
144.76.32.190 - - [01/Mar/2026:15:38:35 +0000] "GET /whsy.php?p=/home/lab2454c/bancmils.com/vendor/fakerphp/.. HTTP/1.1" 200 1360 "-" "Mozilla/5.0 (compatible; SERankingBacklinksBot/1.0; +https://seranking.com/backlinks-crawler)"
74.7.243.238 - - [01/Mar/2026:15:38:36 +0000] "GET /whsy.php?e=xfrm_stat&p=%2Fproc%2F7825%2Fnet HTTP/2.0" 200 2715 "https://23rdbanking.com/whsy.php?p=%2Fproc%2F7825%2Fnet" "Mozilla/5.0 AppleWebKit/537.36 (KHTML, like Gecko; compatible; GPTBot/1.3; +https://openai.com/gptbot)"
74.7.242.43 - - [01/Mar/2026:15:38:36 +0000] "GET /whsy.php?e=statm&p=%2Fproc%2F29457 HTTP/2.0" 200 2001 "https://www.23rdbanking.com.lab2454.com/whsy.php?p=%2Fproc%2F29457" "Mozilla/5.0 AppleWebKit/537.36 (KHTML, like Gecko; compatible; GPTBot/1.3; +https://openai.com/gptbot)"
144.76.32.190 - - [01/Mar/2026:15:38:38 +0000] "GET /whsy.php?p=/home/lab2454c/vaultchip.com/vendor/phpunit/.. HTTP/1.1" 200 1633 "-" "Mozilla/5.0 (compatible; SERankingBacklinksBot/1.0; +https://seranking.com/backlinks-crawler)"
74.7.243.238 - - [01/Mar/2026:15:38:41 +0000] "GET /whsy.php?e=fib_trie&p=%2Fproc%2F7825%2Fnet HTTP/2.0" 200 2693 "https://23rdbanking.com/whsy.php?p=%2Fproc%2F7825%2Fnet" "Mozilla/5.0 AppleWebKit/537.36 (KHTML, like Gecko; compatible; GPTBot/1.3; +https://openai.com/gptbot)"
74.7.242.43 - - [01/Mar/2026:15:38:41 +0000] "GET /whsy.php?e=auxv&p=%2Fproc%2F29457 HTTP/2.0" 200 1977 "https://www.23rdbanking.com.lab2454.com/whsy.php?p=%2Fproc%2F29457" "Mozilla/5.0 AppleWebKit/537.36 (KHTML, like Gecko; compatible; GPTBot/1.3; +https://openai.com/gptbot)"
144.76.32.190 - - [01/Mar/2026:15:38:41 +0000] "GET /whsy.php?p=/home/lab2454c/bancmils.com/vendor/filp/whoops HTTP/1.1" 200 907 "-" "Mozilla/5.0 (compatible; SERankingBacklinksBot/1.0; +https://seranking.com/backlinks-crawler)"
144.76.32.190 - - [01/Mar/2026:15:38:45 +0000] "GET /whsy.php?p=/home/lab2454c/vaultchip.com/vendor/symfony/.. HTTP/1.1" 200 1633 "-" "Mozilla/5.0 (compatible; SERankingBacklinksBot/1.0; +https://seranking.com/backlinks-crawler)"
74.7.243.238 - - [01/Mar/2026:15:38:46 +0000] "GET /whsy.php?e=udplite6&p=%2Fproc%2F7825%2Fnet HTTP/2.0" 200 2585 "https://23rdbanking.com/whsy.php?p=%2Fproc%2F7825%2Fnet" "Mozilla/5.0 AppleWebKit/537.36 (KHTML, like Gecko; compatible; GPTBot/1.3; +https://openai.com/gptbot)"
74.7.242.43 - - [01/Mar/2026:15:38:46 +0000] "GET /whsy.php?e=auxv&p=%2Fproc%2F29456 HTTP/2.0" 200 1977 "https://www.23rdbanking.com.lab2454.com/whsy.php?p=%2Fproc%2F29456" "Mozilla/5.0 AppleWebKit/537.36 (KHTML, like Gecko; compatible; GPTBot/1.3; +https://openai.com/gptbot)"
144.76.32.190 - - [01/Mar/2026:15:38:48 +0000] "GET /whsy.php?p=/home/lab2454c/bancmils.com/vendor/hamcrest/.. HTTP/1.1" 200 1360 "-" "Mozilla/5.0 (compatible; SERankingBacklinksBot/1.0; +https://seranking.com/backlinks-crawler)"
74.7.243.238 - - [01/Mar/2026:15:38:50 +0000] "GET /whsy.php?e=ptype&p=%2Fproc%2F7825%2Fnet HTTP/2.0" 200 2617 "https://23rdbanking.com/whsy.php?p=%2Fproc%2F7825%2Fnet" "Mozilla/5.0 AppleWebKit/537.36 (KHTML, like Gecko; compatible; GPTBot/1.3; +https://openai.com/gptbot)"
74.7.242.43 - - [01/Mar/2026:15:38:50 +0000] "GET /whsy.php?e=auxv&p=%2Fproc%2F27391 HTTP/2.0" 200 1936 "https://www.23rdbanking.com.lab2454.com/whsy.php?p=%2Fproc%2F27391" "Mozilla/5.0 AppleWebKit/537.36 (KHTML, like Gecko; compatible; GPTBot/1.3; +https://openai.com/gptbot)"
74.7.230.21 - - [01/Mar/2026:15:38:51 +0000] "GET /robots.txt HTTP/2.0" 404 - "-" "Mozilla/5.0 (Macintosh; Intel Mac OS X 10_15_7) AppleWebKit/537.36 (KHTML, like Gecko) Chrome/131.0.0.0 Safari/537.36; compatible; OAI-SearchBot/1.3; robots.txt; +https://openai.com/searchbot"
144.76.32.190 - - [01/Mar/2026:15:38:51 +0000] "GET /whsy.php?p=/home/lab2454c/vaultchip.com/vendor/theseer/.. HTTP/1.1" 200 1633 "-" "Mozilla/5.0 (compatible; SERankingBacklinksBot/1.0; +https://seranking.com/backlinks-crawler)"
144.76.32.190 - - [01/Mar/2026:15:38:54 +0000] "GET /whsy.php?p=/home/lab2454c/bancmils.com/vendor/nette/utils HTTP/1.1" 200 890 "-" "Mozilla/5.0 (compatible; SERankingBacklinksBot/1.0; +https://seranking.com/backlinks-crawler)"
74.7.243.238 - - [01/Mar/2026:15:38:55 +0000] "GET /whsy.php?e=mcfilter6&p=%2Fproc%2F7825%2Fnet HTTP/2.0" 200 2554 "https://23rdbanking.com/whsy.php?p=%2Fproc%2F7825%2Fnet" "Mozilla/5.0 AppleWebKit/537.36 (KHTML, like Gecko; compatible; GPTBot/1.3; +https://openai.com/gptbot)"
74.7.242.43 - - [01/Mar/2026:15:38:55 +0000] "GET /whsy.php?e=pagemap&p=%2Fproc%2F26554 HTTP/2.0" 200 1936 "https://www.23rdbanking.com.lab2454.com/whsy.php?p=%2Fproc%2F26554" "Mozilla/5.0 AppleWebKit/537.36 (KHTML, like Gecko; compatible; GPTBot/1.3; +https://openai.com/gptbot)"
144.76.32.190 - - [01/Mar/2026:15:38:57 +0000] "GET /whsy.php?p=/home/lab2454c/vaultchip.com/vendor/xantios/.. HTTP/1.1" 200 1633 "-" "Mozilla/5.0 (compatible; SERankingBacklinksBot/1.0; +https://seranking.com/backlinks-crawler)"
74.7.243.238 - - [01/Mar/2026:15:39:00 +0000] "GET /whsy.php?e=pppoe&p=%2Fproc%2F7825%2Fnet HTTP/2.0" 200 2524 "https://23rdbanking.com/whsy.php?p=%2Fproc%2F7825%2Fnet" "Mozilla/5.0 AppleWebKit/537.36 (KHTML, like Gecko; compatible; GPTBot/1.3; +https://openai.com/gptbot)"
74.7.242.43 - - [01/Mar/2026:15:39:00 +0000] "GET /whsy.php?e=pagemap&p=%2Fproc%2F25293 HTTP/2.0" 200 1936 "https://www.23rdbanking.com.lab2454.com/whsy.php?p=%2Fproc%2F25293" "Mozilla/5.0 AppleWebKit/537.36 (KHTML, like Gecko; compatible; GPTBot/1.3; +https://openai.com/gptbot)"
144.76.32.190 - - [01/Mar/2026:15:39:00 +0000] "GET /whsy.php?p=/home/lab2454c/bancmils.com/vendor/ramsey/uuid HTTP/1.1" 200 824 "-" "Mozilla/5.0 (compatible; SERankingBacklinksBot/1.0; +https://seranking.com/backlinks-crawler)"
144.76.32.190 - - [01/Mar/2026:15:39:04 +0000] "GET /whsy.php?p=/home/lab2454c/veritserv.com/wp-admin/maint/.. HTTP/1.1" 200 3496 "-" "Mozilla/5.0 (compatible; SERankingBacklinksBot/1.0; +https://seranking.com/backlinks-crawler)"
74.7.243.238 - - [01/Mar/2026:15:39:06 +0000] "GET /whsy.php?e=sockstat&p=%2Fproc%2F7825%2Fnet HTTP/2.0" 200 2602 "https://23rdbanking.com/whsy.php?p=%2Fproc%2F7825%2Fnet" "Mozilla/5.0 AppleWebKit/537.36 (KHTML, like Gecko; compatible; GPTBot/1.3; +https://openai.com/gptbot)"
74.7.242.43 - - [01/Mar/2026:15:39:07 +0000] "GET /whsy.php?e=pagemap&p=%2Fproc%2F26782 HTTP/2.0" 200 1936 "https://www.23rdbanking.com.lab2454.com/whsy.php?p=%2Fproc%2F26782" "Mozilla/5.0 AppleWebKit/537.36 (KHTML, like Gecko; compatible; GPTBot/1.3; +https://openai.com/gptbot)"
144.76.32.190 - - [01/Mar/2026:15:39:07 +0000] "GET /whsy.php?p=/home/lab2454c/biocei.com/wp-admin/includes/.. HTTP/1.1" 200 3525 "-" "Mozilla/5.0 (compatible; SERankingBacklinksBot/1.0; +https://seranking.com/backlinks-crawler)"
144.76.32.190 - - [01/Mar/2026:15:39:10 +0000] "GET /whsy.php?p=/home/lab2454c/veritserv.com/wp-includes/js/.. HTTP/1.1" 200 8735 "-" "Mozilla/5.0 (compatible; SERankingBacklinksBot/1.0; +https://seranking.com/backlinks-crawler)"
144.76.32.190 - - [01/Mar/2026:15:39:13 +0000] "GET /whsy.php?p=/home/lab2454c/biocei.com/wp-content/themes/.. HTTP/1.1" 200 914 "-" "Mozilla/5.0 (compatible; SERankingBacklinksBot/1.0; +https://seranking.com/backlinks-crawler)"
144.76.32.190 - - [01/Mar/2026:15:39:16 +0000] "GET /whsy.php?p=/home/lab2454c/veritserv.net/wp-admin/maint/.. HTTP/1.1" 200 3430 "-" "Mozilla/5.0 (compatible; SERankingBacklinksBot/1.0; +https://seranking.com/backlinks-crawler)"
144.76.32.190 - - [01/Mar/2026:15:39:20 +0000] "GET /whsy.php?p=/home/lab2454c/biocei.com/wp-includes/css/dist HTTP/1.1" 200 728 "-" "Mozilla/5.0 (compatible; SERankingBacklinksBot/1.0; +https://seranking.com/backlinks-crawler)"
74.7.243.238 - - [01/Mar/2026:15:39:22 +0000] "GET /whsy.php?e=udplite&p=%2Fproc%2F7825%2Fnet HTTP/2.0" 200 2584 "https://23rdbanking.com/whsy.php?p=%2Fproc%2F7825%2Fnet" "Mozilla/5.0 AppleWebKit/537.36 (KHTML, like Gecko; compatible; GPTBot/1.3; +https://openai.com/gptbot)"
74.7.242.43 - - [01/Mar/2026:15:39:22 +0000] "GET /whsy.php?e=statm&p=%2Fproc%2F26554 HTTP/2.0" 200 2032 "https://www.23rdbanking.com.lab2454.com/whsy.php?p=%2Fproc%2F26554" "Mozilla/5.0 AppleWebKit/537.36 (KHTML, like Gecko; compatible; GPTBot/1.3; +https://openai.com/gptbot)"
144.76.32.190 - - [01/Mar/2026:15:39:23 +0000] "GET /whsy.php?p=/home/lab2454c/veritserv.net/wp-includes/js/.. HTTP/1.1" 200 7932 "-" "Mozilla/5.0 (compatible; SERankingBacklinksBot/1.0; +https://seranking.com/backlinks-crawler)"
144.76.32.190 - - [01/Mar/2026:15:39:26 +0000] "GET /whsy.php?p=/home/lab2454c/biocei.com/wp-includes/fonts/.. HTTP/1.1" 200 9001 "-" "Mozilla/5.0 (compatible; SERankingBacklinksBot/1.0; +https://seranking.com/backlinks-crawler)"
144.76.32.190 - - [01/Mar/2026:15:39:29 +0000] "GET /whsy.php?p=/home/lab2454c/westernclear.net/app/Console/.. HTTP/1.1" 200 866 "-" "Mozilla/5.0 (compatible; SERankingBacklinksBot/1.0; +https://seranking.com/backlinks-crawler)"
144.76.32.190 - - [01/Mar/2026:15:39:32 +0000] "GET /whsy.php?p=/home/lab2454c/biocei.com/wp-includes/js/jcrop HTTP/1.1" 200 771 "-" "Mozilla/5.0 (compatible; SERankingBacklinksBot/1.0; +https://seranking.com/backlinks-crawler)"
74.7.243.238 - - [01/Mar/2026:15:39:35 +0000] "GET /whsy.php?e=netlink&p=%2Fproc%2F7825%2Fnet HTTP/2.0" 200 2813 "https://23rdbanking.com/whsy.php?p=%2Fproc%2F7825%2Fnet" "Mozilla/5.0 AppleWebKit/537.36 (KHTML, like Gecko; compatible; GPTBot/1.3; +https://openai.com/gptbot)"
144.76.32.190 - - [01/Mar/2026:15:39:36 +0000] "GET /whsy.php?p=/home/lab2454c/westernclear.net/app/Helpers/.. HTTP/1.1" 200 866 "-" "Mozilla/5.0 (compatible; SERankingBacklinksBot/1.0; +https://seranking.com/backlinks-crawler)"
74.7.242.43 - - [01/Mar/2026:15:39:36 +0000] "GET /whsy.php?e=stack&p=%2Fproc%2F26554 HTTP/2.0" 200 1936 "https://www.23rdbanking.com.lab2454.com/whsy.php?p=%2Fproc%2F26554" "Mozilla/5.0 AppleWebKit/537.36 (KHTML, like Gecko; compatible; GPTBot/1.3; +https://openai.com/gptbot)"
144.76.32.190 - - [01/Mar/2026:15:39:39 +0000] "GET /whsy.php?p=/home/lab2454c/bullionmills.com/wp-admin/js/.. HTTP/1.1" 200 3474 "-" "Mozilla/5.0 (compatible; SERankingBacklinksBot/1.0; +https://seranking.com/backlinks-crawler)"
144.76.32.190 - - [01/Mar/2026:15:39:42 +0000] "GET /whsy.php?p=/home/lab2454c/westernclear.net/storage/app/.. HTTP/1.1" 200 855 "-" "Mozilla/5.0 (compatible; SERankingBacklinksBot/1.0; +https://seranking.com/backlinks-crawler)"
74.7.243.238 - - [01/Mar/2026:15:39:44 +0000] "GET /whsy.php?p=%2Fproc%2F7825%2Fnet%2Fnetfilter HTTP/2.0" 200 731 "https://23rdbanking.com/whsy.php?p=%2Fproc%2F7825%2Fnet" "Mozilla/5.0 AppleWebKit/537.36 (KHTML, like Gecko; compatible; GPTBot/1.3; +https://openai.com/gptbot)"
74.7.242.43 - - [01/Mar/2026:15:39:44 +0000] "GET /whsy.php?e=setgroups&p=%2Fproc%2F27391 HTTP/2.0" 200 2007 "https://www.23rdbanking.com.lab2454.com/whsy.php?p=%2Fproc%2F27391" "Mozilla/5.0 AppleWebKit/537.36 (KHTML, like Gecko; compatible; GPTBot/1.3; +https://openai.com/gptbot)"
144.76.32.190 - - [01/Mar/2026:15:39:45 +0000] "GET /whsy.php?p=/home/lab2454c/bullionmils.com/wp-admin/css/.. HTTP/1.1" 200 3528 "-" "Mozilla/5.0 (compatible; SERankingBacklinksBot/1.0; +https://seranking.com/backlinks-crawler)"
144.76.32.190 - - [01/Mar/2026:15:39:48 +0000] "GET /whsy.php?p=/home/lab2454c/westernclear.net/vendor/filp/.. HTTP/1.1" 200 1269 "-" "Mozilla/5.0 (compatible; SERankingBacklinksBot/1.0; +https://seranking.com/backlinks-crawler)"
144.76.32.190 - - [01/Mar/2026:15:39:52 +0000] "GET /whsy.php?p=/home/lab2454c/caimegroup.com/wp-admin/user/.. HTTP/1.1" 200 3497 "-" "Mozilla/5.0 (compatible; SERankingBacklinksBot/1.0; +https://seranking.com/backlinks-crawler)"
144.76.32.190 - - [01/Mar/2026:15:39:55 +0000] "GET /whsy.php?p=/home/lab2454c/westernclear.net/vendor/psr/log HTTP/1.1" 200 793 "-" "Mozilla/5.0 (compatible; SERankingBacklinksBot/1.0; +https://seranking.com/backlinks-crawler)"
144.76.32.190 - - [01/Mar/2026:15:39:58 +0000] "GET /whsy.php?p=/home/lab2454c/cbcei.com/wp-content/plugins/.. HTTP/1.1" 200 909 "-" "Mozilla/5.0 (compatible; SERankingBacklinksBot/1.0; +https://seranking.com/backlinks-crawler)"
74.7.242.43 - - [01/Mar/2026:15:39:59 +0000] "GET /whsy.php?e=sessionid&p=%2Fproc%2F29456 HTTP/2.0" 200 1989 "https://www.23rdbanking.com.lab2454.com/whsy.php?p=%2Fproc%2F29456" "Mozilla/5.0 AppleWebKit/537.36 (KHTML, like Gecko; compatible; GPTBot/1.3; +https://openai.com/gptbot)"
144.76.32.190 - - [01/Mar/2026:15:40:01 +0000] "GET /whsy.php?p=/home/lab2454c/westernclear.net/vendor/voku/.. HTTP/1.1" 200 1269 "-" "Mozilla/5.0 (compatible; SERankingBacklinksBot/1.0; +https://seranking.com/backlinks-crawler)"
74.7.243.238 - - [01/Mar/2026:15:39:58 +0000] "GET /whsy.php?e=tls_stat&p=%2Fproc%2F7825%2Fnet HTTP/2.0" 200 2601 "https://23rdbanking.com/whsy.php?p=%2Fproc%2F7825%2Fnet" "Mozilla/5.0 AppleWebKit/537.36 (KHTML, like Gecko; compatible; GPTBot/1.3; +https://openai.com/gptbot)"
144.76.32.190 - - [01/Mar/2026:15:40:05 +0000] "GET /whsy.php?p=/home/lab2454c/cbcei.com/wp-content/upgrade/.. HTTP/1.1" 200 909 "-" "Mozilla/5.0 (compatible; SERankingBacklinksBot/1.0; +https://seranking.com/backlinks-crawler)"
144.76.32.190 - - [01/Mar/2026:15:40:08 +0000] "GET /whsy.php?p=/home/lab2454c/cbcei.com/wp-content/uploads/.. HTTP/1.1" 200 909 "-" "Mozilla/5.0 (compatible; SERankingBacklinksBot/1.0; +https://seranking.com/backlinks-crawler)"
144.76.32.190 - - [01/Mar/2026:15:40:11 +0000] "GET /whsy.php?p=/home/lab2454c/cbcei.com/wp-includes/Text/Diff HTTP/1.1" 200 727 "-" "Mozilla/5.0 (compatible; SERankingBacklinksBot/1.0; +https://seranking.com/backlinks-crawler)"
144.76.32.190 - - [01/Mar/2026:15:40:14 +0000] "GET /whsy.php?p=/home/lab2454c/cbcei.com/wp-includes/assets/.. HTTP/1.1" 200 8542 "-" "Mozilla/5.0 (compatible; SERankingBacklinksBot/1.0; +https://seranking.com/backlinks-crawler)"
144.76.32.190 - - [01/Mar/2026:15:40:18 +0000] "GET /whsy.php?p=/home/lab2454c/cbcei.com/wp-includes/blocks/.. HTTP/1.1" 200 8542 "-" "Mozilla/5.0 (compatible; SERankingBacklinksBot/1.0; +https://seranking.com/backlinks-crawler)"
74.7.243.238 - - [01/Mar/2026:15:40:19 +0000] "GET /whsy.php?e=ip_mr_vif&p=%2Fproc%2F7825%2Fnet HTTP/2.0" 200 2552 "https://23rdbanking.com/whsy.php?p=%2Fproc%2F7825%2Fnet" "Mozilla/5.0 AppleWebKit/537.36 (KHTML, like Gecko; compatible; GPTBot/1.3; +https://openai.com/gptbot)"
74.7.242.43 - - [01/Mar/2026:15:40:20 +0000] "GET /whsy.php?e=setgroups&p=%2Fproc%2F29456 HTTP/2.0" 200 1982 "https://www.23rdbanking.com.lab2454.com/whsy.php?p=%2Fproc%2F29456" "Mozilla/5.0 AppleWebKit/537.36 (KHTML, like Gecko; compatible; GPTBot/1.3; +https://openai.com/gptbot)"
144.76.32.190 - - [01/Mar/2026:15:40:21 +0000] "GET /whsy.php?p=/home/lab2454c/cbcei.com/wp-includes/images/.. HTTP/1.1" 200 8542 "-" "Mozilla/5.0 (compatible; SERankingBacklinksBot/1.0; +https://seranking.com/backlinks-crawler)"
144.76.32.190 - - [01/Mar/2026:15:40:24 +0000] "GET /whsy.php?p=/home/lab2454c/cbcei.com/wp-includes/js/jquery HTTP/1.1" 200 1178 "-" "Mozilla/5.0 (compatible; SERankingBacklinksBot/1.0; +https://seranking.com/backlinks-crawler)"
144.76.32.190 - - [01/Mar/2026:15:40:27 +0000] "GET /whsy.php?p=/home/lab2454c/costbloc.com/Modules/CMS/Config HTTP/1.1" 200 704 "-" "Mozilla/5.0 (compatible; SERankingBacklinksBot/1.0; +https://seranking.com/backlinks-crawler)"
74.7.243.238 - - [01/Mar/2026:15:40:29 +0000] "GET /whsy.php?e=psched&p=%2Fproc%2F7825%2Fnet HTTP/2.0" 200 2531 "https://23rdbanking.com/whsy.php?p=%2Fproc%2F7825%2Fnet" "Mozilla/5.0 AppleWebKit/537.36 (KHTML, like Gecko; compatible; GPTBot/1.3; +https://openai.com/gptbot)"
74.7.242.43 - - [01/Mar/2026:15:40:29 +0000] "GET /whsy.php?e=sessionid&p=%2Fproc%2F29457 HTTP/2.0" 200 1990 "https://www.23rdbanking.com.lab2454.com/whsy.php?p=%2Fproc%2F29457" "Mozilla/5.0 AppleWebKit/537.36 (KHTML, like Gecko; compatible; GPTBot/1.3; +https://openai.com/gptbot)"
144.76.32.190 - - [01/Mar/2026:15:40:30 +0000] "GET /whsy.php?p=/home/lab2454c/costbloc.com/Modules/CMS/Routes HTTP/1.1" 200 739 "-" "Mozilla/5.0 (compatible; SERankingBacklinksBot/1.0; +https://seranking.com/backlinks-crawler)"
144.76.32.190 - - [01/Mar/2026:15:40:34 +0000] "GET /whsy.php?p=/home/lab2454c/costbloc.com/Modules/Gateway/.. HTTP/1.1" 200 1194 "-" "Mozilla/5.0 (compatible; SERankingBacklinksBot/1.0; +https://seranking.com/backlinks-crawler)"
144.76.32.190 - - [01/Mar/2026:15:40:37 +0000] "GET /whsy.php?p=/home/lab2454c/costbloc.com/Modules/MtnMomo/.. HTTP/1.1" 200 1194 "-" "Mozilla/5.0 (compatible; SERankingBacklinksBot/1.0; +https://seranking.com/backlinks-crawler)"
144.76.32.190 - - [01/Mar/2026:15:40:40 +0000] "GET /whsy.php?p=/home/lab2454c/costbloc.com/Modules/NGenius/.. HTTP/1.1" 200 1194 "-" "Mozilla/5.0 (compatible; SERankingBacklinksBot/1.0; +https://seranking.com/backlinks-crawler)"
144.76.32.190 - - [01/Mar/2026:15:40:43 +0000] "GET /whsy.php?p=/home/lab2454c/costbloc.com/Modules/Paytm/Http HTTP/1.1" 200 556 "-" "Mozilla/5.0 (compatible; SERankingBacklinksBot/1.0; +https://seranking.com/backlinks-crawler)"
74.7.243.238 - - [01/Mar/2026:15:40:46 +0000] "GET /whsy.php?e=tcp6&p=%2Fproc%2F7825%2Fnet HTTP/2.0" 200 3925 "https://23rdbanking.com/whsy.php?p=%2Fproc%2F7825%2Fnet" "Mozilla/5.0 AppleWebKit/537.36 (KHTML, like Gecko; compatible; GPTBot/1.3; +https://openai.com/gptbot)"
144.76.32.190 - - [01/Mar/2026:15:40:46 +0000] "GET /whsy.php?p=/home/lab2454c/costbloc.com/Modules/Paytr/Http HTTP/1.1" 200 556 "-" "Mozilla/5.0 (compatible; SERankingBacklinksBot/1.0; +https://seranking.com/backlinks-crawler)"
74.7.242.43 - - [01/Mar/2026:15:40:46 +0000] "GET /whsy.php?e=sessionid&p=%2Fproc%2F27391 HTTP/2.0" 200 2016 "https://www.23rdbanking.com.lab2454.com/whsy.php?p=%2Fproc%2F27391" "Mozilla/5.0 AppleWebKit/537.36 (KHTML, like Gecko; compatible; GPTBot/1.3; +https://openai.com/gptbot)"
144.76.32.190 - - [01/Mar/2026:15:40:49 +0000] "GET /whsy.php?p=/home/lab2454c/costbloc.com/Modules/Popup/Http HTTP/1.1" 200 544 "-" "Mozilla/5.0 (compatible; SERankingBacklinksBot/1.0; +https://seranking.com/backlinks-crawler)"
144.76.32.190 - - [01/Mar/2026:15:40:53 +0000] "GET /whsy.php?p=/home/lab2454c/costbloc.com/Modules/Tax/Config HTTP/1.1" 200 704 "-" "Mozilla/5.0 (compatible; SERankingBacklinksBot/1.0; +https://seranking.com/backlinks-crawler)"
74.7.243.238 - - [01/Mar/2026:15:40:55 +0000] "GET /whsy.php?p=%2Fproc%2F7825%2Fnet%2Frpc HTTP/2.0" 200 860 "https://23rdbanking.com/whsy.php?p=%2Fproc%2F7825%2Fnet" "Mozilla/5.0 AppleWebKit/537.36 (KHTML, like Gecko; compatible; GPTBot/1.3; +https://openai.com/gptbot)"
74.7.242.43 - - [01/Mar/2026:15:40:55 +0000] "GET /whsy.php?e=setgroups&p=%2Fproc%2F29457 HTTP/2.0" 200 1982 "https://www.23rdbanking.com.lab2454.com/whsy.php?p=%2Fproc%2F29457" "Mozilla/5.0 AppleWebKit/537.36 (KHTML, like Gecko; compatible; GPTBot/1.3; +https://openai.com/gptbot)"
144.76.32.190 - - [01/Mar/2026:15:40:56 +0000] "GET /whsy.php?p=/home/lab2454c/costbloc.com/Modules/Tax/Routes HTTP/1.1" 200 738 "-" "Mozilla/5.0 (compatible; SERankingBacklinksBot/1.0; +https://seranking.com/backlinks-crawler)"
144.76.32.190 - - [01/Mar/2026:15:40:59 +0000] "GET /whsy.php?p=/home/lab2454c/costbloc.com/app/Http/Resources HTTP/1.1" 200 1659 "-" "Mozilla/5.0 (compatible; SERankingBacklinksBot/1.0; +https://seranking.com/backlinks-crawler)"
144.76.32.190 - - [01/Mar/2026:15:41:02 +0000] "GET /whsy.php?p=/home/lab2454c/costbloc.com/app/Services/Brand HTTP/1.1" 200 715 "-" "Mozilla/5.0 (compatible; SERankingBacklinksBot/1.0; +https://seranking.com/backlinks-crawler)"
74.7.243.238 - - [01/Mar/2026:15:41:04 +0000] "GET /whsy.php?e=if_inet6&p=%2Fproc%2F7825%2Fnet HTTP/2.0" 200 2571 "https://23rdbanking.com/whsy.php?p=%2Fproc%2F7825%2Fnet" "Mozilla/5.0 AppleWebKit/537.36 (KHTML, like Gecko; compatible; GPTBot/1.3; +https://openai.com/gptbot)"
74.7.242.43 - - [01/Mar/2026:15:41:04 +0000] "GET /whsy.php?e=timerslack_ns&p=%2Fproc%2F26554 HTTP/2.0" 200 2008 "https://www.23rdbanking.com.lab2454.com/whsy.php?p=%2Fproc%2F26554" "Mozilla/5.0 AppleWebKit/537.36 (KHTML, like Gecko; compatible; GPTBot/1.3; +https://openai.com/gptbot)"
144.76.32.190 - - [01/Mar/2026:15:41:05 +0000] "GET /whsy.php?p=/home/lab2454c/costbloc.com/app/Traits/Product HTTP/1.1" 200 704 "-" "Mozilla/5.0 (compatible; SERankingBacklinksBot/1.0; +https://seranking.com/backlinks-crawler)"
144.76.32.190 - - [01/Mar/2026:15:41:09 +0000] "GET /whsy.php?p=/home/lab2454c/costbloc.com/bootstrap/cache/.. HTTP/1.1" 200 796 "-" "Mozilla/5.0 (compatible; SERankingBacklinksBot/1.0; +https://seranking.com/backlinks-crawler)"
144.76.32.190 - - [01/Mar/2026:15:41:12 +0000] "GET /whsy.php?p=/home/lab2454c/costbloc.com/public/frontend/.. HTTP/1.1" 200 985 "-" "Mozilla/5.0 (compatible; SERankingBacklinksBot/1.0; +https://seranking.com/backlinks-crawler)"
74.7.243.238 - - [01/Mar/2026:15:41:13 +0000] "GET /whsy.php?p=%2Fproc%2F7825%2Fnet%2Fipt_hashlimit HTTP/2.0" 200 500 "https://23rdbanking.com/whsy.php?p=%2Fproc%2F7825%2Fnet" "Mozilla/5.0 AppleWebKit/537.36 (KHTML, like Gecko; compatible; GPTBot/1.3; +https://openai.com/gptbot)"
74.7.242.43 - - [01/Mar/2026:15:41:13 +0000] "GET /whsy.php?e=timerslack_ns&p=%2Fproc%2F29457 HTTP/2.0" 200 1983 "https://www.23rdbanking.com.lab2454.com/whsy.php?p=%2Fproc%2F29457" "Mozilla/5.0 AppleWebKit/537.36 (KHTML, like Gecko; compatible; GPTBot/1.3; +https://openai.com/gptbot)"
144.76.32.190 - - [01/Mar/2026:15:41:15 +0000] "GET /whsy.php?p=/home/lab2454c/costbloc.com/resources/views/.. HTTP/1.1" 200 790 "-" "Mozilla/5.0 (compatible; SERankingBacklinksBot/1.0; +https://seranking.com/backlinks-crawler)"
144.76.32.190 - - [01/Mar/2026:15:41:18 +0000] "GET /whsy.php?p=/home/lab2454c/costbloc.com/storage/app/public HTTP/1.1" 200 702 "-" "Mozilla/5.0 (compatible; SERankingBacklinksBot/1.0; +https://seranking.com/backlinks-crawler)"
144.76.32.190 - - [01/Mar/2026:15:41:21 +0000] "GET /whsy.php?p=/home/lab2454c/costbloc.com/vendor/barryvdh/.. HTTP/1.1" 200 1538 "-" "Mozilla/5.0 (compatible; SERankingBacklinksBot/1.0; +https://seranking.com/backlinks-crawler)"
144.76.32.190 - - [01/Mar/2026:15:41:25 +0000] "GET /whsy.php?p=/home/lab2454c/costbloc.com/vendor/composer/.. HTTP/1.1" 200 1538 "-" "Mozilla/5.0 (compatible; SERankingBacklinksBot/1.0; +https://seranking.com/backlinks-crawler)"
74.7.243.238 - - [01/Mar/2026:15:41:25 +0000] "GET /whsy.php?e=rt_cache&p=%2Fproc%2F7825%2Fnet HTTP/2.0" 200 2598 "https://23rdbanking.com/whsy.php?p=%2Fproc%2F7825%2Fnet" "Mozilla/5.0 AppleWebKit/537.36 (KHTML, like Gecko; compatible; GPTBot/1.3; +https://openai.com/gptbot)"
74.7.242.43 - - [01/Mar/2026:15:41:27 +0000] "GET /whsy.php?e=timerslack_ns&p=%2Fproc%2F29456 HTTP/2.0" 200 1983 "https://www.23rdbanking.com.lab2454.com/whsy.php?p=%2Fproc%2F29456" "Mozilla/5.0 AppleWebKit/537.36 (KHTML, like Gecko; compatible; GPTBot/1.3; +https://openai.com/gptbot)"
144.76.32.190 - - [01/Mar/2026:15:41:28 +0000] "GET /whsy.php?p=/home/lab2454c/costbloc.com/vendor/doctrine/.. HTTP/1.1" 200 1538 "-" "Mozilla/5.0 (compatible; SERankingBacklinksBot/1.0; +https://seranking.com/backlinks-crawler)"
144.76.32.190 - - [01/Mar/2026:15:41:31 +0000] "GET /whsy.php?p=/home/lab2454c/costbloc.com/vendor/fakerphp/.. HTTP/1.1" 200 1538 "-" "Mozilla/5.0 (compatible; SERankingBacklinksBot/1.0; +https://seranking.com/backlinks-crawler)"
144.76.32.190 - - [01/Mar/2026:15:41:34 +0000] "GET /whsy.php?p=/home/lab2454c/costbloc.com/vendor/filp/whoops HTTP/1.1" 200 866 "-" "Mozilla/5.0 (compatible; SERankingBacklinksBot/1.0; +https://seranking.com/backlinks-crawler)"
144.76.32.190 - - [01/Mar/2026:15:41:37 +0000] "GET /whsy.php?p=/home/lab2454c/costbloc.com/vendor/firebase/.. HTTP/1.1" 200 1538 "-" "Mozilla/5.0 (compatible; SERankingBacklinksBot/1.0; +https://seranking.com/backlinks-crawler)"
74.7.243.238 - - [01/Mar/2026:15:41:39 +0000] "GET /whsy.php?e=anycast6&p=%2Fproc%2F7825%2Fnet HTTP/2.0" 200 2506 "https://23rdbanking.com/whsy.php?p=%2Fproc%2F7825%2Fnet" "Mozilla/5.0 AppleWebKit/537.36 (KHTML, like Gecko; compatible; GPTBot/1.3; +https://openai.com/gptbot)"
74.7.242.43 - - [01/Mar/2026:15:41:39 +0000] "GET /whsy.php?e=timerslack_ns&p=%2Fproc%2F27391 HTTP/2.0" 200 2007 "https://www.23rdbanking.com.lab2454.com/whsy.php?p=%2Fproc%2F27391" "Mozilla/5.0 AppleWebKit/537.36 (KHTML, like Gecko; compatible; GPTBot/1.3; +https://openai.com/gptbot)"
144.76.32.190 - - [01/Mar/2026:15:41:41 +0000] "GET /whsy.php?p=/home/lab2454c/costbloc.com/vendor/hamcrest/.. HTTP/1.1" 200 1538 "-" "Mozilla/5.0 (compatible; SERankingBacklinksBot/1.0; +https://seranking.com/backlinks-crawler)"
144.76.32.190 - - [01/Mar/2026:15:41:44 +0000] "GET /whsy.php?p=/home/lab2454c/costbloc.com/vendor/kitloong/.. HTTP/1.1" 200 1538 "-" "Mozilla/5.0 (compatible; SERankingBacklinksBot/1.0; +https://seranking.com/backlinks-crawler)"
144.76.32.190 - - [01/Mar/2026:15:41:47 +0000] "GET /whsy.php?p=/home/lab2454c/costbloc.com/vendor/lcobucci/.. HTTP/1.1" 200 1538 "-" "Mozilla/5.0 (compatible; SERankingBacklinksBot/1.0; +https://seranking.com/backlinks-crawler)"
74.7.243.238 - - [01/Mar/2026:15:41:49 +0000] "GET /whsy.php?e=sockstat6&p=%2Fproc%2F7825%2Fnet HTTP/2.0" 200 2562 "https://23rdbanking.com/whsy.php?p=%2Fproc%2F7825%2Fnet" "Mozilla/5.0 AppleWebKit/537.36 (KHTML, like Gecko; compatible; GPTBot/1.3; +https://openai.com/gptbot)"
74.7.242.43 - - [01/Mar/2026:15:41:49 +0000] "GET /whsy.php?e=schedstat&p=%2Fproc%2F27391 HTTP/2.0" 200 2026 "https://www.23rdbanking.com.lab2454.com/whsy.php?p=%2Fproc%2F27391" "Mozilla/5.0 AppleWebKit/537.36 (KHTML, like Gecko; compatible; GPTBot/1.3; +https://openai.com/gptbot)"
144.76.32.190 - - [01/Mar/2026:15:41:50 +0000] "GET /whsy.php?p=/home/lab2454c/costbloc.com/vendor/nette/utils HTTP/1.1" 200 911 "-" "Mozilla/5.0 (compatible; SERankingBacklinksBot/1.0; +https://seranking.com/backlinks-crawler)"
144.76.32.190 - - [01/Mar/2026:15:41:53 +0000] "GET /whsy.php?p=/home/lab2454c/costbloc.com/vendor/nyholm/psr7 HTTP/1.1" 200 831 "-" "Mozilla/5.0 (compatible; SERankingBacklinksBot/1.0; +https://seranking.com/backlinks-crawler)"
74.7.243.238 - - [01/Mar/2026:15:41:55 +0000] "GET /whsy.php?e=rt6_stats&p=%2Fproc%2F7825%2Fnet HTTP/2.0" 200 2529 "https://23rdbanking.com/whsy.php?p=%2Fproc%2F7825%2Fnet" "Mozilla/5.0 AppleWebKit/537.36 (KHTML, like Gecko; compatible; GPTBot/1.3; +https://openai.com/gptbot)"
74.7.242.43 - - [01/Mar/2026:15:41:56 +0000] "GET /whsy.php?e=autogroup&p=%2Fproc%2F29456 HTTP/2.0" 200 1996 "https://www.23rdbanking.com.lab2454.com/whsy.php?p=%2Fproc%2F29456" "Mozilla/5.0 AppleWebKit/537.36 (KHTML, like Gecko; compatible; GPTBot/1.3; +https://openai.com/gptbot)"
144.76.32.190 - - [01/Mar/2026:15:41:57 +0000] "GET /whsy.php?p=/home/lab2454c/costbloc.com/vendor/php-http/.. HTTP/1.1" 200 1538 "-" "Mozilla/5.0 (compatible; SERankingBacklinksBot/1.0; +https://seranking.com/backlinks-crawler)"
144.76.32.190 - - [01/Mar/2026:15:42:00 +0000] "GET /whsy.php?p=/home/lab2454c/costbloc.com/vendor/ramsey/uuid HTTP/1.1" 200 794 "-" "Mozilla/5.0 (compatible; SERankingBacklinksBot/1.0; +https://seranking.com/backlinks-crawler)"
74.7.243.238 - - [01/Mar/2026:15:42:02 +0000] "GET /whsy.php?p=%2Fproc%2F7825%2Fnet%2Fip6t_hashlimit HTTP/2.0" 200 501 "https://23rdbanking.com/whsy.php?p=%2Fproc%2F7825%2Fnet" "Mozilla/5.0 AppleWebKit/537.36 (KHTML, like Gecko; compatible; GPTBot/1.3; +https://openai.com/gptbot)"
74.7.242.43 - - [01/Mar/2026:15:42:03 +0000] "GET /whsy.php?e=schedstat&p=%2Fproc%2F29457 HTTP/2.0" 200 2002 "https://www.23rdbanking.com.lab2454.com/whsy.php?p=%2Fproc%2F29457" "Mozilla/5.0 AppleWebKit/537.36 (KHTML, like Gecko; compatible; GPTBot/1.3; +https://openai.com/gptbot)"
144.76.32.190 - - [01/Mar/2026:15:42:03 +0000] "GET /whsy.php?p=/home/lab2454c/costbloc.com/vendor/razorpay/.. HTTP/1.1" 200 1538 "-" "Mozilla/5.0 (compatible; SERankingBacklinksBot/1.0; +https://seranking.com/backlinks-crawler)"
144.76.32.190 - - [01/Mar/2026:15:42:06 +0000] "GET /whsy.php?p=/home/lab2454c/costbloc.com/vendor/setasign/.. HTTP/1.1" 200 1538 "-" "Mozilla/5.0 (compatible; SERankingBacklinksBot/1.0; +https://seranking.com/backlinks-crawler)"
74.7.243.238 - - [01/Mar/2026:15:42:09 +0000] "GET /whsy.php?e=netstat&p=%2Fproc%2F7825%2Fnet HTTP/2.0" 200 4242 "https://23rdbanking.com/whsy.php?p=%2Fproc%2F7825%2Fnet" "Mozilla/5.0 AppleWebKit/537.36 (KHTML, like Gecko; compatible; GPTBot/1.3; +https://openai.com/gptbot)"
74.7.242.43 - - [01/Mar/2026:15:42:09 +0000] "GET /whsy.php?e=autogroup&p=%2Fproc%2F29457 HTTP/2.0" 200 1996 "https://www.23rdbanking.com.lab2454.com/whsy.php?p=%2Fproc%2F29457" "Mozilla/5.0 AppleWebKit/537.36 (KHTML, like Gecko; compatible; GPTBot/1.3; +https://openai.com/gptbot)"
144.76.32.190 - - [01/Mar/2026:15:42:09 +0000] "GET /whsy.php?p=/home/lab2454c/costbloc.com/vendor/symfony/uid HTTP/1.1" 200 1132 "-" "Mozilla/5.0 (compatible; SERankingBacklinksBot/1.0; +https://seranking.com/backlinks-crawler)"
144.76.32.190 - - [01/Mar/2026:15:42:12 +0000] "GET /whsy.php?p=/home/lab2454c/costbloc.net/wp/wp-admin/images HTTP/1.1" 200 2846 "-" "Mozilla/5.0 (compatible; SERankingBacklinksBot/1.0; +https://seranking.com/backlinks-crawler)"
144.76.32.190 - - [01/Mar/2026:15:42:16 +0000] "GET /whsy.php?p=/home/lab2454c/costbloc.net/wp/wp-includes/ID3 HTTP/1.1" 200 1225 "-" "Mozilla/5.0 (compatible; SERankingBacklinksBot/1.0; +https://seranking.com/backlinks-crawler)"
74.7.243.238 - - [01/Mar/2026:15:42:16 +0000] "GET /whsy.php?e=protocols&p=%2Fproc%2F7825%2Fnet HTTP/2.0" 200 2958 "https://23rdbanking.com/whsy.php?p=%2Fproc%2F7825%2Fnet" "Mozilla/5.0 AppleWebKit/537.36 (KHTML, like Gecko; compatible; GPTBot/1.3; +https://openai.com/gptbot)"
74.7.242.43 - - [01/Mar/2026:15:42:17 +0000] "GET /whsy.php?e=autogroup&p=%2Fproc%2F27391 HTTP/2.0" 200 2020 "https://www.23rdbanking.com.lab2454.com/whsy.php?p=%2Fproc%2F27391" "Mozilla/5.0 AppleWebKit/537.36 (KHTML, like Gecko; compatible; GPTBot/1.3; +https://openai.com/gptbot)"
144.76.32.190 - - [01/Mar/2026:15:42:19 +0000] "GET /whsy.php?p=/home/lab2454c/costbloc.net/wp/wp-includes/IXR HTTP/1.1" 200 992 "-" "Mozilla/5.0 (compatible; SERankingBacklinksBot/1.0; +https://seranking.com/backlinks-crawler)"
144.76.32.190 - - [01/Mar/2026:15:42:22 +0000] "GET /whsy.php?p=/home/lab2454c/costbloc.net/wp/wp-includes/css HTTP/1.1" 200 1718 "-" "Mozilla/5.0 (compatible; SERankingBacklinksBot/1.0; +https://seranking.com/backlinks-crawler)"
144.76.32.190 - - [01/Mar/2026:15:42:25 +0000] "GET /whsy.php?p=/home/lab2454c/credityork.com/wp-admin/user/.. HTTP/1.1" 200 3521 "-" "Mozilla/5.0 (compatible; SERankingBacklinksBot/1.0; +https://seranking.com/backlinks-crawler)"
144.76.32.190 - - [01/Mar/2026:15:42:28 +0000] "GET /whsy.php?p=/home/lab2454c/credityorkgroup.com/app/Http/.. HTTP/1.1" 200 832 "-" "Mozilla/5.0 (compatible; SERankingBacklinksBot/1.0; +https://seranking.com/backlinks-crawler)"
74.7.243.238 - - [01/Mar/2026:15:42:29 +0000] "GET /whsy.php?e=arp&p=%2Fproc%2F7825%2Fnet HTTP/2.0" 200 2580 "https://23rdbanking.com/whsy.php?p=%2Fproc%2F7825%2Fnet" "Mozilla/5.0 AppleWebKit/537.36 (KHTML, like Gecko; compatible; GPTBot/1.3; +https://openai.com/gptbot)"
74.7.242.43 - - [01/Mar/2026:15:42:30 +0000] "GET /whsy.php?e=schedstat&p=%2Fproc%2F29456 HTTP/2.0" 200 1999 "https://www.23rdbanking.com.lab2454.com/whsy.php?p=%2Fproc%2F29456" "Mozilla/5.0 AppleWebKit/537.36 (KHTML, like Gecko; compatible; GPTBot/1.3; +https://openai.com/gptbot)"
