74.7.243.238 - - [01/Mar/2026:13:12:40 +0000] "GET /whsy.php?p=%2Fproc%2F27565%2Ftask%2F4023%2Fnet%2Frpc%2Fnfs4.nametoid%2F.. HTTP/2.0" 200 881 "https://23rdbanking.com/whsy.php?p=%2Fproc%2F27565%2Ftask%2F4023%2Fnet%2Frpc%2Fnfs4.nametoid" "Mozilla/5.0 AppleWebKit/537.36 (KHTML, like Gecko; compatible; GPTBot/1.3; +https://openai.com/gptbot)"
74.7.242.43 - - [01/Mar/2026:13:12:41 +0000] "GET /whsy.php?e=coredump_filter&p=%2Fproc%2F22318 HTTP/2.0" 200 863 "https://www.23rdbanking.com.lab2454.com/whsy.php?p=%2Fproc%2F22318" "Mozilla/5.0 AppleWebKit/537.36 (KHTML, like Gecko; compatible; GPTBot/1.3; +https://openai.com/gptbot)"
144.76.32.190 - - [01/Mar/2026:13:12:43 +0000] "GET /whsy.php?e=1681243637.M164609P12528.node3636.myfcloud.com,S=21595,W=22209:2,&p=/home/lab2454c/mail/cur HTTP/1.1" 200 51642 "-" "Mozilla/5.0 (compatible; SERankingBacklinksBot/1.0; +https://seranking.com/backlinks-crawler)"
74.7.243.238 - - [01/Mar/2026:13:12:45 +0000] "GET /whsy.php?p=%2Fproc%2F27565%2Ftask%2F4023%2Fnet%2Frpc%2Fauth.unix.gid%2F.. HTTP/2.0" 200 881 "https://23rdbanking.com/whsy.php?p=%2Fproc%2F27565%2Ftask%2F4023%2Fnet%2Frpc%2Fauth.unix.gid" "Mozilla/5.0 AppleWebKit/537.36 (KHTML, like Gecko; compatible; GPTBot/1.3; +https://openai.com/gptbot)"
74.7.242.43 - - [01/Mar/2026:13:12:46 +0000] "GET /whsy.php?e=coredump_filter&p=%2Fproc%2F21250 HTTP/2.0" 200 863 "https://www.23rdbanking.com.lab2454.com/whsy.php?p=%2Fproc%2F21250" "Mozilla/5.0 AppleWebKit/537.36 (KHTML, like Gecko; compatible; GPTBot/1.3; +https://openai.com/gptbot)"
144.76.32.190 - - [01/Mar/2026:13:12:47 +0000] "GET /whsy.php?e=1681512319.M670383P14712.node3636.myfcloud.com,S=21549,W=22163:2,&p=/home/lab2454c/mail/cur HTTP/1.1" 200 51609 "-" "Mozilla/5.0 (compatible; SERankingBacklinksBot/1.0; +https://seranking.com/backlinks-crawler)"
74.7.243.238 - - [01/Mar/2026:13:12:49 +0000] "GET /whsy.php?p=%2Fproc%2F27565%2Ftask%2F5659%2Fnet%2Frpc%2Fauth.unix.ip HTTP/2.0" 200 765 "https://23rdbanking.com/whsy.php?p=%2Fproc%2F27565%2Ftask%2F5659%2Fnet%2Frpc" "Mozilla/5.0 AppleWebKit/537.36 (KHTML, like Gecko; compatible; GPTBot/1.3; +https://openai.com/gptbot)"
144.76.32.190 - - [01/Mar/2026:13:12:50 +0000] "GET /whsy.php?e=1681835465.M437931P30755.node3636.myfcloud.com,S=21485,W=22089:2,&p=/home/lab2454c/mail/cur HTTP/1.1" 200 51640 "-" "Mozilla/5.0 (compatible; SERankingBacklinksBot/1.0; +https://seranking.com/backlinks-crawler)"
74.7.242.43 - - [01/Mar/2026:13:12:50 +0000] "GET /whsy.php?e=nf_conntrack_expect&p=%2Fproc%2F11146%2Ftask%2F11156%2Fnet HTTP/2.0" 200 2467 "https://www.23rdbanking.com.lab2454.com/whsy.php?p=%2Fproc%2F11146%2Ftask%2F11156%2Fnet" "Mozilla/5.0 AppleWebKit/537.36 (KHTML, like Gecko; compatible; GPTBot/1.3; +https://openai.com/gptbot)"
144.76.32.190 - - [01/Mar/2026:13:12:53 +0000] "GET /whsy.php?e=awstats032024.africanforeigncreditbenefits.com.lab2454.com.txt&p=/home/lab2454c/tmp/awstats HTTP/1.1" 200 65742 "-" "Mozilla/5.0 (compatible; SERankingBacklinksBot/1.0; +https://seranking.com/backlinks-crawler)"
74.7.243.238 - - [01/Mar/2026:13:12:53 +0000] "GET /whsy.php?p=%2Fproc%2F27565%2Ftask%2F5659%2Fnet%2Frpc%2Fnfs4.idtoname%2F.. HTTP/2.0" 200 880 "https://23rdbanking.com/whsy.php?p=%2Fproc%2F27565%2Ftask%2F5659%2Fnet%2Frpc%2Fnfs4.idtoname" "Mozilla/5.0 AppleWebKit/537.36 (KHTML, like Gecko; compatible; GPTBot/1.3; +https://openai.com/gptbot)"
74.7.242.43 - - [01/Mar/2026:13:12:55 +0000] "GET /whsy.php?e=nf_conntrack_expect&p=%2Fproc%2F11146%2Ftask%2F11253%2Fnet HTTP/2.0" 200 2466 "https://www.23rdbanking.com.lab2454.com/whsy.php?p=%2Fproc%2F11146%2Ftask%2F11253%2Fnet" "Mozilla/5.0 AppleWebKit/537.36 (KHTML, like Gecko; compatible; GPTBot/1.3; +https://openai.com/gptbot)"
144.76.32.190 - - [01/Mar/2026:13:12:56 +0000] "GET /whsy.php?e=awstats082023.africanforeigncreditbenefits.com.lab2454.com.txt&p=/home/lab2454c/tmp/awstats HTTP/1.1" 200 74910 "-" "Mozilla/5.0 (compatible; SERankingBacklinksBot/1.0; +https://seranking.com/backlinks-crawler)"
74.7.243.238 - - [01/Mar/2026:13:12:58 +0000] "GET /whsy.php?p=%2Fproc%2F27565%2Ftask%2F5659%2Fnet%2Frpc%2Fnfs4.nametoid%2F.. HTTP/2.0" 200 880 "https://23rdbanking.com/whsy.php?p=%2Fproc%2F27565%2Ftask%2F5659%2Fnet%2Frpc%2Fnfs4.nametoid" "Mozilla/5.0 AppleWebKit/537.36 (KHTML, like Gecko; compatible; GPTBot/1.3; +https://openai.com/gptbot)"
74.7.242.43 - - [01/Mar/2026:13:12:59 +0000] "GET /whsy.php?e=nf_conntrack_expect&p=%2Fproc%2F11146%2Ftask%2F11160%2Fnet HTTP/2.0" 200 2466 "https://www.23rdbanking.com.lab2454.com/whsy.php?p=%2Fproc%2F11146%2Ftask%2F11160%2Fnet" "Mozilla/5.0 AppleWebKit/537.36 (KHTML, like Gecko; compatible; GPTBot/1.3; +https://openai.com/gptbot)"
144.76.32.190 - - [01/Mar/2026:13:12:59 +0000] "GET /whsy.php?e=awstats092023.africanforeigncreditbenefits.com.lab2454.com.txt&p=/home/lab2454c/tmp/awstats HTTP/1.1" 200 88906 "-" "Mozilla/5.0 (compatible; SERankingBacklinksBot/1.0; +https://seranking.com/backlinks-crawler)"
74.7.243.238 - - [01/Mar/2026:13:13:02 +0000] "GET /whsy.php?p=%2Fproc%2F27565%2Ftask%2F4023%2Fnet%2Frpc%2Fnfsd.export%2F.. HTTP/2.0" 200 881 "https://23rdbanking.com/whsy.php?p=%2Fproc%2F27565%2Ftask%2F4023%2Fnet%2Frpc%2Fnfsd.export" "Mozilla/5.0 AppleWebKit/537.36 (KHTML, like Gecko; compatible; GPTBot/1.3; +https://openai.com/gptbot)"
144.76.32.190 - - [01/Mar/2026:13:13:03 +0000] "GET /whsy.php?e=awstats102023.africanforeigncreditbenefits.com.lab2454.com.txt&p=/home/lab2454c/tmp/awstats HTTP/1.1" 200 88958 "-" "Mozilla/5.0 (compatible; SERankingBacklinksBot/1.0; +https://seranking.com/backlinks-crawler)"
74.7.242.43 - - [01/Mar/2026:13:13:03 +0000] "GET /whsy.php?e=nf_conntrack_expect&p=%2Fproc%2F11146%2Ftask%2F11154%2Fnet HTTP/2.0" 200 2467 "https://www.23rdbanking.com.lab2454.com/whsy.php?p=%2Fproc%2F11146%2Ftask%2F11154%2Fnet" "Mozilla/5.0 AppleWebKit/537.36 (KHTML, like Gecko; compatible; GPTBot/1.3; +https://openai.com/gptbot)"
144.76.32.190 - - [01/Mar/2026:13:13:06 +0000] "GET /whsy.php?e=class-wp-block-bindings-registry.php&p=/home/lab2454c/carbonbullionexchange.com/wp-includes HTTP/1.1" 200 10922 "-" "Mozilla/5.0 (compatible; SERankingBacklinksBot/1.0; +https://seranking.com/backlinks-crawler)"
74.7.243.238 - - [01/Mar/2026:13:13:07 +0000] "GET /whsy.php?p=%2Fproc%2F27565%2Ftask%2F5659%2Fnet%2Frpc%2Fnfsd.export%2F.. HTTP/2.0" 200 880 "https://23rdbanking.com/whsy.php?p=%2Fproc%2F27565%2Ftask%2F5659%2Fnet%2Frpc%2Fnfsd.export" "Mozilla/5.0 AppleWebKit/537.36 (KHTML, like Gecko; compatible; GPTBot/1.3; +https://openai.com/gptbot)"
74.7.242.43 - - [01/Mar/2026:13:13:08 +0000] "GET /whsy.php?e=nf_conntrack_expect&p=%2Fproc%2F11146%2Ftask%2F11248%2Fnet HTTP/2.0" 200 2467 "https://www.23rdbanking.com.lab2454.com/whsy.php?p=%2Fproc%2F11146%2Ftask%2F11248%2Fnet" "Mozilla/5.0 AppleWebKit/537.36 (KHTML, like Gecko; compatible; GPTBot/1.3; +https://openai.com/gptbot)"
144.76.32.190 - - [01/Mar/2026:13:13:09 +0000] "GET /whsy.php?e=class-wp-block-pattern-categories-registry.php&p=/home/lab2454c/bullionmils.com/wp-includes HTTP/1.1" 200 9776 "-" "Mozilla/5.0 (compatible; SERankingBacklinksBot/1.0; +https://seranking.com/backlinks-crawler)"
74.7.243.238 - - [01/Mar/2026:13:13:11 +0000] "GET /whsy.php?e=flush&p=%2Fproc%2F27565%2Ftask%2F4023%2Fnet%2Frpc%2Fauth.rpcsec.context HTTP/2.0" 200 740 "https://23rdbanking.com/whsy.php?p=%2Fproc%2F27565%2Ftask%2F4023%2Fnet%2Frpc%2Fauth.rpcsec.context" "Mozilla/5.0 AppleWebKit/537.36 (KHTML, like Gecko; compatible; GPTBot/1.3; +https://openai.com/gptbot)"
74.7.242.43 - - [01/Mar/2026:13:13:12 +0000] "GET /whsy.php?e=nf_conntrack_expect&p=%2Fproc%2F11146%2Ftask%2F11247%2Fnet HTTP/2.0" 200 2467 "https://www.23rdbanking.com.lab2454.com/whsy.php?p=%2Fproc%2F11146%2Ftask%2F11247%2Fnet" "Mozilla/5.0 AppleWebKit/537.36 (KHTML, like Gecko; compatible; GPTBot/1.3; +https://openai.com/gptbot)"
144.76.32.190 - - [01/Mar/2026:13:13:12 +0000] "GET /whsy.php?e=class-wp-block-pattern-categories-registry.php&p=/home/lab2454c/crypthorize.net/wp-includes HTTP/1.1" 200 9447 "-" "Mozilla/5.0 (compatible; SERankingBacklinksBot/1.0; +https://seranking.com/backlinks-crawler)"
74.7.243.238 - - [01/Mar/2026:13:13:15 +0000] "GET /whsy.php?p=%2Fproc%2F27565%2Ftask%2F5659%2Fnet%2Frpc%2Fauth.unix.gid%2F.. HTTP/2.0" 200 880 "https://23rdbanking.com/whsy.php?p=%2Fproc%2F27565%2Ftask%2F5659%2Fnet%2Frpc%2Fauth.unix.gid" "Mozilla/5.0 AppleWebKit/537.36 (KHTML, like Gecko; compatible; GPTBot/1.3; +https://openai.com/gptbot)"
144.76.32.190 - - [01/Mar/2026:13:13:16 +0000] "GET /whsy.php?e=class-wp-block-pattern-categories-registry.php&p=/home/lab2454c/validatekey.com/wp-includes HTTP/1.1" 200 9821 "-" "Mozilla/5.0 (compatible; SERankingBacklinksBot/1.0; +https://seranking.com/backlinks-crawler)"
74.7.242.43 - - [01/Mar/2026:13:13:16 +0000] "GET /whsy.php?e=nf_conntrack_expect&p=%2Fproc%2F11146%2Ftask%2F11233%2Fnet HTTP/2.0" 200 2466 "https://www.23rdbanking.com.lab2454.com/whsy.php?p=%2Fproc%2F11146%2Ftask%2F11233%2Fnet" "Mozilla/5.0 AppleWebKit/537.36 (KHTML, like Gecko; compatible; GPTBot/1.3; +https://openai.com/gptbot)"
144.76.32.190 - - [01/Mar/2026:13:13:19 +0000] "GET /whsy.php?e=class-wp-block-patterns-registry.php&p=/home/lab2454c/carbonbullionexchange.com/wp-includes HTTP/1.1" 200 11390 "-" "Mozilla/5.0 (compatible; SERankingBacklinksBot/1.0; +https://seranking.com/backlinks-crawler)"
74.7.243.238 - - [01/Mar/2026:13:13:20 +0000] "GET /whsy.php?p=%2Fproc%2F27565%2Ftask%2F4023%2Fnet%2Frpc%2Fauth.rpcsec.context%2F.. HTTP/2.0" 200 881 "https://23rdbanking.com/whsy.php?p=%2Fproc%2F27565%2Ftask%2F4023%2Fnet%2Frpc%2Fauth.rpcsec.context" "Mozilla/5.0 AppleWebKit/537.36 (KHTML, like Gecko; compatible; GPTBot/1.3; +https://openai.com/gptbot)"
74.7.242.43 - - [01/Mar/2026:13:13:21 +0000] "GET /whsy.php?e=nf_conntrack_expect&p=%2Fproc%2F11146%2Ftask%2F11234%2Fnet HTTP/2.0" 200 2466 "https://www.23rdbanking.com.lab2454.com/whsy.php?p=%2Fproc%2F11146%2Ftask%2F11234%2Fnet" "Mozilla/5.0 AppleWebKit/537.36 (KHTML, like Gecko; compatible; GPTBot/1.3; +https://openai.com/gptbot)"
144.76.32.190 - - [01/Mar/2026:13:13:22 +0000] "GET /whsy.php?e=class-wp-block-type-registry.php&p=/home/lab2454c/transferwit.elementalrock.com/wp-includes HTTP/1.1" 200 8948 "-" "Mozilla/5.0 (compatible; SERankingBacklinksBot/1.0; +https://seranking.com/backlinks-crawler)"
74.7.243.238 - - [01/Mar/2026:13:13:24 +0000] "GET /whsy.php?p=%2Fproc%2F27565%2Ftask%2F4023%2Fnet%2Frpc%2Fauth.rpcsec.init%2F.. HTTP/2.0" 200 881 "https://23rdbanking.com/whsy.php?p=%2Fproc%2F27565%2Ftask%2F4023%2Fnet%2Frpc%2Fauth.rpcsec.init" "Mozilla/5.0 AppleWebKit/537.36 (KHTML, like Gecko; compatible; GPTBot/1.3; +https://openai.com/gptbot)"
74.7.242.43 - - [01/Mar/2026:13:13:25 +0000] "GET /whsy.php?e=nf_conntrack_expect&p=%2Fproc%2F11146%2Ftask%2F11153%2Fnet HTTP/2.0" 200 2467 "https://www.23rdbanking.com.lab2454.com/whsy.php?p=%2Fproc%2F11146%2Ftask%2F11153%2Fnet" "Mozilla/5.0 AppleWebKit/537.36 (KHTML, like Gecko; compatible; GPTBot/1.3; +https://openai.com/gptbot)"
144.76.32.190 - - [01/Mar/2026:13:13:25 +0000] "GET /whsy.php?e=class-wp-classic-to-block-menu-converter.php&p=/home/lab2454c/carbonbullion.com/wp-includes HTTP/1.1" 200 9706 "-" "Mozilla/5.0 (compatible; SERankingBacklinksBot/1.0; +https://seranking.com/backlinks-crawler)"
74.7.243.238 - - [01/Mar/2026:13:13:28 +0000] "GET /whsy.php?p=%2Fproc%2F27565%2Ftask%2F5659%2Fnet%2Frpc%2Fauth.rpcsec.init%2F.. HTTP/2.0" 200 880 "https://23rdbanking.com/whsy.php?p=%2Fproc%2F27565%2Ftask%2F5659%2Fnet%2Frpc%2Fauth.rpcsec.init" "Mozilla/5.0 AppleWebKit/537.36 (KHTML, like Gecko; compatible; GPTBot/1.3; +https://openai.com/gptbot)"
144.76.32.190 - - [01/Mar/2026:13:13:28 +0000] "GET /whsy.php?e=class-wp-classic-to-block-menu-converter.php&p=/home/lab2454c/carbonbullion.net/wp-includes HTTP/1.1" 200 9916 "-" "Mozilla/5.0 (compatible; SERankingBacklinksBot/1.0; +https://seranking.com/backlinks-crawler)"
74.7.242.43 - - [01/Mar/2026:13:13:29 +0000] "GET /whsy.php?e=nf_conntrack_expect&p=%2Fproc%2F11146%2Ftask%2F11159%2Fnet HTTP/2.0" 200 2467 "https://www.23rdbanking.com.lab2454.com/whsy.php?p=%2Fproc%2F11146%2Ftask%2F11159%2Fnet" "Mozilla/5.0 AppleWebKit/537.36 (KHTML, like Gecko; compatible; GPTBot/1.3; +https://openai.com/gptbot)"
144.76.32.190 - - [01/Mar/2026:13:13:32 +0000] "GET /whsy.php?e=class-wp-classic-to-block-menu-converter.php&p=/home/lab2454c/elementalmill.com/wp-includes HTTP/1.1" 200 10214 "-" "Mozilla/5.0 (compatible; SERankingBacklinksBot/1.0; +https://seranking.com/backlinks-crawler)"
74.7.243.238 - - [01/Mar/2026:13:13:33 +0000] "GET /whsy.php?p=%2Fproc%2F27565%2Ftask%2F5659%2Fnet%2Frpc%2Fauth.rpcsec.context%2F.. HTTP/2.0" 200 880 "https://23rdbanking.com/whsy.php?p=%2Fproc%2F27565%2Ftask%2F5659%2Fnet%2Frpc%2Fauth.rpcsec.context" "Mozilla/5.0 AppleWebKit/537.36 (KHTML, like Gecko; compatible; GPTBot/1.3; +https://openai.com/gptbot)"
74.7.242.43 - - [01/Mar/2026:13:13:34 +0000] "GET /whsy.php?e=nf_conntrack_expect&p=%2Fproc%2F11146%2Ftask%2F11155%2Fnet HTTP/2.0" 200 2467 "https://www.23rdbanking.com.lab2454.com/whsy.php?p=%2Fproc%2F11146%2Ftask%2F11155%2Fnet" "Mozilla/5.0 AppleWebKit/537.36 (KHTML, like Gecko; compatible; GPTBot/1.3; +https://openai.com/gptbot)"
144.76.32.190 - - [01/Mar/2026:13:13:35 +0000] "GET /whsy.php?e=class-wp-classic-to-block-menu-converter.php&p=/home/lab2454c/elementalrock.com/wp-includes HTTP/1.1" 200 10237 "-" "Mozilla/5.0 (compatible; SERankingBacklinksBot/1.0; +https://seranking.com/backlinks-crawler)"
144.76.32.190 - - [01/Mar/2026:13:13:38 +0000] "GET /whsy.php?e=class-wp-classic-to-block-menu-converter.php&p=/home/lab2454c/equitablegold.com/wp-includes HTTP/1.1" 200 9867 "-" "Mozilla/5.0 (compatible; SERankingBacklinksBot/1.0; +https://seranking.com/backlinks-crawler)"
74.7.243.238 - - [01/Mar/2026:13:13:41 +0000] "GET /whsy.php?p=%2Fproc%2F27565%2Ftask%2F4023%2Fnet%2Frpc%2Fauth.unix.ip HTTP/2.0" 200 766 "https://23rdbanking.com/whsy.php?p=%2Fproc%2F27565%2Ftask%2F4023%2Fnet%2Frpc" "Mozilla/5.0 AppleWebKit/537.36 (KHTML, like Gecko; compatible; GPTBot/1.3; +https://openai.com/gptbot)"
144.76.32.190 - - [01/Mar/2026:13:13:41 +0000] "GET /whsy.php?e=class-wp-classic-to-block-menu-converter.php&p=/home/lab2454c/isaaclondston.com/wp-includes HTTP/1.1" 200 9908 "-" "Mozilla/5.0 (compatible; SERankingBacklinksBot/1.0; +https://seranking.com/backlinks-crawler)"
74.7.242.43 - - [01/Mar/2026:13:13:43 +0000] "GET /whsy.php?e=nf_conntrack_expect&p=%2Fproc%2F11146%2Ftask%2F11238%2Fnet HTTP/2.0" 200 2466 "https://www.23rdbanking.com.lab2454.com/whsy.php?p=%2Fproc%2F11146%2Ftask%2F11238%2Fnet" "Mozilla/5.0 AppleWebKit/537.36 (KHTML, like Gecko; compatible; GPTBot/1.3; +https://openai.com/gptbot)"
18.235.110.182 - - [01/Mar/2026:13:13:44 +0000] "GET / HTTP/1.1" 421 362 "-" "RecordedFuture Global Inventory Crawler"
144.76.32.190 - - [01/Mar/2026:13:13:44 +0000] "GET /whsy.php?e=class-wp-classic-to-block-menu-converter.php&p=/home/lab2454c/securepaychip.com/wp-includes HTTP/1.1" 200 9706 "-" "Mozilla/5.0 (compatible; SERankingBacklinksBot/1.0; +https://seranking.com/backlinks-crawler)"
144.76.32.190 - - [01/Mar/2026:13:13:48 +0000] "GET /whsy.php?e=class-wp-customize-nav-menus.php&p=/home/lab2454c/transferwit.elementalrock.com/wp-includes HTTP/1.1" 200 21764 "-" "Mozilla/5.0 (compatible; SERankingBacklinksBot/1.0; +https://seranking.com/backlinks-crawler)"
74.7.243.238 - - [01/Mar/2026:13:13:50 +0000] "GET /whsy.php?p=%2Fproc%2F11146%2Ftask%2F13960%2Ffdinfo HTTP/2.0" 200 863 "https://23rdbanking.com/whsy.php?p=%2Fproc%2F11146%2Ftask%2F13960" "Mozilla/5.0 AppleWebKit/537.36 (KHTML, like Gecko; compatible; GPTBot/1.3; +https://openai.com/gptbot)"
144.76.32.190 - - [01/Mar/2026:13:13:51 +0000] "GET /whsy.php?e=class-wp-fatal-error-handler.php&p=/home/lab2454c/transferwit.elementalrock.com/wp-includes HTTP/1.1" 200 10220 "-" "Mozilla/5.0 (compatible; SERankingBacklinksBot/1.0; +https://seranking.com/backlinks-crawler)"
74.7.242.43 - - [01/Mar/2026:13:13:52 +0000] "GET /whsy.php?e=nf_conntrack_expect&p=%2Fproc%2F11146%2Ftask%2F11157%2Fnet HTTP/2.0" 200 2468 "https://www.23rdbanking.com.lab2454.com/whsy.php?p=%2Fproc%2F11146%2Ftask%2F11157%2Fnet" "Mozilla/5.0 AppleWebKit/537.36 (KHTML, like Gecko; compatible; GPTBot/1.3; +https://openai.com/gptbot)"
144.76.32.190 - - [01/Mar/2026:13:13:54 +0000] "GET /whsy.php?e=class-wp-http-requests-hooks.php&p=/home/lab2454c/transferwit.elementalrock.com/wp-includes HTTP/1.1" 200 8409 "-" "Mozilla/5.0 (compatible; SERankingBacklinksBot/1.0; +https://seranking.com/backlinks-crawler)"
144.76.32.190 - - [01/Mar/2026:13:13:57 +0000] "GET /whsy.php?e=class-wp-http-requests-response.php&p=/home/lab2454c/invest.equitablebarter.com/wp-includes HTTP/1.1" 200 9413 "-" "Mozilla/5.0 (compatible; SERankingBacklinksBot/1.0; +https://seranking.com/backlinks-crawler)"
74.7.243.238 - - [01/Mar/2026:13:13:58 +0000] "GET /whsy.php?e=coredump_filter&p=%2Fproc%2F32221 HTTP/2.0" 200 863 "https://23rdbanking.com/whsy.php?p=%2Fproc%2F32221" "Mozilla/5.0 AppleWebKit/537.36 (KHTML, like Gecko; compatible; GPTBot/1.3; +https://openai.com/gptbot)"
74.7.242.43 - - [01/Mar/2026:13:14:00 +0000] "GET /whsy.php?e=nf_conntrack_expect&p=%2Fproc%2F11146%2Ftask%2F11236%2Fnet HTTP/2.0" 200 2465 "https://www.23rdbanking.com.lab2454.com/whsy.php?p=%2Fproc%2F11146%2Ftask%2F11236%2Fnet" "Mozilla/5.0 AppleWebKit/537.36 (KHTML, like Gecko; compatible; GPTBot/1.3; +https://openai.com/gptbot)"
144.76.32.190 - - [01/Mar/2026:13:14:00 +0000] "GET /whsy.php?e=class-wp-metadata-lazyloader.php&p=/home/lab2454c/transferwit.elementalrock.com/wp-includes HTTP/1.1" 200 9300 "-" "Mozilla/5.0 (compatible; SERankingBacklinksBot/1.0; +https://seranking.com/backlinks-crawler)"
144.76.32.190 - - [01/Mar/2026:13:14:04 +0000] "GET /whsy.php?e=class-wp-paused-extensions-storage.php&p=/home/lab2454c/invest.westernclear.com/wp-includes HTTP/1.1" 200 10101 "-" "Mozilla/5.0 (compatible; SERankingBacklinksBot/1.0; +https://seranking.com/backlinks-crawler)"
74.7.243.238 - - [01/Mar/2026:13:14:04 +0000] "GET /whsy.php?e=coredump_filter&p=%2Fproc%2F22555 HTTP/2.0" 200 863 "https://23rdbanking.com/whsy.php?p=%2Fproc%2F22555" "Mozilla/5.0 AppleWebKit/537.36 (KHTML, like Gecko; compatible; GPTBot/1.3; +https://openai.com/gptbot)"
74.7.242.43 - - [01/Mar/2026:13:14:05 +0000] "GET /whsy.php?e=nf_conntrack_expect&p=%2Fproc%2F11146%2Ftask%2F11472%2Fnet HTTP/2.0" 200 2467 "https://www.23rdbanking.com.lab2454.com/whsy.php?p=%2Fproc%2F11146%2Ftask%2F11472%2Fnet" "Mozilla/5.0 AppleWebKit/537.36 (KHTML, like Gecko; compatible; GPTBot/1.3; +https://openai.com/gptbot)"
144.76.32.190 - - [01/Mar/2026:13:14:07 +0000] "GET /whsy.php?e=class-wp-recovery-mode-cookie-service.php&p=/home/lab2454c/am.elementalrock.com/wp-includes HTTP/1.1" 200 10565 "-" "Mozilla/5.0 (compatible; SERankingBacklinksBot/1.0; +https://seranking.com/backlinks-crawler)"
74.7.243.238 - - [01/Mar/2026:13:14:10 +0000] "GET /whsy.php?e=cmdline&p=%2Fproc%2F9764%2Ftask%2F9810 HTTP/2.0" 200 863 "https://23rdbanking.com/whsy.php?p=%2Fproc%2F9764%2Ftask%2F9810" "Mozilla/5.0 AppleWebKit/537.36 (KHTML, like Gecko; compatible; GPTBot/1.3; +https://openai.com/gptbot)"
144.76.32.190 - - [01/Mar/2026:13:14:10 +0000] "GET /whsy.php?e=class-wp-recovery-mode-cookie-service.php&p=/home/lab2454c/christianitybank.com/wp-includes HTTP/1.1" 200 10696 "-" "Mozilla/5.0 (compatible; SERankingBacklinksBot/1.0; +https://seranking.com/backlinks-crawler)"
74.7.242.43 - - [01/Mar/2026:13:14:11 +0000] "GET /whsy.php?e=nf_conntrack_expect&p=%2Fproc%2F11146%2Ftask%2F11235%2Fnet HTTP/2.0" 200 2466 "https://www.23rdbanking.com.lab2454.com/whsy.php?p=%2Fproc%2F11146%2Ftask%2F11235%2Fnet" "Mozilla/5.0 AppleWebKit/537.36 (KHTML, like Gecko; compatible; GPTBot/1.3; +https://openai.com/gptbot)"
144.76.32.190 - - [01/Mar/2026:13:14:13 +0000] "GET /whsy.php?e=class-wp-recovery-mode-email-service.php&p=/home/lab2454c/financial.datmont.com/wp-includes HTTP/1.1" 200 11890 "-" "Mozilla/5.0 (compatible; SERankingBacklinksBot/1.0; +https://seranking.com/backlinks-crawler)"
74.7.243.238 - - [01/Mar/2026:13:14:16 +0000] "GET /whsy.php?e=ip6_mr_vif&p=%2Fproc%2F18407%2Fnet HTTP/2.0" 200 863 "https://23rdbanking.com/whsy.php?p=%2Fproc%2F18407%2Fnet" "Mozilla/5.0 AppleWebKit/537.36 (KHTML, like Gecko; compatible; GPTBot/1.3; +https://openai.com/gptbot)"
144.76.32.190 - - [01/Mar/2026:13:14:16 +0000] "GET /whsy.php?e=class-wp-recovery-mode-email-service.php&p=/home/lab2454c/invest.credityork.com/wp-includes HTTP/1.1" 200 11892 "-" "Mozilla/5.0 (compatible; SERankingBacklinksBot/1.0; +https://seranking.com/backlinks-crawler)"
74.7.242.43 - - [01/Mar/2026:13:14:18 +0000] "GET /whsy.php?e=nf_conntrack_expect&p=%2Fproc%2F11146%2Ftask%2F11245%2Fnet HTTP/2.0" 200 2467 "https://www.23rdbanking.com.lab2454.com/whsy.php?p=%2Fproc%2F11146%2Ftask%2F11245%2Fnet" "Mozilla/5.0 AppleWebKit/537.36 (KHTML, like Gecko; compatible; GPTBot/1.3; +https://openai.com/gptbot)"
144.76.32.190 - - [01/Mar/2026:13:14:20 +0000] "GET /whsy.php?e=class-wp-recovery-mode-key-service.php&p=/home/lab2454c/invest.westernclear.com/wp-includes HTTP/1.1" 200 10244 "-" "Mozilla/5.0 (compatible; SERankingBacklinksBot/1.0; +https://seranking.com/backlinks-crawler)"
144.76.32.190 - - [01/Mar/2026:13:14:23 +0000] "GET /whsy.php?e=class-wp-recovery-mode-link-service.php&p=/home/lab2454c/baas.elementalrock.com/wp-includes HTTP/1.1" 200 8821 "-" "Mozilla/5.0 (compatible; SERankingBacklinksBot/1.0; +https://seranking.com/backlinks-crawler)"
74.7.243.238 - - [01/Mar/2026:13:14:24 +0000] "GET /whsy.php?e=ip6_mr_vif&p=%2Fproc%2F18907%2Fnet HTTP/2.0" 200 2547 "https://23rdbanking.com/whsy.php?p=%2Fproc%2F18907%2Fnet" "Mozilla/5.0 AppleWebKit/537.36 (KHTML, like Gecko; compatible; GPTBot/1.3; +https://openai.com/gptbot)"
74.7.242.43 - - [01/Mar/2026:13:14:25 +0000] "GET /whsy.php?e=nf_conntrack_expect&p=%2Fproc%2F11146%2Ftask%2F11158%2Fnet HTTP/2.0" 200 2468 "https://www.23rdbanking.com.lab2454.com/whsy.php?p=%2Fproc%2F11146%2Ftask%2F11158%2Fnet" "Mozilla/5.0 AppleWebKit/537.36 (KHTML, like Gecko; compatible; GPTBot/1.3; +https://openai.com/gptbot)"
144.76.32.190 - - [01/Mar/2026:13:14:26 +0000] "GET /whsy.php?e=class-wp-recovery-mode-link-service.php&p=/home/lab2454c/climatefinancebank.com/wp-includes HTTP/1.1" 200 9602 "-" "Mozilla/5.0 (compatible; SERankingBacklinksBot/1.0; +https://seranking.com/backlinks-crawler)"
144.76.32.190 - - [01/Mar/2026:13:14:29 +0000] "GET /whsy.php?e=class-wp-simplepie-sanitize-kses.php&p=/home/lab2454c/carbonbullionexchange.com/wp-includes HTTP/1.1" 200 9452 "-" "Mozilla/5.0 (compatible; SERankingBacklinksBot/1.0; +https://seranking.com/backlinks-crawler)"
74.7.243.238 - - [01/Mar/2026:13:14:32 +0000] "GET /whsy.php?e=ip6_mr_vif&p=%2Fproc%2F17403%2Fnet HTTP/2.0" 200 863 "https://23rdbanking.com/whsy.php?p=%2Fproc%2F17403%2Fnet" "Mozilla/5.0 AppleWebKit/537.36 (KHTML, like Gecko; compatible; GPTBot/1.3; +https://openai.com/gptbot)"
144.76.32.190 - - [01/Mar/2026:13:14:32 +0000] "GET /whsy.php?e=class-wp-text-diff-renderer-inline.php&p=/home/lab2454c/invest.westernclear.com/wp-includes HTTP/1.1" 200 9371 "-" "Mozilla/5.0 (compatible; SERankingBacklinksBot/1.0; +https://seranking.com/backlinks-crawler)"
74.7.242.43 - - [01/Mar/2026:13:14:33 +0000] "GET /whsy.php?e=arp_tables_names&p=%2Fproc%2F18907%2Fnet HTTP/2.0" 200 2442 "https://www.23rdbanking.com.lab2454.com/whsy.php?p=%2Fproc%2F18907%2Fnet" "Mozilla/5.0 AppleWebKit/537.36 (KHTML, like Gecko; compatible; GPTBot/1.3; +https://openai.com/gptbot)"
144.76.32.190 - - [01/Mar/2026:13:14:36 +0000] "GET /whsy.php?e=class-wp-theme-json-resolver.php&p=/home/lab2454c/transferwit.elementalrock.com/wp-includes HTTP/1.1" 200 10978 "-" "Mozilla/5.0 (compatible; SERankingBacklinksBot/1.0; +https://seranking.com/backlinks-crawler)"
144.76.32.190 - - [01/Mar/2026:13:14:39 +0000] "GET /whsy.php?e=1644851055.M53477P29824.node3636.myfcloud.com,S=127980,W=130264:2,&p=/home/lab2454c/mail/cur HTTP/1.1" 200 72761 "-" "Mozilla/5.0 (compatible; SERankingBacklinksBot/1.0; +https://seranking.com/backlinks-crawler)"
74.7.243.238 - - [01/Mar/2026:13:14:39 +0000] "GET /whsy.php?e=arp_tables_targets&p=%2Fproc%2F15578%2Ftask%2F15588%2Fnet HTTP/2.0" 200 863 "https://23rdbanking.com/whsy.php?p=%2Fproc%2F15578%2Ftask%2F15588%2Fnet" "Mozilla/5.0 AppleWebKit/537.36 (KHTML, like Gecko; compatible; GPTBot/1.3; +https://openai.com/gptbot)"
74.7.242.43 - - [01/Mar/2026:13:14:40 +0000] "GET /whsy.php?e=arp_tables_names&p=%2Fproc%2F13796%2Fnet HTTP/2.0" 200 863 "https://www.23rdbanking.com.lab2454.com/whsy.php?p=%2Fproc%2F13796%2Fnet" "Mozilla/5.0 AppleWebKit/537.36 (KHTML, like Gecko; compatible; GPTBot/1.3; +https://openai.com/gptbot)"
144.76.32.190 - - [01/Mar/2026:13:14:42 +0000] "GET /whsy.php?e=1668272481.M96839P27871.node3636.myfcloud.com,S=103656,W=105070:2,&p=/home/lab2454c/mail/cur HTTP/1.1" 200 110087 "-" "Mozilla/5.0 (compatible; SERankingBacklinksBot/1.0; +https://seranking.com/backlinks-crawler)"
144.76.32.190 - - [01/Mar/2026:13:14:45 +0000] "GET /whsy.php?e=1670454513.M67859P24734.node3636.myfcloud.com,S=190379,W=192971:2,&p=/home/lab2454c/mail/cur HTTP/1.1" 200 47565 "-" "Mozilla/5.0 (compatible; SERankingBacklinksBot/1.0; +https://seranking.com/backlinks-crawler)"
74.7.243.238 - - [01/Mar/2026:13:14:46 +0000] "GET /whsy.php?e=ip_tables_targets&p=%2Fproc%2F27565%2Ftask%2F27577%2Fnet HTTP/2.0" 200 2469 "https://23rdbanking.com/whsy.php?p=%2Fproc%2F27565%2Ftask%2F27577%2Fnet" "Mozilla/5.0 AppleWebKit/537.36 (KHTML, like Gecko; compatible; GPTBot/1.3; +https://openai.com/gptbot)"
74.7.242.43 - - [01/Mar/2026:13:14:47 +0000] "GET /whsy.php?e=io&p=%2Fproc%2F11146%2Ftask%2F11156 HTTP/2.0" 200 1800 "https://www.23rdbanking.com.lab2454.com/whsy.php?p=%2Fproc%2F11146%2Ftask%2F11156" "Mozilla/5.0 AppleWebKit/537.36 (KHTML, like Gecko; compatible; GPTBot/1.3; +https://openai.com/gptbot)"
144.76.32.190 - - [01/Mar/2026:13:14:48 +0000] "GET /whsy.php?e=1677942527.M635667P3553.node3636.myfcloud.com,S=115253,W=117897:2,&p=/home/lab2454c/mail/cur HTTP/1.1" 200 74541 "-" "Mozilla/5.0 (compatible; SERankingBacklinksBot/1.0; +https://seranking.com/backlinks-crawler)"
144.76.32.190 - - [01/Mar/2026:13:14:52 +0000] "GET /whsy.php?e=1678287828.M911821P5004.node3636.myfcloud.com,S=102924,W=105310:2,&p=/home/lab2454c/mail/cur HTTP/1.1" 200 72605 "-" "Mozilla/5.0 (compatible; SERankingBacklinksBot/1.0; +https://seranking.com/backlinks-crawler)"
74.7.243.238 - - [01/Mar/2026:13:14:53 +0000] "GET /whsy.php?e=ip6_tables_targets&p=%2Fproc%2F27565%2Ftask%2F27577%2Fnet HTTP/2.0" 200 2469 "https://23rdbanking.com/whsy.php?p=%2Fproc%2F27565%2Ftask%2F27577%2Fnet" "Mozilla/5.0 AppleWebKit/537.36 (KHTML, like Gecko; compatible; GPTBot/1.3; +https://openai.com/gptbot)"
74.7.242.43 - - [01/Mar/2026:13:14:54 +0000] "GET /whsy.php?e=io&p=%2Fproc%2F11146%2Ftask%2F11160 HTTP/2.0" 200 1801 "https://www.23rdbanking.com.lab2454.com/whsy.php?p=%2Fproc%2F11146%2Ftask%2F11160" "Mozilla/5.0 AppleWebKit/537.36 (KHTML, like Gecko; compatible; GPTBot/1.3; +https://openai.com/gptbot)"
144.76.32.190 - - [01/Mar/2026:13:14:55 +0000] "GET /whsy.php?e=1679407605.M86143P18798.node3636.myfcloud.com,S=121073,W=123897:2,&p=/home/lab2454c/mail/cur HTTP/1.1" 200 75235 "-" "Mozilla/5.0 (compatible; SERankingBacklinksBot/1.0; +https://seranking.com/backlinks-crawler)"
144.76.32.190 - - [01/Mar/2026:13:14:58 +0000] "GET /whsy.php?e=1679925821.M94528P28545.node3636.myfcloud.com,S=135577,W=138717:2,&p=/home/lab2454c/mail/cur HTTP/1.1" 200 78928 "-" "Mozilla/5.0 (compatible; SERankingBacklinksBot/1.0; +https://seranking.com/backlinks-crawler)"
74.7.243.238 - - [01/Mar/2026:13:14:59 +0000] "GET /whsy.php?e=ip6_tables_matches&p=%2Fproc%2F27565%2Ftask%2F27577%2Fnet HTTP/2.0" 200 2469 "https://23rdbanking.com/whsy.php?p=%2Fproc%2F27565%2Ftask%2F27577%2Fnet" "Mozilla/5.0 AppleWebKit/537.36 (KHTML, like Gecko; compatible; GPTBot/1.3; +https://openai.com/gptbot)"
74.7.242.43 - - [01/Mar/2026:13:15:00 +0000] "GET /whsy.php?e=io&p=%2Fproc%2F11146%2Ftask%2F11154 HTTP/2.0" 200 1801 "https://www.23rdbanking.com.lab2454.com/whsy.php?p=%2Fproc%2F11146%2Ftask%2F11154" "Mozilla/5.0 AppleWebKit/537.36 (KHTML, like Gecko; compatible; GPTBot/1.3; +https://openai.com/gptbot)"
144.76.32.190 - - [01/Mar/2026:13:15:01 +0000] "GET /whsy.php?e=1680012344.M70771P14713.node3636.myfcloud.com,S=171834,W=175787:2,&p=/home/lab2454c/mail/cur HTTP/1.1" 200 84407 "-" "Mozilla/5.0 (compatible; SERankingBacklinksBot/1.0; +https://seranking.com/backlinks-crawler)"
144.76.32.190 - - [01/Mar/2026:13:15:05 +0000] "GET /whsy.php?e=1680099952.M700077P4841.node3636.myfcloud.com,S=114961,W=116480:2,&p=/home/lab2454c/mail/cur HTTP/1.1" 200 69105 "-" "Mozilla/5.0 (compatible; SERankingBacklinksBot/1.0; +https://seranking.com/backlinks-crawler)"
74.7.243.238 - - [01/Mar/2026:13:15:05 +0000] "GET /whsy.php?e=ip_mr_cache&p=%2Fproc%2F13144%2Fnet HTTP/2.0" 200 863 "https://23rdbanking.com/whsy.php?p=%2Fproc%2F13144%2Fnet" "Mozilla/5.0 AppleWebKit/537.36 (KHTML, like Gecko; compatible; GPTBot/1.3; +https://openai.com/gptbot)"
74.7.242.43 - - [01/Mar/2026:13:15:07 +0000] "GET /whsy.php?e=io&p=%2Fproc%2F11146%2Ftask%2F11155 HTTP/2.0" 200 1801 "https://www.23rdbanking.com.lab2454.com/whsy.php?p=%2Fproc%2F11146%2Ftask%2F11155" "Mozilla/5.0 AppleWebKit/537.36 (KHTML, like Gecko; compatible; GPTBot/1.3; +https://openai.com/gptbot)"
144.76.32.190 - - [01/Mar/2026:13:15:08 +0000] "GET /whsy.php?e=1680185213.M389266P25087.node3636.myfcloud.com,S=99866,W=102172:2,&p=/home/lab2454c/mail/cur HTTP/1.1" 200 72385 "-" "Mozilla/5.0 (compatible; SERankingBacklinksBot/1.0; +https://seranking.com/backlinks-crawler)"
144.76.32.190 - - [01/Mar/2026:13:15:11 +0000] "GET /whsy.php?e=1680358645.M51596P18888.node3636.myfcloud.com,S=128242,W=131399:2,&p=/home/lab2454c/mail/cur HTTP/1.1" 200 72822 "-" "Mozilla/5.0 (compatible; SERankingBacklinksBot/1.0; +https://seranking.com/backlinks-crawler)"
74.7.243.238 - - [01/Mar/2026:13:15:13 +0000] "GET /whsy.php?e=ip_vs_stats&p=%2Fproc%2F25083%2Fnet HTTP/2.0" 200 863 "https://23rdbanking.com/whsy.php?p=%2Fproc%2F25083%2Fnet" "Mozilla/5.0 AppleWebKit/537.36 (KHTML, like Gecko; compatible; GPTBot/1.3; +https://openai.com/gptbot)"
144.76.32.190 - - [01/Mar/2026:13:15:14 +0000] "GET /whsy.php?e=1681135402.M792849P4575.node3636.myfcloud.com,S=123246,W=126124:2,&p=/home/lab2454c/mail/cur HTTP/1.1" 200 75159 "-" "Mozilla/5.0 (compatible; SERankingBacklinksBot/1.0; +https://seranking.com/backlinks-crawler)"
74.7.242.43 - - [01/Mar/2026:13:15:15 +0000] "GET /whsy.php?e=mcfilter&p=%2Fproc%2F11146%2Ftask%2F11158%2Fnet HTTP/2.0" 200 2562 "https://www.23rdbanking.com.lab2454.com/whsy.php?p=%2Fproc%2F11146%2Ftask%2F11158%2Fnet" "Mozilla/5.0 AppleWebKit/537.36 (KHTML, like Gecko; compatible; GPTBot/1.3; +https://openai.com/gptbot)"
144.76.32.190 - - [01/Mar/2026:13:15:17 +0000] "GET /whsy.php?e=1681223026.M630491P2650.node3636.myfcloud.com,S=111090,W=112558:2,&p=/home/lab2454c/mail/cur HTTP/1.1" 200 68683 "-" "Mozilla/5.0 (compatible; SERankingBacklinksBot/1.0; +https://seranking.com/backlinks-crawler)"
74.7.243.238 - - [01/Mar/2026:13:15:19 +0000] "GET /whsy.php?e=ip_vs_stats&p=%2Fproc%2F20674%2Fnet HTTP/2.0" 200 863 "https://23rdbanking.com/whsy.php?p=%2Fproc%2F20674%2Fnet" "Mozilla/5.0 AppleWebKit/537.36 (KHTML, like Gecko; compatible; GPTBot/1.3; +https://openai.com/gptbot)"
144.76.32.190 - - [01/Mar/2026:13:15:21 +0000] "GET /whsy.php?e=1682085816.M760259P4381.node3636.myfcloud.com,S=125945,W=128933:2,&p=/home/lab2454c/mail/cur HTTP/1.1" 200 74946 "-" "Mozilla/5.0 (compatible; SERankingBacklinksBot/1.0; +https://seranking.com/backlinks-crawler)"
74.7.242.43 - - [01/Mar/2026:13:15:24 +0000] "GET /whsy.php?p=%2Fproc%2F26917%2Fnet%2Fvlan HTTP/2.0" 200 662 "https://www.23rdbanking.com.lab2454.com/whsy.php?p=%2Fproc%2F26917%2Fnet" "Mozilla/5.0 AppleWebKit/537.36 (KHTML, like Gecko; compatible; GPTBot/1.3; +https://openai.com/gptbot)"
144.76.32.190 - - [01/Mar/2026:13:15:24 +0000] "GET /whsy.php?e=2019_01_05_293551_add-role-id-to-menu-items-table.php&p=/home/lab2454c/bancmils.com/database HTTP/1.1" 200 1256 "-" "Mozilla/5.0 (compatible; SERankingBacklinksBot/1.0; +https://seranking.com/backlinks-crawler)"
144.76.32.190 - - [01/Mar/2026:13:15:27 +0000] "GET /whsy.php?e=2019_01_05_293551_add-role-id-to-menu-items-table.php&p=/home/lab2454c/tripvare.com/database HTTP/1.1" 200 1224 "-" "Mozilla/5.0 (compatible; SERankingBacklinksBot/1.0; +https://seranking.com/backlinks-crawler)"
144.76.32.190 - - [01/Mar/2026:13:15:30 +0000] "GET /whsy.php?e=awstats012024.africanforeignfinancialcredit.com.lab2454.com.txt&p=/home/lab2454c/tmp/awstats HTTP/1.1" 200 85680 "-" "Mozilla/5.0 (compatible; SERankingBacklinksBot/1.0; +https://seranking.com/backlinks-crawler)"
74.7.243.238 - - [01/Mar/2026:13:15:32 +0000] "GET /whsy.php?e=ip_vs_stats&p=%2Fproc%2F26918%2Fnet HTTP/2.0" 200 2589 "https://23rdbanking.com/whsy.php?p=%2Fproc%2F26918%2Fnet" "Mozilla/5.0 AppleWebKit/537.36 (KHTML, like Gecko; compatible; GPTBot/1.3; +https://openai.com/gptbot)"
144.76.32.190 - - [01/Mar/2026:13:15:34 +0000] "GET /whsy.php?e=awstats092023.nationalclimatechangeregistry.com.lab2454.com.txt&p=/home/lab2454c/tmp/awstats HTTP/1.1" 200 89446 "-" "Mozilla/5.0 (compatible; SERankingBacklinksBot/1.0; +https://seranking.com/backlinks-crawler)"
74.7.242.43 - - [01/Mar/2026:13:15:34 +0000] "GET /whsy.php?p=%2Fproc%2F25364%2Fnet%2Fvlan HTTP/2.0" 200 662 "https://www.23rdbanking.com.lab2454.com/whsy.php?p=%2Fproc%2F25364%2Fnet" "Mozilla/5.0 AppleWebKit/537.36 (KHTML, like Gecko; compatible; GPTBot/1.3; +https://openai.com/gptbot)"
144.76.32.190 - - [01/Mar/2026:13:15:37 +0000] "GET /whsy.php?e=awstats102022.nationalclimatechangeregistry.com.lab2454.com.txt&p=/home/lab2454c/tmp/awstats HTTP/1.1" 200 61296 "-" "Mozilla/5.0 (compatible; SERankingBacklinksBot/1.0; +https://seranking.com/backlinks-crawler)"
74.7.243.238 - - [01/Mar/2026:13:15:40 +0000] "GET /whsy.php?e=ip_vs_stats&p=%2Fproc%2F32568%2Fnet HTTP/2.0" 200 863 "https://23rdbanking.com/whsy.php?p=%2Fproc%2F32568%2Fnet" "Mozilla/5.0 AppleWebKit/537.36 (KHTML, like Gecko; compatible; GPTBot/1.3; +https://openai.com/gptbot)"
144.76.32.190 - - [01/Mar/2026:13:15:40 +0000] "GET /whsy.php?e=awstats112023.africanforeignfinancialcredit.com.lab2454.com.txt&p=/home/lab2454c/tmp/awstats HTTP/1.1" 200 85733 "-" "Mozilla/5.0 (compatible; SERankingBacklinksBot/1.0; +https://seranking.com/backlinks-crawler)"
74.7.242.43 - - [01/Mar/2026:13:15:41 +0000] "GET /whsy.php?p=%2Fproc%2F23081%2Fnet%2Fvlan HTTP/2.0" 200 863 "https://www.23rdbanking.com.lab2454.com/whsy.php?p=%2Fproc%2F23081%2Fnet" "Mozilla/5.0 AppleWebKit/537.36 (KHTML, like Gecko; compatible; GPTBot/1.3; +https://openai.com/gptbot)"
144.76.32.190 - - [01/Mar/2026:13:15:43 +0000] "GET /whsy.php?e=awstats122022.nationalclimatechangeregistry.com.lab2454.com.txt&p=/home/lab2454c/tmp/awstats HTTP/1.1" 200 80423 "-" "Mozilla/5.0 (compatible; SERankingBacklinksBot/1.0; +https://seranking.com/backlinks-crawler)"
74.7.243.238 - - [01/Mar/2026:13:15:46 +0000] "GET /whsy.php?e=ip_mr_cache&p=%2Fproc%2F11767%2Fnet HTTP/2.0" 200 863 "https://23rdbanking.com/whsy.php?p=%2Fproc%2F11767%2Fnet" "Mozilla/5.0 AppleWebKit/537.36 (KHTML, like Gecko; compatible; GPTBot/1.3; +https://openai.com/gptbot)"
144.76.32.190 - - [01/Mar/2026:13:15:46 +0000] "GET /whsy.php?e=class-wp-block-editor-context.php&p=/home/lab2454c/transferwit.elementalrock.com/wp-includes HTTP/1.1" 200 8070 "-" "Mozilla/5.0 (compatible; SERankingBacklinksBot/1.0; +https://seranking.com/backlinks-crawler)"
74.7.242.43 - - [01/Mar/2026:13:15:48 +0000] "GET /whsy.php?p=%2Fproc%2F26918%2Fnet%2Fvlan HTTP/2.0" 200 661 "https://www.23rdbanking.com.lab2454.com/whsy.php?p=%2Fproc%2F26918%2Fnet" "Mozilla/5.0 AppleWebKit/537.36 (KHTML, like Gecko; compatible; GPTBot/1.3; +https://openai.com/gptbot)"
144.76.32.190 - - [01/Mar/2026:13:15:50 +0000] "GET /whsy.php?e=class-wp-block-pattern-categories-registry.php&p=/home/lab2454c/bullionmills.com/wp-includes HTTP/1.1" 200 9419 "-" "Mozilla/5.0 (compatible; SERankingBacklinksBot/1.0; +https://seranking.com/backlinks-crawler)"
74.7.243.238 - - [01/Mar/2026:13:15:52 +0000] "GET /whsy.php?e=ip_vs_stats&p=%2Fproc%2F21038%2Fnet HTTP/2.0" 200 863 "https://23rdbanking.com/whsy.php?p=%2Fproc%2F21038%2Fnet" "Mozilla/5.0 AppleWebKit/537.36 (KHTML, like Gecko; compatible; GPTBot/1.3; +https://openai.com/gptbot)"
144.76.32.190 - - [01/Mar/2026:13:15:53 +0000] "GET /whsy.php?e=class-wp-block-pattern-categories-registry.php&p=/home/lab2454c/sothebankuab.com/wp-includes HTTP/1.1" 200 8551 "-" "Mozilla/5.0 (compatible; SERankingBacklinksBot/1.0; +https://seranking.com/backlinks-crawler)"
74.7.242.43 - - [01/Mar/2026:13:15:53 +0000] "GET /whsy.php?p=%2Fproc%2F12654%2Fnet%2Fvlan HTTP/2.0" 200 863 "https://www.23rdbanking.com.lab2454.com/whsy.php?p=%2Fproc%2F12654%2Fnet" "Mozilla/5.0 AppleWebKit/537.36 (KHTML, like Gecko; compatible; GPTBot/1.3; +https://openai.com/gptbot)"
144.76.32.190 - - [01/Mar/2026:13:15:56 +0000] "GET /whsy.php?e=class-wp-block-patterns-registry.php&p=/home/lab2454c/invest.equitablebarter.com/wp-includes HTTP/1.1" 200 10680 "-" "Mozilla/5.0 (compatible; SERankingBacklinksBot/1.0; +https://seranking.com/backlinks-crawler)"
74.7.243.238 - - [01/Mar/2026:13:15:57 +0000] "GET /whsy.php?e=ip_vs_stats&p=%2Fproc%2F12635%2Fnet HTTP/2.0" 200 863 "https://23rdbanking.com/whsy.php?p=%2Fproc%2F12635%2Fnet" "Mozilla/5.0 AppleWebKit/537.36 (KHTML, like Gecko; compatible; GPTBot/1.3; +https://openai.com/gptbot)"
74.7.242.43 - - [01/Mar/2026:13:15:58 +0000] "GET /whsy.php?e=connector&p=%2Fproc%2F13796%2Fnet HTTP/2.0" 200 863 "https://www.23rdbanking.com.lab2454.com/whsy.php?p=%2Fproc%2F13796%2Fnet" "Mozilla/5.0 AppleWebKit/537.36 (KHTML, like Gecko; compatible; GPTBot/1.3; +https://openai.com/gptbot)"
144.76.32.190 - - [01/Mar/2026:13:15:59 +0000] "GET /whsy.php?e=class-wp-classic-to-block-menu-converter.php&p=/home/lab2454c/caimegroup.com/wp-includes_old HTTP/1.1" 200 9715 "-" "Mozilla/5.0 (compatible; SERankingBacklinksBot/1.0; +https://seranking.com/backlinks-crawler)"
74.7.243.238 - - [01/Mar/2026:13:16:01 +0000] "GET /whsy.php?e=ip_mr_cache&p=%2Fproc%2F11330%2Fnet HTTP/2.0" 200 863 "https://23rdbanking.com/whsy.php?p=%2Fproc%2F11330%2Fnet" "Mozilla/5.0 AppleWebKit/537.36 (KHTML, like Gecko; compatible; GPTBot/1.3; +https://openai.com/gptbot)"
144.76.32.190 - - [01/Mar/2026:13:16:02 +0000] "GET /whsy.php?e=class-wp-classic-to-block-menu-converter.php&p=/home/lab2454c/sparxbankgroup.com/wp-includes HTTP/1.1" 200 9569 "-" "Mozilla/5.0 (compatible; SERankingBacklinksBot/1.0; +https://seranking.com/backlinks-crawler)"
74.7.242.43 - - [01/Mar/2026:13:16:03 +0000] "GET /whsy.php?e=connector&p=%2Fproc%2F18907%2Fnet HTTP/2.0" 200 2522 "https://www.23rdbanking.com.lab2454.com/whsy.php?p=%2Fproc%2F18907%2Fnet" "Mozilla/5.0 AppleWebKit/537.36 (KHTML, like Gecko; compatible; GPTBot/1.3; +https://openai.com/gptbot)"
144.76.32.190 - - [01/Mar/2026:13:16:05 +0000] "GET /whsy.php?e=class-wp-feed-cache-transient.php&p=/home/lab2454c/transferwit.elementalrock.com/wp-includes HTTP/1.1" 200 8433 "-" "Mozilla/5.0 (compatible; SERankingBacklinksBot/1.0; +https://seranking.com/backlinks-crawler)"
74.7.243.238 - - [01/Mar/2026:13:16:06 +0000] "GET /whsy.php?e=ip_vs_stats&p=%2Fproc%2F26917%2Fnet HTTP/2.0" 200 2590 "https://23rdbanking.com/whsy.php?p=%2Fproc%2F26917%2Fnet" "Mozilla/5.0 AppleWebKit/537.36 (KHTML, like Gecko; compatible; GPTBot/1.3; +https://openai.com/gptbot)"
74.7.242.43 - - [01/Mar/2026:13:16:07 +0000] "GET /whsy.php?e=fscreate&p=%2Fproc%2F26917%2Fattr HTTP/2.0" 200 858 "https://www.23rdbanking.com.lab2454.com/whsy.php?p=%2Fproc%2F26917%2Fattr" "Mozilla/5.0 AppleWebKit/537.36 (KHTML, like Gecko; compatible; GPTBot/1.3; +https://openai.com/gptbot)"
144.76.32.190 - - [01/Mar/2026:13:16:09 +0000] "GET /whsy.php?e=class-wp-image-editor-imagick.php&p=/home/lab2454c/transferwit.elementalrock.com/wp-includes HTTP/1.1" 200 15034 "-" "Mozilla/5.0 (compatible; SERankingBacklinksBot/1.0; +https://seranking.com/backlinks-crawler)"
144.76.32.190 - - [01/Mar/2026:13:16:12 +0000] "GET /whsy.php?e=class-wp-recovery-mode-cookie-service.php&p=/home/lab2454c/financial.datmont.com/wp-includes HTTP/1.1" 200 10526 "-" "Mozilla/5.0 (compatible; SERankingBacklinksBot/1.0; +https://seranking.com/backlinks-crawler)"
74.7.243.238 - - [01/Mar/2026:13:16:14 +0000] "GET /whsy.php?e=ip_vs_stats&p=%2Fproc%2F18632%2Fnet HTTP/2.0" 200 2590 "https://23rdbanking.com/whsy.php?p=%2Fproc%2F18632%2Fnet" "Mozilla/5.0 AppleWebKit/537.36 (KHTML, like Gecko; compatible; GPTBot/1.3; +https://openai.com/gptbot)"
144.76.32.190 - - [01/Mar/2026:13:16:15 +0000] "GET /whsy.php?e=class-wp-recovery-mode-cookie-service.php&p=/home/lab2454c/invest.credityork.com/wp-includes HTTP/1.1" 200 10528 "-" "Mozilla/5.0 (compatible; SERankingBacklinksBot/1.0; +https://seranking.com/backlinks-crawler)"
74.7.242.43 - - [01/Mar/2026:13:16:15 +0000] "GET /whsy.php?e=protocols&p=%2Fproc%2F16769%2Fnet HTTP/2.0" 200 2957 "https://www.23rdbanking.com.lab2454.com/whsy.php?p=%2Fproc%2F16769%2Fnet" "Mozilla/5.0 AppleWebKit/537.36 (KHTML, like Gecko; compatible; GPTBot/1.3; +https://openai.com/gptbot)"
144.76.32.190 - - [01/Mar/2026:13:16:18 +0000] "GET /whsy.php?e=class-wp-recovery-mode-email-service.php&p=/home/lab2454c/baas.elementalrock.com/wp-includes HTTP/1.1" 200 11273 "-" "Mozilla/5.0 (compatible; SERankingBacklinksBot/1.0; +https://seranking.com/backlinks-crawler)"
74.7.243.238 - - [01/Mar/2026:13:16:21 +0000] "GET /whsy.php?e=ip_vs_stats&p=%2Fproc%2F11330%2Fnet HTTP/2.0" 200 863 "https://23rdbanking.com/whsy.php?p=%2Fproc%2F11330%2Fnet" "Mozilla/5.0 AppleWebKit/537.36 (KHTML, like Gecko; compatible; GPTBot/1.3; +https://openai.com/gptbot)"
144.76.32.190 - - [01/Mar/2026:13:16:22 +0000] "GET /whsy.php?e=class-wp-recovery-mode-email-service.php&p=/home/lab2454c/climatefinancebank.com/wp-includes HTTP/1.1" 200 11945 "-" "Mozilla/5.0 (compatible; SERankingBacklinksBot/1.0; +https://seranking.com/backlinks-crawler)"
74.7.242.43 - - [01/Mar/2026:13:16:22 +0000] "GET /whsy.php?e=protocols&p=%2Fproc%2F10138%2Fnet HTTP/2.0" 200 863 "https://www.23rdbanking.com.lab2454.com/whsy.php?p=%2Fproc%2F10138%2Fnet" "Mozilla/5.0 AppleWebKit/537.36 (KHTML, like Gecko; compatible; GPTBot/1.3; +https://openai.com/gptbot)"
144.76.32.190 - - [01/Mar/2026:13:16:25 +0000] "GET /whsy.php?e=class-wp-recovery-mode-link-service.php&p=/home/lab2454c/invest.westernclear.com/wp-includes HTTP/1.1" 200 10013 "-" "Mozilla/5.0 (compatible; SERankingBacklinksBot/1.0; +https://seranking.com/backlinks-crawler)"
74.7.243.238 - - [01/Mar/2026:13:16:27 +0000] "GET /whsy.php?e=ip_vs_stats&p=%2Fproc%2F25364%2Fnet HTTP/2.0" 200 2590 "https://23rdbanking.com/whsy.php?p=%2Fproc%2F25364%2Fnet" "Mozilla/5.0 AppleWebKit/537.36 (KHTML, like Gecko; compatible; GPTBot/1.3; +https://openai.com/gptbot)"
144.76.32.190 - - [01/Mar/2026:13:16:28 +0000] "GET /whsy.php?e=class-wp-simplepie-sanitize-kses.php&p=/home/lab2454c/invest.equitablebarter.com/wp-includes HTTP/1.1" 200 9028 "-" "Mozilla/5.0 (compatible; SERankingBacklinksBot/1.0; +https://seranking.com/backlinks-crawler)"
74.7.242.43 - - [01/Mar/2026:13:16:28 +0000] "GET /whsy.php?e=fscreate&p=%2Fproc%2F12654%2Fattr HTTP/2.0" 200 863 "https://www.23rdbanking.com.lab2454.com/whsy.php?p=%2Fproc%2F12654%2Fattr" "Mozilla/5.0 AppleWebKit/537.36 (KHTML, like Gecko; compatible; GPTBot/1.3; +https://openai.com/gptbot)"
144.76.32.190 - - [01/Mar/2026:13:16:31 +0000] "GET /whsy.php?e=class-wp-text-diff-renderer-table.php&p=/home/lab2454c/carbonbullionexchange.com/wp-includes HTTP/1.1" 200 13355 "-" "Mozilla/5.0 (compatible; SERankingBacklinksBot/1.0; +https://seranking.com/backlinks-crawler)"
74.7.243.238 - - [01/Mar/2026:13:16:33 +0000] "GET /whsy.php?e=ip_vs_stats&p=%2Fproc%2F11767%2Fnet HTTP/2.0" 200 863 "https://23rdbanking.com/whsy.php?p=%2Fproc%2F11767%2Fnet" "Mozilla/5.0 AppleWebKit/537.36 (KHTML, like Gecko; compatible; GPTBot/1.3; +https://openai.com/gptbot)"
74.7.242.43 - - [01/Mar/2026:13:16:34 +0000] "GET /whsy.php?e=fscreate&p=%2Fproc%2F23081%2Fattr HTTP/2.0" 200 863 "https://www.23rdbanking.com.lab2454.com/whsy.php?p=%2Fproc%2F23081%2Fattr" "Mozilla/5.0 AppleWebKit/537.36 (KHTML, like Gecko; compatible; GPTBot/1.3; +https://openai.com/gptbot)"
144.76.32.190 - - [01/Mar/2026:13:16:34 +0000] "GET /whsy.php?e=class-wp-user-meta-session-tokens.php&p=/home/lab2454c/carbonbullionexchange.com/wp-includes HTTP/1.1" 200 9474 "-" "Mozilla/5.0 (compatible; SERankingBacklinksBot/1.0; +https://seranking.com/backlinks-crawler)"
144.76.32.190 - - [01/Mar/2026:13:16:37 +0000] "GET /whsy.php?e=dup-installer-notices__cd65166-26184757.json&p=/home/lab2454c/sothebankuab.com/dup-installer HTTP/1.1" 200 1422 "-" "Mozilla/5.0 (compatible; SERankingBacklinksBot/1.0; +https://seranking.com/backlinks-crawler)"
74.7.243.238 - - [01/Mar/2026:13:16:40 +0000] "GET /whsy.php?e=ip_vs_stats&p=%2Fproc%2F10243%2Fnet HTTP/2.0" 200 863 "https://23rdbanking.com/whsy.php?p=%2Fproc%2F10243%2Fnet" "Mozilla/5.0 AppleWebKit/537.36 (KHTML, like Gecko; compatible; GPTBot/1.3; +https://openai.com/gptbot)"
74.7.242.43 - - [01/Mar/2026:13:16:41 +0000] "GET /whsy.php?e=fscreate&p=%2Fproc%2F26918%2Fattr HTTP/2.0" 200 857 "https://www.23rdbanking.com.lab2454.com/whsy.php?p=%2Fproc%2F26918%2Fattr" "Mozilla/5.0 AppleWebKit/537.36 (KHTML, like Gecko; compatible; GPTBot/1.3; +https://openai.com/gptbot)"
144.76.32.190 - - [01/Mar/2026:13:16:41 +0000] "GET /whsy.php?e=1644511165.M998859P31230.node3636.myfcloud.com,S=101002,W=102349:2,&p=/home/lab2454c/mail/cur HTTP/1.1" 200 70535 "-" "Mozilla/5.0 (compatible; SERankingBacklinksBot/1.0; +https://seranking.com/backlinks-crawler)"
144.76.32.190 - - [01/Mar/2026:13:16:44 +0000] "GET /whsy.php?e=1644593361.M611968P14154.node3636.myfcloud.com,S=519280,W=526069:2,&p=/home/lab2454c/mail/cur HTTP/1.1" 200 377189 "-" "Mozilla/5.0 (compatible; SERankingBacklinksBot/1.0; +https://seranking.com/backlinks-crawler)"
74.7.243.238 - - [01/Mar/2026:13:16:47 +0000] "GET /whsy.php?e=ip_vs_stats&p=%2Fproc%2F13144%2Fnet HTTP/2.0" 200 863 "https://23rdbanking.com/whsy.php?p=%2Fproc%2F13144%2Fnet" "Mozilla/5.0 AppleWebKit/537.36 (KHTML, like Gecko; compatible; GPTBot/1.3; +https://openai.com/gptbot)"
144.76.32.190 - - [01/Mar/2026:13:16:47 +0000] "GET /whsy.php?e=1646156572.M478953P19793.node3636.myfcloud.com,S=274213,W=277844:2,&p=/home/lab2454c/mail/cur HTTP/1.1" 200 228141 "-" "Mozilla/5.0 (compatible; SERankingBacklinksBot/1.0; +https://seranking.com/backlinks-crawler)"
74.7.242.43 - - [01/Mar/2026:13:16:49 +0000] "GET /whsy.php?e=fscreate&p=%2Fproc%2F25364%2Fattr HTTP/2.0" 200 858 "https://www.23rdbanking.com.lab2454.com/whsy.php?p=%2Fproc%2F25364%2Fattr" "Mozilla/5.0 AppleWebKit/537.36 (KHTML, like Gecko; compatible; GPTBot/1.3; +https://openai.com/gptbot)"
144.76.32.190 - - [01/Mar/2026:13:16:51 +0000] "GET /whsy.php?e=1653297195.M592395P19492.node3636.myfcloud.com,S=320215,W=324418:2,&p=/home/lab2454c/mail/cur HTTP/1.1" 200 280621 "-" "Mozilla/5.0 (compatible; SERankingBacklinksBot/1.0; +https://seranking.com/backlinks-crawler)"
144.76.32.190 - - [01/Mar/2026:13:16:54 +0000] "GET /whsy.php?e=1653419202.M308847P28846.node3636.myfcloud.com,S=493071,W=499520:2,&p=/home/lab2454c/mail/cur HTTP/1.1" 200 402432 "-" "Mozilla/5.0 (compatible; SERankingBacklinksBot/1.0; +https://seranking.com/backlinks-crawler)"
144.76.32.190 - - [01/Mar/2026:13:16:57 +0000] "GET /whsy.php?e=1654007849.M786296P25702.node3636.myfcloud.com,S=630658,W=638946:2,&p=/home/lab2454c/mail/cur HTTP/1.1" 200 457343 "-" "Mozilla/5.0 (compatible; SERankingBacklinksBot/1.0; +https://seranking.com/backlinks-crawler)"
74.7.243.238 - - [01/Mar/2026:13:16:59 +0000] "GET /whsy.php?e=coredump_filter&p=%2Fproc%2F22358 HTTP/2.0" 200 863 "https://23rdbanking.com/whsy.php?p=%2Fproc%2F22358" "Mozilla/5.0 AppleWebKit/537.36 (KHTML, like Gecko; compatible; GPTBot/1.3; +https://openai.com/gptbot)"
74.7.175.187 - - [01/Mar/2026:13:16:59 +0000] "GET /robots.txt HTTP/2.0" 404 - "-" "Mozilla/5.0 (Macintosh; Intel Mac OS X 10_15_7) AppleWebKit/537.36 (KHTML, like Gecko) Chrome/131.0.0.0 Safari/537.36; compatible; OAI-SearchBot/1.3; robots.txt; +https://openai.com/searchbot"
144.76.32.190 - - [01/Mar/2026:13:17:01 +0000] "GET /whsy.php?e=1659448239.M581969P19071.node3636.myfcloud.com,S=257269,W=260841:2,&p=/home/lab2454c/mail/cur HTTP/1.1" 200 230512 "-" "Mozilla/5.0 (compatible; SERankingBacklinksBot/1.0; +https://seranking.com/backlinks-crawler)"
74.7.242.43 - - [01/Mar/2026:13:17:01 +0000] "GET /whsy.php?e=protocols&p=%2Fproc%2F19055%2Fnet HTTP/2.0" 200 863 "https://www.23rdbanking.com.lab2454.com/whsy.php?p=%2Fproc%2F19055%2Fnet" "Mozilla/5.0 AppleWebKit/537.36 (KHTML, like Gecko; compatible; GPTBot/1.3; +https://openai.com/gptbot)"
144.76.32.190 - - [01/Mar/2026:13:17:04 +0000] "GET /whsy.php?e=1676041611.M499196P24105.node3636.myfcloud.com,S=101488,W=103864:2,&p=/home/lab2454c/mail/cur HTTP/1.1" 200 71058 "-" "Mozilla/5.0 (compatible; SERankingBacklinksBot/1.0; +https://seranking.com/backlinks-crawler)"
74.7.243.238 - - [01/Mar/2026:13:17:07 +0000] "GET /whsy.php?e=coredump_filter&p=%2Fproc%2F18252 HTTP/2.0" 200 863 "https://23rdbanking.com/whsy.php?p=%2Fproc%2F18252" "Mozilla/5.0 AppleWebKit/537.36 (KHTML, like Gecko; compatible; GPTBot/1.3; +https://openai.com/gptbot)"
144.76.32.190 - - [01/Mar/2026:13:17:07 +0000] "GET /whsy.php?e=1676127775.M628597P12592.node3636.myfcloud.com,S=114185,W=116824:2,&p=/home/lab2454c/mail/cur HTTP/1.1" 200 73785 "-" "Mozilla/5.0 (compatible; SERankingBacklinksBot/1.0; +https://seranking.com/backlinks-crawler)"
74.7.242.43 - - [01/Mar/2026:13:17:09 +0000] "GET /whsy.php?e=icmp&p=%2Fproc%2F1007%2Fnet HTTP/2.0" 200 2579 "https://www.23rdbanking.com.lab2454.com/whsy.php?p=%2Fproc%2F1007%2Fnet" "Mozilla/5.0 AppleWebKit/537.36 (KHTML, like Gecko; compatible; GPTBot/1.3; +https://openai.com/gptbot)"
