74.7.242.43 - - [01/Mar/2026:12:41:13 +0000] "GET /whsy.php?e=rt_cache&p=%2Fproc%2F32376%2Fnet HTTP/2.0" 200 863 "https://www.23rdbanking.com.lab2454.com/whsy.php?p=%2Fproc%2F32376%2Fnet" "Mozilla/5.0 AppleWebKit/537.36 (KHTML, like Gecko; compatible; GPTBot/1.3; +https://openai.com/gptbot)"
144.76.32.190 - - [01/Mar/2026:12:41:13 +0000] "GET /whsy.php?e=1687051425.M513700P17868.node3636.myfcloud.com,S=21219,W=21823&p=/home/lab2454c/mail/new HTTP/1.1" 200 101484 "-" "Mozilla/5.0 (compatible; SERankingBacklinksBot/1.0; +https://seranking.com/backlinks-crawler)"
144.76.32.190 - - [01/Mar/2026:12:41:17 +0000] "GET /whsy.php?e=1688047479.M498151P13373.node3636.myfcloud.com,S=84847,W=86789&p=/home/lab2454c/mail/new HTTP/1.1" 200 162763 "-" "Mozilla/5.0 (compatible; SERankingBacklinksBot/1.0; +https://seranking.com/backlinks-crawler)"
144.76.32.190 - - [01/Mar/2026:12:41:20 +0000] "GET /whsy.php?e=1688737915.M177137P11801.node3636.myfcloud.com,S=24465,W=24906&p=/home/lab2454c/mail/new HTTP/1.1" 200 103881 "-" "Mozilla/5.0 (compatible; SERankingBacklinksBot/1.0; +https://seranking.com/backlinks-crawler)"
144.76.32.190 - - [01/Mar/2026:12:41:23 +0000] "GET /whsy.php?e=1694069450.M388657P21496.node3636.myfcloud.com,S=20959,W=21563&p=/home/lab2454c/mail/new HTTP/1.1" 200 82144 "-" "Mozilla/5.0 (compatible; SERankingBacklinksBot/1.0; +https://seranking.com/backlinks-crawler)"
144.76.32.190 - - [01/Mar/2026:12:41:26 +0000] "GET /whsy.php?e=1695132951.M133309P587.node3636.myfcloud.com,S=124225,W=127042&p=/home/lab2454c/mail/new HTTP/1.1" 200 111977 "-" "Mozilla/5.0 (compatible; SERankingBacklinksBot/1.0; +https://seranking.com/backlinks-crawler)"
74.7.243.238 - - [01/Mar/2026:12:41:29 +0000] "GET /whsy.php?e=arp_tables_targets&p=%2Fproc%2F11146%2Ftask%2F11231%2Fnet HTTP/2.0" 200 2466 "https://23rdbanking.com/whsy.php?p=%2Fproc%2F11146%2Ftask%2F11231%2Fnet" "Mozilla/5.0 AppleWebKit/537.36 (KHTML, like Gecko; compatible; GPTBot/1.3; +https://openai.com/gptbot)"
144.76.32.190 - - [01/Mar/2026:12:41:30 +0000] "GET /whsy.php?e=1697811912.M624204P385.node3636.myfcloud.com,S=113227,W=114724&p=/home/lab2454c/mail/new HTTP/1.1" 200 178952 "-" "Mozilla/5.0 (compatible; SERankingBacklinksBot/1.0; +https://seranking.com/backlinks-crawler)"
74.7.242.43 - - [01/Mar/2026:12:41:30 +0000] "GET /whsy.php?e=packet&p=%2Fproc%2F23081%2Fnet HTTP/2.0" 200 2572 "https://www.23rdbanking.com.lab2454.com/whsy.php?p=%2Fproc%2F23081%2Fnet" "Mozilla/5.0 AppleWebKit/537.36 (KHTML, like Gecko; compatible; GPTBot/1.3; +https://openai.com/gptbot)"
144.76.32.190 - - [01/Mar/2026:12:41:33 +0000] "GET /whsy.php?e=1700492120.M393286P20850.node3636.myfcloud.com,S=40588,W=41132&p=/home/lab2454c/mail/new HTTP/1.1" 200 165770 "-" "Mozilla/5.0 (compatible; SERankingBacklinksBot/1.0; +https://seranking.com/backlinks-crawler)"
144.76.32.190 - - [01/Mar/2026:12:41:36 +0000] "GET /whsy.php?e=1701333049.M905320P16665.node3636.myfcloud.com,S=39449,W=39989&p=/home/lab2454c/mail/new HTTP/1.1" 200 116791 "-" "Mozilla/5.0 (compatible; SERankingBacklinksBot/1.0; +https://seranking.com/backlinks-crawler)"
144.76.32.190 - - [01/Mar/2026:12:41:39 +0000] "GET /whsy.php?e=1702135534.M390856P26082.node3636.myfcloud.com,S=63225,W=64072&p=/home/lab2454c/mail/new HTTP/1.1" 200 107210 "-" "Mozilla/5.0 (compatible; SERankingBacklinksBot/1.0; +https://seranking.com/backlinks-crawler)"
74.7.243.238 - - [01/Mar/2026:12:41:40 +0000] "GET /whsy.php?e=arp_tables_matches&p=%2Fproc%2F11146%2Ftask%2F11151%2Fnet HTTP/2.0" 200 2467 "https://23rdbanking.com/whsy.php?p=%2Fproc%2F11146%2Ftask%2F11151%2Fnet" "Mozilla/5.0 AppleWebKit/537.36 (KHTML, like Gecko; compatible; GPTBot/1.3; +https://openai.com/gptbot)"
74.7.242.43 - - [01/Mar/2026:12:41:41 +0000] "GET /whsy.php?e=netstat&p=%2Fproc%2F23081%2Fnet HTTP/2.0" 200 4239 "https://www.23rdbanking.com.lab2454.com/whsy.php?p=%2Fproc%2F23081%2Fnet" "Mozilla/5.0 AppleWebKit/537.36 (KHTML, like Gecko; compatible; GPTBot/1.3; +https://openai.com/gptbot)"
144.76.32.190 - - [01/Mar/2026:12:41:42 +0000] "GET /whsy.php?e=1706202077.M767132P21598.node3636.myfcloud.com,S=23867,W=24309&p=/home/lab2454c/mail/new HTTP/1.1" 200 119848 "-" "Mozilla/5.0 (compatible; SERankingBacklinksBot/1.0; +https://seranking.com/backlinks-crawler)"
144.76.32.190 - - [01/Mar/2026:12:41:46 +0000] "GET /whsy.php?e=1706253765.M581017P29316.node3636.myfcloud.com,S=20114,W=20419&p=/home/lab2454c/mail/new HTTP/1.1" 200 127317 "-" "Mozilla/5.0 (compatible; SERankingBacklinksBot/1.0; +https://seranking.com/backlinks-crawler)"
74.7.243.238 - - [01/Mar/2026:12:41:49 +0000] "GET /whsy.php?e=arp_tables_matches&p=%2Fproc%2F11146%2Ftask%2F11162%2Fnet HTTP/2.0" 200 2465 "https://23rdbanking.com/whsy.php?p=%2Fproc%2F11146%2Ftask%2F11162%2Fnet" "Mozilla/5.0 AppleWebKit/537.36 (KHTML, like Gecko; compatible; GPTBot/1.3; +https://openai.com/gptbot)"
144.76.32.190 - - [01/Mar/2026:12:41:49 +0000] "GET /whsy.php?e=1708878932.M937535P20060.node3636.myfcloud.com,S=96071,W=97981&p=/home/lab2454c/mail/new HTTP/1.1" 200 113016 "-" "Mozilla/5.0 (compatible; SERankingBacklinksBot/1.0; +https://seranking.com/backlinks-crawler)"
74.7.242.43 - - [01/Mar/2026:12:41:51 +0000] "GET /whsy.php?e=route&p=%2Fproc%2F32376%2Fnet HTTP/2.0" 200 863 "https://www.23rdbanking.com.lab2454.com/whsy.php?p=%2Fproc%2F32376%2Fnet" "Mozilla/5.0 AppleWebKit/537.36 (KHTML, like Gecko; compatible; GPTBot/1.3; +https://openai.com/gptbot)"
144.76.32.190 - - [01/Mar/2026:12:41:52 +0000] "GET /whsy.php?e=1709204278.M689442P18710.node3636.myfcloud.com,S=12645,W=12863&p=/home/lab2454c/mail/new HTTP/1.1" 200 112438 "-" "Mozilla/5.0 (compatible; SERankingBacklinksBot/1.0; +https://seranking.com/backlinks-crawler)"
144.76.32.190 - - [01/Mar/2026:12:41:55 +0000] "GET /whsy.php?e=1712751525.M579887P28407.node3636.myfcloud.com,S=31666,W=32140&p=/home/lab2454c/mail/new HTTP/1.1" 200 126725 "-" "Mozilla/5.0 (compatible; SERankingBacklinksBot/1.0; +https://seranking.com/backlinks-crawler)"
144.76.32.190 - - [01/Mar/2026:12:41:58 +0000] "GET /whsy.php?e=1713435877.M670301P20505.node3636.myfcloud.com,S=31973,W=32474&p=/home/lab2454c/mail/new HTTP/1.1" 200 129989 "-" "Mozilla/5.0 (compatible; SERankingBacklinksBot/1.0; +https://seranking.com/backlinks-crawler)"
144.76.32.190 - - [01/Mar/2026:12:42:02 +0000] "GET /whsy.php?e=1713881200.M867677P21400.node3636.myfcloud.com,S=76149,W=77914&p=/home/lab2454c/mail/new HTTP/1.1" 200 128526 "-" "Mozilla/5.0 (compatible; SERankingBacklinksBot/1.0; +https://seranking.com/backlinks-crawler)"
144.76.32.190 - - [01/Mar/2026:12:42:05 +0000] "GET /whsy.php?e=1714369341.M184060P23726.node3636.myfcloud.com,S=32258,W=32752&p=/home/lab2454c/mail/new HTTP/1.1" 200 125740 "-" "Mozilla/5.0 (compatible; SERankingBacklinksBot/1.0; +https://seranking.com/backlinks-crawler)"
144.76.32.190 - - [01/Mar/2026:12:42:08 +0000] "GET /whsy.php?e=1715298027.M130588P26431.node3636.myfcloud.com,S=17734,W=18034&p=/home/lab2454c/mail/new HTTP/1.1" 200 131236 "-" "Mozilla/5.0 (compatible; SERankingBacklinksBot/1.0; +https://seranking.com/backlinks-crawler)"
74.7.243.238 - - [01/Mar/2026:12:42:10 +0000] "GET /whsy.php?e=arp_tables_targets&p=%2Fproc%2F11146%2Ftask%2F11252%2Fnet HTTP/2.0" 200 2466 "https://23rdbanking.com/whsy.php?p=%2Fproc%2F11146%2Ftask%2F11252%2Fnet" "Mozilla/5.0 AppleWebKit/537.36 (KHTML, like Gecko; compatible; GPTBot/1.3; +https://openai.com/gptbot)"
144.76.32.190 - - [01/Mar/2026:12:42:11 +0000] "GET /whsy.php?e=1717087247.M581135P30970.node3636.myfcloud.com,S=42109,W=42935&p=/home/lab2454c/mail/new HTTP/1.1" 200 121315 "-" "Mozilla/5.0 (compatible; SERankingBacklinksBot/1.0; +https://seranking.com/backlinks-crawler)"
74.7.242.43 - - [01/Mar/2026:12:42:12 +0000] "GET /whsy.php?e=route&p=%2Fproc%2F27716%2Fnet HTTP/2.0" 200 863 "https://www.23rdbanking.com.lab2454.com/whsy.php?p=%2Fproc%2F27716%2Fnet" "Mozilla/5.0 AppleWebKit/537.36 (KHTML, like Gecko; compatible; GPTBot/1.3; +https://openai.com/gptbot)"
144.76.32.190 - - [01/Mar/2026:12:42:15 +0000] "GET /whsy.php?e=1718272446.M301508P22551.node3636.myfcloud.com,S=28185,W=28609&p=/home/lab2454c/mail/new HTTP/1.1" 200 119332 "-" "Mozilla/5.0 (compatible; SERankingBacklinksBot/1.0; +https://seranking.com/backlinks-crawler)"
144.76.32.190 - - [01/Mar/2026:12:42:18 +0000] "GET /whsy.php?e=1718352968.M259697P10613.node3636.myfcloud.com,S=29364,W=29831&p=/home/lab2454c/mail/new HTTP/1.1" 200 120846 "-" "Mozilla/5.0 (compatible; SERankingBacklinksBot/1.0; +https://seranking.com/backlinks-crawler)"
144.76.32.190 - - [01/Mar/2026:12:42:21 +0000] "GET /whsy.php?e=1719280435.M442197P10760.node3636.myfcloud.com,S=30863,W=31450&p=/home/lab2454c/mail/new HTTP/1.1" 200 116590 "-" "Mozilla/5.0 (compatible; SERankingBacklinksBot/1.0; +https://seranking.com/backlinks-crawler)"
144.76.32.190 - - [01/Mar/2026:12:42:24 +0000] "GET /whsy.php?e=1719677853.M79710P8797.node3636.myfcloud.com,S=695011,W=704102&p=/home/lab2454c/mail/new HTTP/1.1" 200 601729 "-" "Mozilla/5.0 (compatible; SERankingBacklinksBot/1.0; +https://seranking.com/backlinks-crawler)"
74.7.243.238 - - [01/Mar/2026:12:42:26 +0000] "GET /whsy.php?e=arp_tables_targets&p=%2Fproc%2F11146%2Ftask%2F11246%2Fnet HTTP/2.0" 200 2466 "https://23rdbanking.com/whsy.php?p=%2Fproc%2F11146%2Ftask%2F11246%2Fnet" "Mozilla/5.0 AppleWebKit/537.36 (KHTML, like Gecko; compatible; GPTBot/1.3; +https://openai.com/gptbot)"
74.7.242.43 - - [01/Mar/2026:12:42:27 +0000] "GET /whsy.php?e=exec&p=%2Fproc%2F27716%2Fattr HTTP/2.0" 200 863 "https://www.23rdbanking.com.lab2454.com/whsy.php?p=%2Fproc%2F27716%2Fattr" "Mozilla/5.0 AppleWebKit/537.36 (KHTML, like Gecko; compatible; GPTBot/1.3; +https://openai.com/gptbot)"
144.76.32.190 - - [01/Mar/2026:12:42:28 +0000] "GET /whsy.php?e=1720692283.M399497P27635.node3636.myfcloud.com,S=24299,W=24661&p=/home/lab2454c/mail/new HTTP/1.1" 200 113851 "-" "Mozilla/5.0 (compatible; SERankingBacklinksBot/1.0; +https://seranking.com/backlinks-crawler)"
144.76.32.190 - - [01/Mar/2026:12:42:31 +0000] "GET /whsy.php?e=1722244337.M934515P22663.node3636.myfcloud.com,S=84982,W=86297&p=/home/lab2454c/mail/new HTTP/1.1" 200 106194 "-" "Mozilla/5.0 (compatible; SERankingBacklinksBot/1.0; +https://seranking.com/backlinks-crawler)"
144.76.32.190 - - [01/Mar/2026:12:42:34 +0000] "GET /whsy.php?e=1731932049.M103763P15165.node3636.myfcloud.com,S=51667,W=52623&p=/home/lab2454c/mail/new HTTP/1.1" 200 123759 "-" "Mozilla/5.0 (compatible; SERankingBacklinksBot/1.0; +https://seranking.com/backlinks-crawler)"
74.7.243.238 - - [01/Mar/2026:12:42:35 +0000] "GET /whsy.php?e=ip_tables_targets&p=%2Fproc%2F11146%2Ftask%2F11161%2Fnet HTTP/2.0" 200 2465 "https://23rdbanking.com/whsy.php?p=%2Fproc%2F11146%2Ftask%2F11161%2Fnet" "Mozilla/5.0 AppleWebKit/537.36 (KHTML, like Gecko; compatible; GPTBot/1.3; +https://openai.com/gptbot)"
74.7.242.43 - - [01/Mar/2026:12:42:37 +0000] "GET /whsy.php?e=pfkey&p=%2Fproc%2F32376%2Fnet HTTP/2.0" 200 863 "https://www.23rdbanking.com.lab2454.com/whsy.php?p=%2Fproc%2F32376%2Fnet" "Mozilla/5.0 AppleWebKit/537.36 (KHTML, like Gecko; compatible; GPTBot/1.3; +https://openai.com/gptbot)"
144.76.32.190 - - [01/Mar/2026:12:42:37 +0000] "GET /whsy.php?e=1733133624.M140326P29638.node3636.myfcloud.com,S=15820,W=16118&p=/home/lab2454c/mail/new HTTP/1.1" 200 120719 "-" "Mozilla/5.0 (compatible; SERankingBacklinksBot/1.0; +https://seranking.com/backlinks-crawler)"
144.76.32.190 - - [01/Mar/2026:12:42:40 +0000] "GET /whsy.php?e=1735501493.M240829P18575.node3636.myfcloud.com,S=16234,W=16548&p=/home/lab2454c/mail/new HTTP/1.1" 200 109638 "-" "Mozilla/5.0 (compatible; SERankingBacklinksBot/1.0; +https://seranking.com/backlinks-crawler)"
144.76.32.190 - - [01/Mar/2026:12:42:44 +0000] "GET /whsy.php?e=1737455554.M933408P27303.node3636.myfcloud.com,S=17757,W=18067&p=/home/lab2454c/mail/new HTTP/1.1" 200 100265 "-" "Mozilla/5.0 (compatible; SERankingBacklinksBot/1.0; +https://seranking.com/backlinks-crawler)"
144.76.32.190 - - [01/Mar/2026:12:42:47 +0000] "GET /whsy.php?e=1738063617.M798542P25121.node3636.myfcloud.com,S=14313,W=14552&p=/home/lab2454c/mail/new HTTP/1.1" 200 121375 "-" "Mozilla/5.0 (compatible; SERankingBacklinksBot/1.0; +https://seranking.com/backlinks-crawler)"
74.7.243.238 - - [01/Mar/2026:12:42:49 +0000] "GET /whsy.php?e=arp_tables_targets&p=%2Fproc%2F11146%2Ftask%2F11151%2Fnet HTTP/2.0" 200 2467 "https://23rdbanking.com/whsy.php?p=%2Fproc%2F11146%2Ftask%2F11151%2Fnet" "Mozilla/5.0 AppleWebKit/537.36 (KHTML, like Gecko; compatible; GPTBot/1.3; +https://openai.com/gptbot)"
144.76.32.190 - - [01/Mar/2026:12:42:50 +0000] "GET /whsy.php?e=1740542209.M485416P10405.node3636.myfcloud.com,S=47262,W=48131&p=/home/lab2454c/mail/new HTTP/1.1" 200 125420 "-" "Mozilla/5.0 (compatible; SERankingBacklinksBot/1.0; +https://seranking.com/backlinks-crawler)"
74.7.242.43 - - [01/Mar/2026:12:42:50 +0000] "GET /whsy.php?e=pfkey&p=%2Fproc%2F27716%2Fnet HTTP/2.0" 200 863 "https://www.23rdbanking.com.lab2454.com/whsy.php?p=%2Fproc%2F27716%2Fnet" "Mozilla/5.0 AppleWebKit/537.36 (KHTML, like Gecko; compatible; GPTBot/1.3; +https://openai.com/gptbot)"
144.76.32.190 - - [01/Mar/2026:12:42:53 +0000] "GET /whsy.php?e=1747670958.M421474P25782.node3636.myfcloud.com,S=77864,W=78520&p=/home/lab2454c/mail/new HTTP/1.1" 200 112450 "-" "Mozilla/5.0 (compatible; SERankingBacklinksBot/1.0; +https://seranking.com/backlinks-crawler)"
144.76.32.190 - - [01/Mar/2026:12:42:56 +0000] "GET /whsy.php?e=1751408050.M268241P31469.node3636.myfcloud.com,S=66120,W=67013&p=/home/lab2454c/mail/new HTTP/1.1" 200 135718 "-" "Mozilla/5.0 (compatible; SERankingBacklinksBot/1.0; +https://seranking.com/backlinks-crawler)"
144.76.32.190 - - [01/Mar/2026:12:43:00 +0000] "GET /whsy.php?e=1752742708.M480938P25584.node3636.myfcloud.com,S=16462,W=16792&p=/home/lab2454c/mail/new HTTP/1.1" 200 121328 "-" "Mozilla/5.0 (compatible; SERankingBacklinksBot/1.0; +https://seranking.com/backlinks-crawler)"
144.76.32.190 - - [01/Mar/2026:12:43:03 +0000] "GET /whsy.php?e=1755026601.M650911P20041.node3636.myfcloud.com,S=13508,W=13732&p=/home/lab2454c/mail/new HTTP/1.1" 200 128901 "-" "Mozilla/5.0 (compatible; SERankingBacklinksBot/1.0; +https://seranking.com/backlinks-crawler)"
74.7.243.238 - - [01/Mar/2026:12:43:05 +0000] "GET /whsy.php?e=arp_tables_matches&p=%2Fproc%2F11146%2Ftask%2F11161%2Fnet HTTP/2.0" 200 2465 "https://23rdbanking.com/whsy.php?p=%2Fproc%2F11146%2Ftask%2F11161%2Fnet" "Mozilla/5.0 AppleWebKit/537.36 (KHTML, like Gecko; compatible; GPTBot/1.3; +https://openai.com/gptbot)"
144.76.32.190 - - [01/Mar/2026:12:43:06 +0000] "GET /whsy.php?e=1756390870.M544154P28387.node3636.myfcloud.com,S=17392,W=17680&p=/home/lab2454c/mail/new HTTP/1.1" 200 110239 "-" "Mozilla/5.0 (compatible; SERankingBacklinksBot/1.0; +https://seranking.com/backlinks-crawler)"
74.7.242.43 - - [01/Mar/2026:12:43:07 +0000] "GET /whsy.php?e=prev&p=%2Fproc%2F23081%2Fattr HTTP/2.0" 200 859 "https://www.23rdbanking.com.lab2454.com/whsy.php?p=%2Fproc%2F23081%2Fattr" "Mozilla/5.0 AppleWebKit/537.36 (KHTML, like Gecko; compatible; GPTBot/1.3; +https://openai.com/gptbot)"
144.76.32.190 - - [01/Mar/2026:12:43:09 +0000] "GET /whsy.php?e=1756743341.M147564P19189.node3636.myfcloud.com,S=58809,W=59348&p=/home/lab2454c/mail/new HTTP/1.1" 200 113793 "-" "Mozilla/5.0 (compatible; SERankingBacklinksBot/1.0; +https://seranking.com/backlinks-crawler)"
144.76.32.190 - - [01/Mar/2026:12:43:13 +0000] "GET /whsy.php?e=1759769064.M209253P26875.node3636.myfcloud.com,S=67565,W=68158&p=/home/lab2454c/mail/new HTTP/1.1" 200 114253 "-" "Mozilla/5.0 (compatible; SERankingBacklinksBot/1.0; +https://seranking.com/backlinks-crawler)"
74.7.243.238 - - [01/Mar/2026:12:43:13 +0000] "GET /whsy.php?e=arp_tables_targets&p=%2Fproc%2F11146%2Ftask%2F11152%2Fnet HTTP/2.0" 200 2467 "https://23rdbanking.com/whsy.php?p=%2Fproc%2F11146%2Ftask%2F11152%2Fnet" "Mozilla/5.0 AppleWebKit/537.36 (KHTML, like Gecko; compatible; GPTBot/1.3; +https://openai.com/gptbot)"
74.7.242.43 - - [01/Mar/2026:12:43:15 +0000] "GET /whsy.php?e=tcp&p=%2Fproc%2F27716%2Fnet HTTP/2.0" 200 863 "https://www.23rdbanking.com.lab2454.com/whsy.php?p=%2Fproc%2F27716%2Fnet" "Mozilla/5.0 AppleWebKit/537.36 (KHTML, like Gecko; compatible; GPTBot/1.3; +https://openai.com/gptbot)"
144.76.32.190 - - [01/Mar/2026:12:43:16 +0000] "GET /whsy.php?e=1762407114.M517038P12494.node3636.myfcloud.com,S=30898,W=31274&p=/home/lab2454c/mail/new HTTP/1.1" 200 110775 "-" "Mozilla/5.0 (compatible; SERankingBacklinksBot/1.0; +https://seranking.com/backlinks-crawler)"
144.76.32.190 - - [01/Mar/2026:12:43:19 +0000] "GET /whsy.php?e=1762767906.M638024P17924.node3636.myfcloud.com,S=47464,W=48512&p=/home/lab2454c/mail/new HTTP/1.1" 200 139359 "-" "Mozilla/5.0 (compatible; SERankingBacklinksBot/1.0; +https://seranking.com/backlinks-crawler)"
144.76.32.190 - - [01/Mar/2026:12:43:22 +0000] "GET /whsy.php?e=1768362948.M298945P29712.node3636.myfcloud.com,S=46826,W=47688&p=/home/lab2454c/mail/new HTTP/1.1" 200 121517 "-" "Mozilla/5.0 (compatible; SERankingBacklinksBot/1.0; +https://seranking.com/backlinks-crawler)"
74.7.243.238 - - [01/Mar/2026:12:43:23 +0000] "GET /whsy.php?e=ip6_tables_targets&p=%2Fproc%2F11146%2Ftask%2F11161%2Fnet HTTP/2.0" 200 2465 "https://23rdbanking.com/whsy.php?p=%2Fproc%2F11146%2Ftask%2F11161%2Fnet" "Mozilla/5.0 AppleWebKit/537.36 (KHTML, like Gecko; compatible; GPTBot/1.3; +https://openai.com/gptbot)"
74.7.242.43 - - [01/Mar/2026:12:43:23 +0000] "GET /whsy.php?e=tcp&p=%2Fproc%2F32376%2Fnet HTTP/2.0" 200 863 "https://www.23rdbanking.com.lab2454.com/whsy.php?p=%2Fproc%2F32376%2Fnet" "Mozilla/5.0 AppleWebKit/537.36 (KHTML, like Gecko; compatible; GPTBot/1.3; +https://openai.com/gptbot)"
144.76.32.190 - - [01/Mar/2026:12:43:25 +0000] "GET /whsy.php?e=1769296978.M474226P14423.node3636.myfcloud.com,S=16129,W=16382&p=/home/lab2454c/mail/new HTTP/1.1" 200 108005 "-" "Mozilla/5.0 (compatible; SERankingBacklinksBot/1.0; +https://seranking.com/backlinks-crawler)"
74.7.243.238 - - [01/Mar/2026:12:43:28 +0000] "GET /whsy.php?e=io&p=%2Fproc%2F11146%2Ftask%2F11151 HTTP/2.0" 200 1802 "https://23rdbanking.com/whsy.php?p=%2Fproc%2F11146%2Ftask%2F11151" "Mozilla/5.0 AppleWebKit/537.36 (KHTML, like Gecko; compatible; GPTBot/1.3; +https://openai.com/gptbot)"
144.76.32.190 - - [01/Mar/2026:12:43:29 +0000] "GET /whsy.php?e=1769644990.M231123P16953.node3636.myfcloud.com,S=25082,W=25463&p=/home/lab2454c/mail/new HTTP/1.1" 200 137949 "-" "Mozilla/5.0 (compatible; SERankingBacklinksBot/1.0; +https://seranking.com/backlinks-crawler)"
74.7.242.43 - - [01/Mar/2026:12:43:29 +0000] "GET /whsy.php?e=rt_acct&p=%2Fproc%2F27716%2Fnet HTTP/2.0" 200 863 "https://www.23rdbanking.com.lab2454.com/whsy.php?p=%2Fproc%2F27716%2Fnet" "Mozilla/5.0 AppleWebKit/537.36 (KHTML, like Gecko; compatible; GPTBot/1.3; +https://openai.com/gptbot)"
144.76.32.190 - - [01/Mar/2026:12:43:32 +0000] "GET /whsy.php?e=awstats022022.minersandcommoditytraders.com.lab2454.com.txt&p=/home/lab2454c/tmp/awstats HTTP/1.1" 200 85037 "-" "Mozilla/5.0 (compatible; SERankingBacklinksBot/1.0; +https://seranking.com/backlinks-crawler)"
74.7.243.238 - - [01/Mar/2026:12:43:34 +0000] "GET /whsy.php?e=nfnetlink_log&p=%2Fproc%2F27919%2Fnet%2Fnetfilter HTTP/2.0" 200 863 "https://23rdbanking.com/whsy.php?p=%2Fproc%2F27919%2Fnet%2Fnetfilter" "Mozilla/5.0 AppleWebKit/537.36 (KHTML, like Gecko; compatible; GPTBot/1.3; +https://openai.com/gptbot)"
144.76.32.190 - - [01/Mar/2026:12:43:35 +0000] "GET /whsy.php?e=awstats022024.minersandcommoditytraders.com.lab2454.com.txt&p=/home/lab2454c/tmp/awstats HTTP/1.1" 200 88243 "-" "Mozilla/5.0 (compatible; SERankingBacklinksBot/1.0; +https://seranking.com/backlinks-crawler)"
74.7.242.43 - - [01/Mar/2026:12:43:35 +0000] "GET /whsy.php?e=rt_acct&p=%2Fproc%2F32376%2Fnet HTTP/2.0" 200 863 "https://www.23rdbanking.com.lab2454.com/whsy.php?p=%2Fproc%2F32376%2Fnet" "Mozilla/5.0 AppleWebKit/537.36 (KHTML, like Gecko; compatible; GPTBot/1.3; +https://openai.com/gptbot)"
144.76.32.190 - - [01/Mar/2026:12:43:38 +0000] "GET /whsy.php?e=awstats052024.minersandcommoditytraders.com.lab2454.com.txt&p=/home/lab2454c/tmp/awstats HTTP/1.1" 200 92343 "-" "Mozilla/5.0 (compatible; SERankingBacklinksBot/1.0; +https://seranking.com/backlinks-crawler)"
74.7.243.238 - - [01/Mar/2026:12:43:41 +0000] "GET /whsy.php?e=nfnetlink_log&p=%2Fproc%2F11330%2Fnet%2Fnetfilter HTTP/2.0" 200 863 "https://23rdbanking.com/whsy.php?p=%2Fproc%2F11330%2Fnet%2Fnetfilter" "Mozilla/5.0 AppleWebKit/537.36 (KHTML, like Gecko; compatible; GPTBot/1.3; +https://openai.com/gptbot)"
144.76.32.190 - - [01/Mar/2026:12:43:42 +0000] "GET /whsy.php?e=awstats112023.minersandcommoditytraders.com.lab2454.com.txt&p=/home/lab2454c/tmp/awstats HTTP/1.1" 200 92026 "-" "Mozilla/5.0 (compatible; SERankingBacklinksBot/1.0; +https://seranking.com/backlinks-crawler)"
74.7.242.43 - - [01/Mar/2026:12:43:42 +0000] "GET /whsy.php?e=prev&p=%2Fproc%2F27716%2Fattr HTTP/2.0" 200 863 "https://www.23rdbanking.com.lab2454.com/whsy.php?p=%2Fproc%2F27716%2Fattr" "Mozilla/5.0 AppleWebKit/537.36 (KHTML, like Gecko; compatible; GPTBot/1.3; +https://openai.com/gptbot)"
144.76.32.190 - - [01/Mar/2026:12:43:45 +0000] "GET /whsy.php?e=awstats122022.minersandcommoditytraders.com.lab2454.com.txt&p=/home/lab2454c/tmp/awstats HTTP/1.1" 200 86696 "-" "Mozilla/5.0 (compatible; SERankingBacklinksBot/1.0; +https://seranking.com/backlinks-crawler)"
74.7.243.238 - - [01/Mar/2026:12:43:45 +0000] "GET /whsy.php?e=ip6_flowlabel&p=%2Fproc%2F13144%2Fnet HTTP/2.0" 200 863 "https://23rdbanking.com/whsy.php?p=%2Fproc%2F13144%2Fnet" "Mozilla/5.0 AppleWebKit/537.36 (KHTML, like Gecko; compatible; GPTBot/1.3; +https://openai.com/gptbot)"
74.7.242.43 - - [01/Mar/2026:12:43:46 +0000] "GET /whsy.php?e=tcp&p=%2Fproc%2F23081%2Fnet HTTP/2.0" 200 8612 "https://www.23rdbanking.com.lab2454.com/whsy.php?p=%2Fproc%2F23081%2Fnet" "Mozilla/5.0 AppleWebKit/537.36 (KHTML, like Gecko; compatible; GPTBot/1.3; +https://openai.com/gptbot)"
144.76.32.190 - - [01/Mar/2026:12:43:48 +0000] "GET /whsy.php?e=class-wp-block-bindings-registry.php&p=/home/lab2454c/climatefinancebank.com/wp-includes HTTP/1.1" 200 10792 "-" "Mozilla/5.0 (compatible; SERankingBacklinksBot/1.0; +https://seranking.com/backlinks-crawler)"
74.7.243.238 - - [01/Mar/2026:12:43:50 +0000] "GET /whsy.php?e=ip6_flowlabel&p=%2Fproc%2F13484%2Fnet HTTP/2.0" 200 863 "https://23rdbanking.com/whsy.php?p=%2Fproc%2F13484%2Fnet" "Mozilla/5.0 AppleWebKit/537.36 (KHTML, like Gecko; compatible; GPTBot/1.3; +https://openai.com/gptbot)"
74.7.242.43 - - [01/Mar/2026:12:43:51 +0000] "GET /whsy.php?e=arp&p=%2Fproc%2F27716%2Fnet HTTP/2.0" 200 863 "https://www.23rdbanking.com.lab2454.com/whsy.php?p=%2Fproc%2F27716%2Fnet" "Mozilla/5.0 AppleWebKit/537.36 (KHTML, like Gecko; compatible; GPTBot/1.3; +https://openai.com/gptbot)"
144.76.32.190 - - [01/Mar/2026:12:43:51 +0000] "GET /whsy.php?e=class-wp-block-editor-context.php&p=/home/lab2454c/carbonbullionexchange.com/wp-includes HTTP/1.1" 200 9125 "-" "Mozilla/5.0 (compatible; SERankingBacklinksBot/1.0; +https://seranking.com/backlinks-crawler)"
144.76.32.190 - - [01/Mar/2026:12:43:54 +0000] "GET /whsy.php?e=class-wp-block-pattern-categories-registry.php&p=/home/lab2454c/archfort.com/wp-includes HTTP/1.1" 200 10162 "-" "Mozilla/5.0 (compatible; SERankingBacklinksBot/1.0; +https://seranking.com/backlinks-crawler)"
144.76.32.190 - - [01/Mar/2026:12:43:58 +0000] "GET /whsy.php?e=class-wp-block-pattern-categories-registry.php&p=/home/lab2454c/gemition.com/wp-includes HTTP/1.1" 200 9879 "-" "Mozilla/5.0 (compatible; SERankingBacklinksBot/1.0; +https://seranking.com/backlinks-crawler)"
74.7.243.238 - - [01/Mar/2026:12:43:58 +0000] "GET /whsy.php?e=ip6_flowlabel&p=%2Fproc%2F18632%2Fnet HTTP/2.0" 200 2550 "https://23rdbanking.com/whsy.php?p=%2Fproc%2F18632%2Fnet" "Mozilla/5.0 AppleWebKit/537.36 (KHTML, like Gecko; compatible; GPTBot/1.3; +https://openai.com/gptbot)"
74.7.242.43 - - [01/Mar/2026:12:43:59 +0000] "GET /whsy.php?e=arp&p=%2Fproc%2F32376%2Fnet HTTP/2.0" 200 863 "https://www.23rdbanking.com.lab2454.com/whsy.php?p=%2Fproc%2F32376%2Fnet" "Mozilla/5.0 AppleWebKit/537.36 (KHTML, like Gecko; compatible; GPTBot/1.3; +https://openai.com/gptbot)"
144.76.32.190 - - [01/Mar/2026:12:44:01 +0000] "GET /whsy.php?e=class-wp-block-pattern-categories-registry.php&p=/home/lab2454c/incforce.com/wp-includes HTTP/1.1" 200 9872 "-" "Mozilla/5.0 (compatible; SERankingBacklinksBot/1.0; +https://seranking.com/backlinks-crawler)"
144.76.32.190 - - [01/Mar/2026:12:44:04 +0000] "GET /whsy.php?e=class-wp-block-pattern-categories-registry.php&p=/home/lab2454c/netxzero.com/wp-includes HTTP/1.1" 200 8977 "-" "Mozilla/5.0 (compatible; SERankingBacklinksBot/1.0; +https://seranking.com/backlinks-crawler)"
144.76.32.190 - - [01/Mar/2026:12:44:07 +0000] "GET /whsy.php?e=class-wp-block-patterns-registry.php&p=/home/lab2454c/baas.elementalrock.com/wp-includes HTTP/1.1" 200 9238 "-" "Mozilla/5.0 (compatible; SERankingBacklinksBot/1.0; +https://seranking.com/backlinks-crawler)"
74.7.243.238 - - [01/Mar/2026:12:44:07 +0000] "GET /whsy.php?e=ip6_flowlabel&p=%2Fproc%2F12901%2Fnet HTTP/2.0" 200 863 "https://23rdbanking.com/whsy.php?p=%2Fproc%2F12901%2Fnet" "Mozilla/5.0 AppleWebKit/537.36 (KHTML, like Gecko; compatible; GPTBot/1.3; +https://openai.com/gptbot)"
74.7.242.43 - - [01/Mar/2026:12:44:09 +0000] "GET /whsy.php?p=%2Fproc%2F27716%2Fnet%2Fipt_hashlimit HTTP/2.0" 200 863 "https://www.23rdbanking.com.lab2454.com/whsy.php?p=%2Fproc%2F27716%2Fnet" "Mozilla/5.0 AppleWebKit/537.36 (KHTML, like Gecko; compatible; GPTBot/1.3; +https://openai.com/gptbot)"
144.76.32.190 - - [01/Mar/2026:12:44:10 +0000] "GET /whsy.php?e=class-wp-block-patterns-registry.php&p=/home/lab2454c/climatefinancebank.com/wp-includes HTTP/1.1" 200 11253 "-" "Mozilla/5.0 (compatible; SERankingBacklinksBot/1.0; +https://seranking.com/backlinks-crawler)"
144.76.32.190 - - [01/Mar/2026:12:44:14 +0000] "GET /whsy.php?e=class-wp-block-type-registry.php&p=/home/lab2454c/invest.equitablebarter.com/wp-includes HTTP/1.1" 200 9476 "-" "Mozilla/5.0 (compatible; SERankingBacklinksBot/1.0; +https://seranking.com/backlinks-crawler)"
144.76.32.190 - - [01/Mar/2026:12:44:17 +0000] "GET /whsy.php?e=class-wp-classic-to-block-menu-converter.php&p=/home/lab2454c/aficbgroup.com/wp-includes HTTP/1.1" 200 9697 "-" "Mozilla/5.0 (compatible; SERankingBacklinksBot/1.0; +https://seranking.com/backlinks-crawler)"
74.7.243.238 - - [01/Mar/2026:12:44:17 +0000] "GET /whsy.php?e=ip6_flowlabel&p=%2Fproc%2F25083%2Fnet HTTP/2.0" 200 863 "https://23rdbanking.com/whsy.php?p=%2Fproc%2F25083%2Fnet" "Mozilla/5.0 AppleWebKit/537.36 (KHTML, like Gecko; compatible; GPTBot/1.3; +https://openai.com/gptbot)"
74.7.242.43 - - [01/Mar/2026:12:44:18 +0000] "GET /whsy.php?p=%2Fproc%2F32376%2Fnet%2Fipt_hashlimit HTTP/2.0" 200 863 "https://www.23rdbanking.com.lab2454.com/whsy.php?p=%2Fproc%2F32376%2Fnet" "Mozilla/5.0 AppleWebKit/537.36 (KHTML, like Gecko; compatible; GPTBot/1.3; +https://openai.com/gptbot)"
144.76.32.190 - - [01/Mar/2026:12:44:20 +0000] "GET /whsy.php?e=class-wp-classic-to-block-menu-converter.php&p=/home/lab2454c/caimegroup.com/wp-includes HTTP/1.1" 200 10138 "-" "Mozilla/5.0 (compatible; SERankingBacklinksBot/1.0; +https://seranking.com/backlinks-crawler)"
74.7.243.238 - - [01/Mar/2026:12:44:23 +0000] "GET /whsy.php?e=ip6_flowlabel&p=%2Fproc%2F11330%2Fnet HTTP/2.0" 200 863 "https://23rdbanking.com/whsy.php?p=%2Fproc%2F11330%2Fnet" "Mozilla/5.0 AppleWebKit/537.36 (KHTML, like Gecko; compatible; GPTBot/1.3; +https://openai.com/gptbot)"
144.76.32.190 - - [01/Mar/2026:12:44:23 +0000] "GET /whsy.php?e=class-wp-classic-to-block-menu-converter.php&p=/home/lab2454c/credityork.com/wp-includes HTTP/1.1" 200 9450 "-" "Mozilla/5.0 (compatible; SERankingBacklinksBot/1.0; +https://seranking.com/backlinks-crawler)"
74.7.242.43 - - [01/Mar/2026:12:44:24 +0000] "GET /whsy.php?e=psched&p=%2Fproc%2F23081%2Fnet HTTP/2.0" 200 863 "https://www.23rdbanking.com.lab2454.com/whsy.php?p=%2Fproc%2F23081%2Fnet" "Mozilla/5.0 AppleWebKit/537.36 (KHTML, like Gecko; compatible; GPTBot/1.3; +https://openai.com/gptbot)"
144.76.32.190 - - [01/Mar/2026:12:44:26 +0000] "GET /whsy.php?e=class-wp-classic-to-block-menu-converter.php&p=/home/lab2454c/inctechhub.com/wp-includes HTTP/1.1" 200 9724 "-" "Mozilla/5.0 (compatible; SERankingBacklinksBot/1.0; +https://seranking.com/backlinks-crawler)"
144.76.32.190 - - [01/Mar/2026:12:44:30 +0000] "GET /whsy.php?e=class-wp-customize-nav-menus.php&p=/home/lab2454c/invest.equitablebarter.com/wp-includes HTTP/1.1" 200 22359 "-" "Mozilla/5.0 (compatible; SERankingBacklinksBot/1.0; +https://seranking.com/backlinks-crawler)"
74.7.243.238 - - [01/Mar/2026:12:44:30 +0000] "GET /whsy.php?e=ip6_flowlabel&p=%2Fproc%2F16769%2Fnet HTTP/2.0" 200 2550 "https://23rdbanking.com/whsy.php?p=%2Fproc%2F16769%2Fnet" "Mozilla/5.0 AppleWebKit/537.36 (KHTML, like Gecko; compatible; GPTBot/1.3; +https://openai.com/gptbot)"
74.7.242.43 - - [01/Mar/2026:12:44:32 +0000] "GET /whsy.php?e=packet&p=%2Fproc%2F27716%2Fnet HTTP/2.0" 200 863 "https://www.23rdbanking.com.lab2454.com/whsy.php?p=%2Fproc%2F27716%2Fnet" "Mozilla/5.0 AppleWebKit/537.36 (KHTML, like Gecko; compatible; GPTBot/1.3; +https://openai.com/gptbot)"
144.76.32.190 - - [01/Mar/2026:12:44:33 +0000] "GET /whsy.php?e=class-wp-fatal-error-handler.php&p=/home/lab2454c/invest.equitablebarter.com/wp-includes HTTP/1.1" 200 10828 "-" "Mozilla/5.0 (compatible; SERankingBacklinksBot/1.0; +https://seranking.com/backlinks-crawler)"
144.76.32.190 - - [01/Mar/2026:12:44:36 +0000] "GET /whsy.php?e=class-wp-feed-cache-transient.php&p=/home/lab2454c/carbonbullionexchange.com/wp-includes HTTP/1.1" 200 9407 "-" "Mozilla/5.0 (compatible; SERankingBacklinksBot/1.0; +https://seranking.com/backlinks-crawler)"
144.76.32.190 - - [01/Mar/2026:12:44:39 +0000] "GET /whsy.php?e=class-wp-http-requests-hooks.php&p=/home/lab2454c/invest.equitablebarter.com/wp-includes HTTP/1.1" 200 8977 "-" "Mozilla/5.0 (compatible; SERankingBacklinksBot/1.0; +https://seranking.com/backlinks-crawler)"
144.76.32.190 - - [01/Mar/2026:12:44:42 +0000] "GET /whsy.php?e=class-wp-http-requests-response.php&p=/home/lab2454c/invest.westernclear.com/wp-includes HTTP/1.1" 200 10119 "-" "Mozilla/5.0 (compatible; SERankingBacklinksBot/1.0; +https://seranking.com/backlinks-crawler)"
144.76.32.190 - - [01/Mar/2026:12:44:46 +0000] "GET /whsy.php?e=class-wp-image-editor-imagick.php&p=/home/lab2454c/carbonbullionexchange.com/wp-includes HTTP/1.1" 200 17564 "-" "Mozilla/5.0 (compatible; SERankingBacklinksBot/1.0; +https://seranking.com/backlinks-crawler)"
74.7.243.238 - - [01/Mar/2026:12:44:49 +0000] "GET /whsy.php?e=ip6_flowlabel&p=%2Fproc%2F18867%2Fnet HTTP/2.0" 200 863 "https://23rdbanking.com/whsy.php?p=%2Fproc%2F18867%2Fnet" "Mozilla/5.0 AppleWebKit/537.36 (KHTML, like Gecko; compatible; GPTBot/1.3; +https://openai.com/gptbot)"
144.76.32.190 - - [01/Mar/2026:12:44:49 +0000] "GET /whsy.php?e=class-wp-metadata-lazyloader.php&p=/home/lab2454c/invest.equitablebarter.com/wp-includes HTTP/1.1" 200 10088 "-" "Mozilla/5.0 (compatible; SERankingBacklinksBot/1.0; +https://seranking.com/backlinks-crawler)"
74.7.242.43 - - [01/Mar/2026:12:44:51 +0000] "GET /whsy.php?e=packet&p=%2Fproc%2F32376%2Fnet HTTP/2.0" 200 863 "https://www.23rdbanking.com.lab2454.com/whsy.php?p=%2Fproc%2F32376%2Fnet" "Mozilla/5.0 AppleWebKit/537.36 (KHTML, like Gecko; compatible; GPTBot/1.3; +https://openai.com/gptbot)"
144.76.32.190 - - [01/Mar/2026:12:44:52 +0000] "GET /whsy.php?e=class-wp-navigation-fallback.php&p=/home/lab2454c/invest.equitablebarter.com/wp-includes HTTP/1.1" 200 10403 "-" "Mozilla/5.0 (compatible; SERankingBacklinksBot/1.0; +https://seranking.com/backlinks-crawler)"
144.76.32.190 - - [01/Mar/2026:12:44:55 +0000] "GET /whsy.php?e=class-wp-paused-extensions-storage.php&p=/home/lab2454c/am.elementalrock.com/wp-includes HTTP/1.1" 200 9678 "-" "Mozilla/5.0 (compatible; SERankingBacklinksBot/1.0; +https://seranking.com/backlinks-crawler)"
144.76.32.190 - - [01/Mar/2026:12:44:58 +0000] "GET /whsy.php?e=class-wp-paused-extensions-storage.php&p=/home/lab2454c/christianitybank.com/wp-includes HTTP/1.1" 200 9835 "-" "Mozilla/5.0 (compatible; SERankingBacklinksBot/1.0; +https://seranking.com/backlinks-crawler)"
74.7.243.238 - - [01/Mar/2026:12:45:01 +0000] "GET /whsy.php?e=ip6_flowlabel&p=%2Fproc%2F15754%2Fnet HTTP/2.0" 200 863 "https://23rdbanking.com/whsy.php?p=%2Fproc%2F15754%2Fnet" "Mozilla/5.0 AppleWebKit/537.36 (KHTML, like Gecko; compatible; GPTBot/1.3; +https://openai.com/gptbot)"
144.76.32.190 - - [01/Mar/2026:12:45:02 +0000] "GET /whsy.php?e=class-wp-recovery-mode-cookie-service.php&p=/home/lab2454c/carbonbullion.com/wp-includes HTTP/1.1" 200 10567 "-" "Mozilla/5.0 (compatible; SERankingBacklinksBot/1.0; +https://seranking.com/backlinks-crawler)"
74.7.242.43 - - [01/Mar/2026:12:45:03 +0000] "GET /whsy.php?p=%2Fproc%2F28433%2Ffdinfo HTTP/2.0" 200 863 "https://www.23rdbanking.com.lab2454.com/whsy.php?p=%2Fproc%2F28433" "Mozilla/5.0 AppleWebKit/537.36 (KHTML, like Gecko; compatible; GPTBot/1.3; +https://openai.com/gptbot)"
74.7.230.21 - - [01/Mar/2026:12:45:04 +0000] "GET /robots.txt HTTP/2.0" 404 - "-" "Mozilla/5.0 (Macintosh; Intel Mac OS X 10_15_7) AppleWebKit/537.36 (KHTML, like Gecko) Chrome/131.0.0.0 Safari/537.36; compatible; OAI-SearchBot/1.3; robots.txt; +https://openai.com/searchbot"
144.76.32.190 - - [01/Mar/2026:12:45:05 +0000] "GET /whsy.php?e=class-wp-recovery-mode-cookie-service.php&p=/home/lab2454c/carbonbullion.net/wp-includes HTTP/1.1" 200 10736 "-" "Mozilla/5.0 (compatible; SERankingBacklinksBot/1.0; +https://seranking.com/backlinks-crawler)"
144.76.32.190 - - [01/Mar/2026:12:45:08 +0000] "GET /whsy.php?e=class-wp-recovery-mode-cookie-service.php&p=/home/lab2454c/elementalmill.com/wp-includes HTTP/1.1" 200 11036 "-" "Mozilla/5.0 (compatible; SERankingBacklinksBot/1.0; +https://seranking.com/backlinks-crawler)"
144.76.32.190 - - [01/Mar/2026:12:45:11 +0000] "GET /whsy.php?e=class-wp-recovery-mode-cookie-service.php&p=/home/lab2454c/elementalrock.com/wp-includes HTTP/1.1" 200 11051 "-" "Mozilla/5.0 (compatible; SERankingBacklinksBot/1.0; +https://seranking.com/backlinks-crawler)"
74.7.243.238 - - [01/Mar/2026:12:45:12 +0000] "GET /whsy.php?e=ip6_flowlabel&p=%2Fproc%2F25364%2Fnet HTTP/2.0" 200 2551 "https://23rdbanking.com/whsy.php?p=%2Fproc%2F25364%2Fnet" "Mozilla/5.0 AppleWebKit/537.36 (KHTML, like Gecko; compatible; GPTBot/1.3; +https://openai.com/gptbot)"
74.7.242.43 - - [01/Mar/2026:12:45:14 +0000] "GET /whsy.php?p=%2Fproc%2F27716%2Ffdinfo HTTP/2.0" 200 863 "https://www.23rdbanking.com.lab2454.com/whsy.php?p=%2Fproc%2F27716" "Mozilla/5.0 AppleWebKit/537.36 (KHTML, like Gecko; compatible; GPTBot/1.3; +https://openai.com/gptbot)"
144.76.32.190 - - [01/Mar/2026:12:45:15 +0000] "GET /whsy.php?e=class-wp-recovery-mode-cookie-service.php&p=/home/lab2454c/equitablegold.com/wp-includes HTTP/1.1" 200 10712 "-" "Mozilla/5.0 (compatible; SERankingBacklinksBot/1.0; +https://seranking.com/backlinks-crawler)"
144.76.32.190 - - [01/Mar/2026:12:45:18 +0000] "GET /whsy.php?e=class-wp-recovery-mode-cookie-service.php&p=/home/lab2454c/isaaclondston.com/wp-includes HTTP/1.1" 200 10736 "-" "Mozilla/5.0 (compatible; SERankingBacklinksBot/1.0; +https://seranking.com/backlinks-crawler)"
144.76.32.190 - - [01/Mar/2026:12:45:21 +0000] "GET /whsy.php?e=class-wp-recovery-mode-cookie-service.php&p=/home/lab2454c/securepaychip.com/wp-includes HTTP/1.1" 200 10567 "-" "Mozilla/5.0 (compatible; SERankingBacklinksBot/1.0; +https://seranking.com/backlinks-crawler)"
144.76.32.190 - - [01/Mar/2026:12:45:24 +0000] "GET /whsy.php?e=class-wp-recovery-mode-email-service.php&p=/home/lab2454c/caimegroup.com/wp-includes_old HTTP/1.1" 200 11933 "-" "Mozilla/5.0 (compatible; SERankingBacklinksBot/1.0; +https://seranking.com/backlinks-crawler)"
144.76.32.190 - - [01/Mar/2026:12:45:28 +0000] "GET /whsy.php?e=class-wp-recovery-mode-email-service.php&p=/home/lab2454c/sparxbankgroup.com/wp-includes HTTP/1.1" 200 11796 "-" "Mozilla/5.0 (compatible; SERankingBacklinksBot/1.0; +https://seranking.com/backlinks-crawler)"
144.76.32.190 - - [01/Mar/2026:12:45:31 +0000] "GET /whsy.php?e=class-wp-recovery-mode-key-service.php&p=/home/lab2454c/am.elementalrock.com/wp-includes HTTP/1.1" 200 9804 "-" "Mozilla/5.0 (compatible; SERankingBacklinksBot/1.0; +https://seranking.com/backlinks-crawler)"
144.76.32.190 - - [01/Mar/2026:12:45:34 +0000] "GET /whsy.php?e=class-wp-recovery-mode-key-service.php&p=/home/lab2454c/christianitybank.com/wp-includes HTTP/1.1" 200 9956 "-" "Mozilla/5.0 (compatible; SERankingBacklinksBot/1.0; +https://seranking.com/backlinks-crawler)"
74.7.243.238 - - [01/Mar/2026:12:45:34 +0000] "GET /whsy.php?e=ip6_flowlabel&p=%2Fproc%2F27919%2Fnet HTTP/2.0" 200 863 "https://23rdbanking.com/whsy.php?p=%2Fproc%2F27919%2Fnet" "Mozilla/5.0 AppleWebKit/537.36 (KHTML, like Gecko; compatible; GPTBot/1.3; +https://openai.com/gptbot)"
74.7.242.43 - - [01/Mar/2026:12:45:36 +0000] "GET /whsy.php?p=%2Fproc%2F32376%2Ffdinfo HTTP/2.0" 200 863 "https://www.23rdbanking.com.lab2454.com/whsy.php?p=%2Fproc%2F32376" "Mozilla/5.0 AppleWebKit/537.36 (KHTML, like Gecko; compatible; GPTBot/1.3; +https://openai.com/gptbot)"
144.76.32.190 - - [01/Mar/2026:12:45:37 +0000] "GET /whsy.php?e=class-wp-simplepie-sanitize-kses.php&p=/home/lab2454c/baas.elementalrock.com/wp-includes HTTP/1.1" 200 8566 "-" "Mozilla/5.0 (compatible; SERankingBacklinksBot/1.0; +https://seranking.com/backlinks-crawler)"
144.76.32.190 - - [01/Mar/2026:12:45:41 +0000] "GET /whsy.php?e=class-wp-simplepie-sanitize-kses.php&p=/home/lab2454c/climatefinancebank.com/wp-includes HTTP/1.1" 200 9312 "-" "Mozilla/5.0 (compatible; SERankingBacklinksBot/1.0; +https://seranking.com/backlinks-crawler)"
144.76.32.190 - - [01/Mar/2026:12:45:44 +0000] "GET /whsy.php?e=class-wp-text-diff-renderer-inline.php&p=/home/lab2454c/am.elementalrock.com/wp-includes HTTP/1.1" 200 8942 "-" "Mozilla/5.0 (compatible; SERankingBacklinksBot/1.0; +https://seranking.com/backlinks-crawler)"
51.195.215.240 - - [01/Mar/2026:12:45:45 +0000] "GET /whsy.php?e=old-carbonbullion-site.zip&p=%2Fhome%2Flab2454c%2Fcarbonbullion.com HTTP/2.0" 200 579 "-" "Mozilla/5.0 (compatible; AhrefsBot/7.0; +http://ahrefs.com/robot/)"
144.76.32.190 - - [01/Mar/2026:12:45:47 +0000] "GET /whsy.php?e=class-wp-text-diff-renderer-inline.php&p=/home/lab2454c/christianitybank.com/wp-includes HTTP/1.1" 200 9069 "-" "Mozilla/5.0 (compatible; SERankingBacklinksBot/1.0; +https://seranking.com/backlinks-crawler)"
74.7.243.238 - - [01/Mar/2026:12:45:49 +0000] "GET /whsy.php?e=ip6_flowlabel&p=%2Fproc%2F12635%2Fnet HTTP/2.0" 200 863 "https://23rdbanking.com/whsy.php?p=%2Fproc%2F12635%2Fnet" "Mozilla/5.0 AppleWebKit/537.36 (KHTML, like Gecko; compatible; GPTBot/1.3; +https://openai.com/gptbot)"
144.76.32.190 - - [01/Mar/2026:12:45:50 +0000] "GET /whsy.php?e=class-wp-text-diff-renderer-table.php&p=/home/lab2454c/financial.datmont.com/wp-includes HTTP/1.1" 200 13182 "-" "Mozilla/5.0 (compatible; SERankingBacklinksBot/1.0; +https://seranking.com/backlinks-crawler)"
74.7.242.43 - - [01/Mar/2026:12:45:51 +0000] "GET /whsy.php?p=%2Fproc%2F21744%2Ffdinfo HTTP/2.0" 200 863 "https://www.23rdbanking.com.lab2454.com/whsy.php?p=%2Fproc%2F21744" "Mozilla/5.0 AppleWebKit/537.36 (KHTML, like Gecko; compatible; GPTBot/1.3; +https://openai.com/gptbot)"
144.76.32.190 - - [01/Mar/2026:12:45:53 +0000] "GET /whsy.php?e=class-wp-text-diff-renderer-table.php&p=/home/lab2454c/invest.credityork.com/wp-includes HTTP/1.1" 200 13181 "-" "Mozilla/5.0 (compatible; SERankingBacklinksBot/1.0; +https://seranking.com/backlinks-crawler)"
144.76.32.190 - - [01/Mar/2026:12:45:57 +0000] "GET /whsy.php?e=class-wp-textdomain-registry.php&p=/home/lab2454c/invest.equitablebarter.com/wp-includes HTTP/1.1" 200 9756 "-" "Mozilla/5.0 (compatible; SERankingBacklinksBot/1.0; +https://seranking.com/backlinks-crawler)"
144.76.32.190 - - [01/Mar/2026:12:46:00 +0000] "GET /whsy.php?e=class-wp-theme-json-resolver.php&p=/home/lab2454c/invest.equitablebarter.com/wp-includes HTTP/1.1" 200 14510 "-" "Mozilla/5.0 (compatible; SERankingBacklinksBot/1.0; +https://seranking.com/backlinks-crawler)"
74.7.243.238 - - [01/Mar/2026:12:46:02 +0000] "GET /whsy.php?e=ip6_flowlabel&p=%2Fproc%2F18136%2Fnet HTTP/2.0" 200 863 "https://23rdbanking.com/whsy.php?p=%2Fproc%2F18136%2Fnet" "Mozilla/5.0 AppleWebKit/537.36 (KHTML, like Gecko; compatible; GPTBot/1.3; +https://openai.com/gptbot)"
74.7.175.187 - - [01/Mar/2026:12:46:03 +0000] "GET /robots.txt HTTP/2.0" 404 - "-" "Mozilla/5.0 (Macintosh; Intel Mac OS X 10_15_7) AppleWebKit/537.36 (KHTML, like Gecko) Chrome/131.0.0.0 Safari/537.36; compatible; OAI-SearchBot/1.3; robots.txt; +https://openai.com/searchbot"
144.76.32.190 - - [01/Mar/2026:12:46:03 +0000] "GET /whsy.php?e=class-wp-user-meta-session-tokens.php&p=/home/lab2454c/financial.datmont.com/wp-includes HTTP/1.1" 200 9278 "-" "Mozilla/5.0 (compatible; SERankingBacklinksBot/1.0; +https://seranking.com/backlinks-crawler)"
74.7.242.43 - - [01/Mar/2026:12:46:06 +0000] "GET /whsy.php?p=%2Fproc%2F23081%2Fnet%2Fip6t_hashlimit HTTP/2.0" 200 863 "https://www.23rdbanking.com.lab2454.com/whsy.php?p=%2Fproc%2F23081%2Fnet" "Mozilla/5.0 AppleWebKit/537.36 (KHTML, like Gecko; compatible; GPTBot/1.3; +https://openai.com/gptbot)"
144.76.32.190 - - [01/Mar/2026:12:46:06 +0000] "GET /whsy.php?e=class-wp-user-meta-session-tokens.php&p=/home/lab2454c/invest.credityork.com/wp-includes HTTP/1.1" 200 9279 "-" "Mozilla/5.0 (compatible; SERankingBacklinksBot/1.0; +https://seranking.com/backlinks-crawler)"
144.76.32.190 - - [01/Mar/2026:12:46:10 +0000] "GET /whsy.php?e=dup-installer-csrf__cd65166-26184757.txt&p=/home/lab2454c/sothebankuab.com/dup-installer HTTP/1.1" 200 1842 "-" "Mozilla/5.0 (compatible; SERankingBacklinksBot/1.0; +https://seranking.com/backlinks-crawler)"
144.76.32.190 - - [01/Mar/2026:12:46:13 +0000] "GET /whsy.php?e=dup-installer-state_cd65166-26184757.txt&p=/home/lab2454c/sothebankuab.com/dup-installer HTTP/1.1" 200 1405 "-" "Mozilla/5.0 (compatible; SERankingBacklinksBot/1.0; +https://seranking.com/backlinks-crawler)"
74.7.243.238 - - [01/Mar/2026:12:46:16 +0000] "GET /whsy.php?e=ip6_flowlabel&p=%2Fproc%2F26917%2Fnet HTTP/2.0" 200 2550 "https://23rdbanking.com/whsy.php?p=%2Fproc%2F26917%2Fnet" "Mozilla/5.0 AppleWebKit/537.36 (KHTML, like Gecko; compatible; GPTBot/1.3; +https://openai.com/gptbot)"
144.76.32.190 - - [01/Mar/2026:12:46:16 +0000] "GET /whsy.php?e=dup-orig-wp-config__cd65166-26184757.txt&p=/home/lab2454c/sothebankuab.com/dup-installer HTTP/1.1" 200 3027 "-" "Mozilla/5.0 (compatible; SERankingBacklinksBot/1.0; +https://seranking.com/backlinks-crawler)"
74.7.242.43 - - [01/Mar/2026:12:46:17 +0000] "GET /whsy.php?e=netstat&p=%2Fproc%2F27716%2Fnet HTTP/2.0" 200 863 "https://www.23rdbanking.com.lab2454.com/whsy.php?p=%2Fproc%2F27716%2Fnet" "Mozilla/5.0 AppleWebKit/537.36 (KHTML, like Gecko; compatible; GPTBot/1.3; +https://openai.com/gptbot)"
144.76.32.190 - - [01/Mar/2026:12:46:19 +0000] "GET /whsy.php?e=1638115963.M421519P22980.node3636.myfcloud.com,S=3577,W=3667:2,&p=/home/lab2454c/mail/cur HTTP/1.1" 200 49003 "-" "Mozilla/5.0 (compatible; SERankingBacklinksBot/1.0; +https://seranking.com/backlinks-crawler)"
144.76.32.190 - - [01/Mar/2026:12:46:22 +0000] "GET /whsy.php?e=1640262965.M99899P21129.node3636.myfcloud.com,S=3212,W=3289:2,S&p=/home/lab2454c/mail/cur HTTP/1.1" 200 48704 "-" "Mozilla/5.0 (compatible; SERankingBacklinksBot/1.0; +https://seranking.com/backlinks-crawler)"
144.76.32.190 - - [01/Mar/2026:12:46:26 +0000] "GET /whsy.php?e=1640263152.M630431P23259.node3636.myfcloud.com,S=3207,W=3284:2,&p=/home/lab2454c/mail/cur HTTP/1.1" 200 48701 "-" "Mozilla/5.0 (compatible; SERankingBacklinksBot/1.0; +https://seranking.com/backlinks-crawler)"
144.76.32.190 - - [01/Mar/2026:12:46:29 +0000] "GET /whsy.php?e=1640263180.M771354P23259.node3636.myfcloud.com,S=3215,W=3292:2,&p=/home/lab2454c/mail/cur HTTP/1.1" 200 48699 "-" "Mozilla/5.0 (compatible; SERankingBacklinksBot/1.0; +https://seranking.com/backlinks-crawler)"
74.7.243.238 - - [01/Mar/2026:12:46:30 +0000] "GET /whsy.php?e=ip6_flowlabel&p=%2Fproc%2F15578%2Fnet HTTP/2.0" 200 863 "https://23rdbanking.com/whsy.php?p=%2Fproc%2F15578%2Fnet" "Mozilla/5.0 AppleWebKit/537.36 (KHTML, like Gecko; compatible; GPTBot/1.3; +https://openai.com/gptbot)"
144.76.32.190 - - [01/Mar/2026:12:46:32 +0000] "GET /whsy.php?e=1640700079.M767997P20713.node3636.myfcloud.com,S=1023,W=1048:2,&p=/home/lab2454c/mail/cur HTTP/1.1" 200 47991 "-" "Mozilla/5.0 (compatible; SERankingBacklinksBot/1.0; +https://seranking.com/backlinks-crawler)"
74.7.242.43 - - [01/Mar/2026:12:46:33 +0000] "GET /whsy.php?e=netstat&p=%2Fproc%2F32376%2Fnet HTTP/2.0" 200 863 "https://www.23rdbanking.com.lab2454.com/whsy.php?p=%2Fproc%2F32376%2Fnet" "Mozilla/5.0 AppleWebKit/537.36 (KHTML, like Gecko; compatible; GPTBot/1.3; +https://openai.com/gptbot)"
144.76.32.190 - - [01/Mar/2026:12:46:35 +0000] "GET /whsy.php?e=1640721745.M915947P27003.node3636.myfcloud.com,S=1014,W=1039:2,&p=/home/lab2454c/mail/cur HTTP/1.1" 200 47992 "-" "Mozilla/5.0 (compatible; SERankingBacklinksBot/1.0; +https://seranking.com/backlinks-crawler)"
144.76.32.190 - - [01/Mar/2026:12:46:39 +0000] "GET /whsy.php?e=1641310010.M435679P25740.node3636.myfcloud.com,S=1011,W=1036:2,&p=/home/lab2454c/mail/cur HTTP/1.1" 200 47989 "-" "Mozilla/5.0 (compatible; SERankingBacklinksBot/1.0; +https://seranking.com/backlinks-crawler)"
144.76.32.190 - - [01/Mar/2026:12:46:42 +0000] "GET /whsy.php?e=1641476963.M949991P21130.node3636.myfcloud.com,S=1036,W=1061:2,&p=/home/lab2454c/mail/cur HTTP/1.1" 200 47997 "-" "Mozilla/5.0 (compatible; SERankingBacklinksBot/1.0; +https://seranking.com/backlinks-crawler)"
74.7.243.238 - - [01/Mar/2026:12:46:42 +0000] "GET /whsy.php?e=ip6_flowlabel&p=%2Fproc%2F19055%2Fnet HTTP/2.0" 200 863 "https://23rdbanking.com/whsy.php?p=%2Fproc%2F19055%2Fnet" "Mozilla/5.0 AppleWebKit/537.36 (KHTML, like Gecko; compatible; GPTBot/1.3; +https://openai.com/gptbot)"
74.7.242.43 - - [01/Mar/2026:12:46:45 +0000] "GET /whsy.php?e=udplite&p=%2Fproc%2F32376%2Fnet HTTP/2.0" 200 863 "https://www.23rdbanking.com.lab2454.com/whsy.php?p=%2Fproc%2F32376%2Fnet" "Mozilla/5.0 AppleWebKit/537.36 (KHTML, like Gecko; compatible; GPTBot/1.3; +https://openai.com/gptbot)"
144.76.32.190 - - [01/Mar/2026:12:46:45 +0000] "GET /whsy.php?e=1641477302.M701915P25296.node3636.myfcloud.com,S=1017,W=1042:2,&p=/home/lab2454c/mail/cur HTTP/1.1" 200 47994 "-" "Mozilla/5.0 (compatible; SERankingBacklinksBot/1.0; +https://seranking.com/backlinks-crawler)"
144.76.32.190 - - [01/Mar/2026:12:46:48 +0000] "GET /whsy.php?e=1641477603.M957413P29142.node3636.myfcloud.com,S=1021,W=1046:2,&p=/home/lab2454c/mail/cur HTTP/1.1" 200 47996 "-" "Mozilla/5.0 (compatible; SERankingBacklinksBot/1.0; +https://seranking.com/backlinks-crawler)"
74.7.243.238 - - [01/Mar/2026:12:46:51 +0000] "GET /whsy.php?e=ip6_flowlabel&p=%2Fproc%2F32568%2Fnet HTTP/2.0" 200 863 "https://23rdbanking.com/whsy.php?p=%2Fproc%2F32568%2Fnet" "Mozilla/5.0 AppleWebKit/537.36 (KHTML, like Gecko; compatible; GPTBot/1.3; +https://openai.com/gptbot)"
144.76.32.190 - - [01/Mar/2026:12:46:51 +0000] "GET /whsy.php?e=1641480271.M165204P30111.node3636.myfcloud.com,S=1013,W=1038:2,&p=/home/lab2454c/mail/cur HTTP/1.1" 200 47992 "-" "Mozilla/5.0 (compatible; SERankingBacklinksBot/1.0; +https://seranking.com/backlinks-crawler)"
74.7.242.43 - - [01/Mar/2026:12:46:52 +0000] "GET /whsy.php?e=tls_stat&p=%2Fproc%2F32376%2Fnet HTTP/2.0" 200 863 "https://www.23rdbanking.com.lab2454.com/whsy.php?p=%2Fproc%2F32376%2Fnet" "Mozilla/5.0 AppleWebKit/537.36 (KHTML, like Gecko; compatible; GPTBot/1.3; +https://openai.com/gptbot)"
144.76.32.190 - - [01/Mar/2026:12:46:55 +0000] "GET /whsy.php?e=1641481979.M621177P19450.node3636.myfcloud.com,S=1009,W=1034:2,&p=/home/lab2454c/mail/cur HTTP/1.1" 200 47988 "-" "Mozilla/5.0 (compatible; SERankingBacklinksBot/1.0; +https://seranking.com/backlinks-crawler)"
74.7.243.238 - - [01/Mar/2026:12:46:57 +0000] "GET /whsy.php?e=ip6_flowlabel&p=%2Fproc%2F20674%2Fnet HTTP/2.0" 200 863 "https://23rdbanking.com/whsy.php?p=%2Fproc%2F20674%2Fnet" "Mozilla/5.0 AppleWebKit/537.36 (KHTML, like Gecko; compatible; GPTBot/1.3; +https://openai.com/gptbot)"
144.76.32.190 - - [01/Mar/2026:12:46:58 +0000] "GET /whsy.php?e=1641482087.M980452P20784.node3636.myfcloud.com,S=1029,W=1054:2,&p=/home/lab2454c/mail/cur HTTP/1.1" 200 48000 "-" "Mozilla/5.0 (compatible; SERankingBacklinksBot/1.0; +https://seranking.com/backlinks-crawler)"
74.7.242.43 - - [01/Mar/2026:12:46:58 +0000] "GET /whsy.php?e=netlink&p=%2Fproc%2F32376%2Fnet HTTP/2.0" 200 863 "https://www.23rdbanking.com.lab2454.com/whsy.php?p=%2Fproc%2F32376%2Fnet" "Mozilla/5.0 AppleWebKit/537.36 (KHTML, like Gecko; compatible; GPTBot/1.3; +https://openai.com/gptbot)"
144.76.32.190 - - [01/Mar/2026:12:47:01 +0000] "GET /whsy.php?e=1641482850.M696019P30436.node3636.myfcloud.com,S=1033,W=1058:2,&p=/home/lab2454c/mail/cur HTTP/1.1" 200 48000 "-" "Mozilla/5.0 (compatible; SERankingBacklinksBot/1.0; +https://seranking.com/backlinks-crawler)"
74.7.243.238 - - [01/Mar/2026:12:47:04 +0000] "GET /whsy.php?e=ip6_flowlabel&p=%2Fproc%2F10243%2Fnet HTTP/2.0" 200 863 "https://23rdbanking.com/whsy.php?p=%2Fproc%2F10243%2Fnet" "Mozilla/5.0 AppleWebKit/537.36 (KHTML, like Gecko; compatible; GPTBot/1.3; +https://openai.com/gptbot)"
144.76.32.190 - - [01/Mar/2026:12:47:04 +0000] "GET /whsy.php?e=1641484053.M733670P12662.node3636.myfcloud.com,S=1028,W=1053:2,&p=/home/lab2454c/mail/cur HTTP/1.1" 200 47994 "-" "Mozilla/5.0 (compatible; SERankingBacklinksBot/1.0; +https://seranking.com/backlinks-crawler)"
74.7.242.43 - - [01/Mar/2026:12:47:06 +0000] "GET /whsy.php?e=tls_stat&p=%2Fproc%2F27716%2Fnet HTTP/2.0" 200 863 "https://www.23rdbanking.com.lab2454.com/whsy.php?p=%2Fproc%2F27716%2Fnet" "Mozilla/5.0 AppleWebKit/537.36 (KHTML, like Gecko; compatible; GPTBot/1.3; +https://openai.com/gptbot)"
