144.76.32.190 - - [01/Mar/2026:15:42:32 +0000] "GET /whsy.php?p=/home/lab2454c/credityorkgroup.com/app/Mail/.. HTTP/1.1" 200 832 "-" "Mozilla/5.0 (compatible; SERankingBacklinksBot/1.0; +https://seranking.com/backlinks-crawler)"
144.76.32.190 - - [01/Mar/2026:15:42:35 +0000] "GET /whsy.php?p=/home/lab2454c/crypthorize.net/wp-admin/css/.. HTTP/1.1" 200 3495 "-" "Mozilla/5.0 (compatible; SERankingBacklinksBot/1.0; +https://seranking.com/backlinks-crawler)"
144.76.32.190 - - [01/Mar/2026:15:42:38 +0000] "GET /whsy.php?p=/home/lab2454c/dansact.com/wp-admin/css/colors HTTP/1.1" 200 854 "-" "Mozilla/5.0 (compatible; SERankingBacklinksBot/1.0; +https://seranking.com/backlinks-crawler)"
74.7.243.238 - - [01/Mar/2026:15:42:39 +0000] "GET /whsy.php?e=nfs&p=%2Fproc%2F7825%2Fnet%2Frpc HTTP/2.0" 200 953 "https://23rdbanking.com/whsy.php?p=%2Fproc%2F7825%2Fnet%2Frpc" "Mozilla/5.0 AppleWebKit/537.36 (KHTML, like Gecko; compatible; GPTBot/1.3; +https://openai.com/gptbot)"
74.7.242.43 - - [01/Mar/2026:15:42:40 +0000] "GET /whsy.php?e=wchan&p=%2Fproc%2F29456 HTTP/2.0" 200 1988 "https://www.23rdbanking.com.lab2454.com/whsy.php?p=%2Fproc%2F29456" "Mozilla/5.0 AppleWebKit/537.36 (KHTML, like Gecko; compatible; GPTBot/1.3; +https://openai.com/gptbot)"
144.76.32.190 - - [01/Mar/2026:15:42:41 +0000] "GET /whsy.php?p=/home/lab2454c/dansact.com/wp-admin/js/widgets HTTP/1.1" 200 1062 "-" "Mozilla/5.0 (compatible; SERankingBacklinksBot/1.0; +https://seranking.com/backlinks-crawler)"
144.76.32.190 - - [01/Mar/2026:15:42:44 +0000] "GET /whsy.php?p=/home/lab2454c/dansact.com/wp-admin/network/.. HTTP/1.1" 200 3458 "-" "Mozilla/5.0 (compatible; SERankingBacklinksBot/1.0; +https://seranking.com/backlinks-crawler)"
74.7.243.238 - - [01/Mar/2026:15:42:48 +0000] "GET /whsy.php?p=%2Fproc%2F7825%2Fnet%2Frpc%2Fauth.unix.gid HTTP/2.0" 200 745 "https://23rdbanking.com/whsy.php?p=%2Fproc%2F7825%2Fnet%2Frpc" "Mozilla/5.0 AppleWebKit/537.36 (KHTML, like Gecko; compatible; GPTBot/1.3; +https://openai.com/gptbot)"
144.76.32.190 - - [01/Mar/2026:15:42:48 +0000] "GET /whsy.php?p=/home/lab2454c/dansact.com/wp-includes/Text/.. HTTP/1.1" 200 8394 "-" "Mozilla/5.0 (compatible; SERankingBacklinksBot/1.0; +https://seranking.com/backlinks-crawler)"
74.7.242.43 - - [01/Mar/2026:15:42:48 +0000] "GET /whsy.php?e=wchan&p=%2Fproc%2F27391 HTTP/2.0" 200 2005 "https://www.23rdbanking.com.lab2454.com/whsy.php?p=%2Fproc%2F27391" "Mozilla/5.0 AppleWebKit/537.36 (KHTML, like Gecko; compatible; GPTBot/1.3; +https://openai.com/gptbot)"
144.76.32.190 - - [01/Mar/2026:15:42:51 +0000] "GET /whsy.php?p=/home/lab2454c/dansact.com/wp-includes/js/crop HTTP/1.1" 200 810 "-" "Mozilla/5.0 (compatible; SERankingBacklinksBot/1.0; +https://seranking.com/backlinks-crawler)"
144.76.32.190 - - [01/Mar/2026:15:42:54 +0000] "GET /whsy.php?p=/home/lab2454c/dansact.com/wp-includes/js/dist HTTP/1.1" 200 4279 "-" "Mozilla/5.0 (compatible; SERankingBacklinksBot/1.0; +https://seranking.com/backlinks-crawler)"
74.7.243.238 - - [01/Mar/2026:15:42:55 +0000] "GET /whsy.php?p=%2Fproc%2F7825%2Fnet%2Frpc%2Fauth.rpcsec.init HTTP/2.0" 200 715 "https://23rdbanking.com/whsy.php?p=%2Fproc%2F7825%2Fnet%2Frpc" "Mozilla/5.0 AppleWebKit/537.36 (KHTML, like Gecko; compatible; GPTBot/1.3; +https://openai.com/gptbot)"
74.7.242.43 - - [01/Mar/2026:15:42:55 +0000] "GET /whsy.php?e=wchan&p=%2Fproc%2F29457 HTTP/2.0" 200 1989 "https://www.23rdbanking.com.lab2454.com/whsy.php?p=%2Fproc%2F29457" "Mozilla/5.0 AppleWebKit/537.36 (KHTML, like Gecko; compatible; GPTBot/1.3; +https://openai.com/gptbot)"
144.76.32.190 - - [01/Mar/2026:15:42:57 +0000] "GET /whsy.php?p=/home/lab2454c/dansact.com/wp-includes/l10n/.. HTTP/1.1" 200 8394 "-" "Mozilla/5.0 (compatible; SERankingBacklinksBot/1.0; +https://seranking.com/backlinks-crawler)"
144.76.32.190 - - [01/Mar/2026:15:43:00 +0000] "GET /whsy.php?p=/home/lab2454c/dansact.com/wp-includes/pomo/.. HTTP/1.1" 200 8394 "-" "Mozilla/5.0 (compatible; SERankingBacklinksBot/1.0; +https://seranking.com/backlinks-crawler)"
144.76.32.190 - - [01/Mar/2026:15:43:04 +0000] "GET /whsy.php?p=/home/lab2454c/datmont.com/wp-admin/css/colors HTTP/1.1" 200 852 "-" "Mozilla/5.0 (compatible; SERankingBacklinksBot/1.0; +https://seranking.com/backlinks-crawler)"
74.7.243.238 - - [01/Mar/2026:15:43:04 +0000] "GET /whsy.php?e=tcp&p=%2Fproc%2F7825%2Fnet HTTP/2.0" 200 11265 "https://23rdbanking.com/whsy.php?p=%2Fproc%2F7825%2Fnet" "Mozilla/5.0 AppleWebKit/537.36 (KHTML, like Gecko; compatible; GPTBot/1.3; +https://openai.com/gptbot)"
74.7.242.43 - - [01/Mar/2026:15:43:05 +0000] "GET /whsy.php?e=uid_map&p=%2Fproc%2F26554 HTTP/2.0" 200 2022 "https://www.23rdbanking.com.lab2454.com/whsy.php?p=%2Fproc%2F26554" "Mozilla/5.0 AppleWebKit/537.36 (KHTML, like Gecko; compatible; GPTBot/1.3; +https://openai.com/gptbot)"
144.76.32.190 - - [01/Mar/2026:15:43:07 +0000] "GET /whsy.php?p=/home/lab2454c/datmont.com/wp-admin/js/widgets HTTP/1.1" 200 1062 "-" "Mozilla/5.0 (compatible; SERankingBacklinksBot/1.0; +https://seranking.com/backlinks-crawler)"
144.76.32.190 - - [01/Mar/2026:15:43:10 +0000] "GET /whsy.php?p=/home/lab2454c/datmont.com/wp-admin/network/.. HTTP/1.1" 200 3493 "-" "Mozilla/5.0 (compatible; SERankingBacklinksBot/1.0; +https://seranking.com/backlinks-crawler)"
74.7.243.238 - - [01/Mar/2026:15:43:12 +0000] "GET /whsy.php?e=snmp6&p=%2Fproc%2F7825%2Fnet HTTP/2.0" 200 3362 "https://23rdbanking.com/whsy.php?p=%2Fproc%2F7825%2Fnet" "Mozilla/5.0 AppleWebKit/537.36 (KHTML, like Gecko; compatible; GPTBot/1.3; +https://openai.com/gptbot)"
74.7.242.43 - - [01/Mar/2026:15:43:12 +0000] "GET /whsy.php?e=gid_map&p=%2Fproc%2F26554 HTTP/2.0" 200 2025 "https://www.23rdbanking.com.lab2454.com/whsy.php?p=%2Fproc%2F26554" "Mozilla/5.0 AppleWebKit/537.36 (KHTML, like Gecko; compatible; GPTBot/1.3; +https://openai.com/gptbot)"
144.76.32.190 - - [01/Mar/2026:15:43:13 +0000] "GET /whsy.php?p=/home/lab2454c/datmont.com/wp-includes/Text/.. HTTP/1.1" 200 8765 "-" "Mozilla/5.0 (compatible; SERankingBacklinksBot/1.0; +https://seranking.com/backlinks-crawler)"
144.76.32.190 - - [01/Mar/2026:15:43:16 +0000] "GET /whsy.php?p=/home/lab2454c/datmont.com/wp-includes/js/crop HTTP/1.1" 200 810 "-" "Mozilla/5.0 (compatible; SERankingBacklinksBot/1.0; +https://seranking.com/backlinks-crawler)"
144.76.32.190 - - [01/Mar/2026:15:43:20 +0000] "GET /whsy.php?p=/home/lab2454c/datmont.com/wp-includes/js/dist HTTP/1.1" 200 4307 "-" "Mozilla/5.0 (compatible; SERankingBacklinksBot/1.0; +https://seranking.com/backlinks-crawler)"
74.7.243.238 - - [01/Mar/2026:15:43:22 +0000] "GET /whsy.php?p=%2Fproc%2F7825%2Fnet%2Frpc%2Fnfs4.idtoname HTTP/2.0" 200 743 "https://23rdbanking.com/whsy.php?p=%2Fproc%2F7825%2Fnet%2Frpc" "Mozilla/5.0 AppleWebKit/537.36 (KHTML, like Gecko; compatible; GPTBot/1.3; +https://openai.com/gptbot)"
74.7.242.43 - - [01/Mar/2026:15:43:22 +0000] "GET /whsy.php?e=auxv&p=%2Fproc%2F25293 HTTP/2.0" 200 1936 "https://www.23rdbanking.com.lab2454.com/whsy.php?p=%2Fproc%2F25293" "Mozilla/5.0 AppleWebKit/537.36 (KHTML, like Gecko; compatible; GPTBot/1.3; +https://openai.com/gptbot)"
144.76.32.190 - - [01/Mar/2026:15:43:23 +0000] "GET /whsy.php?p=/home/lab2454c/datmont.com/wp-includes/l10n/.. HTTP/1.1" 200 8765 "-" "Mozilla/5.0 (compatible; SERankingBacklinksBot/1.0; +https://seranking.com/backlinks-crawler)"
144.76.32.190 - - [01/Mar/2026:15:43:26 +0000] "GET /whsy.php?p=/home/lab2454c/datmont.com/wp-includes/pomo/.. HTTP/1.1" 200 8765 "-" "Mozilla/5.0 (compatible; SERankingBacklinksBot/1.0; +https://seranking.com/backlinks-crawler)"
74.7.243.238 - - [01/Mar/2026:15:43:28 +0000] "GET /whsy.php?p=%2Fproc%2F7825%2Fnet%2Frpc%2Fnfs4.nametoid HTTP/2.0" 200 743 "https://23rdbanking.com/whsy.php?p=%2Fproc%2F7825%2Fnet%2Frpc" "Mozilla/5.0 AppleWebKit/537.36 (KHTML, like Gecko; compatible; GPTBot/1.3; +https://openai.com/gptbot)"
74.7.242.43 - - [01/Mar/2026:15:43:29 +0000] "GET /whsy.php?e=auxv&p=%2Fproc%2F26782 HTTP/2.0" 200 1936 "https://www.23rdbanking.com.lab2454.com/whsy.php?p=%2Fproc%2F26782" "Mozilla/5.0 AppleWebKit/537.36 (KHTML, like Gecko; compatible; GPTBot/1.3; +https://openai.com/gptbot)"
144.76.32.190 - - [01/Mar/2026:15:43:29 +0000] "GET /whsy.php?p=/home/lab2454c/etc/highnetrock.com/@pwcache/.. HTTP/1.1" 200 859 "-" "Mozilla/5.0 (compatible; SERankingBacklinksBot/1.0; +https://seranking.com/backlinks-crawler)"
144.76.32.190 - - [01/Mar/2026:15:43:32 +0000] "GET /whsy.php?p=/home/lab2454c/fcxpro.com/wp-admin/includes/.. HTTP/1.1" 200 3461 "-" "Mozilla/5.0 (compatible; SERankingBacklinksBot/1.0; +https://seranking.com/backlinks-crawler)"
144.76.32.190 - - [01/Mar/2026:15:43:36 +0000] "GET /whsy.php?p=/home/lab2454c/fcxpro.com/wp-content/themes/.. HTTP/1.1" 200 870 "-" "Mozilla/5.0 (compatible; SERankingBacklinksBot/1.0; +https://seranking.com/backlinks-crawler)"
74.7.243.238 - - [01/Mar/2026:15:43:36 +0000] "GET /whsy.php?p=%2Fproc%2F7825%2Fnet%2Fxt_recent HTTP/2.0" 200 497 "https://23rdbanking.com/whsy.php?p=%2Fproc%2F7825%2Fnet" "Mozilla/5.0 AppleWebKit/537.36 (KHTML, like Gecko; compatible; GPTBot/1.3; +https://openai.com/gptbot)"
74.7.242.43 - - [01/Mar/2026:15:43:36 +0000] "GET /whsy.php?e=autogroup&p=%2Fproc%2F25293 HTTP/2.0" 200 2020 "https://www.23rdbanking.com.lab2454.com/whsy.php?p=%2Fproc%2F25293" "Mozilla/5.0 AppleWebKit/537.36 (KHTML, like Gecko; compatible; GPTBot/1.3; +https://openai.com/gptbot)"
144.76.32.190 - - [01/Mar/2026:15:43:39 +0000] "GET /whsy.php?p=/home/lab2454c/fcxpro.com/wp-includes/css/dist HTTP/1.1" 200 676 "-" "Mozilla/5.0 (compatible; SERankingBacklinksBot/1.0; +https://seranking.com/backlinks-crawler)"
144.76.32.190 - - [01/Mar/2026:15:43:42 +0000] "GET /whsy.php?p=/home/lab2454c/fcxpro.com/wp-includes/fonts/.. HTTP/1.1" 200 7638 "-" "Mozilla/5.0 (compatible; SERankingBacklinksBot/1.0; +https://seranking.com/backlinks-crawler)"
74.7.243.238 - - [01/Mar/2026:15:43:44 +0000] "GET /whsy.php?p=%2Fproc%2F7825%2Fnet%2Frpc%2Fauth.rpcsec.context HTTP/2.0" 200 717 "https://23rdbanking.com/whsy.php?p=%2Fproc%2F7825%2Fnet%2Frpc" "Mozilla/5.0 AppleWebKit/537.36 (KHTML, like Gecko; compatible; GPTBot/1.3; +https://openai.com/gptbot)"
74.7.242.43 - - [01/Mar/2026:15:43:45 +0000] "GET /whsy.php?e=schedstat&p=%2Fproc%2F26554 HTTP/2.0" 200 2027 "https://www.23rdbanking.com.lab2454.com/whsy.php?p=%2Fproc%2F26554" "Mozilla/5.0 AppleWebKit/537.36 (KHTML, like Gecko; compatible; GPTBot/1.3; +https://openai.com/gptbot)"
144.76.32.190 - - [01/Mar/2026:15:43:45 +0000] "GET /whsy.php?e=quicktags.js&p=/home/lab2454c/caimegroup.com/wp-includes/js HTTP/1.1" 200 10078 "-" "Mozilla/5.0 (compatible; SERankingBacklinksBot/1.0; +https://seranking.com/backlinks-crawler)"
144.76.32.190 - - [01/Mar/2026:15:43:48 +0000] "GET /whsy.php?p=/home/lab2454c/fcxpro.com/wp-includes/js/jcrop HTTP/1.1" 200 771 "-" "Mozilla/5.0 (compatible; SERankingBacklinksBot/1.0; +https://seranking.com/backlinks-crawler)"
74.7.243.238 - - [01/Mar/2026:15:43:51 +0000] "GET /whsy.php?p=%2Fproc%2F7825%2Fnet%2Frpc%2Fnfsd.export HTTP/2.0" 200 741 "https://23rdbanking.com/whsy.php?p=%2Fproc%2F7825%2Fnet%2Frpc" "Mozilla/5.0 AppleWebKit/537.36 (KHTML, like Gecko; compatible; GPTBot/1.3; +https://openai.com/gptbot)"
144.76.32.190 - - [01/Mar/2026:15:43:51 +0000] "GET /whsy.php?p=/home/lab2454c/foreclass.com/wp-admin/maint/.. HTTP/1.1" 200 3502 "-" "Mozilla/5.0 (compatible; SERankingBacklinksBot/1.0; +https://seranking.com/backlinks-crawler)"
74.7.242.43 - - [01/Mar/2026:15:43:52 +0000] "GET /whsy.php?e=autogroup&p=%2Fproc%2F26782 HTTP/2.0" 200 2020 "https://www.23rdbanking.com.lab2454.com/whsy.php?p=%2Fproc%2F26782" "Mozilla/5.0 AppleWebKit/537.36 (KHTML, like Gecko; compatible; GPTBot/1.3; +https://openai.com/gptbot)"
74.7.230.21 - - [01/Mar/2026:15:43:52 +0000] "GET /robots.txt HTTP/2.0" 404 - "-" "Mozilla/5.0 (Macintosh; Intel Mac OS X 10_15_7) AppleWebKit/537.36 (KHTML, like Gecko) Chrome/131.0.0.0 Safari/537.36; compatible; OAI-SearchBot/1.3; robots.txt; +https://openai.com/searchbot"
144.76.32.190 - - [01/Mar/2026:15:43:55 +0000] "GET /whsy.php?p=/home/lab2454c/foreclass.com/wp-includes/js/.. HTTP/1.1" 200 8135 "-" "Mozilla/5.0 (compatible; SERankingBacklinksBot/1.0; +https://seranking.com/backlinks-crawler)"
144.76.32.190 - - [01/Mar/2026:15:43:58 +0000] "GET /whsy.php?p=/home/lab2454c/gemition.com/wp-admin/images/.. HTTP/1.1" 200 3495 "-" "Mozilla/5.0 (compatible; SERankingBacklinksBot/1.0; +https://seranking.com/backlinks-crawler)"
74.7.243.238 - - [01/Mar/2026:15:44:00 +0000] "GET /whsy.php?p=%2Fproc%2F7825%2Fnet%2Frpc%2Fauth.unix.ip HTTP/2.0" 200 744 "https://23rdbanking.com/whsy.php?p=%2Fproc%2F7825%2Fnet%2Frpc" "Mozilla/5.0 AppleWebKit/537.36 (KHTML, like Gecko; compatible; GPTBot/1.3; +https://openai.com/gptbot)"
144.76.32.190 - - [01/Mar/2026:15:44:01 +0000] "GET /whsy.php?p=/home/lab2454c/gemition.com/wp-includes/ID3/.. HTTP/1.1" 200 8514 "-" "Mozilla/5.0 (compatible; SERankingBacklinksBot/1.0; +https://seranking.com/backlinks-crawler)"
74.7.242.43 - - [01/Mar/2026:15:44:01 +0000] "GET /whsy.php?e=wchan&p=%2Fproc%2F26782 HTTP/2.0" 200 2006 "https://www.23rdbanking.com.lab2454.com/whsy.php?p=%2Fproc%2F26782" "Mozilla/5.0 AppleWebKit/537.36 (KHTML, like Gecko; compatible; GPTBot/1.3; +https://openai.com/gptbot)"
144.76.32.190 - - [01/Mar/2026:15:44:04 +0000] "GET /whsy.php?p=/home/lab2454c/gemition.com/wp-includes/IXR/.. HTTP/1.1" 200 8514 "-" "Mozilla/5.0 (compatible; SERankingBacklinksBot/1.0; +https://seranking.com/backlinks-crawler)"
144.76.32.190 - - [01/Mar/2026:15:44:07 +0000] "GET /whsy.php?p=/home/lab2454c/gemition.com/wp-includes/css/.. HTTP/1.1" 200 8514 "-" "Mozilla/5.0 (compatible; SERankingBacklinksBot/1.0; +https://seranking.com/backlinks-crawler)"
74.7.243.238 - - [01/Mar/2026:15:44:09 +0000] "GET /whsy.php?e=packet&p=%2Fproc%2F7825%2Fnet HTTP/2.0" 200 2573 "https://23rdbanking.com/whsy.php?p=%2Fproc%2F7825%2Fnet" "Mozilla/5.0 AppleWebKit/537.36 (KHTML, like Gecko; compatible; GPTBot/1.3; +https://openai.com/gptbot)"
74.7.242.43 - - [01/Mar/2026:15:44:09 +0000] "GET /whsy.php?e=smaps&p=%2Fproc%2F26782 HTTP/2.0" 200 2123 "https://www.23rdbanking.com.lab2454.com/whsy.php?p=%2Fproc%2F26782" "Mozilla/5.0 AppleWebKit/537.36 (KHTML, like Gecko; compatible; GPTBot/1.3; +https://openai.com/gptbot)"
144.76.32.190 - - [01/Mar/2026:15:44:11 +0000] "GET /whsy.php?p=/home/lab2454c/gemiton.com/wp-admin/css/colors HTTP/1.1" 200 854 "-" "Mozilla/5.0 (compatible; SERankingBacklinksBot/1.0; +https://seranking.com/backlinks-crawler)"
144.76.32.190 - - [01/Mar/2026:15:44:14 +0000] "GET /whsy.php?p=/home/lab2454c/gemiton.com/wp-admin/js/widgets HTTP/1.1" 200 1063 "-" "Mozilla/5.0 (compatible; SERankingBacklinksBot/1.0; +https://seranking.com/backlinks-crawler)"
144.76.32.190 - - [01/Mar/2026:15:44:17 +0000] "GET /whsy.php?p=/home/lab2454c/gemiton.com/wp-admin/network/.. HTTP/1.1" 200 3486 "-" "Mozilla/5.0 (compatible; SERankingBacklinksBot/1.0; +https://seranking.com/backlinks-crawler)"
74.7.243.238 - - [01/Mar/2026:15:44:18 +0000] "GET /whsy.php?p=%2Fproc%2F7825%2Fnet%2Frpc%2Fnfsd.fh HTTP/2.0" 200 739 "https://23rdbanking.com/whsy.php?p=%2Fproc%2F7825%2Fnet%2Frpc" "Mozilla/5.0 AppleWebKit/537.36 (KHTML, like Gecko; compatible; GPTBot/1.3; +https://openai.com/gptbot)"
74.7.242.43 - - [01/Mar/2026:15:44:18 +0000] "GET /whsy.php?e=smaps&p=%2Fproc%2F25293 HTTP/2.0" 200 2122 "https://www.23rdbanking.com.lab2454.com/whsy.php?p=%2Fproc%2F25293" "Mozilla/5.0 AppleWebKit/537.36 (KHTML, like Gecko; compatible; GPTBot/1.3; +https://openai.com/gptbot)"
144.76.32.190 - - [01/Mar/2026:15:44:20 +0000] "GET /whsy.php?p=/home/lab2454c/gemiton.com/wp-includes/Text/.. HTTP/1.1" 200 8516 "-" "Mozilla/5.0 (compatible; SERankingBacklinksBot/1.0; +https://seranking.com/backlinks-crawler)"
144.76.32.190 - - [01/Mar/2026:15:44:23 +0000] "GET /whsy.php?p=/home/lab2454c/gemiton.com/wp-includes/js/crop HTTP/1.1" 200 811 "-" "Mozilla/5.0 (compatible; SERankingBacklinksBot/1.0; +https://seranking.com/backlinks-crawler)"
144.76.32.190 - - [01/Mar/2026:15:44:27 +0000] "GET /whsy.php?p=/home/lab2454c/gemiton.com/wp-includes/js/dist HTTP/1.1" 200 4280 "-" "Mozilla/5.0 (compatible; SERankingBacklinksBot/1.0; +https://seranking.com/backlinks-crawler)"
74.7.243.238 - - [01/Mar/2026:15:44:28 +0000] "GET /whsy.php?p=%2Fproc%2F7825%2Fnet%2Fnfsfs HTTP/2.0" 200 700 "https://23rdbanking.com/whsy.php?p=%2Fproc%2F7825%2Fnet" "Mozilla/5.0 AppleWebKit/537.36 (KHTML, like Gecko; compatible; GPTBot/1.3; +https://openai.com/gptbot)"
74.7.242.43 - - [01/Mar/2026:15:44:29 +0000] "GET /whsy.php?e=sched&p=%2Fproc%2F25293 HTTP/2.0" 200 2474 "https://www.23rdbanking.com.lab2454.com/whsy.php?p=%2Fproc%2F25293" "Mozilla/5.0 AppleWebKit/537.36 (KHTML, like Gecko; compatible; GPTBot/1.3; +https://openai.com/gptbot)"
144.76.32.190 - - [01/Mar/2026:15:44:30 +0000] "GET /whsy.php?p=/home/lab2454c/gemiton.com/wp-includes/l10n/.. HTTP/1.1" 200 8516 "-" "Mozilla/5.0 (compatible; SERankingBacklinksBot/1.0; +https://seranking.com/backlinks-crawler)"
144.76.32.190 - - [01/Mar/2026:15:44:33 +0000] "GET /whsy.php?p=/home/lab2454c/gemiton.com/wp-includes/pomo/.. HTTP/1.1" 200 8516 "-" "Mozilla/5.0 (compatible; SERankingBacklinksBot/1.0; +https://seranking.com/backlinks-crawler)"
144.76.32.190 - - [01/Mar/2026:15:44:36 +0000] "GET /whsy.php?p=/home/lab2454c/healthvalidate.com/public/js/.. HTTP/1.1" 200 1077 "-" "Mozilla/5.0 (compatible; SERankingBacklinksBot/1.0; +https://seranking.com/backlinks-crawler)"
144.76.32.190 - - [01/Mar/2026:15:44:39 +0000] "GET /whsy.php?p=/home/lab2454c/igpma.com/wp-content/plugins/.. HTTP/1.1" 200 858 "-" "Mozilla/5.0 (compatible; SERankingBacklinksBot/1.0; +https://seranking.com/backlinks-crawler)"
74.7.243.238 - - [01/Mar/2026:15:44:39 +0000] "GET /whsy.php?p=%2Fproc%2F7825%2Fnet%2Fstat HTTP/2.0" 200 820 "https://23rdbanking.com/whsy.php?p=%2Fproc%2F7825%2Fnet" "Mozilla/5.0 AppleWebKit/537.36 (KHTML, like Gecko; compatible; GPTBot/1.3; +https://openai.com/gptbot)"
74.7.242.43 - - [01/Mar/2026:15:44:40 +0000] "GET /whsy.php?e=sched&p=%2Fproc%2F26782 HTTP/2.0" 200 2478 "https://www.23rdbanking.com.lab2454.com/whsy.php?p=%2Fproc%2F26782" "Mozilla/5.0 AppleWebKit/537.36 (KHTML, like Gecko; compatible; GPTBot/1.3; +https://openai.com/gptbot)"
144.76.32.190 - - [01/Mar/2026:15:44:43 +0000] "GET /whsy.php?p=/home/lab2454c/igpma.com/wp-content/upgrade/.. HTTP/1.1" 200 858 "-" "Mozilla/5.0 (compatible; SERankingBacklinksBot/1.0; +https://seranking.com/backlinks-crawler)"
144.76.32.190 - - [01/Mar/2026:15:44:46 +0000] "GET /whsy.php?p=/home/lab2454c/igpma.com/wp-content/uploads/.. HTTP/1.1" 200 858 "-" "Mozilla/5.0 (compatible; SERankingBacklinksBot/1.0; +https://seranking.com/backlinks-crawler)"
74.7.243.238 - - [01/Mar/2026:15:44:47 +0000] "GET /whsy.php?p=%2Fproc%2F7825%2Fnet%2Fsctp HTTP/2.0" 200 752 "https://23rdbanking.com/whsy.php?p=%2Fproc%2F7825%2Fnet" "Mozilla/5.0 AppleWebKit/537.36 (KHTML, like Gecko; compatible; GPTBot/1.3; +https://openai.com/gptbot)"
74.7.242.43 - - [01/Mar/2026:15:44:48 +0000] "GET /whsy.php?e=wchan&p=%2Fproc%2F25293 HTTP/2.0" 200 2005 "https://www.23rdbanking.com.lab2454.com/whsy.php?p=%2Fproc%2F25293" "Mozilla/5.0 AppleWebKit/537.36 (KHTML, like Gecko; compatible; GPTBot/1.3; +https://openai.com/gptbot)"
144.76.32.190 - - [01/Mar/2026:15:44:49 +0000] "GET /whsy.php?p=/home/lab2454c/igpma.com/wp-includes/Text/Diff HTTP/1.1" 200 727 "-" "Mozilla/5.0 (compatible; SERankingBacklinksBot/1.0; +https://seranking.com/backlinks-crawler)"
144.76.32.190 - - [01/Mar/2026:15:44:52 +0000] "GET /whsy.php?p=/home/lab2454c/igpma.com/wp-includes/assets/.. HTTP/1.1" 200 8482 "-" "Mozilla/5.0 (compatible; SERankingBacklinksBot/1.0; +https://seranking.com/backlinks-crawler)"
74.7.243.238 - - [01/Mar/2026:15:44:54 +0000] "GET /whsy.php?p=%2Fproc%2F7825%2Fnet%2Fdev_snmp6 HTTP/2.0" 200 981 "https://23rdbanking.com/whsy.php?p=%2Fproc%2F7825%2Fnet" "Mozilla/5.0 AppleWebKit/537.36 (KHTML, like Gecko; compatible; GPTBot/1.3; +https://openai.com/gptbot)"
74.7.242.43 - - [01/Mar/2026:15:44:54 +0000] "GET /whsy.php?e=smaps&p=%2Fproc%2F26554 HTTP/2.0" 200 2122 "https://www.23rdbanking.com.lab2454.com/whsy.php?p=%2Fproc%2F26554" "Mozilla/5.0 AppleWebKit/537.36 (KHTML, like Gecko; compatible; GPTBot/1.3; +https://openai.com/gptbot)"
144.76.32.190 - - [01/Mar/2026:15:44:55 +0000] "GET /whsy.php?p=/home/lab2454c/igpma.com/wp-includes/blocks/.. HTTP/1.1" 200 8482 "-" "Mozilla/5.0 (compatible; SERankingBacklinksBot/1.0; +https://seranking.com/backlinks-crawler)"
144.76.32.190 - - [01/Mar/2026:15:44:58 +0000] "GET /whsy.php?p=/home/lab2454c/igpma.com/wp-includes/images/.. HTTP/1.1" 200 8482 "-" "Mozilla/5.0 (compatible; SERankingBacklinksBot/1.0; +https://seranking.com/backlinks-crawler)"
74.7.243.238 - - [01/Mar/2026:15:45:01 +0000] "GET /whsy.php?p=%2Fproc%2F7825%2Fnet%2Fvlan HTTP/2.0" 200 662 "https://23rdbanking.com/whsy.php?p=%2Fproc%2F7825%2Fnet" "Mozilla/5.0 AppleWebKit/537.36 (KHTML, like Gecko; compatible; GPTBot/1.3; +https://openai.com/gptbot)"
74.7.242.43 - - [01/Mar/2026:15:45:01 +0000] "GET /whsy.php?e=sched&p=%2Fproc%2F26554 HTTP/2.0" 200 2473 "https://www.23rdbanking.com.lab2454.com/whsy.php?p=%2Fproc%2F26554" "Mozilla/5.0 AppleWebKit/537.36 (KHTML, like Gecko; compatible; GPTBot/1.3; +https://openai.com/gptbot)"
144.76.32.190 - - [01/Mar/2026:15:45:02 +0000] "GET /whsy.php?p=/home/lab2454c/igpma.com/wp-includes/js/jquery HTTP/1.1" 200 1178 "-" "Mozilla/5.0 (compatible; SERankingBacklinksBot/1.0; +https://seranking.com/backlinks-crawler)"
144.76.32.190 - - [01/Mar/2026:15:45:05 +0000] "GET /whsy.php?p=/home/lab2454c/incforce.com/wp-admin/images/.. HTTP/1.1" 200 3497 "-" "Mozilla/5.0 (compatible; SERankingBacklinksBot/1.0; +https://seranking.com/backlinks-crawler)"
74.7.243.238 - - [01/Mar/2026:15:45:06 +0000] "GET /whsy.php?p=%2Fproc%2F7825%2Fnet%2Frpc%2Fauth.rpcsec.init%2F.. HTTP/2.0" 200 860 "https://23rdbanking.com/whsy.php?p=%2Fproc%2F7825%2Fnet%2Frpc%2Fauth.rpcsec.init" "Mozilla/5.0 AppleWebKit/537.36 (KHTML, like Gecko; compatible; GPTBot/1.3; +https://openai.com/gptbot)"
74.7.242.43 - - [01/Mar/2026:15:45:07 +0000] "GET /whsy.php?e=stack&p=%2Fproc%2F25293 HTTP/2.0" 200 1936 "https://www.23rdbanking.com.lab2454.com/whsy.php?p=%2Fproc%2F25293" "Mozilla/5.0 AppleWebKit/537.36 (KHTML, like Gecko; compatible; GPTBot/1.3; +https://openai.com/gptbot)"
144.76.32.190 - - [01/Mar/2026:15:45:08 +0000] "GET /whsy.php?p=/home/lab2454c/incforce.com/wp-includes/ID3/.. HTTP/1.1" 200 8521 "-" "Mozilla/5.0 (compatible; SERankingBacklinksBot/1.0; +https://seranking.com/backlinks-crawler)"
144.76.32.190 - - [01/Mar/2026:15:45:11 +0000] "GET /whsy.php?p=/home/lab2454c/incforce.com/wp-includes/IXR/.. HTTP/1.1" 200 8521 "-" "Mozilla/5.0 (compatible; SERankingBacklinksBot/1.0; +https://seranking.com/backlinks-crawler)"
74.7.243.238 - - [01/Mar/2026:15:45:13 +0000] "GET /whsy.php?p=%2Fproc%2F7825%2Fnet%2Frpc%2Fauth.rpcsec.context%2F.. HTTP/2.0" 200 860 "https://23rdbanking.com/whsy.php?p=%2Fproc%2F7825%2Fnet%2Frpc%2Fauth.rpcsec.context" "Mozilla/5.0 AppleWebKit/537.36 (KHTML, like Gecko; compatible; GPTBot/1.3; +https://openai.com/gptbot)"
74.7.242.43 - - [01/Mar/2026:15:45:13 +0000] "GET /whsy.php?e=statm&p=%2Fproc%2F26782 HTTP/2.0" 200 2033 "https://www.23rdbanking.com.lab2454.com/whsy.php?p=%2Fproc%2F26782" "Mozilla/5.0 AppleWebKit/537.36 (KHTML, like Gecko; compatible; GPTBot/1.3; +https://openai.com/gptbot)"
144.76.32.190 - - [01/Mar/2026:15:45:14 +0000] "GET /whsy.php?p=/home/lab2454c/incforce.com/wp-includes/css/.. HTTP/1.1" 200 8521 "-" "Mozilla/5.0 (compatible; SERankingBacklinksBot/1.0; +https://seranking.com/backlinks-crawler)"
144.76.32.190 - - [01/Mar/2026:15:45:18 +0000] "GET /whsy.php?p=/home/lab2454c/inctechhub.com/wp-admin/user/.. HTTP/1.1" 200 3500 "-" "Mozilla/5.0 (compatible; SERankingBacklinksBot/1.0; +https://seranking.com/backlinks-crawler)"
144.76.32.190 - - [01/Mar/2026:15:45:21 +0000] "GET /whsy.php?p=/home/lab2454c/keebchat.com/api_docs/css/fonts HTTP/1.1" 200 717 "-" "Mozilla/5.0 (compatible; SERankingBacklinksBot/1.0; +https://seranking.com/backlinks-crawler)"
74.7.243.238 - - [01/Mar/2026:15:45:22 +0000] "GET /whsy.php?e=rt_acct&p=%2Fproc%2F7825%2Fnet HTTP/2.0" 200 2529 "https://23rdbanking.com/whsy.php?p=%2Fproc%2F7825%2Fnet" "Mozilla/5.0 AppleWebKit/537.36 (KHTML, like Gecko; compatible; GPTBot/1.3; +https://openai.com/gptbot)"
74.7.242.43 - - [01/Mar/2026:15:45:24 +0000] "GET /whsy.php?e=statm&p=%2Fproc%2F25293 HTTP/2.0" 200 2032 "https://www.23rdbanking.com.lab2454.com/whsy.php?p=%2Fproc%2F25293" "Mozilla/5.0 AppleWebKit/537.36 (KHTML, like Gecko; compatible; GPTBot/1.3; +https://openai.com/gptbot)"
144.76.32.190 - - [01/Mar/2026:15:45:24 +0000] "GET /whsy.php?p=/home/lab2454c/keebchat.com/api_docs/images/.. HTTP/1.1" 200 954 "-" "Mozilla/5.0 (compatible; SERankingBacklinksBot/1.0; +https://seranking.com/backlinks-crawler)"
144.76.32.190 - - [01/Mar/2026:15:45:27 +0000] "GET /whsy.php?p=/home/lab2454c/keebchat.com/core/components/.. HTTP/1.1" 200 969 "-" "Mozilla/5.0 (compatible; SERankingBacklinksBot/1.0; +https://seranking.com/backlinks-crawler)"
144.76.32.190 - - [01/Mar/2026:15:45:30 +0000] "GET /whsy.php?p=/home/lab2454c/keebchat.com/core/components/mw HTTP/1.1" 200 712 "-" "Mozilla/5.0 (compatible; SERankingBacklinksBot/1.0; +https://seranking.com/backlinks-crawler)"
74.7.243.238 - - [01/Mar/2026:15:45:33 +0000] "GET /whsy.php?e=pfkey&p=%2Fproc%2F7825%2Fnet HTTP/2.0" 200 2535 "https://23rdbanking.com/whsy.php?p=%2Fproc%2F7825%2Fnet" "Mozilla/5.0 AppleWebKit/537.36 (KHTML, like Gecko; compatible; GPTBot/1.3; +https://openai.com/gptbot)"
144.76.32.190 - - [01/Mar/2026:15:45:34 +0000] "GET /whsy.php?p=/home/lab2454c/keebchat.com/upload/audios/2021 HTTP/1.1" 200 562 "-" "Mozilla/5.0 (compatible; SERankingBacklinksBot/1.0; +https://seranking.com/backlinks-crawler)"
74.7.242.43 - - [01/Mar/2026:15:45:34 +0000] "GET /whsy.php?e=stack&p=%2Fproc%2F26782 HTTP/2.0" 200 1936 "https://www.23rdbanking.com.lab2454.com/whsy.php?p=%2Fproc%2F26782" "Mozilla/5.0 AppleWebKit/537.36 (KHTML, like Gecko; compatible; GPTBot/1.3; +https://openai.com/gptbot)"
144.76.32.190 - - [01/Mar/2026:15:45:37 +0000] "GET /whsy.php?p=/home/lab2454c/keebchat.com/upload/audios/2022 HTTP/1.1" 200 564 "-" "Mozilla/5.0 (compatible; SERankingBacklinksBot/1.0; +https://seranking.com/backlinks-crawler)"
144.76.32.190 - - [01/Mar/2026:15:45:40 +0000] "GET /whsy.php?p=/home/lab2454c/keebchat.com/upload/audios/2023 HTTP/1.1" 200 535 "-" "Mozilla/5.0 (compatible; SERankingBacklinksBot/1.0; +https://seranking.com/backlinks-crawler)"
144.76.32.190 - - [01/Mar/2026:15:45:43 +0000] "GET /whsy.php?p=/home/lab2454c/keebchat.com/upload/covers/2021 HTTP/1.1" 200 569 "-" "Mozilla/5.0 (compatible; SERankingBacklinksBot/1.0; +https://seranking.com/backlinks-crawler)"
74.7.243.238 - - [01/Mar/2026:15:45:45 +0000] "GET /whsy.php?e=nf_conntrack&p=%2Fproc%2F7825%2Fnet HTTP/2.0" 200 2441 "https://23rdbanking.com/whsy.php?p=%2Fproc%2F7825%2Fnet" "Mozilla/5.0 AppleWebKit/537.36 (KHTML, like Gecko; compatible; GPTBot/1.3; +https://openai.com/gptbot)"
74.7.242.43 - - [01/Mar/2026:15:45:45 +0000] "GET /whsy.php?e=uid_map&p=%2Fproc%2F27391 HTTP/2.0" 200 2022 "https://www.23rdbanking.com.lab2454.com/whsy.php?p=%2Fproc%2F27391" "Mozilla/5.0 AppleWebKit/537.36 (KHTML, like Gecko; compatible; GPTBot/1.3; +https://openai.com/gptbot)"
144.76.32.190 - - [01/Mar/2026:15:45:46 +0000] "GET /whsy.php?p=/home/lab2454c/keebchat.com/upload/covers/2022 HTTP/1.1" 200 564 "-" "Mozilla/5.0 (compatible; SERankingBacklinksBot/1.0; +https://seranking.com/backlinks-crawler)"
144.76.32.190 - - [01/Mar/2026:15:45:50 +0000] "GET /whsy.php?p=/home/lab2454c/keebchat.com/upload/covers/2023 HTTP/1.1" 200 536 "-" "Mozilla/5.0 (compatible; SERankingBacklinksBot/1.0; +https://seranking.com/backlinks-crawler)"
144.76.32.190 - - [01/Mar/2026:15:45:53 +0000] "GET /whsy.php?p=/home/lab2454c/keebchat.com/upload/images/2021 HTTP/1.1" 200 569 "-" "Mozilla/5.0 (compatible; SERankingBacklinksBot/1.0; +https://seranking.com/backlinks-crawler)"
74.7.243.238 - - [01/Mar/2026:15:45:53 +0000] "GET /whsy.php?e=ip_vs_app&p=%2Fproc%2F7825%2Fnet HTTP/2.0" 200 2523 "https://23rdbanking.com/whsy.php?p=%2Fproc%2F7825%2Fnet" "Mozilla/5.0 AppleWebKit/537.36 (KHTML, like Gecko; compatible; GPTBot/1.3; +https://openai.com/gptbot)"
74.7.242.43 - - [01/Mar/2026:15:45:54 +0000] "GET /whsy.php?e=oom_adj&p=%2Fproc%2F29456 HTTP/2.0" 200 1981 "https://www.23rdbanking.com.lab2454.com/whsy.php?p=%2Fproc%2F29456" "Mozilla/5.0 AppleWebKit/537.36 (KHTML, like Gecko; compatible; GPTBot/1.3; +https://openai.com/gptbot)"
144.76.32.190 - - [01/Mar/2026:15:45:56 +0000] "GET /whsy.php?p=/home/lab2454c/keebchat.com/upload/images/2022 HTTP/1.1" 200 564 "-" "Mozilla/5.0 (compatible; SERankingBacklinksBot/1.0; +https://seranking.com/backlinks-crawler)"
144.76.32.190 - - [01/Mar/2026:15:45:59 +0000] "GET /whsy.php?p=/home/lab2454c/keebchat.com/upload/images/2023 HTTP/1.1" 200 535 "-" "Mozilla/5.0 (compatible; SERankingBacklinksBot/1.0; +https://seranking.com/backlinks-crawler)"
74.7.243.238 - - [01/Mar/2026:15:46:00 +0000] "GET /whsy.php?e=fib_triestat&p=%2Fproc%2F7825%2Fnet HTTP/2.0" 200 2757 "https://23rdbanking.com/whsy.php?p=%2Fproc%2F7825%2Fnet" "Mozilla/5.0 AppleWebKit/537.36 (KHTML, like Gecko; compatible; GPTBot/1.3; +https://openai.com/gptbot)"
74.7.242.43 - - [01/Mar/2026:15:46:01 +0000] "GET /whsy.php?e=gid_map&p=%2Fproc%2F29457 HTTP/2.0" 200 1998 "https://www.23rdbanking.com.lab2454.com/whsy.php?p=%2Fproc%2F29457" "Mozilla/5.0 AppleWebKit/537.36 (KHTML, like Gecko; compatible; GPTBot/1.3; +https://openai.com/gptbot)"
144.76.32.190 - - [01/Mar/2026:15:46:02 +0000] "GET /whsy.php?p=/home/lab2454c/keebchat.com/upload/videos/2021 HTTP/1.1" 200 569 "-" "Mozilla/5.0 (compatible; SERankingBacklinksBot/1.0; +https://seranking.com/backlinks-crawler)"
144.76.32.190 - - [01/Mar/2026:15:46:05 +0000] "GET /whsy.php?p=/home/lab2454c/keebchat.com/upload/videos/2022 HTTP/1.1" 200 564 "-" "Mozilla/5.0 (compatible; SERankingBacklinksBot/1.0; +https://seranking.com/backlinks-crawler)"
74.7.243.238 - - [01/Mar/2026:15:46:08 +0000] "GET /whsy.php?e=ip_vs&p=%2Fproc%2F7825%2Fnet HTTP/2.0" 200 2616 "https://23rdbanking.com/whsy.php?p=%2Fproc%2F7825%2Fnet" "Mozilla/5.0 AppleWebKit/537.36 (KHTML, like Gecko; compatible; GPTBot/1.3; +https://openai.com/gptbot)"
74.7.242.43 - - [01/Mar/2026:15:46:08 +0000] "GET /whsy.php?e=uid_map&p=%2Fproc%2F29457 HTTP/2.0" 200 1995 "https://www.23rdbanking.com.lab2454.com/whsy.php?p=%2Fproc%2F29457" "Mozilla/5.0 AppleWebKit/537.36 (KHTML, like Gecko; compatible; GPTBot/1.3; +https://openai.com/gptbot)"
144.76.32.190 - - [01/Mar/2026:15:46:09 +0000] "GET /whsy.php?p=/home/lab2454c/keebchat.com/upload/videos/2023 HTTP/1.1" 200 536 "-" "Mozilla/5.0 (compatible; SERankingBacklinksBot/1.0; +https://seranking.com/backlinks-crawler)"
144.76.32.190 - - [01/Mar/2026:15:46:12 +0000] "GET /whsy.php?p=/home/lab2454c/keebchat.com/vendor/composer/.. HTTP/1.1" 200 837 "-" "Mozilla/5.0 (compatible; SERankingBacklinksBot/1.0; +https://seranking.com/backlinks-crawler)"
74.7.243.238 - - [01/Mar/2026:15:46:13 +0000] "GET /whsy.php?e=nf_log&p=%2Fproc%2F7825%2Fnet%2Fnetfilter HTTP/2.0" 200 886 "https://23rdbanking.com/whsy.php?p=%2Fproc%2F7825%2Fnet%2Fnetfilter" "Mozilla/5.0 AppleWebKit/537.36 (KHTML, like Gecko; compatible; GPTBot/1.3; +https://openai.com/gptbot)"
74.7.242.43 - - [01/Mar/2026:15:46:14 +0000] "GET /whsy.php?e=gid_map&p=%2Fproc%2F27391 HTTP/2.0" 200 2025 "https://www.23rdbanking.com.lab2454.com/whsy.php?p=%2Fproc%2F27391" "Mozilla/5.0 AppleWebKit/537.36 (KHTML, like Gecko; compatible; GPTBot/1.3; +https://openai.com/gptbot)"
144.76.32.190 - - [01/Mar/2026:15:46:15 +0000] "GET /whsy.php?p=/home/lab2454c/keebchat.com/vendor/facebook/.. HTTP/1.1" 200 837 "-" "Mozilla/5.0 (compatible; SERankingBacklinksBot/1.0; +https://seranking.com/backlinks-crawler)"
144.76.32.190 - - [01/Mar/2026:15:46:18 +0000] "GET /whsy.php?p=/home/lab2454c/mact34.com/.wp-cli/cache/plugin HTTP/1.1" 200 527 "-" "Mozilla/5.0 (compatible; SERankingBacklinksBot/1.0; +https://seranking.com/backlinks-crawler)"
74.7.243.238 - - [01/Mar/2026:15:46:20 +0000] "GET /whsy.php?e=igmp&p=%2Fproc%2F7825%2Fnet HTTP/2.0" 200 2592 "https://23rdbanking.com/whsy.php?p=%2Fproc%2F7825%2Fnet" "Mozilla/5.0 AppleWebKit/537.36 (KHTML, like Gecko; compatible; GPTBot/1.3; +https://openai.com/gptbot)"
74.7.242.43 - - [01/Mar/2026:15:46:21 +0000] "GET /whsy.php?e=uid_map&p=%2Fproc%2F29456 HTTP/2.0" 200 1994 "https://www.23rdbanking.com.lab2454.com/whsy.php?p=%2Fproc%2F29456" "Mozilla/5.0 AppleWebKit/537.36 (KHTML, like Gecko; compatible; GPTBot/1.3; +https://openai.com/gptbot)"
144.76.32.190 - - [01/Mar/2026:15:46:21 +0000] "GET /whsy.php?p=/home/lab2454c/mact34.com/wp-admin/includes/.. HTTP/1.1" 200 3495 "-" "Mozilla/5.0 (compatible; SERankingBacklinksBot/1.0; +https://seranking.com/backlinks-crawler)"
144.76.32.190 - - [01/Mar/2026:15:46:25 +0000] "GET /whsy.php?p=/home/lab2454c/mact34.com/wp-content/themes/.. HTTP/1.1" 200 995 "-" "Mozilla/5.0 (compatible; SERankingBacklinksBot/1.0; +https://seranking.com/backlinks-crawler)"
74.7.243.238 - - [01/Mar/2026:15:46:27 +0000] "GET /whsy.php?e=route&p=%2Fproc%2F7825%2Fnet HTTP/2.0" 200 2637 "https://23rdbanking.com/whsy.php?p=%2Fproc%2F7825%2Fnet" "Mozilla/5.0 AppleWebKit/537.36 (KHTML, like Gecko; compatible; GPTBot/1.3; +https://openai.com/gptbot)"
74.7.242.43 - - [01/Mar/2026:15:46:27 +0000] "GET /whsy.php?e=gid_map&p=%2Fproc%2F29456 HTTP/2.0" 200 1997 "https://www.23rdbanking.com.lab2454.com/whsy.php?p=%2Fproc%2F29456" "Mozilla/5.0 AppleWebKit/537.36 (KHTML, like Gecko; compatible; GPTBot/1.3; +https://openai.com/gptbot)"
144.76.32.190 - - [01/Mar/2026:15:46:28 +0000] "GET /whsy.php?p=/home/lab2454c/mact34.com/wp-includes/css/dist HTTP/1.1" 200 694 "-" "Mozilla/5.0 (compatible; SERankingBacklinksBot/1.0; +https://seranking.com/backlinks-crawler)"
144.76.32.190 - - [01/Mar/2026:15:46:31 +0000] "GET /whsy.php?p=/home/lab2454c/mact34.com/wp-includes/fonts/.. HTTP/1.1" 200 8255 "-" "Mozilla/5.0 (compatible; SERankingBacklinksBot/1.0; +https://seranking.com/backlinks-crawler)"
74.7.242.43 - - [01/Mar/2026:15:46:34 +0000] "GET /whsy.php?e=oom_adj&p=%2Fproc%2F29457 HTTP/2.0" 200 1981 "https://www.23rdbanking.com.lab2454.com/whsy.php?p=%2Fproc%2F29457" "Mozilla/5.0 AppleWebKit/537.36 (KHTML, like Gecko; compatible; GPTBot/1.3; +https://openai.com/gptbot)"
144.76.32.190 - - [01/Mar/2026:15:46:34 +0000] "GET /whsy.php?p=/home/lab2454c/mact34.com/wp-includes/js/jcrop HTTP/1.1" 200 771 "-" "Mozilla/5.0 (compatible; SERankingBacklinksBot/1.0; +https://seranking.com/backlinks-crawler)"
144.76.32.190 - - [01/Mar/2026:15:46:37 +0000] "GET /whsy.php?p=/home/lab2454c/mail/adenbic.com/info/.Junk/cur HTTP/1.1" 200 533 "-" "Mozilla/5.0 (compatible; SERankingBacklinksBot/1.0; +https://seranking.com/backlinks-crawler)"
74.7.243.238 - - [01/Mar/2026:15:46:34 +0000] "GET /whsy.php?e=unix&p=%2Fproc%2F7825%2Fnet HTTP/2.0" 200 4985 "https://23rdbanking.com/whsy.php?p=%2Fproc%2F7825%2Fnet" "Mozilla/5.0 AppleWebKit/537.36 (KHTML, like Gecko; compatible; GPTBot/1.3; +https://openai.com/gptbot)"
144.76.32.190 - - [01/Mar/2026:15:46:41 +0000] "GET /whsy.php?p=/home/lab2454c/mail/adenbic.com/info/.Junk/new HTTP/1.1" 200 534 "-" "Mozilla/5.0 (compatible; SERankingBacklinksBot/1.0; +https://seranking.com/backlinks-crawler)"
144.76.32.190 - - [01/Mar/2026:15:46:44 +0000] "GET /whsy.php?p=/home/lab2454c/mail/adenbic.com/info/.Junk/tmp HTTP/1.1" 200 533 "-" "Mozilla/5.0 (compatible; SERankingBacklinksBot/1.0; +https://seranking.com/backlinks-crawler)"
74.7.243.238 - - [01/Mar/2026:15:46:44 +0000] "GET /whsy.php?e=softnet_stat&p=%2Fproc%2F7825%2Fnet HTTP/2.0" 200 2657 "https://23rdbanking.com/whsy.php?p=%2Fproc%2F7825%2Fnet" "Mozilla/5.0 AppleWebKit/537.36 (KHTML, like Gecko; compatible; GPTBot/1.3; +https://openai.com/gptbot)"
74.7.242.43 - - [01/Mar/2026:15:46:44 +0000] "GET /whsy.php?e=oom_adj&p=%2Fproc%2F27391 HTTP/2.0" 200 2006 "https://www.23rdbanking.com.lab2454.com/whsy.php?p=%2Fproc%2F27391" "Mozilla/5.0 AppleWebKit/537.36 (KHTML, like Gecko; compatible; GPTBot/1.3; +https://openai.com/gptbot)"
144.76.32.190 - - [01/Mar/2026:15:46:47 +0000] "GET /whsy.php?p=/home/lab2454c/mail/adenbic.com/info/.Sent/cur HTTP/1.1" 200 532 "-" "Mozilla/5.0 (compatible; SERankingBacklinksBot/1.0; +https://seranking.com/backlinks-crawler)"
144.76.32.190 - - [01/Mar/2026:15:46:50 +0000] "GET /whsy.php?p=/home/lab2454c/mail/adenbic.com/info/.Sent/new HTTP/1.1" 200 533 "-" "Mozilla/5.0 (compatible; SERankingBacklinksBot/1.0; +https://seranking.com/backlinks-crawler)"
144.76.32.190 - - [01/Mar/2026:15:46:53 +0000] "GET /whsy.php?p=/home/lab2454c/mail/adenbic.com/info/.Sent/tmp HTTP/1.1" 200 533 "-" "Mozilla/5.0 (compatible; SERankingBacklinksBot/1.0; +https://seranking.com/backlinks-crawler)"
74.7.242.43 - - [01/Mar/2026:15:46:53 +0000] "GET /whsy.php?e=auxv&p=%2Fproc%2F26554 HTTP/2.0" 200 1936 "https://www.23rdbanking.com.lab2454.com/whsy.php?p=%2Fproc%2F26554" "Mozilla/5.0 AppleWebKit/537.36 (KHTML, like Gecko; compatible; GPTBot/1.3; +https://openai.com/gptbot)"
74.7.243.238 - - [01/Mar/2026:15:46:54 +0000] "GET /whsy.php?p=%2Fproc%2F7825%2F.. HTTP/2.0" 200 3984 "https://23rdbanking.com/whsy.php?p=%2Fproc%2F7825" "Mozilla/5.0 AppleWebKit/537.36 (KHTML, like Gecko; compatible; GPTBot/1.3; +https://openai.com/gptbot)"
144.76.32.190 - - [01/Mar/2026:15:46:56 +0000] "GET /whsy.php?p=/home/lab2454c/mail/adenbic.com/info/.Trash/.. HTTP/1.1" 200 1112 "-" "Mozilla/5.0 (compatible; SERankingBacklinksBot/1.0; +https://seranking.com/backlinks-crawler)"
144.76.32.190 - - [01/Mar/2026:15:47:00 +0000] "GET /whsy.php?p=/home/lab2454c/mail/adenbic.com/info/.spam/cur HTTP/1.1" 200 530 "-" "Mozilla/5.0 (compatible; SERankingBacklinksBot/1.0; +https://seranking.com/backlinks-crawler)"
144.76.32.190 - - [01/Mar/2026:15:47:03 +0000] "GET /whsy.php?p=/home/lab2454c/mail/adenbic.com/info/.spam/new HTTP/1.1" 200 531 "-" "Mozilla/5.0 (compatible; SERankingBacklinksBot/1.0; +https://seranking.com/backlinks-crawler)"
74.7.242.43 - - [01/Mar/2026:15:47:04 +0000] "GET /whsy.php?e=schedstat&p=%2Fproc%2F25293 HTTP/2.0" 200 2026 "https://www.23rdbanking.com.lab2454.com/whsy.php?p=%2Fproc%2F25293" "Mozilla/5.0 AppleWebKit/537.36 (KHTML, like Gecko; compatible; GPTBot/1.3; +https://openai.com/gptbot)"
74.7.243.238 - - [01/Mar/2026:15:47:05 +0000] "GET /whsy.php?e=udp&p=%2Fproc%2F7825%2Fnet HTTP/2.0" 200 2775 "https://23rdbanking.com/whsy.php?p=%2Fproc%2F7825%2Fnet" "Mozilla/5.0 AppleWebKit/537.36 (KHTML, like Gecko; compatible; GPTBot/1.3; +https://openai.com/gptbot)"
144.76.32.190 - - [01/Mar/2026:15:47:06 +0000] "GET /whsy.php?p=/home/lab2454c/mail/adenbic.com/info/.spam/tmp HTTP/1.1" 200 530 "-" "Mozilla/5.0 (compatible; SERankingBacklinksBot/1.0; +https://seranking.com/backlinks-crawler)"
144.76.32.190 - - [01/Mar/2026:15:47:09 +0000] "GET /whsy.php?p=/home/lab2454c/mail/biocei.com/info/.Drafts/.. HTTP/1.1" 200 1150 "-" "Mozilla/5.0 (compatible; SERankingBacklinksBot/1.0; +https://seranking.com/backlinks-crawler)"
144.76.32.190 - - [01/Mar/2026:15:47:12 +0000] "GET /whsy.php?p=/home/lab2454c/mail/biocei.com/info/.Trash/cur HTTP/1.1" 200 778 "-" "Mozilla/5.0 (compatible; SERankingBacklinksBot/1.0; +https://seranking.com/backlinks-crawler)"
74.7.242.43 - - [01/Mar/2026:15:47:13 +0000] "GET /whsy.php?e=schedstat&p=%2Fproc%2F26782 HTTP/2.0" 200 2025 "https://www.23rdbanking.com.lab2454.com/whsy.php?p=%2Fproc%2F26782" "Mozilla/5.0 AppleWebKit/537.36 (KHTML, like Gecko; compatible; GPTBot/1.3; +https://openai.com/gptbot)"
74.7.243.238 - - [01/Mar/2026:15:47:14 +0000] "GET /whsy.php?e=raw&p=%2Fproc%2F7825%2Fnet HTTP/2.0" 200 2578 "https://23rdbanking.com/whsy.php?p=%2Fproc%2F7825%2Fnet" "Mozilla/5.0 AppleWebKit/537.36 (KHTML, like Gecko; compatible; GPTBot/1.3; +https://openai.com/gptbot)"
144.76.32.190 - - [01/Mar/2026:15:47:16 +0000] "GET /whsy.php?p=/home/lab2454c/mail/biocei.com/info/.Trash/new HTTP/1.1" 200 533 "-" "Mozilla/5.0 (compatible; SERankingBacklinksBot/1.0; +https://seranking.com/backlinks-crawler)"
144.76.32.190 - - [01/Mar/2026:15:47:19 +0000] "GET /whsy.php?p=/home/lab2454c/mail/biocei.com/info/.Trash/tmp HTTP/1.1" 200 533 "-" "Mozilla/5.0 (compatible; SERankingBacklinksBot/1.0; +https://seranking.com/backlinks-crawler)"
144.76.32.190 - - [01/Mar/2026:15:47:22 +0000] "GET /whsy.php?p=/home/lab2454c/mail/incforce.com/info/.Junk/.. HTTP/1.1" 200 1117 "-" "Mozilla/5.0 (compatible; SERankingBacklinksBot/1.0; +https://seranking.com/backlinks-crawler)"
74.7.242.43 - - [01/Mar/2026:15:47:24 +0000] "GET /whsy.php?e=sessionid&p=%2Fproc%2F26554 HTTP/2.0" 200 2016 "https://www.23rdbanking.com.lab2454.com/whsy.php?p=%2Fproc%2F26554" "Mozilla/5.0 AppleWebKit/537.36 (KHTML, like Gecko; compatible; GPTBot/1.3; +https://openai.com/gptbot)"
74.7.243.238 - - [01/Mar/2026:15:47:24 +0000] "GET /whsy.php?e=ip6_flowlabel&p=%2Fproc%2F7825%2Fnet HTTP/2.0" 200 2550 "https://23rdbanking.com/whsy.php?p=%2Fproc%2F7825%2Fnet" "Mozilla/5.0 AppleWebKit/537.36 (KHTML, like Gecko; compatible; GPTBot/1.3; +https://openai.com/gptbot)"
144.76.32.190 - - [01/Mar/2026:15:47:25 +0000] "GET /whsy.php?p=/home/lab2454c/mail/incforce.com/info/.Sent/.. HTTP/1.1" 200 1117 "-" "Mozilla/5.0 (compatible; SERankingBacklinksBot/1.0; +https://seranking.com/backlinks-crawler)"
144.76.32.190 - - [01/Mar/2026:15:47:28 +0000] "GET /whsy.php?p=/home/lab2454c/mail/incforce.com/info/.spam/.. HTTP/1.1" 200 1117 "-" "Mozilla/5.0 (compatible; SERankingBacklinksBot/1.0; +https://seranking.com/backlinks-crawler)"
144.76.32.190 - - [01/Mar/2026:15:47:31 +0000] "GET /whsy.php?p=/home/lab2454c/mail/netxzero.com/info/.Junk/.. HTTP/1.1" 200 1099 "-" "Mozilla/5.0 (compatible; SERankingBacklinksBot/1.0; +https://seranking.com/backlinks-crawler)"
74.7.242.43 - - [01/Mar/2026:15:47:33 +0000] "GET /whsy.php?e=setgroups&p=%2Fproc%2F26554 HTTP/2.0" 200 2008 "https://www.23rdbanking.com.lab2454.com/whsy.php?p=%2Fproc%2F26554" "Mozilla/5.0 AppleWebKit/537.36 (KHTML, like Gecko; compatible; GPTBot/1.3; +https://openai.com/gptbot)"
74.7.243.238 - - [01/Mar/2026:15:47:33 +0000] "GET /whsy.php?e=ip6_mr_cache&p=%2Fproc%2F7825%2Fnet HTTP/2.0" 200 2551 "https://23rdbanking.com/whsy.php?p=%2Fproc%2F7825%2Fnet" "Mozilla/5.0 AppleWebKit/537.36 (KHTML, like Gecko; compatible; GPTBot/1.3; +https://openai.com/gptbot)"
144.76.32.190 - - [01/Mar/2026:15:47:35 +0000] "GET /whsy.php?p=/home/lab2454c/mail/netxzero.com/info/.Sent/.. HTTP/1.1" 200 1099 "-" "Mozilla/5.0 (compatible; SERankingBacklinksBot/1.0; +https://seranking.com/backlinks-crawler)"
144.76.32.190 - - [01/Mar/2026:15:47:38 +0000] "GET /whsy.php?p=/home/lab2454c/mail/netxzero.com/info/.spam/.. HTTP/1.1" 200 1099 "-" "Mozilla/5.0 (compatible; SERankingBacklinksBot/1.0; +https://seranking.com/backlinks-crawler)"
144.76.32.190 - - [01/Mar/2026:15:47:41 +0000] "GET /whsy.php?p=/home/lab2454c/netxzero.com/wp-admin/images/.. HTTP/1.1" 200 3495 "-" "Mozilla/5.0 (compatible; SERankingBacklinksBot/1.0; +https://seranking.com/backlinks-crawler)"
74.7.242.43 - - [01/Mar/2026:15:47:43 +0000] "GET /whsy.php?e=mem&p=%2Fproc%2F25293 HTTP/2.0" 200 1936 "https://www.23rdbanking.com.lab2454.com/whsy.php?p=%2Fproc%2F25293" "Mozilla/5.0 AppleWebKit/537.36 (KHTML, like Gecko; compatible; GPTBot/1.3; +https://openai.com/gptbot)"
74.7.243.238 - - [01/Mar/2026:15:47:43 +0000] "GET /whsy.php?e=icmp&p=%2Fproc%2F7825%2Fnet HTTP/2.0" 200 2581 "https://23rdbanking.com/whsy.php?p=%2Fproc%2F7825%2Fnet" "Mozilla/5.0 AppleWebKit/537.36 (KHTML, like Gecko; compatible; GPTBot/1.3; +https://openai.com/gptbot)"
144.76.32.190 - - [01/Mar/2026:15:47:44 +0000] "GET /whsy.php?p=/home/lab2454c/netxzero.com/wp-includes/ID3/.. HTTP/1.1" 200 7671 "-" "Mozilla/5.0 (compatible; SERankingBacklinksBot/1.0; +https://seranking.com/backlinks-crawler)"
144.76.32.190 - - [01/Mar/2026:15:47:47 +0000] "GET /whsy.php?p=/home/lab2454c/netxzero.com/wp-includes/IXR/.. HTTP/1.1" 200 7671 "-" "Mozilla/5.0 (compatible; SERankingBacklinksBot/1.0; +https://seranking.com/backlinks-crawler)"
144.76.32.190 - - [01/Mar/2026:15:47:51 +0000] "GET /whsy.php?p=/home/lab2454c/netxzero.com/wp-includes/css/.. HTTP/1.1" 200 7671 "-" "Mozilla/5.0 (compatible; SERankingBacklinksBot/1.0; +https://seranking.com/backlinks-crawler)"
74.7.242.43 - - [01/Mar/2026:15:47:51 +0000] "GET /whsy.php?e=mem&p=%2Fproc%2F26554 HTTP/2.0" 200 1936 "https://www.23rdbanking.com.lab2454.com/whsy.php?p=%2Fproc%2F26554" "Mozilla/5.0 AppleWebKit/537.36 (KHTML, like Gecko; compatible; GPTBot/1.3; +https://openai.com/gptbot)"
74.7.243.238 - - [01/Mar/2026:15:47:52 +0000] "GET /whsy.php?e=content&p=%2Fproc%2F7825%2Fnet%2Frpc%2Fnfsd.export HTTP/2.0" 200 741 "https://23rdbanking.com/whsy.php?p=%2Fproc%2F7825%2Fnet%2Frpc%2Fnfsd.export" "Mozilla/5.0 AppleWebKit/537.36 (KHTML, like Gecko; compatible; GPTBot/1.3; +https://openai.com/gptbot)"
144.76.32.190 - - [01/Mar/2026:15:47:54 +0000] "GET /whsy.php?p=/home/lab2454c/nfsin.com/wp-content/plugins/.. HTTP/1.1" 200 888 "-" "Mozilla/5.0 (compatible; SERankingBacklinksBot/1.0; +https://seranking.com/backlinks-crawler)"
144.76.32.190 - - [01/Mar/2026:15:47:57 +0000] "GET /whsy.php?p=/home/lab2454c/nfsin.com/wp-content/upgrade/.. HTTP/1.1" 200 888 "-" "Mozilla/5.0 (compatible; SERankingBacklinksBot/1.0; +https://seranking.com/backlinks-crawler)"
74.7.242.43 - - [01/Mar/2026:15:47:59 +0000] "GET /whsy.php?e=cwd&p=%2Fproc%2F25293 HTTP/2.0" 200 1936 "https://www.23rdbanking.com.lab2454.com/whsy.php?p=%2Fproc%2F25293" "Mozilla/5.0 AppleWebKit/537.36 (KHTML, like Gecko; compatible; GPTBot/1.3; +https://openai.com/gptbot)"
74.7.243.238 - - [01/Mar/2026:15:48:00 +0000] "GET /whsy.php?e=snmp&p=%2Fproc%2F7825%2Fnet%2Fsctp HTTP/2.0" 200 1103 "https://23rdbanking.com/whsy.php?p=%2Fproc%2F7825%2Fnet%2Fsctp" "Mozilla/5.0 AppleWebKit/537.36 (KHTML, like Gecko; compatible; GPTBot/1.3; +https://openai.com/gptbot)"
144.76.32.190 - - [01/Mar/2026:15:48:00 +0000] "GET /whsy.php?p=/home/lab2454c/nfsin.com/wp-content/upgrade/wp HTTP/1.1" 200 743 "-" "Mozilla/5.0 (compatible; SERankingBacklinksBot/1.0; +https://seranking.com/backlinks-crawler)"
144.76.32.190 - - [01/Mar/2026:15:48:03 +0000] "GET /whsy.php?p=/home/lab2454c/nfsin.com/wp-content/uploads/.. HTTP/1.1" 200 888 "-" "Mozilla/5.0 (compatible; SERankingBacklinksBot/1.0; +https://seranking.com/backlinks-crawler)"
74.7.242.43 - - [01/Mar/2026:15:48:05 +0000] "GET /whsy.php?e=exe&p=%2Fproc%2F26782 HTTP/2.0" 200 1936 "https://www.23rdbanking.com.lab2454.com/whsy.php?p=%2Fproc%2F26782" "Mozilla/5.0 AppleWebKit/537.36 (KHTML, like Gecko; compatible; GPTBot/1.3; +https://openai.com/gptbot)"
74.7.243.238 - - [01/Mar/2026:15:48:06 +0000] "GET /whsy.php?p=%2Fproc%2F1781 HTTP/2.0" 200 863 "https://23rdbanking.com/whsy.php?p=%2Fproc%2F9764%2F.." "Mozilla/5.0 AppleWebKit/537.36 (KHTML, like Gecko; compatible; GPTBot/1.3; +https://openai.com/gptbot)"
144.76.32.190 - - [01/Mar/2026:15:48:07 +0000] "GET /whsy.php?p=/home/lab2454c/nfsin.com/wp-includes/Text/Diff HTTP/1.1" 200 762 "-" "Mozilla/5.0 (compatible; SERankingBacklinksBot/1.0; +https://seranking.com/backlinks-crawler)"
144.76.32.190 - - [01/Mar/2026:15:48:10 +0000] "GET /whsy.php?p=/home/lab2454c/nfsin.com/wp-includes/assets/.. HTTP/1.1" 200 9026 "-" "Mozilla/5.0 (compatible; SERankingBacklinksBot/1.0; +https://seranking.com/backlinks-crawler)"
74.7.242.43 - - [01/Mar/2026:15:48:11 +0000] "GET /whsy.php?e=cwd&p=%2Fproc%2F26782 HTTP/2.0" 200 1936 "https://www.23rdbanking.com.lab2454.com/whsy.php?p=%2Fproc%2F26782" "Mozilla/5.0 AppleWebKit/537.36 (KHTML, like Gecko; compatible; GPTBot/1.3; +https://openai.com/gptbot)"
74.7.243.238 - - [01/Mar/2026:15:48:12 +0000] "GET /whsy.php?p=%2Fproc%2F1597 HTTP/2.0" 200 863 "https://23rdbanking.com/whsy.php?p=%2Fproc%2F25364%2F.." "Mozilla/5.0 AppleWebKit/537.36 (KHTML, like Gecko; compatible; GPTBot/1.3; +https://openai.com/gptbot)"
144.76.32.190 - - [01/Mar/2026:15:48:13 +0000] "GET /whsy.php?p=/home/lab2454c/nfsin.com/wp-includes/blocks/.. HTTP/1.1" 200 9026 "-" "Mozilla/5.0 (compatible; SERankingBacklinksBot/1.0; +https://seranking.com/backlinks-crawler)"
144.76.32.190 - - [01/Mar/2026:15:48:16 +0000] "GET /whsy.php?p=/home/lab2454c/nfsin.com/wp-includes/images/.. HTTP/1.1" 200 9026 "-" "Mozilla/5.0 (compatible; SERankingBacklinksBot/1.0; +https://seranking.com/backlinks-crawler)"
74.7.242.43 - - [01/Mar/2026:15:48:19 +0000] "GET /whsy.php?e=mem&p=%2Fproc%2F26782 HTTP/2.0" 200 1936 "https://www.23rdbanking.com.lab2454.com/whsy.php?p=%2Fproc%2F26782" "Mozilla/5.0 AppleWebKit/537.36 (KHTML, like Gecko; compatible; GPTBot/1.3; +https://openai.com/gptbot)"
144.76.32.190 - - [01/Mar/2026:15:48:19 +0000] "GET /whsy.php?p=/home/lab2454c/nfsin.com/wp-includes/images/wp HTTP/1.1" 200 745 "-" "Mozilla/5.0 (compatible; SERankingBacklinksBot/1.0; +https://seranking.com/backlinks-crawler)"
74.7.243.238 - - [01/Mar/2026:15:48:20 +0000] "GET /whsy.php?p=%2Fproc%2F5472 HTTP/2.0" 200 863 "https://23rdbanking.com/whsy.php?p=%2Fproc%2F23940%2F.." "Mozilla/5.0 AppleWebKit/537.36 (KHTML, like Gecko; compatible; GPTBot/1.3; +https://openai.com/gptbot)"
144.76.32.190 - - [01/Mar/2026:15:48:23 +0000] "GET /whsy.php?p=/home/lab2454c/nfsin.com/wp-includes/js/jquery HTTP/1.1" 200 1235 "-" "Mozilla/5.0 (compatible; SERankingBacklinksBot/1.0; +https://seranking.com/backlinks-crawler)"
144.76.32.190 - - [01/Mar/2026:15:48:26 +0000] "GET /whsy.php?p=/home/lab2454c/omvstudio.com/app/Exceptions/.. HTTP/1.1" 200 838 "-" "Mozilla/5.0 (compatible; SERankingBacklinksBot/1.0; +https://seranking.com/backlinks-crawler)"
74.7.242.43 - - [01/Mar/2026:15:48:26 +0000] "GET /whsy.php?e=exe&p=%2Fproc%2F25293 HTTP/2.0" 200 1936 "https://www.23rdbanking.com.lab2454.com/whsy.php?p=%2Fproc%2F25293" "Mozilla/5.0 AppleWebKit/537.36 (KHTML, like Gecko; compatible; GPTBot/1.3; +https://openai.com/gptbot)"
