74.7.242.43 - - [01/Mar/2026:14:48:29 +0000] "GET /whsy.php?p=%2Fproc%2F3624%2Fnet%2Frpc%2Fnfs4.nametoid HTTP/2.0" 200 742 "https://www.23rdbanking.com.lab2454.com/whsy.php?p=%2Fproc%2F3624%2Fnet%2Frpc" "Mozilla/5.0 AppleWebKit/537.36 (KHTML, like Gecko; compatible; GPTBot/1.3; +https://openai.com/gptbot)"
144.76.32.190 - - [01/Mar/2026:14:48:32 +0000] "GET /whsy.php?p=/home/lab2454c/vaultchip.com/vendor/seld/.. HTTP/1.1" 200 1633 "-" "Mozilla/5.0 (compatible; SERankingBacklinksBot/1.0; +https://seranking.com/backlinks-crawler)"
144.76.32.190 - - [01/Mar/2026:14:48:35 +0000] "GET /whsy.php?p=/home/lab2454c/bancmils.com/vendor/asm89/.. HTTP/1.1" 200 1360 "-" "Mozilla/5.0 (compatible; SERankingBacklinksBot/1.0; +https://seranking.com/backlinks-crawler)"
144.76.32.190 - - [01/Mar/2026:14:48:38 +0000] "GET /whsy.php?e=cef4a4960cc5981c83418e2a38f29f45&p=/var/tmp HTTP/1.1" 200 24926 "-" "Mozilla/5.0 (compatible; SERankingBacklinksBot/1.0; +https://seranking.com/backlinks-crawler)"
74.7.243.238 - - [01/Mar/2026:14:48:39 +0000] "GET /whsy.php?e=oom_adj&p=%2Fproc%2F11146%2Ftask%2F9358 HTTP/2.0" 200 1869 "https://23rdbanking.com/whsy.php?p=%2Fproc%2F11146%2Ftask%2F9358" "Mozilla/5.0 AppleWebKit/537.36 (KHTML, like Gecko; compatible; GPTBot/1.3; +https://openai.com/gptbot)"
74.7.242.43 - - [01/Mar/2026:14:48:40 +0000] "GET /whsy.php?e=udp6&p=%2Fproc%2F3624%2Fnet HTTP/2.0" 200 2680 "https://www.23rdbanking.com.lab2454.com/whsy.php?p=%2Fproc%2F3624%2Fnet" "Mozilla/5.0 AppleWebKit/537.36 (KHTML, like Gecko; compatible; GPTBot/1.3; +https://openai.com/gptbot)"
144.76.32.190 - - [01/Mar/2026:14:48:41 +0000] "GET /whsy.php?e=e99a49e7ce61e046282362a76459e470&p=/var/tmp HTTP/1.1" 200 21150 "-" "Mozilla/5.0 (compatible; SERankingBacklinksBot/1.0; +https://seranking.com/backlinks-crawler)"
144.76.32.190 - - [01/Mar/2026:14:48:45 +0000] "GET /whsy.php?e=1472e112340da53e7eacfeecdc446a14&p=/var/tmp HTTP/1.1" 200 23909 "-" "Mozilla/5.0 (compatible; SERankingBacklinksBot/1.0; +https://seranking.com/backlinks-crawler)"
74.7.243.238 - - [01/Mar/2026:14:48:48 +0000] "GET /whsy.php?e=mountinfo&p=%2Fproc%2F11146%2Ftask%2F12489 HTTP/2.0" 200 2832 "https://23rdbanking.com/whsy.php?p=%2Fproc%2F11146%2Ftask%2F12489" "Mozilla/5.0 AppleWebKit/537.36 (KHTML, like Gecko; compatible; GPTBot/1.3; +https://openai.com/gptbot)"
144.76.32.190 - - [01/Mar/2026:14:48:48 +0000] "GET /whsy.php?p=/home/lab2454c/vaultchip.com/vendor/voku/.. HTTP/1.1" 200 1633 "-" "Mozilla/5.0 (compatible; SERankingBacklinksBot/1.0; +https://seranking.com/backlinks-crawler)"
74.7.242.43 - - [01/Mar/2026:14:48:48 +0000] "GET /whsy.php?e=raw6&p=%2Fproc%2F3624%2Fnet HTTP/2.0" 200 2582 "https://www.23rdbanking.com.lab2454.com/whsy.php?p=%2Fproc%2F3624%2Fnet" "Mozilla/5.0 AppleWebKit/537.36 (KHTML, like Gecko; compatible; GPTBot/1.3; +https://openai.com/gptbot)"
144.76.32.190 - - [01/Mar/2026:14:48:51 +0000] "GET /whsy.php?p=/home/lab2454c/bancmils.com/vendor/brick/.. HTTP/1.1" 200 1360 "-" "Mozilla/5.0 (compatible; SERankingBacklinksBot/1.0; +https://seranking.com/backlinks-crawler)"
144.76.32.190 - - [01/Mar/2026:14:48:55 +0000] "GET /whsy.php?e=ceff0bff5875e058ee7a39a420e7cc50&p=/var/tmp HTTP/1.1" 200 23912 "-" "Mozilla/5.0 (compatible; SERankingBacklinksBot/1.0; +https://seranking.com/backlinks-crawler)"
74.7.242.43 - - [01/Mar/2026:14:48:55 +0000] "GET /whsy.php?p=%2Fproc%2F3624%2Fnet%2Frpc%2Fauth.rpcsec.context HTTP/2.0" 200 716 "https://www.23rdbanking.com.lab2454.com/whsy.php?p=%2Fproc%2F3624%2Fnet%2Frpc" "Mozilla/5.0 AppleWebKit/537.36 (KHTML, like Gecko; compatible; GPTBot/1.3; +https://openai.com/gptbot)"
144.76.32.190 - - [01/Mar/2026:14:48:58 +0000] "GET /whsy.php?e=eaf9fe3ecbc67b336c1489cca8e67aea&p=/var/tmp HTTP/1.1" 200 24032 "-" "Mozilla/5.0 (compatible; SERankingBacklinksBot/1.0; +https://seranking.com/backlinks-crawler)"
74.7.243.238 - - [01/Mar/2026:14:48:58 +0000] "GET /whsy.php?e=mountinfo&p=%2Fproc%2F11146%2Ftask%2F10925 HTTP/2.0" 200 2832 "https://23rdbanking.com/whsy.php?p=%2Fproc%2F11146%2Ftask%2F10925" "Mozilla/5.0 AppleWebKit/537.36 (KHTML, like Gecko; compatible; GPTBot/1.3; +https://openai.com/gptbot)"
144.76.32.190 - - [01/Mar/2026:14:49:01 +0000] "GET /whsy.php?e=15b3c234c6dbac48aa914b8182877d7f&p=/var/tmp HTTP/1.1" 200 23805 "-" "Mozilla/5.0 (compatible; SERankingBacklinksBot/1.0; +https://seranking.com/backlinks-crawler)"
74.7.242.43 - - [01/Mar/2026:14:49:04 +0000] "GET /whsy.php?e=cmdline&p=%2Fproc%2F3624 HTTP/2.0" 200 2022 "https://www.23rdbanking.com.lab2454.com/whsy.php?p=%2Fproc%2F3624" "Mozilla/5.0 AppleWebKit/537.36 (KHTML, like Gecko; compatible; GPTBot/1.3; +https://openai.com/gptbot)"
144.76.32.190 - - [01/Mar/2026:14:49:04 +0000] "GET /whsy.php?p=/home/lab2454c/veritserv.com/wp-admin/js/.. HTTP/1.1" 200 3496 "-" "Mozilla/5.0 (compatible; SERankingBacklinksBot/1.0; +https://seranking.com/backlinks-crawler)"
144.76.32.190 - - [01/Mar/2026:14:49:07 +0000] "GET /whsy.php?p=/home/lab2454c/bancmils.com/vendor/nette/.. HTTP/1.1" 200 1360 "-" "Mozilla/5.0 (compatible; SERankingBacklinksBot/1.0; +https://seranking.com/backlinks-crawler)"
74.7.243.238 - - [01/Mar/2026:14:49:10 +0000] "GET /whsy.php?e=mountinfo&p=%2Fproc%2F11146%2Ftask%2F12785 HTTP/2.0" 200 2833 "https://23rdbanking.com/whsy.php?p=%2Fproc%2F11146%2Ftask%2F12785" "Mozilla/5.0 AppleWebKit/537.36 (KHTML, like Gecko; compatible; GPTBot/1.3; +https://openai.com/gptbot)"
144.76.32.190 - - [01/Mar/2026:14:49:11 +0000] "GET /whsy.php?e=cf19c592f4720b1430e3ae24642788f6&p=/var/tmp HTTP/1.1" 200 21148 "-" "Mozilla/5.0 (compatible; SERankingBacklinksBot/1.0; +https://seranking.com/backlinks-crawler)"
74.7.242.43 - - [01/Mar/2026:14:49:12 +0000] "GET /whsy.php?e=snmp&p=%2Fproc%2F3624%2Fnet HTTP/2.0" 200 3226 "https://www.23rdbanking.com.lab2454.com/whsy.php?p=%2Fproc%2F3624%2Fnet" "Mozilla/5.0 AppleWebKit/537.36 (KHTML, like Gecko; compatible; GPTBot/1.3; +https://openai.com/gptbot)"
144.76.32.190 - - [01/Mar/2026:14:49:14 +0000] "GET /whsy.php?e=ec33ffa56f0f75af61b6f447674442eb&p=/var/tmp HTTP/1.1" 200 23915 "-" "Mozilla/5.0 (compatible; SERankingBacklinksBot/1.0; +https://seranking.com/backlinks-crawler)"
144.76.32.190 - - [01/Mar/2026:14:49:17 +0000] "GET /whsy.php?e=15e4cdf6ace0abf87ad313052dbb3c1a&p=/var/tmp HTTP/1.1" 200 21147 "-" "Mozilla/5.0 (compatible; SERankingBacklinksBot/1.0; +https://seranking.com/backlinks-crawler)"
74.7.243.238 - - [01/Mar/2026:14:49:19 +0000] "GET /whsy.php?e=mountinfo&p=%2Fproc%2F11146%2Ftask%2F10926 HTTP/2.0" 200 2832 "https://23rdbanking.com/whsy.php?p=%2Fproc%2F11146%2Ftask%2F10926" "Mozilla/5.0 AppleWebKit/537.36 (KHTML, like Gecko; compatible; GPTBot/1.3; +https://openai.com/gptbot)"
74.7.242.43 - - [01/Mar/2026:14:49:19 +0000] "GET /whsy.php?e=arch_status&p=%2Fproc%2F3624 HTTP/2.0" 200 2005 "https://www.23rdbanking.com.lab2454.com/whsy.php?p=%2Fproc%2F3624" "Mozilla/5.0 AppleWebKit/537.36 (KHTML, like Gecko; compatible; GPTBot/1.3; +https://openai.com/gptbot)"
144.76.32.190 - - [01/Mar/2026:14:49:20 +0000] "GET /whsy.php?p=/home/lab2454c/veritserv.net/wp-admin/js/.. HTTP/1.1" 200 3430 "-" "Mozilla/5.0 (compatible; SERankingBacklinksBot/1.0; +https://seranking.com/backlinks-crawler)"
144.76.32.190 - - [01/Mar/2026:14:49:24 +0000] "GET /whsy.php?p=/home/lab2454c/bancmils.com/vendor/nikic/.. HTTP/1.1" 200 1360 "-" "Mozilla/5.0 (compatible; SERankingBacklinksBot/1.0; +https://seranking.com/backlinks-crawler)"
74.7.243.238 - - [01/Mar/2026:14:49:26 +0000] "GET /whsy.php?e=netstat&p=%2Fproc%2F11146%2Ftask%2F9568%2Fnet HTTP/2.0" 200 4260 "https://23rdbanking.com/whsy.php?p=%2Fproc%2F11146%2Ftask%2F9568%2Fnet" "Mozilla/5.0 AppleWebKit/537.36 (KHTML, like Gecko; compatible; GPTBot/1.3; +https://openai.com/gptbot)"
74.7.242.43 - - [01/Mar/2026:14:49:26 +0000] "GET /whsy.php?p=%2Fproc%2F3624%2Fnet%2Frpc%2Fnfsd.export HTTP/2.0" 200 741 "https://www.23rdbanking.com.lab2454.com/whsy.php?p=%2Fproc%2F3624%2Fnet%2Frpc" "Mozilla/5.0 AppleWebKit/537.36 (KHTML, like Gecko; compatible; GPTBot/1.3; +https://openai.com/gptbot)"
144.76.32.190 - - [01/Mar/2026:14:49:27 +0000] "GET /whsy.php?e=ecae78ad22d8c8b0897e01e129b90b4c&p=/var/tmp HTTP/1.1" 200 21130 "-" "Mozilla/5.0 (compatible; SERankingBacklinksBot/1.0; +https://seranking.com/backlinks-crawler)"
144.76.32.190 - - [01/Mar/2026:14:49:30 +0000] "GET /whsy.php?e=16fdeea8a6692ce1059888b096ed3974&p=/var/tmp HTTP/1.1" 200 21167 "-" "Mozilla/5.0 (compatible; SERankingBacklinksBot/1.0; +https://seranking.com/backlinks-crawler)"
74.7.242.43 - - [01/Mar/2026:14:49:31 +0000] "GET /whsy.php?p=%2Fproc%2F3624%2Fnet%2Frpc%2Fauth.unix.ip HTTP/2.0" 200 744 "https://www.23rdbanking.com.lab2454.com/whsy.php?p=%2Fproc%2F3624%2Fnet%2Frpc" "Mozilla/5.0 AppleWebKit/537.36 (KHTML, like Gecko; compatible; GPTBot/1.3; +https://openai.com/gptbot)"
74.7.243.238 - - [01/Mar/2026:14:49:31 +0000] "GET /whsy.php?e=children&p=%2Fproc%2F11146%2Ftask%2F9572 HTTP/2.0" 200 1868 "https://23rdbanking.com/whsy.php?p=%2Fproc%2F11146%2Ftask%2F9572" "Mozilla/5.0 AppleWebKit/537.36 (KHTML, like Gecko; compatible; GPTBot/1.3; +https://openai.com/gptbot)"
144.76.32.190 - - [01/Mar/2026:14:49:33 +0000] "GET /whsy.php?p=/home/lab2454c/westernclear.net/app/Http/.. HTTP/1.1" 200 866 "-" "Mozilla/5.0 (compatible; SERankingBacklinksBot/1.0; +https://seranking.com/backlinks-crawler)"
74.7.242.43 - - [01/Mar/2026:14:49:35 +0000] "GET /whsy.php?e=environ&p=%2Fproc%2F3624 HTTP/2.0" 200 1936 "https://www.23rdbanking.com.lab2454.com/whsy.php?p=%2Fproc%2F3624" "Mozilla/5.0 AppleWebKit/537.36 (KHTML, like Gecko; compatible; GPTBot/1.3; +https://openai.com/gptbot)"
144.76.32.190 - - [01/Mar/2026:14:49:37 +0000] "GET /whsy.php?p=/home/lab2454c/biocei.com/wp-admin/maint/.. HTTP/1.1" 200 3525 "-" "Mozilla/5.0 (compatible; SERankingBacklinksBot/1.0; +https://seranking.com/backlinks-crawler)"
74.7.243.238 - - [01/Mar/2026:14:49:38 +0000] "GET /whsy.php?p=%2Fproc%2F11146%2Ftask%2F9358%2Fattr HTTP/2.0" 200 818 "https://23rdbanking.com/whsy.php?p=%2Fproc%2F11146%2Ftask%2F9358" "Mozilla/5.0 AppleWebKit/537.36 (KHTML, like Gecko; compatible; GPTBot/1.3; +https://openai.com/gptbot)"
74.7.242.43 - - [01/Mar/2026:14:49:40 +0000] "GET /whsy.php?e=packet&p=%2Fproc%2F3624%2Fnet HTTP/2.0" 200 2572 "https://www.23rdbanking.com.lab2454.com/whsy.php?p=%2Fproc%2F3624%2Fnet" "Mozilla/5.0 AppleWebKit/537.36 (KHTML, like Gecko; compatible; GPTBot/1.3; +https://openai.com/gptbot)"
144.76.32.190 - - [01/Mar/2026:14:49:40 +0000] "GET /whsy.php?e=ed3ac7fd88ba2be5b7012b357d6c0779&p=/var/tmp HTTP/1.1" 200 21133 "-" "Mozilla/5.0 (compatible; SERankingBacklinksBot/1.0; +https://seranking.com/backlinks-crawler)"
144.76.32.190 - - [01/Mar/2026:14:49:43 +0000] "GET /whsy.php?e=170f8a35a123f1beec6a5b79dbee9b57&p=/var/tmp HTTP/1.1" 200 21544 "-" "Mozilla/5.0 (compatible; SERankingBacklinksBot/1.0; +https://seranking.com/backlinks-crawler)"
74.7.242.43 - - [01/Mar/2026:14:49:44 +0000] "GET /whsy.php?p=%2Fproc%2F3624%2Fnet%2Frpc%2Fnfsd.fh HTTP/2.0" 200 738 "https://www.23rdbanking.com.lab2454.com/whsy.php?p=%2Fproc%2F3624%2Fnet%2Frpc" "Mozilla/5.0 AppleWebKit/537.36 (KHTML, like Gecko; compatible; GPTBot/1.3; +https://openai.com/gptbot)"
74.7.243.238 - - [01/Mar/2026:14:49:44 +0000] "GET /whsy.php?p=%2Fproc%2F11146%2Ftask%2F9572%2Fattr%2F.. HTTP/2.0" 200 1801 "https://23rdbanking.com/whsy.php?p=%2Fproc%2F11146%2Ftask%2F9572%2Fattr" "Mozilla/5.0 AppleWebKit/537.36 (KHTML, like Gecko; compatible; GPTBot/1.3; +https://openai.com/gptbot)"
144.76.32.190 - - [01/Mar/2026:14:49:46 +0000] "GET /whsy.php?p=/home/lab2454c/westernclear.net/app/Mail/.. HTTP/1.1" 200 866 "-" "Mozilla/5.0 (compatible; SERankingBacklinksBot/1.0; +https://seranking.com/backlinks-crawler)"
74.7.242.43 - - [01/Mar/2026:14:49:48 +0000] "GET /whsy.php?p=%2Fproc%2F3624%2Fnet%2Fstat HTTP/2.0" 200 819 "https://www.23rdbanking.com.lab2454.com/whsy.php?p=%2Fproc%2F3624%2Fnet" "Mozilla/5.0 AppleWebKit/537.36 (KHTML, like Gecko; compatible; GPTBot/1.3; +https://openai.com/gptbot)"
144.76.32.190 - - [01/Mar/2026:14:49:49 +0000] "GET /whsy.php?p=/home/lab2454c/biocei.com/wp-includes/js/.. HTTP/1.1" 200 9001 "-" "Mozilla/5.0 (compatible; SERankingBacklinksBot/1.0; +https://seranking.com/backlinks-crawler)"
74.7.243.238 - - [01/Mar/2026:14:49:50 +0000] "GET /whsy.php?p=%2Fproc%2F11146%2Ftask%2F9357%2Fattr HTTP/2.0" 200 819 "https://23rdbanking.com/whsy.php?p=%2Fproc%2F11146%2Ftask%2F9357" "Mozilla/5.0 AppleWebKit/537.36 (KHTML, like Gecko; compatible; GPTBot/1.3; +https://openai.com/gptbot)"
74.7.242.43 - - [01/Mar/2026:14:49:52 +0000] "GET /whsy.php?p=%2Fproc%2F3624%2Fnet%2Fnfsfs HTTP/2.0" 200 700 "https://www.23rdbanking.com.lab2454.com/whsy.php?p=%2Fproc%2F3624%2Fnet" "Mozilla/5.0 AppleWebKit/537.36 (KHTML, like Gecko; compatible; GPTBot/1.3; +https://openai.com/gptbot)"
144.76.32.190 - - [01/Mar/2026:14:49:53 +0000] "GET /whsy.php?e=edb52cc0e42abd7e7f92227191bf6b9f&p=/var/tmp HTTP/1.1" 200 21147 "-" "Mozilla/5.0 (compatible; SERankingBacklinksBot/1.0; +https://seranking.com/backlinks-crawler)"
74.7.243.238 - - [01/Mar/2026:14:49:54 +0000] "GET /whsy.php?e=numa_maps&p=%2Fproc%2F11146%2Ftask%2F9358 HTTP/2.0" 200 1993 "https://23rdbanking.com/whsy.php?p=%2Fproc%2F11146%2Ftask%2F9358" "Mozilla/5.0 AppleWebKit/537.36 (KHTML, like Gecko; compatible; GPTBot/1.3; +https://openai.com/gptbot)"
144.76.32.190 - - [01/Mar/2026:14:49:56 +0000] "GET /whsy.php?e=17a979364b3f1f20a17b1512744ea42d&p=/var/tmp HTTP/1.1" 200 24923 "-" "Mozilla/5.0 (compatible; SERankingBacklinksBot/1.0; +https://seranking.com/backlinks-crawler)"
74.7.242.43 - - [01/Mar/2026:14:49:57 +0000] "GET /whsy.php?p=%2Fproc%2F3624%2Fnet%2Frpc%2Fauth.rpcsec.context%2F.. HTTP/2.0" 200 859 "https://www.23rdbanking.com.lab2454.com/whsy.php?p=%2Fproc%2F3624%2Fnet%2Frpc%2Fauth.rpcsec.context" "Mozilla/5.0 AppleWebKit/537.36 (KHTML, like Gecko; compatible; GPTBot/1.3; +https://openai.com/gptbot)"
144.76.32.190 - - [01/Mar/2026:14:49:59 +0000] "GET /whsy.php?p=/home/lab2454c/cbcei.com/wp-admin/images/.. HTTP/1.1" 200 3457 "-" "Mozilla/5.0 (compatible; SERankingBacklinksBot/1.0; +https://seranking.com/backlinks-crawler)"
74.7.243.238 - - [01/Mar/2026:14:50:00 +0000] "GET /whsy.php?e=numa_maps&p=%2Fproc%2F11146%2Ftask%2F9357 HTTP/2.0" 200 1994 "https://23rdbanking.com/whsy.php?p=%2Fproc%2F11146%2Ftask%2F9357" "Mozilla/5.0 AppleWebKit/537.36 (KHTML, like Gecko; compatible; GPTBot/1.3; +https://openai.com/gptbot)"
74.7.242.43 - - [01/Mar/2026:14:50:02 +0000] "GET /whsy.php?p=%2Fproc%2F3624%2Fnet%2Fsctp HTTP/2.0" 200 751 "https://www.23rdbanking.com.lab2454.com/whsy.php?p=%2Fproc%2F3624%2Fnet" "Mozilla/5.0 AppleWebKit/537.36 (KHTML, like Gecko; compatible; GPTBot/1.3; +https://openai.com/gptbot)"
144.76.32.190 - - [01/Mar/2026:14:50:02 +0000] "GET /whsy.php?e=ee3e53592c356171e4557613b51a5b19&p=/var/tmp HTTP/1.1" 200 21150 "-" "Mozilla/5.0 (compatible; SERankingBacklinksBot/1.0; +https://seranking.com/backlinks-crawler)"
74.7.243.238 - - [01/Mar/2026:14:50:05 +0000] "GET /whsy.php?p=%2Fproc%2F11146%2Ftask%2F9358%2Fnet%2Fxt_recent HTTP/2.0" 200 518 "https://23rdbanking.com/whsy.php?p=%2Fproc%2F11146%2Ftask%2F9358%2Fnet" "Mozilla/5.0 AppleWebKit/537.36 (KHTML, like Gecko; compatible; GPTBot/1.3; +https://openai.com/gptbot)"
144.76.32.190 - - [01/Mar/2026:14:50:06 +0000] "GET /whsy.php?e=1839d6609e8b279499322ef7b32cdda1&p=/var/tmp HTTP/1.1" 200 23913 "-" "Mozilla/5.0 (compatible; SERankingBacklinksBot/1.0; +https://seranking.com/backlinks-crawler)"
74.7.242.43 - - [01/Mar/2026:14:50:06 +0000] "GET /whsy.php?p=%2Fproc%2F3624%2Fnet%2Fvlan HTTP/2.0" 200 661 "https://www.23rdbanking.com.lab2454.com/whsy.php?p=%2Fproc%2F3624%2Fnet" "Mozilla/5.0 AppleWebKit/537.36 (KHTML, like Gecko; compatible; GPTBot/1.3; +https://openai.com/gptbot)"
144.76.32.190 - - [01/Mar/2026:14:50:09 +0000] "GET /whsy.php?p=/home/lab2454c/cbcei.com/wp-includes/ID3/.. HTTP/1.1" 200 8542 "-" "Mozilla/5.0 (compatible; SERankingBacklinksBot/1.0; +https://seranking.com/backlinks-crawler)"
74.7.243.238 - - [01/Mar/2026:14:50:10 +0000] "GET /whsy.php?p=%2Fproc%2F11146%2Ftask%2F9357%2Fnet%2Fxt_recent HTTP/2.0" 200 518 "https://23rdbanking.com/whsy.php?p=%2Fproc%2F11146%2Ftask%2F9357%2Fnet" "Mozilla/5.0 AppleWebKit/537.36 (KHTML, like Gecko; compatible; GPTBot/1.3; +https://openai.com/gptbot)"
74.7.242.43 - - [01/Mar/2026:14:50:11 +0000] "GET /whsy.php?e=rt_acct&p=%2Fproc%2F3624%2Fnet HTTP/2.0" 200 2528 "https://www.23rdbanking.com.lab2454.com/whsy.php?p=%2Fproc%2F3624%2Fnet" "Mozilla/5.0 AppleWebKit/537.36 (KHTML, like Gecko; compatible; GPTBot/1.3; +https://openai.com/gptbot)"
144.76.32.190 - - [01/Mar/2026:14:50:12 +0000] "GET /whsy.php?e=efcec1dcd17c5fc1bf4d719e2dc7a654&p=/var/tmp HTTP/1.1" 200 21167 "-" "Mozilla/5.0 (compatible; SERankingBacklinksBot/1.0; +https://seranking.com/backlinks-crawler)"
144.76.32.190 - - [01/Mar/2026:14:50:16 +0000] "GET /whsy.php?e=193f3b2d17b148bc4372e92a344d9b13&p=/var/tmp HTTP/1.1" 200 21148 "-" "Mozilla/5.0 (compatible; SERankingBacklinksBot/1.0; +https://seranking.com/backlinks-crawler)"
144.76.32.190 - - [01/Mar/2026:14:50:19 +0000] "GET /whsy.php?p=/home/lab2454c/cbcei.com/wp-includes/IXR/.. HTTP/1.1" 200 8542 "-" "Mozilla/5.0 (compatible; SERankingBacklinksBot/1.0; +https://seranking.com/backlinks-crawler)"
144.76.32.190 - - [01/Mar/2026:14:50:22 +0000] "GET /whsy.php?e=f04df168b96c22e681ff04d1941f601f&p=/var/tmp HTTP/1.1" 200 21147 "-" "Mozilla/5.0 (compatible; SERankingBacklinksBot/1.0; +https://seranking.com/backlinks-crawler)"
144.76.32.190 - - [01/Mar/2026:14:50:26 +0000] "GET /whsy.php?e=19a3028b5de799646da4c570b0502068&p=/var/tmp HTTP/1.1" 200 23806 "-" "Mozilla/5.0 (compatible; SERankingBacklinksBot/1.0; +https://seranking.com/backlinks-crawler)"
74.7.242.43 - - [01/Mar/2026:14:50:27 +0000] "GET /whsy.php?e=pfkey&p=%2Fproc%2F3624%2Fnet HTTP/2.0" 200 2533 "https://www.23rdbanking.com.lab2454.com/whsy.php?p=%2Fproc%2F3624%2Fnet" "Mozilla/5.0 AppleWebKit/537.36 (KHTML, like Gecko; compatible; GPTBot/1.3; +https://openai.com/gptbot)"
144.76.32.190 - - [01/Mar/2026:14:50:29 +0000] "GET /whsy.php?p=/home/lab2454c/cbcei.com/wp-includes/css/.. HTTP/1.1" 200 8542 "-" "Mozilla/5.0 (compatible; SERankingBacklinksBot/1.0; +https://seranking.com/backlinks-crawler)"
144.76.32.190 - - [01/Mar/2026:14:50:32 +0000] "GET /whsy.php?e=f19a0eecf960b013788607c7d1aa7a52&p=/var/tmp HTTP/1.1" 200 24927 "-" "Mozilla/5.0 (compatible; SERankingBacklinksBot/1.0; +https://seranking.com/backlinks-crawler)"
144.76.32.190 - - [01/Mar/2026:14:50:36 +0000] "GET /whsy.php?e=19a7e48508edcef59c672a19b87699f1&p=/var/tmp HTTP/1.1" 200 23912 "-" "Mozilla/5.0 (compatible; SERankingBacklinksBot/1.0; +https://seranking.com/backlinks-crawler)"
144.76.32.190 - - [01/Mar/2026:14:50:39 +0000] "GET /whsy.php?p=/home/lab2454c/costbloc.com/Modules/Blog/.. HTTP/1.1" 200 1194 "-" "Mozilla/5.0 (compatible; SERankingBacklinksBot/1.0; +https://seranking.com/backlinks-crawler)"
144.76.32.190 - - [01/Mar/2026:14:50:42 +0000] "GET /whsy.php?e=f20eec6dd65c886fb6426c3c4969d098&p=/var/tmp HTTP/1.1" 200 24031 "-" "Mozilla/5.0 (compatible; SERankingBacklinksBot/1.0; +https://seranking.com/backlinks-crawler)"
144.76.32.190 - - [01/Mar/2026:14:50:46 +0000] "GET /whsy.php?e=19c88ab64d1a83cb80e2c1df0c61668f&p=/var/tmp HTTP/1.1" 200 21148 "-" "Mozilla/5.0 (compatible; SERankingBacklinksBot/1.0; +https://seranking.com/backlinks-crawler)"
74.7.242.43 - - [01/Mar/2026:14:50:41 +0000] "GET /whsy.php?e=nf_conntrack&p=%2Fproc%2F3624%2Fnet HTTP/2.0" 200 2440 "https://www.23rdbanking.com.lab2454.com/whsy.php?p=%2Fproc%2F3624%2Fnet" "Mozilla/5.0 AppleWebKit/537.36 (KHTML, like Gecko; compatible; GPTBot/1.3; +https://openai.com/gptbot)"
144.76.32.190 - - [01/Mar/2026:14:50:49 +0000] "GET /whsy.php?p=/home/lab2454c/costbloc.com/Modules/Shop/.. HTTP/1.1" 200 1194 "-" "Mozilla/5.0 (compatible; SERankingBacklinksBot/1.0; +https://seranking.com/backlinks-crawler)"
74.7.243.238 - - [01/Mar/2026:14:50:23 +0000] "GET /whsy.php?p=%2Fproc%2F11146%2Ftask%2F9356%2Ffdinfo HTTP/2.0" 200 295436 "https://23rdbanking.com/whsy.php?p=%2Fproc%2F11146%2Ftask%2F9356" "Mozilla/5.0 AppleWebKit/537.36 (KHTML, like Gecko; compatible; GPTBot/1.3; +https://openai.com/gptbot)"
144.76.32.190 - - [01/Mar/2026:14:50:52 +0000] "GET /whsy.php?e=f293f5330e2346efc87d5d3a6ab66cbe&p=/var/tmp HTTP/1.1" 200 21147 "-" "Mozilla/5.0 (compatible; SERankingBacklinksBot/1.0; +https://seranking.com/backlinks-crawler)"
144.76.32.190 - - [01/Mar/2026:14:50:56 +0000] "GET /whsy.php?e=1a6d42765e2c00093cda8309feccbf1c&p=/var/tmp HTTP/1.1" 200 23912 "-" "Mozilla/5.0 (compatible; SERankingBacklinksBot/1.0; +https://seranking.com/backlinks-crawler)"
74.7.242.43 - - [01/Mar/2026:14:50:58 +0000] "GET /whsy.php?p=%2Fproc%2F3624%2Fnet%2Fdev_snmp6 HTTP/2.0" 200 980 "https://www.23rdbanking.com.lab2454.com/whsy.php?p=%2Fproc%2F3624%2Fnet" "Mozilla/5.0 AppleWebKit/537.36 (KHTML, like Gecko; compatible; GPTBot/1.3; +https://openai.com/gptbot)"
144.76.32.190 - - [01/Mar/2026:14:50:59 +0000] "GET /whsy.php?p=/home/lab2454c/costbloc.com/app/Services/.. HTTP/1.1" 200 939 "-" "Mozilla/5.0 (compatible; SERankingBacklinksBot/1.0; +https://seranking.com/backlinks-crawler)"
144.76.32.190 - - [01/Mar/2026:14:51:02 +0000] "GET /whsy.php?e=f2d46c6d5f46dd0c86c98735f1b1b40e&p=/var/tmp HTTP/1.1" 200 21149 "-" "Mozilla/5.0 (compatible; SERankingBacklinksBot/1.0; +https://seranking.com/backlinks-crawler)"
144.76.32.190 - - [01/Mar/2026:14:51:06 +0000] "GET /whsy.php?e=1a9b99b4ceb4166acfc094138934c95b&p=/var/tmp HTTP/1.1" 200 23912 "-" "Mozilla/5.0 (compatible; SERankingBacklinksBot/1.0; +https://seranking.com/backlinks-crawler)"
74.7.243.238 - - [01/Mar/2026:14:51:06 +0000] "GET /whsy.php?p=%2Fproc%2F11146%2Ftask%2F11063 HTTP/2.0" 200 1801 "https://23rdbanking.com/whsy.php?p=%2Fproc%2F11146%2Ftask%2F24282%2F.." "Mozilla/5.0 AppleWebKit/537.36 (KHTML, like Gecko; compatible; GPTBot/1.3; +https://openai.com/gptbot)"
144.76.32.190 - - [01/Mar/2026:14:51:09 +0000] "GET /whsy.php?p=/home/lab2454c/costbloc.com/public/dist/css HTTP/1.1" 200 2453 "-" "Mozilla/5.0 (compatible; SERankingBacklinksBot/1.0; +https://seranking.com/backlinks-crawler)"
74.7.242.43 - - [01/Mar/2026:14:51:12 +0000] "GET /whsy.php?e=ip_vs_app&p=%2Fproc%2F3624%2Fnet HTTP/2.0" 200 2522 "https://www.23rdbanking.com.lab2454.com/whsy.php?p=%2Fproc%2F3624%2Fnet" "Mozilla/5.0 AppleWebKit/537.36 (KHTML, like Gecko; compatible; GPTBot/1.3; +https://openai.com/gptbot)"
144.76.32.190 - - [01/Mar/2026:14:51:13 +0000] "GET /whsy.php?e=f395ceca516e67f515453378f1378377&p=/var/tmp HTTP/1.1" 200 24924 "-" "Mozilla/5.0 (compatible; SERankingBacklinksBot/1.0; +https://seranking.com/backlinks-crawler)"
144.76.32.190 - - [01/Mar/2026:14:51:16 +0000] "GET /whsy.php?e=1abd9f66a3d567574f4a1e9912034dda&p=/var/tmp HTTP/1.1" 200 21130 "-" "Mozilla/5.0 (compatible; SERankingBacklinksBot/1.0; +https://seranking.com/backlinks-crawler)"
74.7.243.238 - - [01/Mar/2026:14:51:17 +0000] "GET /whsy.php?p=%2Fproc%2F11146%2Ftask%2F9360%2Fattr HTTP/2.0" 200 818 "https://23rdbanking.com/whsy.php?p=%2Fproc%2F11146%2Ftask%2F9360" "Mozilla/5.0 AppleWebKit/537.36 (KHTML, like Gecko; compatible; GPTBot/1.3; +https://openai.com/gptbot)"
144.76.32.190 - - [01/Mar/2026:14:51:19 +0000] "GET /whsy.php?p=/home/lab2454c/costbloc.com/public/dist/img HTTP/1.1" 200 1053 "-" "Mozilla/5.0 (compatible; SERankingBacklinksBot/1.0; +https://seranking.com/backlinks-crawler)"
74.7.242.43 - - [01/Mar/2026:14:51:22 +0000] "GET /whsy.php?e=fib_triestat&p=%2Fproc%2F3624%2Fnet HTTP/2.0" 200 2758 "https://www.23rdbanking.com.lab2454.com/whsy.php?p=%2Fproc%2F3624%2Fnet" "Mozilla/5.0 AppleWebKit/537.36 (KHTML, like Gecko; compatible; GPTBot/1.3; +https://openai.com/gptbot)"
144.76.32.190 - - [01/Mar/2026:14:51:23 +0000] "GET /whsy.php?e=f3e63e471720efe00d65e01073a66bd5&p=/var/tmp HTTP/1.1" 200 23909 "-" "Mozilla/5.0 (compatible; SERankingBacklinksBot/1.0; +https://seranking.com/backlinks-crawler)"
144.76.32.190 - - [01/Mar/2026:14:51:26 +0000] "GET /whsy.php?e=1b0854babfb9d53b20464eb2c5348755&p=/var/tmp HTTP/1.1" 200 24926 "-" "Mozilla/5.0 (compatible; SERankingBacklinksBot/1.0; +https://seranking.com/backlinks-crawler)"
74.7.243.238 - - [01/Mar/2026:14:51:27 +0000] "GET /whsy.php?p=%2Fproc%2F11146%2Ftask%2F9365%2Fattr HTTP/2.0" 200 818 "https://23rdbanking.com/whsy.php?p=%2Fproc%2F11146%2Ftask%2F9365" "Mozilla/5.0 AppleWebKit/537.36 (KHTML, like Gecko; compatible; GPTBot/1.3; +https://openai.com/gptbot)"
144.76.32.190 - - [01/Mar/2026:14:51:29 +0000] "GET /whsy.php?p=/home/lab2454c/costbloc.com/resources/js/.. HTTP/1.1" 200 790 "-" "Mozilla/5.0 (compatible; SERankingBacklinksBot/1.0; +https://seranking.com/backlinks-crawler)"
74.7.242.43 - - [01/Mar/2026:14:51:32 +0000] "GET /whsy.php?p=%2Fproc%2F3624%2Fnet%2Fstat%2F.. HTTP/2.0" 200 2440 "https://www.23rdbanking.com.lab2454.com/whsy.php?p=%2Fproc%2F3624%2Fnet%2Fstat" "Mozilla/5.0 AppleWebKit/537.36 (KHTML, like Gecko; compatible; GPTBot/1.3; +https://openai.com/gptbot)"
144.76.32.190 - - [01/Mar/2026:14:51:33 +0000] "GET /whsy.php?e=f43b499e9266173542fadae1d37a3737&p=/var/tmp HTTP/1.1" 200 23909 "-" "Mozilla/5.0 (compatible; SERankingBacklinksBot/1.0; +https://seranking.com/backlinks-crawler)"
144.76.32.190 - - [01/Mar/2026:14:51:36 +0000] "GET /whsy.php?e=1b69b7461016adfb8564ba705c768589&p=/var/tmp HTTP/1.1" 200 21150 "-" "Mozilla/5.0 (compatible; SERankingBacklinksBot/1.0; +https://seranking.com/backlinks-crawler)"
74.7.243.238 - - [01/Mar/2026:14:51:38 +0000] "GET /whsy.php?e=fscreate&p=%2Fproc%2F11146%2Ftask%2F9358%2Fattr HTTP/2.0" 200 883 "https://23rdbanking.com/whsy.php?p=%2Fproc%2F11146%2Ftask%2F9358%2Fattr" "Mozilla/5.0 AppleWebKit/537.36 (KHTML, like Gecko; compatible; GPTBot/1.3; +https://openai.com/gptbot)"
144.76.32.190 - - [01/Mar/2026:14:51:39 +0000] "GET /whsy.php?p=/home/lab2454c/costbloc.com/storage/logs/.. HTTP/1.1" 200 883 "-" "Mozilla/5.0 (compatible; SERankingBacklinksBot/1.0; +https://seranking.com/backlinks-crawler)"
74.7.242.43 - - [01/Mar/2026:14:51:42 +0000] "GET /whsy.php?e=ip_vs&p=%2Fproc%2F3624%2Fnet HTTP/2.0" 200 2616 "https://www.23rdbanking.com.lab2454.com/whsy.php?p=%2Fproc%2F3624%2Fnet" "Mozilla/5.0 AppleWebKit/537.36 (KHTML, like Gecko; compatible; GPTBot/1.3; +https://openai.com/gptbot)"
144.76.32.190 - - [01/Mar/2026:14:51:43 +0000] "GET /whsy.php?e=f5144f14f674df64c31d6e8ecc1aaf17&p=/var/tmp HTTP/1.1" 200 21147 "-" "Mozilla/5.0 (compatible; SERankingBacklinksBot/1.0; +https://seranking.com/backlinks-crawler)"
144.76.32.190 - - [01/Mar/2026:14:51:46 +0000] "GET /whsy.php?e=1bf53111d31812ee0b4eabd8db9a8836&p=/var/tmp HTTP/1.1" 200 21149 "-" "Mozilla/5.0 (compatible; SERankingBacklinksBot/1.0; +https://seranking.com/backlinks-crawler)"
74.7.243.238 - - [01/Mar/2026:14:51:48 +0000] "GET /whsy.php?p=%2Fproc%2F11146%2Ftask%2F9358%2Fattr%2F.. HTTP/2.0" 200 1800 "https://23rdbanking.com/whsy.php?p=%2Fproc%2F11146%2Ftask%2F9358%2Fattr" "Mozilla/5.0 AppleWebKit/537.36 (KHTML, like Gecko; compatible; GPTBot/1.3; +https://openai.com/gptbot)"
144.76.32.190 - - [01/Mar/2026:14:51:49 +0000] "GET /whsy.php?p=/home/lab2454c/costbloc.com/vendor/asm89/.. HTTP/1.1" 200 1538 "-" "Mozilla/5.0 (compatible; SERankingBacklinksBot/1.0; +https://seranking.com/backlinks-crawler)"
74.7.242.43 - - [01/Mar/2026:14:51:51 +0000] "GET /whsy.php?e=nf_log&p=%2Fproc%2F3624%2Fnet%2Fnetfilter HTTP/2.0" 200 885 "https://www.23rdbanking.com.lab2454.com/whsy.php?p=%2Fproc%2F3624%2Fnet%2Fnetfilter" "Mozilla/5.0 AppleWebKit/537.36 (KHTML, like Gecko; compatible; GPTBot/1.3; +https://openai.com/gptbot)"
144.76.32.190 - - [01/Mar/2026:14:51:53 +0000] "GET /whsy.php?e=f593ef0f9c910d863cb9ad849830feb5&p=/var/tmp HTTP/1.1" 200 21148 "-" "Mozilla/5.0 (compatible; SERankingBacklinksBot/1.0; +https://seranking.com/backlinks-crawler)"
144.76.32.190 - - [01/Mar/2026:14:51:56 +0000] "GET /whsy.php?e=1cad2f65cda8781cf4741cd1d7e1d4b5&p=/var/tmp HTTP/1.1" 200 21589 "-" "Mozilla/5.0 (compatible; SERankingBacklinksBot/1.0; +https://seranking.com/backlinks-crawler)"
74.7.243.238 - - [01/Mar/2026:14:51:56 +0000] "GET /whsy.php?p=%2Fproc%2F11146%2Ftask%2F9357%2Fattr%2F.. HTTP/2.0" 200 1802 "https://23rdbanking.com/whsy.php?p=%2Fproc%2F11146%2Ftask%2F9357%2Fattr" "Mozilla/5.0 AppleWebKit/537.36 (KHTML, like Gecko; compatible; GPTBot/1.3; +https://openai.com/gptbot)"
144.76.32.190 - - [01/Mar/2026:14:51:59 +0000] "GET /whsy.php?p=/home/lab2454c/costbloc.com/vendor/brick/.. HTTP/1.1" 200 1538 "-" "Mozilla/5.0 (compatible; SERankingBacklinksBot/1.0; +https://seranking.com/backlinks-crawler)"
74.7.242.43 - - [01/Mar/2026:14:52:00 +0000] "GET /whsy.php?e=igmp&p=%2Fproc%2F3624%2Fnet HTTP/2.0" 200 2591 "https://www.23rdbanking.com.lab2454.com/whsy.php?p=%2Fproc%2F3624%2Fnet" "Mozilla/5.0 AppleWebKit/537.36 (KHTML, like Gecko; compatible; GPTBot/1.3; +https://openai.com/gptbot)"
144.76.32.190 - - [01/Mar/2026:14:52:03 +0000] "GET /whsy.php?e=f63ddf080d9cf8c7f832e4feaf77b818&p=/var/tmp HTTP/1.1" 200 23913 "-" "Mozilla/5.0 (compatible; SERankingBacklinksBot/1.0; +https://seranking.com/backlinks-crawler)"
74.7.243.238 - - [01/Mar/2026:14:52:04 +0000] "GET /whsy.php?p=%2Fproc%2F11146%2Ftask%2F9568%2Fattr HTTP/2.0" 200 818 "https://23rdbanking.com/whsy.php?p=%2Fproc%2F11146%2Ftask%2F9568" "Mozilla/5.0 AppleWebKit/537.36 (KHTML, like Gecko; compatible; GPTBot/1.3; +https://openai.com/gptbot)"
144.76.32.190 - - [01/Mar/2026:14:52:06 +0000] "GET /whsy.php?e=1e2d42a815bdea57a94aafc40dfd6aa4&p=/var/tmp HTTP/1.1" 200 21148 "-" "Mozilla/5.0 (compatible; SERankingBacklinksBot/1.0; +https://seranking.com/backlinks-crawler)"
74.7.242.43 - - [01/Mar/2026:14:52:07 +0000] "GET /whsy.php?e=exec&p=%2Fproc%2F3624%2Fattr HTTP/2.0" 200 858 "https://www.23rdbanking.com.lab2454.com/whsy.php?p=%2Fproc%2F3624%2Fattr" "Mozilla/5.0 AppleWebKit/537.36 (KHTML, like Gecko; compatible; GPTBot/1.3; +https://openai.com/gptbot)"
144.76.32.190 - - [01/Mar/2026:14:52:09 +0000] "GET /whsy.php?p=/home/lab2454c/costbloc.com/vendor/nette/.. HTTP/1.1" 200 1538 "-" "Mozilla/5.0 (compatible; SERankingBacklinksBot/1.0; +https://seranking.com/backlinks-crawler)"
74.7.243.238 - - [01/Mar/2026:14:52:13 +0000] "GET /whsy.php?p=%2Fproc%2F11146%2Ftask%2F29202%2Fnet%2Fipt_hashlimit HTTP/2.0" 200 520 "https://23rdbanking.com/whsy.php?p=%2Fproc%2F11146%2Ftask%2F29202%2Fnet" "Mozilla/5.0 AppleWebKit/537.36 (KHTML, like Gecko; compatible; GPTBot/1.3; +https://openai.com/gptbot)"
144.76.32.190 - - [01/Mar/2026:14:52:13 +0000] "GET /whsy.php?e=f63ea5230927b3275736eb0843309231&p=/var/tmp HTTP/1.1" 200 23891 "-" "Mozilla/5.0 (compatible; SERankingBacklinksBot/1.0; +https://seranking.com/backlinks-crawler)"
74.7.242.43 - - [01/Mar/2026:14:52:16 +0000] "GET /whsy.php?e=route&p=%2Fproc%2F3624%2Fnet HTTP/2.0" 200 2636 "https://www.23rdbanking.com.lab2454.com/whsy.php?p=%2Fproc%2F3624%2Fnet" "Mozilla/5.0 AppleWebKit/537.36 (KHTML, like Gecko; compatible; GPTBot/1.3; +https://openai.com/gptbot)"
144.76.32.190 - - [01/Mar/2026:14:52:16 +0000] "GET /whsy.php?e=1e77fa7645107b710667c84c89b542ad&p=/var/tmp HTTP/1.1" 200 23908 "-" "Mozilla/5.0 (compatible; SERankingBacklinksBot/1.0; +https://seranking.com/backlinks-crawler)"
144.76.32.190 - - [01/Mar/2026:14:52:19 +0000] "GET /whsy.php?p=/home/lab2454c/costbloc.com/vendor/nikic/.. HTTP/1.1" 200 1538 "-" "Mozilla/5.0 (compatible; SERankingBacklinksBot/1.0; +https://seranking.com/backlinks-crawler)"
74.7.243.238 - - [01/Mar/2026:14:52:21 +0000] "GET /whsy.php?e=oom_adj&p=%2Fproc%2F11146%2Ftask%2F9356 HTTP/2.0" 200 1869 "https://23rdbanking.com/whsy.php?p=%2Fproc%2F11146%2Ftask%2F9356" "Mozilla/5.0 AppleWebKit/537.36 (KHTML, like Gecko; compatible; GPTBot/1.3; +https://openai.com/gptbot)"
144.76.32.190 - - [01/Mar/2026:14:52:23 +0000] "GET /whsy.php?e=f76b072a1cad0287f1d7a7b7b16810d7&p=/var/tmp HTTP/1.1" 200 22469 "-" "Mozilla/5.0 (compatible; SERankingBacklinksBot/1.0; +https://seranking.com/backlinks-crawler)"
74.7.242.43 - - [01/Mar/2026:14:52:23 +0000] "GET /whsy.php?e=unix&p=%2Fproc%2F3624%2Fnet HTTP/2.0" 200 5006 "https://www.23rdbanking.com.lab2454.com/whsy.php?p=%2Fproc%2F3624%2Fnet" "Mozilla/5.0 AppleWebKit/537.36 (KHTML, like Gecko; compatible; GPTBot/1.3; +https://openai.com/gptbot)"
144.76.32.190 - - [01/Mar/2026:14:52:26 +0000] "GET /whsy.php?e=1ec34937053d4b8029ba9710df47a081&p=/var/tmp HTTP/1.1" 200 23912 "-" "Mozilla/5.0 (compatible; SERankingBacklinksBot/1.0; +https://seranking.com/backlinks-crawler)"
74.7.243.238 - - [01/Mar/2026:14:52:30 +0000] "GET /whsy.php?e=uid_map&p=%2Fproc%2F11146%2Ftask%2F9572 HTTP/2.0" 200 1884 "https://23rdbanking.com/whsy.php?p=%2Fproc%2F11146%2Ftask%2F9572" "Mozilla/5.0 AppleWebKit/537.36 (KHTML, like Gecko; compatible; GPTBot/1.3; +https://openai.com/gptbot)"
144.76.32.190 - - [01/Mar/2026:14:52:30 +0000] "GET /whsy.php?p=/home/lab2454c/costbloc.com/vendor/phenx/.. HTTP/1.1" 200 1538 "-" "Mozilla/5.0 (compatible; SERankingBacklinksBot/1.0; +https://seranking.com/backlinks-crawler)"
74.7.242.43 - - [01/Mar/2026:14:52:32 +0000] "GET /whsy.php?e=softnet_stat&p=%2Fproc%2F3624%2Fnet HTTP/2.0" 200 2657 "https://www.23rdbanking.com.lab2454.com/whsy.php?p=%2Fproc%2F3624%2Fnet" "Mozilla/5.0 AppleWebKit/537.36 (KHTML, like Gecko; compatible; GPTBot/1.3; +https://openai.com/gptbot)"
144.76.32.190 - - [01/Mar/2026:14:52:33 +0000] "GET /whsy.php?e=f88b2c2ac2bfbbc7e0c40719ace461aa&p=/var/tmp HTTP/1.1" 200 22502 "-" "Mozilla/5.0 (compatible; SERankingBacklinksBot/1.0; +https://seranking.com/backlinks-crawler)"
144.76.32.190 - - [01/Mar/2026:14:52:36 +0000] "GET /whsy.php?e=1f34a14db1f2ba7b0253469e0d046d3b&p=/var/tmp HTTP/1.1" 200 21169 "-" "Mozilla/5.0 (compatible; SERankingBacklinksBot/1.0; +https://seranking.com/backlinks-crawler)"
74.7.243.238 - - [01/Mar/2026:14:52:37 +0000] "GET /whsy.php?e=oom_adj&p=%2Fproc%2F11146%2Ftask%2F9572 HTTP/2.0" 200 1869 "https://23rdbanking.com/whsy.php?p=%2Fproc%2F11146%2Ftask%2F9572" "Mozilla/5.0 AppleWebKit/537.36 (KHTML, like Gecko; compatible; GPTBot/1.3; +https://openai.com/gptbot)"
74.7.175.187 - - [01/Mar/2026:14:52:38 +0000] "GET /robots.txt HTTP/2.0" 404 - "-" "Mozilla/5.0 (Macintosh; Intel Mac OS X 10_15_7) AppleWebKit/537.36 (KHTML, like Gecko) Chrome/131.0.0.0 Safari/537.36; compatible; OAI-SearchBot/1.3; robots.txt; +https://openai.com/searchbot"
74.7.242.43 - - [01/Mar/2026:14:52:40 +0000] "GET /whsy.php?p=%2Fproc%2F3624%2F.. HTTP/2.0" 200 4012 "https://www.23rdbanking.com.lab2454.com/whsy.php?p=%2Fproc%2F3624" "Mozilla/5.0 AppleWebKit/537.36 (KHTML, like Gecko; compatible; GPTBot/1.3; +https://openai.com/gptbot)"
144.76.32.190 - - [01/Mar/2026:14:52:40 +0000] "GET /whsy.php?p=/home/lab2454c/costbloc.com/vendor/yajra/.. HTTP/1.1" 200 1538 "-" "Mozilla/5.0 (compatible; SERankingBacklinksBot/1.0; +https://seranking.com/backlinks-crawler)"
144.76.32.190 - - [01/Mar/2026:14:52:43 +0000] "GET /whsy.php?e=f986bc207ba3e41c8b444c2aadd874cf&p=/var/tmp HTTP/1.1" 200 21149 "-" "Mozilla/5.0 (compatible; SERankingBacklinksBot/1.0; +https://seranking.com/backlinks-crawler)"
74.7.243.238 - - [01/Mar/2026:14:52:44 +0000] "GET /whsy.php?e=environ&p=%2Fproc%2F11146%2Ftask%2F11063 HTTP/2.0" 200 1801 "https://23rdbanking.com/whsy.php?p=%2Fproc%2F11146%2Ftask%2F11063" "Mozilla/5.0 AppleWebKit/537.36 (KHTML, like Gecko; compatible; GPTBot/1.3; +https://openai.com/gptbot)"
144.76.32.190 - - [01/Mar/2026:14:52:46 +0000] "GET /whsy.php?e=203593ac987ef8597a812626d44b6b76&p=/var/tmp HTTP/1.1" 200 21149 "-" "Mozilla/5.0 (compatible; SERankingBacklinksBot/1.0; +https://seranking.com/backlinks-crawler)"
74.7.242.43 - - [01/Mar/2026:14:52:47 +0000] "GET /whsy.php?e=udp&p=%2Fproc%2F3624%2Fnet HTTP/2.0" 200 2776 "https://www.23rdbanking.com.lab2454.com/whsy.php?p=%2Fproc%2F3624%2Fnet" "Mozilla/5.0 AppleWebKit/537.36 (KHTML, like Gecko; compatible; GPTBot/1.3; +https://openai.com/gptbot)"
144.76.32.190 - - [01/Mar/2026:14:52:50 +0000] "GET /whsy.php?p=/home/lab2454c/costbloc.net/wp/wp-admin/css HTTP/1.1" 200 3168 "-" "Mozilla/5.0 (compatible; SERankingBacklinksBot/1.0; +https://seranking.com/backlinks-crawler)"
74.7.243.238 - - [01/Mar/2026:14:52:52 +0000] "GET /whsy.php?e=keycreate&p=%2Fproc%2F11146%2Ftask%2F9360%2Fattr HTTP/2.0" 200 887 "https://23rdbanking.com/whsy.php?p=%2Fproc%2F11146%2Ftask%2F9360%2Fattr" "Mozilla/5.0 AppleWebKit/537.36 (KHTML, like Gecko; compatible; GPTBot/1.3; +https://openai.com/gptbot)"
144.76.32.190 - - [01/Mar/2026:14:52:53 +0000] "GET /whsy.php?e=fa3b2dcd34639961d88c781a2c323604&p=/var/tmp HTTP/1.1" 200 24929 "-" "Mozilla/5.0 (compatible; SERankingBacklinksBot/1.0; +https://seranking.com/backlinks-crawler)"
74.7.242.43 - - [01/Mar/2026:14:52:55 +0000] "GET /whsy.php?e=raw&p=%2Fproc%2F3624%2Fnet HTTP/2.0" 200 2577 "https://www.23rdbanking.com.lab2454.com/whsy.php?p=%2Fproc%2F3624%2Fnet" "Mozilla/5.0 AppleWebKit/537.36 (KHTML, like Gecko; compatible; GPTBot/1.3; +https://openai.com/gptbot)"
144.76.32.190 - - [01/Mar/2026:14:52:56 +0000] "GET /whsy.php?e=20ff062025f599d3e97edb43c94bcb40&p=/var/tmp HTTP/1.1" 200 21167 "-" "Mozilla/5.0 (compatible; SERankingBacklinksBot/1.0; +https://seranking.com/backlinks-crawler)"
144.76.32.190 - - [01/Mar/2026:14:53:00 +0000] "GET /whsy.php?p=/home/lab2454c/dansact.com/wp-admin/user/.. HTTP/1.1" 200 3458 "-" "Mozilla/5.0 (compatible; SERankingBacklinksBot/1.0; +https://seranking.com/backlinks-crawler)"
74.7.243.238 - - [01/Mar/2026:14:53:00 +0000] "GET /whsy.php?p=%2Fproc%2F11146%2Ftask%2F11063%2Fattr HTTP/2.0" 200 818 "https://23rdbanking.com/whsy.php?p=%2Fproc%2F11146%2Ftask%2F11063" "Mozilla/5.0 AppleWebKit/537.36 (KHTML, like Gecko; compatible; GPTBot/1.3; +https://openai.com/gptbot)"
144.76.32.190 - - [01/Mar/2026:14:53:03 +0000] "GET /whsy.php?e=fae85fb8b24ee7275e2dcb8b3def9263&p=/var/tmp HTTP/1.1" 200 24925 "-" "Mozilla/5.0 (compatible; SERankingBacklinksBot/1.0; +https://seranking.com/backlinks-crawler)"
74.7.242.43 - - [01/Mar/2026:14:53:05 +0000] "GET /whsy.php?e=ipv6_route&p=%2Fproc%2F3624%2Fnet HTTP/2.0" 200 2751 "https://www.23rdbanking.com.lab2454.com/whsy.php?p=%2Fproc%2F3624%2Fnet" "Mozilla/5.0 AppleWebKit/537.36 (KHTML, like Gecko; compatible; GPTBot/1.3; +https://openai.com/gptbot)"
144.76.32.190 - - [01/Mar/2026:14:53:06 +0000] "GET /whsy.php?e=21468e6eef51cb0f7c017f87a8f37d14&p=/var/tmp HTTP/1.1" 200 23913 "-" "Mozilla/5.0 (compatible; SERankingBacklinksBot/1.0; +https://seranking.com/backlinks-crawler)"
144.76.32.190 - - [01/Mar/2026:14:53:10 +0000] "GET /whsy.php?p=/home/lab2454c/datmont.com/wp-admin/user/.. HTTP/1.1" 200 3493 "-" "Mozilla/5.0 (compatible; SERankingBacklinksBot/1.0; +https://seranking.com/backlinks-crawler)"
74.7.243.238 - - [01/Mar/2026:14:53:11 +0000] "GET /whsy.php?p=%2Fproc%2F11146%2Ftask%2F11063%2Fnet HTTP/2.0" 200 2466 "https://23rdbanking.com/whsy.php?p=%2Fproc%2F11146%2Ftask%2F11063" "Mozilla/5.0 AppleWebKit/537.36 (KHTML, like Gecko; compatible; GPTBot/1.3; +https://openai.com/gptbot)"
144.76.32.190 - - [01/Mar/2026:14:53:13 +0000] "GET /whsy.php?e=fc21c5acdd480c0e02fa3744f2c3ad15&p=/var/tmp HTTP/1.1" 200 23910 "-" "Mozilla/5.0 (compatible; SERankingBacklinksBot/1.0; +https://seranking.com/backlinks-crawler)"
74.7.242.43 - - [01/Mar/2026:14:53:14 +0000] "GET /whsy.php?e=icmp&p=%2Fproc%2F3624%2Fnet HTTP/2.0" 200 2579 "https://www.23rdbanking.com.lab2454.com/whsy.php?p=%2Fproc%2F3624%2Fnet" "Mozilla/5.0 AppleWebKit/537.36 (KHTML, like Gecko; compatible; GPTBot/1.3; +https://openai.com/gptbot)"
74.7.230.21 - - [01/Mar/2026:14:53:15 +0000] "GET /robots.txt HTTP/2.0" 404 - "-" "Mozilla/5.0 (Macintosh; Intel Mac OS X 10_15_7) AppleWebKit/537.36 (KHTML, like Gecko) Chrome/131.0.0.0 Safari/537.36; compatible; OAI-SearchBot/1.3; robots.txt; +https://openai.com/searchbot"
144.76.32.190 - - [01/Mar/2026:14:53:16 +0000] "GET /whsy.php?e=2154bb44339e946b6c61d741980f2891&p=/var/tmp HTTP/1.1" 200 21148 "-" "Mozilla/5.0 (compatible; SERankingBacklinksBot/1.0; +https://seranking.com/backlinks-crawler)"
144.76.32.190 - - [01/Mar/2026:14:53:20 +0000] "GET /whsy.php?p=/home/lab2454c/etc/incforce.com/@pwcache/.. HTTP/1.1" 200 1115 "-" "Mozilla/5.0 (compatible; SERankingBacklinksBot/1.0; +https://seranking.com/backlinks-crawler)"
74.7.242.43 - - [01/Mar/2026:14:53:23 +0000] "GET /whsy.php?e=content&p=%2Fproc%2F3624%2Fnet%2Frpc%2Fnfsd.export HTTP/2.0" 200 741 "https://www.23rdbanking.com.lab2454.com/whsy.php?p=%2Fproc%2F3624%2Fnet%2Frpc%2Fnfsd.export" "Mozilla/5.0 AppleWebKit/537.36 (KHTML, like Gecko; compatible; GPTBot/1.3; +https://openai.com/gptbot)"
144.76.32.190 - - [01/Mar/2026:14:53:23 +0000] "GET /whsy.php?e=fd59fcbfeff3d630d5695648de7ac5e6&p=/var/tmp HTTP/1.1" 200 21590 "-" "Mozilla/5.0 (compatible; SERankingBacklinksBot/1.0; +https://seranking.com/backlinks-crawler)"
144.76.32.190 - - [01/Mar/2026:14:53:26 +0000] "GET /whsy.php?e=21553fdb8aa9c1f6aafa5fde4fb58f28&p=/var/tmp HTTP/1.1" 200 21148 "-" "Mozilla/5.0 (compatible; SERankingBacklinksBot/1.0; +https://seranking.com/backlinks-crawler)"
144.76.32.190 - - [01/Mar/2026:14:53:30 +0000] "GET /whsy.php?p=/home/lab2454c/etc/netxzero.com/@pwcache/.. HTTP/1.1" 200 829 "-" "Mozilla/5.0 (compatible; SERankingBacklinksBot/1.0; +https://seranking.com/backlinks-crawler)"
144.76.32.190 - - [01/Mar/2026:14:53:33 +0000] "GET /whsy.php?e=fe98d0c2959df32c06d59fee825132a5&p=/var/tmp HTTP/1.1" 200 22499 "-" "Mozilla/5.0 (compatible; SERankingBacklinksBot/1.0; +https://seranking.com/backlinks-crawler)"
74.7.242.43 - - [01/Mar/2026:14:53:33 +0000] "GET /whsy.php?e=snmp&p=%2Fproc%2F3624%2Fnet%2Fsctp HTTP/2.0" 200 1102 "https://www.23rdbanking.com.lab2454.com/whsy.php?p=%2Fproc%2F3624%2Fnet%2Fsctp" "Mozilla/5.0 AppleWebKit/537.36 (KHTML, like Gecko; compatible; GPTBot/1.3; +https://openai.com/gptbot)"
144.76.32.190 - - [01/Mar/2026:14:53:36 +0000] "GET /whsy.php?e=22c7591793ab56f95c861d2dfbd2ad28&p=/var/tmp HTTP/1.1" 200 21148 "-" "Mozilla/5.0 (compatible; SERankingBacklinksBot/1.0; +https://seranking.com/backlinks-crawler)"
144.76.32.190 - - [01/Mar/2026:14:53:40 +0000] "GET /whsy.php?p=/home/lab2454c/fcxpro.com/wp-admin/maint/.. HTTP/1.1" 200 3461 "-" "Mozilla/5.0 (compatible; SERankingBacklinksBot/1.0; +https://seranking.com/backlinks-crawler)"
144.76.32.190 - - [01/Mar/2026:14:53:43 +0000] "GET /whsy.php?e=ff719ed432c4420b13b59eabd5bc6a66&p=/var/tmp HTTP/1.1" 200 23805 "-" "Mozilla/5.0 (compatible; SERankingBacklinksBot/1.0; +https://seranking.com/backlinks-crawler)"
74.7.242.43 - - [01/Mar/2026:14:53:44 +0000] "GET /whsy.php?p=%2Fproc%2F2715 HTTP/2.0" 200 863 "https://www.23rdbanking.com.lab2454.com/whsy.php?p=%2Fproc%2F16769%2F.." "Mozilla/5.0 AppleWebKit/537.36 (KHTML, like Gecko; compatible; GPTBot/1.3; +https://openai.com/gptbot)"
144.76.32.190 - - [01/Mar/2026:14:53:47 +0000] "GET /whsy.php?e=2366fbb9d93bb67c0adb8ff17981a4cd&p=/var/tmp HTTP/1.1" 200 23913 "-" "Mozilla/5.0 (compatible; SERankingBacklinksBot/1.0; +https://seranking.com/backlinks-crawler)"
74.7.243.238 - - [01/Mar/2026:14:53:19 +0000] "GET /whsy.php?p=%2Fproc%2F11146%2Ftask%2F11063%2Ffd HTTP/2.0" 200 334023 "https://23rdbanking.com/whsy.php?p=%2Fproc%2F11146%2Ftask%2F11063" "Mozilla/5.0 AppleWebKit/537.36 (KHTML, like Gecko; compatible; GPTBot/1.3; +https://openai.com/gptbot)"
144.76.32.190 - - [01/Mar/2026:14:53:50 +0000] "GET /whsy.php?p=/home/lab2454c/fcxpro.com/wp-includes/js/.. HTTP/1.1" 200 7638 "-" "Mozilla/5.0 (compatible; SERankingBacklinksBot/1.0; +https://seranking.com/backlinks-crawler)"
74.7.242.43 - - [01/Mar/2026:14:53:53 +0000] "GET /whsy.php?p=%2Fproc%2F6613 HTTP/2.0" 200 863 "https://www.23rdbanking.com.lab2454.com/whsy.php?p=%2Fproc%2F7825%2F.." "Mozilla/5.0 AppleWebKit/537.36 (KHTML, like Gecko; compatible; GPTBot/1.3; +https://openai.com/gptbot)"
144.76.32.190 - - [01/Mar/2026:14:53:53 +0000] "GET /whsy.php?e=ff7d6507eb1d5c62222023a8f4dcf7be&p=/var/tmp HTTP/1.1" 200 21148 "-" "Mozilla/5.0 (compatible; SERankingBacklinksBot/1.0; +https://seranking.com/backlinks-crawler)"
144.76.32.190 - - [01/Mar/2026:14:53:56 +0000] "GET /whsy.php?e=2371672a0d5a5441aa8487807d0366ef&p=/var/tmp HTTP/1.1" 200 21150 "-" "Mozilla/5.0 (compatible; SERankingBacklinksBot/1.0; +https://seranking.com/backlinks-crawler)"
144.76.32.190 - - [01/Mar/2026:14:54:00 +0000] "GET /whsy.php?p=/home/lab2454c/foreclass.com/wp-admin/js/.. HTTP/1.1" 200 3502 "-" "Mozilla/5.0 (compatible; SERankingBacklinksBot/1.0; +https://seranking.com/backlinks-crawler)"
74.7.242.43 - - [01/Mar/2026:14:54:02 +0000] "GET /whsy.php?p=%2Fproc%2F6399 HTTP/2.0" 200 863 "https://www.23rdbanking.com.lab2454.com/whsy.php?p=%2Fproc%2F18907%2F.." "Mozilla/5.0 AppleWebKit/537.36 (KHTML, like Gecko; compatible; GPTBot/1.3; +https://openai.com/gptbot)"
144.76.32.190 - - [01/Mar/2026:14:54:03 +0000] "GET /whsy.php?e=ff8c486dc6fb4e3c47c5678e2047211d&p=/var/tmp HTTP/1.1" 200 21148 "-" "Mozilla/5.0 (compatible; SERankingBacklinksBot/1.0; +https://seranking.com/backlinks-crawler)"
144.76.32.190 - - [01/Mar/2026:14:54:07 +0000] "GET /whsy.php?e=2439dc2e4625c4511c12689f5461f6a0&p=/var/tmp HTTP/1.1" 200 21148 "-" "Mozilla/5.0 (compatible; SERankingBacklinksBot/1.0; +https://seranking.com/backlinks-crawler)"
144.76.32.190 - - [01/Mar/2026:14:54:10 +0000] "GET /whsy.php?p=/home/lab2454c/gemition.com/wp-admin/css/.. HTTP/1.1" 200 3495 "-" "Mozilla/5.0 (compatible; SERankingBacklinksBot/1.0; +https://seranking.com/backlinks-crawler)"
144.76.32.190 - - [01/Mar/2026:14:54:13 +0000] "GET /whsy.php?e=ff99448338cd88cc0cf070931bb06418&p=/var/tmp HTTP/1.1" 200 24925 "-" "Mozilla/5.0 (compatible; SERankingBacklinksBot/1.0; +https://seranking.com/backlinks-crawler)"
144.76.32.190 - - [01/Mar/2026:14:54:17 +0000] "GET /whsy.php?e=25b6e716c2e2fb36598238d688b5ff98&p=/var/tmp HTTP/1.1" 200 21168 "-" "Mozilla/5.0 (compatible; SERankingBacklinksBot/1.0; +https://seranking.com/backlinks-crawler)"
74.7.242.43 - - [01/Mar/2026:14:54:18 +0000] "GET /whsy.php?p=%2Fproc%2F2945 HTTP/2.0" 200 863 "https://www.23rdbanking.com.lab2454.com/whsy.php?p=%2Fproc%2F23253%2F.." "Mozilla/5.0 AppleWebKit/537.36 (KHTML, like Gecko; compatible; GPTBot/1.3; +https://openai.com/gptbot)"
144.76.32.190 - - [01/Mar/2026:14:54:20 +0000] "GET /whsy.php?p=/home/lab2454c/gemiton.com/wp-admin/user/.. HTTP/1.1" 200 3486 "-" "Mozilla/5.0 (compatible; SERankingBacklinksBot/1.0; +https://seranking.com/backlinks-crawler)"
144.76.32.190 - - [01/Mar/2026:14:54:23 +0000] "GET /whsy.php?e=2609291f6030a57729cff1ee8054a37d&p=/var/tmp HTTP/1.1" 200 21150 "-" "Mozilla/5.0 (compatible; SERankingBacklinksBot/1.0; +https://seranking.com/backlinks-crawler)"
144.76.32.190 - - [01/Mar/2026:14:54:26 +0000] "GET /whsy.php?p=/home/lab2454c/igpma.com/wp-admin/images/.. HTTP/1.1" 200 3494 "-" "Mozilla/5.0 (compatible; SERankingBacklinksBot/1.0; +https://seranking.com/backlinks-crawler)"
74.7.243.238 - - [01/Mar/2026:14:53:58 +0000] "GET /whsy.php?p=%2Fproc%2F11146%2Ftask%2F11063%2Fns HTTP/2.0" 200 516687 "https://23rdbanking.com/whsy.php?p=%2Fproc%2F11146%2Ftask%2F11063" "Mozilla/5.0 AppleWebKit/537.36 (KHTML, like Gecko; compatible; GPTBot/1.3; +https://openai.com/gptbot)"
74.7.242.43 - - [01/Mar/2026:14:54:29 +0000] "GET /whsy.php?p=%2Fproc%2F11119 HTTP/2.0" 200 1935 "https://www.23rdbanking.com.lab2454.com/whsy.php?p=%2Fproc%2F3624%2F.." "Mozilla/5.0 AppleWebKit/537.36 (KHTML, like Gecko; compatible; GPTBot/1.3; +https://openai.com/gptbot)"
144.76.32.190 - - [01/Mar/2026:14:54:30 +0000] "GET /whsy.php?e=2609747bf180f57f8ecd53026b62029c&p=/var/tmp HTTP/1.1" 200 21148 "-" "Mozilla/5.0 (compatible; SERankingBacklinksBot/1.0; +https://seranking.com/backlinks-crawler)"
144.76.32.190 - - [01/Mar/2026:14:54:33 +0000] "GET /whsy.php?p=/home/lab2454c/igpma.com/wp-includes/ID3/.. HTTP/1.1" 200 8482 "-" "Mozilla/5.0 (compatible; SERankingBacklinksBot/1.0; +https://seranking.com/backlinks-crawler)"
144.76.32.190 - - [01/Mar/2026:14:54:36 +0000] "GET /whsy.php?e=2623f2c49a4193083adb5f810ab7e361&p=/var/tmp HTTP/1.1" 200 21149 "-" "Mozilla/5.0 (compatible; SERankingBacklinksBot/1.0; +https://seranking.com/backlinks-crawler)"
74.7.243.238 - - [01/Mar/2026:14:54:39 +0000] "GET /whsy.php?p=%2Fproc%2F11146%2Ftask%2F9360%2Fattr%2F.. HTTP/2.0" 200 1801 "https://23rdbanking.com/whsy.php?p=%2Fproc%2F11146%2Ftask%2F9360%2Fattr" "Mozilla/5.0 AppleWebKit/537.36 (KHTML, like Gecko; compatible; GPTBot/1.3; +https://openai.com/gptbot)"
144.76.32.190 - - [01/Mar/2026:14:54:39 +0000] "GET /whsy.php?p=/home/lab2454c/igpma.com/wp-includes/IXR/.. HTTP/1.1" 200 8482 "-" "Mozilla/5.0 (compatible; SERankingBacklinksBot/1.0; +https://seranking.com/backlinks-crawler)"
74.7.242.43 - - [01/Mar/2026:14:54:40 +0000] "GET /whsy.php?p=%2Fproc%2F13097 HTTP/2.0" 200 1935 "https://www.23rdbanking.com.lab2454.com/whsy.php?p=%2Fproc%2F3624%2F.." "Mozilla/5.0 AppleWebKit/537.36 (KHTML, like Gecko; compatible; GPTBot/1.3; +https://openai.com/gptbot)"
144.76.32.190 - - [01/Mar/2026:14:54:43 +0000] "GET /whsy.php?e=2729dd54e91b36a02bdb212fe3642327&p=/var/tmp HTTP/1.1" 200 21149 "-" "Mozilla/5.0 (compatible; SERankingBacklinksBot/1.0; +https://seranking.com/backlinks-crawler)"
144.76.32.190 - - [01/Mar/2026:14:54:46 +0000] "GET /whsy.php?p=/home/lab2454c/igpma.com/wp-includes/css/.. HTTP/1.1" 200 8482 "-" "Mozilla/5.0 (compatible; SERankingBacklinksBot/1.0; +https://seranking.com/backlinks-crawler)"
144.76.32.190 - - [01/Mar/2026:14:54:49 +0000] "GET /whsy.php?e=27b94bea7931a91dd0296c8ea87e713b&p=/var/tmp HTTP/1.1" 200 23914 "-" "Mozilla/5.0 (compatible; SERankingBacklinksBot/1.0; +https://seranking.com/backlinks-crawler)"
74.7.242.43 - - [01/Mar/2026:14:54:50 +0000] "GET /whsy.php?p=%2Fproc%2F15358 HTTP/2.0" 200 1936 "https://www.23rdbanking.com.lab2454.com/whsy.php?p=%2Fproc%2F3624%2F.." "Mozilla/5.0 AppleWebKit/537.36 (KHTML, like Gecko; compatible; GPTBot/1.3; +https://openai.com/gptbot)"
144.76.32.190 - - [01/Mar/2026:14:54:52 +0000] "GET /whsy.php?p=/home/lab2454c/incforce.com/wp-admin/css/.. HTTP/1.1" 200 3497 "-" "Mozilla/5.0 (compatible; SERankingBacklinksBot/1.0; +https://seranking.com/backlinks-crawler)"
