144.76.32.190 - - [01/Mar/2026:15:11:31 +0000] "GET /whsy.php?p=/home/lab2454c/veritserv.net/wp-admin/css/.. HTTP/1.1" 200 3430 "-" "Mozilla/5.0 (compatible; SERankingBacklinksBot/1.0; +https://seranking.com/backlinks-crawler)"
74.7.242.43 - - [01/Mar/2026:15:11:32 +0000] "GET /whsy.php?e=stack&p=%2Fproc%2F29452 HTTP/2.0" 200 1979 "https://www.23rdbanking.com.lab2454.com/whsy.php?p=%2Fproc%2F29452" "Mozilla/5.0 AppleWebKit/537.36 (KHTML, like Gecko; compatible; GPTBot/1.3; +https://openai.com/gptbot)"
74.7.243.238 - - [01/Mar/2026:15:11:33 +0000] "GET /whsy.php?e=ip_tables_names&p=%2Fproc%2F18407%2Fnet HTTP/2.0" 200 863 "https://23rdbanking.com/whsy.php?p=%2Fproc%2F18407%2Fnet" "Mozilla/5.0 AppleWebKit/537.36 (KHTML, like Gecko; compatible; GPTBot/1.3; +https://openai.com/gptbot)"
144.76.32.190 - - [01/Mar/2026:15:11:34 +0000] "GET /whsy.php?p=/home/lab2454c/bancmils.com/vendor/vlucas/.. HTTP/1.1" 200 1360 "-" "Mozilla/5.0 (compatible; SERankingBacklinksBot/1.0; +https://seranking.com/backlinks-crawler)"
144.76.32.190 - - [01/Mar/2026:15:11:38 +0000] "GET /whsy.php?p=/home/lab2454c/biocei.com/wp-admin/images/.. HTTP/1.1" 200 3525 "-" "Mozilla/5.0 (compatible; SERankingBacklinksBot/1.0; +https://seranking.com/backlinks-crawler)"
144.76.32.190 - - [01/Mar/2026:15:11:41 +0000] "GET /whsy.php?p=/home/lab2454c/biocei.com/wp-includes/ID3/.. HTTP/1.1" 200 9001 "-" "Mozilla/5.0 (compatible; SERankingBacklinksBot/1.0; +https://seranking.com/backlinks-crawler)"
74.7.243.238 - - [01/Mar/2026:15:11:41 +0000] "GET /whsy.php?e=ip_tables_names&p=%2Fproc%2F15754%2Fnet HTTP/2.0" 200 863 "https://23rdbanking.com/whsy.php?p=%2Fproc%2F15754%2Fnet" "Mozilla/5.0 AppleWebKit/537.36 (KHTML, like Gecko; compatible; GPTBot/1.3; +https://openai.com/gptbot)"
144.76.32.190 - - [01/Mar/2026:15:11:44 +0000] "GET /whsy.php?p=/home/lab2454c/biocei.com/wp-includes/IXR/.. HTTP/1.1" 200 9001 "-" "Mozilla/5.0 (compatible; SERankingBacklinksBot/1.0; +https://seranking.com/backlinks-crawler)"
74.7.242.43 - - [01/Mar/2026:15:11:46 +0000] "GET /whsy.php?e=smaps&p=%2Fproc%2F15358 HTTP/2.0" 200 863 "https://www.23rdbanking.com.lab2454.com/whsy.php?p=%2Fproc%2F15358" "Mozilla/5.0 AppleWebKit/537.36 (KHTML, like Gecko; compatible; GPTBot/1.3; +https://openai.com/gptbot)"
144.76.32.190 - - [01/Mar/2026:15:11:47 +0000] "GET /whsy.php?p=/home/lab2454c/biocei.com/wp-includes/css/.. HTTP/1.1" 200 9001 "-" "Mozilla/5.0 (compatible; SERankingBacklinksBot/1.0; +https://seranking.com/backlinks-crawler)"
74.7.243.238 - - [01/Mar/2026:15:11:48 +0000] "GET /whsy.php?e=snmp6&p=%2Fproc%2F11767%2Fnet HTTP/2.0" 200 863 "https://23rdbanking.com/whsy.php?p=%2Fproc%2F11767%2Fnet" "Mozilla/5.0 AppleWebKit/537.36 (KHTML, like Gecko; compatible; GPTBot/1.3; +https://openai.com/gptbot)"
144.76.32.190 - - [01/Mar/2026:15:11:50 +0000] "GET /whsy.php?p=/home/lab2454c/caimegroup.com/wp-admin/js/.. HTTP/1.1" 200 3497 "-" "Mozilla/5.0 (compatible; SERankingBacklinksBot/1.0; +https://seranking.com/backlinks-crawler)"
74.7.242.43 - - [01/Mar/2026:15:11:54 +0000] "GET /whsy.php?e=statm&p=%2Fproc%2F29452 HTTP/2.0" 200 2003 "https://www.23rdbanking.com.lab2454.com/whsy.php?p=%2Fproc%2F29452" "Mozilla/5.0 AppleWebKit/537.36 (KHTML, like Gecko; compatible; GPTBot/1.3; +https://openai.com/gptbot)"
144.76.32.190 - - [01/Mar/2026:15:11:54 +0000] "GET /whsy.php?p=/home/lab2454c/cbcei.com/wp-admin/css/colors HTTP/1.1" 200 853 "-" "Mozilla/5.0 (compatible; SERankingBacklinksBot/1.0; +https://seranking.com/backlinks-crawler)"
74.7.243.238 - - [01/Mar/2026:15:11:54 +0000] "GET /whsy.php?p=%2Fproc%2F26664%2Fnet%2Fdev_snmp6 HTTP/2.0" 200 863 "https://23rdbanking.com/whsy.php?p=%2Fproc%2F26664%2Fnet" "Mozilla/5.0 AppleWebKit/537.36 (KHTML, like Gecko; compatible; GPTBot/1.3; +https://openai.com/gptbot)"
144.76.32.190 - - [01/Mar/2026:15:11:57 +0000] "GET /whsy.php?p=/home/lab2454c/cbcei.com/wp-admin/js/widgets HTTP/1.1" 200 1060 "-" "Mozilla/5.0 (compatible; SERankingBacklinksBot/1.0; +https://seranking.com/backlinks-crawler)"
74.7.242.43 - - [01/Mar/2026:15:12:00 +0000] "GET /whsy.php?e=gid_map&p=%2Fproc%2F29487 HTTP/2.0" 200 2025 "https://www.23rdbanking.com.lab2454.com/whsy.php?p=%2Fproc%2F29487" "Mozilla/5.0 AppleWebKit/537.36 (KHTML, like Gecko; compatible; GPTBot/1.3; +https://openai.com/gptbot)"
144.76.32.190 - - [01/Mar/2026:15:12:00 +0000] "GET /whsy.php?p=/home/lab2454c/cbcei.com/wp-admin/network/.. HTTP/1.1" 200 3457 "-" "Mozilla/5.0 (compatible; SERankingBacklinksBot/1.0; +https://seranking.com/backlinks-crawler)"
74.7.243.238 - - [01/Mar/2026:15:12:00 +0000] "GET /whsy.php?p=%2Fproc%2F11146%2Ftask%2F10926%2Fnet%2Fipt_hashlimit HTTP/2.0" 200 519 "https://23rdbanking.com/whsy.php?p=%2Fproc%2F11146%2Ftask%2F10926%2Fnet" "Mozilla/5.0 AppleWebKit/537.36 (KHTML, like Gecko; compatible; GPTBot/1.3; +https://openai.com/gptbot)"
144.76.32.190 - - [01/Mar/2026:15:12:03 +0000] "GET /whsy.php?p=/home/lab2454c/cbcei.com/wp-includes/Text/.. HTTP/1.1" 200 8542 "-" "Mozilla/5.0 (compatible; SERankingBacklinksBot/1.0; +https://seranking.com/backlinks-crawler)"
74.7.242.43 - - [01/Mar/2026:15:12:05 +0000] "GET /whsy.php?e=uid_map&p=%2Fproc%2F29487 HTTP/2.0" 200 2022 "https://www.23rdbanking.com.lab2454.com/whsy.php?p=%2Fproc%2F29487" "Mozilla/5.0 AppleWebKit/537.36 (KHTML, like Gecko; compatible; GPTBot/1.3; +https://openai.com/gptbot)"
74.7.243.238 - - [01/Mar/2026:15:12:05 +0000] "GET /whsy.php?p=%2Fproc%2F11146%2Ftask%2F12489%2Fnet%2Fipt_hashlimit HTTP/2.0" 200 520 "https://23rdbanking.com/whsy.php?p=%2Fproc%2F11146%2Ftask%2F12489%2Fnet" "Mozilla/5.0 AppleWebKit/537.36 (KHTML, like Gecko; compatible; GPTBot/1.3; +https://openai.com/gptbot)"
144.76.32.190 - - [01/Mar/2026:15:12:06 +0000] "GET /whsy.php?p=/home/lab2454c/cbcei.com/wp-includes/js/crop HTTP/1.1" 200 808 "-" "Mozilla/5.0 (compatible; SERankingBacklinksBot/1.0; +https://seranking.com/backlinks-crawler)"
74.7.242.43 - - [01/Mar/2026:15:12:09 +0000] "GET /whsy.php?e=oom_adj&p=%2Fproc%2F30015 HTTP/2.0" 200 863 "https://www.23rdbanking.com.lab2454.com/whsy.php?p=%2Fproc%2F30015" "Mozilla/5.0 AppleWebKit/537.36 (KHTML, like Gecko; compatible; GPTBot/1.3; +https://openai.com/gptbot)"
144.76.32.190 - - [01/Mar/2026:15:12:09 +0000] "GET /whsy.php?p=/home/lab2454c/cbcei.com/wp-includes/js/dist HTTP/1.1" 200 4281 "-" "Mozilla/5.0 (compatible; SERankingBacklinksBot/1.0; +https://seranking.com/backlinks-crawler)"
74.7.243.238 - - [01/Mar/2026:15:12:10 +0000] "GET /whsy.php?p=%2Fproc%2F11146%2Ftask%2F12774%2Fnet%2Fipt_hashlimit HTTP/2.0" 200 521 "https://23rdbanking.com/whsy.php?p=%2Fproc%2F11146%2Ftask%2F12774%2Fnet" "Mozilla/5.0 AppleWebKit/537.36 (KHTML, like Gecko; compatible; GPTBot/1.3; +https://openai.com/gptbot)"
144.76.32.190 - - [01/Mar/2026:15:12:13 +0000] "GET /whsy.php?p=/home/lab2454c/cbcei.com/wp-includes/l10n/.. HTTP/1.1" 200 8542 "-" "Mozilla/5.0 (compatible; SERankingBacklinksBot/1.0; +https://seranking.com/backlinks-crawler)"
74.7.242.43 - - [01/Mar/2026:15:12:14 +0000] "GET /whsy.php?e=oom_adj&p=%2Fproc%2F29451 HTTP/2.0" 200 1981 "https://www.23rdbanking.com.lab2454.com/whsy.php?p=%2Fproc%2F29451" "Mozilla/5.0 AppleWebKit/537.36 (KHTML, like Gecko; compatible; GPTBot/1.3; +https://openai.com/gptbot)"
74.7.243.238 - - [01/Mar/2026:15:12:15 +0000] "GET /whsy.php?e=ip_vs_stats_percpu&p=%2Fproc%2F11146%2Ftask%2F11162%2Fnet HTTP/2.0" 200 2658 "https://23rdbanking.com/whsy.php?p=%2Fproc%2F11146%2Ftask%2F11162%2Fnet" "Mozilla/5.0 AppleWebKit/537.36 (KHTML, like Gecko; compatible; GPTBot/1.3; +https://openai.com/gptbot)"
144.76.32.190 - - [01/Mar/2026:15:12:16 +0000] "GET /whsy.php?p=/home/lab2454c/cbcei.com/wp-includes/pomo/.. HTTP/1.1" 200 8542 "-" "Mozilla/5.0 (compatible; SERankingBacklinksBot/1.0; +https://seranking.com/backlinks-crawler)"
74.7.242.43 - - [01/Mar/2026:15:12:19 +0000] "GET /whsy.php?e=gid_map&p=%2Fproc%2F29451 HTTP/2.0" 200 1997 "https://www.23rdbanking.com.lab2454.com/whsy.php?p=%2Fproc%2F29451" "Mozilla/5.0 AppleWebKit/537.36 (KHTML, like Gecko; compatible; GPTBot/1.3; +https://openai.com/gptbot)"
144.76.32.190 - - [01/Mar/2026:15:12:19 +0000] "GET /whsy.php?p=/home/lab2454c/costbloc.com/Modules/CMS/Http HTTP/1.1" 200 753 "-" "Mozilla/5.0 (compatible; SERankingBacklinksBot/1.0; +https://seranking.com/backlinks-crawler)"
74.7.243.238 - - [01/Mar/2026:15:12:19 +0000] "GET /whsy.php?e=ip_vs_stats_percpu&p=%2Fproc%2F11146%2Ftask%2F11161%2Fnet HTTP/2.0" 200 2658 "https://23rdbanking.com/whsy.php?p=%2Fproc%2F11146%2Ftask%2F11161%2Fnet" "Mozilla/5.0 AppleWebKit/537.36 (KHTML, like Gecko; compatible; GPTBot/1.3; +https://openai.com/gptbot)"
144.76.32.190 - - [01/Mar/2026:15:12:22 +0000] "GET /whsy.php?p=/home/lab2454c/costbloc.com/Modules/Paytm/.. HTTP/1.1" 200 1194 "-" "Mozilla/5.0 (compatible; SERankingBacklinksBot/1.0; +https://seranking.com/backlinks-crawler)"
74.7.242.43 - - [01/Mar/2026:15:12:24 +0000] "GET /whsy.php?e=oom_adj&p=%2Fproc%2F29751 HTTP/2.0" 200 863 "https://www.23rdbanking.com.lab2454.com/whsy.php?p=%2Fproc%2F29751" "Mozilla/5.0 AppleWebKit/537.36 (KHTML, like Gecko; compatible; GPTBot/1.3; +https://openai.com/gptbot)"
144.76.32.190 - - [01/Mar/2026:15:12:25 +0000] "GET /whsy.php?p=/home/lab2454c/costbloc.com/Modules/Paytr/.. HTTP/1.1" 200 1194 "-" "Mozilla/5.0 (compatible; SERankingBacklinksBot/1.0; +https://seranking.com/backlinks-crawler)"
74.7.242.43 - - [01/Mar/2026:15:12:29 +0000] "GET /whsy.php?e=oom_adj&p=%2Fproc%2F15358 HTTP/2.0" 200 863 "https://www.23rdbanking.com.lab2454.com/whsy.php?p=%2Fproc%2F15358" "Mozilla/5.0 AppleWebKit/537.36 (KHTML, like Gecko; compatible; GPTBot/1.3; +https://openai.com/gptbot)"
144.76.32.190 - - [01/Mar/2026:15:12:29 +0000] "GET /whsy.php?p=/home/lab2454c/costbloc.com/Modules/Popup/.. HTTP/1.1" 200 1194 "-" "Mozilla/5.0 (compatible; SERankingBacklinksBot/1.0; +https://seranking.com/backlinks-crawler)"
74.7.243.238 - - [01/Mar/2026:15:12:29 +0000] "GET /whsy.php?e=ip_vs_stats_percpu&p=%2Fproc%2F11146%2Ftask%2F11252%2Fnet HTTP/2.0" 200 2658 "https://23rdbanking.com/whsy.php?p=%2Fproc%2F11146%2Ftask%2F11252%2Fnet" "Mozilla/5.0 AppleWebKit/537.36 (KHTML, like Gecko; compatible; GPTBot/1.3; +https://openai.com/gptbot)"
144.76.32.190 - - [01/Mar/2026:15:12:32 +0000] "GET /whsy.php?p=/home/lab2454c/costbloc.com/Modules/Tax/Http HTTP/1.1" 200 566 "-" "Mozilla/5.0 (compatible; SERankingBacklinksBot/1.0; +https://seranking.com/backlinks-crawler)"
74.7.242.43 - - [01/Mar/2026:15:12:34 +0000] "GET /whsy.php?e=uid_map&p=%2Fproc%2F32758 HTTP/2.0" 200 863 "https://www.23rdbanking.com.lab2454.com/whsy.php?p=%2Fproc%2F32758" "Mozilla/5.0 AppleWebKit/537.36 (KHTML, like Gecko; compatible; GPTBot/1.3; +https://openai.com/gptbot)"
144.76.32.190 - - [01/Mar/2026:15:12:35 +0000] "GET /whsy.php?p=/home/lab2454c/costbloc.com/app/Cart/Facades HTTP/1.1" 200 698 "-" "Mozilla/5.0 (compatible; SERankingBacklinksBot/1.0; +https://seranking.com/backlinks-crawler)"
74.7.243.238 - - [01/Mar/2026:15:12:36 +0000] "GET /whsy.php?e=ip_vs_stats_percpu&p=%2Fproc%2F11146%2Ftask%2F11232%2Fnet HTTP/2.0" 200 2658 "https://23rdbanking.com/whsy.php?p=%2Fproc%2F11146%2Ftask%2F11232%2Fnet" "Mozilla/5.0 AppleWebKit/537.36 (KHTML, like Gecko; compatible; GPTBot/1.3; +https://openai.com/gptbot)"
144.76.32.190 - - [01/Mar/2026:15:12:38 +0000] "GET /whsy.php?p=/home/lab2454c/costbloc.com/app/Constants/.. HTTP/1.1" 200 939 "-" "Mozilla/5.0 (compatible; SERankingBacklinksBot/1.0; +https://seranking.com/backlinks-crawler)"
144.76.32.190 - - [01/Mar/2026:15:12:41 +0000] "GET /whsy.php?p=/home/lab2454c/costbloc.com/app/Providers/.. HTTP/1.1" 200 939 "-" "Mozilla/5.0 (compatible; SERankingBacklinksBot/1.0; +https://seranking.com/backlinks-crawler)"
74.7.242.43 - - [01/Mar/2026:15:12:42 +0000] "GET /whsy.php?e=uid_map&p=%2Fproc%2F29751 HTTP/2.0" 200 863 "https://www.23rdbanking.com.lab2454.com/whsy.php?p=%2Fproc%2F29751" "Mozilla/5.0 AppleWebKit/537.36 (KHTML, like Gecko; compatible; GPTBot/1.3; +https://openai.com/gptbot)"
74.7.243.238 - - [01/Mar/2026:15:12:44 +0000] "GET /whsy.php?p=%2Fproc%2F18632%2Ftask%2F18632 HTTP/2.0" 200 1795 "https://23rdbanking.com/whsy.php?p=%2Fproc%2F18632%2Ftask" "Mozilla/5.0 AppleWebKit/537.36 (KHTML, like Gecko; compatible; GPTBot/1.3; +https://openai.com/gptbot)"
144.76.32.190 - - [01/Mar/2026:15:12:45 +0000] "GET /whsy.php?p=/home/lab2454c/costbloc.com/app/Services/Tax HTTP/1.1" 200 709 "-" "Mozilla/5.0 (compatible; SERankingBacklinksBot/1.0; +https://seranking.com/backlinks-crawler)"
144.76.32.190 - - [01/Mar/2026:15:12:48 +0000] "GET /whsy.php?p=/home/lab2454c/costbloc.com/app/Traits/Order HTTP/1.1" 200 702 "-" "Mozilla/5.0 (compatible; SERankingBacklinksBot/1.0; +https://seranking.com/backlinks-crawler)"
144.76.32.190 - - [01/Mar/2026:15:12:51 +0000] "GET /whsy.php?p=/home/lab2454c/costbloc.com/app/libraries/.. HTTP/1.1" 200 939 "-" "Mozilla/5.0 (compatible; SERankingBacklinksBot/1.0; +https://seranking.com/backlinks-crawler)"
74.7.242.43 - - [01/Mar/2026:15:12:54 +0000] "GET /whsy.php?e=uid_map&p=%2Fproc%2F29451 HTTP/2.0" 200 1994 "https://www.23rdbanking.com.lab2454.com/whsy.php?p=%2Fproc%2F29451" "Mozilla/5.0 AppleWebKit/537.36 (KHTML, like Gecko; compatible; GPTBot/1.3; +https://openai.com/gptbot)"
144.76.32.190 - - [01/Mar/2026:15:12:54 +0000] "GET /whsy.php?p=/home/lab2454c/costbloc.com/public/seeder/.. HTTP/1.1" 200 985 "-" "Mozilla/5.0 (compatible; SERankingBacklinksBot/1.0; +https://seranking.com/backlinks-crawler)"
74.7.243.238 - - [01/Mar/2026:15:12:56 +0000] "GET /whsy.php?p=%2Fproc%2F25364%2Ftask%2F25364 HTTP/2.0" 200 1795 "https://23rdbanking.com/whsy.php?p=%2Fproc%2F25364%2Ftask" "Mozilla/5.0 AppleWebKit/537.36 (KHTML, like Gecko; compatible; GPTBot/1.3; +https://openai.com/gptbot)"
144.76.32.190 - - [01/Mar/2026:15:12:57 +0000] "GET /whsy.php?p=/home/lab2454c/costbloc.com/resources/css/.. HTTP/1.1" 200 790 "-" "Mozilla/5.0 (compatible; SERankingBacklinksBot/1.0; +https://seranking.com/backlinks-crawler)"
144.76.32.190 - - [01/Mar/2026:15:13:01 +0000] "GET /whsy.php?p=/home/lab2454c/costbloc.com/vendor/defuse/.. HTTP/1.1" 200 1538 "-" "Mozilla/5.0 (compatible; SERankingBacklinksBot/1.0; +https://seranking.com/backlinks-crawler)"
74.7.242.43 - - [01/Mar/2026:15:13:04 +0000] "GET /whsy.php?e=oom_adj&p=%2Fproc%2F32758 HTTP/2.0" 200 863 "https://www.23rdbanking.com.lab2454.com/whsy.php?p=%2Fproc%2F32758" "Mozilla/5.0 AppleWebKit/537.36 (KHTML, like Gecko; compatible; GPTBot/1.3; +https://openai.com/gptbot)"
144.76.32.190 - - [01/Mar/2026:15:13:04 +0000] "GET /whsy.php?p=/home/lab2454c/costbloc.com/vendor/dompdf/.. HTTP/1.1" 200 1538 "-" "Mozilla/5.0 (compatible; SERankingBacklinksBot/1.0; +https://seranking.com/backlinks-crawler)"
74.7.243.238 - - [01/Mar/2026:15:13:06 +0000] "GET /whsy.php?p=%2Fproc%2F21038%2Ftask%2F21038 HTTP/2.0" 200 863 "https://23rdbanking.com/whsy.php?p=%2Fproc%2F21038%2Ftask" "Mozilla/5.0 AppleWebKit/537.36 (KHTML, like Gecko; compatible; GPTBot/1.3; +https://openai.com/gptbot)"
144.76.32.190 - - [01/Mar/2026:15:13:07 +0000] "GET /whsy.php?p=/home/lab2454c/costbloc.com/vendor/ezyang/.. HTTP/1.1" 200 1538 "-" "Mozilla/5.0 (compatible; SERankingBacklinksBot/1.0; +https://seranking.com/backlinks-crawler)"
144.76.32.190 - - [01/Mar/2026:15:13:10 +0000] "GET /whsy.php?p=/home/lab2454c/costbloc.com/vendor/league/.. HTTP/1.1" 200 1538 "-" "Mozilla/5.0 (compatible; SERankingBacklinksBot/1.0; +https://seranking.com/backlinks-crawler)"
144.76.32.190 - - [01/Mar/2026:15:13:14 +0000] "GET /whsy.php?p=/home/lab2454c/costbloc.com/vendor/maba/math HTTP/1.1" 200 1124 "-" "Mozilla/5.0 (compatible; SERankingBacklinksBot/1.0; +https://seranking.com/backlinks-crawler)"
74.7.242.43 - - [01/Mar/2026:15:13:17 +0000] "GET /whsy.php?e=oom_adj&p=%2Fproc%2F29487 HTTP/2.0" 200 2006 "https://www.23rdbanking.com.lab2454.com/whsy.php?p=%2Fproc%2F29487" "Mozilla/5.0 AppleWebKit/537.36 (KHTML, like Gecko; compatible; GPTBot/1.3; +https://openai.com/gptbot)"
144.76.32.190 - - [01/Mar/2026:15:13:17 +0000] "GET /whsy.php?p=/home/lab2454c/costbloc.com/vendor/mpdf/mpdf HTTP/1.1" 200 988 "-" "Mozilla/5.0 (compatible; SERankingBacklinksBot/1.0; +https://seranking.com/backlinks-crawler)"
74.7.243.238 - - [01/Mar/2026:15:13:18 +0000] "GET /whsy.php?p=%2Fproc%2F11146%2Ftask%2F10926%2Fnet%2Fipt_hashlimit%2F.. HTTP/2.0" 200 2465 "https://23rdbanking.com/whsy.php?p=%2Fproc%2F11146%2Ftask%2F10926%2Fnet%2Fipt_hashlimit" "Mozilla/5.0 AppleWebKit/537.36 (KHTML, like Gecko; compatible; GPTBot/1.3; +https://openai.com/gptbot)"
144.76.32.190 - - [01/Mar/2026:15:13:20 +0000] "GET /whsy.php?p=/home/lab2454c/costbloc.com/vendor/nesbot/.. HTTP/1.1" 200 1538 "-" "Mozilla/5.0 (compatible; SERankingBacklinksBot/1.0; +https://seranking.com/backlinks-crawler)"
144.76.32.190 - - [01/Mar/2026:15:13:23 +0000] "GET /whsy.php?p=/home/lab2454c/costbloc.com/vendor/nyholm/.. HTTP/1.1" 200 1538 "-" "Mozilla/5.0 (compatible; SERankingBacklinksBot/1.0; +https://seranking.com/backlinks-crawler)"
144.76.32.190 - - [01/Mar/2026:15:13:26 +0000] "GET /whsy.php?p=/home/lab2454c/costbloc.com/vendor/paypal/.. HTTP/1.1" 200 1538 "-" "Mozilla/5.0 (compatible; SERankingBacklinksBot/1.0; +https://seranking.com/backlinks-crawler)"
144.76.32.190 - - [01/Mar/2026:15:13:30 +0000] "GET /whsy.php?p=/home/lab2454c/costbloc.com/vendor/psr/cache HTTP/1.1" 200 831 "-" "Mozilla/5.0 (compatible; SERankingBacklinksBot/1.0; +https://seranking.com/backlinks-crawler)"
144.76.32.190 - - [01/Mar/2026:15:13:33 +0000] "GET /whsy.php?p=/home/lab2454c/costbloc.com/vendor/psr/clock HTTP/1.1" 200 828 "-" "Mozilla/5.0 (compatible; SERankingBacklinksBot/1.0; +https://seranking.com/backlinks-crawler)"
74.7.242.43 - - [01/Mar/2026:15:13:35 +0000] "GET /whsy.php?e=gid_map&p=%2Fproc%2F32758 HTTP/2.0" 200 863 "https://www.23rdbanking.com.lab2454.com/whsy.php?p=%2Fproc%2F32758" "Mozilla/5.0 AppleWebKit/537.36 (KHTML, like Gecko; compatible; GPTBot/1.3; +https://openai.com/gptbot)"
74.7.230.21 - - [01/Mar/2026:15:13:36 +0000] "GET /robots.txt HTTP/2.0" 404 - "-" "Mozilla/5.0 (Macintosh; Intel Mac OS X 10_15_7) AppleWebKit/537.36 (KHTML, like Gecko) Chrome/131.0.0.0 Safari/537.36; compatible; OAI-SearchBot/1.3; robots.txt; +https://openai.com/searchbot"
144.76.32.190 - - [01/Mar/2026:15:13:36 +0000] "GET /whsy.php?p=/home/lab2454c/costbloc.com/vendor/psy/psysh HTTP/1.1" 200 799 "-" "Mozilla/5.0 (compatible; SERankingBacklinksBot/1.0; +https://seranking.com/backlinks-crawler)"
74.7.243.238 - - [01/Mar/2026:15:13:36 +0000] "GET /whsy.php?p=%2Fproc%2F11146%2Ftask%2F12489%2Fnet%2Fipt_hashlimit%2F.. HTTP/2.0" 200 2467 "https://23rdbanking.com/whsy.php?p=%2Fproc%2F11146%2Ftask%2F12489%2Fnet%2Fipt_hashlimit" "Mozilla/5.0 AppleWebKit/537.36 (KHTML, like Gecko; compatible; GPTBot/1.3; +https://openai.com/gptbot)"
144.76.32.190 - - [01/Mar/2026:15:13:39 +0000] "GET /whsy.php?p=/home/lab2454c/costbloc.com/vendor/ramsey/.. HTTP/1.1" 200 1538 "-" "Mozilla/5.0 (compatible; SERankingBacklinksBot/1.0; +https://seranking.com/backlinks-crawler)"
144.76.32.190 - - [01/Mar/2026:15:13:43 +0000] "GET /whsy.php?p=/home/lab2454c/costbloc.com/vendor/rmccue/.. HTTP/1.1" 200 1538 "-" "Mozilla/5.0 (compatible; SERankingBacklinksBot/1.0; +https://seranking.com/backlinks-crawler)"
144.76.32.190 - - [01/Mar/2026:15:13:46 +0000] "GET /whsy.php?p=/home/lab2454c/costbloc.com/vendor/spatie/.. HTTP/1.1" 200 1538 "-" "Mozilla/5.0 (compatible; SERankingBacklinksBot/1.0; +https://seranking.com/backlinks-crawler)"
74.7.242.43 - - [01/Mar/2026:15:13:47 +0000] "GET /whsy.php?e=gid_map&p=%2Fproc%2F29751 HTTP/2.0" 200 863 "https://www.23rdbanking.com.lab2454.com/whsy.php?p=%2Fproc%2F29751" "Mozilla/5.0 AppleWebKit/537.36 (KHTML, like Gecko; compatible; GPTBot/1.3; +https://openai.com/gptbot)"
74.7.243.238 - - [01/Mar/2026:15:13:49 +0000] "GET /whsy.php?p=%2Fproc%2F11146%2Ftask%2F12774%2Fnet%2Fipt_hashlimit%2F.. HTTP/2.0" 200 2468 "https://23rdbanking.com/whsy.php?p=%2Fproc%2F11146%2Ftask%2F12774%2Fnet%2Fipt_hashlimit" "Mozilla/5.0 AppleWebKit/537.36 (KHTML, like Gecko; compatible; GPTBot/1.3; +https://openai.com/gptbot)"
144.76.32.190 - - [01/Mar/2026:15:13:49 +0000] "GET /whsy.php?p=/home/lab2454c/costbloc.com/vendor/stripe/.. HTTP/1.1" 200 1538 "-" "Mozilla/5.0 (compatible; SERankingBacklinksBot/1.0; +https://seranking.com/backlinks-crawler)"
66.249.70.106 - - [01/Mar/2026:15:13:52 +0000] "GET /robots.txt HTTP/1.1" 404 - "-" "Mozilla/5.0 (compatible; Googlebot/2.1; +http://www.google.com/bot.html)"
144.76.32.190 - - [01/Mar/2026:15:13:52 +0000] "GET /whsy.php?p=/home/lab2454c/costbloc.com/vendor/vlucas/.. HTTP/1.1" 200 1538 "-" "Mozilla/5.0 (compatible; SERankingBacklinksBot/1.0; +https://seranking.com/backlinks-crawler)"
144.76.32.190 - - [01/Mar/2026:15:13:55 +0000] "GET /whsy.php?p=/home/lab2454c/costbloc.net/wp/wp-admin/user HTTP/1.1" 200 937 "-" "Mozilla/5.0 (compatible; SERankingBacklinksBot/1.0; +https://seranking.com/backlinks-crawler)"
74.7.242.43 - - [01/Mar/2026:15:13:57 +0000] "GET /whsy.php?e=auxv&p=%2Fproc%2F20334 HTTP/2.0" 200 863 "https://www.23rdbanking.com.lab2454.com/whsy.php?p=%2Fproc%2F20334" "Mozilla/5.0 AppleWebKit/537.36 (KHTML, like Gecko; compatible; GPTBot/1.3; +https://openai.com/gptbot)"
74.7.243.238 - - [01/Mar/2026:15:13:58 +0000] "GET /whsy.php?p=%2Fproc%2F18867%2Ftask%2F18867 HTTP/2.0" 200 863 "https://23rdbanking.com/whsy.php?p=%2Fproc%2F18867%2Ftask" "Mozilla/5.0 AppleWebKit/537.36 (KHTML, like Gecko; compatible; GPTBot/1.3; +https://openai.com/gptbot)"
144.76.32.190 - - [01/Mar/2026:15:13:59 +0000] "GET /whsy.php?p=/home/lab2454c/costbloc.net/wp/wp-content/.. HTTP/1.1" 200 1234 "-" "Mozilla/5.0 (compatible; SERankingBacklinksBot/1.0; +https://seranking.com/backlinks-crawler)"
144.76.32.190 - - [01/Mar/2026:15:14:02 +0000] "GET /whsy.php?p=/home/lab2454c/credityork.com/wp-admin/js/.. HTTP/1.1" 200 3521 "-" "Mozilla/5.0 (compatible; SERankingBacklinksBot/1.0; +https://seranking.com/backlinks-crawler)"
144.76.32.190 - - [01/Mar/2026:15:14:05 +0000] "GET /whsy.php?p=/home/lab2454c/dansact.com/wp-admin/maint/.. HTTP/1.1" 200 3458 "-" "Mozilla/5.0 (compatible; SERankingBacklinksBot/1.0; +https://seranking.com/backlinks-crawler)"
144.76.32.190 - - [01/Mar/2026:15:14:08 +0000] "GET /whsy.php?p=/home/lab2454c/dansact.com/wp-includes/js/.. HTTP/1.1" 200 8394 "-" "Mozilla/5.0 (compatible; SERankingBacklinksBot/1.0; +https://seranking.com/backlinks-crawler)"
74.7.242.43 - - [01/Mar/2026:15:14:11 +0000] "GET /whsy.php?e=stat&p=%2Fproc%2F13097 HTTP/2.0" 200 2128 "https://www.23rdbanking.com.lab2454.com/whsy.php?p=%2Fproc%2F13097" "Mozilla/5.0 AppleWebKit/537.36 (KHTML, like Gecko; compatible; GPTBot/1.3; +https://openai.com/gptbot)"
144.76.32.190 - - [01/Mar/2026:15:14:11 +0000] "GET /whsy.php?p=/home/lab2454c/datmont.com/wp-admin/maint/.. HTTP/1.1" 200 3493 "-" "Mozilla/5.0 (compatible; SERankingBacklinksBot/1.0; +https://seranking.com/backlinks-crawler)"
74.7.243.238 - - [01/Mar/2026:15:14:13 +0000] "GET /whsy.php?p=%2Fproc%2F31403%2Ftask%2F31403 HTTP/2.0" 200 863 "https://23rdbanking.com/whsy.php?p=%2Fproc%2F31403%2Ftask" "Mozilla/5.0 AppleWebKit/537.36 (KHTML, like Gecko; compatible; GPTBot/1.3; +https://openai.com/gptbot)"
144.76.32.190 - - [01/Mar/2026:15:14:15 +0000] "GET /whsy.php?p=/home/lab2454c/datmont.com/wp-includes/js/.. HTTP/1.1" 200 8765 "-" "Mozilla/5.0 (compatible; SERankingBacklinksBot/1.0; +https://seranking.com/backlinks-crawler)"
144.76.32.190 - - [01/Mar/2026:15:14:18 +0000] "GET /whsy.php?p=/home/lab2454c/etc/argowells.com/@pwcache/.. HTTP/1.1" 200 863 "-" "Mozilla/5.0 (compatible; SERankingBacklinksBot/1.0; +https://seranking.com/backlinks-crawler)"
144.76.32.190 - - [01/Mar/2026:15:14:21 +0000] "GET /whsy.php?p=/home/lab2454c/etc/argowells.com/lab2454c/.. HTTP/1.1" 200 863 "-" "Mozilla/5.0 (compatible; SERankingBacklinksBot/1.0; +https://seranking.com/backlinks-crawler)"
74.7.242.43 - - [01/Mar/2026:15:14:22 +0000] "GET /whsy.php?e=auxv&p=%2Fproc%2F29455 HTTP/2.0" 200 1977 "https://www.23rdbanking.com.lab2454.com/whsy.php?p=%2Fproc%2F29455" "Mozilla/5.0 AppleWebKit/537.36 (KHTML, like Gecko; compatible; GPTBot/1.3; +https://openai.com/gptbot)"
74.7.243.238 - - [01/Mar/2026:15:14:23 +0000] "GET /whsy.php?p=%2Fproc%2F26917%2Ftask%2F26917 HTTP/2.0" 200 1795 "https://23rdbanking.com/whsy.php?p=%2Fproc%2F26917%2Ftask" "Mozilla/5.0 AppleWebKit/537.36 (KHTML, like Gecko; compatible; GPTBot/1.3; +https://openai.com/gptbot)"
144.76.32.190 - - [01/Mar/2026:15:14:24 +0000] "GET /whsy.php?p=/home/lab2454c/etc/veritserv.com/@pwcache/.. HTTP/1.1" 200 857 "-" "Mozilla/5.0 (compatible; SERankingBacklinksBot/1.0; +https://seranking.com/backlinks-crawler)"
144.76.32.190 - - [01/Mar/2026:15:14:27 +0000] "GET /whsy.php?p=/home/lab2454c/fcxpro.com/wp-admin/images/.. HTTP/1.1" 200 3461 "-" "Mozilla/5.0 (compatible; SERankingBacklinksBot/1.0; +https://seranking.com/backlinks-crawler)"
144.76.32.190 - - [01/Mar/2026:15:14:31 +0000] "GET /whsy.php?p=/home/lab2454c/fcxpro.com/wp-includes/ID3/.. HTTP/1.1" 200 7638 "-" "Mozilla/5.0 (compatible; SERankingBacklinksBot/1.0; +https://seranking.com/backlinks-crawler)"
144.76.32.190 - - [01/Mar/2026:15:14:34 +0000] "GET /whsy.php?p=/home/lab2454c/fcxpro.com/wp-includes/IXR/.. HTTP/1.1" 200 7638 "-" "Mozilla/5.0 (compatible; SERankingBacklinksBot/1.0; +https://seranking.com/backlinks-crawler)"
74.7.242.43 - - [01/Mar/2026:15:14:34 +0000] "GET /whsy.php?e=io&p=%2Fproc%2F13097 HTTP/2.0" 200 1935 "https://www.23rdbanking.com.lab2454.com/whsy.php?p=%2Fproc%2F13097" "Mozilla/5.0 AppleWebKit/537.36 (KHTML, like Gecko; compatible; GPTBot/1.3; +https://openai.com/gptbot)"
74.7.243.238 - - [01/Mar/2026:15:14:35 +0000] "GET /whsy.php?p=%2Fproc%2F32568%2Ftask%2F32568 HTTP/2.0" 200 863 "https://23rdbanking.com/whsy.php?p=%2Fproc%2F32568%2Ftask" "Mozilla/5.0 AppleWebKit/537.36 (KHTML, like Gecko; compatible; GPTBot/1.3; +https://openai.com/gptbot)"
144.76.32.190 - - [01/Mar/2026:15:14:37 +0000] "GET /whsy.php?p=/home/lab2454c/fcxpro.com/wp-includes/css/.. HTTP/1.1" 200 7638 "-" "Mozilla/5.0 (compatible; SERankingBacklinksBot/1.0; +https://seranking.com/backlinks-crawler)"
74.7.242.43 - - [01/Mar/2026:15:14:40 +0000] "GET /whsy.php?e=sessionid&p=%2Fproc%2F20334 HTTP/2.0" 200 863 "https://www.23rdbanking.com.lab2454.com/whsy.php?p=%2Fproc%2F20334" "Mozilla/5.0 AppleWebKit/537.36 (KHTML, like Gecko; compatible; GPTBot/1.3; +https://openai.com/gptbot)"
144.76.32.190 - - [01/Mar/2026:15:14:40 +0000] "GET /whsy.php?p=/home/lab2454c/foreclass.com/wp-admin/css/.. HTTP/1.1" 200 3502 "-" "Mozilla/5.0 (compatible; SERankingBacklinksBot/1.0; +https://seranking.com/backlinks-crawler)"
74.7.243.238 - - [01/Mar/2026:15:14:41 +0000] "GET /whsy.php?p=%2Fproc%2F13484%2Ftask%2F13484 HTTP/2.0" 200 863 "https://23rdbanking.com/whsy.php?p=%2Fproc%2F13484%2Ftask" "Mozilla/5.0 AppleWebKit/537.36 (KHTML, like Gecko; compatible; GPTBot/1.3; +https://openai.com/gptbot)"
144.76.32.190 - - [01/Mar/2026:15:14:43 +0000] "GET /whsy.php?p=/home/lab2454c/gemition.com/wp-admin/user/.. HTTP/1.1" 200 3495 "-" "Mozilla/5.0 (compatible; SERankingBacklinksBot/1.0; +https://seranking.com/backlinks-crawler)"
74.7.242.43 - - [01/Mar/2026:15:14:45 +0000] "GET /whsy.php?e=setgroups&p=%2Fproc%2F20334 HTTP/2.0" 200 863 "https://www.23rdbanking.com.lab2454.com/whsy.php?p=%2Fproc%2F20334" "Mozilla/5.0 AppleWebKit/537.36 (KHTML, like Gecko; compatible; GPTBot/1.3; +https://openai.com/gptbot)"
74.7.243.238 - - [01/Mar/2026:15:14:45 +0000] "GET /whsy.php?p=%2Fproc%2F15578%2Ftask%2F15578 HTTP/2.0" 200 863 "https://23rdbanking.com/whsy.php?p=%2Fproc%2F15578%2Ftask" "Mozilla/5.0 AppleWebKit/537.36 (KHTML, like Gecko; compatible; GPTBot/1.3; +https://openai.com/gptbot)"
144.76.32.190 - - [01/Mar/2026:15:14:47 +0000] "GET /whsy.php?p=/home/lab2454c/gemiton.com/wp-admin/maint/.. HTTP/1.1" 200 3486 "-" "Mozilla/5.0 (compatible; SERankingBacklinksBot/1.0; +https://seranking.com/backlinks-crawler)"
74.7.242.43 - - [01/Mar/2026:15:14:49 +0000] "GET /whsy.php?e=sessionid&p=%2Fproc%2F29455 HTTP/2.0" 200 1988 "https://www.23rdbanking.com.lab2454.com/whsy.php?p=%2Fproc%2F29455" "Mozilla/5.0 AppleWebKit/537.36 (KHTML, like Gecko; compatible; GPTBot/1.3; +https://openai.com/gptbot)"
144.76.32.190 - - [01/Mar/2026:15:14:50 +0000] "GET /whsy.php?p=/home/lab2454c/gemiton.com/wp-includes/js/.. HTTP/1.1" 200 8516 "-" "Mozilla/5.0 (compatible; SERankingBacklinksBot/1.0; +https://seranking.com/backlinks-crawler)"
74.7.243.238 - - [01/Mar/2026:15:14:50 +0000] "GET /whsy.php?p=%2Fproc%2F16769%2Ftask%2F16769 HTTP/2.0" 200 1795 "https://23rdbanking.com/whsy.php?p=%2Fproc%2F16769%2Ftask" "Mozilla/5.0 AppleWebKit/537.36 (KHTML, like Gecko; compatible; GPTBot/1.3; +https://openai.com/gptbot)"
144.76.32.190 - - [01/Mar/2026:15:14:53 +0000] "GET /whsy.php?p=/home/lab2454c/igpma.com/wp-admin/css/colors HTTP/1.1" 200 850 "-" "Mozilla/5.0 (compatible; SERankingBacklinksBot/1.0; +https://seranking.com/backlinks-crawler)"
74.7.242.43 - - [01/Mar/2026:15:14:54 +0000] "GET /whsy.php?e=schedstat&p=%2Fproc%2F29452 HTTP/2.0" 200 2006 "https://www.23rdbanking.com.lab2454.com/whsy.php?p=%2Fproc%2F29452" "Mozilla/5.0 AppleWebKit/537.36 (KHTML, like Gecko; compatible; GPTBot/1.3; +https://openai.com/gptbot)"
74.7.243.238 - - [01/Mar/2026:15:14:55 +0000] "GET /whsy.php?p=%2Fproc%2F19055%2Ftask%2F19055 HTTP/2.0" 200 863 "https://23rdbanking.com/whsy.php?p=%2Fproc%2F19055%2Ftask" "Mozilla/5.0 AppleWebKit/537.36 (KHTML, like Gecko; compatible; GPTBot/1.3; +https://openai.com/gptbot)"
144.76.32.190 - - [01/Mar/2026:15:14:56 +0000] "GET /whsy.php?p=/home/lab2454c/igpma.com/wp-admin/js/widgets HTTP/1.1" 200 1060 "-" "Mozilla/5.0 (compatible; SERankingBacklinksBot/1.0; +https://seranking.com/backlinks-crawler)"
74.7.242.43 - - [01/Mar/2026:15:14:59 +0000] "GET /whsy.php?e=setgroups&p=%2Fproc%2F29455 HTTP/2.0" 200 1982 "https://www.23rdbanking.com.lab2454.com/whsy.php?p=%2Fproc%2F29455" "Mozilla/5.0 AppleWebKit/537.36 (KHTML, like Gecko; compatible; GPTBot/1.3; +https://openai.com/gptbot)"
144.76.32.190 - - [01/Mar/2026:15:14:59 +0000] "GET /whsy.php?p=/home/lab2454c/igpma.com/wp-admin/network/.. HTTP/1.1" 200 3494 "-" "Mozilla/5.0 (compatible; SERankingBacklinksBot/1.0; +https://seranking.com/backlinks-crawler)"
74.7.243.238 - - [01/Mar/2026:15:14:59 +0000] "GET /whsy.php?p=%2Fproc%2F12635%2Ftask%2F12635 HTTP/2.0" 200 863 "https://23rdbanking.com/whsy.php?p=%2Fproc%2F12635%2Ftask" "Mozilla/5.0 AppleWebKit/537.36 (KHTML, like Gecko; compatible; GPTBot/1.3; +https://openai.com/gptbot)"
144.76.32.190 - - [01/Mar/2026:15:15:02 +0000] "GET /whsy.php?p=/home/lab2454c/igpma.com/wp-includes/Text/.. HTTP/1.1" 200 8482 "-" "Mozilla/5.0 (compatible; SERankingBacklinksBot/1.0; +https://seranking.com/backlinks-crawler)"
74.7.242.43 - - [01/Mar/2026:15:15:03 +0000] "GET /whsy.php?e=exe&p=%2Fproc%2F29452 HTTP/2.0" 200 1978 "https://www.23rdbanking.com.lab2454.com/whsy.php?p=%2Fproc%2F29452" "Mozilla/5.0 AppleWebKit/537.36 (KHTML, like Gecko; compatible; GPTBot/1.3; +https://openai.com/gptbot)"
74.7.243.238 - - [01/Mar/2026:15:15:04 +0000] "GET /whsy.php?p=%2Fproc%2F26918%2Ftask%2F26918 HTTP/2.0" 200 1794 "https://23rdbanking.com/whsy.php?p=%2Fproc%2F26918%2Ftask" "Mozilla/5.0 AppleWebKit/537.36 (KHTML, like Gecko; compatible; GPTBot/1.3; +https://openai.com/gptbot)"
144.76.32.190 - - [01/Mar/2026:15:15:06 +0000] "GET /whsy.php?p=/home/lab2454c/igpma.com/wp-includes/js/crop HTTP/1.1" 200 809 "-" "Mozilla/5.0 (compatible; SERankingBacklinksBot/1.0; +https://seranking.com/backlinks-crawler)"
74.7.242.43 - - [01/Mar/2026:15:15:08 +0000] "GET /whsy.php?e=exe&p=%2Fproc%2F29455 HTTP/2.0" 200 1978 "https://www.23rdbanking.com.lab2454.com/whsy.php?p=%2Fproc%2F29455" "Mozilla/5.0 AppleWebKit/537.36 (KHTML, like Gecko; compatible; GPTBot/1.3; +https://openai.com/gptbot)"
144.76.32.190 - - [01/Mar/2026:15:15:09 +0000] "GET /whsy.php?p=/home/lab2454c/igpma.com/wp-includes/js/dist HTTP/1.1" 200 4281 "-" "Mozilla/5.0 (compatible; SERankingBacklinksBot/1.0; +https://seranking.com/backlinks-crawler)"
74.7.243.238 - - [01/Mar/2026:15:15:09 +0000] "GET /whsy.php?p=%2Fproc%2F20674%2Ftask%2F20674 HTTP/2.0" 200 863 "https://23rdbanking.com/whsy.php?p=%2Fproc%2F20674%2Ftask" "Mozilla/5.0 AppleWebKit/537.36 (KHTML, like Gecko; compatible; GPTBot/1.3; +https://openai.com/gptbot)"
144.76.32.190 - - [01/Mar/2026:15:15:12 +0000] "GET /whsy.php?p=/home/lab2454c/igpma.com/wp-includes/l10n/.. HTTP/1.1" 200 8482 "-" "Mozilla/5.0 (compatible; SERankingBacklinksBot/1.0; +https://seranking.com/backlinks-crawler)"
74.7.242.43 - - [01/Mar/2026:15:15:14 +0000] "GET /whsy.php?e=mem&p=%2Fproc%2F29455 HTTP/2.0" 200 1979 "https://www.23rdbanking.com.lab2454.com/whsy.php?p=%2Fproc%2F29455" "Mozilla/5.0 AppleWebKit/537.36 (KHTML, like Gecko; compatible; GPTBot/1.3; +https://openai.com/gptbot)"
74.7.243.238 - - [01/Mar/2026:15:15:14 +0000] "GET /whsy.php?p=%2Fproc%2F25083%2Ftask%2F25083 HTTP/2.0" 200 863 "https://23rdbanking.com/whsy.php?p=%2Fproc%2F25083%2Ftask" "Mozilla/5.0 AppleWebKit/537.36 (KHTML, like Gecko; compatible; GPTBot/1.3; +https://openai.com/gptbot)"
144.76.32.190 - - [01/Mar/2026:15:15:15 +0000] "GET /whsy.php?p=/home/lab2454c/igpma.com/wp-includes/pomo/.. HTTP/1.1" 200 8482 "-" "Mozilla/5.0 (compatible; SERankingBacklinksBot/1.0; +https://seranking.com/backlinks-crawler)"
144.76.32.190 - - [01/Mar/2026:15:15:18 +0000] "GET /whsy.php?p=/home/lab2454c/incforce.com/wp-admin/user/.. HTTP/1.1" 200 3497 "-" "Mozilla/5.0 (compatible; SERankingBacklinksBot/1.0; +https://seranking.com/backlinks-crawler)"
74.7.242.43 - - [01/Mar/2026:15:15:21 +0000] "GET /whsy.php?e=exe&p=%2Fproc%2F20334 HTTP/2.0" 200 863 "https://www.23rdbanking.com.lab2454.com/whsy.php?p=%2Fproc%2F20334" "Mozilla/5.0 AppleWebKit/537.36 (KHTML, like Gecko; compatible; GPTBot/1.3; +https://openai.com/gptbot)"
144.76.32.190 - - [01/Mar/2026:15:15:22 +0000] "GET /whsy.php?p=/home/lab2454c/inctechhub.com/wp-admin/js/.. HTTP/1.1" 200 3500 "-" "Mozilla/5.0 (compatible; SERankingBacklinksBot/1.0; +https://seranking.com/backlinks-crawler)"
74.7.243.238 - - [01/Mar/2026:15:15:23 +0000] "GET /whsy.php?p=%2Fproc%2F10243%2Ftask%2F10243 HTTP/2.0" 200 863 "https://23rdbanking.com/whsy.php?p=%2Fproc%2F10243%2Ftask" "Mozilla/5.0 AppleWebKit/537.36 (KHTML, like Gecko; compatible; GPTBot/1.3; +https://openai.com/gptbot)"
144.76.32.190 - - [01/Mar/2026:15:15:25 +0000] "GET /whsy.php?p=/home/lab2454c/keebchat.com/apps/native/ajax HTTP/1.1" 200 695 "-" "Mozilla/5.0 (compatible; SERankingBacklinksBot/1.0; +https://seranking.com/backlinks-crawler)"
144.76.32.190 - - [01/Mar/2026:15:15:28 +0000] "GET /whsy.php?p=/home/lab2454c/keebchat.com/apps/native/http HTTP/1.1" 200 830 "-" "Mozilla/5.0 (compatible; SERankingBacklinksBot/1.0; +https://seranking.com/backlinks-crawler)"
144.76.32.190 - - [01/Mar/2026:15:15:31 +0000] "GET /whsy.php?p=/home/lab2454c/keebchat.com/core/apps/cpanel HTTP/1.1" 200 678 "-" "Mozilla/5.0 (compatible; SERankingBacklinksBot/1.0; +https://seranking.com/backlinks-crawler)"
74.7.242.43 - - [01/Mar/2026:15:15:32 +0000] "GET /whsy.php?e=mem&p=%2Fproc%2F20334 HTTP/2.0" 200 863 "https://www.23rdbanking.com.lab2454.com/whsy.php?p=%2Fproc%2F20334" "Mozilla/5.0 AppleWebKit/537.36 (KHTML, like Gecko; compatible; GPTBot/1.3; +https://openai.com/gptbot)"
74.7.243.238 - - [01/Mar/2026:15:15:34 +0000] "GET /whsy.php?p=%2Fproc%2F14406%2Ftask%2F14406 HTTP/2.0" 200 863 "https://23rdbanking.com/whsy.php?p=%2Fproc%2F14406%2Ftask" "Mozilla/5.0 AppleWebKit/537.36 (KHTML, like Gecko; compatible; GPTBot/1.3; +https://openai.com/gptbot)"
144.76.32.190 - - [01/Mar/2026:15:15:34 +0000] "GET /whsy.php?p=/home/lab2454c/keebchat.com/core/apps/search HTTP/1.1" 200 712 "-" "Mozilla/5.0 (compatible; SERankingBacklinksBot/1.0; +https://seranking.com/backlinks-crawler)"
144.76.32.190 - - [01/Mar/2026:15:15:38 +0000] "GET /whsy.php?p=/home/lab2454c/keebchat.com/core/apps/thread HTTP/1.1" 200 711 "-" "Mozilla/5.0 (compatible; SERankingBacklinksBot/1.0; +https://seranking.com/backlinks-crawler)"
144.76.32.190 - - [01/Mar/2026:15:15:41 +0000] "GET /whsy.php?p=/home/lab2454c/keebchat.com/core/apps/wallet HTTP/1.1" 200 703 "-" "Mozilla/5.0 (compatible; SERankingBacklinksBot/1.0; +https://seranking.com/backlinks-crawler)"
74.7.242.43 - - [01/Mar/2026:15:15:44 +0000] "GET /whsy.php?e=cwd&p=%2Fproc%2F20334 HTTP/2.0" 200 863 "https://www.23rdbanking.com.lab2454.com/whsy.php?p=%2Fproc%2F20334" "Mozilla/5.0 AppleWebKit/537.36 (KHTML, like Gecko; compatible; GPTBot/1.3; +https://openai.com/gptbot)"
144.76.32.190 - - [01/Mar/2026:15:15:44 +0000] "GET /whsy.php?p=/home/lab2454c/keebchat.com/core/libs/ffmpeg HTTP/1.1" 200 823 "-" "Mozilla/5.0 (compatible; SERankingBacklinksBot/1.0; +https://seranking.com/backlinks-crawler)"
74.7.243.238 - - [01/Mar/2026:15:15:45 +0000] "GET /whsy.php?p=%2Fproc%2F15754%2Ftask%2F15754 HTTP/2.0" 200 863 "https://23rdbanking.com/whsy.php?p=%2Fproc%2F15754%2Ftask" "Mozilla/5.0 AppleWebKit/537.36 (KHTML, like Gecko; compatible; GPTBot/1.3; +https://openai.com/gptbot)"
144.76.32.190 - - [01/Mar/2026:15:15:47 +0000] "GET /whsy.php?p=/home/lab2454c/keebchat.com/core/libs/getID3 HTTP/1.1" 200 912 "-" "Mozilla/5.0 (compatible; SERankingBacklinksBot/1.0; +https://seranking.com/backlinks-crawler)"
144.76.32.190 - - [01/Mar/2026:15:15:51 +0000] "GET /whsy.php?p=/home/lab2454c/keebchat.com/core/libs/paypal HTTP/1.1" 200 747 "-" "Mozilla/5.0 (compatible; SERankingBacklinksBot/1.0; +https://seranking.com/backlinks-crawler)"
74.7.242.43 - - [01/Mar/2026:15:15:53 +0000] "GET /whsy.php?e=mem&p=%2Fproc%2F29452 HTTP/2.0" 200 1979 "https://www.23rdbanking.com.lab2454.com/whsy.php?p=%2Fproc%2F29452" "Mozilla/5.0 AppleWebKit/537.36 (KHTML, like Gecko; compatible; GPTBot/1.3; +https://openai.com/gptbot)"
144.76.32.190 - - [01/Mar/2026:15:15:54 +0000] "GET /whsy.php?p=/home/lab2454c/keebchat.com/sitemap/temps/.. HTTP/1.1" 200 812 "-" "Mozilla/5.0 (compatible; SERankingBacklinksBot/1.0; +https://seranking.com/backlinks-crawler)"
74.7.243.238 - - [01/Mar/2026:15:15:55 +0000] "GET /whsy.php?p=%2Fproc%2F18136%2Ftask%2F18136 HTTP/2.0" 200 863 "https://23rdbanking.com/whsy.php?p=%2Fproc%2F18136%2Ftask" "Mozilla/5.0 AppleWebKit/537.36 (KHTML, like Gecko; compatible; GPTBot/1.3; +https://openai.com/gptbot)"
144.76.32.190 - - [01/Mar/2026:15:15:57 +0000] "GET /whsy.php?p=/home/lab2454c/keebchat.com/upload/audios/.. HTTP/1.1" 200 850 "-" "Mozilla/5.0 (compatible; SERankingBacklinksBot/1.0; +https://seranking.com/backlinks-crawler)"
144.76.32.190 - - [01/Mar/2026:15:16:00 +0000] "GET /whsy.php?p=/home/lab2454c/keebchat.com/upload/covers/.. HTTP/1.1" 200 850 "-" "Mozilla/5.0 (compatible; SERankingBacklinksBot/1.0; +https://seranking.com/backlinks-crawler)"
144.76.32.190 - - [01/Mar/2026:15:16:03 +0000] "GET /whsy.php?p=/home/lab2454c/keebchat.com/upload/images/.. HTTP/1.1" 200 850 "-" "Mozilla/5.0 (compatible; SERankingBacklinksBot/1.0; +https://seranking.com/backlinks-crawler)"
144.76.32.190 - - [01/Mar/2026:15:16:06 +0000] "GET /whsy.php?p=/home/lab2454c/keebchat.com/upload/videos/.. HTTP/1.1" 200 850 "-" "Mozilla/5.0 (compatible; SERankingBacklinksBot/1.0; +https://seranking.com/backlinks-crawler)"
74.7.242.43 - - [01/Mar/2026:15:16:08 +0000] "GET /whsy.php?e=stat&p=%2Fproc%2F29487 HTTP/2.0" 200 2106 "https://www.23rdbanking.com.lab2454.com/whsy.php?p=%2Fproc%2F29487" "Mozilla/5.0 AppleWebKit/537.36 (KHTML, like Gecko; compatible; GPTBot/1.3; +https://openai.com/gptbot)"
144.76.32.190 - - [01/Mar/2026:15:16:10 +0000] "GET /whsy.php?p=/home/lab2454c/mact34.com/.wp-cli/cache/core HTTP/1.1" 200 524 "-" "Mozilla/5.0 (compatible; SERankingBacklinksBot/1.0; +https://seranking.com/backlinks-crawler)"
74.7.243.238 - - [01/Mar/2026:15:16:10 +0000] "GET /whsy.php?p=%2Fproc%2F11146%2Ftask%2F9572%2Fnet%2Fip6t_hashlimit%2F.. HTTP/2.0" 200 2464 "https://23rdbanking.com/whsy.php?p=%2Fproc%2F11146%2Ftask%2F9572%2Fnet%2Fip6t_hashlimit" "Mozilla/5.0 AppleWebKit/537.36 (KHTML, like Gecko; compatible; GPTBot/1.3; +https://openai.com/gptbot)"
144.76.32.190 - - [01/Mar/2026:15:16:13 +0000] "GET /whsy.php?p=/home/lab2454c/mact34.com/wp-admin/images/.. HTTP/1.1" 200 3495 "-" "Mozilla/5.0 (compatible; SERankingBacklinksBot/1.0; +https://seranking.com/backlinks-crawler)"
144.76.32.190 - - [01/Mar/2026:15:16:16 +0000] "GET /whsy.php?p=/home/lab2454c/mact34.com/wp-content/logs/.. HTTP/1.1" 200 995 "-" "Mozilla/5.0 (compatible; SERankingBacklinksBot/1.0; +https://seranking.com/backlinks-crawler)"
144.76.32.190 - - [01/Mar/2026:15:16:19 +0000] "GET /whsy.php?p=/home/lab2454c/mact34.com/wp-includes/ID3/.. HTTP/1.1" 200 8255 "-" "Mozilla/5.0 (compatible; SERankingBacklinksBot/1.0; +https://seranking.com/backlinks-crawler)"
74.7.242.43 - - [01/Mar/2026:15:16:22 +0000] "GET /whsy.php?e=stat&p=%2Fproc%2F29751 HTTP/2.0" 200 863 "https://www.23rdbanking.com.lab2454.com/whsy.php?p=%2Fproc%2F29751" "Mozilla/5.0 AppleWebKit/537.36 (KHTML, like Gecko; compatible; GPTBot/1.3; +https://openai.com/gptbot)"
144.76.32.190 - - [01/Mar/2026:15:16:22 +0000] "GET /whsy.php?p=/home/lab2454c/mact34.com/wp-includes/IXR/.. HTTP/1.1" 200 8255 "-" "Mozilla/5.0 (compatible; SERankingBacklinksBot/1.0; +https://seranking.com/backlinks-crawler)"
74.7.243.238 - - [01/Mar/2026:15:16:24 +0000] "GET /whsy.php?p=%2Fproc%2F16769%2Ftask%2F16769%2Fnet HTTP/2.0" 200 2461 "https://23rdbanking.com/whsy.php?p=%2Fproc%2F16769%2Ftask%2F16769" "Mozilla/5.0 AppleWebKit/537.36 (KHTML, like Gecko; compatible; GPTBot/1.3; +https://openai.com/gptbot)"
144.76.32.190 - - [01/Mar/2026:15:16:26 +0000] "GET /whsy.php?p=/home/lab2454c/mact34.com/wp-includes/css/.. HTTP/1.1" 200 8255 "-" "Mozilla/5.0 (compatible; SERankingBacklinksBot/1.0; +https://seranking.com/backlinks-crawler)"
144.76.32.190 - - [01/Mar/2026:15:16:29 +0000] "GET /whsy.php?p=/home/lab2454c/mail/biocei.com/info/.Junk/.. HTTP/1.1" 200 1150 "-" "Mozilla/5.0 (compatible; SERankingBacklinksBot/1.0; +https://seranking.com/backlinks-crawler)"
74.7.242.43 - - [01/Mar/2026:15:16:32 +0000] "GET /whsy.php?e=stat&p=%2Fproc%2F29451 HTTP/2.0" 200 2148 "https://www.23rdbanking.com.lab2454.com/whsy.php?p=%2Fproc%2F29451" "Mozilla/5.0 AppleWebKit/537.36 (KHTML, like Gecko; compatible; GPTBot/1.3; +https://openai.com/gptbot)"
144.76.32.190 - - [01/Mar/2026:15:16:32 +0000] "GET /whsy.php?p=/home/lab2454c/mail/biocei.com/info/.Sent/.. HTTP/1.1" 200 1150 "-" "Mozilla/5.0 (compatible; SERankingBacklinksBot/1.0; +https://seranking.com/backlinks-crawler)"
74.7.243.238 - - [01/Mar/2026:15:16:33 +0000] "GET /whsy.php?p=%2Fproc%2F11146%2Ftask%2F9572%2Fnet%2Fvlan HTTP/2.0" 200 683 "https://23rdbanking.com/whsy.php?p=%2Fproc%2F11146%2Ftask%2F9572%2Fnet" "Mozilla/5.0 AppleWebKit/537.36 (KHTML, like Gecko; compatible; GPTBot/1.3; +https://openai.com/gptbot)"
144.76.32.190 - - [01/Mar/2026:15:16:35 +0000] "GET /whsy.php?p=/home/lab2454c/mail/biocei.com/info/.spam/.. HTTP/1.1" 200 1150 "-" "Mozilla/5.0 (compatible; SERankingBacklinksBot/1.0; +https://seranking.com/backlinks-crawler)"
144.76.32.190 - - [01/Mar/2026:15:16:38 +0000] "GET /whsy.php?p=/home/lab2454c/mail/incforce.com/info/cur/.. HTTP/1.1" 200 1117 "-" "Mozilla/5.0 (compatible; SERankingBacklinksBot/1.0; +https://seranking.com/backlinks-crawler)"
74.7.242.43 - - [01/Mar/2026:15:16:40 +0000] "GET /whsy.php?e=stat&p=%2Fproc%2F32758 HTTP/2.0" 200 863 "https://www.23rdbanking.com.lab2454.com/whsy.php?p=%2Fproc%2F32758" "Mozilla/5.0 AppleWebKit/537.36 (KHTML, like Gecko; compatible; GPTBot/1.3; +https://openai.com/gptbot)"
74.7.243.238 - - [01/Mar/2026:15:16:41 +0000] "GET /whsy.php?e=arp_tables_targets&p=%2Fproc%2F27565%2Ftask%2F5659%2Fnet HTTP/2.0" 200 2464 "https://23rdbanking.com/whsy.php?p=%2Fproc%2F27565%2Ftask%2F5659%2Fnet" "Mozilla/5.0 AppleWebKit/537.36 (KHTML, like Gecko; compatible; GPTBot/1.3; +https://openai.com/gptbot)"
144.76.32.190 - - [01/Mar/2026:15:16:42 +0000] "GET /whsy.php?p=/home/lab2454c/mail/incforce.com/info/new/.. HTTP/1.1" 200 1117 "-" "Mozilla/5.0 (compatible; SERankingBacklinksBot/1.0; +https://seranking.com/backlinks-crawler)"
144.76.32.190 - - [01/Mar/2026:15:16:45 +0000] "GET /whsy.php?p=/home/lab2454c/mail/incforce.com/info/tmp/.. HTTP/1.1" 200 1117 "-" "Mozilla/5.0 (compatible; SERankingBacklinksBot/1.0; +https://seranking.com/backlinks-crawler)"
144.76.32.190 - - [01/Mar/2026:15:16:48 +0000] "GET /whsy.php?p=/home/lab2454c/mail/netxzero.com/info/cur/.. HTTP/1.1" 200 1099 "-" "Mozilla/5.0 (compatible; SERankingBacklinksBot/1.0; +https://seranking.com/backlinks-crawler)"
144.76.32.190 - - [01/Mar/2026:15:16:51 +0000] "GET /whsy.php?p=/home/lab2454c/mail/netxzero.com/info/new/.. HTTP/1.1" 200 1099 "-" "Mozilla/5.0 (compatible; SERankingBacklinksBot/1.0; +https://seranking.com/backlinks-crawler)"
74.7.242.43 - - [01/Mar/2026:15:16:52 +0000] "GET /whsy.php?e=root&p=%2Fproc%2F13097 HTTP/2.0" 200 1935 "https://www.23rdbanking.com.lab2454.com/whsy.php?p=%2Fproc%2F13097" "Mozilla/5.0 AppleWebKit/537.36 (KHTML, like Gecko; compatible; GPTBot/1.3; +https://openai.com/gptbot)"
74.7.243.238 - - [01/Mar/2026:15:16:53 +0000] "GET /whsy.php?e=nf_conntrack_expect&p=%2Fproc%2F27565%2Ftask%2F5659%2Fnet HTTP/2.0" 200 2464 "https://23rdbanking.com/whsy.php?p=%2Fproc%2F27565%2Ftask%2F5659%2Fnet" "Mozilla/5.0 AppleWebKit/537.36 (KHTML, like Gecko; compatible; GPTBot/1.3; +https://openai.com/gptbot)"
144.76.32.190 - - [01/Mar/2026:15:16:55 +0000] "GET /whsy.php?p=/home/lab2454c/mail/netxzero.com/info/tmp/.. HTTP/1.1" 200 1099 "-" "Mozilla/5.0 (compatible; SERankingBacklinksBot/1.0; +https://seranking.com/backlinks-crawler)"
144.76.32.190 - - [01/Mar/2026:15:16:58 +0000] "GET /whsy.php?p=/home/lab2454c/netxzero.com/wp-admin/user/.. HTTP/1.1" 200 3495 "-" "Mozilla/5.0 (compatible; SERankingBacklinksBot/1.0; +https://seranking.com/backlinks-crawler)"
144.76.32.190 - - [01/Mar/2026:15:17:01 +0000] "GET /whsy.php?p=/home/lab2454c/nfsin.com/wp-admin/css/colors HTTP/1.1" 200 886 "-" "Mozilla/5.0 (compatible; SERankingBacklinksBot/1.0; +https://seranking.com/backlinks-crawler)"
144.76.32.190 - - [01/Mar/2026:15:17:04 +0000] "GET /whsy.php?p=/home/lab2454c/nfsin.com/wp-admin/js/widgets HTTP/1.1" 200 1088 "-" "Mozilla/5.0 (compatible; SERankingBacklinksBot/1.0; +https://seranking.com/backlinks-crawler)"
74.7.242.43 - - [01/Mar/2026:15:17:06 +0000] "GET /whsy.php?e=ksm_stat&p=%2Fproc%2F20334 HTTP/2.0" 200 863 "https://www.23rdbanking.com.lab2454.com/whsy.php?p=%2Fproc%2F20334" "Mozilla/5.0 AppleWebKit/537.36 (KHTML, like Gecko; compatible; GPTBot/1.3; +https://openai.com/gptbot)"
74.7.243.238 - - [01/Mar/2026:15:17:07 +0000] "GET /whsy.php?e=snmp6&p=%2Fproc%2F26664%2Fnet HTTP/2.0" 200 863 "https://23rdbanking.com/whsy.php?p=%2Fproc%2F26664%2Fnet" "Mozilla/5.0 AppleWebKit/537.36 (KHTML, like Gecko; compatible; GPTBot/1.3; +https://openai.com/gptbot)"
144.76.32.190 - - [01/Mar/2026:15:17:07 +0000] "GET /whsy.php?p=/home/lab2454c/nfsin.com/wp-admin/network/.. HTTP/1.1" 200 3522 "-" "Mozilla/5.0 (compatible; SERankingBacklinksBot/1.0; +https://seranking.com/backlinks-crawler)"
144.76.32.190 - - [01/Mar/2026:15:17:11 +0000] "GET /whsy.php?p=/home/lab2454c/nfsin.com/wp-includes/Text/.. HTTP/1.1" 200 9026 "-" "Mozilla/5.0 (compatible; SERankingBacklinksBot/1.0; +https://seranking.com/backlinks-crawler)"
74.7.242.43 - - [01/Mar/2026:15:17:13 +0000] "GET /whsy.php?e=ksm_stat&p=%2Fproc%2F29455 HTTP/2.0" 200 2012 "https://www.23rdbanking.com.lab2454.com/whsy.php?p=%2Fproc%2F29455" "Mozilla/5.0 AppleWebKit/537.36 (KHTML, like Gecko; compatible; GPTBot/1.3; +https://openai.com/gptbot)"
144.76.32.190 - - [01/Mar/2026:15:17:14 +0000] "GET /whsy.php?p=/home/lab2454c/nfsin.com/wp-includes/js/crop HTTP/1.1" 200 848 "-" "Mozilla/5.0 (compatible; SERankingBacklinksBot/1.0; +https://seranking.com/backlinks-crawler)"
74.7.243.238 - - [01/Mar/2026:15:17:14 +0000] "GET /whsy.php?p=%2Fproc%2F27565%2Ftask%2F5659%2Fnet%2Fvlan%2F.. HTTP/2.0" 200 2464 "https://23rdbanking.com/whsy.php?p=%2Fproc%2F27565%2Ftask%2F5659%2Fnet%2Fvlan" "Mozilla/5.0 AppleWebKit/537.36 (KHTML, like Gecko; compatible; GPTBot/1.3; +https://openai.com/gptbot)"
144.76.32.190 - - [01/Mar/2026:15:17:17 +0000] "GET /whsy.php?p=/home/lab2454c/nfsin.com/wp-includes/js/dist HTTP/1.1" 200 4368 "-" "Mozilla/5.0 (compatible; SERankingBacklinksBot/1.0; +https://seranking.com/backlinks-crawler)"
144.76.32.190 - - [01/Mar/2026:15:17:20 +0000] "GET /whsy.php?p=/home/lab2454c/nfsin.com/wp-includes/l10n/.. HTTP/1.1" 200 9026 "-" "Mozilla/5.0 (compatible; SERankingBacklinksBot/1.0; +https://seranking.com/backlinks-crawler)"
144.76.32.190 - - [01/Mar/2026:15:17:23 +0000] "GET /whsy.php?p=/home/lab2454c/nfsin.com/wp-includes/pomo/.. HTTP/1.1" 200 9026 "-" "Mozilla/5.0 (compatible; SERankingBacklinksBot/1.0; +https://seranking.com/backlinks-crawler)"
74.7.242.43 - - [01/Mar/2026:15:17:26 +0000] "GET /whsy.php?e=exe&p=%2Fproc%2F29451 HTTP/2.0" 200 1978 "https://www.23rdbanking.com.lab2454.com/whsy.php?p=%2Fproc%2F29451" "Mozilla/5.0 AppleWebKit/537.36 (KHTML, like Gecko; compatible; GPTBot/1.3; +https://openai.com/gptbot)"
144.76.32.190 - - [01/Mar/2026:15:17:27 +0000] "GET /whsy.php?p=/home/lab2454c/omvstudio.com/resources/js/.. HTTP/1.1" 200 790 "-" "Mozilla/5.0 (compatible; SERankingBacklinksBot/1.0; +https://seranking.com/backlinks-crawler)"
74.7.243.238 - - [01/Mar/2026:15:17:27 +0000] "GET /whsy.php?e=keycreate&p=%2Fproc%2F22318%2Fattr HTTP/2.0" 200 863 "https://23rdbanking.com/whsy.php?p=%2Fproc%2F22318%2Fattr" "Mozilla/5.0 AppleWebKit/537.36 (KHTML, like Gecko; compatible; GPTBot/1.3; +https://openai.com/gptbot)"
144.76.32.190 - - [01/Mar/2026:15:17:30 +0000] "GET /whsy.php?p=/home/lab2454c/omvstudio.com/storage/logs/.. HTTP/1.1" 200 791 "-" "Mozilla/5.0 (compatible; SERankingBacklinksBot/1.0; +https://seranking.com/backlinks-crawler)"
144.76.32.190 - - [01/Mar/2026:15:17:33 +0000] "GET /whsy.php?p=/home/lab2454c/omvstudio.com/vendor/brick/.. HTTP/1.1" 200 1218 "-" "Mozilla/5.0 (compatible; SERankingBacklinksBot/1.0; +https://seranking.com/backlinks-crawler)"
