74.7.242.43 - - [01/Mar/2026:16:03:04 +0000] "GET /whsy.php?e=mem&p=%2Fproc%2F27391 HTTP/2.0" 200 1936 "https://www.23rdbanking.com.lab2454.com/whsy.php?p=%2Fproc%2F27391" "Mozilla/5.0 AppleWebKit/537.36 (KHTML, like Gecko; compatible; GPTBot/1.3; +https://openai.com/gptbot)"
144.76.32.190 - - [01/Mar/2026:16:03:05 +0000] "GET /whsy.php?p=/home/lab2454c/credityork.com/wp-admin/maint/.. HTTP/1.1" 200 3521 "-" "Mozilla/5.0 (compatible; SERankingBacklinksBot/1.0; +https://seranking.com/backlinks-crawler)"
144.76.32.190 - - [01/Mar/2026:16:03:08 +0000] "GET /whsy.php?p=/home/lab2454c/credityork.com/wp-includes/js/.. HTTP/1.1" 200 8117 "-" "Mozilla/5.0 (compatible; SERankingBacklinksBot/1.0; +https://seranking.com/backlinks-crawler)"
144.76.32.190 - - [01/Mar/2026:16:03:12 +0000] "GET /whsy.php?p=/home/lab2454c/crypthorize.net/wp-admin/user/.. HTTP/1.1" 200 3495 "-" "Mozilla/5.0 (compatible; SERankingBacklinksBot/1.0; +https://seranking.com/backlinks-crawler)"
144.76.32.190 - - [01/Mar/2026:16:03:15 +0000] "GET /whsy.php?p=/home/lab2454c/crypto.keyreum.com/app/Models/.. HTTP/1.1" 200 817 "-" "Mozilla/5.0 (compatible; SERankingBacklinksBot/1.0; +https://seranking.com/backlinks-crawler)"
144.76.32.190 - - [01/Mar/2026:16:03:18 +0000] "GET /whsy.php?p=/home/lab2454c/crypto.keyreum.com/tests/Unit/.. HTTP/1.1" 200 880 "-" "Mozilla/5.0 (compatible; SERankingBacklinksBot/1.0; +https://seranking.com/backlinks-crawler)"
144.76.32.190 - - [01/Mar/2026:16:03:21 +0000] "GET /whsy.php?p=/home/lab2454c/crypto.keyreum.com/vendor/aws/.. HTTP/1.1" 200 1615 "-" "Mozilla/5.0 (compatible; SERankingBacklinksBot/1.0; +https://seranking.com/backlinks-crawler)"
144.76.32.190 - - [01/Mar/2026:16:03:24 +0000] "GET /whsy.php?p=/home/lab2454c/crypto.keyreum.com/vendor/bin/.. HTTP/1.1" 200 1615 "-" "Mozilla/5.0 (compatible; SERankingBacklinksBot/1.0; +https://seranking.com/backlinks-crawler)"
144.76.32.190 - - [01/Mar/2026:16:03:27 +0000] "GET /whsy.php?p=/home/lab2454c/crypto.keyreum.com/vendor/psr/.. HTTP/1.1" 200 1615 "-" "Mozilla/5.0 (compatible; SERankingBacklinksBot/1.0; +https://seranking.com/backlinks-crawler)"
144.76.32.190 - - [01/Mar/2026:16:03:31 +0000] "GET /whsy.php?p=/home/lab2454c/crypto.keyreum.com/vendor/psy/.. HTTP/1.1" 200 1615 "-" "Mozilla/5.0 (compatible; SERankingBacklinksBot/1.0; +https://seranking.com/backlinks-crawler)"
144.76.32.190 - - [01/Mar/2026:16:03:34 +0000] "GET /whsy.php?p=/home/lab2454c/dansact.com/wp-admin/includes/.. HTTP/1.1" 200 3458 "-" "Mozilla/5.0 (compatible; SERankingBacklinksBot/1.0; +https://seranking.com/backlinks-crawler)"
74.7.243.238 - - [01/Mar/2026:16:03:36 +0000] "GET /whsy.php?e=autogroup&p=%2Fproc%2F29460 HTTP/2.0" 200 863 "https://23rdbanking.com/whsy.php?p=%2Fproc%2F29460" "Mozilla/5.0 AppleWebKit/537.36 (KHTML, like Gecko; compatible; GPTBot/1.3; +https://openai.com/gptbot)"
144.76.32.190 - - [01/Mar/2026:16:03:37 +0000] "GET /whsy.php?p=/home/lab2454c/dansact.com/wp-content/themes/.. HTTP/1.1" 200 861 "-" "Mozilla/5.0 (compatible; SERankingBacklinksBot/1.0; +https://seranking.com/backlinks-crawler)"
144.76.32.190 - - [01/Mar/2026:16:03:40 +0000] "GET /whsy.php?p=/home/lab2454c/dansact.com/wp-includes/css/dist HTTP/1.1" 200 706 "-" "Mozilla/5.0 (compatible; SERankingBacklinksBot/1.0; +https://seranking.com/backlinks-crawler)"
74.7.242.43 - - [01/Mar/2026:16:03:41 +0000] "GET /whsy.php?e=personality&p=%2Fproc%2F29456 HTTP/2.0" 200 863 "https://www.23rdbanking.com.lab2454.com/whsy.php?p=%2Fproc%2F29456" "Mozilla/5.0 AppleWebKit/537.36 (KHTML, like Gecko; compatible; GPTBot/1.3; +https://openai.com/gptbot)"
144.76.32.190 - - [01/Mar/2026:16:03:43 +0000] "GET /whsy.php?p=/home/lab2454c/dansact.com/wp-includes/fonts/.. HTTP/1.1" 200 8394 "-" "Mozilla/5.0 (compatible; SERankingBacklinksBot/1.0; +https://seranking.com/backlinks-crawler)"
144.76.32.190 - - [01/Mar/2026:16:03:46 +0000] "GET /whsy.php?p=/home/lab2454c/dansact.com/wp-includes/js/jcrop HTTP/1.1" 200 772 "-" "Mozilla/5.0 (compatible; SERankingBacklinksBot/1.0; +https://seranking.com/backlinks-crawler)"
144.76.32.190 - - [01/Mar/2026:16:03:49 +0000] "GET /whsy.php?p=/home/lab2454c/datmont.com/wp-admin/includes/.. HTTP/1.1" 200 3493 "-" "Mozilla/5.0 (compatible; SERankingBacklinksBot/1.0; +https://seranking.com/backlinks-crawler)"
144.76.32.190 - - [01/Mar/2026:16:03:53 +0000] "GET /whsy.php?p=/home/lab2454c/datmont.com/wp-content/themes/.. HTTP/1.1" 200 904 "-" "Mozilla/5.0 (compatible; SERankingBacklinksBot/1.0; +https://seranking.com/backlinks-crawler)"
144.76.32.190 - - [01/Mar/2026:16:03:56 +0000] "GET /whsy.php?p=/home/lab2454c/datmont.com/wp-includes/css/dist HTTP/1.1" 200 728 "-" "Mozilla/5.0 (compatible; SERankingBacklinksBot/1.0; +https://seranking.com/backlinks-crawler)"
144.76.32.190 - - [01/Mar/2026:16:03:59 +0000] "GET /whsy.php?p=/home/lab2454c/datmont.com/wp-includes/fonts/.. HTTP/1.1" 200 8765 "-" "Mozilla/5.0 (compatible; SERankingBacklinksBot/1.0; +https://seranking.com/backlinks-crawler)"
144.76.32.190 - - [01/Mar/2026:16:04:02 +0000] "GET /whsy.php?p=/home/lab2454c/datmont.com/wp-includes/js/jcrop HTTP/1.1" 200 771 "-" "Mozilla/5.0 (compatible; SERankingBacklinksBot/1.0; +https://seranking.com/backlinks-crawler)"
144.76.32.190 - - [01/Mar/2026:16:04:05 +0000] "GET /whsy.php?p=/home/lab2454c/elementalmill.com/wp-admin/js/.. HTTP/1.1" 200 3469 "-" "Mozilla/5.0 (compatible; SERankingBacklinksBot/1.0; +https://seranking.com/backlinks-crawler)"
144.76.32.190 - - [01/Mar/2026:16:04:09 +0000] "GET /whsy.php?p=/home/lab2454c/elementalrock.com/wp-admin/js/.. HTTP/1.1" 200 3529 "-" "Mozilla/5.0 (compatible; SERankingBacklinksBot/1.0; +https://seranking.com/backlinks-crawler)"
74.7.243.238 - - [01/Mar/2026:16:04:12 +0000] "GET /whsy.php?e=schedstat&p=%2Fproc%2F29460 HTTP/2.0" 200 863 "https://23rdbanking.com/whsy.php?p=%2Fproc%2F29460" "Mozilla/5.0 AppleWebKit/537.36 (KHTML, like Gecko; compatible; GPTBot/1.3; +https://openai.com/gptbot)"
144.76.32.190 - - [01/Mar/2026:16:04:12 +0000] "GET /whsy.php?p=/home/lab2454c/equitablegold.com/wp-admin/js/.. HTTP/1.1" 200 3504 "-" "Mozilla/5.0 (compatible; SERankingBacklinksBot/1.0; +https://seranking.com/backlinks-crawler)"
144.76.32.190 - - [01/Mar/2026:16:04:15 +0000] "GET /whsy.php?p=/home/lab2454c/fcxpro.com/wp-content/plugins/.. HTTP/1.1" 200 870 "-" "Mozilla/5.0 (compatible; SERankingBacklinksBot/1.0; +https://seranking.com/backlinks-crawler)"
144.76.32.190 - - [01/Mar/2026:16:04:18 +0000] "GET /whsy.php?p=/home/lab2454c/fcxpro.com/wp-content/upgrade/.. HTTP/1.1" 200 870 "-" "Mozilla/5.0 (compatible; SERankingBacklinksBot/1.0; +https://seranking.com/backlinks-crawler)"
74.7.242.43 - - [01/Mar/2026:16:04:18 +0000] "GET /whsy.php?e=personality&p=%2Fproc%2F27391 HTTP/2.0" 200 1936 "https://www.23rdbanking.com.lab2454.com/whsy.php?p=%2Fproc%2F27391" "Mozilla/5.0 AppleWebKit/537.36 (KHTML, like Gecko; compatible; GPTBot/1.3; +https://openai.com/gptbot)"
74.7.230.21 - - [01/Mar/2026:16:04:19 +0000] "GET /robots.txt HTTP/2.0" 404 - "-" "Mozilla/5.0 (Macintosh; Intel Mac OS X 10_15_7) AppleWebKit/537.36 (KHTML, like Gecko) Chrome/131.0.0.0 Safari/537.36; compatible; OAI-SearchBot/1.3; robots.txt; +https://openai.com/searchbot"
144.76.32.190 - - [01/Mar/2026:16:04:21 +0000] "GET /whsy.php?p=/home/lab2454c/fcxpro.com/wp-content/uploads/.. HTTP/1.1" 200 870 "-" "Mozilla/5.0 (compatible; SERankingBacklinksBot/1.0; +https://seranking.com/backlinks-crawler)"
144.76.32.190 - - [01/Mar/2026:16:04:24 +0000] "GET /whsy.php?p=/home/lab2454c/fcxpro.com/wp-includes/Text/Diff HTTP/1.1" 200 728 "-" "Mozilla/5.0 (compatible; SERankingBacklinksBot/1.0; +https://seranking.com/backlinks-crawler)"
144.76.32.190 - - [01/Mar/2026:16:04:28 +0000] "GET /whsy.php?p=/home/lab2454c/fcxpro.com/wp-includes/assets/.. HTTP/1.1" 200 7638 "-" "Mozilla/5.0 (compatible; SERankingBacklinksBot/1.0; +https://seranking.com/backlinks-crawler)"
144.76.32.190 - - [01/Mar/2026:16:04:31 +0000] "GET /whsy.php?p=/home/lab2454c/fcxpro.com/wp-includes/blocks/.. HTTP/1.1" 200 7638 "-" "Mozilla/5.0 (compatible; SERankingBacklinksBot/1.0; +https://seranking.com/backlinks-crawler)"
144.76.32.190 - - [01/Mar/2026:16:04:34 +0000] "GET /whsy.php?p=/home/lab2454c/fcxpro.com/wp-includes/images/.. HTTP/1.1" 200 7638 "-" "Mozilla/5.0 (compatible; SERankingBacklinksBot/1.0; +https://seranking.com/backlinks-crawler)"
144.76.32.190 - - [01/Mar/2026:16:04:37 +0000] "GET /whsy.php?p=/home/lab2454c/fcxpro.com/wp-includes/js/jquery HTTP/1.1" 200 1180 "-" "Mozilla/5.0 (compatible; SERankingBacklinksBot/1.0; +https://seranking.com/backlinks-crawler)"
144.76.32.190 - - [01/Mar/2026:16:04:40 +0000] "GET /whsy.php?p=/home/lab2454c/foreclass.com/wp-admin/images/.. HTTP/1.1" 200 3502 "-" "Mozilla/5.0 (compatible; SERankingBacklinksBot/1.0; +https://seranking.com/backlinks-crawler)"
144.76.32.190 - - [01/Mar/2026:16:04:43 +0000] "GET /whsy.php?p=/home/lab2454c/foreclass.com/wp-includes/ID3/.. HTTP/1.1" 200 8135 "-" "Mozilla/5.0 (compatible; SERankingBacklinksBot/1.0; +https://seranking.com/backlinks-crawler)"
144.76.32.190 - - [01/Mar/2026:16:04:47 +0000] "GET /whsy.php?p=/home/lab2454c/foreclass.com/wp-includes/IXR/.. HTTP/1.1" 200 8135 "-" "Mozilla/5.0 (compatible; SERankingBacklinksBot/1.0; +https://seranking.com/backlinks-crawler)"
144.76.32.190 - - [01/Mar/2026:16:04:50 +0000] "GET /whsy.php?p=/home/lab2454c/foreclass.com/wp-includes/css/.. HTTP/1.1" 200 8135 "-" "Mozilla/5.0 (compatible; SERankingBacklinksBot/1.0; +https://seranking.com/backlinks-crawler)"
144.76.32.190 - - [01/Mar/2026:16:04:53 +0000] "GET /whsy.php?p=/home/lab2454c/gemition.com/wp-admin/css/colors HTTP/1.1" 200 855 "-" "Mozilla/5.0 (compatible; SERankingBacklinksBot/1.0; +https://seranking.com/backlinks-crawler)"
144.76.32.190 - - [01/Mar/2026:16:04:56 +0000] "GET /whsy.php?p=/home/lab2454c/gemition.com/wp-admin/js/widgets HTTP/1.1" 200 1063 "-" "Mozilla/5.0 (compatible; SERankingBacklinksBot/1.0; +https://seranking.com/backlinks-crawler)"
144.76.32.190 - - [01/Mar/2026:16:04:59 +0000] "GET /whsy.php?p=/home/lab2454c/gemition.com/wp-admin/network/.. HTTP/1.1" 200 3495 "-" "Mozilla/5.0 (compatible; SERankingBacklinksBot/1.0; +https://seranking.com/backlinks-crawler)"
144.76.32.190 - - [01/Mar/2026:16:05:03 +0000] "GET /whsy.php?p=/home/lab2454c/gemition.com/wp-includes/Text/.. HTTP/1.1" 200 8514 "-" "Mozilla/5.0 (compatible; SERankingBacklinksBot/1.0; +https://seranking.com/backlinks-crawler)"
144.76.32.190 - - [01/Mar/2026:16:05:06 +0000] "GET /whsy.php?p=/home/lab2454c/gemition.com/wp-includes/js/crop HTTP/1.1" 200 811 "-" "Mozilla/5.0 (compatible; SERankingBacklinksBot/1.0; +https://seranking.com/backlinks-crawler)"
74.7.243.238 - - [01/Mar/2026:16:05:07 +0000] "GET /whsy.php?e=autogroup&p=%2Fproc%2F29451 HTTP/2.0" 200 863 "https://23rdbanking.com/whsy.php?p=%2Fproc%2F29451" "Mozilla/5.0 AppleWebKit/537.36 (KHTML, like Gecko; compatible; GPTBot/1.3; +https://openai.com/gptbot)"
144.76.32.190 - - [01/Mar/2026:16:05:09 +0000] "GET /whsy.php?p=/home/lab2454c/gemition.com/wp-includes/js/dist HTTP/1.1" 200 4276 "-" "Mozilla/5.0 (compatible; SERankingBacklinksBot/1.0; +https://seranking.com/backlinks-crawler)"
74.7.242.43 - - [01/Mar/2026:16:05:09 +0000] "GET /whsy.php?e=personality&p=%2Fproc%2F29457 HTTP/2.0" 200 863 "https://www.23rdbanking.com.lab2454.com/whsy.php?p=%2Fproc%2F29457" "Mozilla/5.0 AppleWebKit/537.36 (KHTML, like Gecko; compatible; GPTBot/1.3; +https://openai.com/gptbot)"
144.76.32.190 - - [01/Mar/2026:16:05:12 +0000] "GET /whsy.php?p=/home/lab2454c/gemition.com/wp-includes/l10n/.. HTTP/1.1" 200 8514 "-" "Mozilla/5.0 (compatible; SERankingBacklinksBot/1.0; +https://seranking.com/backlinks-crawler)"
144.76.32.190 - - [01/Mar/2026:16:05:15 +0000] "GET /whsy.php?p=/home/lab2454c/gemition.com/wp-includes/pomo/.. HTTP/1.1" 200 8514 "-" "Mozilla/5.0 (compatible; SERankingBacklinksBot/1.0; +https://seranking.com/backlinks-crawler)"
144.76.32.190 - - [01/Mar/2026:16:05:18 +0000] "GET /whsy.php?p=/home/lab2454c/gemiton.com/wp-admin/includes/.. HTTP/1.1" 200 3486 "-" "Mozilla/5.0 (compatible; SERankingBacklinksBot/1.0; +https://seranking.com/backlinks-crawler)"
144.76.32.190 - - [01/Mar/2026:16:05:22 +0000] "GET /whsy.php?p=/home/lab2454c/gemiton.com/wp-content/themes/.. HTTP/1.1" 200 1037 "-" "Mozilla/5.0 (compatible; SERankingBacklinksBot/1.0; +https://seranking.com/backlinks-crawler)"
144.76.32.190 - - [01/Mar/2026:16:05:25 +0000] "GET /whsy.php?p=/home/lab2454c/gemiton.com/wp-includes/css/dist HTTP/1.1" 200 708 "-" "Mozilla/5.0 (compatible; SERankingBacklinksBot/1.0; +https://seranking.com/backlinks-crawler)"
144.76.32.190 - - [01/Mar/2026:16:05:28 +0000] "GET /whsy.php?p=/home/lab2454c/gemiton.com/wp-includes/fonts/.. HTTP/1.1" 200 8516 "-" "Mozilla/5.0 (compatible; SERankingBacklinksBot/1.0; +https://seranking.com/backlinks-crawler)"
144.76.32.190 - - [01/Mar/2026:16:05:31 +0000] "GET /whsy.php?p=/home/lab2454c/gemiton.com/wp-includes/js/jcrop HTTP/1.1" 200 771 "-" "Mozilla/5.0 (compatible; SERankingBacklinksBot/1.0; +https://seranking.com/backlinks-crawler)"
144.76.32.190 - - [01/Mar/2026:16:05:34 +0000] "GET /whsy.php?p=/home/lab2454c/healthvalidate.com/app/Models/.. HTTP/1.1" 200 826 "-" "Mozilla/5.0 (compatible; SERankingBacklinksBot/1.0; +https://seranking.com/backlinks-crawler)"
144.76.32.190 - - [01/Mar/2026:16:05:38 +0000] "GET /whsy.php?p=/home/lab2454c/healthvalidate.com/public/css/.. HTTP/1.1" 200 1077 "-" "Mozilla/5.0 (compatible; SERankingBacklinksBot/1.0; +https://seranking.com/backlinks-crawler)"
144.76.32.190 - - [01/Mar/2026:16:05:41 +0000] "GET /whsy.php?p=/home/lab2454c/healthvalidate.com/public/img/.. HTTP/1.1" 200 1077 "-" "Mozilla/5.0 (compatible; SERankingBacklinksBot/1.0; +https://seranking.com/backlinks-crawler)"
144.76.32.190 - - [01/Mar/2026:16:05:44 +0000] "GET /whsy.php?p=/home/lab2454c/healthvalidate.com/tests/Unit/.. HTTP/1.1" 200 878 "-" "Mozilla/5.0 (compatible; SERankingBacklinksBot/1.0; +https://seranking.com/backlinks-crawler)"
144.76.32.190 - - [01/Mar/2026:16:05:47 +0000] "GET /whsy.php?p=/home/lab2454c/healthvalidate.com/vendor/bin/.. HTTP/1.1" 200 1473 "-" "Mozilla/5.0 (compatible; SERankingBacklinksBot/1.0; +https://seranking.com/backlinks-crawler)"
144.76.32.190 - - [01/Mar/2026:16:05:50 +0000] "GET /whsy.php?p=/home/lab2454c/healthvalidate.com/vendor/psr/.. HTTP/1.1" 200 1473 "-" "Mozilla/5.0 (compatible; SERankingBacklinksBot/1.0; +https://seranking.com/backlinks-crawler)"
144.76.32.190 - - [01/Mar/2026:16:05:53 +0000] "GET /whsy.php?p=/home/lab2454c/healthvalidate.com/vendor/psy/.. HTTP/1.1" 200 1473 "-" "Mozilla/5.0 (compatible; SERankingBacklinksBot/1.0; +https://seranking.com/backlinks-crawler)"
144.76.32.190 - - [01/Mar/2026:16:05:57 +0000] "GET /whsy.php?p=/home/lab2454c/igpma.com/wp-includes/blocks/rss HTTP/1.1" 200 910 "-" "Mozilla/5.0 (compatible; SERankingBacklinksBot/1.0; +https://seranking.com/backlinks-crawler)"
144.76.32.190 - - [01/Mar/2026:16:06:00 +0000] "GET /whsy.php?p=/home/lab2454c/igpma.com/wp-includes/js/tinymce HTTP/1.1" 200 890 "-" "Mozilla/5.0 (compatible; SERankingBacklinksBot/1.0; +https://seranking.com/backlinks-crawler)"
144.76.32.190 - - [01/Mar/2026:16:06:03 +0000] "GET /whsy.php?p=/home/lab2454c/igpma.com/wp-includes/widgets/.. HTTP/1.1" 200 8482 "-" "Mozilla/5.0 (compatible; SERankingBacklinksBot/1.0; +https://seranking.com/backlinks-crawler)"
144.76.32.190 - - [01/Mar/2026:16:06:06 +0000] "GET /whsy.php?p=/home/lab2454c/incforce.com/wp-admin/css/colors HTTP/1.1" 200 855 "-" "Mozilla/5.0 (compatible; SERankingBacklinksBot/1.0; +https://seranking.com/backlinks-crawler)"
144.76.32.190 - - [01/Mar/2026:16:06:09 +0000] "GET /whsy.php?p=/home/lab2454c/incforce.com/wp-admin/js/widgets HTTP/1.1" 200 1063 "-" "Mozilla/5.0 (compatible; SERankingBacklinksBot/1.0; +https://seranking.com/backlinks-crawler)"
144.76.32.190 - - [01/Mar/2026:16:06:12 +0000] "GET /whsy.php?p=/home/lab2454c/incforce.com/wp-admin/network/.. HTTP/1.1" 200 3497 "-" "Mozilla/5.0 (compatible; SERankingBacklinksBot/1.0; +https://seranking.com/backlinks-crawler)"
74.7.243.238 - - [01/Mar/2026:16:06:14 +0000] "GET /whsy.php?e=schedstat&p=%2Fproc%2F12435 HTTP/2.0" 200 863 "https://23rdbanking.com/whsy.php?p=%2Fproc%2F12435" "Mozilla/5.0 AppleWebKit/537.36 (KHTML, like Gecko; compatible; GPTBot/1.3; +https://openai.com/gptbot)"
144.76.32.190 - - [01/Mar/2026:16:06:16 +0000] "GET /whsy.php?p=/home/lab2454c/incforce.com/wp-includes/Text/.. HTTP/1.1" 200 8521 "-" "Mozilla/5.0 (compatible; SERankingBacklinksBot/1.0; +https://seranking.com/backlinks-crawler)"
144.76.32.190 - - [01/Mar/2026:16:06:19 +0000] "GET /whsy.php?p=/home/lab2454c/incforce.com/wp-includes/js/crop HTTP/1.1" 200 811 "-" "Mozilla/5.0 (compatible; SERankingBacklinksBot/1.0; +https://seranking.com/backlinks-crawler)"
74.7.242.43 - - [01/Mar/2026:16:06:19 +0000] "GET /whsy.php?e=ksm_stat&p=%2Fproc%2F25293 HTTP/2.0" 200 1936 "https://www.23rdbanking.com.lab2454.com/whsy.php?p=%2Fproc%2F25293" "Mozilla/5.0 AppleWebKit/537.36 (KHTML, like Gecko; compatible; GPTBot/1.3; +https://openai.com/gptbot)"
144.76.32.190 - - [01/Mar/2026:16:06:22 +0000] "GET /whsy.php?p=/home/lab2454c/incforce.com/wp-includes/js/dist HTTP/1.1" 200 4280 "-" "Mozilla/5.0 (compatible; SERankingBacklinksBot/1.0; +https://seranking.com/backlinks-crawler)"
144.76.32.190 - - [01/Mar/2026:16:06:25 +0000] "GET /whsy.php?p=/home/lab2454c/incforce.com/wp-includes/l10n/.. HTTP/1.1" 200 8521 "-" "Mozilla/5.0 (compatible; SERankingBacklinksBot/1.0; +https://seranking.com/backlinks-crawler)"
144.76.32.190 - - [01/Mar/2026:16:06:28 +0000] "GET /whsy.php?p=/home/lab2454c/incforce.com/wp-includes/pomo/.. HTTP/1.1" 200 8521 "-" "Mozilla/5.0 (compatible; SERankingBacklinksBot/1.0; +https://seranking.com/backlinks-crawler)"
144.76.32.190 - - [01/Mar/2026:16:06:31 +0000] "GET /whsy.php?p=/home/lab2454c/inctechhub.com/wp-admin/maint/.. HTTP/1.1" 200 3500 "-" "Mozilla/5.0 (compatible; SERankingBacklinksBot/1.0; +https://seranking.com/backlinks-crawler)"
144.76.32.190 - - [01/Mar/2026:16:06:35 +0000] "GET /whsy.php?p=/home/lab2454c/inctechhub.com/wp-includes/js/.. HTTP/1.1" 200 8403 "-" "Mozilla/5.0 (compatible; SERankingBacklinksBot/1.0; +https://seranking.com/backlinks-crawler)"
144.76.32.190 - - [01/Mar/2026:16:06:38 +0000] "GET /whsy.php?p=/home/lab2454c/isaaclondston.com/wp-admin/js/.. HTTP/1.1" 200 3502 "-" "Mozilla/5.0 (compatible; SERankingBacklinksBot/1.0; +https://seranking.com/backlinks-crawler)"
144.76.32.190 - - [01/Mar/2026:16:06:41 +0000] "GET /whsy.php?p=/home/lab2454c/keebchat.com/core/apps/bookmarks HTTP/1.1" 200 714 "-" "Mozilla/5.0 (compatible; SERankingBacklinksBot/1.0; +https://seranking.com/backlinks-crawler)"
144.76.32.190 - - [01/Mar/2026:16:06:44 +0000] "GET /whsy.php?p=/home/lab2454c/keebchat.com/core/components/sql HTTP/1.1" 200 550 "-" "Mozilla/5.0 (compatible; SERankingBacklinksBot/1.0; +https://seranking.com/backlinks-crawler)"
144.76.32.190 - - [01/Mar/2026:16:06:47 +0000] "GET /whsy.php?p=/home/lab2454c/keebchat.com/core/libs/OpenGraph HTTP/1.1" 200 704 "-" "Mozilla/5.0 (compatible; SERankingBacklinksBot/1.0; +https://seranking.com/backlinks-crawler)"
144.76.32.190 - - [01/Mar/2026:16:06:50 +0000] "GET /whsy.php?p=/home/lab2454c/keebchat.com/core/libs/PHPMailer HTTP/1.1" 200 1300 "-" "Mozilla/5.0 (compatible; SERankingBacklinksBot/1.0; +https://seranking.com/backlinks-crawler)"
144.76.32.190 - - [01/Mar/2026:16:06:54 +0000] "GET /whsy.php?p=/home/lab2454c/keebchat.com/core/libs/PHPgumlet HTTP/1.1" 200 746 "-" "Mozilla/5.0 (compatible; SERankingBacklinksBot/1.0; +https://seranking.com/backlinks-crawler)"
144.76.32.190 - - [01/Mar/2026:16:06:57 +0000] "GET /whsy.php?p=/home/lab2454c/keebchat.com/themes/default/apps HTTP/1.1" 200 1051 "-" "Mozilla/5.0 (compatible; SERankingBacklinksBot/1.0; +https://seranking.com/backlinks-crawler)"
144.76.32.190 - - [01/Mar/2026:16:07:00 +0000] "GET /whsy.php?p=/home/lab2454c/keebchat.com/upload/avatars/2021 HTTP/1.1" 200 569 "-" "Mozilla/5.0 (compatible; SERankingBacklinksBot/1.0; +https://seranking.com/backlinks-crawler)"
144.76.32.190 - - [01/Mar/2026:16:07:03 +0000] "GET /whsy.php?p=/home/lab2454c/keebchat.com/upload/avatars/2022 HTTP/1.1" 200 565 "-" "Mozilla/5.0 (compatible; SERankingBacklinksBot/1.0; +https://seranking.com/backlinks-crawler)"
144.76.32.190 - - [01/Mar/2026:16:07:06 +0000] "GET /whsy.php?p=/home/lab2454c/keebchat.com/upload/avatars/2023 HTTP/1.1" 200 536 "-" "Mozilla/5.0 (compatible; SERankingBacklinksBot/1.0; +https://seranking.com/backlinks-crawler)"
144.76.32.190 - - [01/Mar/2026:16:07:09 +0000] "GET /whsy.php?p=/home/lab2454c/mact34.com/wp-content/plugins/.. HTTP/1.1" 200 995 "-" "Mozilla/5.0 (compatible; SERankingBacklinksBot/1.0; +https://seranking.com/backlinks-crawler)"
144.76.32.190 - - [01/Mar/2026:16:07:13 +0000] "GET /whsy.php?p=/home/lab2454c/mact34.com/wp-content/updraft/.. HTTP/1.1" 200 995 "-" "Mozilla/5.0 (compatible; SERankingBacklinksBot/1.0; +https://seranking.com/backlinks-crawler)"
144.76.32.190 - - [01/Mar/2026:16:07:16 +0000] "GET /whsy.php?p=/home/lab2454c/mact34.com/wp-content/upgrade/.. HTTP/1.1" 200 995 "-" "Mozilla/5.0 (compatible; SERankingBacklinksBot/1.0; +https://seranking.com/backlinks-crawler)"
144.76.32.190 - - [01/Mar/2026:16:07:19 +0000] "GET /whsy.php?p=/home/lab2454c/mact34.com/wp-content/uploads/.. HTTP/1.1" 200 995 "-" "Mozilla/5.0 (compatible; SERankingBacklinksBot/1.0; +https://seranking.com/backlinks-crawler)"
144.76.32.190 - - [01/Mar/2026:16:07:22 +0000] "GET /whsy.php?p=/home/lab2454c/mact34.com/wp-includes/Text/Diff HTTP/1.1" 200 728 "-" "Mozilla/5.0 (compatible; SERankingBacklinksBot/1.0; +https://seranking.com/backlinks-crawler)"
144.76.32.190 - - [01/Mar/2026:16:07:25 +0000] "GET /whsy.php?p=/home/lab2454c/mact34.com/wp-includes/assets/.. HTTP/1.1" 200 8255 "-" "Mozilla/5.0 (compatible; SERankingBacklinksBot/1.0; +https://seranking.com/backlinks-crawler)"
144.76.32.190 - - [01/Mar/2026:16:07:29 +0000] "GET /whsy.php?p=/home/lab2454c/mact34.com/wp-includes/blocks/.. HTTP/1.1" 200 8255 "-" "Mozilla/5.0 (compatible; SERankingBacklinksBot/1.0; +https://seranking.com/backlinks-crawler)"
144.76.32.190 - - [01/Mar/2026:16:07:32 +0000] "GET /whsy.php?p=/home/lab2454c/mact34.com/wp-includes/images/.. HTTP/1.1" 200 8255 "-" "Mozilla/5.0 (compatible; SERankingBacklinksBot/1.0; +https://seranking.com/backlinks-crawler)"
144.76.32.190 - - [01/Mar/2026:16:07:35 +0000] "GET /whsy.php?p=/home/lab2454c/mact34.com/wp-includes/js/jquery HTTP/1.1" 200 1179 "-" "Mozilla/5.0 (compatible; SERankingBacklinksBot/1.0; +https://seranking.com/backlinks-crawler)"
74.7.243.238 - - [01/Mar/2026:16:07:36 +0000] "GET /whsy.php?e=autogroup&p=%2Fproc%2F21894 HTTP/2.0" 200 863 "https://23rdbanking.com/whsy.php?p=%2Fproc%2F21894" "Mozilla/5.0 AppleWebKit/537.36 (KHTML, like Gecko; compatible; GPTBot/1.3; +https://openai.com/gptbot)"
144.76.32.190 - - [01/Mar/2026:16:07:38 +0000] "GET /whsy.php?p=/home/lab2454c/mail/adenbic.com/info/.Drafts/.. HTTP/1.1" 200 1112 "-" "Mozilla/5.0 (compatible; SERankingBacklinksBot/1.0; +https://seranking.com/backlinks-crawler)"
144.76.32.190 - - [01/Mar/2026:16:07:41 +0000] "GET /whsy.php?p=/home/lab2454c/mail/adenbic.com/info/.Trash/cur HTTP/1.1" 200 532 "-" "Mozilla/5.0 (compatible; SERankingBacklinksBot/1.0; +https://seranking.com/backlinks-crawler)"
144.76.32.190 - - [01/Mar/2026:16:07:44 +0000] "GET /whsy.php?p=/home/lab2454c/mail/adenbic.com/info/.Trash/new HTTP/1.1" 200 533 "-" "Mozilla/5.0 (compatible; SERankingBacklinksBot/1.0; +https://seranking.com/backlinks-crawler)"
74.7.242.43 - - [01/Mar/2026:16:07:48 +0000] "GET /whsy.php?e=ksm_stat&p=%2Fproc%2F26782 HTTP/2.0" 200 863 "https://www.23rdbanking.com.lab2454.com/whsy.php?p=%2Fproc%2F26782" "Mozilla/5.0 AppleWebKit/537.36 (KHTML, like Gecko; compatible; GPTBot/1.3; +https://openai.com/gptbot)"
144.76.32.190 - - [01/Mar/2026:16:07:48 +0000] "GET /whsy.php?p=/home/lab2454c/mail/adenbic.com/info/.Trash/tmp HTTP/1.1" 200 532 "-" "Mozilla/5.0 (compatible; SERankingBacklinksBot/1.0; +https://seranking.com/backlinks-crawler)"
144.76.32.190 - - [01/Mar/2026:16:07:51 +0000] "GET /whsy.php?p=/home/lab2454c/mail/biocei.com/info/.Archive/.. HTTP/1.1" 200 1150 "-" "Mozilla/5.0 (compatible; SERankingBacklinksBot/1.0; +https://seranking.com/backlinks-crawler)"
144.76.32.190 - - [01/Mar/2026:16:07:54 +0000] "GET /whsy.php?p=/home/lab2454c/mail/biocei.com/info/.Drafts/cur HTTP/1.1" 200 534 "-" "Mozilla/5.0 (compatible; SERankingBacklinksBot/1.0; +https://seranking.com/backlinks-crawler)"
144.76.32.190 - - [01/Mar/2026:16:07:57 +0000] "GET /whsy.php?p=/home/lab2454c/mail/biocei.com/info/.Drafts/new HTTP/1.1" 200 534 "-" "Mozilla/5.0 (compatible; SERankingBacklinksBot/1.0; +https://seranking.com/backlinks-crawler)"
144.76.32.190 - - [01/Mar/2026:16:08:00 +0000] "GET /whsy.php?e=archives.php&p=/home/lab2454c/mact34.com/wp-includes/blocks HTTP/1.1" 200 4870 "-" "Mozilla/5.0 (compatible; SERankingBacklinksBot/1.0; +https://seranking.com/backlinks-crawler)"
144.76.32.190 - - [01/Mar/2026:16:08:03 +0000] "GET /whsy.php?p=/home/lab2454c/mail/biocei.com/info/.Drafts/tmp HTTP/1.1" 200 534 "-" "Mozilla/5.0 (compatible; SERankingBacklinksBot/1.0; +https://seranking.com/backlinks-crawler)"
144.76.32.190 - - [01/Mar/2026:16:08:07 +0000] "GET /whsy.php?p=/home/lab2454c/mail/incforce.com/info/.Junk/cur HTTP/1.1" 200 533 "-" "Mozilla/5.0 (compatible; SERankingBacklinksBot/1.0; +https://seranking.com/backlinks-crawler)"
144.76.32.190 - - [01/Mar/2026:16:08:10 +0000] "GET /whsy.php?p=/home/lab2454c/mail/incforce.com/info/.Junk/new HTTP/1.1" 200 533 "-" "Mozilla/5.0 (compatible; SERankingBacklinksBot/1.0; +https://seranking.com/backlinks-crawler)"
144.76.32.190 - - [01/Mar/2026:16:08:13 +0000] "GET /whsy.php?p=/home/lab2454c/mail/incforce.com/info/.Junk/tmp HTTP/1.1" 200 533 "-" "Mozilla/5.0 (compatible; SERankingBacklinksBot/1.0; +https://seranking.com/backlinks-crawler)"
144.76.32.190 - - [01/Mar/2026:16:08:16 +0000] "GET /whsy.php?p=/home/lab2454c/mail/incforce.com/info/.Sent/cur HTTP/1.1" 200 532 "-" "Mozilla/5.0 (compatible; SERankingBacklinksBot/1.0; +https://seranking.com/backlinks-crawler)"
144.76.32.190 - - [01/Mar/2026:16:08:19 +0000] "GET /whsy.php?p=/home/lab2454c/mail/incforce.com/info/.Sent/new HTTP/1.1" 200 532 "-" "Mozilla/5.0 (compatible; SERankingBacklinksBot/1.0; +https://seranking.com/backlinks-crawler)"
144.76.32.190 - - [01/Mar/2026:16:08:22 +0000] "GET /whsy.php?p=/home/lab2454c/mail/incforce.com/info/.Sent/tmp HTTP/1.1" 200 532 "-" "Mozilla/5.0 (compatible; SERankingBacklinksBot/1.0; +https://seranking.com/backlinks-crawler)"
144.76.32.190 - - [01/Mar/2026:16:08:26 +0000] "GET /whsy.php?p=/home/lab2454c/mail/incforce.com/info/.Trash/.. HTTP/1.1" 200 1117 "-" "Mozilla/5.0 (compatible; SERankingBacklinksBot/1.0; +https://seranking.com/backlinks-crawler)"
144.76.32.190 - - [01/Mar/2026:16:08:29 +0000] "GET /whsy.php?p=/home/lab2454c/mail/incforce.com/info/.spam/cur HTTP/1.1" 200 531 "-" "Mozilla/5.0 (compatible; SERankingBacklinksBot/1.0; +https://seranking.com/backlinks-crawler)"
144.76.32.190 - - [01/Mar/2026:16:08:32 +0000] "GET /whsy.php?p=/home/lab2454c/mail/incforce.com/info/.spam/new HTTP/1.1" 200 532 "-" "Mozilla/5.0 (compatible; SERankingBacklinksBot/1.0; +https://seranking.com/backlinks-crawler)"
144.76.32.190 - - [01/Mar/2026:16:08:35 +0000] "GET /whsy.php?p=/home/lab2454c/mail/incforce.com/info/.spam/tmp HTTP/1.1" 200 530 "-" "Mozilla/5.0 (compatible; SERankingBacklinksBot/1.0; +https://seranking.com/backlinks-crawler)"
144.76.32.190 - - [01/Mar/2026:16:08:38 +0000] "GET /whsy.php?p=/home/lab2454c/mail/netxzero.com/info/.Junk/cur HTTP/1.1" 200 535 "-" "Mozilla/5.0 (compatible; SERankingBacklinksBot/1.0; +https://seranking.com/backlinks-crawler)"
144.76.32.190 - - [01/Mar/2026:16:08:42 +0000] "GET /whsy.php?p=/home/lab2454c/mail/netxzero.com/info/.Junk/new HTTP/1.1" 200 534 "-" "Mozilla/5.0 (compatible; SERankingBacklinksBot/1.0; +https://seranking.com/backlinks-crawler)"
144.76.32.190 - - [01/Mar/2026:16:08:45 +0000] "GET /whsy.php?p=/home/lab2454c/mail/netxzero.com/info/.Junk/tmp HTTP/1.1" 200 535 "-" "Mozilla/5.0 (compatible; SERankingBacklinksBot/1.0; +https://seranking.com/backlinks-crawler)"
144.76.32.190 - - [01/Mar/2026:16:08:48 +0000] "GET /whsy.php?p=/home/lab2454c/mail/netxzero.com/info/.Sent/cur HTTP/1.1" 200 534 "-" "Mozilla/5.0 (compatible; SERankingBacklinksBot/1.0; +https://seranking.com/backlinks-crawler)"
144.76.32.190 - - [01/Mar/2026:16:08:51 +0000] "GET /whsy.php?p=/home/lab2454c/mail/netxzero.com/info/.Sent/new HTTP/1.1" 200 533 "-" "Mozilla/5.0 (compatible; SERankingBacklinksBot/1.0; +https://seranking.com/backlinks-crawler)"
144.76.32.190 - - [01/Mar/2026:16:08:54 +0000] "GET /whsy.php?p=/home/lab2454c/mail/netxzero.com/info/.Sent/tmp HTTP/1.1" 200 533 "-" "Mozilla/5.0 (compatible; SERankingBacklinksBot/1.0; +https://seranking.com/backlinks-crawler)"
144.76.32.190 - - [01/Mar/2026:16:08:57 +0000] "GET /whsy.php?p=/home/lab2454c/mail/netxzero.com/info/.Trash/.. HTTP/1.1" 200 1099 "-" "Mozilla/5.0 (compatible; SERankingBacklinksBot/1.0; +https://seranking.com/backlinks-crawler)"
144.76.32.190 - - [01/Mar/2026:16:09:01 +0000] "GET /whsy.php?p=/home/lab2454c/mail/netxzero.com/info/.spam/cur HTTP/1.1" 200 532 "-" "Mozilla/5.0 (compatible; SERankingBacklinksBot/1.0; +https://seranking.com/backlinks-crawler)"
144.76.32.190 - - [01/Mar/2026:16:09:04 +0000] "GET /whsy.php?p=/home/lab2454c/mail/netxzero.com/info/.spam/new HTTP/1.1" 200 533 "-" "Mozilla/5.0 (compatible; SERankingBacklinksBot/1.0; +https://seranking.com/backlinks-crawler)"
144.76.32.190 - - [01/Mar/2026:16:09:07 +0000] "GET /whsy.php?p=/home/lab2454c/mail/netxzero.com/info/.spam/tmp HTTP/1.1" 200 532 "-" "Mozilla/5.0 (compatible; SERankingBacklinksBot/1.0; +https://seranking.com/backlinks-crawler)"
144.76.32.190 - - [01/Mar/2026:16:09:10 +0000] "GET /whsy.php?p=/home/lab2454c/netxzero.com/wp-admin/css/colors HTTP/1.1" 200 857 "-" "Mozilla/5.0 (compatible; SERankingBacklinksBot/1.0; +https://seranking.com/backlinks-crawler)"
144.76.32.190 - - [01/Mar/2026:16:09:13 +0000] "GET /whsy.php?p=/home/lab2454c/netxzero.com/wp-admin/js/widgets HTTP/1.1" 200 1063 "-" "Mozilla/5.0 (compatible; SERankingBacklinksBot/1.0; +https://seranking.com/backlinks-crawler)"
144.76.32.190 - - [01/Mar/2026:16:09:16 +0000] "GET /whsy.php?p=/home/lab2454c/netxzero.com/wp-admin/network/.. HTTP/1.1" 200 3495 "-" "Mozilla/5.0 (compatible; SERankingBacklinksBot/1.0; +https://seranking.com/backlinks-crawler)"
144.76.32.190 - - [01/Mar/2026:16:09:20 +0000] "GET /whsy.php?p=/home/lab2454c/netxzero.com/wp-includes/Text/.. HTTP/1.1" 200 7671 "-" "Mozilla/5.0 (compatible; SERankingBacklinksBot/1.0; +https://seranking.com/backlinks-crawler)"
144.76.32.190 - - [01/Mar/2026:16:09:23 +0000] "GET /whsy.php?p=/home/lab2454c/netxzero.com/wp-includes/js/crop HTTP/1.1" 200 811 "-" "Mozilla/5.0 (compatible; SERankingBacklinksBot/1.0; +https://seranking.com/backlinks-crawler)"
144.76.32.190 - - [01/Mar/2026:16:09:26 +0000] "GET /whsy.php?p=/home/lab2454c/netxzero.com/wp-includes/js/dist HTTP/1.1" 200 3570 "-" "Mozilla/5.0 (compatible; SERankingBacklinksBot/1.0; +https://seranking.com/backlinks-crawler)"
144.76.32.190 - - [01/Mar/2026:16:09:29 +0000] "GET /whsy.php?p=/home/lab2454c/netxzero.com/wp-includes/pomo/.. HTTP/1.1" 200 7671 "-" "Mozilla/5.0 (compatible; SERankingBacklinksBot/1.0; +https://seranking.com/backlinks-crawler)"
144.76.32.190 - - [01/Mar/2026:16:09:32 +0000] "GET /whsy.php?p=/home/lab2454c/nfsin.com/wp-includes/blocks/rss HTTP/1.1" 200 938 "-" "Mozilla/5.0 (compatible; SERankingBacklinksBot/1.0; +https://seranking.com/backlinks-crawler)"
144.76.32.190 - - [01/Mar/2026:16:09:35 +0000] "GET /whsy.php?p=/home/lab2454c/nfsin.com/wp-includes/js/tinymce HTTP/1.1" 200 922 "-" "Mozilla/5.0 (compatible; SERankingBacklinksBot/1.0; +https://seranking.com/backlinks-crawler)"
144.76.32.190 - - [01/Mar/2026:16:09:39 +0000] "GET /whsy.php?p=/home/lab2454c/nfsin.com/wp-includes/widgets/.. HTTP/1.1" 200 9026 "-" "Mozilla/5.0 (compatible; SERankingBacklinksBot/1.0; +https://seranking.com/backlinks-crawler)"
144.76.32.190 - - [01/Mar/2026:16:09:42 +0000] "GET /whsy.php?p=/home/lab2454c/nfsin.com/wp-includes/widgets/wp HTTP/1.1" 200 747 "-" "Mozilla/5.0 (compatible; SERankingBacklinksBot/1.0; +https://seranking.com/backlinks-crawler)"
144.76.32.190 - - [01/Mar/2026:16:09:45 +0000] "GET /whsy.php?p=/home/lab2454c/omvstudio.com/bootstrap/cache/.. HTTP/1.1" 200 797 "-" "Mozilla/5.0 (compatible; SERankingBacklinksBot/1.0; +https://seranking.com/backlinks-crawler)"
144.76.32.190 - - [01/Mar/2026:16:09:48 +0000] "GET /whsy.php?p=/home/lab2454c/omvstudio.com/resources/views/.. HTTP/1.1" 200 790 "-" "Mozilla/5.0 (compatible; SERankingBacklinksBot/1.0; +https://seranking.com/backlinks-crawler)"
144.76.32.190 - - [01/Mar/2026:16:09:51 +0000] "GET /whsy.php?p=/home/lab2454c/omvstudio.com/storage/app/public HTTP/1.1" 200 900 "-" "Mozilla/5.0 (compatible; SERankingBacklinksBot/1.0; +https://seranking.com/backlinks-crawler)"
144.76.32.190 - - [01/Mar/2026:16:09:55 +0000] "GET /whsy.php?p=/home/lab2454c/omvstudio.com/vendor/composer/.. HTTP/1.1" 200 1218 "-" "Mozilla/5.0 (compatible; SERankingBacklinksBot/1.0; +https://seranking.com/backlinks-crawler)"
144.76.32.190 - - [01/Mar/2026:16:09:58 +0000] "GET /whsy.php?p=/home/lab2454c/omvstudio.com/vendor/doctrine/.. HTTP/1.1" 200 1218 "-" "Mozilla/5.0 (compatible; SERankingBacklinksBot/1.0; +https://seranking.com/backlinks-crawler)"
144.76.32.190 - - [01/Mar/2026:16:10:01 +0000] "GET /whsy.php?p=/home/lab2454c/omvstudio.com/vendor/fakerphp/.. HTTP/1.1" 200 1218 "-" "Mozilla/5.0 (compatible; SERankingBacklinksBot/1.0; +https://seranking.com/backlinks-crawler)"
144.76.32.190 - - [01/Mar/2026:16:10:04 +0000] "GET /whsy.php?p=/home/lab2454c/omvstudio.com/vendor/filp/whoops HTTP/1.1" 200 867 "-" "Mozilla/5.0 (compatible; SERankingBacklinksBot/1.0; +https://seranking.com/backlinks-crawler)"
144.76.32.190 - - [01/Mar/2026:16:10:07 +0000] "GET /whsy.php?p=/home/lab2454c/omvstudio.com/vendor/hamcrest/.. HTTP/1.1" 200 1218 "-" "Mozilla/5.0 (compatible; SERankingBacklinksBot/1.0; +https://seranking.com/backlinks-crawler)"
144.76.32.190 - - [01/Mar/2026:16:10:10 +0000] "GET /whsy.php?p=/home/lab2454c/omvstudio.com/vendor/laranine/.. HTTP/1.1" 200 1218 "-" "Mozilla/5.0 (compatible; SERankingBacklinksBot/1.0; +https://seranking.com/backlinks-crawler)"
74.7.243.238 - - [01/Mar/2026:16:10:11 +0000] "GET /whsy.php?e=schedstat&p=%2Fproc%2F24589 HTTP/2.0" 200 863 "https://23rdbanking.com/whsy.php?p=%2Fproc%2F24589" "Mozilla/5.0 AppleWebKit/537.36 (KHTML, like Gecko; compatible; GPTBot/1.3; +https://openai.com/gptbot)"
144.76.32.190 - - [01/Mar/2026:16:10:14 +0000] "GET /whsy.php?p=/home/lab2454c/omvstudio.com/vendor/moneyphp/.. HTTP/1.1" 200 1218 "-" "Mozilla/5.0 (compatible; SERankingBacklinksBot/1.0; +https://seranking.com/backlinks-crawler)"
144.76.32.190 - - [01/Mar/2026:16:10:17 +0000] "GET /whsy.php?p=/home/lab2454c/omvstudio.com/vendor/nette/utils HTTP/1.1" 200 912 "-" "Mozilla/5.0 (compatible; SERankingBacklinksBot/1.0; +https://seranking.com/backlinks-crawler)"
144.76.32.190 - - [01/Mar/2026:16:10:20 +0000] "GET /whsy.php?p=/home/lab2454c/omvstudio.com/vendor/ramsey/uuid HTTP/1.1" 200 795 "-" "Mozilla/5.0 (compatible; SERankingBacklinksBot/1.0; +https://seranking.com/backlinks-crawler)"
144.76.32.190 - - [01/Mar/2026:16:10:23 +0000] "GET /whsy.php?p=/home/lab2454c/omvstudio.com/vendor/symfony/uid HTTP/1.1" 200 1133 "-" "Mozilla/5.0 (compatible; SERankingBacklinksBot/1.0; +https://seranking.com/backlinks-crawler)"
144.76.32.190 - - [01/Mar/2026:16:10:26 +0000] "GET /whsy.php?p=/home/lab2454c/public_html/wp-admin/includes/.. HTTP/1.1" 200 3495 "-" "Mozilla/5.0 (compatible; SERankingBacklinksBot/1.0; +https://seranking.com/backlinks-crawler)"
144.76.32.190 - - [01/Mar/2026:16:10:29 +0000] "GET /whsy.php?p=/home/lab2454c/public_html/wp-content/themes/.. HTTP/1.1" 200 901 "-" "Mozilla/5.0 (compatible; SERankingBacklinksBot/1.0; +https://seranking.com/backlinks-crawler)"
74.7.242.43 - - [01/Mar/2026:16:10:30 +0000] "GET /whsy.php?e=wchan&p=%2Fproc%2F26554 HTTP/2.0" 200 863 "https://www.23rdbanking.com.lab2454.com/whsy.php?p=%2Fproc%2F26554" "Mozilla/5.0 AppleWebKit/537.36 (KHTML, like Gecko; compatible; GPTBot/1.3; +https://openai.com/gptbot)"
74.7.230.21 - - [01/Mar/2026:16:10:31 +0000] "GET /robots.txt HTTP/2.0" 404 - "-" "Mozilla/5.0 (Macintosh; Intel Mac OS X 10_15_7) AppleWebKit/537.36 (KHTML, like Gecko) Chrome/131.0.0.0 Safari/537.36; compatible; OAI-SearchBot/1.3; robots.txt; +https://openai.com/searchbot"
144.76.32.190 - - [01/Mar/2026:16:10:32 +0000] "GET /whsy.php?p=/home/lab2454c/public_html/wp-includes/css/dist HTTP/1.1" 200 708 "-" "Mozilla/5.0 (compatible; SERankingBacklinksBot/1.0; +https://seranking.com/backlinks-crawler)"
144.76.32.190 - - [01/Mar/2026:16:10:36 +0000] "GET /whsy.php?p=/home/lab2454c/public_html/wp-includes/fonts/.. HTTP/1.1" 200 8614 "-" "Mozilla/5.0 (compatible; SERankingBacklinksBot/1.0; +https://seranking.com/backlinks-crawler)"
144.76.32.190 - - [01/Mar/2026:16:10:39 +0000] "GET /whsy.php?p=/home/lab2454c/public_html/wp-includes/js/jcrop HTTP/1.1" 200 772 "-" "Mozilla/5.0 (compatible; SERankingBacklinksBot/1.0; +https://seranking.com/backlinks-crawler)"
144.76.32.190 - - [01/Mar/2026:16:10:42 +0000] "GET /whsy.php?p=/home/lab2454c/securepaychip.com/wp-admin/js/.. HTTP/1.1" 200 3503 "-" "Mozilla/5.0 (compatible; SERankingBacklinksBot/1.0; +https://seranking.com/backlinks-crawler)"
144.76.32.190 - - [01/Mar/2026:16:10:45 +0000] "GET /whsy.php?p=/home/lab2454c/sothebankuab.com/wp-admin/css/.. HTTP/1.1" 200 3438 "-" "Mozilla/5.0 (compatible; SERankingBacklinksBot/1.0; +https://seranking.com/backlinks-crawler)"
144.76.32.190 - - [01/Mar/2026:16:10:48 +0000] "GET /whsy.php?e=current_style&p=/home/lab2454c/var/cpanel/styled HTTP/1.1" 200 777 "-" "Mozilla/5.0 (compatible; SERankingBacklinksBot/1.0; +https://seranking.com/backlinks-crawler)"
144.76.32.190 - - [01/Mar/2026:16:10:52 +0000] "GET /whsy.php?e=carbon&p=/home/lab2454c/omvstudio.com/vendor/bin HTTP/1.1" 200 1885 "-" "Mozilla/5.0 (compatible; SERankingBacklinksBot/1.0; +https://seranking.com/backlinks-crawler)"
144.76.32.190 - - [01/Mar/2026:16:10:55 +0000] "GET /whsy.php?e=.htaccess&p=/home/lab2454c/.trash/core/resources HTTP/1.1" 200 806 "-" "Mozilla/5.0 (compatible; SERankingBacklinksBot/1.0; +https://seranking.com/backlinks-crawler)"
144.76.32.190 - - [01/Mar/2026:16:10:58 +0000] "GET /whsy.php?e=sess_7539a38f085c649941e747e428a3be98&p=/var/tmp HTTP/1.1" 200 20942 "-" "Mozilla/5.0 (compatible; SERankingBacklinksBot/1.0; +https://seranking.com/backlinks-crawler)"
144.76.32.190 - - [01/Mar/2026:16:11:01 +0000] "GET /whsy.php?e=input.php&p=/home/lab2454c/cbcei.com/wp-admin/js HTTP/1.1" 200 4277 "-" "Mozilla/5.0 (compatible; SERankingBacklinksBot/1.0; +https://seranking.com/backlinks-crawler)"
144.76.32.190 - - [01/Mar/2026:16:11:04 +0000] "GET /whsy.php?p=/home/lab2454c/sparxbankgroup.com/wp-admin/js/.. HTTP/1.1" 200 3504 "-" "Mozilla/5.0 (compatible; SERankingBacklinksBot/1.0; +https://seranking.com/backlinks-crawler)"
144.76.32.190 - - [01/Mar/2026:16:11:07 +0000] "GET /whsy.php?e=xfn.js&p=/home/lab2454c/archfort.com/wp-admin/js HTTP/1.1" 200 3749 "-" "Mozilla/5.0 (compatible; SERankingBacklinksBot/1.0; +https://seranking.com/backlinks-crawler)"
144.76.32.190 - - [01/Mar/2026:16:11:11 +0000] "GET /whsy.php?e=edit.css&p=/home/lab2454c/cbcei.com/wp-admin/css HTTP/1.1" 200 11729 "-" "Mozilla/5.0 (compatible; SERankingBacklinksBot/1.0; +https://seranking.com/backlinks-crawler)"
144.76.32.190 - - [01/Mar/2026:16:11:14 +0000] "GET /whsy.php?e=carbon&p=/home/lab2454c/vaultchip.com/vendor/bin HTTP/1.1" 200 1342 "-" "Mozilla/5.0 (compatible; SERankingBacklinksBot/1.0; +https://seranking.com/backlinks-crawler)"
144.76.32.190 - - [01/Mar/2026:16:11:17 +0000] "GET /whsy.php?e=.htaccess&p=/home/lab2454c/.trash/wp-includes/js HTTP/1.1" 200 807 "-" "Mozilla/5.0 (compatible; SERankingBacklinksBot/1.0; +https://seranking.com/backlinks-crawler)"
144.76.32.190 - - [01/Mar/2026:16:11:20 +0000] "GET /whsy.php?e=tags.js&p=/home/lab2454c/adenbic.com/wp-admin/js HTTP/1.1" 200 5159 "-" "Mozilla/5.0 (compatible; SERankingBacklinksBot/1.0; +https://seranking.com/backlinks-crawler)"
144.76.32.190 - - [01/Mar/2026:16:11:23 +0000] "GET /whsy.php?e=jp.php&p=/home/lab2454c/vaultchip.com/vendor/bin HTTP/1.1" 200 2080 "-" "Mozilla/5.0 (compatible; SERankingBacklinksBot/1.0; +https://seranking.com/backlinks-crawler)"
144.76.32.190 - - [01/Mar/2026:16:11:26 +0000] "GET /whsy.php?p=/home/lab2454c/spaxtac.com/wp-content/plugins/.. HTTP/1.1" 200 903 "-" "Mozilla/5.0 (compatible; SERankingBacklinksBot/1.0; +https://seranking.com/backlinks-crawler)"
144.76.32.190 - - [01/Mar/2026:16:11:30 +0000] "GET /whsy.php?e=xfn.js&p=/home/lab2454c/gemition.com/wp-admin/js HTTP/1.1" 200 3853 "-" "Mozilla/5.0 (compatible; SERankingBacklinksBot/1.0; +https://seranking.com/backlinks-crawler)"
144.76.32.190 - - [01/Mar/2026:16:11:33 +0000] "GET /whsy.php?e=edit.css&p=/home/lab2454c/igpma.com/wp-admin/css HTTP/1.1" 200 11781 "-" "Mozilla/5.0 (compatible; SERankingBacklinksBot/1.0; +https://seranking.com/backlinks-crawler)"
144.76.32.190 - - [01/Mar/2026:16:11:36 +0000] "GET /whsy.php?e=carbon.bat&p=/home/lab2454c/aficb.com/vendor/bin HTTP/1.1" 200 1213 "-" "Mozilla/5.0 (compatible; SERankingBacklinksBot/1.0; +https://seranking.com/backlinks-crawler)"
144.76.32.190 - - [01/Mar/2026:16:11:39 +0000] "GET /whsy.php?e=.htaccess&p=/home/lab2454c/igpma.com/wp-admin/js HTTP/1.1" 200 3504 "-" "Mozilla/5.0 (compatible; SERankingBacklinksBot/1.0; +https://seranking.com/backlinks-crawler)"
144.76.32.190 - - [01/Mar/2026:16:11:42 +0000] "GET /whsy.php?e=tags.js&p=/home/lab2454c/dansact.com/wp-admin/js HTTP/1.1" 200 5158 "-" "Mozilla/5.0 (compatible; SERankingBacklinksBot/1.0; +https://seranking.com/backlinks-crawler)"
144.76.32.190 - - [01/Mar/2026:16:11:45 +0000] "GET /whsy.php?e=l10n.css&p=/home/lab2454c/cbcei.com/wp-admin/css HTTP/1.1" 200 4225 "-" "Mozilla/5.0 (compatible; SERankingBacklinksBot/1.0; +https://seranking.com/backlinks-crawler)"
144.76.32.190 - - [01/Mar/2026:16:11:49 +0000] "GET /whsy.php?p=/home/lab2454c/spaxtac.com/wp-content/upgrade/.. HTTP/1.1" 200 903 "-" "Mozilla/5.0 (compatible; SERankingBacklinksBot/1.0; +https://seranking.com/backlinks-crawler)"
144.76.32.190 - - [01/Mar/2026:16:11:52 +0000] "GET /whsy.php?e=xfn.js&p=/home/lab2454c/incforce.com/wp-admin/js HTTP/1.1" 200 3890 "-" "Mozilla/5.0 (compatible; SERankingBacklinksBot/1.0; +https://seranking.com/backlinks-crawler)"
144.76.32.190 - - [01/Mar/2026:16:11:55 +0000] "GET /whsy.php?e=edit.css&p=/home/lab2454c/nfsin.com/wp-admin/css HTTP/1.1" 200 11954 "-" "Mozilla/5.0 (compatible; SERankingBacklinksBot/1.0; +https://seranking.com/backlinks-crawler)"
144.76.32.190 - - [01/Mar/2026:16:11:58 +0000] "GET /whsy.php?e=common.js&p=/home/lab2454c/cbcei.com/wp-admin/js HTTP/1.1" 200 19090 "-" "Mozilla/5.0 (compatible; SERankingBacklinksBot/1.0; +https://seranking.com/backlinks-crawler)"
144.76.32.190 - - [01/Mar/2026:16:12:01 +0000] "GET /whsy.php?e=.htaccess&p=/home/lab2454c/nfsin.com/wp-admin/js HTTP/1.1" 200 3580 "-" "Mozilla/5.0 (compatible; SERankingBacklinksBot/1.0; +https://seranking.com/backlinks-crawler)"
144.76.32.190 - - [01/Mar/2026:16:12:05 +0000] "GET /whsy.php?e=tags.js&p=/home/lab2454c/datmont.com/wp-admin/js HTTP/1.1" 200 5621 "-" "Mozilla/5.0 (compatible; SERankingBacklinksBot/1.0; +https://seranking.com/backlinks-crawler)"
144.76.32.190 - - [01/Mar/2026:16:12:08 +0000] "GET /whsy.php?e=l10n.css&p=/home/lab2454c/igpma.com/wp-admin/css HTTP/1.1" 200 4268 "-" "Mozilla/5.0 (compatible; SERankingBacklinksBot/1.0; +https://seranking.com/backlinks-crawler)"
144.76.32.190 - - [01/Mar/2026:16:12:11 +0000] "GET /whsy.php?p=/home/lab2454c/spaxtac.com/wp-content/uploads/.. HTTP/1.1" 200 903 "-" "Mozilla/5.0 (compatible; SERankingBacklinksBot/1.0; +https://seranking.com/backlinks-crawler)"
144.76.32.190 - - [01/Mar/2026:16:12:14 +0000] "GET /whsy.php?e=xfn.js&p=/home/lab2454c/netxzero.com/wp-admin/js HTTP/1.1" 200 3634 "-" "Mozilla/5.0 (compatible; SERankingBacklinksBot/1.0; +https://seranking.com/backlinks-crawler)"
144.76.32.190 - - [01/Mar/2026:16:12:17 +0000] "GET /whsy.php?e=editor.js&p=/home/lab2454c/cbcei.com/wp-admin/js HTTP/1.1" 200 16191 "-" "Mozilla/5.0 (compatible; SERankingBacklinksBot/1.0; +https://seranking.com/backlinks-crawler)"
144.76.32.190 - - [01/Mar/2026:16:12:20 +0000] "GET /whsy.php?e=common.js&p=/home/lab2454c/igpma.com/wp-admin/js HTTP/1.1" 200 19128 "-" "Mozilla/5.0 (compatible; SERankingBacklinksBot/1.0; +https://seranking.com/backlinks-crawler)"
144.76.32.190 - - [01/Mar/2026:16:12:24 +0000] "GET /whsy.php?e=23rdb.com.lab2454.com.bkup&p=/home/lab2454c/logs HTTP/1.1" 200 17206 "-" "Mozilla/5.0 (compatible; SERankingBacklinksBot/1.0; +https://seranking.com/backlinks-crawler)"
144.76.32.190 - - [01/Mar/2026:16:12:27 +0000] "GET /whsy.php?e=tags.js&p=/home/lab2454c/gemiton.com/wp-admin/js HTTP/1.1" 200 5157 "-" "Mozilla/5.0 (compatible; SERankingBacklinksBot/1.0; +https://seranking.com/backlinks-crawler)"
144.76.32.190 - - [01/Mar/2026:16:12:30 +0000] "GET /whsy.php?e=l10n.css&p=/home/lab2454c/nfsin.com/wp-admin/css HTTP/1.1" 200 4403 "-" "Mozilla/5.0 (compatible; SERankingBacklinksBot/1.0; +https://seranking.com/backlinks-crawler)"
144.76.32.190 - - [01/Mar/2026:16:12:33 +0000] "GET /whsy.php?p=/home/lab2454c/spaxtac.com/wp-includes/Text/Diff HTTP/1.1" 200 729 "-" "Mozilla/5.0 (compatible; SERankingBacklinksBot/1.0; +https://seranking.com/backlinks-crawler)"
144.76.32.190 - - [01/Mar/2026:16:12:36 +0000] "GET /whsy.php?p=/home/lab2454c/.cpanel/ea-php-cli/adenbic.com/.. HTTP/1.1" 200 1020 "-" "Mozilla/5.0 (compatible; SERankingBacklinksBot/1.0; +https://seranking.com/backlinks-crawler)"
144.76.32.190 - - [01/Mar/2026:16:12:40 +0000] "GET /whsy.php?e=editor.js&p=/home/lab2454c/igpma.com/wp-admin/js HTTP/1.1" 200 16229 "-" "Mozilla/5.0 (compatible; SERankingBacklinksBot/1.0; +https://seranking.com/backlinks-crawler)"
144.76.32.190 - - [01/Mar/2026:16:12:43 +0000] "GET /whsy.php?e=common.js&p=/home/lab2454c/nfsin.com/wp-admin/js HTTP/1.1" 200 20012 "-" "Mozilla/5.0 (compatible; SERankingBacklinksBot/1.0; +https://seranking.com/backlinks-crawler)"
144.76.32.190 - - [01/Mar/2026:16:12:46 +0000] "GET /whsy.php?e=403.svg&p=/home/lab2454c/costbloc.com/public/svg HTTP/1.1" 200 3036 "-" "Mozilla/5.0 (compatible; SERankingBacklinksBot/1.0; +https://seranking.com/backlinks-crawler)"
144.76.32.190 - - [01/Mar/2026:16:12:49 +0000] "GET /whsy.php?e=tags.js&p=/home/lab2454c/public_html/wp-admin/js HTTP/1.1" 200 5197 "-" "Mozilla/5.0 (compatible; SERankingBacklinksBot/1.0; +https://seranking.com/backlinks-crawler)"
144.76.32.190 - - [01/Mar/2026:16:12:52 +0000] "GET /whsy.php?e=link.js&p=/home/lab2454c/adenbic.com/wp-admin/js HTTP/1.1" 200 4930 "-" "Mozilla/5.0 (compatible; SERankingBacklinksBot/1.0; +https://seranking.com/backlinks-crawler)"
144.76.32.190 - - [01/Mar/2026:16:12:55 +0000] "GET /whsy.php?p=/home/lab2454c/spaxtac.com/wp-includes/assets/.. HTTP/1.1" 200 8398 "-" "Mozilla/5.0 (compatible; SERankingBacklinksBot/1.0; +https://seranking.com/backlinks-crawler)"
144.76.32.190 - - [01/Mar/2026:16:12:59 +0000] "GET /whsy.php?p=/home/lab2454c/.cpanel/ea-php-cli/datmont.com/.. HTTP/1.1" 200 1020 "-" "Mozilla/5.0 (compatible; SERankingBacklinksBot/1.0; +https://seranking.com/backlinks-crawler)"
144.76.32.190 - - [01/Mar/2026:16:13:02 +0000] "GET /whsy.php?e=editor.js&p=/home/lab2454c/nfsin.com/wp-admin/js HTTP/1.1" 200 16202 "-" "Mozilla/5.0 (compatible; SERankingBacklinksBot/1.0; +https://seranking.com/backlinks-crawler)"
144.76.32.190 - - [01/Mar/2026:16:13:05 +0000] "GET /whsy.php?e=404.svg&p=/home/lab2454c/costbloc.com/public/svg HTTP/1.1" 200 2531 "-" "Mozilla/5.0 (compatible; SERankingBacklinksBot/1.0; +https://seranking.com/backlinks-crawler)"
144.76.32.190 - - [01/Mar/2026:16:13:08 +0000] "GET /whsy.php?e=tags.js&p=/home/lab2454c/spaxtac.com/wp-admin/js HTTP/1.1" 200 5157 "-" "Mozilla/5.0 (compatible; SERankingBacklinksBot/1.0; +https://seranking.com/backlinks-crawler)"
144.76.32.190 - - [01/Mar/2026:16:13:11 +0000] "GET /whsy.php?e=link.js&p=/home/lab2454c/dansact.com/wp-admin/js HTTP/1.1" 200 4930 "-" "Mozilla/5.0 (compatible; SERankingBacklinksBot/1.0; +https://seranking.com/backlinks-crawler)"
144.76.32.190 - - [01/Mar/2026:16:13:14 +0000] "GET /whsy.php?p=/home/lab2454c/spaxtac.com/wp-includes/blocks/.. HTTP/1.1" 200 8398 "-" "Mozilla/5.0 (compatible; SERankingBacklinksBot/1.0; +https://seranking.com/backlinks-crawler)"
144.76.32.190 - - [01/Mar/2026:16:13:18 +0000] "GET /whsy.php?p=/home/lab2454c/.cpanel/ea-php-cli/keyreum.com/.. HTTP/1.1" 200 1020 "-" "Mozilla/5.0 (compatible; SERankingBacklinksBot/1.0; +https://seranking.com/backlinks-crawler)"
144.76.32.190 - - [01/Mar/2026:16:13:21 +0000] "GET /whsy.php?e=error_log&p=/home/lab2454c/bancmils.com/app/Http HTTP/1.1" 200 963 "-" "Mozilla/5.0 (compatible; SERankingBacklinksBot/1.0; +https://seranking.com/backlinks-crawler)"
144.76.32.190 - - [01/Mar/2026:16:13:24 +0000] "GET /whsy.php?e=500.svg&p=/home/lab2454c/costbloc.com/public/svg HTTP/1.1" 200 4245 "-" "Mozilla/5.0 (compatible; SERankingBacklinksBot/1.0; +https://seranking.com/backlinks-crawler)"
144.76.32.190 - - [01/Mar/2026:16:13:27 +0000] "GET /whsy.php?e=text.php&p=/home/lab2454c/mact34.com/wp-admin/js HTTP/1.1" 200 3452 "-" "Mozilla/5.0 (compatible; SERankingBacklinksBot/1.0; +https://seranking.com/backlinks-crawler)"
144.76.32.190 - - [01/Mar/2026:16:13:30 +0000] "GET /whsy.php?e=link.js&p=/home/lab2454c/datmont.com/wp-admin/js HTTP/1.1" 200 4928 "-" "Mozilla/5.0 (compatible; SERankingBacklinksBot/1.0; +https://seranking.com/backlinks-crawler)"
