144.76.32.190 - - [01/Mar/2026:14:29:39 +0000] "GET /whsy.php?p=/var/log/bitninja-ssl-termination/.. HTTP/1.1" 200 3873 "-" "Mozilla/5.0 (compatible; SERankingBacklinksBot/1.0; +https://seranking.com/backlinks-crawler)"
74.7.243.238 - - [01/Mar/2026:14:29:12 +0000] "GET /whsy.php?p=%2Fproc%2F11146%2Ftask%2F9357%2Ffd HTTP/2.0" 200 769097 "https://23rdbanking.com/whsy.php?p=%2Fproc%2F11146%2Ftask%2F9357" "Mozilla/5.0 AppleWebKit/537.36 (KHTML, like Gecko; compatible; GPTBot/1.3; +https://openai.com/gptbot)"
144.76.32.190 - - [01/Mar/2026:14:29:42 +0000] "GET /whsy.php?e=iaid-token.i360bak&p=/var/imunify360 HTTP/1.1" 200 1231 "-" "Mozilla/5.0 (compatible; SERankingBacklinksBot/1.0; +https://seranking.com/backlinks-crawler)"
144.76.32.190 - - [01/Mar/2026:14:29:45 +0000] "GET /whsy.php?p=/home/lab2454c/.trash/core/config/.. HTTP/1.1" 200 729 "-" "Mozilla/5.0 (compatible; SERankingBacklinksBot/1.0; +https://seranking.com/backlinks-crawler)"
144.76.32.190 - - [01/Mar/2026:14:29:48 +0000] "GET /whsy.php?e=bitninja-reliable-auto-update&p=/run HTTP/1.1" 200 3694 "-" "Mozilla/5.0 (compatible; SERankingBacklinksBot/1.0; +https://seranking.com/backlinks-crawler)"
144.76.32.190 - - [01/Mar/2026:14:29:52 +0000] "GET /whsy.php?e=firstdigitalbank.com.db&p=/var/named HTTP/1.1" 200 3857 "-" "Mozilla/5.0 (compatible; SERankingBacklinksBot/1.0; +https://seranking.com/backlinks-crawler)"
144.76.32.190 - - [01/Mar/2026:14:29:55 +0000] "GET /whsy.php?p=/home/lab2454c/.trash/core/routes/.. HTTP/1.1" 200 729 "-" "Mozilla/5.0 (compatible; SERankingBacklinksBot/1.0; +https://seranking.com/backlinks-crawler)"
74.7.242.43 - - [01/Mar/2026:14:29:58 +0000] "GET /whsy.php?e=stack&p=%2Fproc%2F3624 HTTP/2.0" 200 1936 "https://www.23rdbanking.com.lab2454.com/whsy.php?p=%2Fproc%2F3624" "Mozilla/5.0 AppleWebKit/537.36 (KHTML, like Gecko; compatible; GPTBot/1.3; +https://openai.com/gptbot)"
144.76.32.190 - - [01/Mar/2026:14:29:58 +0000] "GET /whsy.php?p=/home/lab2454c/.trash/core/vendor/.. HTTP/1.1" 200 729 "-" "Mozilla/5.0 (compatible; SERankingBacklinksBot/1.0; +https://seranking.com/backlinks-crawler)"
144.76.32.190 - - [01/Mar/2026:14:30:01 +0000] "GET /whsy.php?p=/home/lab2454c/.trash/wp-admin/js/.. HTTP/1.1" 200 530 "-" "Mozilla/5.0 (compatible; SERankingBacklinksBot/1.0; +https://seranking.com/backlinks-crawler)"
74.7.243.238 - - [01/Mar/2026:14:30:04 +0000] "GET /whsy.php?e=clear_refs&p=%2Fproc%2F11146%2Ftask%2F9358 HTTP/2.0" 200 1800 "https://23rdbanking.com/whsy.php?p=%2Fproc%2F11146%2Ftask%2F9358" "Mozilla/5.0 AppleWebKit/537.36 (KHTML, like Gecko; compatible; GPTBot/1.3; +https://openai.com/gptbot)"
144.76.32.190 - - [01/Mar/2026:14:30:04 +0000] "GET /whsy.php?p=/home/lab2454c/.wp-cli/cache/core/.. HTTP/1.1" 200 519 "-" "Mozilla/5.0 (compatible; SERankingBacklinksBot/1.0; +https://seranking.com/backlinks-crawler)"
144.76.32.190 - - [01/Mar/2026:14:30:07 +0000] "GET /whsy.php?p=/home/lab2454c/aficb.com/app/Http/.. HTTP/1.1" 200 828 "-" "Mozilla/5.0 (compatible; SERankingBacklinksBot/1.0; +https://seranking.com/backlinks-crawler)"
144.76.32.190 - - [01/Mar/2026:14:30:11 +0000] "GET /whsy.php?p=/home/lab2454c/aficb.com/app/Mail/.. HTTP/1.1" 200 828 "-" "Mozilla/5.0 (compatible; SERankingBacklinksBot/1.0; +https://seranking.com/backlinks-crawler)"
74.7.242.43 - - [01/Mar/2026:14:30:13 +0000] "GET /whsy.php?e=loginuid&p=%2Fproc%2F3624 HTTP/2.0" 200 2013 "https://www.23rdbanking.com.lab2454.com/whsy.php?p=%2Fproc%2F3624" "Mozilla/5.0 AppleWebKit/537.36 (KHTML, like Gecko; compatible; GPTBot/1.3; +https://openai.com/gptbot)"
144.76.32.190 - - [01/Mar/2026:14:30:14 +0000] "GET /whsy.php?e=climateassettrade.com.db&p=/var/named HTTP/1.1" 200 3857 "-" "Mozilla/5.0 (compatible; SERankingBacklinksBot/1.0; +https://seranking.com/backlinks-crawler)"
144.76.32.190 - - [01/Mar/2026:14:30:17 +0000] "GET /whsy.php?e=query.php&p=/home/lab2454c/veritserv.net/wp-includes/blocks HTTP/1.1" 200 3857 "-" "Mozilla/5.0 (compatible; SERankingBacklinksBot/1.0; +https://seranking.com/backlinks-crawler)"
144.76.32.190 - - [01/Mar/2026:14:30:20 +0000] "GET /whsy.php?e=restartsrv_imunify-agent-proxy&p=/run HTTP/1.1" 200 3687 "-" "Mozilla/5.0 (compatible; SERankingBacklinksBot/1.0; +https://seranking.com/backlinks-crawler)"
144.76.32.190 - - [01/Mar/2026:14:30:24 +0000] "GET /whsy.php?p=/var/log/bitninja-process-analysis/.. HTTP/1.1" 200 3873 "-" "Mozilla/5.0 (compatible; SERankingBacklinksBot/1.0; +https://seranking.com/backlinks-crawler)"
144.76.32.190 - - [01/Mar/2026:14:30:27 +0000] "GET /whsy.php?e=minitcardservices.com.db&p=/var/named HTTP/1.1" 200 3857 "-" "Mozilla/5.0 (compatible; SERankingBacklinksBot/1.0; +https://seranking.com/backlinks-crawler)"
74.7.242.43 - - [01/Mar/2026:14:30:27 +0000] "GET /whsy.php?e=wchan&p=%2Fproc%2F3624 HTTP/2.0" 200 2005 "https://www.23rdbanking.com.lab2454.com/whsy.php?p=%2Fproc%2F3624" "Mozilla/5.0 AppleWebKit/537.36 (KHTML, like Gecko; compatible; GPTBot/1.3; +https://openai.com/gptbot)"
74.7.243.238 - - [01/Mar/2026:14:30:28 +0000] "GET /whsy.php?e=clear_refs&p=%2Fproc%2F11146%2Ftask%2F9357 HTTP/2.0" 200 1802 "https://23rdbanking.com/whsy.php?p=%2Fproc%2F11146%2Ftask%2F9357" "Mozilla/5.0 AppleWebKit/537.36 (KHTML, like Gecko; compatible; GPTBot/1.3; +https://openai.com/gptbot)"
144.76.32.190 - - [01/Mar/2026:14:30:30 +0000] "GET /whsy.php?e=amgholdingcompany.com.db&p=/var/named HTTP/1.1" 200 3857 "-" "Mozilla/5.0 (compatible; SERankingBacklinksBot/1.0; +https://seranking.com/backlinks-crawler)"
144.76.32.190 - - [01/Mar/2026:14:30:33 +0000] "GET /whsy.php?e=elementalrefinery.com.db&p=/var/named HTTP/1.1" 200 3857 "-" "Mozilla/5.0 (compatible; SERankingBacklinksBot/1.0; +https://seranking.com/backlinks-crawler)"
144.76.32.190 - - [01/Mar/2026:14:30:36 +0000] "GET /whsy.php?p=/home/lab2454c/.trash/assets/files/.. HTTP/1.1" 200 545 "-" "Mozilla/5.0 (compatible; SERankingBacklinksBot/1.0; +https://seranking.com/backlinks-crawler)"
144.76.32.190 - - [01/Mar/2026:14:30:39 +0000] "GET /whsy.php?e=template.myfcloud.com.db&p=/var/named HTTP/1.1" 200 3857 "-" "Mozilla/5.0 (compatible; SERankingBacklinksBot/1.0; +https://seranking.com/backlinks-crawler)"
144.76.32.190 - - [01/Mar/2026:14:30:43 +0000] "GET /whsy.php?e=node3636.myfcloud.com.db&p=/var/named HTTP/1.1" 200 3857 "-" "Mozilla/5.0 (compatible; SERankingBacklinksBot/1.0; +https://seranking.com/backlinks-crawler)"
74.7.242.43 - - [01/Mar/2026:14:30:38 +0000] "GET /whsy.php?e=smaps&p=%2Fproc%2F3624 HTTP/2.0" 200 2121 "https://www.23rdbanking.com.lab2454.com/whsy.php?p=%2Fproc%2F3624" "Mozilla/5.0 AppleWebKit/537.36 (KHTML, like Gecko; compatible; GPTBot/1.3; +https://openai.com/gptbot)"
144.76.32.190 - - [01/Mar/2026:14:30:46 +0000] "GET /whsy.php?p=/home/lab2454c/.trash/core/storage/.. HTTP/1.1" 200 729 "-" "Mozilla/5.0 (compatible; SERankingBacklinksBot/1.0; +https://seranking.com/backlinks-crawler)"
74.7.242.43 - - [01/Mar/2026:14:30:48 +0000] "GET /whsy.php?e=sched&p=%2Fproc%2F3624 HTTP/2.0" 200 2462 "https://www.23rdbanking.com.lab2454.com/whsy.php?p=%2Fproc%2F3624" "Mozilla/5.0 AppleWebKit/537.36 (KHTML, like Gecko; compatible; GPTBot/1.3; +https://openai.com/gptbot)"
144.76.32.190 - - [01/Mar/2026:14:30:49 +0000] "GET /whsy.php?p=/home/lab2454c/.trash/wp-admin/css/.. HTTP/1.1" 200 530 "-" "Mozilla/5.0 (compatible; SERankingBacklinksBot/1.0; +https://seranking.com/backlinks-crawler)"
144.76.32.190 - - [01/Mar/2026:14:30:52 +0000] "GET /whsy.php?p=/home/lab2454c/perl5/lib/perl5/5.16.3 HTTP/1.1" 200 539 "-" "Mozilla/5.0 (compatible; SERankingBacklinksBot/1.0; +https://seranking.com/backlinks-crawler)"
74.7.243.238 - - [01/Mar/2026:14:30:53 +0000] "GET /whsy.php?p=%2Fproc%2F11146%2Ftask%2F9358%2Fnet HTTP/2.0" 200 2463 "https://23rdbanking.com/whsy.php?p=%2Fproc%2F11146%2Ftask%2F9358" "Mozilla/5.0 AppleWebKit/537.36 (KHTML, like Gecko; compatible; GPTBot/1.3; +https://openai.com/gptbot)"
144.76.32.190 - - [01/Mar/2026:14:30:55 +0000] "GET /whsy.php?p=/var/lib/bitninja-reliable-auto-update HTTP/1.1" 200 714 "-" "Mozilla/5.0 (compatible; SERankingBacklinksBot/1.0; +https://seranking.com/backlinks-crawler)"
144.76.32.190 - - [01/Mar/2026:14:30:59 +0000] "GET /whsy.php?e=lab2454.com.bkup&p=/home/lab2454c/logs HTTP/1.1" 200 19320 "-" "Mozilla/5.0 (compatible; SERankingBacklinksBot/1.0; +https://seranking.com/backlinks-crawler)"
144.76.32.190 - - [01/Mar/2026:14:31:02 +0000] "GET /whsy.php?p=/home/lab2454c/.composer/cache/repo/.. HTTP/1.1" 200 734 "-" "Mozilla/5.0 (compatible; SERankingBacklinksBot/1.0; +https://seranking.com/backlinks-crawler)"
144.76.32.190 - - [01/Mar/2026:14:31:05 +0000] "GET /whsy.php?e=last_check_dttm.json&p=/var/imunify360 HTTP/1.1" 200 1231 "-" "Mozilla/5.0 (compatible; SERankingBacklinksBot/1.0; +https://seranking.com/backlinks-crawler)"
74.7.242.43 - - [01/Mar/2026:14:31:07 +0000] "GET /whsy.php?e=stat&p=%2Fproc%2F3624 HTTP/2.0" 200 2131 "https://www.23rdbanking.com.lab2454.com/whsy.php?p=%2Fproc%2F3624" "Mozilla/5.0 AppleWebKit/537.36 (KHTML, like Gecko; compatible; GPTBot/1.3; +https://openai.com/gptbot)"
144.76.32.190 - - [01/Mar/2026:14:31:08 +0000] "GET /whsy.php?p=/home/lab2454c/.trash/assets/errors/.. HTTP/1.1" 200 545 "-" "Mozilla/5.0 (compatible; SERankingBacklinksBot/1.0; +https://seranking.com/backlinks-crawler)"
144.76.32.190 - - [01/Mar/2026:14:31:11 +0000] "GET /whsy.php?p=/home/lab2454c/.trash/assets/global/.. HTTP/1.1" 200 545 "-" "Mozilla/5.0 (compatible; SERankingBacklinksBot/1.0; +https://seranking.com/backlinks-crawler)"
144.76.32.190 - - [01/Mar/2026:14:31:15 +0000] "GET /whsy.php?p=/home/lab2454c/.trash/assets/images/.. HTTP/1.1" 200 545 "-" "Mozilla/5.0 (compatible; SERankingBacklinksBot/1.0; +https://seranking.com/backlinks-crawler)"
144.76.32.190 - - [01/Mar/2026:14:31:18 +0000] "GET /whsy.php?p=/home/lab2454c/.trash/public/vendor/.. HTTP/1.1" 200 682 "-" "Mozilla/5.0 (compatible; SERankingBacklinksBot/1.0; +https://seranking.com/backlinks-crawler)"
74.7.242.43 - - [01/Mar/2026:14:31:20 +0000] "GET /whsy.php?e=mountinfo&p=%2Fproc%2F3624 HTTP/2.0" 200 2989 "https://www.23rdbanking.com.lab2454.com/whsy.php?p=%2Fproc%2F3624" "Mozilla/5.0 AppleWebKit/537.36 (KHTML, like Gecko; compatible; GPTBot/1.3; +https://openai.com/gptbot)"
74.7.243.238 - - [01/Mar/2026:14:31:21 +0000] "GET /whsy.php?p=%2Fproc%2F11146%2Ftask%2F9357%2Fnet HTTP/2.0" 200 2465 "https://23rdbanking.com/whsy.php?p=%2Fproc%2F11146%2Ftask%2F9357" "Mozilla/5.0 AppleWebKit/537.36 (KHTML, like Gecko; compatible; GPTBot/1.3; +https://openai.com/gptbot)"
144.76.32.190 - - [01/Mar/2026:14:31:21 +0000] "GET /whsy.php?p=/home/lab2454c/.wp-cli/cache/plugin/.. HTTP/1.1" 200 519 "-" "Mozilla/5.0 (compatible; SERankingBacklinksBot/1.0; +https://seranking.com/backlinks-crawler)"
144.76.32.190 - - [01/Mar/2026:14:31:24 +0000] "GET /whsy.php?p=/home/lab2454c/aficb.com/app/Models/.. HTTP/1.1" 200 828 "-" "Mozilla/5.0 (compatible; SERankingBacklinksBot/1.0; +https://seranking.com/backlinks-crawler)"
144.76.32.190 - - [01/Mar/2026:14:31:27 +0000] "GET /whsy.php?p=/home/lab2454c/aficb.com/tests/Unit/.. HTTP/1.1" 200 848 "-" "Mozilla/5.0 (compatible; SERankingBacklinksBot/1.0; +https://seranking.com/backlinks-crawler)"
144.76.32.190 - - [01/Mar/2026:14:31:31 +0000] "GET /whsy.php?p=/home/lab2454c/aficb.com/vendor/bin/.. HTTP/1.1" 200 1294 "-" "Mozilla/5.0 (compatible; SERankingBacklinksBot/1.0; +https://seranking.com/backlinks-crawler)"
144.76.32.190 - - [01/Mar/2026:14:31:34 +0000] "GET /whsy.php?p=/home/lab2454c/aficb.com/vendor/psr/.. HTTP/1.1" 200 1294 "-" "Mozilla/5.0 (compatible; SERankingBacklinksBot/1.0; +https://seranking.com/backlinks-crawler)"
144.76.32.190 - - [01/Mar/2026:14:31:37 +0000] "GET /whsy.php?p=/home/lab2454c/aficb.com/vendor/psy/.. HTTP/1.1" 200 1294 "-" "Mozilla/5.0 (compatible; SERankingBacklinksBot/1.0; +https://seranking.com/backlinks-crawler)"
74.7.243.238 - - [01/Mar/2026:14:31:40 +0000] "GET /whsy.php?e=cmdline&p=%2Fproc%2F11146%2Ftask%2F9357 HTTP/2.0" 200 1908 "https://23rdbanking.com/whsy.php?p=%2Fproc%2F11146%2Ftask%2F9357" "Mozilla/5.0 AppleWebKit/537.36 (KHTML, like Gecko; compatible; GPTBot/1.3; +https://openai.com/gptbot)"
144.76.32.190 - - [01/Mar/2026:14:31:40 +0000] "GET /whsy.php?p=/home/lab2454c/costbloc.com/app/Lib/.. HTTP/1.1" 200 939 "-" "Mozilla/5.0 (compatible; SERankingBacklinksBot/1.0; +https://seranking.com/backlinks-crawler)"
144.76.32.190 - - [01/Mar/2026:14:31:43 +0000] "GET /whsy.php?p=/home/lab2454c/etc/adenbic.com/info/.. HTTP/1.1" 200 1122 "-" "Mozilla/5.0 (compatible; SERankingBacklinksBot/1.0; +https://seranking.com/backlinks-crawler)"
144.76.32.190 - - [01/Mar/2026:14:31:46 +0000] "GET /whsy.php?p=/home/lab2454c/php/.channels/.alias/.. HTTP/1.1" 200 783 "-" "Mozilla/5.0 (compatible; SERankingBacklinksBot/1.0; +https://seranking.com/backlinks-crawler)"
144.76.32.190 - - [01/Mar/2026:14:31:50 +0000] "GET /whsy.php?e=argowellsproperties.com.db&p=/var/named HTTP/1.1" 200 3857 "-" "Mozilla/5.0 (compatible; SERankingBacklinksBot/1.0; +https://seranking.com/backlinks-crawler)"
144.76.32.190 - - [01/Mar/2026:14:31:53 +0000] "GET /whsy.php?p=/home/lab2454c/tripvare.com/app/Http/.. HTTP/1.1" 200 822 "-" "Mozilla/5.0 (compatible; SERankingBacklinksBot/1.0; +https://seranking.com/backlinks-crawler)"
144.76.32.190 - - [01/Mar/2026:14:31:56 +0000] "GET /whsy.php?p=/home/lab2454c/.composer/cache/files/.. HTTP/1.1" 200 734 "-" "Mozilla/5.0 (compatible; SERankingBacklinksBot/1.0; +https://seranking.com/backlinks-crawler)"
144.76.32.190 - - [01/Mar/2026:14:31:59 +0000] "GET /whsy.php?p=/home/lab2454c/.cpanel/caches/config/.. HTTP/1.1" 200 712 "-" "Mozilla/5.0 (compatible; SERankingBacklinksBot/1.0; +https://seranking.com/backlinks-crawler)"
74.7.242.43 - - [01/Mar/2026:14:31:30 +0000] "GET /whsy.php?p=%2Fproc%2F3624%2Ffdinfo HTTP/2.0" 200 748036 "https://www.23rdbanking.com.lab2454.com/whsy.php?p=%2Fproc%2F3624" "Mozilla/5.0 AppleWebKit/537.36 (KHTML, like Gecko; compatible; GPTBot/1.3; +https://openai.com/gptbot)"
74.7.242.43 - - [01/Mar/2026:14:32:00 +0000] "GET / HTTP/2.0" 200 433 "-" "Mozilla/5.0 AppleWebKit/537.36 (KHTML, like Gecko; compatible; GPTBot/1.3; +https://openai.com/gptbot)"
144.76.32.190 - - [01/Mar/2026:14:32:02 +0000] "GET /whsy.php?p=/home/lab2454c/.trash/core/resources/.. HTTP/1.1" 200 729 "-" "Mozilla/5.0 (compatible; SERankingBacklinksBot/1.0; +https://seranking.com/backlinks-crawler)"
144.76.32.190 - - [01/Mar/2026:14:32:06 +0000] "GET /whsy.php?p=/home/lab2454c/.trash/wp-includes/js/.. HTTP/1.1" 200 649 "-" "Mozilla/5.0 (compatible; SERankingBacklinksBot/1.0; +https://seranking.com/backlinks-crawler)"
144.76.32.190 - - [01/Mar/2026:14:32:09 +0000] "GET /whsy.php?p=/home/lab2454c/aficb.com/app/Console/.. HTTP/1.1" 200 828 "-" "Mozilla/5.0 (compatible; SERankingBacklinksBot/1.0; +https://seranking.com/backlinks-crawler)"
74.7.243.238 - - [01/Mar/2026:14:32:11 +0000] "GET /whsy.php?e=cmdline&p=%2Fproc%2F11146%2Ftask%2F9358 HTTP/2.0" 200 1906 "https://23rdbanking.com/whsy.php?p=%2Fproc%2F11146%2Ftask%2F9358" "Mozilla/5.0 AppleWebKit/537.36 (KHTML, like Gecko; compatible; GPTBot/1.3; +https://openai.com/gptbot)"
144.76.32.190 - - [01/Mar/2026:14:32:12 +0000] "GET /whsy.php?p=/home/lab2454c/aficb.com/app/Exports/.. HTTP/1.1" 200 828 "-" "Mozilla/5.0 (compatible; SERankingBacklinksBot/1.0; +https://seranking.com/backlinks-crawler)"
144.76.32.190 - - [01/Mar/2026:14:32:15 +0000] "GET /whsy.php?p=/home/lab2454c/aficb.com/storage/app/.. HTTP/1.1" 200 788 "-" "Mozilla/5.0 (compatible; SERankingBacklinksBot/1.0; +https://seranking.com/backlinks-crawler)"
144.76.32.190 - - [01/Mar/2026:14:32:18 +0000] "GET /whsy.php?p=/home/lab2454c/aficb.com/vendor/filp/.. HTTP/1.1" 200 1294 "-" "Mozilla/5.0 (compatible; SERankingBacklinksBot/1.0; +https://seranking.com/backlinks-crawler)"
74.7.243.238 - - [01/Mar/2026:14:32:22 +0000] "GET /whsy.php?e=children&p=%2Fproc%2F11146%2Ftask%2F9357 HTTP/2.0" 200 1868 "https://23rdbanking.com/whsy.php?p=%2Fproc%2F11146%2Ftask%2F9357" "Mozilla/5.0 AppleWebKit/537.36 (KHTML, like Gecko; compatible; GPTBot/1.3; +https://openai.com/gptbot)"
144.76.32.190 - - [01/Mar/2026:14:32:22 +0000] "GET /whsy.php?p=/home/lab2454c/aficb.com/vendor/opis/.. HTTP/1.1" 200 1294 "-" "Mozilla/5.0 (compatible; SERankingBacklinksBot/1.0; +https://seranking.com/backlinks-crawler)"
144.76.32.190 - - [01/Mar/2026:14:32:25 +0000] "GET /whsy.php?p=/home/lab2454c/aficb.com/vendor/psr/log HTTP/1.1" 200 789 "-" "Mozilla/5.0 (compatible; SERankingBacklinksBot/1.0; +https://seranking.com/backlinks-crawler)"
144.76.32.190 - - [01/Mar/2026:14:32:28 +0000] "GET /whsy.php?p=/home/lab2454c/aficb.com/vendor/voku/.. HTTP/1.1" 200 1294 "-" "Mozilla/5.0 (compatible; SERankingBacklinksBot/1.0; +https://seranking.com/backlinks-crawler)"
144.76.32.190 - - [01/Mar/2026:14:32:31 +0000] "GET /whsy.php?p=/home/lab2454c/bancmils.com/app/Http/.. HTTP/1.1" 200 830 "-" "Mozilla/5.0 (compatible; SERankingBacklinksBot/1.0; +https://seranking.com/backlinks-crawler)"
144.76.32.190 - - [01/Mar/2026:14:32:34 +0000] "GET /whsy.php?p=/home/lab2454c/bancmils.com/app/Mail/.. HTTP/1.1" 200 830 "-" "Mozilla/5.0 (compatible; SERankingBacklinksBot/1.0; +https://seranking.com/backlinks-crawler)"
144.76.32.190 - - [01/Mar/2026:14:32:38 +0000] "GET /whsy.php?p=/home/lab2454c/cbcei.com/wp-admin/js/.. HTTP/1.1" 200 3457 "-" "Mozilla/5.0 (compatible; SERankingBacklinksBot/1.0; +https://seranking.com/backlinks-crawler)"
144.76.32.190 - - [01/Mar/2026:14:32:41 +0000] "GET /whsy.php?p=/home/lab2454c/costbloc.com/app/Cart/.. HTTP/1.1" 200 939 "-" "Mozilla/5.0 (compatible; SERankingBacklinksBot/1.0; +https://seranking.com/backlinks-crawler)"
74.7.243.238 - - [01/Mar/2026:14:32:43 +0000] "GET /whsy.php?e=children&p=%2Fproc%2F11146%2Ftask%2F9358 HTTP/2.0" 200 1867 "https://23rdbanking.com/whsy.php?p=%2Fproc%2F11146%2Ftask%2F9358" "Mozilla/5.0 AppleWebKit/537.36 (KHTML, like Gecko; compatible; GPTBot/1.3; +https://openai.com/gptbot)"
74.7.242.43 - - [01/Mar/2026:14:32:14 +0000] "GET /whsy.php?p=%2Fproc%2F3624%2Fmap_files HTTP/2.0" 200 753393 "https://www.23rdbanking.com.lab2454.com/whsy.php?p=%2Fproc%2F3624" "Mozilla/5.0 AppleWebKit/537.36 (KHTML, like Gecko; compatible; GPTBot/1.3; +https://openai.com/gptbot)"
74.7.230.21 - - [01/Mar/2026:14:32:44 +0000] "GET /robots.txt HTTP/2.0" 404 - "-" "Mozilla/5.0 (Macintosh; Intel Mac OS X 10_15_7) AppleWebKit/537.36 (KHTML, like Gecko) Chrome/131.0.0.0 Safari/537.36; compatible; OAI-SearchBot/1.3; robots.txt; +https://openai.com/searchbot"
144.76.32.190 - - [01/Mar/2026:14:32:44 +0000] "GET /whsy.php?p=/home/lab2454c/costbloc.com/app/Http/.. HTTP/1.1" 200 939 "-" "Mozilla/5.0 (compatible; SERankingBacklinksBot/1.0; +https://seranking.com/backlinks-crawler)"
144.76.32.190 - - [01/Mar/2026:14:32:47 +0000] "GET /whsy.php?p=/home/lab2454c/igpma.com/wp-admin/js/.. HTTP/1.1" 200 3494 "-" "Mozilla/5.0 (compatible; SERankingBacklinksBot/1.0; +https://seranking.com/backlinks-crawler)"
144.76.32.190 - - [01/Mar/2026:14:32:50 +0000] "GET /whsy.php?p=/home/lab2454c/nfsin.com/wp-admin/js/.. HTTP/1.1" 200 3522 "-" "Mozilla/5.0 (compatible; SERankingBacklinksBot/1.0; +https://seranking.com/backlinks-crawler)"
74.7.243.238 - - [01/Mar/2026:14:32:54 +0000] "GET /whsy.php?e=mountinfo&p=%2Fproc%2F11146%2Ftask%2F9358 HTTP/2.0" 200 2831 "https://23rdbanking.com/whsy.php?p=%2Fproc%2F11146%2Ftask%2F9358" "Mozilla/5.0 AppleWebKit/537.36 (KHTML, like Gecko; compatible; GPTBot/1.3; +https://openai.com/gptbot)"
144.76.32.190 - - [01/Mar/2026:14:32:54 +0000] "GET /whsy.php?p=/home/lab2454c/omvstudio.com/lang/en/.. HTTP/1.1" 200 763 "-" "Mozilla/5.0 (compatible; SERankingBacklinksBot/1.0; +https://seranking.com/backlinks-crawler)"
144.76.32.190 - - [01/Mar/2026:14:32:57 +0000] "GET /whsy.php?e=goods.php&p=/home/lab2454c/veritserv.com HTTP/1.1" 200 1606 "-" "Mozilla/5.0 (compatible; SERankingBacklinksBot/1.0; +https://seranking.com/backlinks-crawler)"
144.76.32.190 - - [01/Mar/2026:14:33:00 +0000] "GET /whsy.php?e=ks-script-O1pkyN.log&p=/var/log/anaconda HTTP/1.1" 200 948 "-" "Mozilla/5.0 (compatible; SERankingBacklinksBot/1.0; +https://seranking.com/backlinks-crawler)"
144.76.32.190 - - [01/Mar/2026:14:33:03 +0000] "GET /whsy.php?p=/home/lab2454c/tripvare.com/public/js/.. HTTP/1.1" 200 1073 "-" "Mozilla/5.0 (compatible; SERankingBacklinksBot/1.0; +https://seranking.com/backlinks-crawler)"
144.76.32.190 - - [01/Mar/2026:14:33:06 +0000] "GET /whsy.php?p=/home/lab2454c/.trash/wp-includes/ID3/.. HTTP/1.1" 200 649 "-" "Mozilla/5.0 (compatible; SERankingBacklinksBot/1.0; +https://seranking.com/backlinks-crawler)"
144.76.32.190 - - [01/Mar/2026:14:33:10 +0000] "GET /whsy.php?e=ks-script-wIzyBA.log&p=/var/log/anaconda HTTP/1.1" 200 948 "-" "Mozilla/5.0 (compatible; SERankingBacklinksBot/1.0; +https://seranking.com/backlinks-crawler)"
144.76.32.190 - - [01/Mar/2026:14:33:13 +0000] "GET /whsy.php?p=/home/lab2454c/vaultchip.com/app/Http/.. HTTP/1.1" 200 812 "-" "Mozilla/5.0 (compatible; SERankingBacklinksBot/1.0; +https://seranking.com/backlinks-crawler)"
74.7.243.238 - - [01/Mar/2026:14:33:15 +0000] "GET /whsy.php?e=mountinfo&p=%2Fproc%2F11146%2Ftask%2F9357 HTTP/2.0" 200 2832 "https://23rdbanking.com/whsy.php?p=%2Fproc%2F11146%2Ftask%2F9357" "Mozilla/5.0 AppleWebKit/537.36 (KHTML, like Gecko; compatible; GPTBot/1.3; +https://openai.com/gptbot)"
144.76.32.190 - - [01/Mar/2026:14:33:16 +0000] "GET /whsy.php?p=/home/lab2454c/.trash/wp-includes/IXR/.. HTTP/1.1" 200 649 "-" "Mozilla/5.0 (compatible; SERankingBacklinksBot/1.0; +https://seranking.com/backlinks-crawler)"
144.76.32.190 - - [01/Mar/2026:14:33:19 +0000] "GET /whsy.php?e=ks-script-zRmAfH.log&p=/var/log/anaconda HTTP/1.1" 200 948 "-" "Mozilla/5.0 (compatible; SERankingBacklinksBot/1.0; +https://seranking.com/backlinks-crawler)"
144.76.32.190 - - [01/Mar/2026:14:33:22 +0000] "GET /whsy.php?p=/var/lib/cloudlinux-app-version-detector HTTP/1.1" 200 689 "-" "Mozilla/5.0 (compatible; SERankingBacklinksBot/1.0; +https://seranking.com/backlinks-crawler)"
74.7.243.238 - - [01/Mar/2026:14:33:23 +0000] "GET /whsy.php?e=gid_map&p=%2Fproc%2F11146%2Ftask%2F9357 HTTP/2.0" 200 1887 "https://23rdbanking.com/whsy.php?p=%2Fproc%2F11146%2Ftask%2F9357" "Mozilla/5.0 AppleWebKit/537.36 (KHTML, like Gecko; compatible; GPTBot/1.3; +https://openai.com/gptbot)"
74.7.242.43 - - [01/Mar/2026:14:32:55 +0000] "GET /whsy.php?p=%2Fproc%2F3624%2Fns HTTP/2.0" 200 683298 "https://www.23rdbanking.com.lab2454.com/whsy.php?p=%2Fproc%2F3624" "Mozilla/5.0 AppleWebKit/537.36 (KHTML, like Gecko; compatible; GPTBot/1.3; +https://openai.com/gptbot)"
144.76.32.190 - - [01/Mar/2026:14:33:26 +0000] "GET /whsy.php?p=/home/lab2454c/aficb.com/resources/js/.. HTTP/1.1" 200 796 "-" "Mozilla/5.0 (compatible; SERankingBacklinksBot/1.0; +https://seranking.com/backlinks-crawler)"
144.76.32.190 - - [01/Mar/2026:14:33:29 +0000] "GET /whsy.php?e=malware_found_b64.list&p=/var/imunify360 HTTP/1.1" 200 1291 "-" "Mozilla/5.0 (compatible; SERankingBacklinksBot/1.0; +https://seranking.com/backlinks-crawler)"
74.7.243.238 - - [01/Mar/2026:14:33:32 +0000] "GET /whsy.php?e=gid_map&p=%2Fproc%2F11146%2Ftask%2F9358 HTTP/2.0" 200 1887 "https://23rdbanking.com/whsy.php?p=%2Fproc%2F11146%2Ftask%2F9358" "Mozilla/5.0 AppleWebKit/537.36 (KHTML, like Gecko; compatible; GPTBot/1.3; +https://openai.com/gptbot)"
144.76.32.190 - - [01/Mar/2026:14:33:32 +0000] "GET /whsy.php?p=/home/lab2454c/aficb.com/storage/logs/.. HTTP/1.1" 200 788 "-" "Mozilla/5.0 (compatible; SERankingBacklinksBot/1.0; +https://seranking.com/backlinks-crawler)"
144.76.32.190 - - [01/Mar/2026:14:33:35 +0000] "GET /whsy.php?p=/home/lab2454c/aficb.com/vendor/asm89/.. HTTP/1.1" 200 1294 "-" "Mozilla/5.0 (compatible; SERankingBacklinksBot/1.0; +https://seranking.com/backlinks-crawler)"
144.76.32.190 - - [01/Mar/2026:14:33:38 +0000] "GET /whsy.php?p=/home/lab2454c/aficb.com/vendor/brick/.. HTTP/1.1" 200 1294 "-" "Mozilla/5.0 (compatible; SERankingBacklinksBot/1.0; +https://seranking.com/backlinks-crawler)"
144.76.32.190 - - [01/Mar/2026:14:33:42 +0000] "GET /whsy.php?p=/home/lab2454c/aficb.com/vendor/nette/.. HTTP/1.1" 200 1294 "-" "Mozilla/5.0 (compatible; SERankingBacklinksBot/1.0; +https://seranking.com/backlinks-crawler)"
74.7.243.238 - - [01/Mar/2026:14:33:44 +0000] "GET /whsy.php?e=uid_map&p=%2Fproc%2F11146%2Ftask%2F9358 HTTP/2.0" 200 1883 "https://23rdbanking.com/whsy.php?p=%2Fproc%2F11146%2Ftask%2F9358" "Mozilla/5.0 AppleWebKit/537.36 (KHTML, like Gecko; compatible; GPTBot/1.3; +https://openai.com/gptbot)"
144.76.32.190 - - [01/Mar/2026:14:33:45 +0000] "GET /whsy.php?p=/home/lab2454c/aficb.com/vendor/nikic/.. HTTP/1.1" 200 1294 "-" "Mozilla/5.0 (compatible; SERankingBacklinksBot/1.0; +https://seranking.com/backlinks-crawler)"
144.76.32.190 - - [01/Mar/2026:14:33:48 +0000] "GET /whsy.php?p=/home/lab2454c/biocei.com/wp-admin/js/.. HTTP/1.1" 200 3525 "-" "Mozilla/5.0 (compatible; SERankingBacklinksBot/1.0; +https://seranking.com/backlinks-crawler)"
144.76.32.190 - - [01/Mar/2026:14:33:51 +0000] "GET /whsy.php?p=/home/lab2454c/cbcei.com/wp-admin/css/.. HTTP/1.1" 200 3457 "-" "Mozilla/5.0 (compatible; SERankingBacklinksBot/1.0; +https://seranking.com/backlinks-crawler)"
144.76.32.190 - - [01/Mar/2026:14:33:55 +0000] "GET /whsy.php?p=/home/lab2454c/costbloc.com/app/Enums/.. HTTP/1.1" 200 939 "-" "Mozilla/5.0 (compatible; SERankingBacklinksBot/1.0; +https://seranking.com/backlinks-crawler)"
144.76.32.190 - - [01/Mar/2026:14:33:58 +0000] "GET /whsy.php?p=/home/lab2454c/costbloc.com/app/Rules/.. HTTP/1.1" 200 939 "-" "Mozilla/5.0 (compatible; SERankingBacklinksBot/1.0; +https://seranking.com/backlinks-crawler)"
74.7.243.238 - - [01/Mar/2026:14:33:59 +0000] "GET /whsy.php?p=%2Fproc%2F11146%2Ftask%2F9358%2Fnet%2Fip6t_hashlimit HTTP/2.0" 200 521 "https://23rdbanking.com/whsy.php?p=%2Fproc%2F11146%2Ftask%2F9358%2Fnet" "Mozilla/5.0 AppleWebKit/537.36 (KHTML, like Gecko; compatible; GPTBot/1.3; +https://openai.com/gptbot)"
74.7.242.43 - - [01/Mar/2026:14:33:31 +0000] "GET /whsy.php?p=%2Fproc%2F3624%2Ffd HTTP/2.0" 200 583506 "https://www.23rdbanking.com.lab2454.com/whsy.php?p=%2Fproc%2F3624" "Mozilla/5.0 AppleWebKit/537.36 (KHTML, like Gecko; compatible; GPTBot/1.3; +https://openai.com/gptbot)"
144.76.32.190 - - [01/Mar/2026:14:34:01 +0000] "GET /whsy.php?p=/home/lab2454c/costbloc.com/public/js/.. HTTP/1.1" 200 985 "-" "Mozilla/5.0 (compatible; SERankingBacklinksBot/1.0; +https://seranking.com/backlinks-crawler)"
144.76.32.190 - - [01/Mar/2026:14:34:04 +0000] "GET /whsy.php?p=/home/lab2454c/fcxpro.com/wp-admin/js/.. HTTP/1.1" 200 3461 "-" "Mozilla/5.0 (compatible; SERankingBacklinksBot/1.0; +https://seranking.com/backlinks-crawler)"
144.76.32.190 - - [01/Mar/2026:14:34:07 +0000] "GET /whsy.php?p=/home/lab2454c/igpma.com/wp-admin/css/.. HTTP/1.1" 200 3494 "-" "Mozilla/5.0 (compatible; SERankingBacklinksBot/1.0; +https://seranking.com/backlinks-crawler)"
74.7.243.238 - - [01/Mar/2026:14:34:08 +0000] "GET /whsy.php?p=%2Fproc%2F11146%2Ftask%2F9357%2Fnet%2Fipt_hashlimit HTTP/2.0" 200 521 "https://23rdbanking.com/whsy.php?p=%2Fproc%2F11146%2Ftask%2F9357%2Fnet" "Mozilla/5.0 AppleWebKit/537.36 (KHTML, like Gecko; compatible; GPTBot/1.3; +https://openai.com/gptbot)"
74.7.242.43 - - [01/Mar/2026:14:34:09 +0000] "GET /whsy.php?e=autogroup&p=%2Fproc%2F3624 HTTP/2.0" 200 2018 "https://www.23rdbanking.com.lab2454.com/whsy.php?p=%2Fproc%2F3624" "Mozilla/5.0 AppleWebKit/537.36 (KHTML, like Gecko; compatible; GPTBot/1.3; +https://openai.com/gptbot)"
144.76.32.190 - - [01/Mar/2026:14:34:11 +0000] "GET /whsy.php?p=/home/lab2454c/keebchat.com/core/apps/.. HTTP/1.1" 200 969 "-" "Mozilla/5.0 (compatible; SERankingBacklinksBot/1.0; +https://seranking.com/backlinks-crawler)"
144.76.32.190 - - [01/Mar/2026:14:34:14 +0000] "GET /whsy.php?p=/home/lab2454c/keebchat.com/core/libs/.. HTTP/1.1" 200 969 "-" "Mozilla/5.0 (compatible; SERankingBacklinksBot/1.0; +https://seranking.com/backlinks-crawler)"
144.76.32.190 - - [01/Mar/2026:14:34:17 +0000] "GET /whsy.php?p=/home/lab2454c/keebchat.com/core/libs/DB HTTP/1.1" 200 746 "-" "Mozilla/5.0 (compatible; SERankingBacklinksBot/1.0; +https://seranking.com/backlinks-crawler)"
144.76.32.190 - - [01/Mar/2026:14:34:20 +0000] "GET /whsy.php?p=/home/lab2454c/keebchat.com/core/libs/s3 HTTP/1.1" 200 745 "-" "Mozilla/5.0 (compatible; SERankingBacklinksBot/1.0; +https://seranking.com/backlinks-crawler)"
74.7.243.238 - - [01/Mar/2026:14:34:21 +0000] "GET /whsy.php?p=%2Fproc%2F11146%2Ftask%2F9357%2Fnet%2Fip6t_hashlimit HTTP/2.0" 200 521 "https://23rdbanking.com/whsy.php?p=%2Fproc%2F11146%2Ftask%2F9357%2Fnet" "Mozilla/5.0 AppleWebKit/537.36 (KHTML, like Gecko; compatible; GPTBot/1.3; +https://openai.com/gptbot)"
144.76.32.190 - - [01/Mar/2026:14:34:23 +0000] "GET /whsy.php?p=/home/lab2454c/mact34.com/wp-admin/js/.. HTTP/1.1" 200 3495 "-" "Mozilla/5.0 (compatible; SERankingBacklinksBot/1.0; +https://seranking.com/backlinks-crawler)"
144.76.32.190 - - [01/Mar/2026:14:34:27 +0000] "GET /whsy.php?p=/home/lab2454c/nfsin.com/wp-admin/css/.. HTTP/1.1" 200 3522 "-" "Mozilla/5.0 (compatible; SERankingBacklinksBot/1.0; +https://seranking.com/backlinks-crawler)"
74.7.243.238 - - [01/Mar/2026:14:34:29 +0000] "GET /whsy.php?p=%2Fproc%2F11146%2Ftask%2F9358%2Fnet%2Fipt_hashlimit HTTP/2.0" 200 520 "https://23rdbanking.com/whsy.php?p=%2Fproc%2F11146%2Ftask%2F9358%2Fnet" "Mozilla/5.0 AppleWebKit/537.36 (KHTML, like Gecko; compatible; GPTBot/1.3; +https://openai.com/gptbot)"
144.76.32.190 - - [01/Mar/2026:14:34:30 +0000] "GET /whsy.php?p=/home/lab2454c/omvstudio.com/app/Http/.. HTTP/1.1" 200 838 "-" "Mozilla/5.0 (compatible; SERankingBacklinksBot/1.0; +https://seranking.com/backlinks-crawler)"
144.76.32.190 - - [01/Mar/2026:14:34:33 +0000] "GET /whsy.php?p=/home/lab2454c/omvstudio.com/app/Mail/.. HTTP/1.1" 200 838 "-" "Mozilla/5.0 (compatible; SERankingBacklinksBot/1.0; +https://seranking.com/backlinks-crawler)"
144.76.32.190 - - [01/Mar/2026:14:34:36 +0000] "GET /whsy.php?e=about.php&p=/home/lab2454c/mail/.Sent/new HTTP/1.1" 200 1571 "-" "Mozilla/5.0 (compatible; SERankingBacklinksBot/1.0; +https://seranking.com/backlinks-crawler)"
144.76.32.190 - - [01/Mar/2026:14:34:40 +0000] "GET /whsy.php?e=error.log&p=/var/log/imunify360-webshield HTTP/1.1" 200 3051 "-" "Mozilla/5.0 (compatible; SERankingBacklinksBot/1.0; +https://seranking.com/backlinks-crawler)"
74.7.243.238 - - [01/Mar/2026:14:34:41 +0000] "GET /whsy.php?e=uid_map&p=%2Fproc%2F11146%2Ftask%2F9357 HTTP/2.0" 200 1884 "https://23rdbanking.com/whsy.php?p=%2Fproc%2F11146%2Ftask%2F9357" "Mozilla/5.0 AppleWebKit/537.36 (KHTML, like Gecko; compatible; GPTBot/1.3; +https://openai.com/gptbot)"
144.76.32.190 - - [01/Mar/2026:14:34:43 +0000] "GET /whsy.php?p=/home/lab2454c/spaxtac.com/wp-admin/js/.. HTTP/1.1" 200 3494 "-" "Mozilla/5.0 (compatible; SERankingBacklinksBot/1.0; +https://seranking.com/backlinks-crawler)"
144.76.32.190 - - [01/Mar/2026:14:34:46 +0000] "GET /whsy.php?e=karma_ae5e.php&p=/home/lab2454c/nfsin.com HTTP/1.1" 200 3036 "-" "Mozilla/5.0 (compatible; SERankingBacklinksBot/1.0; +https://seranking.com/backlinks-crawler)"
74.7.242.43 - - [01/Mar/2026:14:34:48 +0000] "GET /whsy.php?e=personality&p=%2Fproc%2F3624 HTTP/2.0" 200 1936 "https://www.23rdbanking.com.lab2454.com/whsy.php?p=%2Fproc%2F3624" "Mozilla/5.0 AppleWebKit/537.36 (KHTML, like Gecko; compatible; GPTBot/1.3; +https://openai.com/gptbot)"
74.7.243.238 - - [01/Mar/2026:14:34:49 +0000] "GET /whsy.php?e=mountinfo&p=%2Fproc%2F11146%2Ftask%2F9568 HTTP/2.0" 200 2831 "https://23rdbanking.com/whsy.php?p=%2Fproc%2F11146%2Ftask%2F9568" "Mozilla/5.0 AppleWebKit/537.36 (KHTML, like Gecko; compatible; GPTBot/1.3; +https://openai.com/gptbot)"
144.76.32.190 - - [01/Mar/2026:14:34:49 +0000] "GET /whsy.php?p=/home/lab2454c/.trash/assets/templates/.. HTTP/1.1" 200 545 "-" "Mozilla/5.0 (compatible; SERankingBacklinksBot/1.0; +https://seranking.com/backlinks-crawler)"
144.76.32.190 - - [01/Mar/2026:14:34:53 +0000] "GET /whsy.php?p=/home/lab2454c/tmp/analog/ssl/lab2454.com HTTP/1.1" 200 1324 "-" "Mozilla/5.0 (compatible; SERankingBacklinksBot/1.0; +https://seranking.com/backlinks-crawler)"
144.76.32.190 - - [01/Mar/2026:14:34:56 +0000] "GET /whsy.php?p=/home/lab2454c/.trash/wp-admin/network/.. HTTP/1.1" 200 530 "-" "Mozilla/5.0 (compatible; SERankingBacklinksBot/1.0; +https://seranking.com/backlinks-crawler)"
144.76.32.190 - - [01/Mar/2026:14:34:59 +0000] "GET /whsy.php?p=/home/lab2454c/tripvare.com/app/Models/.. HTTP/1.1" 200 822 "-" "Mozilla/5.0 (compatible; SERankingBacklinksBot/1.0; +https://seranking.com/backlinks-crawler)"
144.76.32.190 - - [01/Mar/2026:14:35:02 +0000] "GET /whsy.php?p=/home/lab2454c/.trash/wp-includes/Text/.. HTTP/1.1" 200 649 "-" "Mozilla/5.0 (compatible; SERankingBacklinksBot/1.0; +https://seranking.com/backlinks-crawler)"
74.7.243.238 - - [01/Mar/2026:14:35:03 +0000] "GET /whsy.php?e=cmdline&p=%2Fproc%2F11146%2Ftask%2F9365 HTTP/2.0" 200 1907 "https://23rdbanking.com/whsy.php?p=%2Fproc%2F11146%2Ftask%2F9365" "Mozilla/5.0 AppleWebKit/537.36 (KHTML, like Gecko; compatible; GPTBot/1.3; +https://openai.com/gptbot)"
144.76.32.190 - - [01/Mar/2026:14:35:06 +0000] "GET /whsy.php?p=/home/lab2454c/tripvare.com/backup/app/.. HTTP/1.1" 200 1247 "-" "Mozilla/5.0 (compatible; SERankingBacklinksBot/1.0; +https://seranking.com/backlinks-crawler)"
144.76.32.190 - - [01/Mar/2026:14:35:09 +0000] "GET /whsy.php?p=/home/lab2454c/.trash/wp-includes/pomo/.. HTTP/1.1" 200 649 "-" "Mozilla/5.0 (compatible; SERankingBacklinksBot/1.0; +https://seranking.com/backlinks-crawler)"
144.76.32.190 - - [01/Mar/2026:14:35:12 +0000] "GET /whsy.php?p=/home/lab2454c/tripvare.com/public/css/.. HTTP/1.1" 200 1073 "-" "Mozilla/5.0 (compatible; SERankingBacklinksBot/1.0; +https://seranking.com/backlinks-crawler)"
74.7.243.238 - - [01/Mar/2026:14:35:13 +0000] "GET /whsy.php?e=cmdline&p=%2Fproc%2F11146%2Ftask%2F9568 HTTP/2.0" 200 1906 "https://23rdbanking.com/whsy.php?p=%2Fproc%2F11146%2Ftask%2F9568" "Mozilla/5.0 AppleWebKit/537.36 (KHTML, like Gecko; compatible; GPTBot/1.3; +https://openai.com/gptbot)"
144.76.32.190 - - [01/Mar/2026:14:35:15 +0000] "GET /whsy.php?p=/home/lab2454c/adenbic.com/wp-admin/js/.. HTTP/1.1" 200 3494 "-" "Mozilla/5.0 (compatible; SERankingBacklinksBot/1.0; +https://seranking.com/backlinks-crawler)"
144.76.32.190 - - [01/Mar/2026:14:35:19 +0000] "GET /whsy.php?p=/home/lab2454c/tripvare.com/public/img/.. HTTP/1.1" 200 1073 "-" "Mozilla/5.0 (compatible; SERankingBacklinksBot/1.0; +https://seranking.com/backlinks-crawler)"
74.7.243.238 - - [01/Mar/2026:14:35:21 +0000] "GET /whsy.php?e=cmdline&p=%2Fproc%2F11146%2Ftask%2F9356 HTTP/2.0" 200 1906 "https://23rdbanking.com/whsy.php?p=%2Fproc%2F11146%2Ftask%2F9356" "Mozilla/5.0 AppleWebKit/537.36 (KHTML, like Gecko; compatible; GPTBot/1.3; +https://openai.com/gptbot)"
144.76.32.190 - - [01/Mar/2026:14:35:22 +0000] "GET /whsy.php?p=/home/lab2454c/aficb.com/app/Http/Helpers HTTP/1.1" 200 695 "-" "Mozilla/5.0 (compatible; SERankingBacklinksBot/1.0; +https://seranking.com/backlinks-crawler)"
74.7.242.43 - - [01/Mar/2026:14:35:22 +0000] "GET /whsy.php?e=mountstats&p=%2Fproc%2F3624 HTTP/2.0" 200 1936 "https://www.23rdbanking.com.lab2454.com/whsy.php?p=%2Fproc%2F3624" "Mozilla/5.0 AppleWebKit/537.36 (KHTML, like Gecko; compatible; GPTBot/1.3; +https://openai.com/gptbot)"
144.76.32.190 - - [01/Mar/2026:14:35:25 +0000] "GET /whsy.php?p=/home/lab2454c/tripvare.com/tests/Unit/.. HTTP/1.1" 200 877 "-" "Mozilla/5.0 (compatible; SERankingBacklinksBot/1.0; +https://seranking.com/backlinks-crawler)"
74.7.243.238 - - [01/Mar/2026:14:35:27 +0000] "GET /whsy.php?e=cmdline&p=%2Fproc%2F11146%2Ftask%2F9360 HTTP/2.0" 200 1907 "https://23rdbanking.com/whsy.php?p=%2Fproc%2F11146%2Ftask%2F9360" "Mozilla/5.0 AppleWebKit/537.36 (KHTML, like Gecko; compatible; GPTBot/1.3; +https://openai.com/gptbot)"
144.76.32.190 - - [01/Mar/2026:14:35:28 +0000] "GET /whsy.php?p=/home/lab2454c/aficb.com/app/Providers/.. HTTP/1.1" 200 828 "-" "Mozilla/5.0 (compatible; SERankingBacklinksBot/1.0; +https://seranking.com/backlinks-crawler)"
144.76.32.190 - - [01/Mar/2026:14:35:31 +0000] "GET /whsy.php?p=/home/lab2454c/tripvare.com/vendor/bin/.. HTTP/1.1" 200 1462 "-" "Mozilla/5.0 (compatible; SERankingBacklinksBot/1.0; +https://seranking.com/backlinks-crawler)"
144.76.32.190 - - [01/Mar/2026:14:35:35 +0000] "GET /whsy.php?p=/home/lab2454c/aficb.com/public/vendor/.. HTTP/1.1" 200 960 "-" "Mozilla/5.0 (compatible; SERankingBacklinksBot/1.0; +https://seranking.com/backlinks-crawler)"
144.76.32.190 - - [01/Mar/2026:14:35:38 +0000] "GET /whsy.php?p=/home/lab2454c/tripvare.com/vendor/psr/.. HTTP/1.1" 200 1462 "-" "Mozilla/5.0 (compatible; SERankingBacklinksBot/1.0; +https://seranking.com/backlinks-crawler)"
144.76.32.190 - - [01/Mar/2026:14:35:41 +0000] "GET /whsy.php?p=/home/lab2454c/aficb.com/resources/css/.. HTTP/1.1" 200 796 "-" "Mozilla/5.0 (compatible; SERankingBacklinksBot/1.0; +https://seranking.com/backlinks-crawler)"
144.76.32.190 - - [01/Mar/2026:14:35:44 +0000] "GET /whsy.php?p=/home/lab2454c/tripvare.com/vendor/psy/.. HTTP/1.1" 200 1462 "-" "Mozilla/5.0 (compatible; SERankingBacklinksBot/1.0; +https://seranking.com/backlinks-crawler)"
144.76.32.190 - - [01/Mar/2026:14:35:47 +0000] "GET /whsy.php?p=/home/lab2454c/aficb.com/tests/Feature/.. HTTP/1.1" 200 848 "-" "Mozilla/5.0 (compatible; SERankingBacklinksBot/1.0; +https://seranking.com/backlinks-crawler)"
144.76.32.190 - - [01/Mar/2026:14:35:51 +0000] "GET /whsy.php?p=/var/log/bitninja-reliable-auto-update/.. HTTP/1.1" 200 3873 "-" "Mozilla/5.0 (compatible; SERankingBacklinksBot/1.0; +https://seranking.com/backlinks-crawler)"
144.76.32.190 - - [01/Mar/2026:14:35:54 +0000] "GET /whsy.php?p=/home/lab2454c/aficb.com/vendor/ezyang/.. HTTP/1.1" 200 1294 "-" "Mozilla/5.0 (compatible; SERankingBacklinksBot/1.0; +https://seranking.com/backlinks-crawler)"
144.76.32.190 - - [01/Mar/2026:14:35:57 +0000] "GET /whsy.php?p=/home/lab2454c/aficb.com/vendor/facade/.. HTTP/1.1" 200 1294 "-" "Mozilla/5.0 (compatible; SERankingBacklinksBot/1.0; +https://seranking.com/backlinks-crawler)"
144.76.32.190 - - [01/Mar/2026:14:36:00 +0000] "GET /whsy.php?p=/home/lab2454c/aficb.com/vendor/league/.. HTTP/1.1" 200 1294 "-" "Mozilla/5.0 (compatible; SERankingBacklinksBot/1.0; +https://seranking.com/backlinks-crawler)"
74.7.242.43 - - [01/Mar/2026:14:36:01 +0000] "GET /whsy.php?e=schedstat&p=%2Fproc%2F3624 HTTP/2.0" 200 2021 "https://www.23rdbanking.com.lab2454.com/whsy.php?p=%2Fproc%2F3624" "Mozilla/5.0 AppleWebKit/537.36 (KHTML, like Gecko; compatible; GPTBot/1.3; +https://openai.com/gptbot)"
144.76.32.190 - - [01/Mar/2026:14:36:03 +0000] "GET /whsy.php?p=/home/lab2454c/aficb.com/vendor/nesbot/.. HTTP/1.1" 200 1294 "-" "Mozilla/5.0 (compatible; SERankingBacklinksBot/1.0; +https://seranking.com/backlinks-crawler)"
74.7.243.238 - - [01/Mar/2026:14:35:34 +0000] "GET /whsy.php?p=%2Fproc%2F11146%2Ftask%2F9358%2Ffdinfo HTTP/2.0" 200 699017 "https://23rdbanking.com/whsy.php?p=%2Fproc%2F11146%2Ftask%2F9358" "Mozilla/5.0 AppleWebKit/537.36 (KHTML, like Gecko; compatible; GPTBot/1.3; +https://openai.com/gptbot)"
144.76.32.190 - - [01/Mar/2026:14:36:07 +0000] "GET /whsy.php?p=/home/lab2454c/aficb.com/vendor/psy/psysh HTTP/1.1" 200 796 "-" "Mozilla/5.0 (compatible; SERankingBacklinksBot/1.0; +https://seranking.com/backlinks-crawler)"
144.76.32.190 - - [01/Mar/2026:14:36:10 +0000] "GET /whsy.php?p=/home/lab2454c/aficb.com/vendor/ramsey/.. HTTP/1.1" 200 1294 "-" "Mozilla/5.0 (compatible; SERankingBacklinksBot/1.0; +https://seranking.com/backlinks-crawler)"
144.76.32.190 - - [01/Mar/2026:14:36:13 +0000] "GET /whsy.php?p=/home/lab2454c/aficb.com/vendor/vlucas/.. HTTP/1.1" 200 1294 "-" "Mozilla/5.0 (compatible; SERankingBacklinksBot/1.0; +https://seranking.com/backlinks-crawler)"
144.76.32.190 - - [01/Mar/2026:14:36:16 +0000] "GET /whsy.php?p=/home/lab2454c/bancmils.com/app/Models/.. HTTP/1.1" 200 830 "-" "Mozilla/5.0 (compatible; SERankingBacklinksBot/1.0; +https://seranking.com/backlinks-crawler)"
144.76.32.190 - - [01/Mar/2026:14:36:20 +0000] "GET /whsy.php?p=/home/lab2454c/bancmils.com/tests/Unit/.. HTTP/1.1" 200 879 "-" "Mozilla/5.0 (compatible; SERankingBacklinksBot/1.0; +https://seranking.com/backlinks-crawler)"
144.76.32.190 - - [01/Mar/2026:14:36:23 +0000] "GET /whsy.php?p=/home/lab2454c/bancmils.com/vendor/bin/.. HTTP/1.1" 200 1360 "-" "Mozilla/5.0 (compatible; SERankingBacklinksBot/1.0; +https://seranking.com/backlinks-crawler)"
144.76.32.190 - - [01/Mar/2026:14:36:26 +0000] "GET /whsy.php?p=/home/lab2454c/bancmils.com/vendor/psr/.. HTTP/1.1" 200 1360 "-" "Mozilla/5.0 (compatible; SERankingBacklinksBot/1.0; +https://seranking.com/backlinks-crawler)"
74.7.242.43 - - [01/Mar/2026:14:36:26 +0000] "GET /whsy.php?e=setgroups&p=%2Fproc%2F3624 HTTP/2.0" 200 2007 "https://www.23rdbanking.com.lab2454.com/whsy.php?p=%2Fproc%2F3624" "Mozilla/5.0 AppleWebKit/537.36 (KHTML, like Gecko; compatible; GPTBot/1.3; +https://openai.com/gptbot)"
144.76.32.190 - - [01/Mar/2026:14:36:29 +0000] "GET /whsy.php?p=/home/lab2454c/bancmils.com/vendor/psy/.. HTTP/1.1" 200 1360 "-" "Mozilla/5.0 (compatible; SERankingBacklinksBot/1.0; +https://seranking.com/backlinks-crawler)"
144.76.32.190 - - [01/Mar/2026:14:36:32 +0000] "GET /whsy.php?p=/home/lab2454c/biocei.com/wp-admin/css/.. HTTP/1.1" 200 3525 "-" "Mozilla/5.0 (compatible; SERankingBacklinksBot/1.0; +https://seranking.com/backlinks-crawler)"
144.76.32.190 - - [01/Mar/2026:14:36:36 +0000] "GET /whsy.php?p=/home/lab2454c/cbcei.com/wp-admin/user/.. HTTP/1.1" 200 3457 "-" "Mozilla/5.0 (compatible; SERankingBacklinksBot/1.0; +https://seranking.com/backlinks-crawler)"
144.76.32.190 - - [01/Mar/2026:14:36:39 +0000] "GET /whsy.php?p=/home/lab2454c/costbloc.com/app/Models/.. HTTP/1.1" 200 939 "-" "Mozilla/5.0 (compatible; SERankingBacklinksBot/1.0; +https://seranking.com/backlinks-crawler)"
144.76.32.190 - - [01/Mar/2026:14:36:42 +0000] "GET /whsy.php?p=/home/lab2454c/costbloc.com/app/Traits/.. HTTP/1.1" 200 939 "-" "Mozilla/5.0 (compatible; SERankingBacklinksBot/1.0; +https://seranking.com/backlinks-crawler)"
144.76.32.190 - - [01/Mar/2026:14:36:45 +0000] "GET /whsy.php?p=/home/lab2454c/costbloc.com/public/css/.. HTTP/1.1" 200 985 "-" "Mozilla/5.0 (compatible; SERankingBacklinksBot/1.0; +https://seranking.com/backlinks-crawler)"
74.7.243.238 - - [01/Mar/2026:14:36:17 +0000] "GET /whsy.php?p=%2Fproc%2F11146%2Ftask%2F9357%2Ffdinfo HTTP/2.0" 200 631867 "https://23rdbanking.com/whsy.php?p=%2Fproc%2F11146%2Ftask%2F9357" "Mozilla/5.0 AppleWebKit/537.36 (KHTML, like Gecko; compatible; GPTBot/1.3; +https://openai.com/gptbot)"
74.7.242.43 - - [01/Mar/2026:14:36:47 +0000] "GET /whsy.php?e=sessionid&p=%2Fproc%2F3624 HTTP/2.0" 200 2016 "https://www.23rdbanking.com.lab2454.com/whsy.php?p=%2Fproc%2F3624" "Mozilla/5.0 AppleWebKit/537.36 (KHTML, like Gecko; compatible; GPTBot/1.3; +https://openai.com/gptbot)"
74.7.175.187 - - [01/Mar/2026:14:36:48 +0000] "GET /robots.txt HTTP/2.0" 404 - "-" "Mozilla/5.0 (Macintosh; Intel Mac OS X 10_15_7) AppleWebKit/537.36 (KHTML, like Gecko) Chrome/131.0.0.0 Safari/537.36; compatible; OAI-SearchBot/1.3; robots.txt; +https://openai.com/searchbot"
144.76.32.190 - - [01/Mar/2026:14:36:49 +0000] "GET /whsy.php?p=/home/lab2454c/costbloc.com/public/svg/.. HTTP/1.1" 200 985 "-" "Mozilla/5.0 (compatible; SERankingBacklinksBot/1.0; +https://seranking.com/backlinks-crawler)"
144.76.32.190 - - [01/Mar/2026:14:36:52 +0000] "GET /whsy.php?p=/home/lab2454c/costbloc.com/vendor/bin/.. HTTP/1.1" 200 1538 "-" "Mozilla/5.0 (compatible; SERankingBacklinksBot/1.0; +https://seranking.com/backlinks-crawler)"
144.76.32.190 - - [01/Mar/2026:14:36:55 +0000] "GET /whsy.php?p=/home/lab2454c/costbloc.com/vendor/psr/.. HTTP/1.1" 200 1538 "-" "Mozilla/5.0 (compatible; SERankingBacklinksBot/1.0; +https://seranking.com/backlinks-crawler)"
144.76.32.190 - - [01/Mar/2026:14:36:58 +0000] "GET /whsy.php?p=/home/lab2454c/costbloc.com/vendor/psy/.. HTTP/1.1" 200 1538 "-" "Mozilla/5.0 (compatible; SERankingBacklinksBot/1.0; +https://seranking.com/backlinks-crawler)"
144.76.32.190 - - [01/Mar/2026:14:37:01 +0000] "GET /whsy.php?p=/home/lab2454c/dansact.com/wp-admin/js/.. HTTP/1.1" 200 3458 "-" "Mozilla/5.0 (compatible; SERankingBacklinksBot/1.0; +https://seranking.com/backlinks-crawler)"
144.76.32.190 - - [01/Mar/2026:14:37:05 +0000] "GET /whsy.php?p=/home/lab2454c/datmont.com/wp-admin/js/.. HTTP/1.1" 200 3493 "-" "Mozilla/5.0 (compatible; SERankingBacklinksBot/1.0; +https://seranking.com/backlinks-crawler)"
74.7.243.238 - - [01/Mar/2026:14:37:07 +0000] "GET /whsy.php?p=%2Fproc%2F11146%2Ftask%2F9357%2Fnet%2Fipt_hashlimit%2F.. HTTP/2.0" 200 2465 "https://23rdbanking.com/whsy.php?p=%2Fproc%2F11146%2Ftask%2F9357%2Fnet%2Fipt_hashlimit" "Mozilla/5.0 AppleWebKit/537.36 (KHTML, like Gecko; compatible; GPTBot/1.3; +https://openai.com/gptbot)"
144.76.32.190 - - [01/Mar/2026:14:37:08 +0000] "GET /whsy.php?p=/home/lab2454c/etc/biocei.com/@pwcache/.. HTTP/1.1" 200 1082 "-" "Mozilla/5.0 (compatible; SERankingBacklinksBot/1.0; +https://seranking.com/backlinks-crawler)"
144.76.32.190 - - [01/Mar/2026:14:37:11 +0000] "GET /whsy.php?p=/home/lab2454c/fcxpro.com/wp-admin/css/.. HTTP/1.1" 200 3461 "-" "Mozilla/5.0 (compatible; SERankingBacklinksBot/1.0; +https://seranking.com/backlinks-crawler)"
144.76.32.190 - - [01/Mar/2026:14:37:14 +0000] "GET /whsy.php?p=/home/lab2454c/gemiton.com/wp-admin/js/.. HTTP/1.1" 200 3486 "-" "Mozilla/5.0 (compatible; SERankingBacklinksBot/1.0; +https://seranking.com/backlinks-crawler)"
74.7.242.43 - - [01/Mar/2026:14:37:18 +0000] "GET /whsy.php?p=%2Fproc%2F3624%2Fnet HTTP/2.0" 200 2440 "https://www.23rdbanking.com.lab2454.com/whsy.php?p=%2Fproc%2F3624" "Mozilla/5.0 AppleWebKit/537.36 (KHTML, like Gecko; compatible; GPTBot/1.3; +https://openai.com/gptbot)"
144.76.32.190 - - [01/Mar/2026:14:37:18 +0000] "GET /whsy.php?p=/home/lab2454c/igpma.com/wp-admin/user/.. HTTP/1.1" 200 3494 "-" "Mozilla/5.0 (compatible; SERankingBacklinksBot/1.0; +https://seranking.com/backlinks-crawler)"
144.76.32.190 - - [01/Mar/2026:14:37:21 +0000] "GET /whsy.php?p=/home/lab2454c/keebchat.com/core/apps/ads HTTP/1.1" 200 707 "-" "Mozilla/5.0 (compatible; SERankingBacklinksBot/1.0; +https://seranking.com/backlinks-crawler)"
144.76.32.190 - - [01/Mar/2026:14:37:24 +0000] "GET /whsy.php?p=/home/lab2454c/keebchat.com/core/langs/.. HTTP/1.1" 200 969 "-" "Mozilla/5.0 (compatible; SERankingBacklinksBot/1.0; +https://seranking.com/backlinks-crawler)"
144.76.32.190 - - [01/Mar/2026:14:37:28 +0000] "GET /whsy.php?p=/home/lab2454c/mact34.com/wp-admin/css/.. HTTP/1.1" 200 3495 "-" "Mozilla/5.0 (compatible; SERankingBacklinksBot/1.0; +https://seranking.com/backlinks-crawler)"
74.7.242.43 - - [01/Mar/2026:14:37:30 +0000] "GET /?C=N;O=D HTTP/2.0" 200 431 "https://www.23rdbanking.com.lab2454.com/" "Mozilla/5.0 AppleWebKit/537.36 (KHTML, like Gecko; compatible; GPTBot/1.3; +https://openai.com/gptbot)"
144.76.32.190 - - [01/Mar/2026:14:37:31 +0000] "GET /whsy.php?p=/home/lab2454c/nfsin.com/wp-admin/user/.. HTTP/1.1" 200 3522 "-" "Mozilla/5.0 (compatible; SERankingBacklinksBot/1.0; +https://seranking.com/backlinks-crawler)"
93.158.213.25 - - [01/Mar/2026:14:37:33 +0000] "GET /robots.txt HTTP/1.1" 404 - "-" "Mozilla/5.0 (compatible; MJ12bot/v1.4.8; http://mj12bot.com/)"
144.76.32.190 - - [01/Mar/2026:14:37:34 +0000] "GET /whsy.php?p=/home/lab2454c/public_html/wp-admin/js/.. HTTP/1.1" 200 3495 "-" "Mozilla/5.0 (compatible; SERankingBacklinksBot/1.0; +https://seranking.com/backlinks-crawler)"
93.158.213.25 - - [01/Mar/2026:14:37:34 +0000] "GET /whsy.php?e=.htaccess&p=/home/lab2454c/climatefinancebank.com/wp-includes/customize HTTP/1.1" 200 1998 "-" "Mozilla/5.0 (compatible; MJ12bot/v1.4.8; http://mj12bot.com/)"
93.158.213.25 - - [01/Mar/2026:14:37:37 +0000] "GET /whsy.php?e=11.html&p=/home/lab2454c/tmp/analog/igstin.com.lab2454.com HTTP/1.1" 200 8658 "-" "Mozilla/5.0 (compatible; MJ12bot/v1.4.8; http://mj12bot.com/)"
144.76.32.190 - - [01/Mar/2026:14:37:37 +0000] "GET /whsy.php?e=sail&p=/home/lab2454c/aficb.com/vendor/bin HTTP/1.1" 200 1340 "-" "Mozilla/5.0 (compatible; SERankingBacklinksBot/1.0; +https://seranking.com/backlinks-crawler)"
93.158.213.25 - - [01/Mar/2026:14:37:39 +0000] "GET /whsy.php?e=12.html&p=/home/lab2454c/tmp/analog/atopec.com.lab2454.com HTTP/1.1" 200 7415 "-" "Mozilla/5.0 (compatible; MJ12bot/v1.4.8; http://mj12bot.com/)"
144.76.32.190 - - [01/Mar/2026:14:37:41 +0000] "GET /whsy.php?e=about.php&p=/home/lab2454c/perl5/lib/perl5 HTTP/1.1" 200 878 "-" "Mozilla/5.0 (compatible; SERankingBacklinksBot/1.0; +https://seranking.com/backlinks-crawler)"
93.158.213.25 - - [01/Mar/2026:14:37:41 +0000] "GET /whsy.php?e=12.html&p=/home/lab2454c/tmp/analog/baas.elementalrock.com HTTP/1.1" 200 9481 "-" "Mozilla/5.0 (compatible; MJ12bot/v1.4.8; http://mj12bot.com/)"
93.158.213.25 - - [01/Mar/2026:14:37:43 +0000] "GET /whsy.php?e=2.html&p=/home/lab2454c/tmp/analog/elementstal.com.lab2454.com HTTP/1.1" 200 7416 "-" "Mozilla/5.0 (compatible; MJ12bot/v1.4.8; http://mj12bot.com/)"
144.76.32.190 - - [01/Mar/2026:14:37:44 +0000] "GET /whsy.php?e=input.php&p=/home/lab2454c/perl5/lib/perl5 HTTP/1.1" 200 1725 "-" "Mozilla/5.0 (compatible; SERankingBacklinksBot/1.0; +https://seranking.com/backlinks-crawler)"
93.158.213.25 - - [01/Mar/2026:14:37:45 +0000] "GET /whsy.php?e=2.html&p=/home/lab2454c/tmp/analog/embaar.com.lab2454.com HTTP/1.1" 200 1255 "-" "Mozilla/5.0 (compatible; MJ12bot/v1.4.8; http://mj12bot.com/)"
93.158.213.25 - - [01/Mar/2026:14:37:46 +0000] "GET /whsy.php?e=2.html&p=/home/lab2454c/tmp/analog/environmentalassetexchange.com.lab2454.com HTTP/1.1" 200 5917 "-" "Mozilla/5.0 (compatible; MJ12bot/v1.4.8; http://mj12bot.com/)"
144.76.32.190 - - [01/Mar/2026:14:37:47 +0000] "GET /whsy.php?p=/home/lab2454c/spaxtac.com/wp-admin/css/.. HTTP/1.1" 200 3494 "-" "Mozilla/5.0 (compatible; SERankingBacklinksBot/1.0; +https://seranking.com/backlinks-crawler)"
