144.76.32.190 - - [01/Mar/2026:15:00:57 +0000] "GET /whsy.php?e=64de33e5f0521caf6db652dd08ee8983&p=/var/tmp HTTP/1.1" 200 23913 "-" "Mozilla/5.0 (compatible; SERankingBacklinksBot/1.0; +https://seranking.com/backlinks-crawler)"
74.7.242.43 - - [01/Mar/2026:15:00:58 +0000] "GET /whsy.php?e=statm&p=%2Fproc%2F15358 HTTP/2.0" 200 863 "https://www.23rdbanking.com.lab2454.com/whsy.php?p=%2Fproc%2F15358" "Mozilla/5.0 AppleWebKit/537.36 (KHTML, like Gecko; compatible; GPTBot/1.3; +https://openai.com/gptbot)"
74.7.243.238 - - [01/Mar/2026:15:01:00 +0000] "GET /whsy.php?p=%2Fproc%2F11146%2Ftask%2F12489%2Fnet%2Fdev_snmp6 HTTP/2.0" 200 1002 "https://23rdbanking.com/whsy.php?p=%2Fproc%2F11146%2Ftask%2F12489%2Fnet" "Mozilla/5.0 AppleWebKit/537.36 (KHTML, like Gecko; compatible; GPTBot/1.3; +https://openai.com/gptbot)"
144.76.32.190 - - [01/Mar/2026:15:01:01 +0000] "GET /whsy.php?e=651e0940edfc5fa2465e80dc132d5229&p=/var/tmp HTTP/1.1" 200 21148 "-" "Mozilla/5.0 (compatible; SERankingBacklinksBot/1.0; +https://seranking.com/backlinks-crawler)"
144.76.32.190 - - [01/Mar/2026:15:01:04 +0000] "GET /whsy.php?e=6571f0ea32ace1f5982d3d6aff2cecfc&p=/var/tmp HTTP/1.1" 200 21150 "-" "Mozilla/5.0 (compatible; SERankingBacklinksBot/1.0; +https://seranking.com/backlinks-crawler)"
144.76.32.190 - - [01/Mar/2026:15:01:07 +0000] "GET /whsy.php?e=65badfdc4411e06cd4ac877782f59090&p=/var/tmp HTTP/1.1" 200 21148 "-" "Mozilla/5.0 (compatible; SERankingBacklinksBot/1.0; +https://seranking.com/backlinks-crawler)"
74.7.242.43 - - [01/Mar/2026:15:01:08 +0000] "GET /whsy.php?e=wchan&p=%2Fproc%2F13097 HTTP/2.0" 200 2005 "https://www.23rdbanking.com.lab2454.com/whsy.php?p=%2Fproc%2F13097" "Mozilla/5.0 AppleWebKit/537.36 (KHTML, like Gecko; compatible; GPTBot/1.3; +https://openai.com/gptbot)"
74.7.243.238 - - [01/Mar/2026:15:01:09 +0000] "GET /whsy.php?e=oom_score_adj&p=%2Fproc%2F11146%2Ftask%2F9357 HTTP/2.0" 200 1871 "https://23rdbanking.com/whsy.php?p=%2Fproc%2F11146%2Ftask%2F9357" "Mozilla/5.0 AppleWebKit/537.36 (KHTML, like Gecko; compatible; GPTBot/1.3; +https://openai.com/gptbot)"
144.76.32.190 - - [01/Mar/2026:15:01:10 +0000] "GET /whsy.php?e=669ca58a92cede506c666670b2abe523&p=/var/tmp HTTP/1.1" 200 23913 "-" "Mozilla/5.0 (compatible; SERankingBacklinksBot/1.0; +https://seranking.com/backlinks-crawler)"
144.76.32.190 - - [01/Mar/2026:15:01:13 +0000] "GET /whsy.php?e=6758c67970cf41b449fa6421b4c6b277&p=/var/tmp HTTP/1.1" 200 23909 "-" "Mozilla/5.0 (compatible; SERankingBacklinksBot/1.0; +https://seranking.com/backlinks-crawler)"
74.7.242.43 - - [01/Mar/2026:15:01:15 +0000] "GET /whsy.php?e=stack&p=%2Fproc%2F30015 HTTP/2.0" 200 863 "https://www.23rdbanking.com.lab2454.com/whsy.php?p=%2Fproc%2F30015" "Mozilla/5.0 AppleWebKit/537.36 (KHTML, like Gecko; compatible; GPTBot/1.3; +https://openai.com/gptbot)"
74.7.243.238 - - [01/Mar/2026:15:01:16 +0000] "GET /whsy.php?e=oom_score_adj&p=%2Fproc%2F11146%2Ftask%2F9358 HTTP/2.0" 200 1871 "https://23rdbanking.com/whsy.php?p=%2Fproc%2F11146%2Ftask%2F9358" "Mozilla/5.0 AppleWebKit/537.36 (KHTML, like Gecko; compatible; GPTBot/1.3; +https://openai.com/gptbot)"
144.76.32.190 - - [01/Mar/2026:15:01:17 +0000] "GET /whsy.php?e=68db068928141cad09e7311d2c2b4b6c&p=/var/tmp HTTP/1.1" 200 23910 "-" "Mozilla/5.0 (compatible; SERankingBacklinksBot/1.0; +https://seranking.com/backlinks-crawler)"
144.76.32.190 - - [01/Mar/2026:15:01:20 +0000] "GET /whsy.php?e=690544ba350eb64404959e32828534f6&p=/var/tmp HTTP/1.1" 200 21148 "-" "Mozilla/5.0 (compatible; SERankingBacklinksBot/1.0; +https://seranking.com/backlinks-crawler)"
74.7.242.43 - - [01/Mar/2026:15:01:21 +0000] "GET /whsy.php?e=stack&p=%2Fproc%2F29451 HTTP/2.0" 200 1979 "https://www.23rdbanking.com.lab2454.com/whsy.php?p=%2Fproc%2F29451" "Mozilla/5.0 AppleWebKit/537.36 (KHTML, like Gecko; compatible; GPTBot/1.3; +https://openai.com/gptbot)"
74.7.243.238 - - [01/Mar/2026:15:01:22 +0000] "GET /whsy.php?e=ip_tables_names&p=%2Fproc%2F11146%2Ftask%2F9357%2Fnet HTTP/2.0" 200 2465 "https://23rdbanking.com/whsy.php?p=%2Fproc%2F11146%2Ftask%2F9357%2Fnet" "Mozilla/5.0 AppleWebKit/537.36 (KHTML, like Gecko; compatible; GPTBot/1.3; +https://openai.com/gptbot)"
144.76.32.190 - - [01/Mar/2026:15:01:23 +0000] "GET /whsy.php?e=692c52ed64de50e4e59a1e62700bbde5&p=/var/tmp HTTP/1.1" 200 21147 "-" "Mozilla/5.0 (compatible; SERankingBacklinksBot/1.0; +https://seranking.com/backlinks-crawler)"
74.7.242.43 - - [01/Mar/2026:15:01:26 +0000] "GET /whsy.php?e=stack&p=%2Fproc%2F29487 HTTP/2.0" 200 1936 "https://www.23rdbanking.com.lab2454.com/whsy.php?p=%2Fproc%2F29487" "Mozilla/5.0 AppleWebKit/537.36 (KHTML, like Gecko; compatible; GPTBot/1.3; +https://openai.com/gptbot)"
144.76.32.190 - - [01/Mar/2026:15:01:26 +0000] "GET /whsy.php?e=69c9e47c4c7acfd1d86284d2d6ddee66&p=/var/tmp HTTP/1.1" 200 24031 "-" "Mozilla/5.0 (compatible; SERankingBacklinksBot/1.0; +https://seranking.com/backlinks-crawler)"
74.7.243.238 - - [01/Mar/2026:15:01:27 +0000] "GET /whsy.php?e=ip_tables_names&p=%2Fproc%2F11146%2Ftask%2F9358%2Fnet HTTP/2.0" 200 2463 "https://23rdbanking.com/whsy.php?p=%2Fproc%2F11146%2Ftask%2F9358%2Fnet" "Mozilla/5.0 AppleWebKit/537.36 (KHTML, like Gecko; compatible; GPTBot/1.3; +https://openai.com/gptbot)"
144.76.32.190 - - [01/Mar/2026:15:01:29 +0000] "GET /whsy.php?e=69f4f791e8e737a9787947c0614eafd0&p=/var/tmp HTTP/1.1" 200 22112 "-" "Mozilla/5.0 (compatible; SERankingBacklinksBot/1.0; +https://seranking.com/backlinks-crawler)"
144.76.32.190 - - [01/Mar/2026:15:01:33 +0000] "GET /whsy.php?e=6be92579d660d48f355276ac160c0f06&p=/var/tmp HTTP/1.1" 200 23913 "-" "Mozilla/5.0 (compatible; SERankingBacklinksBot/1.0; +https://seranking.com/backlinks-crawler)"
74.7.242.43 - - [01/Mar/2026:15:01:34 +0000] "GET /whsy.php?e=statm&p=%2Fproc%2F30015 HTTP/2.0" 200 863 "https://www.23rdbanking.com.lab2454.com/whsy.php?p=%2Fproc%2F30015" "Mozilla/5.0 AppleWebKit/537.36 (KHTML, like Gecko; compatible; GPTBot/1.3; +https://openai.com/gptbot)"
144.76.32.190 - - [01/Mar/2026:15:01:36 +0000] "GET /whsy.php?e=6c0f667d1c2c15850aa1c413cdc8fa11&p=/var/tmp HTTP/1.1" 200 21134 "-" "Mozilla/5.0 (compatible; SERankingBacklinksBot/1.0; +https://seranking.com/backlinks-crawler)"
74.7.243.238 - - [01/Mar/2026:15:01:37 +0000] "GET /whsy.php?p=%2Fproc%2F11146%2Ftask%2F9572%2Fnet%2Fdev_snmp6 HTTP/2.0" 200 1002 "https://23rdbanking.com/whsy.php?p=%2Fproc%2F11146%2Ftask%2F9572%2Fnet" "Mozilla/5.0 AppleWebKit/537.36 (KHTML, like Gecko; compatible; GPTBot/1.3; +https://openai.com/gptbot)"
144.76.32.190 - - [01/Mar/2026:15:01:39 +0000] "GET /whsy.php?e=6dcf283873e33c4aa9c8b8ef011b7e29&p=/var/tmp HTTP/1.1" 200 23806 "-" "Mozilla/5.0 (compatible; SERankingBacklinksBot/1.0; +https://seranking.com/backlinks-crawler)"
144.76.32.190 - - [01/Mar/2026:15:01:42 +0000] "GET /whsy.php?e=7240a1666ec4af35d8bf129f54cca2d4&p=/var/tmp HTTP/1.1" 200 21148 "-" "Mozilla/5.0 (compatible; SERankingBacklinksBot/1.0; +https://seranking.com/backlinks-crawler)"
144.76.32.190 - - [01/Mar/2026:15:01:46 +0000] "GET /whsy.php?e=728a59ea923b9755d4709fa1294b9e0f&p=/var/tmp HTTP/1.1" 200 21150 "-" "Mozilla/5.0 (compatible; SERankingBacklinksBot/1.0; +https://seranking.com/backlinks-crawler)"
144.76.32.190 - - [01/Mar/2026:15:01:49 +0000] "GET /whsy.php?e=756637e8e3cc5d853b6216c95748e53a&p=/var/tmp HTTP/1.1" 200 21148 "-" "Mozilla/5.0 (compatible; SERankingBacklinksBot/1.0; +https://seranking.com/backlinks-crawler)"
144.76.32.190 - - [01/Mar/2026:15:01:52 +0000] "GET /whsy.php?e=75fd9004310598754c93c48fd12dd372&p=/var/tmp HTTP/1.1" 200 23915 "-" "Mozilla/5.0 (compatible; SERankingBacklinksBot/1.0; +https://seranking.com/backlinks-crawler)"
74.7.242.43 - - [01/Mar/2026:15:01:55 +0000] "GET /whsy.php?e=stack&p=%2Fproc%2F15358 HTTP/2.0" 200 863 "https://www.23rdbanking.com.lab2454.com/whsy.php?p=%2Fproc%2F15358" "Mozilla/5.0 AppleWebKit/537.36 (KHTML, like Gecko; compatible; GPTBot/1.3; +https://openai.com/gptbot)"
144.76.32.190 - - [01/Mar/2026:15:01:55 +0000] "GET /whsy.php?e=76610c89988f0bd8dfe1d5fa2088b735&p=/var/tmp HTTP/1.1" 200 21148 "-" "Mozilla/5.0 (compatible; SERankingBacklinksBot/1.0; +https://seranking.com/backlinks-crawler)"
74.7.243.238 - - [01/Mar/2026:15:01:57 +0000] "GET /whsy.php?e=ksm_merging_pages&p=%2Fproc%2F11146%2Ftask%2F9357 HTTP/2.0" 200 1802 "https://23rdbanking.com/whsy.php?p=%2Fproc%2F11146%2Ftask%2F9357" "Mozilla/5.0 AppleWebKit/537.36 (KHTML, like Gecko; compatible; GPTBot/1.3; +https://openai.com/gptbot)"
144.76.32.190 - - [01/Mar/2026:15:01:58 +0000] "GET /whsy.php?e=76b1e0f74177654d7ed026e415f203da&p=/var/tmp HTTP/1.1" 200 23913 "-" "Mozilla/5.0 (compatible; SERankingBacklinksBot/1.0; +https://seranking.com/backlinks-crawler)"
144.76.32.190 - - [01/Mar/2026:15:02:02 +0000] "GET /whsy.php?e=76e0ae8c3f0dea23f37db72d25a33ae1&p=/var/tmp HTTP/1.1" 200 21133 "-" "Mozilla/5.0 (compatible; SERankingBacklinksBot/1.0; +https://seranking.com/backlinks-crawler)"
74.7.242.43 - - [01/Mar/2026:15:02:02 +0000] "GET /whsy.php?e=statm&p=%2Fproc%2F29451 HTTP/2.0" 200 1995 "https://www.23rdbanking.com.lab2454.com/whsy.php?p=%2Fproc%2F29451" "Mozilla/5.0 AppleWebKit/537.36 (KHTML, like Gecko; compatible; GPTBot/1.3; +https://openai.com/gptbot)"
74.7.243.238 - - [01/Mar/2026:15:02:04 +0000] "GET /whsy.php?e=ksm_merging_pages&p=%2Fproc%2F11146%2Ftask%2F9358 HTTP/2.0" 200 1800 "https://23rdbanking.com/whsy.php?p=%2Fproc%2F11146%2Ftask%2F9358" "Mozilla/5.0 AppleWebKit/537.36 (KHTML, like Gecko; compatible; GPTBot/1.3; +https://openai.com/gptbot)"
144.76.32.190 - - [01/Mar/2026:15:02:05 +0000] "GET /whsy.php?e=76e7b0221c8cf51ad1a66d0840f12904&p=/var/tmp HTTP/1.1" 200 21545 "-" "Mozilla/5.0 (compatible; SERankingBacklinksBot/1.0; +https://seranking.com/backlinks-crawler)"
144.76.32.190 - - [01/Mar/2026:15:02:08 +0000] "GET /whsy.php?e=781380d56cabcf239eda557bb0e3f2e5&p=/var/tmp HTTP/1.1" 200 21148 "-" "Mozilla/5.0 (compatible; SERankingBacklinksBot/1.0; +https://seranking.com/backlinks-crawler)"
74.7.242.43 - - [01/Mar/2026:15:02:11 +0000] "GET /whsy.php?e=statm&p=%2Fproc%2F32758 HTTP/2.0" 200 863 "https://www.23rdbanking.com.lab2454.com/whsy.php?p=%2Fproc%2F32758" "Mozilla/5.0 AppleWebKit/537.36 (KHTML, like Gecko; compatible; GPTBot/1.3; +https://openai.com/gptbot)"
144.76.32.190 - - [01/Mar/2026:15:02:11 +0000] "GET /whsy.php?e=7839ab6fae889adb9c1bba30b4bf2503&p=/var/tmp HTTP/1.1" 200 23909 "-" "Mozilla/5.0 (compatible; SERankingBacklinksBot/1.0; +https://seranking.com/backlinks-crawler)"
74.7.243.238 - - [01/Mar/2026:15:02:12 +0000] "GET /whsy.php?e=cmdline&p=%2Fproc%2F11146%2Ftask%2F9572 HTTP/2.0" 200 1907 "https://23rdbanking.com/whsy.php?p=%2Fproc%2F11146%2Ftask%2F9572" "Mozilla/5.0 AppleWebKit/537.36 (KHTML, like Gecko; compatible; GPTBot/1.3; +https://openai.com/gptbot)"
144.76.32.190 - - [01/Mar/2026:15:02:14 +0000] "GET /whsy.php?e=798a05b92331fb50bf77f0efa61ebfc7&p=/var/tmp HTTP/1.1" 200 23913 "-" "Mozilla/5.0 (compatible; SERankingBacklinksBot/1.0; +https://seranking.com/backlinks-crawler)"
144.76.32.190 - - [01/Mar/2026:15:02:18 +0000] "GET /whsy.php?e=7b6f9864091d955400911e28072e81b3&p=/var/tmp HTTP/1.1" 200 21168 "-" "Mozilla/5.0 (compatible; SERankingBacklinksBot/1.0; +https://seranking.com/backlinks-crawler)"
74.7.242.43 - - [01/Mar/2026:15:02:19 +0000] "GET /whsy.php?e=auxv&p=%2Fproc%2F29487 HTTP/2.0" 200 1936 "https://www.23rdbanking.com.lab2454.com/whsy.php?p=%2Fproc%2F29487" "Mozilla/5.0 AppleWebKit/537.36 (KHTML, like Gecko; compatible; GPTBot/1.3; +https://openai.com/gptbot)"
74.7.243.238 - - [01/Mar/2026:15:02:20 +0000] "GET /whsy.php?e=environ&p=%2Fproc%2F11146%2Ftask%2F9358 HTTP/2.0" 200 1800 "https://23rdbanking.com/whsy.php?p=%2Fproc%2F11146%2Ftask%2F9358" "Mozilla/5.0 AppleWebKit/537.36 (KHTML, like Gecko; compatible; GPTBot/1.3; +https://openai.com/gptbot)"
144.76.32.190 - - [01/Mar/2026:15:02:21 +0000] "GET /whsy.php?e=7b82e96c8f37e160e0b3b3aac4ddc0f7&p=/var/tmp HTTP/1.1" 200 21148 "-" "Mozilla/5.0 (compatible; SERankingBacklinksBot/1.0; +https://seranking.com/backlinks-crawler)"
144.76.32.190 - - [01/Mar/2026:15:02:24 +0000] "GET /whsy.php?e=7b8c9a9e01a5a6f4495d1ac79993be67&p=/var/tmp HTTP/1.1" 200 21147 "-" "Mozilla/5.0 (compatible; SERankingBacklinksBot/1.0; +https://seranking.com/backlinks-crawler)"
74.7.242.43 - - [01/Mar/2026:15:02:27 +0000] "GET /whsy.php?e=auxv&p=%2Fproc%2F32758 HTTP/2.0" 200 863 "https://www.23rdbanking.com.lab2454.com/whsy.php?p=%2Fproc%2F32758" "Mozilla/5.0 AppleWebKit/537.36 (KHTML, like Gecko; compatible; GPTBot/1.3; +https://openai.com/gptbot)"
144.76.32.190 - - [01/Mar/2026:15:02:27 +0000] "GET /whsy.php?e=7b9d16735b27ce0d159cf860fae6cc53&p=/var/tmp HTTP/1.1" 200 23913 "-" "Mozilla/5.0 (compatible; SERankingBacklinksBot/1.0; +https://seranking.com/backlinks-crawler)"
74.7.243.238 - - [01/Mar/2026:15:02:29 +0000] "GET /whsy.php?e=environ&p=%2Fproc%2F11146%2Ftask%2F9357 HTTP/2.0" 200 1802 "https://23rdbanking.com/whsy.php?p=%2Fproc%2F11146%2Ftask%2F9357" "Mozilla/5.0 AppleWebKit/537.36 (KHTML, like Gecko; compatible; GPTBot/1.3; +https://openai.com/gptbot)"
144.76.32.190 - - [01/Mar/2026:15:02:31 +0000] "GET /whsy.php?e=7c7e4f5274b2ec96856d7652df497391&p=/var/tmp HTTP/1.1" 200 21149 "-" "Mozilla/5.0 (compatible; SERankingBacklinksBot/1.0; +https://seranking.com/backlinks-crawler)"
144.76.32.190 - - [01/Mar/2026:15:02:34 +0000] "GET /whsy.php?e=7d34c46b74b6a859140474c732439534&p=/var/tmp HTTP/1.1" 200 23914 "-" "Mozilla/5.0 (compatible; SERankingBacklinksBot/1.0; +https://seranking.com/backlinks-crawler)"
74.7.242.43 - - [01/Mar/2026:15:02:34 +0000] "GET /whsy.php?e=auxv&p=%2Fproc%2F29751 HTTP/2.0" 200 863 "https://www.23rdbanking.com.lab2454.com/whsy.php?p=%2Fproc%2F29751" "Mozilla/5.0 AppleWebKit/537.36 (KHTML, like Gecko; compatible; GPTBot/1.3; +https://openai.com/gptbot)"
74.7.243.238 - - [01/Mar/2026:15:02:35 +0000] "GET /whsy.php?e=environ&p=%2Fproc%2F11146%2Ftask%2F9360 HTTP/2.0" 200 1801 "https://23rdbanking.com/whsy.php?p=%2Fproc%2F11146%2Ftask%2F9360" "Mozilla/5.0 AppleWebKit/537.36 (KHTML, like Gecko; compatible; GPTBot/1.3; +https://openai.com/gptbot)"
144.76.32.190 - - [01/Mar/2026:15:02:37 +0000] "GET /whsy.php?e=7e5e146e8f4b4bc2d4c4da205e0c740f&p=/var/tmp HTTP/1.1" 200 21167 "-" "Mozilla/5.0 (compatible; SERankingBacklinksBot/1.0; +https://seranking.com/backlinks-crawler)"
74.7.242.43 - - [01/Mar/2026:15:02:39 +0000] "GET /whsy.php?e=auxv&p=%2Fproc%2F15358 HTTP/2.0" 200 863 "https://www.23rdbanking.com.lab2454.com/whsy.php?p=%2Fproc%2F15358" "Mozilla/5.0 AppleWebKit/537.36 (KHTML, like Gecko; compatible; GPTBot/1.3; +https://openai.com/gptbot)"
74.7.243.238 - - [01/Mar/2026:15:02:40 +0000] "GET /whsy.php?e=environ&p=%2Fproc%2F11146%2Ftask%2F9365 HTTP/2.0" 200 1801 "https://23rdbanking.com/whsy.php?p=%2Fproc%2F11146%2Ftask%2F9365" "Mozilla/5.0 AppleWebKit/537.36 (KHTML, like Gecko; compatible; GPTBot/1.3; +https://openai.com/gptbot)"
144.76.32.190 - - [01/Mar/2026:15:02:40 +0000] "GET /whsy.php?e=7e61f3ef29e177a48bdf89c8d4f0f842&p=/var/tmp HTTP/1.1" 200 22466 "-" "Mozilla/5.0 (compatible; SERankingBacklinksBot/1.0; +https://seranking.com/backlinks-crawler)"
144.76.32.190 - - [01/Mar/2026:15:02:44 +0000] "GET /whsy.php?e=7eae533c197cb3844c82f1640db31292&p=/var/tmp HTTP/1.1" 200 23909 "-" "Mozilla/5.0 (compatible; SERankingBacklinksBot/1.0; +https://seranking.com/backlinks-crawler)"
74.7.242.43 - - [01/Mar/2026:15:02:44 +0000] "GET /whsy.php?e=auxv&p=%2Fproc%2F30015 HTTP/2.0" 200 863 "https://www.23rdbanking.com.lab2454.com/whsy.php?p=%2Fproc%2F30015" "Mozilla/5.0 AppleWebKit/537.36 (KHTML, like Gecko; compatible; GPTBot/1.3; +https://openai.com/gptbot)"
74.7.243.238 - - [01/Mar/2026:15:02:45 +0000] "GET /whsy.php?e=environ&p=%2Fproc%2F11146%2Ftask%2F9568 HTTP/2.0" 200 1801 "https://23rdbanking.com/whsy.php?p=%2Fproc%2F11146%2Ftask%2F9568" "Mozilla/5.0 AppleWebKit/537.36 (KHTML, like Gecko; compatible; GPTBot/1.3; +https://openai.com/gptbot)"
144.76.32.190 - - [01/Mar/2026:15:02:47 +0000] "GET /whsy.php?e=7ee60c178edc6e1bddb0efc160f4f02a&p=/var/tmp HTTP/1.1" 200 24012 "-" "Mozilla/5.0 (compatible; SERankingBacklinksBot/1.0; +https://seranking.com/backlinks-crawler)"
144.76.32.190 - - [01/Mar/2026:15:02:50 +0000] "GET /whsy.php?e=7f10c1488ffc43099cccffb1767ca0f1&p=/var/tmp HTTP/1.1" 200 23915 "-" "Mozilla/5.0 (compatible; SERankingBacklinksBot/1.0; +https://seranking.com/backlinks-crawler)"
74.7.242.43 - - [01/Mar/2026:15:02:51 +0000] "GET /whsy.php?e=auxv&p=%2Fproc%2F29451 HTTP/2.0" 200 1977 "https://www.23rdbanking.com.lab2454.com/whsy.php?p=%2Fproc%2F29451" "Mozilla/5.0 AppleWebKit/537.36 (KHTML, like Gecko; compatible; GPTBot/1.3; +https://openai.com/gptbot)"
74.7.243.238 - - [01/Mar/2026:15:02:53 +0000] "GET /whsy.php?e=environ&p=%2Fproc%2F11146%2Ftask%2F9356 HTTP/2.0" 200 1800 "https://23rdbanking.com/whsy.php?p=%2Fproc%2F11146%2Ftask%2F9356" "Mozilla/5.0 AppleWebKit/537.36 (KHTML, like Gecko; compatible; GPTBot/1.3; +https://openai.com/gptbot)"
144.76.32.190 - - [01/Mar/2026:15:02:53 +0000] "GET /whsy.php?e=7f633f62f92877fa5ba19282c9561878&p=/var/tmp HTTP/1.1" 200 21153 "-" "Mozilla/5.0 (compatible; SERankingBacklinksBot/1.0; +https://seranking.com/backlinks-crawler)"
144.76.32.190 - - [01/Mar/2026:15:02:56 +0000] "GET /whsy.php?e=7f75577e193d57aff87f37f7d06955b1&p=/var/tmp HTTP/1.1" 200 23912 "-" "Mozilla/5.0 (compatible; SERankingBacklinksBot/1.0; +https://seranking.com/backlinks-crawler)"
144.76.32.190 - - [01/Mar/2026:15:03:00 +0000] "GET /whsy.php?e=803ba1440392144c9bb4ab73cc4c1d2c&p=/var/tmp HTTP/1.1" 200 21149 "-" "Mozilla/5.0 (compatible; SERankingBacklinksBot/1.0; +https://seranking.com/backlinks-crawler)"
74.7.242.43 - - [01/Mar/2026:15:03:00 +0000] "GET /whsy.php?e=pagemap&p=%2Fproc%2F29455 HTTP/2.0" 200 562 "https://www.23rdbanking.com.lab2454.com/whsy.php?p=%2Fproc%2F29455" "Mozilla/5.0 AppleWebKit/537.36 (KHTML, like Gecko; compatible; GPTBot/1.3; +https://openai.com/gptbot)"
74.7.243.238 - - [01/Mar/2026:15:03:01 +0000] "GET /whsy.php?e=nf_conntrack_expect&p=%2Fproc%2F11146%2Ftask%2F11063%2Fnet HTTP/2.0" 200 2466 "https://23rdbanking.com/whsy.php?p=%2Fproc%2F11146%2Ftask%2F11063%2Fnet" "Mozilla/5.0 AppleWebKit/537.36 (KHTML, like Gecko; compatible; GPTBot/1.3; +https://openai.com/gptbot)"
144.76.32.190 - - [01/Mar/2026:15:03:03 +0000] "GET /whsy.php?e=803ff272e4aa4d6d24c70136cf70a9cf&p=/var/tmp HTTP/1.1" 200 21152 "-" "Mozilla/5.0 (compatible; SERankingBacklinksBot/1.0; +https://seranking.com/backlinks-crawler)"
144.76.32.190 - - [01/Mar/2026:15:03:06 +0000] "GET /whsy.php?e=81576125e944104327f3758d810ec719&p=/var/tmp HTTP/1.1" 200 21151 "-" "Mozilla/5.0 (compatible; SERankingBacklinksBot/1.0; +https://seranking.com/backlinks-crawler)"
74.7.242.43 - - [01/Mar/2026:15:03:08 +0000] "GET /whsy.php?e=syscall&p=%2Fproc%2F29452 HTTP/2.0" 200 2019 "https://www.23rdbanking.com.lab2454.com/whsy.php?p=%2Fproc%2F29452" "Mozilla/5.0 AppleWebKit/537.36 (KHTML, like Gecko; compatible; GPTBot/1.3; +https://openai.com/gptbot)"
74.7.243.238 - - [01/Mar/2026:15:03:09 +0000] "GET /whsy.php?p=%2Fproc%2F11146%2Ftask%2F9356%2Fattr HTTP/2.0" 200 818 "https://23rdbanking.com/whsy.php?p=%2Fproc%2F11146%2Ftask%2F9356" "Mozilla/5.0 AppleWebKit/537.36 (KHTML, like Gecko; compatible; GPTBot/1.3; +https://openai.com/gptbot)"
144.76.32.190 - - [01/Mar/2026:15:03:09 +0000] "GET /whsy.php?e=81669bca6699728f9e0f7a486b507b26&p=/var/tmp HTTP/1.1" 200 23912 "-" "Mozilla/5.0 (compatible; SERankingBacklinksBot/1.0; +https://seranking.com/backlinks-crawler)"
144.76.32.190 - - [01/Mar/2026:15:03:13 +0000] "GET /whsy.php?e=81677b01b2d3bea78f0c89fd61868302&p=/var/tmp HTTP/1.1" 200 21149 "-" "Mozilla/5.0 (compatible; SERankingBacklinksBot/1.0; +https://seranking.com/backlinks-crawler)"
74.7.242.43 - - [01/Mar/2026:15:03:14 +0000] "GET /whsy.php?e=pagemap&p=%2Fproc%2F20334 HTTP/2.0" 200 863 "https://www.23rdbanking.com.lab2454.com/whsy.php?p=%2Fproc%2F20334" "Mozilla/5.0 AppleWebKit/537.36 (KHTML, like Gecko; compatible; GPTBot/1.3; +https://openai.com/gptbot)"
74.7.243.238 - - [01/Mar/2026:15:03:15 +0000] "GET /whsy.php?e=ip6_tables_matches&p=%2Fproc%2F11146%2Ftask%2F29202%2Fnet HTTP/2.0" 200 2467 "https://23rdbanking.com/whsy.php?p=%2Fproc%2F11146%2Ftask%2F29202%2Fnet" "Mozilla/5.0 AppleWebKit/537.36 (KHTML, like Gecko; compatible; GPTBot/1.3; +https://openai.com/gptbot)"
144.76.32.190 - - [01/Mar/2026:15:03:16 +0000] "GET /whsy.php?e=82ca05a2ebcb9706ba956675c0e08c7b&p=/var/tmp HTTP/1.1" 200 23913 "-" "Mozilla/5.0 (compatible; SERankingBacklinksBot/1.0; +https://seranking.com/backlinks-crawler)"
144.76.32.190 - - [01/Mar/2026:15:03:19 +0000] "GET /whsy.php?e=82fc2b35da70985e1f643d5853ed19a2&p=/var/tmp HTTP/1.1" 200 23914 "-" "Mozilla/5.0 (compatible; SERankingBacklinksBot/1.0; +https://seranking.com/backlinks-crawler)"
74.7.242.43 - - [01/Mar/2026:15:03:21 +0000] "GET /whsy.php?e=auxv&p=%2Fproc%2F13097 HTTP/2.0" 200 1935 "https://www.23rdbanking.com.lab2454.com/whsy.php?p=%2Fproc%2F13097" "Mozilla/5.0 AppleWebKit/537.36 (KHTML, like Gecko; compatible; GPTBot/1.3; +https://openai.com/gptbot)"
74.7.230.21 - - [01/Mar/2026:15:03:21 +0000] "GET /robots.txt HTTP/2.0" 404 - "-" "Mozilla/5.0 (Macintosh; Intel Mac OS X 10_15_7) AppleWebKit/537.36 (KHTML, like Gecko) Chrome/131.0.0.0 Safari/537.36; compatible; OAI-SearchBot/1.3; robots.txt; +https://openai.com/searchbot"
74.7.243.238 - - [01/Mar/2026:15:03:21 +0000] "GET /whsy.php?e=arp_tables_targets&p=%2Fproc%2F11146%2Ftask%2F12489%2Fnet HTTP/2.0" 200 2467 "https://23rdbanking.com/whsy.php?p=%2Fproc%2F11146%2Ftask%2F12489%2Fnet" "Mozilla/5.0 AppleWebKit/537.36 (KHTML, like Gecko; compatible; GPTBot/1.3; +https://openai.com/gptbot)"
144.76.32.190 - - [01/Mar/2026:15:03:22 +0000] "GET /whsy.php?e=844032a2511335a85ea60f93e4d747ef&p=/var/tmp HTTP/1.1" 200 23910 "-" "Mozilla/5.0 (compatible; SERankingBacklinksBot/1.0; +https://seranking.com/backlinks-crawler)"
144.76.32.190 - - [01/Mar/2026:15:03:25 +0000] "GET /whsy.php?e=858cc2bb7feb574295ea06eed0a810f9&p=/var/tmp HTTP/1.1" 200 21168 "-" "Mozilla/5.0 (compatible; SERankingBacklinksBot/1.0; +https://seranking.com/backlinks-crawler)"
144.76.32.190 - - [01/Mar/2026:15:03:29 +0000] "GET /whsy.php?e=86c2f626434f4e0cd9c849d001540261&p=/var/tmp HTTP/1.1" 200 21149 "-" "Mozilla/5.0 (compatible; SERankingBacklinksBot/1.0; +https://seranking.com/backlinks-crawler)"
74.7.243.238 - - [01/Mar/2026:15:03:30 +0000] "GET /whsy.php?e=ip6_tables_targets&p=%2Fproc%2F11146%2Ftask%2F29202%2Fnet HTTP/2.0" 200 2467 "https://23rdbanking.com/whsy.php?p=%2Fproc%2F11146%2Ftask%2F29202%2Fnet" "Mozilla/5.0 AppleWebKit/537.36 (KHTML, like Gecko; compatible; GPTBot/1.3; +https://openai.com/gptbot)"
74.7.242.43 - - [01/Mar/2026:15:03:29 +0000] "GET /whsy.php?e=pagemap&p=%2Fproc%2F29452 HTTP/2.0" 200 562 "https://www.23rdbanking.com.lab2454.com/whsy.php?p=%2Fproc%2F29452" "Mozilla/5.0 AppleWebKit/537.36 (KHTML, like Gecko; compatible; GPTBot/1.3; +https://openai.com/gptbot)"
144.76.32.190 - - [01/Mar/2026:15:03:32 +0000] "GET /whsy.php?e=878dca65058694dd5a4f399c328429b2&p=/var/tmp HTTP/1.1" 200 21147 "-" "Mozilla/5.0 (compatible; SERankingBacklinksBot/1.0; +https://seranking.com/backlinks-crawler)"
144.76.32.190 - - [01/Mar/2026:15:03:35 +0000] "GET /whsy.php?e=87cd51d95fca73f65e7d8b12e5ba566a&p=/var/tmp HTTP/1.1" 200 23915 "-" "Mozilla/5.0 (compatible; SERankingBacklinksBot/1.0; +https://seranking.com/backlinks-crawler)"
144.76.32.190 - - [01/Mar/2026:15:03:38 +0000] "GET /whsy.php?e=87ed3140e4919dcd7205c96b13b483bb&p=/var/tmp HTTP/1.1" 200 21134 "-" "Mozilla/5.0 (compatible; SERankingBacklinksBot/1.0; +https://seranking.com/backlinks-crawler)"
144.76.32.190 - - [01/Mar/2026:15:03:41 +0000] "GET /whsy.php?e=886c6c01d41a6569591f56ccfcaed999&p=/var/tmp HTTP/1.1" 200 21133 "-" "Mozilla/5.0 (compatible; SERankingBacklinksBot/1.0; +https://seranking.com/backlinks-crawler)"
144.76.32.190 - - [01/Mar/2026:15:03:45 +0000] "GET /whsy.php?e=8a79539c279dd8c8c5c0d7308374ec38&p=/var/tmp HTTP/1.1" 200 21148 "-" "Mozilla/5.0 (compatible; SERankingBacklinksBot/1.0; +https://seranking.com/backlinks-crawler)"
144.76.32.190 - - [01/Mar/2026:15:03:48 +0000] "GET /whsy.php?e=8b0de8b002500d11b504e8ef4d90a405&p=/var/tmp HTTP/1.1" 200 21148 "-" "Mozilla/5.0 (compatible; SERankingBacklinksBot/1.0; +https://seranking.com/backlinks-crawler)"
74.7.243.238 - - [01/Mar/2026:15:03:48 +0000] "GET /whsy.php?e=arp_tables_targets&p=%2Fproc%2F11146%2Ftask%2F9572%2Fnet HTTP/2.0" 200 2464 "https://23rdbanking.com/whsy.php?p=%2Fproc%2F11146%2Ftask%2F9572%2Fnet" "Mozilla/5.0 AppleWebKit/537.36 (KHTML, like Gecko; compatible; GPTBot/1.3; +https://openai.com/gptbot)"
74.7.242.43 - - [01/Mar/2026:15:03:49 +0000] "GET /whsy.php?e=exe&p=%2Fproc%2F13097 HTTP/2.0" 200 1935 "https://www.23rdbanking.com.lab2454.com/whsy.php?p=%2Fproc%2F13097" "Mozilla/5.0 AppleWebKit/537.36 (KHTML, like Gecko; compatible; GPTBot/1.3; +https://openai.com/gptbot)"
144.76.32.190 - - [01/Mar/2026:15:03:51 +0000] "GET /whsy.php?e=8b80bc523566d1aabb21dc2b62e0aa5b&p=/var/tmp HTTP/1.1" 200 21544 "-" "Mozilla/5.0 (compatible; SERankingBacklinksBot/1.0; +https://seranking.com/backlinks-crawler)"
144.76.32.190 - - [01/Mar/2026:15:03:54 +0000] "GET /whsy.php?e=8d58bbad54bb4a51d98b87ff3a844431&p=/var/tmp HTTP/1.1" 200 25849 "-" "Mozilla/5.0 (compatible; SERankingBacklinksBot/1.0; +https://seranking.com/backlinks-crawler)"
144.76.32.190 - - [01/Mar/2026:15:03:57 +0000] "GET /whsy.php?e=8e8a4b1a397e0c2d66d3268e0d228037&p=/var/tmp HTTP/1.1" 200 21592 "-" "Mozilla/5.0 (compatible; SERankingBacklinksBot/1.0; +https://seranking.com/backlinks-crawler)"
74.7.243.238 - - [01/Mar/2026:15:04:00 +0000] "GET /whsy.php?e=arp_tables_targets&p=%2Fproc%2F11146%2Ftask%2F10926%2Fnet HTTP/2.0" 200 2465 "https://23rdbanking.com/whsy.php?p=%2Fproc%2F11146%2Ftask%2F10926%2Fnet" "Mozilla/5.0 AppleWebKit/537.36 (KHTML, like Gecko; compatible; GPTBot/1.3; +https://openai.com/gptbot)"
74.7.242.43 - - [01/Mar/2026:15:04:00 +0000] "GET /whsy.php?e=wchan&p=%2Fproc%2F15358 HTTP/2.0" 200 863 "https://www.23rdbanking.com.lab2454.com/whsy.php?p=%2Fproc%2F15358" "Mozilla/5.0 AppleWebKit/537.36 (KHTML, like Gecko; compatible; GPTBot/1.3; +https://openai.com/gptbot)"
144.76.32.190 - - [01/Mar/2026:15:04:01 +0000] "GET /whsy.php?e=8fedf0b3518aa18fbbf96fe02db6f412&p=/var/tmp HTTP/1.1" 200 23911 "-" "Mozilla/5.0 (compatible; SERankingBacklinksBot/1.0; +https://seranking.com/backlinks-crawler)"
144.76.32.190 - - [01/Mar/2026:15:04:04 +0000] "GET /whsy.php?e=9114b1e53b167a87f56e10bef1df160f&p=/var/tmp HTTP/1.1" 200 21168 "-" "Mozilla/5.0 (compatible; SERankingBacklinksBot/1.0; +https://seranking.com/backlinks-crawler)"
144.76.32.190 - - [01/Mar/2026:15:04:07 +0000] "GET /whsy.php?e=91c1f8fe180cdeb0ddbd429806115721&p=/var/tmp HTTP/1.1" 200 23910 "-" "Mozilla/5.0 (compatible; SERankingBacklinksBot/1.0; +https://seranking.com/backlinks-crawler)"
74.7.243.238 - - [01/Mar/2026:15:04:08 +0000] "GET /whsy.php?e=arp_tables_targets&p=%2Fproc%2F11146%2Ftask%2F12785%2Fnet HTTP/2.0" 200 2468 "https://23rdbanking.com/whsy.php?p=%2Fproc%2F11146%2Ftask%2F12785%2Fnet" "Mozilla/5.0 AppleWebKit/537.36 (KHTML, like Gecko; compatible; GPTBot/1.3; +https://openai.com/gptbot)"
74.7.242.43 - - [01/Mar/2026:15:04:08 +0000] "GET /whsy.php?e=stack&p=%2Fproc%2F20334 HTTP/2.0" 200 863 "https://www.23rdbanking.com.lab2454.com/whsy.php?p=%2Fproc%2F20334" "Mozilla/5.0 AppleWebKit/537.36 (KHTML, like Gecko; compatible; GPTBot/1.3; +https://openai.com/gptbot)"
144.76.32.190 - - [01/Mar/2026:15:04:10 +0000] "GET /whsy.php?e=92c1b0786ced397c8918f7de178278f8&p=/var/tmp HTTP/1.1" 200 23914 "-" "Mozilla/5.0 (compatible; SERankingBacklinksBot/1.0; +https://seranking.com/backlinks-crawler)"
144.76.32.190 - - [01/Mar/2026:15:04:13 +0000] "GET /whsy.php?e=98ee3be0e0ace285be3767ce8983729e&p=/var/tmp HTTP/1.1" 200 21147 "-" "Mozilla/5.0 (compatible; SERankingBacklinksBot/1.0; +https://seranking.com/backlinks-crawler)"
74.7.243.238 - - [01/Mar/2026:15:04:16 +0000] "GET /whsy.php?p=%2Fproc%2F11146%2Ftask%2F12774%2Fnet%2Fip6t_hashlimit%2F.. HTTP/2.0" 200 2468 "https://23rdbanking.com/whsy.php?p=%2Fproc%2F11146%2Ftask%2F12774%2Fnet%2Fip6t_hashlimit" "Mozilla/5.0 AppleWebKit/537.36 (KHTML, like Gecko; compatible; GPTBot/1.3; +https://openai.com/gptbot)"
74.7.242.43 - - [01/Mar/2026:15:04:17 +0000] "GET /whsy.php?e=sched&p=%2Fproc%2F13097 HTTP/2.0" 200 2474 "https://www.23rdbanking.com.lab2454.com/whsy.php?p=%2Fproc%2F13097" "Mozilla/5.0 AppleWebKit/537.36 (KHTML, like Gecko; compatible; GPTBot/1.3; +https://openai.com/gptbot)"
144.76.32.190 - - [01/Mar/2026:15:04:17 +0000] "GET /whsy.php?e=99050a4d44c9ca4e80f251c702c3ccc4&p=/var/tmp HTTP/1.1" 200 21149 "-" "Mozilla/5.0 (compatible; SERankingBacklinksBot/1.0; +https://seranking.com/backlinks-crawler)"
144.76.32.190 - - [01/Mar/2026:15:04:20 +0000] "GET /whsy.php?e=9964c8f32128e4706fa2577707d75b49&p=/var/tmp HTTP/1.1" 200 23914 "-" "Mozilla/5.0 (compatible; SERankingBacklinksBot/1.0; +https://seranking.com/backlinks-crawler)"
144.76.32.190 - - [01/Mar/2026:15:04:23 +0000] "GET /whsy.php?e=9ad7edeb10cae9378b5126118a2d8e70&p=/var/tmp HTTP/1.1" 200 21148 "-" "Mozilla/5.0 (compatible; SERankingBacklinksBot/1.0; +https://seranking.com/backlinks-crawler)"
74.7.243.238 - - [01/Mar/2026:15:04:26 +0000] "GET /whsy.php?e=uid_map&p=%2Fproc%2F11146%2Ftask%2F12785 HTTP/2.0" 200 1886 "https://23rdbanking.com/whsy.php?p=%2Fproc%2F11146%2Ftask%2F12785" "Mozilla/5.0 AppleWebKit/537.36 (KHTML, like Gecko; compatible; GPTBot/1.3; +https://openai.com/gptbot)"
144.76.32.190 - - [01/Mar/2026:15:04:26 +0000] "GET /whsy.php?e=9bbd045dc3e64fa51b956971045cb0ad&p=/var/tmp HTTP/1.1" 200 21169 "-" "Mozilla/5.0 (compatible; SERankingBacklinksBot/1.0; +https://seranking.com/backlinks-crawler)"
74.7.242.43 - - [01/Mar/2026:15:04:27 +0000] "GET /whsy.php?e=wchan&p=%2Fproc%2F30015 HTTP/2.0" 200 863 "https://www.23rdbanking.com.lab2454.com/whsy.php?p=%2Fproc%2F30015" "Mozilla/5.0 AppleWebKit/537.36 (KHTML, like Gecko; compatible; GPTBot/1.3; +https://openai.com/gptbot)"
144.76.32.190 - - [01/Mar/2026:15:04:30 +0000] "GET /whsy.php?e=9c6a5c5fb17217789b1133c06392dff5&p=/var/tmp HTTP/1.1" 200 21149 "-" "Mozilla/5.0 (compatible; SERankingBacklinksBot/1.0; +https://seranking.com/backlinks-crawler)"
144.76.32.190 - - [01/Mar/2026:15:04:33 +0000] "GET /whsy.php?e=9d9830d214e322549e8cc9ee51967e39&p=/var/tmp HTTP/1.1" 200 21147 "-" "Mozilla/5.0 (compatible; SERankingBacklinksBot/1.0; +https://seranking.com/backlinks-crawler)"
74.7.243.238 - - [01/Mar/2026:15:04:33 +0000] "GET /whsy.php?e=uid_map&p=%2Fproc%2F11146%2Ftask%2F10925 HTTP/2.0" 200 1884 "https://23rdbanking.com/whsy.php?p=%2Fproc%2F11146%2Ftask%2F10925" "Mozilla/5.0 AppleWebKit/537.36 (KHTML, like Gecko; compatible; GPTBot/1.3; +https://openai.com/gptbot)"
74.7.242.43 - - [01/Mar/2026:15:04:34 +0000] "GET /whsy.php?e=stack&p=%2Fproc%2F29455 HTTP/2.0" 200 1979 "https://www.23rdbanking.com.lab2454.com/whsy.php?p=%2Fproc%2F29455" "Mozilla/5.0 AppleWebKit/537.36 (KHTML, like Gecko; compatible; GPTBot/1.3; +https://openai.com/gptbot)"
144.76.32.190 - - [01/Mar/2026:15:04:36 +0000] "GET /whsy.php?e=9da06e57cb5bcff1fa20367d7d3a81af&p=/var/tmp HTTP/1.1" 200 21148 "-" "Mozilla/5.0 (compatible; SERankingBacklinksBot/1.0; +https://seranking.com/backlinks-crawler)"
144.76.32.190 - - [01/Mar/2026:15:04:39 +0000] "GET /whsy.php?e=9def2ea363bde14ffc35dc578f4fbe9f&p=/var/tmp HTTP/1.1" 200 21545 "-" "Mozilla/5.0 (compatible; SERankingBacklinksBot/1.0; +https://seranking.com/backlinks-crawler)"
144.76.32.190 - - [01/Mar/2026:15:04:42 +0000] "GET /whsy.php?e=9dfd6e08d0edd971e85542a846bf6707&p=/var/tmp HTTP/1.1" 200 23910 "-" "Mozilla/5.0 (compatible; SERankingBacklinksBot/1.0; +https://seranking.com/backlinks-crawler)"
74.7.243.238 - - [01/Mar/2026:15:04:42 +0000] "GET /whsy.php?e=gid_map&p=%2Fproc%2F11146%2Ftask%2F10925 HTTP/2.0" 200 1888 "https://23rdbanking.com/whsy.php?p=%2Fproc%2F11146%2Ftask%2F10925" "Mozilla/5.0 AppleWebKit/537.36 (KHTML, like Gecko; compatible; GPTBot/1.3; +https://openai.com/gptbot)"
74.7.242.43 - - [01/Mar/2026:15:04:43 +0000] "GET /whsy.php?e=statm&p=%2Fproc%2F29455 HTTP/2.0" 200 2001 "https://www.23rdbanking.com.lab2454.com/whsy.php?p=%2Fproc%2F29455" "Mozilla/5.0 AppleWebKit/537.36 (KHTML, like Gecko; compatible; GPTBot/1.3; +https://openai.com/gptbot)"
144.76.32.190 - - [01/Mar/2026:15:04:46 +0000] "GET /whsy.php?e=9e37da290f637dc036fed7cdce62f644&p=/var/tmp HTTP/1.1" 200 23894 "-" "Mozilla/5.0 (compatible; SERankingBacklinksBot/1.0; +https://seranking.com/backlinks-crawler)"
144.76.32.190 - - [01/Mar/2026:15:04:49 +0000] "GET /whsy.php?e=a012d25bee3616f3f202d9aa27579985&p=/var/tmp HTTP/1.1" 200 21149 "-" "Mozilla/5.0 (compatible; SERankingBacklinksBot/1.0; +https://seranking.com/backlinks-crawler)"
74.7.243.238 - - [01/Mar/2026:15:04:51 +0000] "GET /whsy.php?p=%2Fproc%2F11146%2Ftask%2F9356%2Fattr%2F.. HTTP/2.0" 200 1800 "https://23rdbanking.com/whsy.php?p=%2Fproc%2F11146%2Ftask%2F9356%2Fattr" "Mozilla/5.0 AppleWebKit/537.36 (KHTML, like Gecko; compatible; GPTBot/1.3; +https://openai.com/gptbot)"
74.7.242.43 - - [01/Mar/2026:15:04:51 +0000] "GET /whsy.php?e=statm&p=%2Fproc%2F20334 HTTP/2.0" 200 863 "https://www.23rdbanking.com.lab2454.com/whsy.php?p=%2Fproc%2F20334" "Mozilla/5.0 AppleWebKit/537.36 (KHTML, like Gecko; compatible; GPTBot/1.3; +https://openai.com/gptbot)"
144.76.32.190 - - [01/Mar/2026:15:04:52 +0000] "GET /whsy.php?e=a0a415041476fe9d31d259558c35e3d3&p=/var/tmp HTTP/1.1" 200 21148 "-" "Mozilla/5.0 (compatible; SERankingBacklinksBot/1.0; +https://seranking.com/backlinks-crawler)"
144.76.32.190 - - [01/Mar/2026:15:04:55 +0000] "GET /whsy.php?e=a1e217a5cf1e39fe550bf300c97ab75c&p=/var/tmp HTTP/1.1" 200 23806 "-" "Mozilla/5.0 (compatible; SERankingBacklinksBot/1.0; +https://seranking.com/backlinks-crawler)"
144.76.32.190 - - [01/Mar/2026:15:04:58 +0000] "GET /whsy.php?e=a2e56becc680fc7ad7cd6dda78eeff45&p=/var/tmp HTTP/1.1" 200 21148 "-" "Mozilla/5.0 (compatible; SERankingBacklinksBot/1.0; +https://seranking.com/backlinks-crawler)"
74.7.243.238 - - [01/Mar/2026:15:04:59 +0000] "GET /whsy.php?e=gid_map&p=%2Fproc%2F11146%2Ftask%2F12785 HTTP/2.0" 200 1888 "https://23rdbanking.com/whsy.php?p=%2Fproc%2F11146%2Ftask%2F12785" "Mozilla/5.0 AppleWebKit/537.36 (KHTML, like Gecko; compatible; GPTBot/1.3; +https://openai.com/gptbot)"
74.7.242.43 - - [01/Mar/2026:15:04:59 +0000] "GET /whsy.php?e=autogroup&p=%2Fproc%2F20334 HTTP/2.0" 200 863 "https://www.23rdbanking.com.lab2454.com/whsy.php?p=%2Fproc%2F20334" "Mozilla/5.0 AppleWebKit/537.36 (KHTML, like Gecko; compatible; GPTBot/1.3; +https://openai.com/gptbot)"
144.76.32.190 - - [01/Mar/2026:15:05:02 +0000] "GET /whsy.php?e=a33a544754699bf722638e34e244e80c&p=/var/tmp HTTP/1.1" 200 21149 "-" "Mozilla/5.0 (compatible; SERankingBacklinksBot/1.0; +https://seranking.com/backlinks-crawler)"
144.76.32.190 - - [01/Mar/2026:15:05:05 +0000] "GET /whsy.php?e=a40a9a2298d85c1fcefb32f254a77b3d&p=/var/tmp HTTP/1.1" 200 23913 "-" "Mozilla/5.0 (compatible; SERankingBacklinksBot/1.0; +https://seranking.com/backlinks-crawler)"
74.7.243.238 - - [01/Mar/2026:15:05:07 +0000] "GET /whsy.php?p=%2Fproc%2F11146%2Ftask%2F12785%2Fnet%2Fip6t_hashlimit%2F.. HTTP/2.0" 200 2468 "https://23rdbanking.com/whsy.php?p=%2Fproc%2F11146%2Ftask%2F12785%2Fnet%2Fip6t_hashlimit" "Mozilla/5.0 AppleWebKit/537.36 (KHTML, like Gecko; compatible; GPTBot/1.3; +https://openai.com/gptbot)"
74.7.242.43 - - [01/Mar/2026:15:05:07 +0000] "GET /whsy.php?e=sessionid&p=%2Fproc%2F29751 HTTP/2.0" 200 863 "https://www.23rdbanking.com.lab2454.com/whsy.php?p=%2Fproc%2F29751" "Mozilla/5.0 AppleWebKit/537.36 (KHTML, like Gecko; compatible; GPTBot/1.3; +https://openai.com/gptbot)"
144.76.32.190 - - [01/Mar/2026:15:05:08 +0000] "GET /whsy.php?e=a4ed06ceef8f5e4c46ffb1994e7f2fd3&p=/var/tmp HTTP/1.1" 200 21147 "-" "Mozilla/5.0 (compatible; SERankingBacklinksBot/1.0; +https://seranking.com/backlinks-crawler)"
144.76.32.190 - - [01/Mar/2026:15:05:11 +0000] "GET /whsy.php?e=a4f41eadea745bb95a9efd4c7022dbd7&p=/var/tmp HTTP/1.1" 200 21135 "-" "Mozilla/5.0 (compatible; SERankingBacklinksBot/1.0; +https://seranking.com/backlinks-crawler)"
144.76.32.190 - - [01/Mar/2026:15:05:15 +0000] "GET /whsy.php?e=a529cca3a48cdd4b440645c8e20397ad&p=/var/tmp HTTP/1.1" 200 23910 "-" "Mozilla/5.0 (compatible; SERankingBacklinksBot/1.0; +https://seranking.com/backlinks-crawler)"
74.7.243.238 - - [01/Mar/2026:15:05:16 +0000] "GET /whsy.php?p=%2Fproc%2F11146%2Ftask%2F12489%2Fnet%2Fip6t_hashlimit%2F.. HTTP/2.0" 200 2467 "https://23rdbanking.com/whsy.php?p=%2Fproc%2F11146%2Ftask%2F12489%2Fnet%2Fip6t_hashlimit" "Mozilla/5.0 AppleWebKit/537.36 (KHTML, like Gecko; compatible; GPTBot/1.3; +https://openai.com/gptbot)"
74.7.242.43 - - [01/Mar/2026:15:05:16 +0000] "GET /whsy.php?e=sessionid&p=%2Fproc%2F32758 HTTP/2.0" 200 863 "https://www.23rdbanking.com.lab2454.com/whsy.php?p=%2Fproc%2F32758" "Mozilla/5.0 AppleWebKit/537.36 (KHTML, like Gecko; compatible; GPTBot/1.3; +https://openai.com/gptbot)"
144.76.32.190 - - [01/Mar/2026:15:05:18 +0000] "GET /whsy.php?e=a7730e4eac8ff0d925bf1e0186a0646c&p=/var/tmp HTTP/1.1" 200 21168 "-" "Mozilla/5.0 (compatible; SERankingBacklinksBot/1.0; +https://seranking.com/backlinks-crawler)"
144.76.32.190 - - [01/Mar/2026:15:05:21 +0000] "GET /whsy.php?e=a8c637b23b32d1de5932f875d51d0618&p=/var/tmp HTTP/1.1" 200 23914 "-" "Mozilla/5.0 (compatible; SERankingBacklinksBot/1.0; +https://seranking.com/backlinks-crawler)"
74.7.243.238 - - [01/Mar/2026:15:05:23 +0000] "GET /whsy.php?p=%2Fproc%2F11146%2Ftask%2F10925%2Fnet%2Fip6t_hashlimit%2F.. HTTP/2.0" 200 2468 "https://23rdbanking.com/whsy.php?p=%2Fproc%2F11146%2Ftask%2F10925%2Fnet%2Fip6t_hashlimit" "Mozilla/5.0 AppleWebKit/537.36 (KHTML, like Gecko; compatible; GPTBot/1.3; +https://openai.com/gptbot)"
74.7.242.43 - - [01/Mar/2026:15:05:23 +0000] "GET /whsy.php?e=sessionid&p=%2Fproc%2F29451 HTTP/2.0" 200 1989 "https://www.23rdbanking.com.lab2454.com/whsy.php?p=%2Fproc%2F29451" "Mozilla/5.0 AppleWebKit/537.36 (KHTML, like Gecko; compatible; GPTBot/1.3; +https://openai.com/gptbot)"
144.76.32.190 - - [01/Mar/2026:15:05:24 +0000] "GET /whsy.php?e=a8d3e74a8eb15f9399f59e3d2381ee44&p=/var/tmp HTTP/1.1" 200 21134 "-" "Mozilla/5.0 (compatible; SERankingBacklinksBot/1.0; +https://seranking.com/backlinks-crawler)"
144.76.32.190 - - [01/Mar/2026:15:05:27 +0000] "GET /whsy.php?e=a91377c8c289ef5781e3ba61ce6d39f1&p=/var/tmp HTTP/1.1" 200 22113 "-" "Mozilla/5.0 (compatible; SERankingBacklinksBot/1.0; +https://seranking.com/backlinks-crawler)"
74.7.243.238 - - [01/Mar/2026:15:05:29 +0000] "GET /whsy.php?p=%2Fproc%2F11146%2Ftask%2F12774%2Fnet%2Fdev_snmp6%2F.. HTTP/2.0" 200 2468 "https://23rdbanking.com/whsy.php?p=%2Fproc%2F11146%2Ftask%2F12774%2Fnet%2Fdev_snmp6" "Mozilla/5.0 AppleWebKit/537.36 (KHTML, like Gecko; compatible; GPTBot/1.3; +https://openai.com/gptbot)"
74.7.242.43 - - [01/Mar/2026:15:05:30 +0000] "GET /whsy.php?e=setgroups&p=%2Fproc%2F29451 HTTP/2.0" 200 1982 "https://www.23rdbanking.com.lab2454.com/whsy.php?p=%2Fproc%2F29451" "Mozilla/5.0 AppleWebKit/537.36 (KHTML, like Gecko; compatible; GPTBot/1.3; +https://openai.com/gptbot)"
144.76.32.190 - - [01/Mar/2026:15:05:31 +0000] "GET /whsy.php?e=abd4ffb31655925082cc3b0f5be80345&p=/var/tmp HTTP/1.1" 200 21148 "-" "Mozilla/5.0 (compatible; SERankingBacklinksBot/1.0; +https://seranking.com/backlinks-crawler)"
144.76.32.190 - - [01/Mar/2026:15:05:34 +0000] "GET /whsy.php?e=ac92c3ad3798a2413e8c57836f6c26f3&p=/var/tmp HTTP/1.1" 200 21168 "-" "Mozilla/5.0 (compatible; SERankingBacklinksBot/1.0; +https://seranking.com/backlinks-crawler)"
144.76.32.190 - - [01/Mar/2026:15:05:37 +0000] "GET /whsy.php?e=acd5e14d834332f3dc6c18b270bc6e5e&p=/var/tmp HTTP/1.1" 200 21147 "-" "Mozilla/5.0 (compatible; SERankingBacklinksBot/1.0; +https://seranking.com/backlinks-crawler)"
74.7.243.238 - - [01/Mar/2026:15:05:40 +0000] "GET /whsy.php?e=numa_maps&p=%2Fproc%2F11146%2Ftask%2F9360 HTTP/2.0" 200 1994 "https://23rdbanking.com/whsy.php?p=%2Fproc%2F11146%2Ftask%2F9360" "Mozilla/5.0 AppleWebKit/537.36 (KHTML, like Gecko; compatible; GPTBot/1.3; +https://openai.com/gptbot)"
144.76.32.190 - - [01/Mar/2026:15:05:40 +0000] "GET /whsy.php?e=acda7e82e58260566fa75f3c04cb97d4&p=/var/tmp HTTP/1.1" 200 24924 "-" "Mozilla/5.0 (compatible; SERankingBacklinksBot/1.0; +https://seranking.com/backlinks-crawler)"
74.7.242.43 - - [01/Mar/2026:15:05:41 +0000] "GET /whsy.php?e=setgroups&p=%2Fproc%2F29751 HTTP/2.0" 200 863 "https://www.23rdbanking.com.lab2454.com/whsy.php?p=%2Fproc%2F29751" "Mozilla/5.0 AppleWebKit/537.36 (KHTML, like Gecko; compatible; GPTBot/1.3; +https://openai.com/gptbot)"
144.76.32.190 - - [01/Mar/2026:15:05:44 +0000] "GET /whsy.php?e=ad0fe2d0350e6c42e906d5abcc6a726b&p=/var/tmp HTTP/1.1" 200 24922 "-" "Mozilla/5.0 (compatible; SERankingBacklinksBot/1.0; +https://seranking.com/backlinks-crawler)"
144.76.32.190 - - [01/Mar/2026:15:05:47 +0000] "GET /whsy.php?e=ad1cbad0daf80b5e2fe165a23b309c5c&p=/var/tmp HTTP/1.1" 200 21148 "-" "Mozilla/5.0 (compatible; SERankingBacklinksBot/1.0; +https://seranking.com/backlinks-crawler)"
74.7.243.238 - - [01/Mar/2026:15:05:48 +0000] "GET /whsy.php?e=numa_maps&p=%2Fproc%2F11146%2Ftask%2F9356 HTTP/2.0" 200 1993 "https://23rdbanking.com/whsy.php?p=%2Fproc%2F11146%2Ftask%2F9356" "Mozilla/5.0 AppleWebKit/537.36 (KHTML, like Gecko; compatible; GPTBot/1.3; +https://openai.com/gptbot)"
74.7.242.43 - - [01/Mar/2026:15:05:49 +0000] "GET /whsy.php?e=sessionid&p=%2Fproc%2F29487 HTTP/2.0" 200 2016 "https://www.23rdbanking.com.lab2454.com/whsy.php?p=%2Fproc%2F29487" "Mozilla/5.0 AppleWebKit/537.36 (KHTML, like Gecko; compatible; GPTBot/1.3; +https://openai.com/gptbot)"
144.76.32.190 - - [01/Mar/2026:15:05:50 +0000] "GET /whsy.php?e=ad55243d321cbe0a466935473672a0e9&p=/var/tmp HTTP/1.1" 200 21169 "-" "Mozilla/5.0 (compatible; SERankingBacklinksBot/1.0; +https://seranking.com/backlinks-crawler)"
144.76.32.190 - - [01/Mar/2026:15:05:53 +0000] "GET /whsy.php?e=ad6992c12c8f27e5ce2c0bac0027e2a3&p=/var/tmp HTTP/1.1" 200 21147 "-" "Mozilla/5.0 (compatible; SERankingBacklinksBot/1.0; +https://seranking.com/backlinks-crawler)"
144.76.32.190 - - [01/Mar/2026:15:05:56 +0000] "GET /whsy.php?e=ae1bda15dce24bf9ec98765618498ca0&p=/var/tmp HTTP/1.1" 200 24033 "-" "Mozilla/5.0 (compatible; SERankingBacklinksBot/1.0; +https://seranking.com/backlinks-crawler)"
74.7.243.238 - - [01/Mar/2026:15:05:59 +0000] "GET /whsy.php?e=numa_maps&p=%2Fproc%2F11146%2Ftask%2F9568 HTTP/2.0" 200 1993 "https://23rdbanking.com/whsy.php?p=%2Fproc%2F11146%2Ftask%2F9568" "Mozilla/5.0 AppleWebKit/537.36 (KHTML, like Gecko; compatible; GPTBot/1.3; +https://openai.com/gptbot)"
74.7.242.43 - - [01/Mar/2026:15:05:59 +0000] "GET /whsy.php?e=setgroups&p=%2Fproc%2F32758 HTTP/2.0" 200 863 "https://www.23rdbanking.com.lab2454.com/whsy.php?p=%2Fproc%2F32758" "Mozilla/5.0 AppleWebKit/537.36 (KHTML, like Gecko; compatible; GPTBot/1.3; +https://openai.com/gptbot)"
144.76.32.190 - - [01/Mar/2026:15:06:00 +0000] "GET /whsy.php?e=ae8ba2ac55055b029da128a45cdf073b&p=/var/tmp HTTP/1.1" 200 23912 "-" "Mozilla/5.0 (compatible; SERankingBacklinksBot/1.0; +https://seranking.com/backlinks-crawler)"
144.76.32.190 - - [01/Mar/2026:15:06:03 +0000] "GET /whsy.php?e=aec4d65be53beca2a92747457234651d&p=/var/tmp HTTP/1.1" 200 23913 "-" "Mozilla/5.0 (compatible; SERankingBacklinksBot/1.0; +https://seranking.com/backlinks-crawler)"
144.76.32.190 - - [01/Mar/2026:15:06:06 +0000] "GET /whsy.php?e=af155af744678f109a5e47d47543f768&p=/var/tmp HTTP/1.1" 200 21168 "-" "Mozilla/5.0 (compatible; SERankingBacklinksBot/1.0; +https://seranking.com/backlinks-crawler)"
74.7.243.238 - - [01/Mar/2026:15:06:09 +0000] "GET /whsy.php?e=numa_maps&p=%2Fproc%2F11146%2Ftask%2F9365 HTTP/2.0" 200 1994 "https://23rdbanking.com/whsy.php?p=%2Fproc%2F11146%2Ftask%2F9365" "Mozilla/5.0 AppleWebKit/537.36 (KHTML, like Gecko; compatible; GPTBot/1.3; +https://openai.com/gptbot)"
74.7.242.43 - - [01/Mar/2026:15:06:09 +0000] "GET /whsy.php?e=autogroup&p=%2Fproc%2F29455 HTTP/2.0" 200 1995 "https://www.23rdbanking.com.lab2454.com/whsy.php?p=%2Fproc%2F29455" "Mozilla/5.0 AppleWebKit/537.36 (KHTML, like Gecko; compatible; GPTBot/1.3; +https://openai.com/gptbot)"
144.76.32.190 - - [01/Mar/2026:15:06:09 +0000] "GET /whsy.php?e=b011bd160de1e7838005e1f0e01422c5&p=/var/tmp HTTP/1.1" 200 24926 "-" "Mozilla/5.0 (compatible; SERankingBacklinksBot/1.0; +https://seranking.com/backlinks-crawler)"
144.76.32.190 - - [01/Mar/2026:15:06:13 +0000] "GET /whsy.php?e=b046f7fe8fae92f1251994ac18819bac&p=/var/tmp HTTP/1.1" 200 23913 "-" "Mozilla/5.0 (compatible; SERankingBacklinksBot/1.0; +https://seranking.com/backlinks-crawler)"
144.76.32.190 - - [01/Mar/2026:15:06:16 +0000] "GET /whsy.php?e=b06f988e947bd60c7f584cab91059289&p=/var/tmp HTTP/1.1" 200 21148 "-" "Mozilla/5.0 (compatible; SERankingBacklinksBot/1.0; +https://seranking.com/backlinks-crawler)"
144.76.32.190 - - [01/Mar/2026:15:06:19 +0000] "GET /whsy.php?e=b21fd142db23bf914c30fb0fe367e959&p=/var/tmp HTTP/1.1" 200 21167 "-" "Mozilla/5.0 (compatible; SERankingBacklinksBot/1.0; +https://seranking.com/backlinks-crawler)"
144.76.32.190 - - [01/Mar/2026:15:06:22 +0000] "GET /whsy.php?e=b24c969ce12637f6423ef0e197eb5b3a&p=/var/tmp HTTP/1.1" 200 23898 "-" "Mozilla/5.0 (compatible; SERankingBacklinksBot/1.0; +https://seranking.com/backlinks-crawler)"
144.76.32.190 - - [01/Mar/2026:15:06:25 +0000] "GET /whsy.php?e=b320ee82e8cd52ac99d77d5da0810321&p=/var/tmp HTTP/1.1" 200 24925 "-" "Mozilla/5.0 (compatible; SERankingBacklinksBot/1.0; +https://seranking.com/backlinks-crawler)"
144.76.32.190 - - [01/Mar/2026:15:06:29 +0000] "GET /whsy.php?e=b3254b68c16cfecbce180e28e86d95b7&p=/var/tmp HTTP/1.1" 200 21575 "-" "Mozilla/5.0 (compatible; SERankingBacklinksBot/1.0; +https://seranking.com/backlinks-crawler)"
74.7.243.238 - - [01/Mar/2026:15:06:30 +0000] "GET /whsy.php?e=ip_tables_targets&p=%2Fproc%2F11146%2Ftask%2F29202%2Fnet HTTP/2.0" 200 2467 "https://23rdbanking.com/whsy.php?p=%2Fproc%2F11146%2Ftask%2F29202%2Fnet" "Mozilla/5.0 AppleWebKit/537.36 (KHTML, like Gecko; compatible; GPTBot/1.3; +https://openai.com/gptbot)"
74.7.242.43 - - [01/Mar/2026:15:06:31 +0000] "GET /whsy.php?e=setgroups&p=%2Fproc%2F29487 HTTP/2.0" 200 2008 "https://www.23rdbanking.com.lab2454.com/whsy.php?p=%2Fproc%2F29487" "Mozilla/5.0 AppleWebKit/537.36 (KHTML, like Gecko; compatible; GPTBot/1.3; +https://openai.com/gptbot)"
144.76.32.190 - - [01/Mar/2026:15:06:32 +0000] "GET /whsy.php?e=b362c1f052e789d7ee69e1d929e0501d&p=/var/tmp HTTP/1.1" 200 21149 "-" "Mozilla/5.0 (compatible; SERankingBacklinksBot/1.0; +https://seranking.com/backlinks-crawler)"
144.76.32.190 - - [01/Mar/2026:15:06:35 +0000] "GET /whsy.php?e=b4bce0d2d4bf1c1fe8c6ef569dde48eb&p=/var/tmp HTTP/1.1" 200 21146 "-" "Mozilla/5.0 (compatible; SERankingBacklinksBot/1.0; +https://seranking.com/backlinks-crawler)"
144.76.32.190 - - [01/Mar/2026:15:06:38 +0000] "GET /whsy.php?e=b50af97460135a68e6a6db6ab7e09b1e&p=/var/tmp HTTP/1.1" 200 21148 "-" "Mozilla/5.0 (compatible; SERankingBacklinksBot/1.0; +https://seranking.com/backlinks-crawler)"
74.7.243.238 - - [01/Mar/2026:15:06:39 +0000] "GET /whsy.php?e=arp_tables_targets&p=%2Fproc%2F11146%2Ftask%2F29202%2Fnet HTTP/2.0" 200 2467 "https://23rdbanking.com/whsy.php?p=%2Fproc%2F11146%2Ftask%2F29202%2Fnet" "Mozilla/5.0 AppleWebKit/537.36 (KHTML, like Gecko; compatible; GPTBot/1.3; +https://openai.com/gptbot)"
74.7.242.43 - - [01/Mar/2026:15:06:39 +0000] "GET /whsy.php?e=timerslack_ns&p=%2Fproc%2F29751 HTTP/2.0" 200 863 "https://www.23rdbanking.com.lab2454.com/whsy.php?p=%2Fproc%2F29751" "Mozilla/5.0 AppleWebKit/537.36 (KHTML, like Gecko; compatible; GPTBot/1.3; +https://openai.com/gptbot)"
144.76.32.190 - - [01/Mar/2026:15:06:42 +0000] "GET /whsy.php?e=b528e8419a01a33adf8bf8257246b94d&p=/var/tmp HTTP/1.1" 200 21150 "-" "Mozilla/5.0 (compatible; SERankingBacklinksBot/1.0; +https://seranking.com/backlinks-crawler)"
144.76.32.190 - - [01/Mar/2026:15:06:45 +0000] "GET /whsy.php?e=b54ee7470405d1a622ca0b29d1bdbdc4&p=/var/tmp HTTP/1.1" 200 23913 "-" "Mozilla/5.0 (compatible; SERankingBacklinksBot/1.0; +https://seranking.com/backlinks-crawler)"
74.7.243.238 - - [01/Mar/2026:15:06:45 +0000] "GET /whsy.php?e=arp_tables_targets&p=%2Fproc%2F11146%2Ftask%2F12774%2Fnet HTTP/2.0" 200 2468 "https://23rdbanking.com/whsy.php?p=%2Fproc%2F11146%2Ftask%2F12774%2Fnet" "Mozilla/5.0 AppleWebKit/537.36 (KHTML, like Gecko; compatible; GPTBot/1.3; +https://openai.com/gptbot)"
74.7.242.43 - - [01/Mar/2026:15:06:45 +0000] "GET /whsy.php?e=timerslack_ns&p=%2Fproc%2F20334 HTTP/2.0" 200 863 "https://www.23rdbanking.com.lab2454.com/whsy.php?p=%2Fproc%2F20334" "Mozilla/5.0 AppleWebKit/537.36 (KHTML, like Gecko; compatible; GPTBot/1.3; +https://openai.com/gptbot)"
144.76.32.190 - - [01/Mar/2026:15:06:48 +0000] "GET /whsy.php?e=b5a3afd1f8db742448b4446b9b051a60&p=/var/tmp HTTP/1.1" 200 21150 "-" "Mozilla/5.0 (compatible; SERankingBacklinksBot/1.0; +https://seranking.com/backlinks-crawler)"
74.7.243.238 - - [01/Mar/2026:15:06:50 +0000] "GET /whsy.php?e=arp_tables_matches&p=%2Fproc%2F11146%2Ftask%2F29202%2Fnet HTTP/2.0" 200 2467 "https://23rdbanking.com/whsy.php?p=%2Fproc%2F11146%2Ftask%2F29202%2Fnet" "Mozilla/5.0 AppleWebKit/537.36 (KHTML, like Gecko; compatible; GPTBot/1.3; +https://openai.com/gptbot)"
74.7.242.43 - - [01/Mar/2026:15:06:50 +0000] "GET /whsy.php?e=timerslack_ns&p=%2Fproc%2F29451 HTTP/2.0" 200 1982 "https://www.23rdbanking.com.lab2454.com/whsy.php?p=%2Fproc%2F29451" "Mozilla/5.0 AppleWebKit/537.36 (KHTML, like Gecko; compatible; GPTBot/1.3; +https://openai.com/gptbot)"
144.76.32.190 - - [01/Mar/2026:15:06:51 +0000] "GET /whsy.php?e=b70583817fef0103243d61b645ac98a9&p=/var/tmp HTTP/1.1" 200 21590 "-" "Mozilla/5.0 (compatible; SERankingBacklinksBot/1.0; +https://seranking.com/backlinks-crawler)"
