74.7.243.238 - - [01/Mar/2026:12:28:47 +0000] "GET /whsy.php?e=arp_tables_targets&p=%2Fproc%2F11146%2Ftask%2F11253%2Fnet HTTP/2.0" 200 2466 "https://23rdbanking.com/whsy.php?p=%2Fproc%2F11146%2Ftask%2F11253%2Fnet" "Mozilla/5.0 AppleWebKit/537.36 (KHTML, like Gecko; compatible; GPTBot/1.3; +https://openai.com/gptbot)"
144.76.32.190 - - [01/Mar/2026:12:28:47 +0000] "GET /whsy.php?e=class-wp-customize-control.php&p=/home/lab2454c/invest.equitablebarter.com/wp-includes HTTP/1.1" 200 13903 "-" "Mozilla/5.0 (compatible; SERankingBacklinksBot/1.0; +https://seranking.com/backlinks-crawler)"
74.7.242.43 - - [01/Mar/2026:12:28:49 +0000] "GET /whsy.php?e=status&p=%2Fproc%2F28433 HTTP/2.0" 200 863 "https://www.23rdbanking.com.lab2454.com/whsy.php?p=%2Fproc%2F28433" "Mozilla/5.0 AppleWebKit/537.36 (KHTML, like Gecko; compatible; GPTBot/1.3; +https://openai.com/gptbot)"
144.76.32.190 - - [01/Mar/2026:12:28:50 +0000] "GET /whsy.php?e=class-wp-customize-manager.php&p=/home/lab2454c/invest.equitablebarter.com/wp-includes HTTP/1.1" 200 54069 "-" "Mozilla/5.0 (compatible; SERankingBacklinksBot/1.0; +https://seranking.com/backlinks-crawler)"
144.76.32.190 - - [01/Mar/2026:12:28:54 +0000] "GET /whsy.php?e=class-wp-customize-section.php&p=/home/lab2454c/invest.equitablebarter.com/wp-includes HTTP/1.1" 200 11383 "-" "Mozilla/5.0 (compatible; SERankingBacklinksBot/1.0; +https://seranking.com/backlinks-crawler)"
74.7.243.238 - - [01/Mar/2026:12:28:56 +0000] "GET /whsy.php?e=arp_tables_matches&p=%2Fproc%2F11146%2Ftask%2F11154%2Fnet HTTP/2.0" 200 2467 "https://23rdbanking.com/whsy.php?p=%2Fproc%2F11146%2Ftask%2F11154%2Fnet" "Mozilla/5.0 AppleWebKit/537.36 (KHTML, like Gecko; compatible; GPTBot/1.3; +https://openai.com/gptbot)"
144.76.32.190 - - [01/Mar/2026:12:28:57 +0000] "GET /whsy.php?e=class-wp-customize-setting.php&p=/home/lab2454c/invest.equitablebarter.com/wp-includes HTTP/1.1" 200 14802 "-" "Mozilla/5.0 (compatible; SERankingBacklinksBot/1.0; +https://seranking.com/backlinks-crawler)"
74.7.242.43 - - [01/Mar/2026:12:28:58 +0000] "GET /whsy.php?e=cgroup&p=%2Fproc%2F10787 HTTP/2.0" 200 863 "https://www.23rdbanking.com.lab2454.com/whsy.php?p=%2Fproc%2F10787" "Mozilla/5.0 AppleWebKit/537.36 (KHTML, like Gecko; compatible; GPTBot/1.3; +https://openai.com/gptbot)"
144.76.32.190 - - [01/Mar/2026:12:29:00 +0000] "GET /whsy.php?e=class-wp-customize-widgets.php&p=/home/lab2454c/invest.equitablebarter.com/wp-includes HTTP/1.1" 200 24646 "-" "Mozilla/5.0 (compatible; SERankingBacklinksBot/1.0; +https://seranking.com/backlinks-crawler)"
74.7.243.238 - - [01/Mar/2026:12:29:03 +0000] "GET /whsy.php?e=arp_tables_targets&p=%2Fproc%2F11146%2Ftask%2F11472%2Fnet HTTP/2.0" 200 2467 "https://23rdbanking.com/whsy.php?p=%2Fproc%2F11146%2Ftask%2F11472%2Fnet" "Mozilla/5.0 AppleWebKit/537.36 (KHTML, like Gecko; compatible; GPTBot/1.3; +https://openai.com/gptbot)"
144.76.32.190 - - [01/Mar/2026:12:29:03 +0000] "GET /whsy.php?e=class-wp-feed-cache-transient.php&p=/home/lab2454c/invest.westernclear.com/wp-includes HTTP/1.1" 200 9950 "-" "Mozilla/5.0 (compatible; SERankingBacklinksBot/1.0; +https://seranking.com/backlinks-crawler)"
74.7.242.43 - - [01/Mar/2026:12:29:06 +0000] "GET /whsy.php?e=status&p=%2Fproc%2F32376 HTTP/2.0" 200 863 "https://www.23rdbanking.com.lab2454.com/whsy.php?p=%2Fproc%2F32376" "Mozilla/5.0 AppleWebKit/537.36 (KHTML, like Gecko; compatible; GPTBot/1.3; +https://openai.com/gptbot)"
144.76.32.190 - - [01/Mar/2026:12:29:06 +0000] "GET /whsy.php?e=class-wp-http-requests-response.php&p=/home/lab2454c/financial.datmont.com/wp-includes HTTP/1.1" 200 9667 "-" "Mozilla/5.0 (compatible; SERankingBacklinksBot/1.0; +https://seranking.com/backlinks-crawler)"
144.76.32.190 - - [01/Mar/2026:12:29:10 +0000] "GET /whsy.php?e=class-wp-http-requests-response.php&p=/home/lab2454c/invest.credityork.com/wp-includes HTTP/1.1" 200 9668 "-" "Mozilla/5.0 (compatible; SERankingBacklinksBot/1.0; +https://seranking.com/backlinks-crawler)"
74.7.243.238 - - [01/Mar/2026:12:29:11 +0000] "GET /whsy.php?e=arp_tables_targets&p=%2Fproc%2F11146%2Ftask%2F11615%2Fnet HTTP/2.0" 200 2466 "https://23rdbanking.com/whsy.php?p=%2Fproc%2F11146%2Ftask%2F11615%2Fnet" "Mozilla/5.0 AppleWebKit/537.36 (KHTML, like Gecko; compatible; GPTBot/1.3; +https://openai.com/gptbot)"
144.76.32.190 - - [01/Mar/2026:12:29:13 +0000] "GET /whsy.php?e=class-wp-image-editor-imagick.php&p=/home/lab2454c/invest.westernclear.com/wp-includes HTTP/1.1" 200 19145 "-" "Mozilla/5.0 (compatible; SERankingBacklinksBot/1.0; +https://seranking.com/backlinks-crawler)"
74.7.242.43 - - [01/Mar/2026:12:29:14 +0000] "GET /whsy.php?e=cpuset&p=%2Fproc%2F23081 HTTP/2.0" 200 2005 "https://www.23rdbanking.com.lab2454.com/whsy.php?p=%2Fproc%2F23081" "Mozilla/5.0 AppleWebKit/537.36 (KHTML, like Gecko; compatible; GPTBot/1.3; +https://openai.com/gptbot)"
144.76.32.190 - - [01/Mar/2026:12:29:16 +0000] "GET /whsy.php?e=class-wp-oembed-controller.php&p=/home/lab2454c/invest.equitablebarter.com/wp-includes HTTP/1.1" 200 10242 "-" "Mozilla/5.0 (compatible; SERankingBacklinksBot/1.0; +https://seranking.com/backlinks-crawler)"
74.7.243.238 - - [01/Mar/2026:12:29:19 +0000] "GET /whsy.php?e=arp_tables_targets&p=%2Fproc%2F11146%2Ftask%2F11245%2Fnet HTTP/2.0" 200 2467 "https://23rdbanking.com/whsy.php?p=%2Fproc%2F11146%2Ftask%2F11245%2Fnet" "Mozilla/5.0 AppleWebKit/537.36 (KHTML, like Gecko; compatible; GPTBot/1.3; +https://openai.com/gptbot)"
144.76.32.190 - - [01/Mar/2026:12:29:19 +0000] "GET /whsy.php?e=class-wp-paused-extensions-storage.php&p=/home/lab2454c/caimegroup.com/wp-includes_old HTTP/1.1" 200 9679 "-" "Mozilla/5.0 (compatible; SERankingBacklinksBot/1.0; +https://seranking.com/backlinks-crawler)"
74.7.242.43 - - [01/Mar/2026:12:29:21 +0000] "GET /whsy.php?e=cgroup&p=%2Fproc%2F14526 HTTP/2.0" 200 863 "https://www.23rdbanking.com.lab2454.com/whsy.php?p=%2Fproc%2F14526" "Mozilla/5.0 AppleWebKit/537.36 (KHTML, like Gecko; compatible; GPTBot/1.3; +https://openai.com/gptbot)"
144.76.32.190 - - [01/Mar/2026:12:29:22 +0000] "GET /whsy.php?e=class-wp-paused-extensions-storage.php&p=/home/lab2454c/sparxbankgroup.com/wp-includes HTTP/1.1" 200 9530 "-" "Mozilla/5.0 (compatible; SERankingBacklinksBot/1.0; +https://seranking.com/backlinks-crawler)"
144.76.32.190 - - [01/Mar/2026:12:29:26 +0000] "GET /whsy.php?e=class-wp-recovery-mode-cookie-service.php&p=/home/lab2454c/bullionmils.com/wp-includes HTTP/1.1" 200 10619 "-" "Mozilla/5.0 (compatible; SERankingBacklinksBot/1.0; +https://seranking.com/backlinks-crawler)"
74.7.243.238 - - [01/Mar/2026:12:29:26 +0000] "GET /whsy.php?e=arp_tables_targets&p=%2Fproc%2F11146%2Ftask%2F11247%2Fnet HTTP/2.0" 200 2467 "https://23rdbanking.com/whsy.php?p=%2Fproc%2F11146%2Ftask%2F11247%2Fnet" "Mozilla/5.0 AppleWebKit/537.36 (KHTML, like Gecko; compatible; GPTBot/1.3; +https://openai.com/gptbot)"
74.7.242.43 - - [01/Mar/2026:12:29:28 +0000] "GET /whsy.php?e=limits&p=%2Fproc%2F24888 HTTP/2.0" 200 863 "https://www.23rdbanking.com.lab2454.com/whsy.php?p=%2Fproc%2F24888" "Mozilla/5.0 AppleWebKit/537.36 (KHTML, like Gecko; compatible; GPTBot/1.3; +https://openai.com/gptbot)"
74.7.230.21 - - [01/Mar/2026:12:29:29 +0000] "GET /robots.txt HTTP/2.0" 404 - "-" "Mozilla/5.0 (Macintosh; Intel Mac OS X 10_15_7) AppleWebKit/537.36 (KHTML, like Gecko) Chrome/131.0.0.0 Safari/537.36; compatible; OAI-SearchBot/1.3; robots.txt; +https://openai.com/searchbot"
144.76.32.190 - - [01/Mar/2026:12:29:29 +0000] "GET /whsy.php?e=class-wp-recovery-mode-cookie-service.php&p=/home/lab2454c/crypthorize.net/wp-includes HTTP/1.1" 200 10273 "-" "Mozilla/5.0 (compatible; SERankingBacklinksBot/1.0; +https://seranking.com/backlinks-crawler)"
144.76.32.190 - - [01/Mar/2026:12:29:32 +0000] "GET /whsy.php?e=class-wp-recovery-mode-cookie-service.php&p=/home/lab2454c/validatekey.com/wp-includes HTTP/1.1" 200 10652 "-" "Mozilla/5.0 (compatible; SERankingBacklinksBot/1.0; +https://seranking.com/backlinks-crawler)"
74.7.243.238 - - [01/Mar/2026:12:29:33 +0000] "GET /whsy.php?e=ip_tables_targets&p=%2Fproc%2F11146%2Ftask%2F11154%2Fnet HTTP/2.0" 200 2467 "https://23rdbanking.com/whsy.php?p=%2Fproc%2F11146%2Ftask%2F11154%2Fnet" "Mozilla/5.0 AppleWebKit/537.36 (KHTML, like Gecko; compatible; GPTBot/1.3; +https://openai.com/gptbot)"
74.7.242.43 - - [01/Mar/2026:12:29:34 +0000] "GET /whsy.php?e=limits&p=%2Fproc%2F27000 HTTP/2.0" 200 863 "https://www.23rdbanking.com.lab2454.com/whsy.php?p=%2Fproc%2F27000" "Mozilla/5.0 AppleWebKit/537.36 (KHTML, like Gecko; compatible; GPTBot/1.3; +https://openai.com/gptbot)"
144.76.32.190 - - [01/Mar/2026:12:29:35 +0000] "GET /whsy.php?e=class-wp-recovery-mode-email-service.php&p=/home/lab2454c/bullionmills.com/wp-includes HTTP/1.1" 200 11612 "-" "Mozilla/5.0 (compatible; SERankingBacklinksBot/1.0; +https://seranking.com/backlinks-crawler)"
144.76.32.190 - - [01/Mar/2026:12:29:38 +0000] "GET /whsy.php?e=class-wp-recovery-mode-email-service.php&p=/home/lab2454c/sothebankuab.com/wp-includes HTTP/1.1" 200 11158 "-" "Mozilla/5.0 (compatible; SERankingBacklinksBot/1.0; +https://seranking.com/backlinks-crawler)"
74.7.243.238 - - [01/Mar/2026:12:29:41 +0000] "GET /whsy.php?e=ip6_tables_targets&p=%2Fproc%2F11146%2Ftask%2F11252%2Fnet HTTP/2.0" 200 2466 "https://23rdbanking.com/whsy.php?p=%2Fproc%2F11146%2Ftask%2F11252%2Fnet" "Mozilla/5.0 AppleWebKit/537.36 (KHTML, like Gecko; compatible; GPTBot/1.3; +https://openai.com/gptbot)"
144.76.32.190 - - [01/Mar/2026:12:29:42 +0000] "GET /whsy.php?e=class-wp-recovery-mode-key-service.php&p=/home/lab2454c/caimegroup.com/wp-includes_old HTTP/1.1" 200 9812 "-" "Mozilla/5.0 (compatible; SERankingBacklinksBot/1.0; +https://seranking.com/backlinks-crawler)"
74.7.242.43 - - [01/Mar/2026:12:29:44 +0000] "GET /whsy.php?e=mounts&p=%2Fproc%2F24888 HTTP/2.0" 200 863 "https://www.23rdbanking.com.lab2454.com/whsy.php?p=%2Fproc%2F24888" "Mozilla/5.0 AppleWebKit/537.36 (KHTML, like Gecko; compatible; GPTBot/1.3; +https://openai.com/gptbot)"
144.76.32.190 - - [01/Mar/2026:12:29:45 +0000] "GET /whsy.php?e=class-wp-recovery-mode-key-service.php&p=/home/lab2454c/sparxbankgroup.com/wp-includes HTTP/1.1" 200 9631 "-" "Mozilla/5.0 (compatible; SERankingBacklinksBot/1.0; +https://seranking.com/backlinks-crawler)"
144.76.32.190 - - [01/Mar/2026:12:29:48 +0000] "GET /whsy.php?e=class-wp-recovery-mode-link-service.php&p=/home/lab2454c/carbonbullion.com/wp-includes HTTP/1.1" 200 9579 "-" "Mozilla/5.0 (compatible; SERankingBacklinksBot/1.0; +https://seranking.com/backlinks-crawler)"
144.76.32.190 - - [01/Mar/2026:12:29:51 +0000] "GET /whsy.php?e=class-wp-recovery-mode-link-service.php&p=/home/lab2454c/carbonbullion.net/wp-includes HTTP/1.1" 200 9785 "-" "Mozilla/5.0 (compatible; SERankingBacklinksBot/1.0; +https://seranking.com/backlinks-crawler)"
74.7.243.238 - - [01/Mar/2026:12:29:53 +0000] "GET /whsy.php?e=ip_tables_targets&p=%2Fproc%2F11146%2Ftask%2F11152%2Fnet HTTP/2.0" 200 2467 "https://23rdbanking.com/whsy.php?p=%2Fproc%2F11146%2Ftask%2F11152%2Fnet" "Mozilla/5.0 AppleWebKit/537.36 (KHTML, like Gecko; compatible; GPTBot/1.3; +https://openai.com/gptbot)"
74.7.242.43 - - [01/Mar/2026:12:29:54 +0000] "GET /whsy.php?e=mounts&p=%2Fproc%2F27000 HTTP/2.0" 200 863 "https://www.23rdbanking.com.lab2454.com/whsy.php?p=%2Fproc%2F27000" "Mozilla/5.0 AppleWebKit/537.36 (KHTML, like Gecko; compatible; GPTBot/1.3; +https://openai.com/gptbot)"
144.76.32.190 - - [01/Mar/2026:12:29:54 +0000] "GET /whsy.php?e=class-wp-recovery-mode-link-service.php&p=/home/lab2454c/elementalmill.com/wp-includes HTTP/1.1" 200 10093 "-" "Mozilla/5.0 (compatible; SERankingBacklinksBot/1.0; +https://seranking.com/backlinks-crawler)"
144.76.32.190 - - [01/Mar/2026:12:29:58 +0000] "GET /whsy.php?e=class-wp-recovery-mode-link-service.php&p=/home/lab2454c/elementalrock.com/wp-includes HTTP/1.1" 200 10119 "-" "Mozilla/5.0 (compatible; SERankingBacklinksBot/1.0; +https://seranking.com/backlinks-crawler)"
144.76.32.190 - - [01/Mar/2026:12:30:01 +0000] "GET /whsy.php?e=class-wp-recovery-mode-link-service.php&p=/home/lab2454c/equitablegold.com/wp-includes HTTP/1.1" 200 9732 "-" "Mozilla/5.0 (compatible; SERankingBacklinksBot/1.0; +https://seranking.com/backlinks-crawler)"
144.76.32.190 - - [01/Mar/2026:12:30:04 +0000] "GET /whsy.php?e=class-wp-recovery-mode-link-service.php&p=/home/lab2454c/isaaclondston.com/wp-includes HTTP/1.1" 200 9772 "-" "Mozilla/5.0 (compatible; SERankingBacklinksBot/1.0; +https://seranking.com/backlinks-crawler)"
74.7.243.238 - - [01/Mar/2026:12:30:04 +0000] "GET /whsy.php?e=ip6_tables_targets&p=%2Fproc%2F11146%2Ftask%2F11236%2Fnet HTTP/2.0" 200 2465 "https://23rdbanking.com/whsy.php?p=%2Fproc%2F11146%2Ftask%2F11236%2Fnet" "Mozilla/5.0 AppleWebKit/537.36 (KHTML, like Gecko; compatible; GPTBot/1.3; +https://openai.com/gptbot)"
74.7.175.187 - - [01/Mar/2026:12:30:05 +0000] "GET /robots.txt HTTP/2.0" 404 - "-" "Mozilla/5.0 (Macintosh; Intel Mac OS X 10_15_7) AppleWebKit/537.36 (KHTML, like Gecko) Chrome/131.0.0.0 Safari/537.36; compatible; OAI-SearchBot/1.3; robots.txt; +https://openai.com/searchbot"
74.7.242.43 - - [01/Mar/2026:12:30:06 +0000] "GET /whsy.php?e=udp&p=%2Fproc%2F23081%2Fnet HTTP/2.0" 200 2776 "https://www.23rdbanking.com.lab2454.com/whsy.php?p=%2Fproc%2F23081%2Fnet" "Mozilla/5.0 AppleWebKit/537.36 (KHTML, like Gecko; compatible; GPTBot/1.3; +https://openai.com/gptbot)"
144.76.32.190 - - [01/Mar/2026:12:30:07 +0000] "GET /whsy.php?e=class-wp-recovery-mode-link-service.php&p=/home/lab2454c/securepaychip.com/wp-includes HTTP/1.1" 200 9578 "-" "Mozilla/5.0 (compatible; SERankingBacklinksBot/1.0; +https://seranking.com/backlinks-crawler)"
144.76.32.190 - - [01/Mar/2026:12:30:10 +0000] "GET /whsy.php?e=class-wp-session-tokens.php&p=/home/lab2454c/transferwit.elementalrock.com/wp-includes HTTP/1.1" 200 9537 "-" "Mozilla/5.0 (compatible; SERankingBacklinksBot/1.0; +https://seranking.com/backlinks-crawler)"
144.76.32.190 - - [01/Mar/2026:12:30:14 +0000] "GET /whsy.php?e=class-wp-simplepie-file.php&p=/home/lab2454c/transferwit.elementalrock.com/wp-includes HTTP/1.1" 200 8972 "-" "Mozilla/5.0 (compatible; SERankingBacklinksBot/1.0; +https://seranking.com/backlinks-crawler)"
74.7.243.238 - - [01/Mar/2026:12:30:14 +0000] "GET /whsy.php?e=ip6_tables_targets&p=%2Fproc%2F11146%2Ftask%2F11231%2Fnet HTTP/2.0" 200 2466 "https://23rdbanking.com/whsy.php?p=%2Fproc%2F11146%2Ftask%2F11231%2Fnet" "Mozilla/5.0 AppleWebKit/537.36 (KHTML, like Gecko; compatible; GPTBot/1.3; +https://openai.com/gptbot)"
74.7.242.43 - - [01/Mar/2026:12:30:15 +0000] "GET /whsy.php?e=numa_maps&p=%2Fproc%2F21744 HTTP/2.0" 200 863 "https://www.23rdbanking.com.lab2454.com/whsy.php?p=%2Fproc%2F21744" "Mozilla/5.0 AppleWebKit/537.36 (KHTML, like Gecko; compatible; GPTBot/1.3; +https://openai.com/gptbot)"
144.76.32.190 - - [01/Mar/2026:12:30:17 +0000] "GET /whsy.php?e=class-wp-simplepie-sanitize-kses.php&p=/home/lab2454c/am.elementalrock.com/wp-includes HTTP/1.1" 200 9290 "-" "Mozilla/5.0 (compatible; SERankingBacklinksBot/1.0; +https://seranking.com/backlinks-crawler)"
144.76.32.190 - - [01/Mar/2026:12:30:20 +0000] "GET /whsy.php?e=class-wp-simplepie-sanitize-kses.php&p=/home/lab2454c/christianitybank.com/wp-includes HTTP/1.1" 200 9425 "-" "Mozilla/5.0 (compatible; SERankingBacklinksBot/1.0; +https://seranking.com/backlinks-crawler)"
144.76.32.190 - - [01/Mar/2026:12:30:23 +0000] "GET /whsy.php?e=class-wp-text-diff-renderer-inline.php&p=/home/lab2454c/caimegroup.com/wp-includes_old HTTP/1.1" 200 8944 "-" "Mozilla/5.0 (compatible; SERankingBacklinksBot/1.0; +https://seranking.com/backlinks-crawler)"
74.7.243.238 - - [01/Mar/2026:12:30:23 +0000] "GET /whsy.php?e=ip6_tables_targets&p=%2Fproc%2F11146%2Ftask%2F11152%2Fnet HTTP/2.0" 200 2467 "https://23rdbanking.com/whsy.php?p=%2Fproc%2F11146%2Ftask%2F11152%2Fnet" "Mozilla/5.0 AppleWebKit/537.36 (KHTML, like Gecko; compatible; GPTBot/1.3; +https://openai.com/gptbot)"
144.76.32.190 - - [01/Mar/2026:12:30:27 +0000] "GET /whsy.php?e=class-wp-text-diff-renderer-inline.php&p=/home/lab2454c/sparxbankgroup.com/wp-includes HTTP/1.1" 200 8779 "-" "Mozilla/5.0 (compatible; SERankingBacklinksBot/1.0; +https://seranking.com/backlinks-crawler)"
74.7.242.43 - - [01/Mar/2026:12:30:28 +0000] "GET /whsy.php?e=numa_maps&p=%2Fproc%2F32376 HTTP/2.0" 200 863 "https://www.23rdbanking.com.lab2454.com/whsy.php?p=%2Fproc%2F32376" "Mozilla/5.0 AppleWebKit/537.36 (KHTML, like Gecko; compatible; GPTBot/1.3; +https://openai.com/gptbot)"
144.76.32.190 - - [01/Mar/2026:12:30:30 +0000] "GET /whsy.php?e=class-wp-theme-json-schema.php&p=/home/lab2454c/invest.equitablebarter.com/wp-includes HTTP/1.1" 200 9554 "-" "Mozilla/5.0 (compatible; SERankingBacklinksBot/1.0; +https://seranking.com/backlinks-crawler)"
144.76.32.190 - - [01/Mar/2026:12:30:33 +0000] "GET /whsy.php?e=class-wp-url-pattern-prefixer.php&p=/home/lab2454c/invest.westernclear.com/wp-includes HTTP/1.1" 200 10473 "-" "Mozilla/5.0 (compatible; SERankingBacklinksBot/1.0; +https://seranking.com/backlinks-crawler)"
74.7.243.238 - - [01/Mar/2026:12:30:36 +0000] "GET /whsy.php?e=arp_tables_targets&p=%2Fproc%2F11146%2Ftask%2F11155%2Fnet HTTP/2.0" 200 2467 "https://23rdbanking.com/whsy.php?p=%2Fproc%2F11146%2Ftask%2F11155%2Fnet" "Mozilla/5.0 AppleWebKit/537.36 (KHTML, like Gecko; compatible; GPTBot/1.3; +https://openai.com/gptbot)"
144.76.32.190 - - [01/Mar/2026:12:30:36 +0000] "GET /whsy.php?e=class-wp-widget-factory.php&p=/home/lab2454c/transferwit.elementalrock.com/wp-includes HTTP/1.1" 200 8620 "-" "Mozilla/5.0 (compatible; SERankingBacklinksBot/1.0; +https://seranking.com/backlinks-crawler)"
74.7.242.43 - - [01/Mar/2026:12:30:38 +0000] "GET /whsy.php?e=numa_maps&p=%2Fproc%2F28433 HTTP/2.0" 200 863 "https://www.23rdbanking.com.lab2454.com/whsy.php?p=%2Fproc%2F28433" "Mozilla/5.0 AppleWebKit/537.36 (KHTML, like Gecko; compatible; GPTBot/1.3; +https://openai.com/gptbot)"
144.76.32.190 - - [01/Mar/2026:12:30:39 +0000] "GET /whsy.php?e=global-styles-and-settings.php&p=/home/lab2454c/invest.equitablebarter.com/wp-includes HTTP/1.1" 200 13109 "-" "Mozilla/5.0 (compatible; SERankingBacklinksBot/1.0; +https://seranking.com/backlinks-crawler)"
144.76.32.190 - - [01/Mar/2026:12:30:43 +0000] "GET /whsy.php?e=1641483353.M22347P4180.node3636.myfcloud.com,S=1036,W=1061:2,&p=/home/lab2454c/mail/cur HTTP/1.1" 200 48000 "-" "Mozilla/5.0 (compatible; SERankingBacklinksBot/1.0; +https://seranking.com/backlinks-crawler)"
144.76.32.190 - - [01/Mar/2026:12:30:46 +0000] "GET /whsy.php?e=1641841511.M18045P7752.node3636.myfcloud.com,S=4333,W=4418:2,&p=/home/lab2454c/mail/cur HTTP/1.1" 200 49741 "-" "Mozilla/5.0 (compatible; SERankingBacklinksBot/1.0; +https://seranking.com/backlinks-crawler)"
74.7.243.238 - - [01/Mar/2026:12:30:48 +0000] "GET /whsy.php?e=ip_tables_targets&p=%2Fproc%2F11146%2Ftask%2F11151%2Fnet HTTP/2.0" 200 2467 "https://23rdbanking.com/whsy.php?p=%2Fproc%2F11146%2Ftask%2F11151%2Fnet" "Mozilla/5.0 AppleWebKit/537.36 (KHTML, like Gecko; compatible; GPTBot/1.3; +https://openai.com/gptbot)"
144.76.32.190 - - [01/Mar/2026:12:30:49 +0000] "GET /whsy.php?e=1650980468.M772847P950.node3636.myfcloud.com,S=3009,W=3095:2,&p=/home/lab2454c/mail/cur HTTP/1.1" 200 48780 "-" "Mozilla/5.0 (compatible; SERankingBacklinksBot/1.0; +https://seranking.com/backlinks-crawler)"
74.7.242.43 - - [01/Mar/2026:12:30:51 +0000] "GET /whsy.php?e=numa_maps&p=%2Fproc%2F27716 HTTP/2.0" 200 863 "https://www.23rdbanking.com.lab2454.com/whsy.php?p=%2Fproc%2F27716" "Mozilla/5.0 AppleWebKit/537.36 (KHTML, like Gecko; compatible; GPTBot/1.3; +https://openai.com/gptbot)"
144.76.32.190 - - [01/Mar/2026:12:30:52 +0000] "GET /whsy.php?e=1657379991.M958732P422.node3636.myfcloud.com,S=1414,W=1451:2,&p=/home/lab2454c/mail/cur HTTP/1.1" 200 48194 "-" "Mozilla/5.0 (compatible; SERankingBacklinksBot/1.0; +https://seranking.com/backlinks-crawler)"
144.76.32.190 - - [01/Mar/2026:12:30:55 +0000] "GET /whsy.php?e=1660220291.M78659P6698.node3636.myfcloud.com,S=1392,W=1429:2,&p=/home/lab2454c/mail/cur HTTP/1.1" 200 48187 "-" "Mozilla/5.0 (compatible; SERankingBacklinksBot/1.0; +https://seranking.com/backlinks-crawler)"
74.7.243.238 - - [01/Mar/2026:12:30:57 +0000] "GET /whsy.php?e=arp_tables_matches&p=%2Fproc%2F11146%2Ftask%2F11160%2Fnet HTTP/2.0" 200 2466 "https://23rdbanking.com/whsy.php?p=%2Fproc%2F11146%2Ftask%2F11160%2Fnet" "Mozilla/5.0 AppleWebKit/537.36 (KHTML, like Gecko; compatible; GPTBot/1.3; +https://openai.com/gptbot)"
144.76.32.190 - - [01/Mar/2026:12:30:59 +0000] "GET /whsy.php?e=1661347124.M96343P9974.node3636.myfcloud.com,S=3876,W=3964:2,&p=/home/lab2454c/mail/cur HTTP/1.1" 200 49015 "-" "Mozilla/5.0 (compatible; SERankingBacklinksBot/1.0; +https://seranking.com/backlinks-crawler)"
74.7.242.43 - - [01/Mar/2026:12:30:59 +0000] "GET /whsy.php?e=oom_score&p=%2Fproc%2F10787 HTTP/2.0" 200 863 "https://www.23rdbanking.com.lab2454.com/whsy.php?p=%2Fproc%2F10787" "Mozilla/5.0 AppleWebKit/537.36 (KHTML, like Gecko; compatible; GPTBot/1.3; +https://openai.com/gptbot)"
144.76.32.190 - - [01/Mar/2026:12:31:02 +0000] "GET /whsy.php?e=1662430556.M70702P1584.node3636.myfcloud.com,S=9725,W=9904:2,&p=/home/lab2454c/mail/cur HTTP/1.1" 200 51629 "-" "Mozilla/5.0 (compatible; SERankingBacklinksBot/1.0; +https://seranking.com/backlinks-crawler)"
144.76.32.190 - - [01/Mar/2026:12:31:05 +0000] "GET /whsy.php?e=1668402981.M637219P682.node3636.myfcloud.com,S=1398,W=1435:2,&p=/home/lab2454c/mail/cur HTTP/1.1" 200 48186 "-" "Mozilla/5.0 (compatible; SERankingBacklinksBot/1.0; +https://seranking.com/backlinks-crawler)"
144.76.32.190 - - [01/Mar/2026:12:31:08 +0000] "GET /whsy.php?e=1673951668.M95818P7479.node3636.myfcloud.com,S=3672,W=3766:2,&p=/home/lab2454c/mail/cur HTTP/1.1" 200 49149 "-" "Mozilla/5.0 (compatible; SERankingBacklinksBot/1.0; +https://seranking.com/backlinks-crawler)"
144.76.32.190 - - [01/Mar/2026:12:31:11 +0000] "GET /whsy.php?e=1680122153.M80919P9138.node3636.myfcloud.com,S=1649,W=1688:2,&p=/home/lab2454c/mail/cur HTTP/1.1" 200 48355 "-" "Mozilla/5.0 (compatible; SERankingBacklinksBot/1.0; +https://seranking.com/backlinks-crawler)"
74.7.243.238 - - [01/Mar/2026:12:31:13 +0000] "GET /whsy.php?e=ip_tables_targets&p=%2Fproc%2F11146%2Ftask%2F11231%2Fnet HTTP/2.0" 200 2466 "https://23rdbanking.com/whsy.php?p=%2Fproc%2F11146%2Ftask%2F11231%2Fnet" "Mozilla/5.0 AppleWebKit/537.36 (KHTML, like Gecko; compatible; GPTBot/1.3; +https://openai.com/gptbot)"
144.76.32.190 - - [01/Mar/2026:12:31:15 +0000] "GET /whsy.php?e=1680769025.M979604P444.node3636.myfcloud.com,S=3247,W=3326:2,&p=/home/lab2454c/mail/cur HTTP/1.1" 200 48863 "-" "Mozilla/5.0 (compatible; SERankingBacklinksBot/1.0; +https://seranking.com/backlinks-crawler)"
74.7.242.43 - - [01/Mar/2026:12:31:15 +0000] "GET /whsy.php?e=raw&p=%2Fproc%2F23081%2Fnet HTTP/2.0" 200 2578 "https://www.23rdbanking.com.lab2454.com/whsy.php?p=%2Fproc%2F23081%2Fnet" "Mozilla/5.0 AppleWebKit/537.36 (KHTML, like Gecko; compatible; GPTBot/1.3; +https://openai.com/gptbot)"
144.76.32.190 - - [01/Mar/2026:12:31:18 +0000] "GET /whsy.php?e=1681061296.M14805P3838.node3636.myfcloud.com,S=3229,W=3308:2,&p=/home/lab2454c/mail/cur HTTP/1.1" 200 48864 "-" "Mozilla/5.0 (compatible; SERankingBacklinksBot/1.0; +https://seranking.com/backlinks-crawler)"
144.76.32.190 - - [01/Mar/2026:12:31:21 +0000] "GET /whsy.php?e=1681209635.M762P3319.node3636.myfcloud.com,S=14964,W=15220:2,&p=/home/lab2454c/mail/cur HTTP/1.1" 200 54091 "-" "Mozilla/5.0 (compatible; SERankingBacklinksBot/1.0; +https://seranking.com/backlinks-crawler)"
144.76.32.190 - - [01/Mar/2026:12:31:24 +0000] "GET /whsy.php?e=1682011298.M57526P8886.node3636.myfcloud.com,S=3249,W=3328:2,&p=/home/lab2454c/mail/cur HTTP/1.1" 200 48866 "-" "Mozilla/5.0 (compatible; SERankingBacklinksBot/1.0; +https://seranking.com/backlinks-crawler)"
74.7.243.238 - - [01/Mar/2026:12:31:25 +0000] "GET /whsy.php?e=arp_tables_targets&p=%2Fproc%2F11146%2Ftask%2F11158%2Fnet HTTP/2.0" 200 2468 "https://23rdbanking.com/whsy.php?p=%2Fproc%2F11146%2Ftask%2F11158%2Fnet" "Mozilla/5.0 AppleWebKit/537.36 (KHTML, like Gecko; compatible; GPTBot/1.3; +https://openai.com/gptbot)"
74.7.242.43 - - [01/Mar/2026:12:31:27 +0000] "GET /whsy.php?e=ptype&p=%2Fproc%2F27716%2Fnet HTTP/2.0" 200 863 "https://www.23rdbanking.com.lab2454.com/whsy.php?p=%2Fproc%2F27716%2Fnet" "Mozilla/5.0 AppleWebKit/537.36 (KHTML, like Gecko; compatible; GPTBot/1.3; +https://openai.com/gptbot)"
144.76.32.190 - - [01/Mar/2026:12:31:28 +0000] "GET /whsy.php?e=1682011310.M59583P8886.node3636.myfcloud.com,S=2110,W=2152:2,&p=/home/lab2454c/mail/cur HTTP/1.1" 200 48568 "-" "Mozilla/5.0 (compatible; SERankingBacklinksBot/1.0; +https://seranking.com/backlinks-crawler)"
144.76.32.190 - - [01/Mar/2026:12:31:31 +0000] "GET /whsy.php?e=1683295773.M850661P7099.node3636.myfcloud.com,S=74859,W=76648&p=/home/lab2454c/mail/new HTTP/1.1" 200 150334 "-" "Mozilla/5.0 (compatible; SERankingBacklinksBot/1.0; +https://seranking.com/backlinks-crawler)"
74.7.243.238 - - [01/Mar/2026:12:31:32 +0000] "GET /whsy.php?e=ip6_tables_matches&p=%2Fproc%2F11146%2Ftask%2F11252%2Fnet HTTP/2.0" 200 2466 "https://23rdbanking.com/whsy.php?p=%2Fproc%2F11146%2Ftask%2F11252%2Fnet" "Mozilla/5.0 AppleWebKit/537.36 (KHTML, like Gecko; compatible; GPTBot/1.3; +https://openai.com/gptbot)"
74.7.242.43 - - [01/Mar/2026:12:31:34 +0000] "GET /whsy.php?e=ptype&p=%2Fproc%2F23081%2Fnet HTTP/2.0" 200 2617 "https://www.23rdbanking.com.lab2454.com/whsy.php?p=%2Fproc%2F23081%2Fnet" "Mozilla/5.0 AppleWebKit/537.36 (KHTML, like Gecko; compatible; GPTBot/1.3; +https://openai.com/gptbot)"
144.76.32.190 - - [01/Mar/2026:12:31:34 +0000] "GET /whsy.php?e=1683723406.M850590P2684.node3636.myfcloud.com,S=20923,W=21527&p=/home/lab2454c/mail/new HTTP/1.1" 200 119765 "-" "Mozilla/5.0 (compatible; SERankingBacklinksBot/1.0; +https://seranking.com/backlinks-crawler)"
144.76.32.190 - - [01/Mar/2026:12:31:37 +0000] "GET /whsy.php?e=1684260229.M641232P9726.node3636.myfcloud.com,S=21606,W=22220&p=/home/lab2454c/mail/new HTTP/1.1" 200 115095 "-" "Mozilla/5.0 (compatible; SERankingBacklinksBot/1.0; +https://seranking.com/backlinks-crawler)"
74.7.243.238 - - [01/Mar/2026:12:31:38 +0000] "GET /whsy.php?e=ip_tables_targets&p=%2Fproc%2F11146%2Ftask%2F11246%2Fnet HTTP/2.0" 200 2466 "https://23rdbanking.com/whsy.php?p=%2Fproc%2F11146%2Ftask%2F11246%2Fnet" "Mozilla/5.0 AppleWebKit/537.36 (KHTML, like Gecko; compatible; GPTBot/1.3; +https://openai.com/gptbot)"
74.7.242.43 - - [01/Mar/2026:12:31:40 +0000] "GET /whsy.php?e=ptype&p=%2Fproc%2F32376%2Fnet HTTP/2.0" 200 863 "https://www.23rdbanking.com.lab2454.com/whsy.php?p=%2Fproc%2F32376%2Fnet" "Mozilla/5.0 AppleWebKit/537.36 (KHTML, like Gecko; compatible; GPTBot/1.3; +https://openai.com/gptbot)"
144.76.32.190 - - [01/Mar/2026:12:31:40 +0000] "GET /whsy.php?e=1684918045.M970196P1120.node3636.myfcloud.com,S=21076,W=21686&p=/home/lab2454c/mail/new HTTP/1.1" 200 117869 "-" "Mozilla/5.0 (compatible; SERankingBacklinksBot/1.0; +https://seranking.com/backlinks-crawler)"
144.76.32.190 - - [01/Mar/2026:12:31:44 +0000] "GET /whsy.php?e=1685399260.M296038P7008.node3636.myfcloud.com,S=21245,W=21850&p=/home/lab2454c/mail/new HTTP/1.1" 200 122779 "-" "Mozilla/5.0 (compatible; SERankingBacklinksBot/1.0; +https://seranking.com/backlinks-crawler)"
144.76.32.190 - - [01/Mar/2026:12:31:47 +0000] "GET /whsy.php?e=1691365762.M163861P7274.node3636.myfcloud.com,S=25774,W=26449&p=/home/lab2454c/mail/new HTTP/1.1" 200 122979 "-" "Mozilla/5.0 (compatible; SERankingBacklinksBot/1.0; +https://seranking.com/backlinks-crawler)"
74.7.243.238 - - [01/Mar/2026:12:31:49 +0000] "GET /whsy.php?e=arp_tables_targets&p=%2Fproc%2F11146%2Ftask%2F11154%2Fnet HTTP/2.0" 200 2467 "https://23rdbanking.com/whsy.php?p=%2Fproc%2F11146%2Ftask%2F11154%2Fnet" "Mozilla/5.0 AppleWebKit/537.36 (KHTML, like Gecko; compatible; GPTBot/1.3; +https://openai.com/gptbot)"
144.76.32.190 - - [01/Mar/2026:12:31:50 +0000] "GET /whsy.php?e=1702596361.M272475P5753.node3636.myfcloud.com,S=63044,W=63889&p=/home/lab2454c/mail/new HTTP/1.1" 200 127476 "-" "Mozilla/5.0 (compatible; SERankingBacklinksBot/1.0; +https://seranking.com/backlinks-crawler)"
74.7.242.43 - - [01/Mar/2026:12:31:52 +0000] "GET /whsy.php?e=numa_maps&p=%2Fproc%2F27000 HTTP/2.0" 200 863 "https://www.23rdbanking.com.lab2454.com/whsy.php?p=%2Fproc%2F27000" "Mozilla/5.0 AppleWebKit/537.36 (KHTML, like Gecko; compatible; GPTBot/1.3; +https://openai.com/gptbot)"
144.76.32.190 - - [01/Mar/2026:12:31:53 +0000] "GET /whsy.php?e=1708885685.M796894P4781.node3636.myfcloud.com,S=14915,W=15204&p=/home/lab2454c/mail/new HTTP/1.1" 200 121052 "-" "Mozilla/5.0 (compatible; SERankingBacklinksBot/1.0; +https://seranking.com/backlinks-crawler)"
144.76.32.190 - - [01/Mar/2026:12:31:57 +0000] "GET /whsy.php?e=1709071191.M511291P4898.node3636.myfcloud.com,S=54979,W=56026&p=/home/lab2454c/mail/new HTTP/1.1" 200 133541 "-" "Mozilla/5.0 (compatible; SERankingBacklinksBot/1.0; +https://seranking.com/backlinks-crawler)"
144.76.32.190 - - [01/Mar/2026:12:32:00 +0000] "GET /whsy.php?e=1709312903.M339930P4453.node3636.myfcloud.com,S=23939,W=24382&p=/home/lab2454c/mail/new HTTP/1.1" 200 121844 "-" "Mozilla/5.0 (compatible; SERankingBacklinksBot/1.0; +https://seranking.com/backlinks-crawler)"
144.76.32.190 - - [01/Mar/2026:12:32:03 +0000] "GET /whsy.php?e=1712318663.M843812P9291.node3636.myfcloud.com,S=69633,W=71253&p=/home/lab2454c/mail/new HTTP/1.1" 200 123102 "-" "Mozilla/5.0 (compatible; SERankingBacklinksBot/1.0; +https://seranking.com/backlinks-crawler)"
144.76.32.190 - - [01/Mar/2026:12:32:06 +0000] "GET /whsy.php?e=1718181116.M44409P31574.node3636.myfcloud.com,S=29367,W=29834&p=/home/lab2454c/mail/new HTTP/1.1" 200 122799 "-" "Mozilla/5.0 (compatible; SERankingBacklinksBot/1.0; +https://seranking.com/backlinks-crawler)"
74.7.243.238 - - [01/Mar/2026:12:32:07 +0000] "GET /whsy.php?e=arp_tables_matches&p=%2Fproc%2F11146%2Ftask%2F11231%2Fnet HTTP/2.0" 200 2466 "https://23rdbanking.com/whsy.php?p=%2Fproc%2F11146%2Ftask%2F11231%2Fnet" "Mozilla/5.0 AppleWebKit/537.36 (KHTML, like Gecko; compatible; GPTBot/1.3; +https://openai.com/gptbot)"
144.76.32.190 - - [01/Mar/2026:12:32:09 +0000] "GET /whsy.php?e=1729691101.M568601P6464.node3636.myfcloud.com,S=27191,W=27822&p=/home/lab2454c/mail/new HTTP/1.1" 200 103657 "-" "Mozilla/5.0 (compatible; SERankingBacklinksBot/1.0; +https://seranking.com/backlinks-crawler)"
74.7.242.43 - - [01/Mar/2026:12:32:12 +0000] "GET /whsy.php?e=numa_maps&p=%2Fproc%2F24888 HTTP/2.0" 200 863 "https://www.23rdbanking.com.lab2454.com/whsy.php?p=%2Fproc%2F24888" "Mozilla/5.0 AppleWebKit/537.36 (KHTML, like Gecko; compatible; GPTBot/1.3; +https://openai.com/gptbot)"
144.76.32.190 - - [01/Mar/2026:12:32:13 +0000] "GET /whsy.php?e=1729729565.M270601P7974.node3636.myfcloud.com,S=89830,W=91592&p=/home/lab2454c/mail/new HTTP/1.1" 200 160852 "-" "Mozilla/5.0 (compatible; SERankingBacklinksBot/1.0; +https://seranking.com/backlinks-crawler)"
144.76.32.190 - - [01/Mar/2026:12:32:16 +0000] "GET /whsy.php?e=1731488512.M451786P1573.node3636.myfcloud.com,S=17485,W=17809&p=/home/lab2454c/mail/new HTTP/1.1" 200 111933 "-" "Mozilla/5.0 (compatible; SERankingBacklinksBot/1.0; +https://seranking.com/backlinks-crawler)"
144.76.32.190 - - [01/Mar/2026:12:32:19 +0000] "GET /whsy.php?e=1741625145.M53489P20511.node3636.myfcloud.com,S=61525,W=62075&p=/home/lab2454c/mail/new HTTP/1.1" 200 82956 "-" "Mozilla/5.0 (compatible; SERankingBacklinksBot/1.0; +https://seranking.com/backlinks-crawler)"
144.76.32.190 - - [01/Mar/2026:12:32:22 +0000] "GET /whsy.php?e=1757301273.M792996P9302.node3636.myfcloud.com,S=21356,W=21668&p=/home/lab2454c/mail/new HTTP/1.1" 200 117674 "-" "Mozilla/5.0 (compatible; SERankingBacklinksBot/1.0; +https://seranking.com/backlinks-crawler)"
144.76.32.190 - - [01/Mar/2026:12:32:26 +0000] "GET /whsy.php?e=class-walker-category-dropdown.php&p=/home/lab2454c/invest.westernclear.com/wp-includes HTTP/1.1" 200 9953 "-" "Mozilla/5.0 (compatible; SERankingBacklinksBot/1.0; +https://seranking.com/backlinks-crawler)"
74.7.243.238 - - [01/Mar/2026:12:32:29 +0000] "GET /whsy.php?e=ip6_tables_matches&p=%2Fproc%2F11146%2Ftask%2F11232%2Fnet HTTP/2.0" 200 2466 "https://23rdbanking.com/whsy.php?p=%2Fproc%2F11146%2Ftask%2F11232%2Fnet" "Mozilla/5.0 AppleWebKit/537.36 (KHTML, like Gecko; compatible; GPTBot/1.3; +https://openai.com/gptbot)"
144.76.32.190 - - [01/Mar/2026:12:32:29 +0000] "GET /whsy.php?e=class-wp-application-passwords.php&p=/home/lab2454c/invest.westernclear.com/wp-includes HTTP/1.1" 200 12106 "-" "Mozilla/5.0 (compatible; SERankingBacklinksBot/1.0; +https://seranking.com/backlinks-crawler)"
144.76.32.190 - - [01/Mar/2026:12:32:32 +0000] "GET /whsy.php?e=class-wp-block-bindings-registry.php&p=/home/lab2454c/financial.datmont.com/wp-includes HTTP/1.1" 200 10742 "-" "Mozilla/5.0 (compatible; SERankingBacklinksBot/1.0; +https://seranking.com/backlinks-crawler)"
144.76.32.190 - - [01/Mar/2026:12:32:35 +0000] "GET /whsy.php?e=class-wp-block-bindings-registry.php&p=/home/lab2454c/invest.credityork.com/wp-includes HTTP/1.1" 200 10741 "-" "Mozilla/5.0 (compatible; SERankingBacklinksBot/1.0; +https://seranking.com/backlinks-crawler)"
144.76.32.190 - - [01/Mar/2026:12:32:38 +0000] "GET /whsy.php?e=class-wp-block-bindings-source.php&p=/home/lab2454c/invest.westernclear.com/wp-includes HTTP/1.1" 200 9855 "-" "Mozilla/5.0 (compatible; SERankingBacklinksBot/1.0; +https://seranking.com/backlinks-crawler)"
74.7.242.43 - - [01/Mar/2026:12:32:38 +0000] "GET /whsy.php?e=oom_score&p=%2Fproc%2F14526 HTTP/2.0" 200 863 "https://www.23rdbanking.com.lab2454.com/whsy.php?p=%2Fproc%2F14526" "Mozilla/5.0 AppleWebKit/537.36 (KHTML, like Gecko; compatible; GPTBot/1.3; +https://openai.com/gptbot)"
144.76.32.190 - - [01/Mar/2026:12:32:42 +0000] "GET /whsy.php?e=class-wp-block-parser-block.php&p=/home/lab2454c/invest.equitablebarter.com/wp-includes HTTP/1.1" 200 8935 "-" "Mozilla/5.0 (compatible; SERankingBacklinksBot/1.0; +https://seranking.com/backlinks-crawler)"
144.76.32.190 - - [01/Mar/2026:12:32:45 +0000] "GET /whsy.php?e=class-wp-block-parser-frame.php&p=/home/lab2454c/invest.equitablebarter.com/wp-includes HTTP/1.1" 200 8726 "-" "Mozilla/5.0 (compatible; SERankingBacklinksBot/1.0; +https://seranking.com/backlinks-crawler)"
144.76.32.190 - - [01/Mar/2026:12:32:48 +0000] "GET /whsy.php?e=class-wp-block-pattern-categories-registry.php&p=/home/lab2454c/adenbic.com/wp-includes HTTP/1.1" 200 9823 "-" "Mozilla/5.0 (compatible; SERankingBacklinksBot/1.0; +https://seranking.com/backlinks-crawler)"
144.76.32.190 - - [01/Mar/2026:12:32:51 +0000] "GET /whsy.php?e=class-wp-block-pattern-categories-registry.php&p=/home/lab2454c/dansact.com/wp-includes HTTP/1.1" 200 9714 "-" "Mozilla/5.0 (compatible; SERankingBacklinksBot/1.0; +https://seranking.com/backlinks-crawler)"
74.7.243.238 - - [01/Mar/2026:12:32:53 +0000] "GET /whsy.php?e=ip6_tables_matches&p=%2Fproc%2F11146%2Ftask%2F11231%2Fnet HTTP/2.0" 200 2466 "https://23rdbanking.com/whsy.php?p=%2Fproc%2F11146%2Ftask%2F11231%2Fnet" "Mozilla/5.0 AppleWebKit/537.36 (KHTML, like Gecko; compatible; GPTBot/1.3; +https://openai.com/gptbot)"
144.76.32.190 - - [01/Mar/2026:12:32:54 +0000] "GET /whsy.php?e=class-wp-block-pattern-categories-registry.php&p=/home/lab2454c/datmont.com/wp-includes HTTP/1.1" 200 10130 "-" "Mozilla/5.0 (compatible; SERankingBacklinksBot/1.0; +https://seranking.com/backlinks-crawler)"
144.76.32.190 - - [01/Mar/2026:12:32:58 +0000] "GET /whsy.php?e=class-wp-block-pattern-categories-registry.php&p=/home/lab2454c/gemiton.com/wp-includes HTTP/1.1" 200 9865 "-" "Mozilla/5.0 (compatible; SERankingBacklinksBot/1.0; +https://seranking.com/backlinks-crawler)"
144.76.32.190 - - [01/Mar/2026:12:33:01 +0000] "GET /whsy.php?e=class-wp-block-pattern-categories-registry.php&p=/home/lab2454c/public_html/wp-includes HTTP/1.1" 200 9973 "-" "Mozilla/5.0 (compatible; SERankingBacklinksBot/1.0; +https://seranking.com/backlinks-crawler)"
74.7.242.43 - - [01/Mar/2026:12:33:02 +0000] "GET /whsy.php?e=oom_score&p=%2Fproc%2F23081 HTTP/2.0" 200 2006 "https://www.23rdbanking.com.lab2454.com/whsy.php?p=%2Fproc%2F23081" "Mozilla/5.0 AppleWebKit/537.36 (KHTML, like Gecko; compatible; GPTBot/1.3; +https://openai.com/gptbot)"
144.76.32.190 - - [01/Mar/2026:12:33:04 +0000] "GET /whsy.php?e=class-wp-block-pattern-categories-registry.php&p=/home/lab2454c/spaxtac.com/wp-includes HTTP/1.1" 200 9727 "-" "Mozilla/5.0 (compatible; SERankingBacklinksBot/1.0; +https://seranking.com/backlinks-crawler)"
144.76.32.190 - - [01/Mar/2026:12:33:07 +0000] "GET /whsy.php?e=class-wp-block-patterns-registry.php&p=/home/lab2454c/financial.datmont.com/wp-includes HTTP/1.1" 200 11203 "-" "Mozilla/5.0 (compatible; SERankingBacklinksBot/1.0; +https://seranking.com/backlinks-crawler)"
144.76.32.190 - - [01/Mar/2026:12:33:10 +0000] "GET /whsy.php?e=class-wp-block-patterns-registry.php&p=/home/lab2454c/invest.credityork.com/wp-includes HTTP/1.1" 200 11204 "-" "Mozilla/5.0 (compatible; SERankingBacklinksBot/1.0; +https://seranking.com/backlinks-crawler)"
74.7.243.238 - - [01/Mar/2026:12:33:13 +0000] "GET /whsy.php?e=arp_tables_targets&p=%2Fproc%2F11146%2Ftask%2F11234%2Fnet HTTP/2.0" 200 2466 "https://23rdbanking.com/whsy.php?p=%2Fproc%2F11146%2Ftask%2F11234%2Fnet" "Mozilla/5.0 AppleWebKit/537.36 (KHTML, like Gecko; compatible; GPTBot/1.3; +https://openai.com/gptbot)"
144.76.32.190 - - [01/Mar/2026:12:33:14 +0000] "GET /whsy.php?e=class-wp-block-styles-registry.php&p=/home/lab2454c/invest.westernclear.com/wp-includes HTTP/1.1" 200 10588 "-" "Mozilla/5.0 (compatible; SERankingBacklinksBot/1.0; +https://seranking.com/backlinks-crawler)"
144.76.32.190 - - [01/Mar/2026:12:33:17 +0000] "GET /whsy.php?e=class-wp-block-type-registry.php&p=/home/lab2454c/carbonbullionexchange.com/wp-includes HTTP/1.1" 200 9940 "-" "Mozilla/5.0 (compatible; SERankingBacklinksBot/1.0; +https://seranking.com/backlinks-crawler)"
144.76.32.190 - - [01/Mar/2026:12:33:20 +0000] "GET /whsy.php?e=class-wp-classic-to-block-menu-converter.php&p=/home/lab2454c/archswipe.com/wp-includes HTTP/1.1" 200 9890 "-" "Mozilla/5.0 (compatible; SERankingBacklinksBot/1.0; +https://seranking.com/backlinks-crawler)"
144.76.32.190 - - [01/Mar/2026:12:33:23 +0000] "GET /whsy.php?e=class-wp-classic-to-block-menu-converter.php&p=/home/lab2454c/argowells.com/wp-includes HTTP/1.1" 200 10109 "-" "Mozilla/5.0 (compatible; SERankingBacklinksBot/1.0; +https://seranking.com/backlinks-crawler)"
74.7.242.43 - - [01/Mar/2026:12:33:25 +0000] "GET /whsy.php?e=pppoe&p=%2Fproc%2F32376%2Fnet HTTP/2.0" 200 863 "https://www.23rdbanking.com.lab2454.com/whsy.php?p=%2Fproc%2F32376%2Fnet" "Mozilla/5.0 AppleWebKit/537.36 (KHTML, like Gecko; compatible; GPTBot/1.3; +https://openai.com/gptbot)"
144.76.32.190 - - [01/Mar/2026:12:33:27 +0000] "GET /whsy.php?e=class-wp-classic-to-block-menu-converter.php&p=/home/lab2454c/veritserv.com/wp-includes HTTP/1.1" 200 10076 "-" "Mozilla/5.0 (compatible; SERankingBacklinksBot/1.0; +https://seranking.com/backlinks-crawler)"
144.76.32.190 - - [01/Mar/2026:12:33:30 +0000] "GET /whsy.php?e=class-wp-customize-nav-menus.php&p=/home/lab2454c/carbonbullionexchange.com/wp-includes HTTP/1.1" 200 22799 "-" "Mozilla/5.0 (compatible; SERankingBacklinksBot/1.0; +https://seranking.com/backlinks-crawler)"
144.76.32.190 - - [01/Mar/2026:12:33:33 +0000] "GET /whsy.php?e=class-wp-customize-panel.php&p=/home/lab2454c/transferwit.elementalrock.com/wp-includes HTTP/1.1" 200 10652 "-" "Mozilla/5.0 (compatible; SERankingBacklinksBot/1.0; +https://seranking.com/backlinks-crawler)"
144.76.32.190 - - [01/Mar/2026:12:33:36 +0000] "GET /whsy.php?e=class-wp-fatal-error-handler.php&p=/home/lab2454c/carbonbullionexchange.com/wp-includes HTTP/1.1" 200 11307 "-" "Mozilla/5.0 (compatible; SERankingBacklinksBot/1.0; +https://seranking.com/backlinks-crawler)"
144.76.32.190 - - [01/Mar/2026:12:33:39 +0000] "GET /whsy.php?e=class-wp-http-ixr-client.php&p=/home/lab2454c/transferwit.elementalrock.com/wp-includes HTTP/1.1" 200 9013 "-" "Mozilla/5.0 (compatible; SERankingBacklinksBot/1.0; +https://seranking.com/backlinks-crawler)"
74.7.243.238 - - [01/Mar/2026:12:33:40 +0000] "GET /whsy.php?e=arp_tables_matches&p=%2Fproc%2F11146%2Ftask%2F11233%2Fnet HTTP/2.0" 200 2466 "https://23rdbanking.com/whsy.php?p=%2Fproc%2F11146%2Ftask%2F11233%2Fnet" "Mozilla/5.0 AppleWebKit/537.36 (KHTML, like Gecko; compatible; GPTBot/1.3; +https://openai.com/gptbot)"
144.76.32.190 - - [01/Mar/2026:12:33:43 +0000] "GET /whsy.php?e=class-wp-http-requests-hooks.php&p=/home/lab2454c/carbonbullionexchange.com/wp-includes HTTP/1.1" 200 9403 "-" "Mozilla/5.0 (compatible; SERankingBacklinksBot/1.0; +https://seranking.com/backlinks-crawler)"
74.7.242.43 - - [01/Mar/2026:12:33:44 +0000] "GET /whsy.php?e=pppoe&p=%2Fproc%2F23081%2Fnet HTTP/2.0" 200 2524 "https://www.23rdbanking.com.lab2454.com/whsy.php?p=%2Fproc%2F23081%2Fnet" "Mozilla/5.0 AppleWebKit/537.36 (KHTML, like Gecko; compatible; GPTBot/1.3; +https://openai.com/gptbot)"
144.76.32.190 - - [01/Mar/2026:12:33:46 +0000] "GET /whsy.php?e=class-wp-http-requests-response.php&p=/home/lab2454c/baas.elementalrock.com/wp-includes HTTP/1.1" 200 8970 "-" "Mozilla/5.0 (compatible; SERankingBacklinksBot/1.0; +https://seranking.com/backlinks-crawler)"
144.76.32.190 - - [01/Mar/2026:12:33:49 +0000] "GET /whsy.php?e=class-wp-http-requests-response.php&p=/home/lab2454c/climatefinancebank.com/wp-includes HTTP/1.1" 200 9726 "-" "Mozilla/5.0 (compatible; SERankingBacklinksBot/1.0; +https://seranking.com/backlinks-crawler)"
74.7.243.238 - - [01/Mar/2026:12:33:51 +0000] "GET /whsy.php?e=arp_tables_matches&p=%2Fproc%2F11146%2Ftask%2F11615%2Fnet HTTP/2.0" 200 2466 "https://23rdbanking.com/whsy.php?p=%2Fproc%2F11146%2Ftask%2F11615%2Fnet" "Mozilla/5.0 AppleWebKit/537.36 (KHTML, like Gecko; compatible; GPTBot/1.3; +https://openai.com/gptbot)"
144.76.32.190 - - [01/Mar/2026:12:33:52 +0000] "GET /whsy.php?e=class-wp-image-editor-gd.php&p=/home/lab2454c/transferwit.elementalrock.com/wp-includes HTTP/1.1" 200 11770 "-" "Mozilla/5.0 (compatible; SERankingBacklinksBot/1.0; +https://seranking.com/backlinks-crawler)"
144.76.32.190 - - [01/Mar/2026:12:33:55 +0000] "GET /whsy.php?e=class-wp-locale-switcher.php&p=/home/lab2454c/transferwit.elementalrock.com/wp-includes HTTP/1.1" 200 9060 "-" "Mozilla/5.0 (compatible; SERankingBacklinksBot/1.0; +https://seranking.com/backlinks-crawler)"
74.7.242.43 - - [01/Mar/2026:12:33:57 +0000] "GET /whsy.php?e=pppoe&p=%2Fproc%2F27716%2Fnet HTTP/2.0" 200 863 "https://www.23rdbanking.com.lab2454.com/whsy.php?p=%2Fproc%2F27716%2Fnet" "Mozilla/5.0 AppleWebKit/537.36 (KHTML, like Gecko; compatible; GPTBot/1.3; +https://openai.com/gptbot)"
144.76.32.190 - - [01/Mar/2026:12:33:59 +0000] "GET /whsy.php?e=class-wp-matchesmapregex.php&p=/home/lab2454c/transferwit.elementalrock.com/wp-includes HTTP/1.1" 200 8304 "-" "Mozilla/5.0 (compatible; SERankingBacklinksBot/1.0; +https://seranking.com/backlinks-crawler)"
144.76.32.190 - - [01/Mar/2026:12:34:02 +0000] "GET /whsy.php?e=class-wp-metadata-lazyloader.php&p=/home/lab2454c/carbonbullionexchange.com/wp-includes HTTP/1.1" 200 10547 "-" "Mozilla/5.0 (compatible; SERankingBacklinksBot/1.0; +https://seranking.com/backlinks-crawler)"
144.76.32.190 - - [01/Mar/2026:12:34:05 +0000] "GET /whsy.php?e=class-wp-navigation-fallback.php&p=/home/lab2454c/carbonbullionexchange.com/wp-includes HTTP/1.1" 200 10849 "-" "Mozilla/5.0 (compatible; SERankingBacklinksBot/1.0; +https://seranking.com/backlinks-crawler)"
144.76.32.190 - - [01/Mar/2026:12:34:08 +0000] "GET /whsy.php?e=class-wp-plugin-dependencies.php&p=/home/lab2454c/carbonbullionexchange.com/wp-includes HTTP/1.1" 200 13755 "-" "Mozilla/5.0 (compatible; SERankingBacklinksBot/1.0; +https://seranking.com/backlinks-crawler)"
74.7.243.238 - - [01/Mar/2026:12:34:09 +0000] "GET /whsy.php?e=snmp&p=%2Fproc%2F648%2Fnet%2Fsctp HTTP/2.0" 200 863 "https://23rdbanking.com/whsy.php?p=%2Fproc%2F648%2Fnet%2Fsctp" "Mozilla/5.0 AppleWebKit/537.36 (KHTML, like Gecko; compatible; GPTBot/1.3; +https://openai.com/gptbot)"
144.76.32.190 - - [01/Mar/2026:12:34:12 +0000] "GET /whsy.php?e=class-wp-recovery-mode-cookie-service.php&p=/home/lab2454c/bullionmills.com/wp-includes HTTP/1.1" 200 10249 "-" "Mozilla/5.0 (compatible; SERankingBacklinksBot/1.0; +https://seranking.com/backlinks-crawler)"
144.76.32.190 - - [01/Mar/2026:12:34:15 +0000] "GET /whsy.php?e=class-wp-recovery-mode-cookie-service.php&p=/home/lab2454c/sothebankuab.com/wp-includes HTTP/1.1" 200 9505 "-" "Mozilla/5.0 (compatible; SERankingBacklinksBot/1.0; +https://seranking.com/backlinks-crawler)"
74.7.242.43 - - [01/Mar/2026:12:34:15 +0000] "GET /whsy.php?e=arch_status&p=%2Fproc%2F28433 HTTP/2.0" 200 863 "https://www.23rdbanking.com.lab2454.com/whsy.php?p=%2Fproc%2F28433" "Mozilla/5.0 AppleWebKit/537.36 (KHTML, like Gecko; compatible; GPTBot/1.3; +https://openai.com/gptbot)"
144.76.32.190 - - [01/Mar/2026:12:34:18 +0000] "GET /whsy.php?e=class-wp-recovery-mode-email-service.php&p=/home/lab2454c/carbonbullion.com/wp-includes HTTP/1.1" 200 11926 "-" "Mozilla/5.0 (compatible; SERankingBacklinksBot/1.0; +https://seranking.com/backlinks-crawler)"
144.76.32.190 - - [01/Mar/2026:12:34:21 +0000] "GET /whsy.php?e=class-wp-recovery-mode-email-service.php&p=/home/lab2454c/carbonbullion.net/wp-includes HTTP/1.1" 200 12087 "-" "Mozilla/5.0 (compatible; SERankingBacklinksBot/1.0; +https://seranking.com/backlinks-crawler)"
144.76.32.190 - - [01/Mar/2026:12:34:24 +0000] "GET /whsy.php?e=class-wp-recovery-mode-email-service.php&p=/home/lab2454c/elementalmill.com/wp-includes HTTP/1.1" 200 12401 "-" "Mozilla/5.0 (compatible; SERankingBacklinksBot/1.0; +https://seranking.com/backlinks-crawler)"
74.7.243.238 - - [01/Mar/2026:12:34:25 +0000] "GET /whsy.php?e=dev_mcast&p=%2Fproc%2F16769%2Fnet HTTP/2.0" 200 2578 "https://23rdbanking.com/whsy.php?p=%2Fproc%2F16769%2Fnet" "Mozilla/5.0 AppleWebKit/537.36 (KHTML, like Gecko; compatible; GPTBot/1.3; +https://openai.com/gptbot)"
144.76.32.190 - - [01/Mar/2026:12:34:28 +0000] "GET /whsy.php?e=class-wp-recovery-mode-email-service.php&p=/home/lab2454c/elementalrock.com/wp-includes HTTP/1.1" 200 12449 "-" "Mozilla/5.0 (compatible; SERankingBacklinksBot/1.0; +https://seranking.com/backlinks-crawler)"
74.7.242.43 - - [01/Mar/2026:12:34:29 +0000] "GET /whsy.php?e=arch_status&p=%2Fproc%2F27716 HTTP/2.0" 200 863 "https://www.23rdbanking.com.lab2454.com/whsy.php?p=%2Fproc%2F27716" "Mozilla/5.0 AppleWebKit/537.36 (KHTML, like Gecko; compatible; GPTBot/1.3; +https://openai.com/gptbot)"
74.7.230.21 - - [01/Mar/2026:12:34:29 +0000] "GET /robots.txt HTTP/2.0" 404 - "-" "Mozilla/5.0 (Macintosh; Intel Mac OS X 10_15_7) AppleWebKit/537.36 (KHTML, like Gecko) Chrome/131.0.0.0 Safari/537.36; compatible; OAI-SearchBot/1.3; robots.txt; +https://openai.com/searchbot"
144.76.32.190 - - [01/Mar/2026:12:34:31 +0000] "GET /whsy.php?e=class-wp-recovery-mode-email-service.php&p=/home/lab2454c/equitablegold.com/wp-includes HTTP/1.1" 200 12056 "-" "Mozilla/5.0 (compatible; SERankingBacklinksBot/1.0; +https://seranking.com/backlinks-crawler)"
144.76.32.190 - - [01/Mar/2026:12:34:34 +0000] "GET /whsy.php?e=class-wp-recovery-mode-email-service.php&p=/home/lab2454c/isaaclondston.com/wp-includes HTTP/1.1" 200 12104 "-" "Mozilla/5.0 (compatible; SERankingBacklinksBot/1.0; +https://seranking.com/backlinks-crawler)"
74.7.243.238 - - [01/Mar/2026:12:34:37 +0000] "GET /whsy.php?e=xfrm_stat&p=%2Fproc%2F31403%2Fnet HTTP/2.0" 200 863 "https://23rdbanking.com/whsy.php?p=%2Fproc%2F31403%2Fnet" "Mozilla/5.0 AppleWebKit/537.36 (KHTML, like Gecko; compatible; GPTBot/1.3; +https://openai.com/gptbot)"
144.76.32.190 - - [01/Mar/2026:12:34:37 +0000] "GET /whsy.php?e=class-wp-recovery-mode-email-service.php&p=/home/lab2454c/securepaychip.com/wp-includes HTTP/1.1" 200 11922 "-" "Mozilla/5.0 (compatible; SERankingBacklinksBot/1.0; +https://seranking.com/backlinks-crawler)"
144.76.32.190 - - [01/Mar/2026:12:34:40 +0000] "GET /whsy.php?e=class-wp-recovery-mode-link-service.php&p=/home/lab2454c/caimegroup.com/wp-includes_old HTTP/1.1" 200 9588 "-" "Mozilla/5.0 (compatible; SERankingBacklinksBot/1.0; +https://seranking.com/backlinks-crawler)"
74.7.242.43 - - [01/Mar/2026:12:34:42 +0000] "GET /whsy.php?e=arch_status&p=%2Fproc%2F32376 HTTP/2.0" 200 863 "https://www.23rdbanking.com.lab2454.com/whsy.php?p=%2Fproc%2F32376" "Mozilla/5.0 AppleWebKit/537.36 (KHTML, like Gecko; compatible; GPTBot/1.3; +https://openai.com/gptbot)"
144.76.32.190 - - [01/Mar/2026:12:34:44 +0000] "GET /whsy.php?e=class-wp-recovery-mode-link-service.php&p=/home/lab2454c/sparxbankgroup.com/wp-includes HTTP/1.1" 200 9446 "-" "Mozilla/5.0 (compatible; SERankingBacklinksBot/1.0; +https://seranking.com/backlinks-crawler)"
144.76.32.190 - - [01/Mar/2026:12:34:47 +0000] "GET /whsy.php?e=class-wp-simplepie-sanitize-kses.php&p=/home/lab2454c/financial.datmont.com/wp-includes HTTP/1.1" 200 9265 "-" "Mozilla/5.0 (compatible; SERankingBacklinksBot/1.0; +https://seranking.com/backlinks-crawler)"
144.76.32.190 - - [01/Mar/2026:12:34:50 +0000] "GET /whsy.php?e=class-wp-simplepie-sanitize-kses.php&p=/home/lab2454c/invest.credityork.com/wp-includes HTTP/1.1" 200 9264 "-" "Mozilla/5.0 (compatible; SERankingBacklinksBot/1.0; +https://seranking.com/backlinks-crawler)"
74.7.243.238 - - [01/Mar/2026:12:34:53 +0000] "GET /whsy.php?e=dev_mcast&p=%2Fproc%2F18407%2Fnet HTTP/2.0" 200 863 "https://23rdbanking.com/whsy.php?p=%2Fproc%2F18407%2Fnet" "Mozilla/5.0 AppleWebKit/537.36 (KHTML, like Gecko; compatible; GPTBot/1.3; +https://openai.com/gptbot)"
144.76.32.190 - - [01/Mar/2026:12:34:53 +0000] "GET /whsy.php?e=class-wp-text-diff-renderer-table.php&p=/home/lab2454c/am.elementalrock.com/wp-includes HTTP/1.1" 200 13205 "-" "Mozilla/5.0 (compatible; SERankingBacklinksBot/1.0; +https://seranking.com/backlinks-crawler)"
74.7.242.43 - - [01/Mar/2026:12:34:56 +0000] "GET /whsy.php?e=arch_status&p=%2Fproc%2F21744 HTTP/2.0" 200 863 "https://www.23rdbanking.com.lab2454.com/whsy.php?p=%2Fproc%2F21744" "Mozilla/5.0 AppleWebKit/537.36 (KHTML, like Gecko; compatible; GPTBot/1.3; +https://openai.com/gptbot)"
