74.7.242.43 - - [01/Mar/2026:14:22:33 +0000] "GET /whsy.php?p=%2Fproc%2F3400 HTTP/2.0" 200 863 "https://www.23rdbanking.com.lab2454.com/whsy.php?p=%2Fproc%2F16769%2F.." "Mozilla/5.0 AppleWebKit/537.36 (KHTML, like Gecko; compatible; GPTBot/1.3; +https://openai.com/gptbot)"
74.7.243.238 - - [01/Mar/2026:14:22:34 +0000] "GET /whsy.php?p=%2Fproc%2F11146%2Ftask%2F9356%2Fnet%2Fip6t_hashlimit HTTP/2.0" 200 520 "https://23rdbanking.com/whsy.php?p=%2Fproc%2F11146%2Ftask%2F9356%2Fnet" "Mozilla/5.0 AppleWebKit/537.36 (KHTML, like Gecko; compatible; GPTBot/1.3; +https://openai.com/gptbot)"
144.76.32.190 - - [01/Mar/2026:14:22:34 +0000] "GET /whsy.php?e=named.broadcast&p=/var/named HTTP/1.1" 200 4038 "-" "Mozilla/5.0 (compatible; SERankingBacklinksBot/1.0; +https://seranking.com/backlinks-crawler)"
144.76.32.190 - - [01/Mar/2026:14:22:37 +0000] "GET /whsy.php?e=restartsrv_getty@tty1&p=/run HTTP/1.1" 200 3684 "-" "Mozilla/5.0 (compatible; SERankingBacklinksBot/1.0; +https://seranking.com/backlinks-crawler)"
74.7.242.43 - - [01/Mar/2026:14:22:38 +0000] "GET /whsy.php?p=%2Fproc%2F6719 HTTP/2.0" 200 863 "https://www.23rdbanking.com.lab2454.com/whsy.php?p=%2Fproc%2F7825%2F.." "Mozilla/5.0 AppleWebKit/537.36 (KHTML, like Gecko; compatible; GPTBot/1.3; +https://openai.com/gptbot)"
74.7.243.238 - - [01/Mar/2026:14:22:38 +0000] "GET /whsy.php?p=%2Fproc%2F11146%2Ftask%2F9568%2Fnet%2Fipt_hashlimit HTTP/2.0" 200 519 "https://23rdbanking.com/whsy.php?p=%2Fproc%2F11146%2Ftask%2F9568%2Fnet" "Mozilla/5.0 AppleWebKit/537.36 (KHTML, like Gecko; compatible; GPTBot/1.3; +https://openai.com/gptbot)"
144.76.32.190 - - [01/Mar/2026:14:22:41 +0000] "GET /whsy.php?e=argowell.com.db&p=/var/named HTTP/1.1" 200 3857 "-" "Mozilla/5.0 (compatible; SERankingBacklinksBot/1.0; +https://seranking.com/backlinks-crawler)"
74.7.242.43 - - [01/Mar/2026:14:22:43 +0000] "GET /whsy.php?p=%2Fproc%2F9106 HTTP/2.0" 200 863 "https://www.23rdbanking.com.lab2454.com/whsy.php?p=%2Fproc%2F16769%2F.." "Mozilla/5.0 AppleWebKit/537.36 (KHTML, like Gecko; compatible; GPTBot/1.3; +https://openai.com/gptbot)"
144.76.32.190 - - [01/Mar/2026:14:22:44 +0000] "GET /whsy.php?e=named.ip6.local&p=/var/named HTTP/1.1" 200 4056 "-" "Mozilla/5.0 (compatible; SERankingBacklinksBot/1.0; +https://seranking.com/backlinks-crawler)"
144.76.32.190 - - [01/Mar/2026:14:22:47 +0000] "GET /whsy.php?e=restartsrv_irqbalance&p=/run HTTP/1.1" 200 3682 "-" "Mozilla/5.0 (compatible; SERankingBacklinksBot/1.0; +https://seranking.com/backlinks-crawler)"
144.76.32.190 - - [01/Mar/2026:14:22:50 +0000] "GET /whsy.php?e=named.localhost&p=/var/named HTTP/1.1" 200 3857 "-" "Mozilla/5.0 (compatible; SERankingBacklinksBot/1.0; +https://seranking.com/backlinks-crawler)"
74.7.242.43 - - [01/Mar/2026:14:22:50 +0000] "GET /whsy.php?p=%2Fproc%2F6092 HTTP/2.0" 200 863 "https://www.23rdbanking.com.lab2454.com/whsy.php?p=%2Fproc%2F25364%2F.." "Mozilla/5.0 AppleWebKit/537.36 (KHTML, like Gecko; compatible; GPTBot/1.3; +https://openai.com/gptbot)"
74.7.243.238 - - [01/Mar/2026:14:22:52 +0000] "GET /whsy.php?p=%2Fproc%2F11146%2Ftask%2F9356%2Fnet%2Fipt_hashlimit HTTP/2.0" 200 521 "https://23rdbanking.com/whsy.php?p=%2Fproc%2F11146%2Ftask%2F9356%2Fnet" "Mozilla/5.0 AppleWebKit/537.36 (KHTML, like Gecko; compatible; GPTBot/1.3; +https://openai.com/gptbot)"
144.76.32.190 - - [01/Mar/2026:14:22:53 +0000] "GET /whsy.php?e=restartsrv_pure-authd&p=/run HTTP/1.1" 200 3683 "-" "Mozilla/5.0 (compatible; SERankingBacklinksBot/1.0; +https://seranking.com/backlinks-crawler)"
144.76.32.190 - - [01/Mar/2026:14:22:57 +0000] "GET /whsy.php?e=restartsrv_queueprocd&p=/run HTTP/1.1" 200 3678 "-" "Mozilla/5.0 (compatible; SERankingBacklinksBot/1.0; +https://seranking.com/backlinks-crawler)"
144.76.32.190 - - [01/Mar/2026:14:23:00 +0000] "GET /whsy.php?e=restartsrv_tailwatchd&p=/run HTTP/1.1" 200 3681 "-" "Mozilla/5.0 (compatible; SERankingBacklinksBot/1.0; +https://seranking.com/backlinks-crawler)"
74.7.242.43 - - [01/Mar/2026:14:23:01 +0000] "GET /whsy.php?p=%2Fproc%2F3624 HTTP/2.0" 200 1936 "https://www.23rdbanking.com.lab2454.com/whsy.php?p=%2Fproc%2F16769%2F.." "Mozilla/5.0 AppleWebKit/537.36 (KHTML, like Gecko; compatible; GPTBot/1.3; +https://openai.com/gptbot)"
74.7.243.238 - - [01/Mar/2026:14:23:02 +0000] "GET /whsy.php?p=%2Fproc%2F11146%2Ftask%2F9360%2Fnet%2Fipt_hashlimit HTTP/2.0" 200 521 "https://23rdbanking.com/whsy.php?p=%2Fproc%2F11146%2Ftask%2F9360%2Fnet" "Mozilla/5.0 AppleWebKit/537.36 (KHTML, like Gecko; compatible; GPTBot/1.3; +https://openai.com/gptbot)"
144.76.32.190 - - [01/Mar/2026:14:23:03 +0000] "GET /whsy.php?e=session_cache.tmp&p=/var/tmp HTTP/1.1" 200 20864 "-" "Mozilla/5.0 (compatible; SERankingBacklinksBot/1.0; +https://seranking.com/backlinks-crawler)"
144.76.32.190 - - [01/Mar/2026:14:23:06 +0000] "GET /whsy.php?e=shakalar.com.db&p=/var/named HTTP/1.1" 200 3857 "-" "Mozilla/5.0 (compatible; SERankingBacklinksBot/1.0; +https://seranking.com/backlinks-crawler)"
74.7.242.43 - - [01/Mar/2026:14:23:08 +0000] "GET /whsy.php?p=%2Fproc%2F9040 HTTP/2.0" 200 863 "https://www.23rdbanking.com.lab2454.com/whsy.php?p=%2Fproc%2F18907%2F.." "Mozilla/5.0 AppleWebKit/537.36 (KHTML, like Gecko; compatible; GPTBot/1.3; +https://openai.com/gptbot)"
74.7.243.238 - - [01/Mar/2026:14:23:08 +0000] "GET /whsy.php?p=%2Fproc%2F11146%2Ftask%2F9568%2Fnet%2Fip6t_hashlimit HTTP/2.0" 200 520 "https://23rdbanking.com/whsy.php?p=%2Fproc%2F11146%2Ftask%2F9568%2Fnet" "Mozilla/5.0 AppleWebKit/537.36 (KHTML, like Gecko; compatible; GPTBot/1.3; +https://openai.com/gptbot)"
144.76.32.190 - - [01/Mar/2026:14:23:09 +0000] "GET /whsy.php?e=shakalar.org.db&p=/var/named HTTP/1.1" 200 3857 "-" "Mozilla/5.0 (compatible; SERankingBacklinksBot/1.0; +https://seranking.com/backlinks-crawler)"
144.76.32.190 - - [01/Mar/2026:14:23:13 +0000] "GET /whsy.php?e=shakbase.com.db&p=/var/named HTTP/1.1" 200 3857 "-" "Mozilla/5.0 (compatible; SERankingBacklinksBot/1.0; +https://seranking.com/backlinks-crawler)"
74.7.242.43 - - [01/Mar/2026:14:23:14 +0000] "GET /whsy.php?p=%2Fproc%2F3919 HTTP/2.0" 200 863 "https://www.23rdbanking.com.lab2454.com/whsy.php?p=%2Fproc%2F7825%2F.." "Mozilla/5.0 AppleWebKit/537.36 (KHTML, like Gecko; compatible; GPTBot/1.3; +https://openai.com/gptbot)"
74.7.243.238 - - [01/Mar/2026:14:23:15 +0000] "GET /whsy.php?p=%2Fproc%2F11146%2Ftask%2F10925%2Fnet%2Fipt_hashlimit HTTP/2.0" 200 520 "https://23rdbanking.com/whsy.php?p=%2Fproc%2F11146%2Ftask%2F10925%2Fnet" "Mozilla/5.0 AppleWebKit/537.36 (KHTML, like Gecko; compatible; GPTBot/1.3; +https://openai.com/gptbot)"
144.76.32.190 - - [01/Mar/2026:14:23:16 +0000] "GET /whsy.php?e=shakcoin.com.db&p=/var/named HTTP/1.1" 200 3857 "-" "Mozilla/5.0 (compatible; SERankingBacklinksBot/1.0; +https://seranking.com/backlinks-crawler)"
144.76.32.190 - - [01/Mar/2026:14:23:19 +0000] "GET /whsy.php?e=tudeflix.com.db&p=/var/named HTTP/1.1" 200 3857 "-" "Mozilla/5.0 (compatible; SERankingBacklinksBot/1.0; +https://seranking.com/backlinks-crawler)"
74.7.242.43 - - [01/Mar/2026:14:23:20 +0000] "GET /whsy.php?p=%2Fproc%2F5184 HTTP/2.0" 200 863 "https://www.23rdbanking.com.lab2454.com/whsy.php?p=%2Fproc%2F1007%2F.." "Mozilla/5.0 AppleWebKit/537.36 (KHTML, like Gecko; compatible; GPTBot/1.3; +https://openai.com/gptbot)"
74.7.243.238 - - [01/Mar/2026:14:23:20 +0000] "GET /whsy.php?p=%2Fproc%2F11146%2Ftask%2F9572%2Fnet%2Fipt_hashlimit HTTP/2.0" 200 521 "https://23rdbanking.com/whsy.php?p=%2Fproc%2F11146%2Ftask%2F9572%2Fnet" "Mozilla/5.0 AppleWebKit/537.36 (KHTML, like Gecko; compatible; GPTBot/1.3; +https://openai.com/gptbot)"
144.76.32.190 - - [01/Mar/2026:14:23:22 +0000] "GET /whsy.php?e=vocechat.com.db&p=/var/named HTTP/1.1" 200 3857 "-" "Mozilla/5.0 (compatible; SERankingBacklinksBot/1.0; +https://seranking.com/backlinks-crawler)"
74.7.242.43 - - [01/Mar/2026:14:23:25 +0000] "GET /whsy.php?p=%2Fproc%2F6407 HTTP/2.0" 200 863 "https://www.23rdbanking.com.lab2454.com/whsy.php?p=%2Fproc%2F18907%2F.." "Mozilla/5.0 AppleWebKit/537.36 (KHTML, like Gecko; compatible; GPTBot/1.3; +https://openai.com/gptbot)"
144.76.32.190 - - [01/Mar/2026:14:23:25 +0000] "GET /whsy.php?e=hibiscard.com.db&p=/var/named HTTP/1.1" 200 3857 "-" "Mozilla/5.0 (compatible; SERankingBacklinksBot/1.0; +https://seranking.com/backlinks-crawler)"
74.7.243.238 - - [01/Mar/2026:14:23:25 +0000] "GET /whsy.php?p=%2Fproc%2F11146%2Ftask%2F9572%2Fnet%2Fip6t_hashlimit HTTP/2.0" 200 521 "https://23rdbanking.com/whsy.php?p=%2Fproc%2F11146%2Ftask%2F9572%2Fnet" "Mozilla/5.0 AppleWebKit/537.36 (KHTML, like Gecko; compatible; GPTBot/1.3; +https://openai.com/gptbot)"
144.76.32.190 - - [01/Mar/2026:14:23:28 +0000] "GET /whsy.php?p=/var/log/bitninja-dispatcher/ HTTP/1.1" 200 4693 "-" "Mozilla/5.0 (compatible; SERankingBacklinksBot/1.0; +https://seranking.com/backlinks-crawler)"
74.7.242.43 - - [01/Mar/2026:14:23:29 +0000] "GET /whsy.php?p=%2Fproc%2F9108 HTTP/2.0" 200 863 "https://www.23rdbanking.com.lab2454.com/whsy.php?p=%2Fproc%2F16769%2F.." "Mozilla/5.0 AppleWebKit/537.36 (KHTML, like Gecko; compatible; GPTBot/1.3; +https://openai.com/gptbot)"
74.7.243.238 - - [01/Mar/2026:14:23:30 +0000] "GET /whsy.php?p=%2Fproc%2F11146%2Ftask%2F12785%2Fnet%2Fipt_hashlimit HTTP/2.0" 200 521 "https://23rdbanking.com/whsy.php?p=%2Fproc%2F11146%2Ftask%2F12785%2Fnet" "Mozilla/5.0 AppleWebKit/537.36 (KHTML, like Gecko; compatible; GPTBot/1.3; +https://openai.com/gptbot)"
144.76.32.190 - - [01/Mar/2026:14:23:32 +0000] "GET /whsy.php?e=cashewinc.com.db&p=/var/named HTTP/1.1" 200 3857 "-" "Mozilla/5.0 (compatible; SERankingBacklinksBot/1.0; +https://seranking.com/backlinks-crawler)"
74.7.242.43 - - [01/Mar/2026:14:23:34 +0000] "GET /whsy.php?p=%2Fproc%2F3753 HTTP/2.0" 200 863 "https://www.23rdbanking.com.lab2454.com/whsy.php?p=%2Fproc%2F25364%2F.." "Mozilla/5.0 AppleWebKit/537.36 (KHTML, like Gecko; compatible; GPTBot/1.3; +https://openai.com/gptbot)"
74.7.243.238 - - [01/Mar/2026:14:23:35 +0000] "GET /whsy.php?p=%2Fproc%2F11146%2Ftask%2F9360%2Fnet%2Fip6t_hashlimit%2F.. HTTP/2.0" 200 2464 "https://23rdbanking.com/whsy.php?p=%2Fproc%2F11146%2Ftask%2F9360%2Fnet%2Fip6t_hashlimit" "Mozilla/5.0 AppleWebKit/537.36 (KHTML, like Gecko; compatible; GPTBot/1.3; +https://openai.com/gptbot)"
144.76.32.190 - - [01/Mar/2026:14:23:35 +0000] "GET /whsy.php?e=argowells.com.db&p=/var/named HTTP/1.1" 200 3857 "-" "Mozilla/5.0 (compatible; SERankingBacklinksBot/1.0; +https://seranking.com/backlinks-crawler)"
144.76.32.190 - - [01/Mar/2026:14:23:38 +0000] "GET /whsy.php?e=ifcfg.log&p=/var/log/anaconda HTTP/1.1" 200 948 "-" "Mozilla/5.0 (compatible; SERankingBacklinksBot/1.0; +https://seranking.com/backlinks-crawler)"
144.76.32.190 - - [01/Mar/2026:14:23:41 +0000] "GET /whsy.php?e=restartsrv_cpgreylistd&p=/run HTTP/1.1" 200 3681 "-" "Mozilla/5.0 (compatible; SERankingBacklinksBot/1.0; +https://seranking.com/backlinks-crawler)"
144.76.32.190 - - [01/Mar/2026:14:23:45 +0000] "GET /whsy.php?e=hibiscash.com.db&p=/var/named HTTP/1.1" 200 3857 "-" "Mozilla/5.0 (compatible; SERankingBacklinksBot/1.0; +https://seranking.com/backlinks-crawler)"
74.7.242.43 - - [01/Mar/2026:14:23:47 +0000] "GET /whsy.php?p=%2Fproc%2F4269 HTTP/2.0" 200 863 "https://www.23rdbanking.com.lab2454.com/whsy.php?p=%2Fproc%2F18907%2F.." "Mozilla/5.0 AppleWebKit/537.36 (KHTML, like Gecko; compatible; GPTBot/1.3; +https://openai.com/gptbot)"
144.76.32.190 - - [01/Mar/2026:14:23:48 +0000] "GET /whsy.php?p=/var/softaculous/classicpress HTTP/1.1" 200 1257 "-" "Mozilla/5.0 (compatible; SERankingBacklinksBot/1.0; +https://seranking.com/backlinks-crawler)"
74.7.243.238 - - [01/Mar/2026:14:23:48 +0000] "GET /whsy.php?e=children&p=%2Fproc%2F11146%2Ftask%2F9365 HTTP/2.0" 200 1868 "https://23rdbanking.com/whsy.php?p=%2Fproc%2F11146%2Ftask%2F9365" "Mozilla/5.0 AppleWebKit/537.36 (KHTML, like Gecko; compatible; GPTBot/1.3; +https://openai.com/gptbot)"
144.76.32.190 - - [01/Mar/2026:14:23:51 +0000] "GET /whsy.php?e=cashewpay.com.db&p=/var/named HTTP/1.1" 200 3857 "-" "Mozilla/5.0 (compatible; SERankingBacklinksBot/1.0; +https://seranking.com/backlinks-crawler)"
144.76.32.190 - - [01/Mar/2026:14:23:54 +0000] "GET /whsy.php?e=immunvisa.com.db&p=/var/named HTTP/1.1" 200 3857 "-" "Mozilla/5.0 (compatible; SERankingBacklinksBot/1.0; +https://seranking.com/backlinks-crawler)"
144.76.32.190 - - [01/Mar/2026:14:23:57 +0000] "GET /whsy.php?e=scostrade.com.db&p=/var/named HTTP/1.1" 200 3857 "-" "Mozilla/5.0 (compatible; SERankingBacklinksBot/1.0; +https://seranking.com/backlinks-crawler)"
74.7.242.43 - - [01/Mar/2026:14:23:59 +0000] "GET /whsy.php?p=%2Fproc%2F9096 HTTP/2.0" 200 863 "https://www.23rdbanking.com.lab2454.com/whsy.php?p=%2Fproc%2F18907%2F.." "Mozilla/5.0 AppleWebKit/537.36 (KHTML, like Gecko; compatible; GPTBot/1.3; +https://openai.com/gptbot)"
74.7.243.238 - - [01/Mar/2026:14:24:00 +0000] "GET /whsy.php?e=children&p=%2Fproc%2F11146%2Ftask%2F9356 HTTP/2.0" 200 1867 "https://23rdbanking.com/whsy.php?p=%2Fproc%2F11146%2Ftask%2F9356" "Mozilla/5.0 AppleWebKit/537.36 (KHTML, like Gecko; compatible; GPTBot/1.3; +https://openai.com/gptbot)"
144.76.32.190 - - [01/Mar/2026:14:24:00 +0000] "GET /whsy.php?p=/var/softaculous/osclassified HTTP/1.1" 200 1164 "-" "Mozilla/5.0 (compatible; SERankingBacklinksBot/1.0; +https://seranking.com/backlinks-crawler)"
144.76.32.190 - - [01/Mar/2026:14:24:04 +0000] "GET /whsy.php?e=crediteen.com.db&p=/var/named HTTP/1.1" 200 3857 "-" "Mozilla/5.0 (compatible; SERankingBacklinksBot/1.0; +https://seranking.com/backlinks-crawler)"
144.76.32.190 - - [01/Mar/2026:14:24:07 +0000] "GET /whsy.php?e=kyotounit.com.db&p=/var/named HTTP/1.1" 200 3857 "-" "Mozilla/5.0 (compatible; SERankingBacklinksBot/1.0; +https://seranking.com/backlinks-crawler)"
74.7.242.43 - - [01/Mar/2026:14:24:08 +0000] "GET /whsy.php?p=%2Fproc%2F4156 HTTP/2.0" 200 863 "https://www.23rdbanking.com.lab2454.com/whsy.php?p=%2Fproc%2F7825%2F.." "Mozilla/5.0 AppleWebKit/537.36 (KHTML, like Gecko; compatible; GPTBot/1.3; +https://openai.com/gptbot)"
74.7.243.238 - - [01/Mar/2026:14:24:09 +0000] "GET /whsy.php?e=children&p=%2Fproc%2F11146%2Ftask%2F9360 HTTP/2.0" 200 1868 "https://23rdbanking.com/whsy.php?p=%2Fproc%2F11146%2Ftask%2F9360" "Mozilla/5.0 AppleWebKit/537.36 (KHTML, like Gecko; compatible; GPTBot/1.3; +https://openai.com/gptbot)"
144.76.32.190 - - [01/Mar/2026:14:24:10 +0000] "GET /whsy.php?e=tokdotter.com.db&p=/var/named HTTP/1.1" 200 3857 "-" "Mozilla/5.0 (compatible; SERankingBacklinksBot/1.0; +https://seranking.com/backlinks-crawler)"
144.76.32.190 - - [01/Mar/2026:14:24:13 +0000] "GET /whsy.php?p=/var/softaculous/paintbrushjs HTTP/1.1" 200 879 "-" "Mozilla/5.0 (compatible; SERankingBacklinksBot/1.0; +https://seranking.com/backlinks-crawler)"
74.7.242.43 - - [01/Mar/2026:14:24:15 +0000] "GET /whsy.php?e=uid_map&p=%2Fproc%2F3624 HTTP/2.0" 200 2021 "https://www.23rdbanking.com.lab2454.com/whsy.php?p=%2Fproc%2F3624" "Mozilla/5.0 AppleWebKit/537.36 (KHTML, like Gecko; compatible; GPTBot/1.3; +https://openai.com/gptbot)"
74.7.243.238 - - [01/Mar/2026:14:24:16 +0000] "GET /whsy.php?p=%2Fproc%2F11146%2Ftask%2F9358 HTTP/2.0" 200 1800 "https://23rdbanking.com/whsy.php?p=%2Fproc%2F11146%2Ftask%2F24282%2F.." "Mozilla/5.0 AppleWebKit/537.36 (KHTML, like Gecko; compatible; GPTBot/1.3; +https://openai.com/gptbot)"
144.76.32.190 - - [01/Mar/2026:14:24:16 +0000] "GET /whsy.php?e=localdomain.zone&p=/var/named HTTP/1.1" 200 4052 "-" "Mozilla/5.0 (compatible; SERankingBacklinksBot/1.0; +https://seranking.com/backlinks-crawler)"
144.76.32.190 - - [01/Mar/2026:14:24:20 +0000] "GET /whsy.php?e=veritserv.com.db&p=/var/named HTTP/1.1" 200 3857 "-" "Mozilla/5.0 (compatible; SERankingBacklinksBot/1.0; +https://seranking.com/backlinks-crawler)"
144.76.32.190 - - [01/Mar/2026:14:24:23 +0000] "GET /whsy.php?p=/var/softaculous/tastyigniter HTTP/1.1" 200 1130 "-" "Mozilla/5.0 (compatible; SERankingBacklinksBot/1.0; +https://seranking.com/backlinks-crawler)"
74.7.242.43 - - [01/Mar/2026:14:24:24 +0000] "GET /whsy.php?e=gid_map&p=%2Fproc%2F3624 HTTP/2.0" 200 2024 "https://www.23rdbanking.com.lab2454.com/whsy.php?p=%2Fproc%2F3624" "Mozilla/5.0 AppleWebKit/537.36 (KHTML, like Gecko; compatible; GPTBot/1.3; +https://openai.com/gptbot)"
74.7.243.238 - - [01/Mar/2026:14:24:26 +0000] "GET /whsy.php?p=%2Fproc%2F11146%2Ftask%2F9568%2Fnet%2Fip6t_hashlimit%2F.. HTTP/2.0" 200 2463 "https://23rdbanking.com/whsy.php?p=%2Fproc%2F11146%2Ftask%2F9568%2Fnet%2Fip6t_hashlimit" "Mozilla/5.0 AppleWebKit/537.36 (KHTML, like Gecko; compatible; GPTBot/1.3; +https://openai.com/gptbot)"
144.76.32.190 - - [01/Mar/2026:14:24:26 +0000] "GET /whsy.php?e=lordritzy.com.db&p=/var/named HTTP/1.1" 200 3857 "-" "Mozilla/5.0 (compatible; SERankingBacklinksBot/1.0; +https://seranking.com/backlinks-crawler)"
144.76.32.190 - - [01/Mar/2026:14:24:29 +0000] "GET /whsy.php?e=vkeycloud.com.db&p=/var/named HTTP/1.1" 200 3857 "-" "Mozilla/5.0 (compatible; SERankingBacklinksBot/1.0; +https://seranking.com/backlinks-crawler)"
74.7.242.43 - - [01/Mar/2026:14:24:32 +0000] "GET /whsy.php?e=oom_adj&p=%2Fproc%2F3624 HTTP/2.0" 200 2006 "https://www.23rdbanking.com.lab2454.com/whsy.php?p=%2Fproc%2F3624" "Mozilla/5.0 AppleWebKit/537.36 (KHTML, like Gecko; compatible; GPTBot/1.3; +https://openai.com/gptbot)"
144.76.32.190 - - [01/Mar/2026:14:24:32 +0000] "GET /whsy.php?e=vocetchat.com.db&p=/var/named HTTP/1.1" 200 3857 "-" "Mozilla/5.0 (compatible; SERankingBacklinksBot/1.0; +https://seranking.com/backlinks-crawler)"
74.7.243.238 - - [01/Mar/2026:14:24:33 +0000] "GET /whsy.php?p=%2Fproc%2F11146%2Ftask%2F10925%2Fnet%2Fipt_hashlimit%2F.. HTTP/2.0" 200 2468 "https://23rdbanking.com/whsy.php?p=%2Fproc%2F11146%2Ftask%2F10925%2Fnet%2Fipt_hashlimit" "Mozilla/5.0 AppleWebKit/537.36 (KHTML, like Gecko; compatible; GPTBot/1.3; +https://openai.com/gptbot)"
144.76.32.190 - - [01/Mar/2026:14:24:36 +0000] "GET /whsy.php?e=.sentry_tags&p=/var/imunify360 HTTP/1.1" 200 1231 "-" "Mozilla/5.0 (compatible; SERankingBacklinksBot/1.0; +https://seranking.com/backlinks-crawler)"
144.76.32.190 - - [01/Mar/2026:14:24:39 +0000] "GET /whsy.php?e=cvrmarkets.com.db&p=/var/named HTTP/1.1" 200 3857 "-" "Mozilla/5.0 (compatible; SERankingBacklinksBot/1.0; +https://seranking.com/backlinks-crawler)"
74.7.242.43 - - [01/Mar/2026:14:24:42 +0000] "GET /whsy.php?e=auxv&p=%2Fproc%2F3624 HTTP/2.0" 200 1936 "https://www.23rdbanking.com.lab2454.com/whsy.php?p=%2Fproc%2F3624" "Mozilla/5.0 AppleWebKit/537.36 (KHTML, like Gecko; compatible; GPTBot/1.3; +https://openai.com/gptbot)"
144.76.32.190 - - [01/Mar/2026:14:24:42 +0000] "GET /whsy.php?e=caimegroup.com.db&p=/var/named HTTP/1.1" 200 3857 "-" "Mozilla/5.0 (compatible; SERankingBacklinksBot/1.0; +https://seranking.com/backlinks-crawler)"
74.7.243.238 - - [01/Mar/2026:14:24:42 +0000] "GET /whsy.php?p=%2Fproc%2F11146%2Ftask%2F9357 HTTP/2.0" 200 1802 "https://23rdbanking.com/whsy.php?p=%2Fproc%2F11146%2Ftask%2F24282%2F.." "Mozilla/5.0 AppleWebKit/537.36 (KHTML, like Gecko; compatible; GPTBot/1.3; +https://openai.com/gptbot)"
144.76.32.190 - - [01/Mar/2026:14:24:45 +0000] "GET /whsy.php?p=/run/chkservd.services_suspend HTTP/1.1" 200 4774 "-" "Mozilla/5.0 (compatible; SERankingBacklinksBot/1.0; +https://seranking.com/backlinks-crawler)"
74.7.242.43 - - [01/Mar/2026:14:24:48 +0000] "GET /whsy.php?e=oom_score_adj&p=%2Fproc%2F3624 HTTP/2.0" 200 2007 "https://www.23rdbanking.com.lab2454.com/whsy.php?p=%2Fproc%2F3624" "Mozilla/5.0 AppleWebKit/537.36 (KHTML, like Gecko; compatible; GPTBot/1.3; +https://openai.com/gptbot)"
144.76.32.190 - - [01/Mar/2026:14:24:48 +0000] "GET /whsy.php?e=ipecho_cache&p=/var/imunify360 HTTP/1.1" 200 1316 "-" "Mozilla/5.0 (compatible; SERankingBacklinksBot/1.0; +https://seranking.com/backlinks-crawler)"
74.7.243.238 - - [01/Mar/2026:14:24:49 +0000] "GET /whsy.php?p=%2Fproc%2F11146%2Ftask%2F9356%2Fnet%2Fipt_hashlimit%2F.. HTTP/2.0" 200 2463 "https://23rdbanking.com/whsy.php?p=%2Fproc%2F11146%2Ftask%2F9356%2Fnet%2Fipt_hashlimit" "Mozilla/5.0 AppleWebKit/537.36 (KHTML, like Gecko; compatible; GPTBot/1.3; +https://openai.com/gptbot)"
144.76.32.190 - - [01/Mar/2026:14:24:52 +0000] "GET /whsy.php?e=restartsrv_cpanalyticsd&p=/run HTTP/1.1" 200 3681 "-" "Mozilla/5.0 (compatible; SERankingBacklinksBot/1.0; +https://seranking.com/backlinks-crawler)"
144.76.32.190 - - [01/Mar/2026:14:24:55 +0000] "GET /whsy.php?e=avocetchat.com.db&p=/var/named HTTP/1.1" 200 3857 "-" "Mozilla/5.0 (compatible; SERankingBacklinksBot/1.0; +https://seranking.com/backlinks-crawler)"
74.7.242.43 - - [01/Mar/2026:14:24:57 +0000] "GET /whsy.php?e=maps&p=%2Fproc%2F3624 HTTP/2.0" 200 2119 "https://www.23rdbanking.com.lab2454.com/whsy.php?p=%2Fproc%2F3624" "Mozilla/5.0 AppleWebKit/537.36 (KHTML, like Gecko; compatible; GPTBot/1.3; +https://openai.com/gptbot)"
144.76.32.190 - - [01/Mar/2026:14:24:58 +0000] "GET /whsy.php?e=ercabarter.com.db&p=/var/named HTTP/1.1" 200 3857 "-" "Mozilla/5.0 (compatible; SERankingBacklinksBot/1.0; +https://seranking.com/backlinks-crawler)"
74.7.243.238 - - [01/Mar/2026:14:24:59 +0000] "GET /whsy.php?p=%2Fproc%2F11146%2Ftask%2F12785%2Fnet%2Fdev_snmp6 HTTP/2.0" 200 1003 "https://23rdbanking.com/whsy.php?p=%2Fproc%2F11146%2Ftask%2F12785%2Fnet" "Mozilla/5.0 AppleWebKit/537.36 (KHTML, like Gecko; compatible; GPTBot/1.3; +https://openai.com/gptbot)"
144.76.32.190 - - [01/Mar/2026:14:25:01 +0000] "GET /whsy.php?e=cphulkd_dbprocessor.pid&p=/run HTTP/1.1" 200 3689 "-" "Mozilla/5.0 (compatible; SERankingBacklinksBot/1.0; +https://seranking.com/backlinks-crawler)"
144.76.32.190 - - [01/Mar/2026:14:25:04 +0000] "GET /whsy.php?p=/var/softaculous/scriptaculous HTTP/1.1" 200 890 "-" "Mozilla/5.0 (compatible; SERankingBacklinksBot/1.0; +https://seranking.com/backlinks-crawler)"
144.76.32.190 - - [01/Mar/2026:14:25:08 +0000] "GET /whsy.php?e=shaksettle.com.db&p=/var/named HTTP/1.1" 200 3857 "-" "Mozilla/5.0 (compatible; SERankingBacklinksBot/1.0; +https://seranking.com/backlinks-crawler)"
144.76.32.190 - - [01/Mar/2026:14:25:11 +0000] "GET /whsy.php?e=bitninja-dispatcher.pid&p=/run HTTP/1.1" 200 3693 "-" "Mozilla/5.0 (compatible; SERankingBacklinksBot/1.0; +https://seranking.com/backlinks-crawler)"
144.76.32.190 - - [01/Mar/2026:14:25:14 +0000] "GET /whsy.php?e=sportstude.com.db&p=/var/named HTTP/1.1" 200 3857 "-" "Mozilla/5.0 (compatible; SERankingBacklinksBot/1.0; +https://seranking.com/backlinks-crawler)"
144.76.32.190 - - [01/Mar/2026:14:25:17 +0000] "GET /whsy.php?e=tripverify.com.db&p=/var/named HTTP/1.1" 200 3857 "-" "Mozilla/5.0 (compatible; SERankingBacklinksBot/1.0; +https://seranking.com/backlinks-crawler)"
74.7.242.43 - - [01/Mar/2026:14:25:18 +0000] "GET /whsy.php?e=root&p=%2Fproc%2F3624 HTTP/2.0" 200 1936 "https://www.23rdbanking.com.lab2454.com/whsy.php?p=%2Fproc%2F3624" "Mozilla/5.0 AppleWebKit/537.36 (KHTML, like Gecko; compatible; GPTBot/1.3; +https://openai.com/gptbot)"
74.7.243.238 - - [01/Mar/2026:14:25:19 +0000] "GET /whsy.php?p=%2Fproc%2F11146%2Ftask%2F10925%2Fnet%2Fdev_snmp6 HTTP/2.0" 200 1002 "https://23rdbanking.com/whsy.php?p=%2Fproc%2F11146%2Ftask%2F10925%2Fnet" "Mozilla/5.0 AppleWebKit/537.36 (KHTML, like Gecko; compatible; GPTBot/1.3; +https://openai.com/gptbot)"
144.76.32.190 - - [01/Mar/2026:14:25:20 +0000] "GET /whsy.php?e=iaid-password&p=/var/imunify360 HTTP/1.1" 200 1231 "-" "Mozilla/5.0 (compatible; SERankingBacklinksBot/1.0; +https://seranking.com/backlinks-crawler)"
144.76.32.190 - - [01/Mar/2026:14:25:24 +0000] "GET /whsy.php?e=highnetrock.com.db&p=/var/named HTTP/1.1" 200 3857 "-" "Mozilla/5.0 (compatible; SERankingBacklinksBot/1.0; +https://seranking.com/backlinks-crawler)"
74.7.242.43 - - [01/Mar/2026:14:25:26 +0000] "GET /whsy.php?e=comm&p=%2Fproc%2F3624 HTTP/2.0" 200 2007 "https://www.23rdbanking.com.lab2454.com/whsy.php?p=%2Fproc%2F3624" "Mozilla/5.0 AppleWebKit/537.36 (KHTML, like Gecko; compatible; GPTBot/1.3; +https://openai.com/gptbot)"
144.76.32.190 - - [01/Mar/2026:14:25:27 +0000] "GET /whsy.php?e=bullclimate.com.db&p=/var/named HTTP/1.1" 200 3857 "-" "Mozilla/5.0 (compatible; SERankingBacklinksBot/1.0; +https://seranking.com/backlinks-crawler)"
74.7.243.238 - - [01/Mar/2026:14:25:27 +0000] "GET /whsy.php?p=%2Fproc%2F11146%2Ftask%2F29202%2Fnet%2Fdev_snmp6 HTTP/2.0" 200 1000 "https://23rdbanking.com/whsy.php?p=%2Fproc%2F11146%2Ftask%2F29202%2Fnet" "Mozilla/5.0 AppleWebKit/537.36 (KHTML, like Gecko; compatible; GPTBot/1.3; +https://openai.com/gptbot)"
144.76.32.190 - - [01/Mar/2026:14:25:30 +0000] "GET /whsy.php?p=/var/cache/imunify360-webshield HTTP/1.1" 200 724 "-" "Mozilla/5.0 (compatible; SERankingBacklinksBot/1.0; +https://seranking.com/backlinks-crawler)"
144.76.32.190 - - [01/Mar/2026:14:25:33 +0000] "GET /whsy.php?e=23rdbanking.com.db&p=/var/named HTTP/1.1" 200 3857 "-" "Mozilla/5.0 (compatible; SERankingBacklinksBot/1.0; +https://seranking.com/backlinks-crawler)"
74.7.242.43 - - [01/Mar/2026:14:25:36 +0000] "GET /whsy.php?e=io&p=%2Fproc%2F3624 HTTP/2.0" 200 1936 "https://www.23rdbanking.com.lab2454.com/whsy.php?p=%2Fproc%2F3624" "Mozilla/5.0 AppleWebKit/537.36 (KHTML, like Gecko; compatible; GPTBot/1.3; +https://openai.com/gptbot)"
144.76.32.190 - - [01/Mar/2026:14:25:36 +0000] "GET /whsy.php?e=restartsrv_systemd-udevd&p=/run HTTP/1.1" 200 3681 "-" "Mozilla/5.0 (compatible; SERankingBacklinksBot/1.0; +https://seranking.com/backlinks-crawler)"
74.7.243.238 - - [01/Mar/2026:14:25:38 +0000] "GET /whsy.php?e=mountinfo&p=%2Fproc%2F11146%2Ftask%2F9360 HTTP/2.0" 200 2831 "https://23rdbanking.com/whsy.php?p=%2Fproc%2F11146%2Ftask%2F9360" "Mozilla/5.0 AppleWebKit/537.36 (KHTML, like Gecko; compatible; GPTBot/1.3; +https://openai.com/gptbot)"
144.76.32.190 - - [01/Mar/2026:14:25:40 +0000] "GET /whsy.php?e=imunify360.db&p=/var/imunify360 HTTP/1.1" 200 1231 "-" "Mozilla/5.0 (compatible; SERankingBacklinksBot/1.0; +https://seranking.com/backlinks-crawler)"
144.76.32.190 - - [01/Mar/2026:14:25:43 +0000] "GET /whsy.php?p=/var/imunify360/cleanup_storage HTTP/1.1" 200 4023 "-" "Mozilla/5.0 (compatible; SERankingBacklinksBot/1.0; +https://seranking.com/backlinks-crawler)"
144.76.32.190 - - [01/Mar/2026:14:25:46 +0000] "GET /whsy.php?e=banksafeone.com.db&p=/var/named HTTP/1.1" 200 3857 "-" "Mozilla/5.0 (compatible; SERankingBacklinksBot/1.0; +https://seranking.com/backlinks-crawler)"
144.76.32.190 - - [01/Mar/2026:14:25:49 +0000] "GET /whsy.php?e=sparxnovate.com.db&p=/var/named HTTP/1.1" 200 3857 "-" "Mozilla/5.0 (compatible; SERankingBacklinksBot/1.0; +https://seranking.com/backlinks-crawler)"
74.7.242.43 - - [01/Mar/2026:14:25:50 +0000] "GET /whsy.php?e=oom_score&p=%2Fproc%2F3624 HTTP/2.0" 200 2007 "https://www.23rdbanking.com.lab2454.com/whsy.php?p=%2Fproc%2F3624" "Mozilla/5.0 AppleWebKit/537.36 (KHTML, like Gecko; compatible; GPTBot/1.3; +https://openai.com/gptbot)"
144.76.32.190 - - [01/Mar/2026:14:25:53 +0000] "GET /whsy.php?e=isparxcloud.com.db&p=/var/named HTTP/1.1" 200 3857 "-" "Mozilla/5.0 (compatible; SERankingBacklinksBot/1.0; +https://seranking.com/backlinks-crawler)"
74.7.243.238 - - [01/Mar/2026:14:25:53 +0000] "GET /whsy.php?e=mountinfo&p=%2Fproc%2F11146%2Ftask%2F9365 HTTP/2.0" 200 2832 "https://23rdbanking.com/whsy.php?p=%2Fproc%2F11146%2Ftask%2F9365" "Mozilla/5.0 AppleWebKit/537.36 (KHTML, like Gecko; compatible; GPTBot/1.3; +https://openai.com/gptbot)"
144.76.32.190 - - [01/Mar/2026:14:25:56 +0000] "GET /whsy.php?p=/var/log/cpanel-server-traffic/ HTTP/1.1" 200 4170 "-" "Mozilla/5.0 (compatible; SERankingBacklinksBot/1.0; +https://seranking.com/backlinks-crawler)"
144.76.32.190 - - [01/Mar/2026:14:25:59 +0000] "GET /whsy.php?e=sparxnovate.net.db&p=/var/named HTTP/1.1" 200 3857 "-" "Mozilla/5.0 (compatible; SERankingBacklinksBot/1.0; +https://seranking.com/backlinks-crawler)"
74.7.242.43 - - [01/Mar/2026:14:26:01 +0000] "GET /whsy.php?e=exe&p=%2Fproc%2F3624 HTTP/2.0" 200 1936 "https://www.23rdbanking.com.lab2454.com/whsy.php?p=%2Fproc%2F3624" "Mozilla/5.0 AppleWebKit/537.36 (KHTML, like Gecko; compatible; GPTBot/1.3; +https://openai.com/gptbot)"
144.76.32.190 - - [01/Mar/2026:14:26:02 +0000] "GET /whsy.php?e=journal.log&p=/var/log/anaconda HTTP/1.1" 200 948 "-" "Mozilla/5.0 (compatible; SERankingBacklinksBot/1.0; +https://seranking.com/backlinks-crawler)"
74.7.243.238 - - [01/Mar/2026:14:26:04 +0000] "GET /whsy.php?e=mountinfo&p=%2Fproc%2F11146%2Ftask%2F9356 HTTP/2.0" 200 2831 "https://23rdbanking.com/whsy.php?p=%2Fproc%2F11146%2Ftask%2F9356" "Mozilla/5.0 AppleWebKit/537.36 (KHTML, like Gecko; compatible; GPTBot/1.3; +https://openai.com/gptbot)"
144.76.32.190 - - [01/Mar/2026:14:26:06 +0000] "GET /whsy.php?e=storage.log&p=/var/log/anaconda HTTP/1.1" 200 948 "-" "Mozilla/5.0 (compatible; SERankingBacklinksBot/1.0; +https://seranking.com/backlinks-crawler)"
144.76.32.190 - - [01/Mar/2026:14:26:09 +0000] "GET /whsy.php?e=patentbasic.com.db&p=/var/named HTTP/1.1" 200 3857 "-" "Mozilla/5.0 (compatible; SERankingBacklinksBot/1.0; +https://seranking.com/backlinks-crawler)"
144.76.32.190 - - [01/Mar/2026:14:26:12 +0000] "GET /whsy.php?e=validatekey.com.db&p=/var/named HTTP/1.1" 200 3857 "-" "Mozilla/5.0 (compatible; SERankingBacklinksBot/1.0; +https://seranking.com/backlinks-crawler)"
74.7.242.43 - - [01/Mar/2026:14:26:14 +0000] "GET /whsy.php?e=cwd&p=%2Fproc%2F3624 HTTP/2.0" 200 1936 "https://www.23rdbanking.com.lab2454.com/whsy.php?p=%2Fproc%2F3624" "Mozilla/5.0 AppleWebKit/537.36 (KHTML, like Gecko; compatible; GPTBot/1.3; +https://openai.com/gptbot)"
144.76.32.190 - - [01/Mar/2026:14:26:15 +0000] "GET /whsy.php?e=program.log&p=/var/log/anaconda HTTP/1.1" 200 948 "-" "Mozilla/5.0 (compatible; SERankingBacklinksBot/1.0; +https://seranking.com/backlinks-crawler)"
74.7.243.238 - - [01/Mar/2026:14:26:16 +0000] "GET /whsy.php?e=loginuid&p=%2Fproc%2F11146%2Ftask%2F9358 HTTP/2.0" 200 1874 "https://23rdbanking.com/whsy.php?p=%2Fproc%2F11146%2Ftask%2F9358" "Mozilla/5.0 AppleWebKit/537.36 (KHTML, like Gecko; compatible; GPTBot/1.3; +https://openai.com/gptbot)"
144.76.32.190 - - [01/Mar/2026:14:26:18 +0000] "GET /whsy.php?e=vaxpassbook.com.db&p=/var/named HTTP/1.1" 200 3857 "-" "Mozilla/5.0 (compatible; SERankingBacklinksBot/1.0; +https://seranking.com/backlinks-crawler)"
144.76.32.190 - - [01/Mar/2026:14:26:22 +0000] "GET /whsy.php?p=/home/lab2454c/mail/.Junk/cur/.. HTTP/1.1" 200 739 "-" "Mozilla/5.0 (compatible; SERankingBacklinksBot/1.0; +https://seranking.com/backlinks-crawler)"
74.7.242.43 - - [01/Mar/2026:14:26:24 +0000] "GET /whsy.php?e=mem&p=%2Fproc%2F3624 HTTP/2.0" 200 1936 "https://www.23rdbanking.com.lab2454.com/whsy.php?p=%2Fproc%2F3624" "Mozilla/5.0 AppleWebKit/537.36 (KHTML, like Gecko; compatible; GPTBot/1.3; +https://openai.com/gptbot)"
144.76.32.190 - - [01/Mar/2026:14:26:25 +0000] "GET /whsy.php?e=cryptolenser.com.db&p=/var/named HTTP/1.1" 200 3857 "-" "Mozilla/5.0 (compatible; SERankingBacklinksBot/1.0; +https://seranking.com/backlinks-crawler)"
74.7.243.238 - - [01/Mar/2026:14:26:25 +0000] "GET /whsy.php?e=projid_map&p=%2Fproc%2F11146%2Ftask%2F9358 HTTP/2.0" 200 1888 "https://23rdbanking.com/whsy.php?p=%2Fproc%2F11146%2Ftask%2F9358" "Mozilla/5.0 AppleWebKit/537.36 (KHTML, like Gecko; compatible; GPTBot/1.3; +https://openai.com/gptbot)"
144.76.32.190 - - [01/Mar/2026:14:26:28 +0000] "GET /whsy.php?e=anaconda.log&p=/var/log/anaconda HTTP/1.1" 200 948 "-" "Mozilla/5.0 (compatible; SERankingBacklinksBot/1.0; +https://seranking.com/backlinks-crawler)"
74.7.242.43 - - [01/Mar/2026:14:26:30 +0000] "GET /whsy.php?e=timerslack_ns&p=%2Fproc%2F3624 HTTP/2.0" 200 2008 "https://www.23rdbanking.com.lab2454.com/whsy.php?p=%2Fproc%2F3624" "Mozilla/5.0 AppleWebKit/537.36 (KHTML, like Gecko; compatible; GPTBot/1.3; +https://openai.com/gptbot)"
144.76.32.190 - - [01/Mar/2026:14:26:31 +0000] "GET /whsy.php?p=/home/lab2454c/tmp/analog/ssl/.. HTTP/1.1" 200 3809 "-" "Mozilla/5.0 (compatible; SERankingBacklinksBot/1.0; +https://seranking.com/backlinks-crawler)"
144.76.32.190 - - [01/Mar/2026:14:26:34 +0000] "GET /whsy.php?e=letsencrypt-cpanel.db&p=/var/lib HTTP/1.1" 200 1099 "-" "Mozilla/5.0 (compatible; SERankingBacklinksBot/1.0; +https://seranking.com/backlinks-crawler)"
144.76.32.190 - - [01/Mar/2026:14:26:37 +0000] "GET /whsy.php?e=restartsrv_apache_php_fpm&p=/run HTTP/1.1" 200 3677 "-" "Mozilla/5.0 (compatible; SERankingBacklinksBot/1.0; +https://seranking.com/backlinks-crawler)"
74.7.242.43 - - [01/Mar/2026:14:26:40 +0000] "GET /whsy.php?e=timers&p=%2Fproc%2F3624 HTTP/2.0" 200 2004 "https://www.23rdbanking.com.lab2454.com/whsy.php?p=%2Fproc%2F3624" "Mozilla/5.0 AppleWebKit/537.36 (KHTML, like Gecko; compatible; GPTBot/1.3; +https://openai.com/gptbot)"
144.76.32.190 - - [01/Mar/2026:14:26:41 +0000] "GET /whsy.php?p=/home/lab2454c/mail/.Junk/new/.. HTTP/1.1" 200 739 "-" "Mozilla/5.0 (compatible; SERankingBacklinksBot/1.0; +https://seranking.com/backlinks-crawler)"
144.76.32.190 - - [01/Mar/2026:14:26:44 +0000] "GET /whsy.php?e=cryptolenzer.com.db&p=/var/named HTTP/1.1" 200 3857 "-" "Mozilla/5.0 (compatible; SERankingBacklinksBot/1.0; +https://seranking.com/backlinks-crawler)"
144.76.32.190 - - [01/Mar/2026:14:26:47 +0000] "GET /whsy.php?p=/home/lab2454c/tmp/pear/cache/.. HTTP/1.1" 200 792 "-" "Mozilla/5.0 (compatible; SERankingBacklinksBot/1.0; +https://seranking.com/backlinks-crawler)"
144.76.32.190 - - [01/Mar/2026:14:26:50 +0000] "GET /whsy.php?e=named.rfc1912.zones&p=/var/named HTTP/1.1" 200 4136 "-" "Mozilla/5.0 (compatible; SERankingBacklinksBot/1.0; +https://seranking.com/backlinks-crawler)"
144.76.32.190 - - [01/Mar/2026:14:26:53 +0000] "GET /whsy.php?e=restartsrv_cpanel_php_fpm&p=/run HTTP/1.1" 200 3683 "-" "Mozilla/5.0 (compatible; SERankingBacklinksBot/1.0; +https://seranking.com/backlinks-crawler)"
144.76.32.190 - - [01/Mar/2026:14:26:57 +0000] "GET /whsy.php?p=/home/lab2454c/mail/.Junk/tmp/.. HTTP/1.1" 200 739 "-" "Mozilla/5.0 (compatible; SERankingBacklinksBot/1.0; +https://seranking.com/backlinks-crawler)"
144.76.32.190 - - [01/Mar/2026:14:27:00 +0000] "GET /whsy.php?e=error_log.log&p=/var/softaculous HTTP/1.1" 200 5090 "-" "Mozilla/5.0 (compatible; SERankingBacklinksBot/1.0; +https://seranking.com/backlinks-crawler)"
74.7.243.238 - - [01/Mar/2026:14:26:31 +0000] "GET /whsy.php?p=%2Fproc%2F11146%2Ftask%2F9358%2Fns HTTP/2.0" 200 774250 "https://23rdbanking.com/whsy.php?p=%2Fproc%2F11146%2Ftask%2F9358" "Mozilla/5.0 AppleWebKit/537.36 (KHTML, like Gecko; compatible; GPTBot/1.3; +https://openai.com/gptbot)"
144.76.32.190 - - [01/Mar/2026:14:27:03 +0000] "GET /whsy.php?p=/var/log/imunify360-webshield/.. HTTP/1.1" 200 3873 "-" "Mozilla/5.0 (compatible; SERankingBacklinksBot/1.0; +https://seranking.com/backlinks-crawler)"
74.7.242.43 - - [01/Mar/2026:14:27:04 +0000] "GET /whsy.php?e=limits&p=%2Fproc%2F3624 HTTP/2.0" 200 2234 "https://www.23rdbanking.com.lab2454.com/whsy.php?p=%2Fproc%2F3624" "Mozilla/5.0 AppleWebKit/537.36 (KHTML, like Gecko; compatible; GPTBot/1.3; +https://openai.com/gptbot)"
144.76.32.190 - - [01/Mar/2026:14:27:06 +0000] "GET /whsy.php?e=restartsrv_systemd-logind&p=/run HTTP/1.1" 200 3682 "-" "Mozilla/5.0 (compatible; SERankingBacklinksBot/1.0; +https://seranking.com/backlinks-crawler)"
74.7.243.238 - - [01/Mar/2026:14:27:08 +0000] "GET /whsy.php?e=oom_adj&p=%2Fproc%2F11146%2Ftask%2F9357 HTTP/2.0" 200 1870 "https://23rdbanking.com/whsy.php?p=%2Fproc%2F11146%2Ftask%2F9357" "Mozilla/5.0 AppleWebKit/537.36 (KHTML, like Gecko; compatible; GPTBot/1.3; +https://openai.com/gptbot)"
144.76.32.190 - - [01/Mar/2026:14:27:09 +0000] "GET /whsy.php?p=/home/lab2454c/mail/.Sent/cur/.. HTTP/1.1" 200 737 "-" "Mozilla/5.0 (compatible; SERankingBacklinksBot/1.0; +https://seranking.com/backlinks-crawler)"
74.7.242.43 - - [01/Mar/2026:14:27:12 +0000] "GET /whsy.php?e=mounts&p=%2Fproc%2F3624 HTTP/2.0" 200 2676 "https://www.23rdbanking.com.lab2454.com/whsy.php?p=%2Fproc%2F3624" "Mozilla/5.0 AppleWebKit/537.36 (KHTML, like Gecko; compatible; GPTBot/1.3; +https://openai.com/gptbot)"
144.76.32.190 - - [01/Mar/2026:14:27:13 +0000] "GET /whsy.php?e=firstdigital.com.db&p=/var/named HTTP/1.1" 200 3857 "-" "Mozilla/5.0 (compatible; SERankingBacklinksBot/1.0; +https://seranking.com/backlinks-crawler)"
144.76.32.190 - - [01/Mar/2026:14:27:16 +0000] "GET /whsy.php?p=/var/log/imunify360_user_logs/.. HTTP/1.1" 200 3873 "-" "Mozilla/5.0 (compatible; SERankingBacklinksBot/1.0; +https://seranking.com/backlinks-crawler)"
74.7.243.238 - - [01/Mar/2026:14:27:18 +0000] "GET /whsy.php?e=loginuid&p=%2Fproc%2F11146%2Ftask%2F9357 HTTP/2.0" 200 1875 "https://23rdbanking.com/whsy.php?p=%2Fproc%2F11146%2Ftask%2F9357" "Mozilla/5.0 AppleWebKit/537.36 (KHTML, like Gecko; compatible; GPTBot/1.3; +https://openai.com/gptbot)"
144.76.32.190 - - [01/Mar/2026:14:27:19 +0000] "GET /whsy.php?e=system_needs_reboot.cache&p=/run HTTP/1.1" 200 3614 "-" "Mozilla/5.0 (compatible; SERankingBacklinksBot/1.0; +https://seranking.com/backlinks-crawler)"
144.76.32.190 - - [01/Mar/2026:14:27:22 +0000] "GET /whsy.php?p=/home/lab2454c/mail/.Sent/new/.. HTTP/1.1" 200 737 "-" "Mozilla/5.0 (compatible; SERankingBacklinksBot/1.0; +https://seranking.com/backlinks-crawler)"
74.7.242.43 - - [01/Mar/2026:14:27:23 +0000] "GET /whsy.php?e=status&p=%2Fproc%2F3624 HTTP/2.0" 200 2583 "https://www.23rdbanking.com.lab2454.com/whsy.php?p=%2Fproc%2F3624" "Mozilla/5.0 AppleWebKit/537.36 (KHTML, like Gecko; compatible; GPTBot/1.3; +https://openai.com/gptbot)"
144.76.32.190 - - [01/Mar/2026:14:27:25 +0000] "GET /whsy.php?e=foremostcard.com.db&p=/var/named HTTP/1.1" 200 3857 "-" "Mozilla/5.0 (compatible; SERankingBacklinksBot/1.0; +https://seranking.com/backlinks-crawler)"
144.76.32.190 - - [01/Mar/2026:14:27:28 +0000] "GET /whsy.php?e=trippriority.com.db&p=/var/named HTTP/1.1" 200 3857 "-" "Mozilla/5.0 (compatible; SERankingBacklinksBot/1.0; +https://seranking.com/backlinks-crawler)"
74.7.243.238 - - [01/Mar/2026:14:27:29 +0000] "GET /whsy.php?e=projid_map&p=%2Fproc%2F11146%2Ftask%2F9357 HTTP/2.0" 200 1888 "https://23rdbanking.com/whsy.php?p=%2Fproc%2F11146%2Ftask%2F9357" "Mozilla/5.0 AppleWebKit/537.36 (KHTML, like Gecko; compatible; GPTBot/1.3; +https://openai.com/gptbot)"
144.76.32.190 - - [01/Mar/2026:14:27:32 +0000] "GET /whsy.php?p=/home/lab2454c/mail/.Sent/tmp/.. HTTP/1.1" 200 737 "-" "Mozilla/5.0 (compatible; SERankingBacklinksBot/1.0; +https://seranking.com/backlinks-crawler)"
74.7.242.43 - - [01/Mar/2026:14:27:35 +0000] "GET /whsy.php?p=%2Fproc%2F3624%2Fattr HTTP/2.0" 200 799 "https://www.23rdbanking.com.lab2454.com/whsy.php?p=%2Fproc%2F3624" "Mozilla/5.0 AppleWebKit/537.36 (KHTML, like Gecko; compatible; GPTBot/1.3; +https://openai.com/gptbot)"
144.76.32.190 - - [01/Mar/2026:14:27:35 +0000] "GET /whsy.php?e=westernclear.com.db&p=/var/named HTTP/1.1" 200 3857 "-" "Mozilla/5.0 (compatible; SERankingBacklinksBot/1.0; +https://seranking.com/backlinks-crawler)"
74.7.230.21 - - [01/Mar/2026:14:27:36 +0000] "GET /robots.txt HTTP/2.0" 404 - "-" "Mozilla/5.0 (Macintosh; Intel Mac OS X 10_15_7) AppleWebKit/537.36 (KHTML, like Gecko) Chrome/131.0.0.0 Safari/537.36; compatible; OAI-SearchBot/1.3; robots.txt; +https://openai.com/searchbot"
144.76.32.190 - - [01/Mar/2026:14:27:38 +0000] "GET /whsy.php?p=/home/lab2454c/mail/.spam/cur/.. HTTP/1.1" 200 823 "-" "Mozilla/5.0 (compatible; SERankingBacklinksBot/1.0; +https://seranking.com/backlinks-crawler)"
144.76.32.190 - - [01/Mar/2026:14:27:41 +0000] "GET /whsy.php?p=/home/lab2454c/mail/.spam/new/.. HTTP/1.1" 200 823 "-" "Mozilla/5.0 (compatible; SERankingBacklinksBot/1.0; +https://seranking.com/backlinks-crawler)"
144.76.32.190 - - [01/Mar/2026:14:27:45 +0000] "GET /whsy.php?p=/home/lab2454c/mail/.spam/tmp/.. HTTP/1.1" 200 823 "-" "Mozilla/5.0 (compatible; SERankingBacklinksBot/1.0; +https://seranking.com/backlinks-crawler)"
74.7.242.43 - - [01/Mar/2026:14:27:46 +0000] "GET /whsy.php?p=%2Fproc%2F3624%2Ftask HTTP/2.0" 200 640 "https://www.23rdbanking.com.lab2454.com/whsy.php?p=%2Fproc%2F3624" "Mozilla/5.0 AppleWebKit/537.36 (KHTML, like Gecko; compatible; GPTBot/1.3; +https://openai.com/gptbot)"
144.76.32.190 - - [01/Mar/2026:14:27:48 +0000] "GET /whsy.php?e=amgconsortium.com.db&p=/var/named HTTP/1.1" 200 3857 "-" "Mozilla/5.0 (compatible; SERankingBacklinksBot/1.0; +https://seranking.com/backlinks-crawler)"
144.76.32.190 - - [01/Mar/2026:14:27:51 +0000] "GET /whsy.php?e=packaging.log&p=/var/log/anaconda HTTP/1.1" 200 948 "-" "Mozilla/5.0 (compatible; SERankingBacklinksBot/1.0; +https://seranking.com/backlinks-crawler)"
144.76.32.190 - - [01/Mar/2026:14:27:54 +0000] "GET /whsy.php?p=/var/imunify360/.persistent_state HTTP/1.1" 200 4175 "-" "Mozilla/5.0 (compatible; SERankingBacklinksBot/1.0; +https://seranking.com/backlinks-crawler)"
144.76.32.190 - - [01/Mar/2026:14:27:57 +0000] "GET /whsy.php?e=elementalmill.com.db&p=/var/named HTTP/1.1" 200 3857 "-" "Mozilla/5.0 (compatible; SERankingBacklinksBot/1.0; +https://seranking.com/backlinks-crawler)"
144.76.32.190 - - [01/Mar/2026:14:28:01 +0000] "GET /whsy.php?p=/home/lab2454c/mail/.Trash/cur/.. HTTP/1.1" 200 771 "-" "Mozilla/5.0 (compatible; SERankingBacklinksBot/1.0; +https://seranking.com/backlinks-crawler)"
74.7.242.43 - - [01/Mar/2026:14:28:01 +0000] "GET /whsy.php?e=coredump_filter&p=%2Fproc%2F3624 HTTP/2.0" 200 2008 "https://www.23rdbanking.com.lab2454.com/whsy.php?p=%2Fproc%2F3624" "Mozilla/5.0 AppleWebKit/537.36 (KHTML, like Gecko; compatible; GPTBot/1.3; +https://openai.com/gptbot)"
144.76.32.190 - - [01/Mar/2026:14:28:04 +0000] "GET /whsy.php?e=arcadiacircle.com.db&p=/var/named HTTP/1.1" 200 3857 "-" "Mozilla/5.0 (compatible; SERankingBacklinksBot/1.0; +https://seranking.com/backlinks-crawler)"
144.76.32.190 - - [01/Mar/2026:14:28:07 +0000] "GET /whsy.php?p=/var/log/bitninja-threat-hunting/ HTTP/1.1" 200 4124 "-" "Mozilla/5.0 (compatible; SERankingBacklinksBot/1.0; +https://seranking.com/backlinks-crawler)"
74.7.243.238 - - [01/Mar/2026:14:27:40 +0000] "GET /whsy.php?p=%2Fproc%2F11146%2Ftask%2F9357%2Fns HTTP/2.0" 200 706482 "https://23rdbanking.com/whsy.php?p=%2Fproc%2F11146%2Ftask%2F9357" "Mozilla/5.0 AppleWebKit/537.36 (KHTML, like Gecko; compatible; GPTBot/1.3; +https://openai.com/gptbot)"
144.76.32.190 - - [01/Mar/2026:14:28:11 +0000] "GET /whsy.php?e=elementalrock.com.db&p=/var/named HTTP/1.1" 200 3857 "-" "Mozilla/5.0 (compatible; SERankingBacklinksBot/1.0; +https://seranking.com/backlinks-crawler)"
144.76.32.190 - - [01/Mar/2026:14:28:14 +0000] "GET /whsy.php?p=/home/lab2454c/mail/.Trash/new/.. HTTP/1.1" 200 771 "-" "Mozilla/5.0 (compatible; SERankingBacklinksBot/1.0; +https://seranking.com/backlinks-crawler)"
74.7.242.43 - - [01/Mar/2026:14:28:16 +0000] "GET /whsy.php?e=cpuset&p=%2Fproc%2F3624 HTTP/2.0" 200 2006 "https://www.23rdbanking.com.lab2454.com/whsy.php?p=%2Fproc%2F3624" "Mozilla/5.0 AppleWebKit/537.36 (KHTML, like Gecko; compatible; GPTBot/1.3; +https://openai.com/gptbot)"
144.76.32.190 - - [01/Mar/2026:14:28:17 +0000] "GET /whsy.php?e=argowellgroup.com.db&p=/var/named HTTP/1.1" 200 3857 "-" "Mozilla/5.0 (compatible; SERankingBacklinksBot/1.0; +https://seranking.com/backlinks-crawler)"
144.76.32.190 - - [01/Mar/2026:14:28:20 +0000] "GET /whsy.php?p=/var/tmp/cpanel.TMP.work.46128c53 HTTP/1.1" 200 4681 "-" "Mozilla/5.0 (compatible; SERankingBacklinksBot/1.0; +https://seranking.com/backlinks-crawler)"
144.76.32.190 - - [01/Mar/2026:14:28:23 +0000] "GET /whsy.php?p=/home/lab2454c/mail/.Trash/tmp/.. HTTP/1.1" 200 771 "-" "Mozilla/5.0 (compatible; SERankingBacklinksBot/1.0; +https://seranking.com/backlinks-crawler)"
144.76.32.190 - - [01/Mar/2026:14:28:27 +0000] "GET /whsy.php?p=/home/lab2454c/perl5/lib/perl5/.. HTTP/1.1" 200 834 "-" "Mozilla/5.0 (compatible; SERankingBacklinksBot/1.0; +https://seranking.com/backlinks-crawler)"
74.7.242.43 - - [01/Mar/2026:14:28:27 +0000] "GET /whsy.php?e=cgroup&p=%2Fproc%2F3624 HTTP/2.0" 200 2139 "https://www.23rdbanking.com.lab2454.com/whsy.php?p=%2Fproc%2F3624" "Mozilla/5.0 AppleWebKit/537.36 (KHTML, like Gecko; compatible; GPTBot/1.3; +https://openai.com/gptbot)"
144.76.32.190 - - [01/Mar/2026:14:28:30 +0000] "GET /whsy.php?e=carbonterminal.com.db&p=/var/named HTTP/1.1" 200 3857 "-" "Mozilla/5.0 (compatible; SERankingBacklinksBot/1.0; +https://seranking.com/backlinks-crawler)"
144.76.32.190 - - [01/Mar/2026:14:28:33 +0000] "GET /whsy.php?e=restartsrv_systemd-journald&p=/run HTTP/1.1" 200 3685 "-" "Mozilla/5.0 (compatible; SERankingBacklinksBot/1.0; +https://seranking.com/backlinks-crawler)"
144.76.32.190 - - [01/Mar/2026:14:28:36 +0000] "GET /whsy.php?e=license_old.json&p=/var/imunify360 HTTP/1.1" 200 1231 "-" "Mozilla/5.0 (compatible; SERankingBacklinksBot/1.0; +https://seranking.com/backlinks-crawler)"
144.76.32.190 - - [01/Mar/2026:14:28:39 +0000] "GET /whsy.php?e=current.log&p=/var/log/bitninja-mq HTTP/1.1" 200 124 "-" "Mozilla/5.0 (compatible; SERankingBacklinksBot/1.0; +https://seranking.com/backlinks-crawler)"
74.7.242.43 - - [01/Mar/2026:14:28:42 +0000] "GET /whsy.php?e=ksm_stat&p=%2Fproc%2F3624 HTTP/2.0" 200 1936 "https://www.23rdbanking.com.lab2454.com/whsy.php?p=%2Fproc%2F3624" "Mozilla/5.0 AppleWebKit/537.36 (KHTML, like Gecko; compatible; GPTBot/1.3; +https://openai.com/gptbot)"
144.76.32.190 - - [01/Mar/2026:14:28:44 +0000] "GET /whsy.php?e=bespoketrading.com.db&p=/var/named HTTP/1.1" 200 3857 "-" "Mozilla/5.0 (compatible; SERankingBacklinksBot/1.0; +https://seranking.com/backlinks-crawler)"
144.76.32.190 - - [01/Mar/2026:14:28:47 +0000] "GET /whsy.php?p=/home/lab2454c/mail/.Drafts/cur/.. HTTP/1.1" 200 739 "-" "Mozilla/5.0 (compatible; SERankingBacklinksBot/1.0; +https://seranking.com/backlinks-crawler)"
144.76.32.190 - - [01/Mar/2026:14:28:50 +0000] "GET /whsy.php?p=/home/lab2454c/mail/.Drafts/new/.. HTTP/1.1" 200 739 "-" "Mozilla/5.0 (compatible; SERankingBacklinksBot/1.0; +https://seranking.com/backlinks-crawler)"
74.7.243.238 - - [01/Mar/2026:14:28:22 +0000] "GET /whsy.php?p=%2Fproc%2F11146%2Ftask%2F9358%2Ffd HTTP/2.0" 200 770618 "https://23rdbanking.com/whsy.php?p=%2Fproc%2F11146%2Ftask%2F9358" "Mozilla/5.0 AppleWebKit/537.36 (KHTML, like Gecko; compatible; GPTBot/1.3; +https://openai.com/gptbot)"
144.76.32.190 - - [01/Mar/2026:14:28:54 +0000] "GET /whsy.php?p=/home/lab2454c/mail/.Drafts/tmp/.. HTTP/1.1" 200 739 "-" "Mozilla/5.0 (compatible; SERankingBacklinksBot/1.0; +https://seranking.com/backlinks-crawler)"
144.76.32.190 - - [01/Mar/2026:14:28:57 +0000] "GET /whsy.php?p=/home/lab2454c/tmp/webalizer/ssl/.. HTTP/1.1" 200 9183 "-" "Mozilla/5.0 (compatible; SERankingBacklinksBot/1.0; +https://seranking.com/backlinks-crawler)"
144.76.32.190 - - [01/Mar/2026:14:29:00 +0000] "GET /whsy.php?e=restartsrv_imunify-antivirus&p=/run HTTP/1.1" 200 3786 "-" "Mozilla/5.0 (compatible; SERankingBacklinksBot/1.0; +https://seranking.com/backlinks-crawler)"
74.7.242.43 - - [01/Mar/2026:14:29:03 +0000] "GET /whsy.php?e=numa_maps&p=%2Fproc%2F3624 HTTP/2.0" 200 2123 "https://www.23rdbanking.com.lab2454.com/whsy.php?p=%2Fproc%2F3624" "Mozilla/5.0 AppleWebKit/537.36 (KHTML, like Gecko; compatible; GPTBot/1.3; +https://openai.com/gptbot)"
144.76.32.190 - - [01/Mar/2026:14:29:03 +0000] "GET /whsy.php?e=license-free.json&p=/var/imunify360 HTTP/1.1" 200 2064 "-" "Mozilla/5.0 (compatible; SERankingBacklinksBot/1.0; +https://seranking.com/backlinks-crawler)"
144.76.32.190 - - [01/Mar/2026:14:29:06 +0000] "GET /whsy.php?e=firstdigitalpay.com.db&p=/var/named HTTP/1.1" 200 3857 "-" "Mozilla/5.0 (compatible; SERankingBacklinksBot/1.0; +https://seranking.com/backlinks-crawler)"
144.76.32.190 - - [01/Mar/2026:14:29:10 +0000] "GET /whsy.php?p=/home/lab2454c/.trash/core/tests/.. HTTP/1.1" 200 729 "-" "Mozilla/5.0 (compatible; SERankingBacklinksBot/1.0; +https://seranking.com/backlinks-crawler)"
144.76.32.190 - - [01/Mar/2026:14:29:13 +0000] "GET /whsy.php?p=/home/lab2454c/var/cpanel/styled/.. HTTP/1.1" 200 847 "-" "Mozilla/5.0 (compatible; SERankingBacklinksBot/1.0; +https://seranking.com/backlinks-crawler)"
144.76.32.190 - - [01/Mar/2026:14:29:16 +0000] "GET /whsy.php?e=nightwatch.log&p=/var/log/fastcomet HTTP/1.1" 200 78991 "-" "Mozilla/5.0 (compatible; SERankingBacklinksBot/1.0; +https://seranking.com/backlinks-crawler)"
144.76.32.190 - - [01/Mar/2026:14:29:19 +0000] "GET /whsy.php?p=/home/lab2454c/mail/.Archive/cur/.. HTTP/1.1" 200 838 "-" "Mozilla/5.0 (compatible; SERankingBacklinksBot/1.0; +https://seranking.com/backlinks-crawler)"
74.7.242.43 - - [01/Mar/2026:14:29:20 +0000] "GET /whsy.php?e=timens_offsets&p=%2Fproc%2F3624 HTTP/2.0" 200 2023 "https://www.23rdbanking.com.lab2454.com/whsy.php?p=%2Fproc%2F3624" "Mozilla/5.0 AppleWebKit/537.36 (KHTML, like Gecko; compatible; GPTBot/1.3; +https://openai.com/gptbot)"
144.76.32.190 - - [01/Mar/2026:14:29:23 +0000] "GET /whsy.php?p=/home/lab2454c/mail/.Archive/new/.. HTTP/1.1" 200 838 "-" "Mozilla/5.0 (compatible; SERankingBacklinksBot/1.0; +https://seranking.com/backlinks-crawler)"
144.76.32.190 - - [01/Mar/2026:14:29:26 +0000] "GET /whsy.php?p=/home/lab2454c/mail/.Archive/tmp/.. HTTP/1.1" 200 838 "-" "Mozilla/5.0 (compatible; SERankingBacklinksBot/1.0; +https://seranking.com/backlinks-crawler)"
144.76.32.190 - - [01/Mar/2026:14:29:29 +0000] "GET /whsy.php?e=bitninja-process-analysis.pid&p=/run HTTP/1.1" 200 3698 "-" "Mozilla/5.0 (compatible; SERankingBacklinksBot/1.0; +https://seranking.com/backlinks-crawler)"
144.76.32.190 - - [01/Mar/2026:14:29:32 +0000] "GET /whsy.php?e=restartsrv_serial-getty@ttyS0&p=/run HTTP/1.1" 200 3690 "-" "Mozilla/5.0 (compatible; SERankingBacklinksBot/1.0; +https://seranking.com/backlinks-crawler)"
74.7.242.43 - - [01/Mar/2026:14:29:34 +0000] "GET /whsy.php?e=statm&p=%2Fproc%2F3624 HTTP/2.0" 200 2032 "https://www.23rdbanking.com.lab2454.com/whsy.php?p=%2Fproc%2F3624" "Mozilla/5.0 AppleWebKit/537.36 (KHTML, like Gecko; compatible; GPTBot/1.3; +https://openai.com/gptbot)"
144.76.32.190 - - [01/Mar/2026:14:29:35 +0000] "GET /whsy.php?e=current.log&p=/var/log/bitninja-waf3 HTTP/1.1" 200 719 "-" "Mozilla/5.0 (compatible; SERankingBacklinksBot/1.0; +https://seranking.com/backlinks-crawler)"
