74.7.243.238 - - [01/Mar/2026:15:23:53 +0000] "GET /whsy.php?e=rt_acct&p=%2Fproc%2F13144%2Fnet HTTP/2.0" 200 2529 "https://23rdbanking.com/whsy.php?e=xfrm_stat&p=%2Fproc%2F13144%2Fnet" "Mozilla/5.0 AppleWebKit/537.36 (KHTML, like Gecko; compatible; GPTBot/1.3; +https://openai.com/gptbot)"
144.76.32.190 - - [01/Mar/2026:15:23:54 +0000] "GET /whsy.php?p=/home/lab2454c/biocei.com/wp-includes/js/dist HTTP/1.1" 200 4311 "-" "Mozilla/5.0 (compatible; SERankingBacklinksBot/1.0; +https://seranking.com/backlinks-crawler)"
144.76.32.190 - - [01/Mar/2026:15:23:57 +0000] "GET /whsy.php?p=/home/lab2454c/vaultchip.com/vendor/facade/.. HTTP/1.1" 200 1633 "-" "Mozilla/5.0 (compatible; SERankingBacklinksBot/1.0; +https://seranking.com/backlinks-crawler)"
74.7.242.43 - - [01/Mar/2026:15:23:58 +0000] "GET /whsy.php?e=comm&p=%2Fproc%2F29452 HTTP/2.0" 200 1984 "https://www.23rdbanking.com.lab2454.com/whsy.php?p=%2Fproc%2F29452" "Mozilla/5.0 AppleWebKit/537.36 (KHTML, like Gecko; compatible; GPTBot/1.3; +https://openai.com/gptbot)"
74.7.243.238 - - [01/Mar/2026:15:23:58 +0000] "GET /whsy.php?p=%2Fproc%2F4780 HTTP/2.0" 200 863 "https://23rdbanking.com/whsy.php?p=%2Fproc%2F10243%2F.." "Mozilla/5.0 AppleWebKit/537.36 (KHTML, like Gecko; compatible; GPTBot/1.3; +https://openai.com/gptbot)"
144.76.32.190 - - [01/Mar/2026:15:24:00 +0000] "GET /whsy.php?p=/home/lab2454c/biocei.com/wp-includes/l10n/.. HTTP/1.1" 200 9001 "-" "Mozilla/5.0 (compatible; SERankingBacklinksBot/1.0; +https://seranking.com/backlinks-crawler)"
144.76.32.190 - - [01/Mar/2026:15:24:04 +0000] "GET /whsy.php?p=/home/lab2454c/vaultchip.com/vendor/google/.. HTTP/1.1" 200 1633 "-" "Mozilla/5.0 (compatible; SERankingBacklinksBot/1.0; +https://seranking.com/backlinks-crawler)"
74.7.242.43 - - [01/Mar/2026:15:24:04 +0000] "GET /whsy.php?e=clear_refs&p=%2Fproc%2F15358 HTTP/2.0" 200 863 "https://www.23rdbanking.com.lab2454.com/whsy.php?p=%2Fproc%2F15358" "Mozilla/5.0 AppleWebKit/537.36 (KHTML, like Gecko; compatible; GPTBot/1.3; +https://openai.com/gptbot)"
74.7.243.238 - - [01/Mar/2026:15:24:04 +0000] "GET /whsy.php?p=%2Fproc%2F4140 HTTP/2.0" 200 863 "https://23rdbanking.com/whsy.php?p=%2Fproc%2F12635%2F.." "Mozilla/5.0 AppleWebKit/537.36 (KHTML, like Gecko; compatible; GPTBot/1.3; +https://openai.com/gptbot)"
144.76.32.190 - - [01/Mar/2026:15:24:07 +0000] "GET /whsy.php?p=/home/lab2454c/biocei.com/wp-includes/pomo/.. HTTP/1.1" 200 9001 "-" "Mozilla/5.0 (compatible; SERankingBacklinksBot/1.0; +https://seranking.com/backlinks-crawler)"
144.76.32.190 - - [01/Mar/2026:15:24:10 +0000] "GET /whsy.php?p=/home/lab2454c/vaultchip.com/vendor/league/.. HTTP/1.1" 200 1633 "-" "Mozilla/5.0 (compatible; SERankingBacklinksBot/1.0; +https://seranking.com/backlinks-crawler)"
74.7.242.43 - - [01/Mar/2026:15:24:10 +0000] "GET /whsy.php?e=clear_refs&p=%2Fproc%2F30015 HTTP/2.0" 200 863 "https://www.23rdbanking.com.lab2454.com/whsy.php?p=%2Fproc%2F30015" "Mozilla/5.0 AppleWebKit/537.36 (KHTML, like Gecko; compatible; GPTBot/1.3; +https://openai.com/gptbot)"
74.7.243.238 - - [01/Mar/2026:15:24:10 +0000] "GET /whsy.php?p=%2Fproc%2F5697 HTTP/2.0" 200 863 "https://23rdbanking.com/whsy.php?p=%2Fproc%2F11330%2F.." "Mozilla/5.0 AppleWebKit/537.36 (KHTML, like Gecko; compatible; GPTBot/1.3; +https://openai.com/gptbot)"
144.76.32.190 - - [01/Mar/2026:15:24:13 +0000] "GET /whsy.php?p=/home/lab2454c/bullionmils.com/wp-admin/js/.. HTTP/1.1" 200 3528 "-" "Mozilla/5.0 (compatible; SERankingBacklinksBot/1.0; +https://seranking.com/backlinks-crawler)"
74.7.242.43 - - [01/Mar/2026:15:24:16 +0000] "GET /whsy.php?e=maps&p=%2Fproc%2F30015 HTTP/2.0" 200 863 "https://www.23rdbanking.com.lab2454.com/whsy.php?p=%2Fproc%2F30015" "Mozilla/5.0 AppleWebKit/537.36 (KHTML, like Gecko; compatible; GPTBot/1.3; +https://openai.com/gptbot)"
144.76.32.190 - - [01/Mar/2026:15:24:16 +0000] "GET /whsy.php?p=/home/lab2454c/vaultchip.com/vendor/mollie/.. HTTP/1.1" 200 1633 "-" "Mozilla/5.0 (compatible; SERankingBacklinksBot/1.0; +https://seranking.com/backlinks-crawler)"
74.7.243.238 - - [01/Mar/2026:15:24:17 +0000] "GET /whsy.php?p=%2Fproc%2F4375 HTTP/2.0" 200 863 "https://23rdbanking.com/whsy.php?p=%2Fproc%2F25364%2F.." "Mozilla/5.0 AppleWebKit/537.36 (KHTML, like Gecko; compatible; GPTBot/1.3; +https://openai.com/gptbot)"
144.76.32.190 - - [01/Mar/2026:15:24:19 +0000] "GET /whsy.php?p=/home/lab2454c/caimegroup.com/wp-admin/css/.. HTTP/1.1" 200 3497 "-" "Mozilla/5.0 (compatible; SERankingBacklinksBot/1.0; +https://seranking.com/backlinks-crawler)"
74.7.242.43 - - [01/Mar/2026:15:24:22 +0000] "GET /whsy.php?e=comm&p=%2Fproc%2F15358 HTTP/2.0" 200 863 "https://www.23rdbanking.com.lab2454.com/whsy.php?p=%2Fproc%2F15358" "Mozilla/5.0 AppleWebKit/537.36 (KHTML, like Gecko; compatible; GPTBot/1.3; +https://openai.com/gptbot)"
74.7.243.238 - - [01/Mar/2026:15:24:23 +0000] "GET /whsy.php?p=%2Fproc%2F5407 HTTP/2.0" 200 863 "https://23rdbanking.com/whsy.php?p=%2Fproc%2F12635%2F.." "Mozilla/5.0 AppleWebKit/537.36 (KHTML, like Gecko; compatible; GPTBot/1.3; +https://openai.com/gptbot)"
144.76.32.190 - - [01/Mar/2026:15:24:23 +0000] "GET /whsy.php?p=/home/lab2454c/vaultchip.com/vendor/nesbot/.. HTTP/1.1" 200 1633 "-" "Mozilla/5.0 (compatible; SERankingBacklinksBot/1.0; +https://seranking.com/backlinks-crawler)"
144.76.32.190 - - [01/Mar/2026:15:24:26 +0000] "GET /whsy.php?p=/home/lab2454c/cbcei.com/wp-admin/includes/.. HTTP/1.1" 200 3457 "-" "Mozilla/5.0 (compatible; SERankingBacklinksBot/1.0; +https://seranking.com/backlinks-crawler)"
74.7.242.43 - - [01/Mar/2026:15:24:27 +0000] "GET /whsy.php?e=maps&p=%2Fproc%2F15358 HTTP/2.0" 200 863 "https://www.23rdbanking.com.lab2454.com/whsy.php?p=%2Fproc%2F15358" "Mozilla/5.0 AppleWebKit/537.36 (KHTML, like Gecko; compatible; GPTBot/1.3; +https://openai.com/gptbot)"
74.7.243.238 - - [01/Mar/2026:15:24:28 +0000] "GET /whsy.php?p=%2Fproc%2F6711 HTTP/2.0" 200 863 "https://23rdbanking.com/whsy.php?p=%2Fproc%2F18632%2F.." "Mozilla/5.0 AppleWebKit/537.36 (KHTML, like Gecko; compatible; GPTBot/1.3; +https://openai.com/gptbot)"
144.76.32.190 - - [01/Mar/2026:15:24:29 +0000] "GET /whsy.php?p=/home/lab2454c/vaultchip.com/vendor/paypal/.. HTTP/1.1" 200 1633 "-" "Mozilla/5.0 (compatible; SERankingBacklinksBot/1.0; +https://seranking.com/backlinks-crawler)"
74.7.242.43 - - [01/Mar/2026:15:24:32 +0000] "GET /whsy.php?e=comm&p=%2Fproc%2F30015 HTTP/2.0" 200 863 "https://www.23rdbanking.com.lab2454.com/whsy.php?p=%2Fproc%2F30015" "Mozilla/5.0 AppleWebKit/537.36 (KHTML, like Gecko; compatible; GPTBot/1.3; +https://openai.com/gptbot)"
144.76.32.190 - - [01/Mar/2026:15:24:32 +0000] "GET /whsy.php?p=/home/lab2454c/cbcei.com/wp-content/themes/.. HTTP/1.1" 200 909 "-" "Mozilla/5.0 (compatible; SERankingBacklinksBot/1.0; +https://seranking.com/backlinks-crawler)"
74.7.243.238 - - [01/Mar/2026:15:24:32 +0000] "GET /whsy.php?p=%2Fproc%2F1520 HTTP/2.0" 200 863 "https://23rdbanking.com/whsy.php?p=%2Fproc%2F9764%2F.." "Mozilla/5.0 AppleWebKit/537.36 (KHTML, like Gecko; compatible; GPTBot/1.3; +https://openai.com/gptbot)"
144.76.32.190 - - [01/Mar/2026:15:24:35 +0000] "GET /whsy.php?p=/home/lab2454c/vaultchip.com/vendor/psr/cache HTTP/1.1" 200 832 "-" "Mozilla/5.0 (compatible; SERankingBacklinksBot/1.0; +https://seranking.com/backlinks-crawler)"
74.7.242.43 - - [01/Mar/2026:15:24:37 +0000] "GET /whsy.php?e=cgroup&p=%2Fproc%2F20334 HTTP/2.0" 200 863 "https://www.23rdbanking.com.lab2454.com/whsy.php?p=%2Fproc%2F20334" "Mozilla/5.0 AppleWebKit/537.36 (KHTML, like Gecko; compatible; GPTBot/1.3; +https://openai.com/gptbot)"
74.7.243.238 - - [01/Mar/2026:15:24:37 +0000] "GET /whsy.php?p=%2Fproc%2F1846 HTTP/2.0" 200 863 "https://23rdbanking.com/whsy.php?p=%2Fproc%2F18632%2F.." "Mozilla/5.0 AppleWebKit/537.36 (KHTML, like Gecko; compatible; GPTBot/1.3; +https://openai.com/gptbot)"
144.76.32.190 - - [01/Mar/2026:15:24:39 +0000] "GET /whsy.php?p=/home/lab2454c/cbcei.com/wp-includes/css/dist HTTP/1.1" 200 705 "-" "Mozilla/5.0 (compatible; SERankingBacklinksBot/1.0; +https://seranking.com/backlinks-crawler)"
74.7.242.43 - - [01/Mar/2026:15:24:41 +0000] "GET /whsy.php?e=cpuset&p=%2Fproc%2F29455 HTTP/2.0" 200 1981 "https://www.23rdbanking.com.lab2454.com/whsy.php?p=%2Fproc%2F29455" "Mozilla/5.0 AppleWebKit/537.36 (KHTML, like Gecko; compatible; GPTBot/1.3; +https://openai.com/gptbot)"
74.7.243.238 - - [01/Mar/2026:15:24:42 +0000] "GET /whsy.php?p=%2Fproc%2F7825 HTTP/2.0" 200 1935 "https://23rdbanking.com/whsy.php?p=%2Fproc%2F27565%2F.." "Mozilla/5.0 AppleWebKit/537.36 (KHTML, like Gecko; compatible; GPTBot/1.3; +https://openai.com/gptbot)"
144.76.32.190 - - [01/Mar/2026:15:24:42 +0000] "GET /whsy.php?p=/home/lab2454c/vaultchip.com/vendor/psy/psysh HTTP/1.1" 200 808 "-" "Mozilla/5.0 (compatible; SERankingBacklinksBot/1.0; +https://seranking.com/backlinks-crawler)"
144.76.32.190 - - [01/Mar/2026:15:24:45 +0000] "GET /whsy.php?p=/home/lab2454c/cbcei.com/wp-includes/fonts/.. HTTP/1.1" 200 8542 "-" "Mozilla/5.0 (compatible; SERankingBacklinksBot/1.0; +https://seranking.com/backlinks-crawler)"
74.7.242.43 - - [01/Mar/2026:15:24:46 +0000] "GET /whsy.php?e=cgroup&p=%2Fproc%2F29455 HTTP/2.0" 200 2118 "https://www.23rdbanking.com.lab2454.com/whsy.php?p=%2Fproc%2F29455" "Mozilla/5.0 AppleWebKit/537.36 (KHTML, like Gecko; compatible; GPTBot/1.3; +https://openai.com/gptbot)"
74.7.243.238 - - [01/Mar/2026:15:24:46 +0000] "GET /whsy.php?p=%2Fproc%2F4738 HTTP/2.0" 200 863 "https://23rdbanking.com/whsy.php?p=%2Fproc%2F11330%2F.." "Mozilla/5.0 AppleWebKit/537.36 (KHTML, like Gecko; compatible; GPTBot/1.3; +https://openai.com/gptbot)"
144.76.32.190 - - [01/Mar/2026:15:24:48 +0000] "GET /whsy.php?p=/home/lab2454c/vaultchip.com/vendor/ramsey/.. HTTP/1.1" 200 1633 "-" "Mozilla/5.0 (compatible; SERankingBacklinksBot/1.0; +https://seranking.com/backlinks-crawler)"
74.7.242.43 - - [01/Mar/2026:15:24:51 +0000] "GET /whsy.php?e=cpuset&p=%2Fproc%2F20334 HTTP/2.0" 200 863 "https://www.23rdbanking.com.lab2454.com/whsy.php?p=%2Fproc%2F20334" "Mozilla/5.0 AppleWebKit/537.36 (KHTML, like Gecko; compatible; GPTBot/1.3; +https://openai.com/gptbot)"
74.7.243.238 - - [01/Mar/2026:15:24:51 +0000] "GET /whsy.php?p=%2Fproc%2F5971 HTTP/2.0" 200 863 "https://23rdbanking.com/whsy.php?p=%2Fproc%2F12635%2F.." "Mozilla/5.0 AppleWebKit/537.36 (KHTML, like Gecko; compatible; GPTBot/1.3; +https://openai.com/gptbot)"
144.76.32.190 - - [01/Mar/2026:15:24:51 +0000] "GET /whsy.php?p=/home/lab2454c/cbcei.com/wp-includes/js/jcrop HTTP/1.1" 200 770 "-" "Mozilla/5.0 (compatible; SERankingBacklinksBot/1.0; +https://seranking.com/backlinks-crawler)"
144.76.32.190 - - [01/Mar/2026:15:24:55 +0000] "GET /whsy.php?p=/home/lab2454c/vaultchip.com/vendor/rmccue/.. HTTP/1.1" 200 1633 "-" "Mozilla/5.0 (compatible; SERankingBacklinksBot/1.0; +https://seranking.com/backlinks-crawler)"
74.7.242.43 - - [01/Mar/2026:15:24:55 +0000] "GET /whsy.php?e=cmdline&p=%2Fproc%2F30015 HTTP/2.0" 200 863 "https://www.23rdbanking.com.lab2454.com/whsy.php?p=%2Fproc%2F30015" "Mozilla/5.0 AppleWebKit/537.36 (KHTML, like Gecko; compatible; GPTBot/1.3; +https://openai.com/gptbot)"
74.7.243.238 - - [01/Mar/2026:15:24:55 +0000] "GET /whsy.php?p=%2Fproc%2F1493 HTTP/2.0" 200 863 "https://23rdbanking.com/whsy.php?p=%2Fproc%2F16769%2F.." "Mozilla/5.0 AppleWebKit/537.36 (KHTML, like Gecko; compatible; GPTBot/1.3; +https://openai.com/gptbot)"
144.76.32.190 - - [01/Mar/2026:15:24:58 +0000] "GET /whsy.php?p=/home/lab2454c/costbloc.com/Modules/Addons/.. HTTP/1.1" 200 1194 "-" "Mozilla/5.0 (compatible; SERankingBacklinksBot/1.0; +https://seranking.com/backlinks-crawler)"
74.7.242.43 - - [01/Mar/2026:15:25:00 +0000] "GET /whsy.php?e=cmdline&p=%2Fproc%2F13097 HTTP/2.0" 200 2022 "https://www.23rdbanking.com.lab2454.com/whsy.php?p=%2Fproc%2F13097" "Mozilla/5.0 AppleWebKit/537.36 (KHTML, like Gecko; compatible; GPTBot/1.3; +https://openai.com/gptbot)"
74.7.243.238 - - [01/Mar/2026:15:25:00 +0000] "GET /whsy.php?p=%2Fproc%2F9193 HTTP/2.0" 200 863 "https://23rdbanking.com/whsy.php?p=%2Fproc%2F9764%2F.." "Mozilla/5.0 AppleWebKit/537.36 (KHTML, like Gecko; compatible; GPTBot/1.3; +https://openai.com/gptbot)"
144.76.32.190 - - [01/Mar/2026:15:25:01 +0000] "GET /whsy.php?p=/home/lab2454c/vaultchip.com/vendor/spatie/.. HTTP/1.1" 200 1633 "-" "Mozilla/5.0 (compatible; SERankingBacklinksBot/1.0; +https://seranking.com/backlinks-crawler)"
144.76.32.190 - - [01/Mar/2026:15:25:04 +0000] "GET /whsy.php?p=/home/lab2454c/costbloc.com/Modules/Blog/Http HTTP/1.1" 200 565 "-" "Mozilla/5.0 (compatible; SERankingBacklinksBot/1.0; +https://seranking.com/backlinks-crawler)"
74.7.242.43 - - [01/Mar/2026:15:25:04 +0000] "GET /whsy.php?e=cmdline&p=%2Fproc%2F15358 HTTP/2.0" 200 863 "https://www.23rdbanking.com.lab2454.com/whsy.php?p=%2Fproc%2F15358" "Mozilla/5.0 AppleWebKit/537.36 (KHTML, like Gecko; compatible; GPTBot/1.3; +https://openai.com/gptbot)"
74.7.243.238 - - [01/Mar/2026:15:25:05 +0000] "GET /whsy.php?p=%2Fproc%2F6129 HTTP/2.0" 200 863 "https://23rdbanking.com/whsy.php?p=%2Fproc%2F18632%2F.." "Mozilla/5.0 AppleWebKit/537.36 (KHTML, like Gecko; compatible; GPTBot/1.3; +https://openai.com/gptbot)"
144.76.32.190 - - [01/Mar/2026:15:25:07 +0000] "GET /whsy.php?p=/home/lab2454c/vaultchip.com/vendor/stripe/.. HTTP/1.1" 200 1633 "-" "Mozilla/5.0 (compatible; SERankingBacklinksBot/1.0; +https://seranking.com/backlinks-crawler)"
74.7.242.43 - - [01/Mar/2026:15:25:09 +0000] "GET /whsy.php?e=cpuset&p=%2Fproc%2F29452 HTTP/2.0" 200 1980 "https://www.23rdbanking.com.lab2454.com/whsy.php?p=%2Fproc%2F29452" "Mozilla/5.0 AppleWebKit/537.36 (KHTML, like Gecko; compatible; GPTBot/1.3; +https://openai.com/gptbot)"
74.7.243.238 - - [01/Mar/2026:15:25:09 +0000] "GET /whsy.php?p=%2Fproc%2F7032 HTTP/2.0" 200 863 "https://23rdbanking.com/whsy.php?p=%2Fproc%2F10243%2F.." "Mozilla/5.0 AppleWebKit/537.36 (KHTML, like Gecko; compatible; GPTBot/1.3; +https://openai.com/gptbot)"
144.76.32.190 - - [01/Mar/2026:15:25:10 +0000] "GET /whsy.php?p=/home/lab2454c/costbloc.com/Modules/Coupon/.. HTTP/1.1" 200 1194 "-" "Mozilla/5.0 (compatible; SERankingBacklinksBot/1.0; +https://seranking.com/backlinks-crawler)"
144.76.32.190 - - [01/Mar/2026:15:25:14 +0000] "GET /whsy.php?p=/home/lab2454c/vaultchip.com/vendor/vlucas/.. HTTP/1.1" 200 1633 "-" "Mozilla/5.0 (compatible; SERankingBacklinksBot/1.0; +https://seranking.com/backlinks-crawler)"
74.7.242.43 - - [01/Mar/2026:15:25:14 +0000] "GET /whsy.php?e=cgroup&p=%2Fproc%2F29452 HTTP/2.0" 200 2118 "https://www.23rdbanking.com.lab2454.com/whsy.php?p=%2Fproc%2F29452" "Mozilla/5.0 AppleWebKit/537.36 (KHTML, like Gecko; compatible; GPTBot/1.3; +https://openai.com/gptbot)"
74.7.243.238 - - [01/Mar/2026:15:25:15 +0000] "GET /whsy.php?p=%2Fproc%2F2101 HTTP/2.0" 200 863 "https://23rdbanking.com/whsy.php?p=%2Fproc%2F16769%2F.." "Mozilla/5.0 AppleWebKit/537.36 (KHTML, like Gecko; compatible; GPTBot/1.3; +https://openai.com/gptbot)"
144.76.32.190 - - [01/Mar/2026:15:25:17 +0000] "GET /whsy.php?p=/home/lab2454c/costbloc.com/Modules/Paypal/.. HTTP/1.1" 200 1194 "-" "Mozilla/5.0 (compatible; SERankingBacklinksBot/1.0; +https://seranking.com/backlinks-crawler)"
144.76.32.190 - - [01/Mar/2026:15:25:20 +0000] "GET /whsy.php?p=/home/lab2454c/veritserv.com/wp-admin/user/.. HTTP/1.1" 200 3496 "-" "Mozilla/5.0 (compatible; SERankingBacklinksBot/1.0; +https://seranking.com/backlinks-crawler)"
74.7.242.43 - - [01/Mar/2026:15:25:23 +0000] "GET /whsy.php?e=smaps_rollup&p=%2Fproc%2F30015 HTTP/2.0" 200 863 "https://www.23rdbanking.com.lab2454.com/whsy.php?p=%2Fproc%2F30015" "Mozilla/5.0 AppleWebKit/537.36 (KHTML, like Gecko; compatible; GPTBot/1.3; +https://openai.com/gptbot)"
74.7.243.238 - - [01/Mar/2026:15:25:23 +0000] "GET /whsy.php?p=%2Fproc%2F1217 HTTP/2.0" 200 863 "https://23rdbanking.com/whsy.php?p=%2Fproc%2F9764%2F.." "Mozilla/5.0 AppleWebKit/537.36 (KHTML, like Gecko; compatible; GPTBot/1.3; +https://openai.com/gptbot)"
144.76.32.190 - - [01/Mar/2026:15:25:23 +0000] "GET /whsy.php?p=/home/lab2454c/costbloc.com/Modules/Refund/.. HTTP/1.1" 200 1194 "-" "Mozilla/5.0 (compatible; SERankingBacklinksBot/1.0; +https://seranking.com/backlinks-crawler)"
144.76.32.190 - - [01/Mar/2026:15:25:26 +0000] "GET /whsy.php?p=/home/lab2454c/veritserv.net/wp-admin/user/.. HTTP/1.1" 200 3430 "-" "Mozilla/5.0 (compatible; SERankingBacklinksBot/1.0; +https://seranking.com/backlinks-crawler)"
144.76.32.190 - - [01/Mar/2026:15:25:30 +0000] "GET /whsy.php?p=/home/lab2454c/costbloc.com/Modules/Report/.. HTTP/1.1" 200 1194 "-" "Mozilla/5.0 (compatible; SERankingBacklinksBot/1.0; +https://seranking.com/backlinks-crawler)"
144.76.32.190 - - [01/Mar/2026:15:25:33 +0000] "GET /whsy.php?p=/home/lab2454c/westernclear.net/app/Models/.. HTTP/1.1" 200 866 "-" "Mozilla/5.0 (compatible; SERankingBacklinksBot/1.0; +https://seranking.com/backlinks-crawler)"
144.76.32.190 - - [01/Mar/2026:15:25:36 +0000] "GET /whsy.php?p=/home/lab2454c/costbloc.com/Modules/Shop/Http HTTP/1.1" 200 564 "-" "Mozilla/5.0 (compatible; SERankingBacklinksBot/1.0; +https://seranking.com/backlinks-crawler)"
74.7.242.43 - - [01/Mar/2026:15:25:37 +0000] "GET /whsy.php?e=timens_offsets&p=%2Fproc%2F29452 HTTP/2.0" 200 1998 "https://www.23rdbanking.com.lab2454.com/whsy.php?p=%2Fproc%2F29452" "Mozilla/5.0 AppleWebKit/537.36 (KHTML, like Gecko; compatible; GPTBot/1.3; +https://openai.com/gptbot)"
74.7.243.238 - - [01/Mar/2026:15:25:38 +0000] "GET /whsy.php?p=%2Fproc%2F5633 HTTP/2.0" 200 863 "https://23rdbanking.com/whsy.php?p=%2Fproc%2F11330%2F.." "Mozilla/5.0 AppleWebKit/537.36 (KHTML, like Gecko; compatible; GPTBot/1.3; +https://openai.com/gptbot)"
144.76.32.190 - - [01/Mar/2026:15:25:39 +0000] "GET /whsy.php?p=/home/lab2454c/westernclear.net/tests/Unit/.. HTTP/1.1" 200 881 "-" "Mozilla/5.0 (compatible; SERankingBacklinksBot/1.0; +https://seranking.com/backlinks-crawler)"
144.76.32.190 - - [01/Mar/2026:15:25:42 +0000] "GET /whsy.php?p=/home/lab2454c/costbloc.com/Modules/Stripe/.. HTTP/1.1" 200 1194 "-" "Mozilla/5.0 (compatible; SERankingBacklinksBot/1.0; +https://seranking.com/backlinks-crawler)"
74.7.242.43 - - [01/Mar/2026:15:25:44 +0000] "GET /whsy.php?e=smaps_rollup&p=%2Fproc%2F15358 HTTP/2.0" 200 863 "https://www.23rdbanking.com.lab2454.com/whsy.php?p=%2Fproc%2F15358" "Mozilla/5.0 AppleWebKit/537.36 (KHTML, like Gecko; compatible; GPTBot/1.3; +https://openai.com/gptbot)"
74.7.243.238 - - [01/Mar/2026:15:25:45 +0000] "GET /whsy.php?p=%2Fproc%2F8690 HTTP/2.0" 200 863 "https://23rdbanking.com/whsy.php?p=%2Fproc%2F27565%2F.." "Mozilla/5.0 AppleWebKit/537.36 (KHTML, like Gecko; compatible; GPTBot/1.3; +https://openai.com/gptbot)"
144.76.32.190 - - [01/Mar/2026:15:25:46 +0000] "GET /whsy.php?p=/home/lab2454c/westernclear.net/vendor/bin/.. HTTP/1.1" 200 1269 "-" "Mozilla/5.0 (compatible; SERankingBacklinksBot/1.0; +https://seranking.com/backlinks-crawler)"
144.76.32.190 - - [01/Mar/2026:15:25:49 +0000] "GET /whsy.php?p=/home/lab2454c/costbloc.com/Modules/Ticket/.. HTTP/1.1" 200 1194 "-" "Mozilla/5.0 (compatible; SERankingBacklinksBot/1.0; +https://seranking.com/backlinks-crawler)"
144.76.32.190 - - [01/Mar/2026:15:25:52 +0000] "GET /whsy.php?p=/home/lab2454c/westernclear.net/vendor/psr/.. HTTP/1.1" 200 1269 "-" "Mozilla/5.0 (compatible; SERankingBacklinksBot/1.0; +https://seranking.com/backlinks-crawler)"
74.7.242.43 - - [01/Mar/2026:15:25:52 +0000] "GET /whsy.php?e=timens_offsets&p=%2Fproc%2F30015 HTTP/2.0" 200 863 "https://www.23rdbanking.com.lab2454.com/whsy.php?p=%2Fproc%2F30015" "Mozilla/5.0 AppleWebKit/537.36 (KHTML, like Gecko; compatible; GPTBot/1.3; +https://openai.com/gptbot)"
74.7.243.238 - - [01/Mar/2026:15:25:53 +0000] "GET /whsy.php?e=uid_map&p=%2Fproc%2F7825 HTTP/2.0" 200 2020 "https://23rdbanking.com/whsy.php?p=%2Fproc%2F7825" "Mozilla/5.0 AppleWebKit/537.36 (KHTML, like Gecko; compatible; GPTBot/1.3; +https://openai.com/gptbot)"
144.76.32.190 - - [01/Mar/2026:15:25:55 +0000] "GET /whsy.php?p=/home/lab2454c/costbloc.com/app/DataTables/.. HTTP/1.1" 200 939 "-" "Mozilla/5.0 (compatible; SERankingBacklinksBot/1.0; +https://seranking.com/backlinks-crawler)"
74.7.242.43 - - [01/Mar/2026:15:25:58 +0000] "GET /whsy.php?e=timens_offsets&p=%2Fproc%2F32758 HTTP/2.0" 200 863 "https://www.23rdbanking.com.lab2454.com/whsy.php?p=%2Fproc%2F32758" "Mozilla/5.0 AppleWebKit/537.36 (KHTML, like Gecko; compatible; GPTBot/1.3; +https://openai.com/gptbot)"
74.7.243.238 - - [01/Mar/2026:15:25:58 +0000] "GET /whsy.php?e=gid_map&p=%2Fproc%2F7825 HTTP/2.0" 200 2023 "https://23rdbanking.com/whsy.php?p=%2Fproc%2F7825" "Mozilla/5.0 AppleWebKit/537.36 (KHTML, like Gecko; compatible; GPTBot/1.3; +https://openai.com/gptbot)"
144.76.32.190 - - [01/Mar/2026:15:25:58 +0000] "GET /whsy.php?p=/home/lab2454c/westernclear.net/vendor/psy/.. HTTP/1.1" 200 1269 "-" "Mozilla/5.0 (compatible; SERankingBacklinksBot/1.0; +https://seranking.com/backlinks-crawler)"
144.76.32.190 - - [01/Mar/2026:15:26:02 +0000] "GET /whsy.php?p=/home/lab2454c/costbloc.com/app/Exceptions/.. HTTP/1.1" 200 939 "-" "Mozilla/5.0 (compatible; SERankingBacklinksBot/1.0; +https://seranking.com/backlinks-crawler)"
74.7.242.43 - - [01/Mar/2026:15:26:03 +0000] "GET /whsy.php?e=timens_offsets&p=%2Fproc%2F15358 HTTP/2.0" 200 863 "https://www.23rdbanking.com.lab2454.com/whsy.php?p=%2Fproc%2F15358" "Mozilla/5.0 AppleWebKit/537.36 (KHTML, like Gecko; compatible; GPTBot/1.3; +https://openai.com/gptbot)"
74.7.243.238 - - [01/Mar/2026:15:26:03 +0000] "GET /whsy.php?e=oom_adj&p=%2Fproc%2F7825 HTTP/2.0" 200 2005 "https://23rdbanking.com/whsy.php?p=%2Fproc%2F7825" "Mozilla/5.0 AppleWebKit/537.36 (KHTML, like Gecko; compatible; GPTBot/1.3; +https://openai.com/gptbot)"
144.76.32.190 - - [01/Mar/2026:15:26:05 +0000] "GET /whsy.php?p=/home/lab2454c/costbloc.com/app/Http/Requests HTTP/1.1" 200 575 "-" "Mozilla/5.0 (compatible; SERankingBacklinksBot/1.0; +https://seranking.com/backlinks-crawler)"
144.76.32.190 - - [01/Mar/2026:15:26:08 +0000] "GET /whsy.php?p=/home/lab2454c/costbloc.com/app/Services/Mail HTTP/1.1" 200 1178 "-" "Mozilla/5.0 (compatible; SERankingBacklinksBot/1.0; +https://seranking.com/backlinks-crawler)"
74.7.242.43 - - [01/Mar/2026:15:26:10 +0000] "GET /whsy.php?e=timens_offsets&p=%2Fproc%2F29751 HTTP/2.0" 200 863 "https://www.23rdbanking.com.lab2454.com/whsy.php?p=%2Fproc%2F29751" "Mozilla/5.0 AppleWebKit/537.36 (KHTML, like Gecko; compatible; GPTBot/1.3; +https://openai.com/gptbot)"
74.7.243.238 - - [01/Mar/2026:15:26:10 +0000] "GET /whsy.php?e=auxv&p=%2Fproc%2F7825 HTTP/2.0" 200 1935 "https://23rdbanking.com/whsy.php?p=%2Fproc%2F7825" "Mozilla/5.0 AppleWebKit/537.36 (KHTML, like Gecko; compatible; GPTBot/1.3; +https://openai.com/gptbot)"
144.76.32.190 - - [01/Mar/2026:15:26:11 +0000] "GET /whsy.php?p=/home/lab2454c/costbloc.com/public/dist/fonts HTTP/1.1" 200 774 "-" "Mozilla/5.0 (compatible; SERankingBacklinksBot/1.0; +https://seranking.com/backlinks-crawler)"
144.76.32.190 - - [01/Mar/2026:15:26:15 +0000] "GET /whsy.php?p=/home/lab2454c/costbloc.com/public/uploads/.. HTTP/1.1" 200 985 "-" "Mozilla/5.0 (compatible; SERankingBacklinksBot/1.0; +https://seranking.com/backlinks-crawler)"
74.7.242.43 - - [01/Mar/2026:15:26:17 +0000] "GET /whsy.php?e=timens_offsets&p=%2Fproc%2F29487 HTTP/2.0" 200 863 "https://www.23rdbanking.com.lab2454.com/whsy.php?p=%2Fproc%2F29487" "Mozilla/5.0 AppleWebKit/537.36 (KHTML, like Gecko; compatible; GPTBot/1.3; +https://openai.com/gptbot)"
144.76.32.190 - - [01/Mar/2026:15:26:18 +0000] "GET /whsy.php?p=/home/lab2454c/costbloc.com/resources/lang/.. HTTP/1.1" 200 790 "-" "Mozilla/5.0 (compatible; SERankingBacklinksBot/1.0; +https://seranking.com/backlinks-crawler)"
74.7.243.238 - - [01/Mar/2026:15:26:18 +0000] "GET /whsy.php?e=oom_score_adj&p=%2Fproc%2F7825 HTTP/2.0" 200 2007 "https://23rdbanking.com/whsy.php?p=%2Fproc%2F7825" "Mozilla/5.0 AppleWebKit/537.36 (KHTML, like Gecko; compatible; GPTBot/1.3; +https://openai.com/gptbot)"
144.76.32.190 - - [01/Mar/2026:15:26:21 +0000] "GET /whsy.php?p=/home/lab2454c/costbloc.com/resources/lang/en HTTP/1.1" 200 837 "-" "Mozilla/5.0 (compatible; SERankingBacklinksBot/1.0; +https://seranking.com/backlinks-crawler)"
144.76.32.190 - - [01/Mar/2026:15:26:24 +0000] "GET /whsy.php?p=/home/lab2454c/costbloc.com/resources/lang/fr HTTP/1.1" 200 702 "-" "Mozilla/5.0 (compatible; SERankingBacklinksBot/1.0; +https://seranking.com/backlinks-crawler)"
144.76.32.190 - - [01/Mar/2026:15:26:27 +0000] "GET /whsy.php?p=/home/lab2454c/costbloc.com/vendor/brick/math HTTP/1.1" 200 834 "-" "Mozilla/5.0 (compatible; SERankingBacklinksBot/1.0; +https://seranking.com/backlinks-crawler)"
74.7.242.43 - - [01/Mar/2026:15:26:28 +0000] "GET /whsy.php?e=cmdline&p=%2Fproc%2F29451 HTTP/2.0" 200 2139 "https://www.23rdbanking.com.lab2454.com/whsy.php?p=%2Fproc%2F29451" "Mozilla/5.0 AppleWebKit/537.36 (KHTML, like Gecko; compatible; GPTBot/1.3; +https://openai.com/gptbot)"
74.7.243.238 - - [01/Mar/2026:15:26:28 +0000] "GET /whsy.php?e=maps&p=%2Fproc%2F7825 HTTP/2.0" 200 2119 "https://23rdbanking.com/whsy.php?p=%2Fproc%2F7825" "Mozilla/5.0 AppleWebKit/537.36 (KHTML, like Gecko; compatible; GPTBot/1.3; +https://openai.com/gptbot)"
144.76.32.190 - - [01/Mar/2026:15:26:31 +0000] "GET /whsy.php?p=/home/lab2454c/costbloc.com/vendor/dflydev/.. HTTP/1.1" 200 1538 "-" "Mozilla/5.0 (compatible; SERankingBacklinksBot/1.0; +https://seranking.com/backlinks-crawler)"
144.76.32.190 - - [01/Mar/2026:15:26:34 +0000] "GET /whsy.php?p=/home/lab2454c/costbloc.com/vendor/egulias/.. HTTP/1.1" 200 1538 "-" "Mozilla/5.0 (compatible; SERankingBacklinksBot/1.0; +https://seranking.com/backlinks-crawler)"
144.76.32.190 - - [01/Mar/2026:15:26:37 +0000] "GET /whsy.php?p=/home/lab2454c/costbloc.com/vendor/laravel/.. HTTP/1.1" 200 1538 "-" "Mozilla/5.0 (compatible; SERankingBacklinksBot/1.0; +https://seranking.com/backlinks-crawler)"
74.7.242.43 - - [01/Mar/2026:15:26:38 +0000] "GET /whsy.php?e=cmdline&p=%2Fproc%2F29487 HTTP/2.0" 200 863 "https://www.23rdbanking.com.lab2454.com/whsy.php?p=%2Fproc%2F29487" "Mozilla/5.0 AppleWebKit/537.36 (KHTML, like Gecko; compatible; GPTBot/1.3; +https://openai.com/gptbot)"
74.7.243.238 - - [01/Mar/2026:15:26:39 +0000] "GET /whsy.php?e=comm&p=%2Fproc%2F7825 HTTP/2.0" 200 2013 "https://23rdbanking.com/whsy.php?p=%2Fproc%2F7825" "Mozilla/5.0 AppleWebKit/537.36 (KHTML, like Gecko; compatible; GPTBot/1.3; +https://openai.com/gptbot)"
144.76.32.190 - - [01/Mar/2026:15:26:40 +0000] "GET /whsy.php?p=/home/lab2454c/costbloc.com/vendor/league/uri HTTP/1.1" 200 754 "-" "Mozilla/5.0 (compatible; SERankingBacklinksBot/1.0; +https://seranking.com/backlinks-crawler)"
144.76.32.190 - - [01/Mar/2026:15:26:43 +0000] "GET /whsy.php?p=/home/lab2454c/costbloc.com/vendor/mockery/.. HTTP/1.1" 200 1538 "-" "Mozilla/5.0 (compatible; SERankingBacklinksBot/1.0; +https://seranking.com/backlinks-crawler)"
144.76.32.190 - - [01/Mar/2026:15:26:46 +0000] "GET /whsy.php?p=/home/lab2454c/costbloc.com/vendor/monolog/.. HTTP/1.1" 200 1538 "-" "Mozilla/5.0 (compatible; SERankingBacklinksBot/1.0; +https://seranking.com/backlinks-crawler)"
74.7.242.43 - - [01/Mar/2026:15:26:47 +0000] "GET /whsy.php?e=cmdline&p=%2Fproc%2F32758 HTTP/2.0" 200 863 "https://www.23rdbanking.com.lab2454.com/whsy.php?p=%2Fproc%2F32758" "Mozilla/5.0 AppleWebKit/537.36 (KHTML, like Gecko; compatible; GPTBot/1.3; +https://openai.com/gptbot)"
74.7.243.238 - - [01/Mar/2026:15:26:47 +0000] "GET /whsy.php?e=root&p=%2Fproc%2F7825 HTTP/2.0" 200 1935 "https://23rdbanking.com/whsy.php?p=%2Fproc%2F7825" "Mozilla/5.0 AppleWebKit/537.36 (KHTML, like Gecko; compatible; GPTBot/1.3; +https://openai.com/gptbot)"
144.76.32.190 - - [01/Mar/2026:15:26:50 +0000] "GET /whsy.php?p=/home/lab2454c/costbloc.com/vendor/myclabs/.. HTTP/1.1" 200 1538 "-" "Mozilla/5.0 (compatible; SERankingBacklinksBot/1.0; +https://seranking.com/backlinks-crawler)"
144.76.32.190 - - [01/Mar/2026:15:26:53 +0000] "GET /whsy.php?p=/home/lab2454c/costbloc.com/vendor/nwidart/.. HTTP/1.1" 200 1538 "-" "Mozilla/5.0 (compatible; SERankingBacklinksBot/1.0; +https://seranking.com/backlinks-crawler)"
144.76.32.190 - - [01/Mar/2026:15:26:56 +0000] "GET /whsy.php?p=/home/lab2454c/costbloc.com/vendor/phar-io/.. HTTP/1.1" 200 1538 "-" "Mozilla/5.0 (compatible; SERankingBacklinksBot/1.0; +https://seranking.com/backlinks-crawler)"
74.7.242.43 - - [01/Mar/2026:15:26:56 +0000] "GET /whsy.php?e=environ&p=%2Fproc%2F13097 HTTP/2.0" 200 1935 "https://www.23rdbanking.com.lab2454.com/whsy.php?p=%2Fproc%2F13097" "Mozilla/5.0 AppleWebKit/537.36 (KHTML, like Gecko; compatible; GPTBot/1.3; +https://openai.com/gptbot)"
74.7.243.238 - - [01/Mar/2026:15:26:57 +0000] "GET /whsy.php?e=io&p=%2Fproc%2F7825 HTTP/2.0" 200 1935 "https://23rdbanking.com/whsy.php?p=%2Fproc%2F7825" "Mozilla/5.0 AppleWebKit/537.36 (KHTML, like Gecko; compatible; GPTBot/1.3; +https://openai.com/gptbot)"
144.76.32.190 - - [01/Mar/2026:15:26:59 +0000] "GET /whsy.php?p=/home/lab2454c/costbloc.com/vendor/phpunit/.. HTTP/1.1" 200 1538 "-" "Mozilla/5.0 (compatible; SERankingBacklinksBot/1.0; +https://seranking.com/backlinks-crawler)"
144.76.32.190 - - [01/Mar/2026:15:27:02 +0000] "GET /whsy.php?p=/home/lab2454c/costbloc.com/vendor/symfony/.. HTTP/1.1" 200 1538 "-" "Mozilla/5.0 (compatible; SERankingBacklinksBot/1.0; +https://seranking.com/backlinks-crawler)"
74.7.242.43 - - [01/Mar/2026:15:27:04 +0000] "GET /whsy.php?e=cmdline&p=%2Fproc%2F29751 HTTP/2.0" 200 863 "https://www.23rdbanking.com.lab2454.com/whsy.php?p=%2Fproc%2F29751" "Mozilla/5.0 AppleWebKit/537.36 (KHTML, like Gecko; compatible; GPTBot/1.3; +https://openai.com/gptbot)"
74.7.243.238 - - [01/Mar/2026:15:27:05 +0000] "GET /whsy.php?e=oom_score&p=%2Fproc%2F7825 HTTP/2.0" 200 2006 "https://23rdbanking.com/whsy.php?p=%2Fproc%2F7825" "Mozilla/5.0 AppleWebKit/537.36 (KHTML, like Gecko; compatible; GPTBot/1.3; +https://openai.com/gptbot)"
144.76.32.190 - - [01/Mar/2026:15:27:06 +0000] "GET /whsy.php?p=/home/lab2454c/costbloc.com/vendor/theseer/.. HTTP/1.1" 200 1538 "-" "Mozilla/5.0 (compatible; SERankingBacklinksBot/1.0; +https://seranking.com/backlinks-crawler)"
144.76.32.190 - - [01/Mar/2026:15:27:09 +0000] "GET /whsy.php?p=/home/lab2454c/costbloc.net/wp/wp-admin/maint HTTP/1.1" 200 701 "-" "Mozilla/5.0 (compatible; SERankingBacklinksBot/1.0; +https://seranking.com/backlinks-crawler)"
144.76.32.190 - - [01/Mar/2026:15:27:12 +0000] "GET /whsy.php?p=/home/lab2454c/costbloc.net/wp/wp-includes/.. HTTP/1.1" 200 1234 "-" "Mozilla/5.0 (compatible; SERankingBacklinksBot/1.0; +https://seranking.com/backlinks-crawler)"
74.7.242.43 - - [01/Mar/2026:15:27:12 +0000] "GET /whsy.php?e=timens_offsets&p=%2Fproc%2F20334 HTTP/2.0" 200 863 "https://www.23rdbanking.com.lab2454.com/whsy.php?p=%2Fproc%2F20334" "Mozilla/5.0 AppleWebKit/537.36 (KHTML, like Gecko; compatible; GPTBot/1.3; +https://openai.com/gptbot)"
74.7.243.238 - - [01/Mar/2026:15:27:13 +0000] "GET /whsy.php?e=exe&p=%2Fproc%2F7825 HTTP/2.0" 200 1935 "https://23rdbanking.com/whsy.php?p=%2Fproc%2F7825" "Mozilla/5.0 AppleWebKit/537.36 (KHTML, like Gecko; compatible; GPTBot/1.3; +https://openai.com/gptbot)"
144.76.32.190 - - [01/Mar/2026:15:27:15 +0000] "GET /whsy.php?p=/home/lab2454c/costbloc.net/wp/wp-includes/js HTTP/1.1" 200 3619 "-" "Mozilla/5.0 (compatible; SERankingBacklinksBot/1.0; +https://seranking.com/backlinks-crawler)"
74.7.242.43 - - [01/Mar/2026:15:27:18 +0000] "GET /whsy.php?e=timens_offsets&p=%2Fproc%2F29455 HTTP/2.0" 200 1998 "https://www.23rdbanking.com.lab2454.com/whsy.php?p=%2Fproc%2F29455" "Mozilla/5.0 AppleWebKit/537.36 (KHTML, like Gecko; compatible; GPTBot/1.3; +https://openai.com/gptbot)"
144.76.32.190 - - [01/Mar/2026:15:27:19 +0000] "GET /whsy.php?p=/home/lab2454c/credityork.com/wp-admin/css/.. HTTP/1.1" 200 3521 "-" "Mozilla/5.0 (compatible; SERankingBacklinksBot/1.0; +https://seranking.com/backlinks-crawler)"
74.7.243.238 - - [01/Mar/2026:15:27:19 +0000] "GET /whsy.php?e=mem&p=%2Fproc%2F7825 HTTP/2.0" 200 1935 "https://23rdbanking.com/whsy.php?p=%2Fproc%2F7825" "Mozilla/5.0 AppleWebKit/537.36 (KHTML, like Gecko; compatible; GPTBot/1.3; +https://openai.com/gptbot)"
144.76.32.190 - - [01/Mar/2026:15:27:22 +0000] "GET /whsy.php?p=/home/lab2454c/crypthorize.net/wp-admin/js/.. HTTP/1.1" 200 3495 "-" "Mozilla/5.0 (compatible; SERankingBacklinksBot/1.0; +https://seranking.com/backlinks-crawler)"
74.7.242.43 - - [01/Mar/2026:15:27:24 +0000] "GET /whsy.php?e=smaps_rollup&p=%2Fproc%2F13097 HTTP/2.0" 200 2122 "https://www.23rdbanking.com.lab2454.com/whsy.php?p=%2Fproc%2F13097" "Mozilla/5.0 AppleWebKit/537.36 (KHTML, like Gecko; compatible; GPTBot/1.3; +https://openai.com/gptbot)"
74.7.243.238 - - [01/Mar/2026:15:27:25 +0000] "GET /whsy.php?e=cwd&p=%2Fproc%2F7825 HTTP/2.0" 200 1935 "https://23rdbanking.com/whsy.php?p=%2Fproc%2F7825" "Mozilla/5.0 AppleWebKit/537.36 (KHTML, like Gecko; compatible; GPTBot/1.3; +https://openai.com/gptbot)"
144.76.32.190 - - [01/Mar/2026:15:27:25 +0000] "GET /whsy.php?p=/home/lab2454c/crypto.keyreum.com/app/Http/.. HTTP/1.1" 200 817 "-" "Mozilla/5.0 (compatible; SERankingBacklinksBot/1.0; +https://seranking.com/backlinks-crawler)"
144.76.32.190 - - [01/Mar/2026:15:27:28 +0000] "GET /whsy.php?p=/home/lab2454c/dansact.com/wp-admin/images/.. HTTP/1.1" 200 3458 "-" "Mozilla/5.0 (compatible; SERankingBacklinksBot/1.0; +https://seranking.com/backlinks-crawler)"
144.76.32.190 - - [01/Mar/2026:15:27:31 +0000] "GET /whsy.php?p=/home/lab2454c/dansact.com/wp-includes/ID3/.. HTTP/1.1" 200 8394 "-" "Mozilla/5.0 (compatible; SERankingBacklinksBot/1.0; +https://seranking.com/backlinks-crawler)"
74.7.242.43 - - [01/Mar/2026:15:27:32 +0000] "GET /whsy.php?e=io&p=%2Fproc%2F29452 HTTP/2.0" 200 2053 "https://www.23rdbanking.com.lab2454.com/whsy.php?p=%2Fproc%2F29452" "Mozilla/5.0 AppleWebKit/537.36 (KHTML, like Gecko; compatible; GPTBot/1.3; +https://openai.com/gptbot)"
74.7.243.238 - - [01/Mar/2026:15:27:32 +0000] "GET /whsy.php?e=timerslack_ns&p=%2Fproc%2F7825 HTTP/2.0" 200 2006 "https://23rdbanking.com/whsy.php?p=%2Fproc%2F7825" "Mozilla/5.0 AppleWebKit/537.36 (KHTML, like Gecko; compatible; GPTBot/1.3; +https://openai.com/gptbot)"
144.76.32.190 - - [01/Mar/2026:15:27:35 +0000] "GET /whsy.php?p=/home/lab2454c/dansact.com/wp-includes/IXR/.. HTTP/1.1" 200 8394 "-" "Mozilla/5.0 (compatible; SERankingBacklinksBot/1.0; +https://seranking.com/backlinks-crawler)"
144.76.32.190 - - [01/Mar/2026:15:27:38 +0000] "GET /whsy.php?p=/home/lab2454c/dansact.com/wp-includes/css/.. HTTP/1.1" 200 8394 "-" "Mozilla/5.0 (compatible; SERankingBacklinksBot/1.0; +https://seranking.com/backlinks-crawler)"
74.7.242.43 - - [01/Mar/2026:15:27:39 +0000] "GET /whsy.php?e=io&p=%2Fproc%2F20334 HTTP/2.0" 200 863 "https://www.23rdbanking.com.lab2454.com/whsy.php?p=%2Fproc%2F20334" "Mozilla/5.0 AppleWebKit/537.36 (KHTML, like Gecko; compatible; GPTBot/1.3; +https://openai.com/gptbot)"
74.7.243.238 - - [01/Mar/2026:15:27:40 +0000] "GET /whsy.php?e=timers&p=%2Fproc%2F7825 HTTP/2.0" 200 2003 "https://23rdbanking.com/whsy.php?p=%2Fproc%2F7825" "Mozilla/5.0 AppleWebKit/537.36 (KHTML, like Gecko; compatible; GPTBot/1.3; +https://openai.com/gptbot)"
144.76.32.190 - - [01/Mar/2026:15:27:41 +0000] "GET /whsy.php?p=/home/lab2454c/datmont.com/wp-admin/images/.. HTTP/1.1" 200 3493 "-" "Mozilla/5.0 (compatible; SERankingBacklinksBot/1.0; +https://seranking.com/backlinks-crawler)"
144.76.32.190 - - [01/Mar/2026:15:27:44 +0000] "GET /whsy.php?p=/home/lab2454c/datmont.com/wp-includes/ID3/.. HTTP/1.1" 200 8765 "-" "Mozilla/5.0 (compatible; SERankingBacklinksBot/1.0; +https://seranking.com/backlinks-crawler)"
74.7.242.43 - - [01/Mar/2026:15:27:47 +0000] "GET /whsy.php?e=io&p=%2Fproc%2F29455 HTTP/2.0" 200 2028 "https://www.23rdbanking.com.lab2454.com/whsy.php?p=%2Fproc%2F29455" "Mozilla/5.0 AppleWebKit/537.36 (KHTML, like Gecko; compatible; GPTBot/1.3; +https://openai.com/gptbot)"
74.7.243.238 - - [01/Mar/2026:15:27:47 +0000] "GET /whsy.php?e=limits&p=%2Fproc%2F7825 HTTP/2.0" 200 2270 "https://23rdbanking.com/whsy.php?p=%2Fproc%2F7825" "Mozilla/5.0 AppleWebKit/537.36 (KHTML, like Gecko; compatible; GPTBot/1.3; +https://openai.com/gptbot)"
144.76.32.190 - - [01/Mar/2026:15:27:47 +0000] "GET /whsy.php?p=/home/lab2454c/datmont.com/wp-includes/IXR/.. HTTP/1.1" 200 8765 "-" "Mozilla/5.0 (compatible; SERankingBacklinksBot/1.0; +https://seranking.com/backlinks-crawler)"
144.76.32.190 - - [01/Mar/2026:15:27:51 +0000] "GET /whsy.php?p=/home/lab2454c/datmont.com/wp-includes/css/.. HTTP/1.1" 200 8765 "-" "Mozilla/5.0 (compatible; SERankingBacklinksBot/1.0; +https://seranking.com/backlinks-crawler)"
74.7.242.43 - - [01/Mar/2026:15:27:54 +0000] "GET /whsy.php?e=personality&p=%2Fproc%2F13097 HTTP/2.0" 200 1935 "https://www.23rdbanking.com.lab2454.com/whsy.php?p=%2Fproc%2F13097" "Mozilla/5.0 AppleWebKit/537.36 (KHTML, like Gecko; compatible; GPTBot/1.3; +https://openai.com/gptbot)"
144.76.32.190 - - [01/Mar/2026:15:27:54 +0000] "GET /whsy.php?p=/home/lab2454c/fcxpro.com/wp-admin/css/colors HTTP/1.1" 200 854 "-" "Mozilla/5.0 (compatible; SERankingBacklinksBot/1.0; +https://seranking.com/backlinks-crawler)"
74.7.243.238 - - [01/Mar/2026:15:27:54 +0000] "GET /whsy.php?e=mounts&p=%2Fproc%2F7825 HTTP/2.0" 200 2676 "https://23rdbanking.com/whsy.php?p=%2Fproc%2F7825" "Mozilla/5.0 AppleWebKit/537.36 (KHTML, like Gecko; compatible; GPTBot/1.3; +https://openai.com/gptbot)"
144.76.32.190 - - [01/Mar/2026:15:27:57 +0000] "GET /whsy.php?p=/home/lab2454c/fcxpro.com/wp-admin/js/widgets HTTP/1.1" 200 1061 "-" "Mozilla/5.0 (compatible; SERankingBacklinksBot/1.0; +https://seranking.com/backlinks-crawler)"
74.7.242.43 - - [01/Mar/2026:15:27:59 +0000] "GET /whsy.php?e=exe&p=%2Fproc%2F15358 HTTP/2.0" 200 863 "https://www.23rdbanking.com.lab2454.com/whsy.php?p=%2Fproc%2F15358" "Mozilla/5.0 AppleWebKit/537.36 (KHTML, like Gecko; compatible; GPTBot/1.3; +https://openai.com/gptbot)"
144.76.32.190 - - [01/Mar/2026:15:28:00 +0000] "GET /whsy.php?p=/home/lab2454c/fcxpro.com/wp-admin/network/.. HTTP/1.1" 200 3461 "-" "Mozilla/5.0 (compatible; SERankingBacklinksBot/1.0; +https://seranking.com/backlinks-crawler)"
144.76.32.190 - - [01/Mar/2026:15:28:03 +0000] "GET /whsy.php?p=/home/lab2454c/fcxpro.com/wp-includes/Text/.. HTTP/1.1" 200 7638 "-" "Mozilla/5.0 (compatible; SERankingBacklinksBot/1.0; +https://seranking.com/backlinks-crawler)"
74.7.242.43 - - [01/Mar/2026:15:28:04 +0000] "GET /whsy.php?e=cwd&p=%2Fproc%2F29487 HTTP/2.0" 200 863 "https://www.23rdbanking.com.lab2454.com/whsy.php?p=%2Fproc%2F29487" "Mozilla/5.0 AppleWebKit/537.36 (KHTML, like Gecko; compatible; GPTBot/1.3; +https://openai.com/gptbot)"
74.7.243.238 - - [01/Mar/2026:15:28:04 +0000] "GET /whsy.php?p=%2Fproc%2F7825%2Ftask HTTP/2.0" 200 489 "https://23rdbanking.com/whsy.php?p=%2Fproc%2F7825" "Mozilla/5.0 AppleWebKit/537.36 (KHTML, like Gecko; compatible; GPTBot/1.3; +https://openai.com/gptbot)"
144.76.32.190 - - [01/Mar/2026:15:28:07 +0000] "GET /whsy.php?p=/home/lab2454c/fcxpro.com/wp-includes/js/crop HTTP/1.1" 200 810 "-" "Mozilla/5.0 (compatible; SERankingBacklinksBot/1.0; +https://seranking.com/backlinks-crawler)"
74.7.242.43 - - [01/Mar/2026:15:28:08 +0000] "GET /whsy.php?e=mem&p=%2Fproc%2F29751 HTTP/2.0" 200 863 "https://www.23rdbanking.com.lab2454.com/whsy.php?p=%2Fproc%2F29751" "Mozilla/5.0 AppleWebKit/537.36 (KHTML, like Gecko; compatible; GPTBot/1.3; +https://openai.com/gptbot)"
74.7.243.238 - - [01/Mar/2026:15:28:09 +0000] "GET /whsy.php?p=%2Fproc%2F7825%2Fattr HTTP/2.0" 200 799 "https://23rdbanking.com/whsy.php?p=%2Fproc%2F7825" "Mozilla/5.0 AppleWebKit/537.36 (KHTML, like Gecko; compatible; GPTBot/1.3; +https://openai.com/gptbot)"
144.76.32.190 - - [01/Mar/2026:15:28:10 +0000] "GET /whsy.php?p=/home/lab2454c/fcxpro.com/wp-includes/js/dist HTTP/1.1" 200 3569 "-" "Mozilla/5.0 (compatible; SERankingBacklinksBot/1.0; +https://seranking.com/backlinks-crawler)"
144.76.32.190 - - [01/Mar/2026:15:28:13 +0000] "GET /whsy.php?p=/home/lab2454c/fcxpro.com/wp-includes/pomo/.. HTTP/1.1" 200 7638 "-" "Mozilla/5.0 (compatible; SERankingBacklinksBot/1.0; +https://seranking.com/backlinks-crawler)"
74.7.242.43 - - [01/Mar/2026:15:28:13 +0000] "GET /whsy.php?e=cwd&p=%2Fproc%2F29751 HTTP/2.0" 200 863 "https://www.23rdbanking.com.lab2454.com/whsy.php?p=%2Fproc%2F29751" "Mozilla/5.0 AppleWebKit/537.36 (KHTML, like Gecko; compatible; GPTBot/1.3; +https://openai.com/gptbot)"
74.7.243.238 - - [01/Mar/2026:15:28:14 +0000] "GET /whsy.php?e=coredump_filter&p=%2Fproc%2F7825 HTTP/2.0" 200 2007 "https://23rdbanking.com/whsy.php?p=%2Fproc%2F7825" "Mozilla/5.0 AppleWebKit/537.36 (KHTML, like Gecko; compatible; GPTBot/1.3; +https://openai.com/gptbot)"
144.76.32.190 - - [01/Mar/2026:15:28:16 +0000] "GET /whsy.php?p=/home/lab2454c/foreclass.com/wp-admin/user/.. HTTP/1.1" 200 3502 "-" "Mozilla/5.0 (compatible; SERankingBacklinksBot/1.0; +https://seranking.com/backlinks-crawler)"
74.7.242.43 - - [01/Mar/2026:15:28:18 +0000] "GET /whsy.php?e=cwd&p=%2Fproc%2F15358 HTTP/2.0" 200 863 "https://www.23rdbanking.com.lab2454.com/whsy.php?p=%2Fproc%2F15358" "Mozilla/5.0 AppleWebKit/537.36 (KHTML, like Gecko; compatible; GPTBot/1.3; +https://openai.com/gptbot)"
74.7.243.238 - - [01/Mar/2026:15:28:18 +0000] "GET /whsy.php?e=cpuset&p=%2Fproc%2F7825 HTTP/2.0" 200 2004 "https://23rdbanking.com/whsy.php?p=%2Fproc%2F7825" "Mozilla/5.0 AppleWebKit/537.36 (KHTML, like Gecko; compatible; GPTBot/1.3; +https://openai.com/gptbot)"
144.76.32.190 - - [01/Mar/2026:15:28:19 +0000] "GET /whsy.php?p=/home/lab2454c/gemition.com/wp-admin/maint/.. HTTP/1.1" 200 3495 "-" "Mozilla/5.0 (compatible; SERankingBacklinksBot/1.0; +https://seranking.com/backlinks-crawler)"
74.7.242.43 - - [01/Mar/2026:15:28:22 +0000] "GET /whsy.php?e=exe&p=%2Fproc%2F30015 HTTP/2.0" 200 863 "https://www.23rdbanking.com.lab2454.com/whsy.php?p=%2Fproc%2F30015" "Mozilla/5.0 AppleWebKit/537.36 (KHTML, like Gecko; compatible; GPTBot/1.3; +https://openai.com/gptbot)"
144.76.32.190 - - [01/Mar/2026:15:28:23 +0000] "GET /whsy.php?p=/home/lab2454c/gemition.com/wp-includes/js/.. HTTP/1.1" 200 8514 "-" "Mozilla/5.0 (compatible; SERankingBacklinksBot/1.0; +https://seranking.com/backlinks-crawler)"
74.7.243.238 - - [01/Mar/2026:15:28:23 +0000] "GET /whsy.php?e=cgroup&p=%2Fproc%2F7825 HTTP/2.0" 200 2136 "https://23rdbanking.com/whsy.php?p=%2Fproc%2F7825" "Mozilla/5.0 AppleWebKit/537.36 (KHTML, like Gecko; compatible; GPTBot/1.3; +https://openai.com/gptbot)"
144.76.32.190 - - [01/Mar/2026:15:28:26 +0000] "GET /whsy.php?p=/home/lab2454c/gemiton.com/wp-admin/images/.. HTTP/1.1" 200 3486 "-" "Mozilla/5.0 (compatible; SERankingBacklinksBot/1.0; +https://seranking.com/backlinks-crawler)"
74.7.242.43 - - [01/Mar/2026:15:28:27 +0000] "GET /whsy.php?e=cwd&p=%2Fproc%2F32758 HTTP/2.0" 200 863 "https://www.23rdbanking.com.lab2454.com/whsy.php?p=%2Fproc%2F32758" "Mozilla/5.0 AppleWebKit/537.36 (KHTML, like Gecko; compatible; GPTBot/1.3; +https://openai.com/gptbot)"
74.7.243.238 - - [01/Mar/2026:15:28:28 +0000] "GET /whsy.php?e=ksm_stat&p=%2Fproc%2F7825 HTTP/2.0" 200 1935 "https://23rdbanking.com/whsy.php?p=%2Fproc%2F7825" "Mozilla/5.0 AppleWebKit/537.36 (KHTML, like Gecko; compatible; GPTBot/1.3; +https://openai.com/gptbot)"
144.76.32.190 - - [01/Mar/2026:15:28:29 +0000] "GET /whsy.php?p=/home/lab2454c/gemiton.com/wp-includes/ID3/.. HTTP/1.1" 200 8516 "-" "Mozilla/5.0 (compatible; SERankingBacklinksBot/1.0; +https://seranking.com/backlinks-crawler)"
74.7.242.43 - - [01/Mar/2026:15:28:32 +0000] "GET /whsy.php?e=mem&p=%2Fproc%2F29487 HTTP/2.0" 200 863 "https://www.23rdbanking.com.lab2454.com/whsy.php?p=%2Fproc%2F29487" "Mozilla/5.0 AppleWebKit/537.36 (KHTML, like Gecko; compatible; GPTBot/1.3; +https://openai.com/gptbot)"
144.76.32.190 - - [01/Mar/2026:15:28:32 +0000] "GET /whsy.php?p=/home/lab2454c/gemiton.com/wp-includes/IXR/.. HTTP/1.1" 200 8516 "-" "Mozilla/5.0 (compatible; SERankingBacklinksBot/1.0; +https://seranking.com/backlinks-crawler)"
74.7.243.238 - - [01/Mar/2026:15:28:32 +0000] "GET /whsy.php?e=numa_maps&p=%2Fproc%2F7825 HTTP/2.0" 200 2123 "https://23rdbanking.com/whsy.php?p=%2Fproc%2F7825" "Mozilla/5.0 AppleWebKit/537.36 (KHTML, like Gecko; compatible; GPTBot/1.3; +https://openai.com/gptbot)"
144.76.32.190 - - [01/Mar/2026:15:28:35 +0000] "GET /whsy.php?p=/home/lab2454c/gemiton.com/wp-includes/css/.. HTTP/1.1" 200 8516 "-" "Mozilla/5.0 (compatible; SERankingBacklinksBot/1.0; +https://seranking.com/backlinks-crawler)"
74.7.242.43 - - [01/Mar/2026:15:28:36 +0000] "GET /whsy.php?e=mem&p=%2Fproc%2F15358 HTTP/2.0" 200 863 "https://www.23rdbanking.com.lab2454.com/whsy.php?p=%2Fproc%2F15358" "Mozilla/5.0 AppleWebKit/537.36 (KHTML, like Gecko; compatible; GPTBot/1.3; +https://openai.com/gptbot)"
74.7.243.238 - - [01/Mar/2026:15:28:37 +0000] "GET /whsy.php?e=timens_offsets&p=%2Fproc%2F7825 HTTP/2.0" 200 2023 "https://23rdbanking.com/whsy.php?p=%2Fproc%2F7825" "Mozilla/5.0 AppleWebKit/537.36 (KHTML, like Gecko; compatible; GPTBot/1.3; +https://openai.com/gptbot)"
144.76.32.190 - - [01/Mar/2026:15:28:38 +0000] "GET /whsy.php?p=/home/lab2454c/healthvalidate.com/app/Http/.. HTTP/1.1" 200 826 "-" "Mozilla/5.0 (compatible; SERankingBacklinksBot/1.0; +https://seranking.com/backlinks-crawler)"
74.7.242.43 - - [01/Mar/2026:15:28:41 +0000] "GET /whsy.php?e=mem&p=%2Fproc%2F32758 HTTP/2.0" 200 863 "https://www.23rdbanking.com.lab2454.com/whsy.php?p=%2Fproc%2F32758" "Mozilla/5.0 AppleWebKit/537.36 (KHTML, like Gecko; compatible; GPTBot/1.3; +https://openai.com/gptbot)"
74.7.243.238 - - [01/Mar/2026:15:28:42 +0000] "GET /whsy.php?e=statm&p=%2Fproc%2F7825 HTTP/2.0" 200 2025 "https://23rdbanking.com/whsy.php?p=%2Fproc%2F7825" "Mozilla/5.0 AppleWebKit/537.36 (KHTML, like Gecko; compatible; GPTBot/1.3; +https://openai.com/gptbot)"
144.76.32.190 - - [01/Mar/2026:15:28:42 +0000] "GET /whsy.php?p=/home/lab2454c/igpma.com/wp-admin/includes/.. HTTP/1.1" 200 3494 "-" "Mozilla/5.0 (compatible; SERankingBacklinksBot/1.0; +https://seranking.com/backlinks-crawler)"
74.7.230.21 - - [01/Mar/2026:15:28:42 +0000] "GET /robots.txt HTTP/2.0" 404 - "-" "Mozilla/5.0 (Macintosh; Intel Mac OS X 10_15_7) AppleWebKit/537.36 (KHTML, like Gecko) Chrome/131.0.0.0 Safari/537.36; compatible; OAI-SearchBot/1.3; robots.txt; +https://openai.com/searchbot"
144.76.32.190 - - [01/Mar/2026:15:28:45 +0000] "GET /whsy.php?p=/home/lab2454c/igpma.com/wp-content/themes/.. HTTP/1.1" 200 858 "-" "Mozilla/5.0 (compatible; SERankingBacklinksBot/1.0; +https://seranking.com/backlinks-crawler)"
74.7.242.43 - - [01/Mar/2026:15:28:46 +0000] "GET /whsy.php?e=cwd&p=%2Fproc%2F30015 HTTP/2.0" 200 863 "https://www.23rdbanking.com.lab2454.com/whsy.php?p=%2Fproc%2F30015" "Mozilla/5.0 AppleWebKit/537.36 (KHTML, like Gecko; compatible; GPTBot/1.3; +https://openai.com/gptbot)"
74.7.243.238 - - [01/Mar/2026:15:28:46 +0000] "GET /whsy.php?e=stack&p=%2Fproc%2F7825 HTTP/2.0" 200 1935 "https://23rdbanking.com/whsy.php?p=%2Fproc%2F7825" "Mozilla/5.0 AppleWebKit/537.36 (KHTML, like Gecko; compatible; GPTBot/1.3; +https://openai.com/gptbot)"
144.76.32.190 - - [01/Mar/2026:15:28:48 +0000] "GET /whsy.php?p=/home/lab2454c/igpma.com/wp-includes/css/dist HTTP/1.1" 200 705 "-" "Mozilla/5.0 (compatible; SERankingBacklinksBot/1.0; +https://seranking.com/backlinks-crawler)"
74.7.242.43 - - [01/Mar/2026:15:28:51 +0000] "GET /whsy.php?e=mem&p=%2Fproc%2F30015 HTTP/2.0" 200 863 "https://www.23rdbanking.com.lab2454.com/whsy.php?p=%2Fproc%2F30015" "Mozilla/5.0 AppleWebKit/537.36 (KHTML, like Gecko; compatible; GPTBot/1.3; +https://openai.com/gptbot)"
74.7.243.238 - - [01/Mar/2026:15:28:51 +0000] "GET /whsy.php?e=loginuid&p=%2Fproc%2F7825 HTTP/2.0" 200 2011 "https://23rdbanking.com/whsy.php?p=%2Fproc%2F7825" "Mozilla/5.0 AppleWebKit/537.36 (KHTML, like Gecko; compatible; GPTBot/1.3; +https://openai.com/gptbot)"
144.76.32.190 - - [01/Mar/2026:15:28:51 +0000] "GET /whsy.php?p=/home/lab2454c/igpma.com/wp-includes/fonts/.. HTTP/1.1" 200 8482 "-" "Mozilla/5.0 (compatible; SERankingBacklinksBot/1.0; +https://seranking.com/backlinks-crawler)"
74.7.242.43 - - [01/Mar/2026:15:28:55 +0000] "GET /whsy.php?e=mem&p=%2Fproc%2F29451 HTTP/2.0" 200 1979 "https://www.23rdbanking.com.lab2454.com/whsy.php?p=%2Fproc%2F29451" "Mozilla/5.0 AppleWebKit/537.36 (KHTML, like Gecko; compatible; GPTBot/1.3; +https://openai.com/gptbot)"
144.76.32.190 - - [01/Mar/2026:15:28:55 +0000] "GET /whsy.php?p=/home/lab2454c/igpma.com/wp-includes/js/jcrop HTTP/1.1" 200 770 "-" "Mozilla/5.0 (compatible; SERankingBacklinksBot/1.0; +https://seranking.com/backlinks-crawler)"
74.7.243.238 - - [01/Mar/2026:15:28:56 +0000] "GET /whsy.php?e=wchan&p=%2Fproc%2F7825 HTTP/2.0" 200 2003 "https://23rdbanking.com/whsy.php?p=%2Fproc%2F7825" "Mozilla/5.0 AppleWebKit/537.36 (KHTML, like Gecko; compatible; GPTBot/1.3; +https://openai.com/gptbot)"
144.76.32.190 - - [01/Mar/2026:15:28:58 +0000] "GET /whsy.php?p=/home/lab2454c/incforce.com/wp-admin/maint/.. HTTP/1.1" 200 3497 "-" "Mozilla/5.0 (compatible; SERankingBacklinksBot/1.0; +https://seranking.com/backlinks-crawler)"
74.7.242.43 - - [01/Mar/2026:15:29:00 +0000] "GET /whsy.php?e=personality&p=%2Fproc%2F15358 HTTP/2.0" 200 863 "https://www.23rdbanking.com.lab2454.com/whsy.php?p=%2Fproc%2F15358" "Mozilla/5.0 AppleWebKit/537.36 (KHTML, like Gecko; compatible; GPTBot/1.3; +https://openai.com/gptbot)"
74.7.243.238 - - [01/Mar/2026:15:29:00 +0000] "GET /whsy.php?e=smaps&p=%2Fproc%2F7825 HTTP/2.0" 200 2121 "https://23rdbanking.com/whsy.php?p=%2Fproc%2F7825" "Mozilla/5.0 AppleWebKit/537.36 (KHTML, like Gecko; compatible; GPTBot/1.3; +https://openai.com/gptbot)"
144.76.32.190 - - [01/Mar/2026:15:29:02 +0000] "GET /whsy.php?p=/home/lab2454c/incforce.com/wp-includes/js/.. HTTP/1.1" 200 8521 "-" "Mozilla/5.0 (compatible; SERankingBacklinksBot/1.0; +https://seranking.com/backlinks-crawler)"
74.7.242.43 - - [01/Mar/2026:15:29:04 +0000] "GET /whsy.php?e=personality&p=%2Fproc%2F32758 HTTP/2.0" 200 863 "https://www.23rdbanking.com.lab2454.com/whsy.php?p=%2Fproc%2F32758" "Mozilla/5.0 AppleWebKit/537.36 (KHTML, like Gecko; compatible; GPTBot/1.3; +https://openai.com/gptbot)"
