93.158.213.25 - - [01/Mar/2026:14:37:48 +0000] "GET /whsy.php?e=2.html&p=/home/lab2454c/tmp/analog/environmentalassetsexchange.com.lab2454.com HTTP/1.1" 200 6717 "-" "Mozilla/5.0 (compatible; MJ12bot/v1.4.8; http://mj12bot.com/)"
93.158.213.25 - - [01/Mar/2026:14:37:50 +0000] "GET /whsy.php?e=2.html&p=/home/lab2454c/tmp/analog/equitablebarter.com.lab2454.com HTTP/1.1" 200 8844 "-" "Mozilla/5.0 (compatible; MJ12bot/v1.4.8; http://mj12bot.com/)"
144.76.32.190 - - [01/Mar/2026:14:37:50 +0000] "GET /whsy.php?p=/home/lab2454c/.cpanel/caches/dynamicui/.. HTTP/1.1" 200 712 "-" "Mozilla/5.0 (compatible; SERankingBacklinksBot/1.0; +https://seranking.com/backlinks-crawler)"
93.158.213.25 - - [01/Mar/2026:14:37:52 +0000] "GET /whsy.php?e=2.html&p=/home/lab2454c/tmp/analog/equitablegold.com.lab2454.com HTTP/1.1" 200 8458 "-" "Mozilla/5.0 (compatible; MJ12bot/v1.4.8; http://mj12bot.com/)"
93.158.213.25 - - [01/Mar/2026:14:37:53 +0000] "GET /whsy.php?e=2.html&p=/home/lab2454c/tmp/analog/erbarter.com.lab2454.com HTTP/1.1" 200 8347 "-" "Mozilla/5.0 (compatible; MJ12bot/v1.4.8; http://mj12bot.com/)"
144.76.32.190 - - [01/Mar/2026:14:37:54 +0000] "GET /whsy.php?e=access.log&p=/var/log/imunify360-webshield HTTP/1.1" 200 3051 "-" "Mozilla/5.0 (compatible; SERankingBacklinksBot/1.0; +https://seranking.com/backlinks-crawler)"
74.7.243.238 - - [01/Mar/2026:14:37:24 +0000] "GET /whsy.php?p=%2Fproc%2F11146%2Ftask%2F9360%2Ffdinfo HTTP/2.0" 200 495442 "https://23rdbanking.com/whsy.php?p=%2Fproc%2F11146%2Ftask%2F9360" "Mozilla/5.0 AppleWebKit/537.36 (KHTML, like Gecko; compatible; GPTBot/1.3; +https://openai.com/gptbot)"
74.7.242.43 - - [01/Mar/2026:14:37:55 +0000] "GET /?C=M;O=A HTTP/2.0" 200 433 "https://www.23rdbanking.com.lab2454.com/" "Mozilla/5.0 AppleWebKit/537.36 (KHTML, like Gecko; compatible; GPTBot/1.3; +https://openai.com/gptbot)"
93.158.213.25 - - [01/Mar/2026:14:37:55 +0000] "GET /whsy.php?e=2.html&p=/home/lab2454c/tmp/analog/ercabartercapital.com.lab2454.com HTTP/1.1" 200 4963 "-" "Mozilla/5.0 (compatible; MJ12bot/v1.4.8; http://mj12bot.com/)"
74.7.230.21 - - [01/Mar/2026:14:37:55 +0000] "GET /robots.txt HTTP/2.0" 404 - "-" "Mozilla/5.0 (Macintosh; Intel Mac OS X 10_15_7) AppleWebKit/537.36 (KHTML, like Gecko) Chrome/131.0.0.0 Safari/537.36; compatible; OAI-SearchBot/1.3; robots.txt; +https://openai.com/searchbot"
144.76.32.190 - - [01/Mar/2026:14:37:57 +0000] "GET /whsy.php?p=/home/lab2454c/tripvare.com/app/Console/.. HTTP/1.1" 200 822 "-" "Mozilla/5.0 (compatible; SERankingBacklinksBot/1.0; +https://seranking.com/backlinks-crawler)"
93.158.213.25 - - [01/Mar/2026:14:37:57 +0000] "GET /whsy.php?e=2.html&p=/home/lab2454c/tmp/analog/ercabarterholding.com.lab2454.com HTTP/1.1" 200 5529 "-" "Mozilla/5.0 (compatible; MJ12bot/v1.4.8; http://mj12bot.com/)"
93.158.213.25 - - [01/Mar/2026:14:37:59 +0000] "GET /whsy.php?e=2.html&p=/home/lab2454c/tmp/analog/fcxpro.com.lab2454.com HTTP/1.1" 200 1365 "-" "Mozilla/5.0 (compatible; MJ12bot/v1.4.8; http://mj12bot.com/)"
144.76.32.190 - - [01/Mar/2026:14:38:00 +0000] "GET /whsy.php?p=/home/lab2454c/.trash/wp-includes/fonts/.. HTTP/1.1" 200 649 "-" "Mozilla/5.0 (compatible; SERankingBacklinksBot/1.0; +https://seranking.com/backlinks-crawler)"
93.158.213.25 - - [01/Mar/2026:14:38:00 +0000] "GET /whsy.php?e=2.html&p=/home/lab2454c/tmp/analog/firstdigital.com.lab2454.com HTTP/1.1" 200 1200 "-" "Mozilla/5.0 (compatible; MJ12bot/v1.4.8; http://mj12bot.com/)"
93.158.213.25 - - [01/Mar/2026:14:38:02 +0000] "GET /whsy.php?e=2.html&p=/home/lab2454c/tmp/analog/firstdigitalbank.com.lab2454.com HTTP/1.1" 200 1189 "-" "Mozilla/5.0 (compatible; MJ12bot/v1.4.8; http://mj12bot.com/)"
144.76.32.190 - - [01/Mar/2026:14:38:03 +0000] "GET /whsy.php?e=admin.php&p=/home/lab2454c/mail/.Trash/cur HTTP/1.1" 200 1583 "-" "Mozilla/5.0 (compatible; SERankingBacklinksBot/1.0; +https://seranking.com/backlinks-crawler)"
93.158.213.25 - - [01/Mar/2026:14:38:04 +0000] "GET /whsy.php?e=2.html&p=/home/lab2454c/tmp/analog/foreclass.com.lab2454.com HTTP/1.1" 200 18255 "-" "Mozilla/5.0 (compatible; MJ12bot/v1.4.8; http://mj12bot.com/)"
93.158.213.25 - - [01/Mar/2026:14:38:06 +0000] "GET /whsy.php?e=2.html&p=/home/lab2454c/tmp/analog/gce.elementalrock.com HTTP/1.1" 200 6076 "-" "Mozilla/5.0 (compatible; MJ12bot/v1.4.8; http://mj12bot.com/)"
144.76.32.190 - - [01/Mar/2026:14:38:07 +0000] "GET /whsy.php?p=/home/lab2454c/tripvare.com/app/Exports/.. HTTP/1.1" 200 822 "-" "Mozilla/5.0 (compatible; SERankingBacklinksBot/1.0; +https://seranking.com/backlinks-crawler)"
93.158.213.25 - - [01/Mar/2026:14:38:07 +0000] "GET /whsy.php?e=2.html&p=/home/lab2454c/tmp/analog/gemcommodity.com.lab2454.com HTTP/1.1" 200 8030 "-" "Mozilla/5.0 (compatible; MJ12bot/v1.4.8; http://mj12bot.com/)"
74.7.242.43 - - [01/Mar/2026:14:38:09 +0000] "GET /wp-cron.php HTTP/2.0" 200 20 "https://www.23rdbanking.com.lab2454.com/" "Mozilla/5.0 AppleWebKit/537.36 (KHTML, like Gecko; compatible; GPTBot/1.3; +https://openai.com/gptbot)"
93.158.213.25 - - [01/Mar/2026:14:38:09 +0000] "GET /whsy.php?e=2.html&p=/home/lab2454c/tmp/analog/gemition.com.lab2454.com HTTP/1.1" 200 8209 "-" "Mozilla/5.0 (compatible; MJ12bot/v1.4.8; http://mj12bot.com/)"
144.76.32.190 - - [01/Mar/2026:14:38:10 +0000] "GET /whsy.php?p=/home/lab2454c/adenbic.com/wp-admin/css/.. HTTP/1.1" 200 3494 "-" "Mozilla/5.0 (compatible; SERankingBacklinksBot/1.0; +https://seranking.com/backlinks-crawler)"
93.158.213.25 - - [01/Mar/2026:14:38:11 +0000] "GET /whsy.php?e=2.html&p=/home/lab2454c/tmp/analog/gemiton.com.lab2454.com HTTP/1.1" 200 9289 "-" "Mozilla/5.0 (compatible; MJ12bot/v1.4.8; http://mj12bot.com/)"
144.76.32.190 - - [01/Mar/2026:14:38:13 +0000] "GET /whsy.php?p=/home/lab2454c/tripvare.com/storage/app/.. HTTP/1.1" 200 849 "-" "Mozilla/5.0 (compatible; SERankingBacklinksBot/1.0; +https://seranking.com/backlinks-crawler)"
93.158.213.25 - - [01/Mar/2026:14:38:13 +0000] "GET /whsy.php?e=2.html&p=/home/lab2454c/tmp/analog/gemsaq.com.lab2454.com HTTP/1.1" 200 8187 "-" "Mozilla/5.0 (compatible; MJ12bot/v1.4.8; http://mj12bot.com/)"
93.158.213.25 - - [01/Mar/2026:14:38:15 +0000] "GET /whsy.php?e=2.html&p=/home/lab2454c/tmp/analog/gemspotmarket.com.lab2454.com HTTP/1.1" 200 8065 "-" "Mozilla/5.0 (compatible; MJ12bot/v1.4.8; http://mj12bot.com/)"
144.76.32.190 - - [01/Mar/2026:14:38:16 +0000] "GET /whsy.php?p=/home/lab2454c/aficb.com/app/Exceptions/.. HTTP/1.1" 200 828 "-" "Mozilla/5.0 (compatible; SERankingBacklinksBot/1.0; +https://seranking.com/backlinks-crawler)"
93.158.213.25 - - [01/Mar/2026:14:38:17 +0000] "GET /whsy.php?e=2.html&p=/home/lab2454c/tmp/analog/gemstockmarket.com.lab2454.com HTTP/1.1" 200 8279 "-" "Mozilla/5.0 (compatible; MJ12bot/v1.4.8; http://mj12bot.com/)"
93.158.213.25 - - [01/Mar/2026:14:38:19 +0000] "GET /whsy.php?e=2.html&p=/home/lab2454c/tmp/analog/geniopix.com.lab2454.com HTTP/1.1" 200 7644 "-" "Mozilla/5.0 (compatible; MJ12bot/v1.4.8; http://mj12bot.com/)"
144.76.32.190 - - [01/Mar/2026:14:38:19 +0000] "GET /whsy.php?p=/home/lab2454c/tripvare.com/vendor/clue/.. HTTP/1.1" 200 1462 "-" "Mozilla/5.0 (compatible; SERankingBacklinksBot/1.0; +https://seranking.com/backlinks-crawler)"
93.158.213.25 - - [01/Mar/2026:14:38:21 +0000] "GET /whsy.php?e=2.html&p=/home/lab2454c/tmp/analog/glamwit.com.lab2454.com HTTP/1.1" 200 1338 "-" "Mozilla/5.0 (compatible; MJ12bot/v1.4.8; http://mj12bot.com/)"
93.158.213.25 - - [01/Mar/2026:14:38:22 +0000] "GET /whsy.php?e=2.html&p=/home/lab2454c/tmp/analog/greencreditexchange.com.lab2454.com HTTP/1.1" 200 6821 "-" "Mozilla/5.0 (compatible; MJ12bot/v1.4.8; http://mj12bot.com/)"
144.76.32.190 - - [01/Mar/2026:14:38:23 +0000] "GET /whsy.php?p=/home/lab2454c/aficb.com/resources/lang/.. HTTP/1.1" 200 796 "-" "Mozilla/5.0 (compatible; SERankingBacklinksBot/1.0; +https://seranking.com/backlinks-crawler)"
93.158.213.25 - - [01/Mar/2026:14:38:24 +0000] "GET /whsy.php?e=2.html&p=/home/lab2454c/tmp/analog/healthvalidate.lab2454.com HTTP/1.1" 200 9739 "-" "Mozilla/5.0 (compatible; MJ12bot/v1.4.8; http://mj12bot.com/)"
144.76.32.190 - - [01/Mar/2026:14:38:26 +0000] "GET /whsy.php?p=/home/lab2454c/tripvare.com/vendor/filp/.. HTTP/1.1" 200 1462 "-" "Mozilla/5.0 (compatible; SERankingBacklinksBot/1.0; +https://seranking.com/backlinks-crawler)"
93.158.213.25 - - [01/Mar/2026:14:38:26 +0000] "GET /whsy.php?e=2.html&p=/home/lab2454c/tmp/analog/hibiscard.com.lab2454.com HTTP/1.1" 200 1221 "-" "Mozilla/5.0 (compatible; MJ12bot/v1.4.8; http://mj12bot.com/)"
93.158.213.25 - - [01/Mar/2026:14:38:28 +0000] "GET /whsy.php?e=2.html&p=/home/lab2454c/tmp/analog/hibiscash.com.lab2454.com HTTP/1.1" 200 1202 "-" "Mozilla/5.0 (compatible; MJ12bot/v1.4.8; http://mj12bot.com/)"
74.7.242.43 - - [01/Mar/2026:14:38:28 +0000] "GET /whsy.php HTTP/2.0" 200 863 "https://www.23rdbanking.com.lab2454.com/" "Mozilla/5.0 AppleWebKit/537.36 (KHTML, like Gecko; compatible; GPTBot/1.3; +https://openai.com/gptbot)"
144.76.32.190 - - [01/Mar/2026:14:38:29 +0000] "GET /whsy.php?p=/home/lab2454c/aficb.com/resources/lang/en HTTP/1.1" 200 801 "-" "Mozilla/5.0 (compatible; SERankingBacklinksBot/1.0; +https://seranking.com/backlinks-crawler)"
93.158.213.25 - - [01/Mar/2026:14:38:30 +0000] "GET /whsy.php?e=2.html&p=/home/lab2454c/tmp/analog/highnetrock.com.lab2454.com HTTP/1.1" 200 1223 "-" "Mozilla/5.0 (compatible; MJ12bot/v1.4.8; http://mj12bot.com/)"
93.158.213.25 - - [01/Mar/2026:14:38:31 +0000] "GET /whsy.php?e=2.html&p=/home/lab2454c/tmp/analog/icuamap.com.lab2454.com HTTP/1.1" 200 7933 "-" "Mozilla/5.0 (compatible; MJ12bot/v1.4.8; http://mj12bot.com/)"
144.76.32.190 - - [01/Mar/2026:14:38:32 +0000] "GET /whsy.php?p=/home/lab2454c/tripvare.com/vendor/opis/.. HTTP/1.1" 200 1462 "-" "Mozilla/5.0 (compatible; SERankingBacklinksBot/1.0; +https://seranking.com/backlinks-crawler)"
93.158.213.25 - - [01/Mar/2026:14:38:33 +0000] "GET /whsy.php?e=2.html&p=/home/lab2454c/tmp/analog/icuamaps.com.lab2454.com HTTP/1.1" 200 8104 "-" "Mozilla/5.0 (compatible; MJ12bot/v1.4.8; http://mj12bot.com/)"
74.7.243.238 - - [01/Mar/2026:14:38:05 +0000] "GET /whsy.php?p=%2Fproc%2F11146%2Ftask%2F9365%2Ffdinfo HTTP/2.0" 200 707262 "https://23rdbanking.com/whsy.php?p=%2Fproc%2F11146%2Ftask%2F9365" "Mozilla/5.0 AppleWebKit/537.36 (KHTML, like Gecko; compatible; GPTBot/1.3; +https://openai.com/gptbot)"
93.158.213.25 - - [01/Mar/2026:14:38:35 +0000] "GET /whsy.php?e=2.html&p=/home/lab2454c/tmp/analog/idenbic.com.lab2454.com HTTP/1.1" 200 1337 "-" "Mozilla/5.0 (compatible; MJ12bot/v1.4.8; http://mj12bot.com/)"
144.76.32.190 - - [01/Mar/2026:14:38:35 +0000] "GET /whsy.php?p=/home/lab2454c/aficb.com/resources/sass/.. HTTP/1.1" 200 796 "-" "Mozilla/5.0 (compatible; SERankingBacklinksBot/1.0; +https://seranking.com/backlinks-crawler)"
93.158.213.25 - - [01/Mar/2026:14:38:36 +0000] "GET /whsy.php?e=2.html&p=/home/lab2454c/tmp/analog/ifsin.com.lab2454.com HTTP/1.1" 200 6557 "-" "Mozilla/5.0 (compatible; MJ12bot/v1.4.8; http://mj12bot.com/)"
74.7.242.43 - - [01/Mar/2026:14:38:37 +0000] "GET /whsy.php?e=smaps_rollup&p=%2Fproc%2F3624 HTTP/2.0" 200 2121 "https://www.23rdbanking.com.lab2454.com/whsy.php?p=%2Fproc%2F3624" "Mozilla/5.0 AppleWebKit/537.36 (KHTML, like Gecko; compatible; GPTBot/1.3; +https://openai.com/gptbot)"
93.158.213.25 - - [01/Mar/2026:14:38:38 +0000] "GET /whsy.php?e=2.html&p=/home/lab2454c/tmp/analog/ifsin.org.lab2454.com HTTP/1.1" 200 6358 "-" "Mozilla/5.0 (compatible; MJ12bot/v1.4.8; http://mj12bot.com/)"
144.76.32.190 - - [01/Mar/2026:14:38:39 +0000] "GET /whsy.php?p=/home/lab2454c/tripvare.com/vendor/psr/log HTTP/1.1" 200 792 "-" "Mozilla/5.0 (compatible; SERankingBacklinksBot/1.0; +https://seranking.com/backlinks-crawler)"
93.158.213.25 - - [01/Mar/2026:14:38:40 +0000] "GET /whsy.php?e=2.html&p=/home/lab2454c/tmp/analog/igpma.com.lab2454.com HTTP/1.1" 200 10409 "-" "Mozilla/5.0 (compatible; MJ12bot/v1.4.8; http://mj12bot.com/)"
93.158.213.25 - - [01/Mar/2026:14:38:42 +0000] "GET /whsy.php?e=2.html&p=/home/lab2454c/tmp/analog/igsin.com.lab2454.com HTTP/1.1" 200 8379 "-" "Mozilla/5.0 (compatible; MJ12bot/v1.4.8; http://mj12bot.com/)"
144.76.32.190 - - [01/Mar/2026:14:38:42 +0000] "GET /whsy.php?p=/home/lab2454c/aficb.com/vendor/brick/math HTTP/1.1" 200 832 "-" "Mozilla/5.0 (compatible; SERankingBacklinksBot/1.0; +https://seranking.com/backlinks-crawler)"
93.158.213.25 - - [01/Mar/2026:14:38:43 +0000] "GET /whsy.php?e=2.html&p=/home/lab2454c/tmp/analog/igstin.com.lab2454.com HTTP/1.1" 200 8712 "-" "Mozilla/5.0 (compatible; MJ12bot/v1.4.8; http://mj12bot.com/)"
144.76.32.190 - - [01/Mar/2026:14:38:45 +0000] "GET /whsy.php?p=/home/lab2454c/tripvare.com/vendor/voku/.. HTTP/1.1" 200 1462 "-" "Mozilla/5.0 (compatible; SERankingBacklinksBot/1.0; +https://seranking.com/backlinks-crawler)"
93.158.213.25 - - [01/Mar/2026:14:38:45 +0000] "GET /whsy.php?e=2.html&p=/home/lab2454c/tmp/analog/igstin.org.lab2454.com HTTP/1.1" 200 8982 "-" "Mozilla/5.0 (compatible; MJ12bot/v1.4.8; http://mj12bot.com/)"
93.158.213.25 - - [01/Mar/2026:14:38:47 +0000] "GET /whsy.php?e=2.html&p=/home/lab2454c/tmp/analog/imbtrust.lab2454.com HTTP/1.1" 200 6773 "-" "Mozilla/5.0 (compatible; MJ12bot/v1.4.8; http://mj12bot.com/)"
144.76.32.190 - - [01/Mar/2026:14:38:48 +0000] "GET /whsy.php?p=/home/lab2454c/aficb.com/vendor/dflydev/.. HTTP/1.1" 200 1294 "-" "Mozilla/5.0 (compatible; SERankingBacklinksBot/1.0; +https://seranking.com/backlinks-crawler)"
93.158.213.25 - - [01/Mar/2026:14:38:49 +0000] "GET /whsy.php?e=2.html&p=/home/lab2454c/tmp/analog/incforce.com.lab2454.com HTTP/1.1" 200 10019 "-" "Mozilla/5.0 (compatible; MJ12bot/v1.4.8; http://mj12bot.com/)"
93.158.213.25 - - [01/Mar/2026:14:38:51 +0000] "GET /whsy.php?e=2.html&p=/home/lab2454c/tmp/analog/incforce.net.lab2454.com HTTP/1.1" 200 4880 "-" "Mozilla/5.0 (compatible; MJ12bot/v1.4.8; http://mj12bot.com/)"
144.76.32.190 - - [01/Mar/2026:14:38:52 +0000] "GET /whsy.php?p=/home/lab2454c/vaultchip.com/app/Models/.. HTTP/1.1" 200 812 "-" "Mozilla/5.0 (compatible; SERankingBacklinksBot/1.0; +https://seranking.com/backlinks-crawler)"
74.7.242.43 - - [01/Mar/2026:14:38:52 +0000] "GET /whsy.php?e=fscreate&p=%2Fproc%2F3624%2Fattr HTTP/2.0" 200 857 "https://www.23rdbanking.com.lab2454.com/whsy.php?p=%2Fproc%2F3624%2Fattr" "Mozilla/5.0 AppleWebKit/537.36 (KHTML, like Gecko; compatible; GPTBot/1.3; +https://openai.com/gptbot)"
93.158.213.25 - - [01/Mar/2026:14:38:53 +0000] "GET /whsy.php?e=2.html&p=/home/lab2454c/tmp/analog/inctechhub.com.lab2454.com HTTP/1.1" 200 7960 "-" "Mozilla/5.0 (compatible; MJ12bot/v1.4.8; http://mj12bot.com/)"
93.158.213.25 - - [01/Mar/2026:14:38:54 +0000] "GET /whsy.php?e=2.html&p=/home/lab2454c/tmp/analog/intermetaversebank.com.lab2454.com HTTP/1.1" 200 8345 "-" "Mozilla/5.0 (compatible; MJ12bot/v1.4.8; http://mj12bot.com/)"
144.76.32.190 - - [01/Mar/2026:14:38:55 +0000] "GET /whsy.php?p=/home/lab2454c/aficb.com/vendor/egulias/.. HTTP/1.1" 200 1294 "-" "Mozilla/5.0 (compatible; SERankingBacklinksBot/1.0; +https://seranking.com/backlinks-crawler)"
93.158.213.25 - - [01/Mar/2026:14:38:56 +0000] "GET /whsy.php?e=2.html&p=/home/lab2454c/tmp/analog/internationalcarbonregistry.com.lab2454.com HTTP/1.1" 200 8337 "-" "Mozilla/5.0 (compatible; MJ12bot/v1.4.8; http://mj12bot.com/)"
144.76.32.190 - - [01/Mar/2026:14:38:58 +0000] "GET /whsy.php?p=/home/lab2454c/vaultchip.com/tests/Unit/.. HTTP/1.1" 200 852 "-" "Mozilla/5.0 (compatible; SERankingBacklinksBot/1.0; +https://seranking.com/backlinks-crawler)"
93.158.213.25 - - [01/Mar/2026:14:38:58 +0000] "GET /whsy.php?e=3.html&p=/home/lab2454c/tmp/analog/23rdb.com.lab2454.com HTTP/1.1" 200 1322 "-" "Mozilla/5.0 (compatible; MJ12bot/v1.4.8; http://mj12bot.com/)"
93.158.213.25 - - [01/Mar/2026:14:39:00 +0000] "GET /whsy.php?e=3.html&p=/home/lab2454c/tmp/analog/23rdbank.com.lab2454.com HTTP/1.1" 200 1355 "-" "Mozilla/5.0 (compatible; MJ12bot/v1.4.8; http://mj12bot.com/)"
144.76.32.190 - - [01/Mar/2026:14:39:01 +0000] "GET /whsy.php?p=/home/lab2454c/aficb.com/vendor/laravel/.. HTTP/1.1" 200 1294 "-" "Mozilla/5.0 (compatible; SERankingBacklinksBot/1.0; +https://seranking.com/backlinks-crawler)"
93.158.213.25 - - [01/Mar/2026:14:39:02 +0000] "GET /whsy.php?e=3.html&p=/home/lab2454c/tmp/analog/23rdbanking.com.lab2454.com HTTP/1.1" 200 1358 "-" "Mozilla/5.0 (compatible; MJ12bot/v1.4.8; http://mj12bot.com/)"
93.158.213.25 - - [01/Mar/2026:14:39:04 +0000] "GET /whsy.php?e=3.html&p=/home/lab2454c/tmp/analog/23rdpay.com.lab2454.com HTTP/1.1" 200 1325 "-" "Mozilla/5.0 (compatible; MJ12bot/v1.4.8; http://mj12bot.com/)"
144.76.32.190 - - [01/Mar/2026:14:39:05 +0000] "GET /whsy.php?p=/home/lab2454c/vaultchip.com/vendor/aws/.. HTTP/1.1" 200 1633 "-" "Mozilla/5.0 (compatible; SERankingBacklinksBot/1.0; +https://seranking.com/backlinks-crawler)"
93.158.213.25 - - [01/Mar/2026:14:39:06 +0000] "GET /whsy.php?e=3.html&p=/home/lab2454c/tmp/analog/adenbic.com.lab2454.com HTTP/1.1" 200 9541 "-" "Mozilla/5.0 (compatible; MJ12bot/v1.4.8; http://mj12bot.com/)"
93.158.213.25 - - [01/Mar/2026:14:39:07 +0000] "GET /whsy.php?e=3.html&p=/home/lab2454c/tmp/analog/aficb.com.lab2454.com HTTP/1.1" 200 9021 "-" "Mozilla/5.0 (compatible; MJ12bot/v1.4.8; http://mj12bot.com/)"
144.76.32.190 - - [01/Mar/2026:14:39:08 +0000] "GET /whsy.php?p=/home/lab2454c/aficb.com/vendor/laravel/ui HTTP/1.1" 200 820 "-" "Mozilla/5.0 (compatible; SERankingBacklinksBot/1.0; +https://seranking.com/backlinks-crawler)"
93.158.213.25 - - [01/Mar/2026:14:39:09 +0000] "GET /whsy.php?e=3.html&p=/home/lab2454c/tmp/analog/aficbgroup.com.lab2454.com HTTP/1.1" 200 7970 "-" "Mozilla/5.0 (compatible; MJ12bot/v1.4.8; http://mj12bot.com/)"
74.7.242.43 - - [01/Mar/2026:14:39:11 +0000] "GET /whsy.php?e=current&p=%2Fproc%2F3624%2Fattr HTTP/2.0" 200 847 "https://www.23rdbanking.com.lab2454.com/whsy.php?p=%2Fproc%2F3624%2Fattr" "Mozilla/5.0 AppleWebKit/537.36 (KHTML, like Gecko; compatible; GPTBot/1.3; +https://openai.com/gptbot)"
93.158.213.25 - - [01/Mar/2026:14:39:11 +0000] "GET /whsy.php?e=3.html&p=/home/lab2454c/tmp/analog/africanforeignbank.com.lab2454.com HTTP/1.1" 200 7871 "-" "Mozilla/5.0 (compatible; MJ12bot/v1.4.8; http://mj12bot.com/)"
144.76.32.190 - - [01/Mar/2026:14:39:11 +0000] "GET /whsy.php?p=/home/lab2454c/vaultchip.com/vendor/bin/.. HTTP/1.1" 200 1633 "-" "Mozilla/5.0 (compatible; SERankingBacklinksBot/1.0; +https://seranking.com/backlinks-crawler)"
93.158.213.25 - - [01/Mar/2026:14:39:13 +0000] "GET /whsy.php?e=3.html&p=/home/lab2454c/tmp/analog/africanforeignfinancialcredit.com.lab2454.com HTTP/1.1" 200 5987 "-" "Mozilla/5.0 (compatible; MJ12bot/v1.4.8; http://mj12bot.com/)"
144.76.32.190 - - [01/Mar/2026:14:39:14 +0000] "GET /whsy.php?p=/home/lab2454c/aficb.com/vendor/mockery/.. HTTP/1.1" 200 1294 "-" "Mozilla/5.0 (compatible; SERankingBacklinksBot/1.0; +https://seranking.com/backlinks-crawler)"
93.158.213.25 - - [01/Mar/2026:14:39:14 +0000] "GET /whsy.php?e=3.html&p=/home/lab2454c/tmp/analog/africanforeigninvestment.com.lab2454.com HTTP/1.1" 200 5496 "-" "Mozilla/5.0 (compatible; MJ12bot/v1.4.8; http://mj12bot.com/)"
93.158.213.25 - - [01/Mar/2026:14:39:16 +0000] "GET /whsy.php?e=3.html&p=/home/lab2454c/tmp/analog/africanforeigninvestmentcreditbenefits.com.lab2454.com HTTP/1.1" 200 8178 "-" "Mozilla/5.0 (compatible; MJ12bot/v1.4.8; http://mj12bot.com/)"
144.76.32.190 - - [01/Mar/2026:14:39:18 +0000] "GET /whsy.php?p=/home/lab2454c/vaultchip.com/vendor/psr/.. HTTP/1.1" 200 1633 "-" "Mozilla/5.0 (compatible; SERankingBacklinksBot/1.0; +https://seranking.com/backlinks-crawler)"
93.158.213.25 - - [01/Mar/2026:14:39:18 +0000] "GET /whsy.php?e=3.html&p=/home/lab2454c/tmp/analog/am.elementalrock.com HTTP/1.1" 200 8817 "-" "Mozilla/5.0 (compatible; MJ12bot/v1.4.8; http://mj12bot.com/)"
93.158.213.25 - - [01/Mar/2026:14:39:20 +0000] "GET /whsy.php?e=3.html&p=/home/lab2454c/tmp/analog/amgconsortium.com.lab2454.com HTTP/1.1" 200 1330 "-" "Mozilla/5.0 (compatible; MJ12bot/v1.4.8; http://mj12bot.com/)"
144.76.32.190 - - [01/Mar/2026:14:39:21 +0000] "GET /whsy.php?p=/home/lab2454c/aficb.com/vendor/monolog/.. HTTP/1.1" 200 1294 "-" "Mozilla/5.0 (compatible; SERankingBacklinksBot/1.0; +https://seranking.com/backlinks-crawler)"
93.158.213.25 - - [01/Mar/2026:14:39:21 +0000] "GET /whsy.php?e=3.html&p=/home/lab2454c/tmp/analog/amgholdingcompany.com.lab2454.com HTTP/1.1" 200 1333 "-" "Mozilla/5.0 (compatible; MJ12bot/v1.4.8; http://mj12bot.com/)"
93.158.213.25 - - [01/Mar/2026:14:39:23 +0000] "GET /whsy.php?e=3.html&p=/home/lab2454c/tmp/analog/archfort.com.lab2454.com HTTP/1.1" 200 1354 "-" "Mozilla/5.0 (compatible; MJ12bot/v1.4.8; http://mj12bot.com/)"
144.76.32.190 - - [01/Mar/2026:14:39:24 +0000] "GET /whsy.php?p=/home/lab2454c/vaultchip.com/vendor/psy/.. HTTP/1.1" 200 1633 "-" "Mozilla/5.0 (compatible; SERankingBacklinksBot/1.0; +https://seranking.com/backlinks-crawler)"
93.158.213.25 - - [01/Mar/2026:14:39:25 +0000] "GET /whsy.php?e=3.html&p=/home/lab2454c/tmp/analog/archswipe.com.lab2454.com HTTP/1.1" 200 9769 "-" "Mozilla/5.0 (compatible; MJ12bot/v1.4.8; http://mj12bot.com/)"
74.7.242.43 - - [01/Mar/2026:14:39:26 +0000] "GET /whsy.php?e=pagemap&p=%2Fproc%2F3624 HTTP/2.0" 200 1936 "https://www.23rdbanking.com.lab2454.com/whsy.php?p=%2Fproc%2F3624" "Mozilla/5.0 AppleWebKit/537.36 (KHTML, like Gecko; compatible; GPTBot/1.3; +https://openai.com/gptbot)"
93.158.213.25 - - [01/Mar/2026:14:39:27 +0000] "GET /whsy.php?e=3.html&p=/home/lab2454c/tmp/analog/argowell.com.lab2454.com HTTP/1.1" 200 1296 "-" "Mozilla/5.0 (compatible; MJ12bot/v1.4.8; http://mj12bot.com/)"
144.76.32.190 - - [01/Mar/2026:14:39:27 +0000] "GET /whsy.php?p=/home/lab2454c/aficb.com/vendor/myclabs/.. HTTP/1.1" 200 1294 "-" "Mozilla/5.0 (compatible; SERankingBacklinksBot/1.0; +https://seranking.com/backlinks-crawler)"
93.158.213.25 - - [01/Mar/2026:14:39:29 +0000] "GET /whsy.php?e=3.html&p=/home/lab2454c/tmp/analog/argowellgroup.com.lab2454.com HTTP/1.1" 200 1329 "-" "Mozilla/5.0 (compatible; MJ12bot/v1.4.8; http://mj12bot.com/)"
93.158.213.25 - - [01/Mar/2026:14:39:30 +0000] "GET /whsy.php?e=3.html&p=/home/lab2454c/tmp/analog/argowells.com.lab2454.com HTTP/1.1" 200 1355 "-" "Mozilla/5.0 (compatible; MJ12bot/v1.4.8; http://mj12bot.com/)"
144.76.32.190 - - [01/Mar/2026:14:39:31 +0000] "GET /whsy.php?p=/home/lab2454c/westernclear.net/lang/en/.. HTTP/1.1" 200 822 "-" "Mozilla/5.0 (compatible; SERankingBacklinksBot/1.0; +https://seranking.com/backlinks-crawler)"
93.158.213.25 - - [01/Mar/2026:14:39:32 +0000] "GET /whsy.php?e=3.html&p=/home/lab2454c/tmp/analog/assetmontree.com.lab2454.com HTTP/1.1" 200 6883 "-" "Mozilla/5.0 (compatible; MJ12bot/v1.4.8; http://mj12bot.com/)"
144.76.32.190 - - [01/Mar/2026:14:39:34 +0000] "GET /whsy.php?p=/home/lab2454c/aficb.com/vendor/phar-io/.. HTTP/1.1" 200 1294 "-" "Mozilla/5.0 (compatible; SERankingBacklinksBot/1.0; +https://seranking.com/backlinks-crawler)"
93.158.213.25 - - [01/Mar/2026:14:39:34 +0000] "GET /whsy.php?e=3.html&p=/home/lab2454c/tmp/analog/atopec.com.lab2454.com HTTP/1.1" 200 7454 "-" "Mozilla/5.0 (compatible; MJ12bot/v1.4.8; http://mj12bot.com/)"
93.158.213.25 - - [01/Mar/2026:14:39:36 +0000] "GET /whsy.php?e=3.html&p=/home/lab2454c/tmp/analog/baas.elementalrock.com HTTP/1.1" 200 10156 "-" "Mozilla/5.0 (compatible; MJ12bot/v1.4.8; http://mj12bot.com/)"
144.76.32.190 - - [01/Mar/2026:14:39:37 +0000] "GET /whsy.php?p=/home/lab2454c/aficb.com/vendor/phpspec/.. HTTP/1.1" 200 1294 "-" "Mozilla/5.0 (compatible; SERankingBacklinksBot/1.0; +https://seranking.com/backlinks-crawler)"
93.158.213.25 - - [01/Mar/2026:14:39:38 +0000] "GET /whsy.php?e=3.html&p=/home/lab2454c/tmp/analog/bancmils.com.lab2454.com HTTP/1.1" 200 11104 "-" "Mozilla/5.0 (compatible; MJ12bot/v1.4.8; http://mj12bot.com/)"
74.7.242.43 - - [01/Mar/2026:14:39:38 +0000] "GET /whsy.php?e=prev&p=%2Fproc%2F3624%2Fattr HTTP/2.0" 200 857 "https://www.23rdbanking.com.lab2454.com/whsy.php?p=%2Fproc%2F3624%2Fattr" "Mozilla/5.0 AppleWebKit/537.36 (KHTML, like Gecko; compatible; GPTBot/1.3; +https://openai.com/gptbot)"
93.158.213.25 - - [01/Mar/2026:14:39:39 +0000] "GET /whsy.php?e=3.html&p=/home/lab2454c/tmp/analog/beleci.com.lab2454.com HTTP/1.1" 200 1264 "-" "Mozilla/5.0 (compatible; MJ12bot/v1.4.8; http://mj12bot.com/)"
144.76.32.190 - - [01/Mar/2026:14:39:40 +0000] "GET /whsy.php?p=/home/lab2454c/aficb.com/vendor/phpunit/.. HTTP/1.1" 200 1294 "-" "Mozilla/5.0 (compatible; SERankingBacklinksBot/1.0; +https://seranking.com/backlinks-crawler)"
93.158.213.25 - - [01/Mar/2026:14:39:41 +0000] "GET /whsy.php?e=3.html&p=/home/lab2454c/tmp/analog/bespoketrading.com.lab2454.com HTTP/1.1" 200 1332 "-" "Mozilla/5.0 (compatible; MJ12bot/v1.4.8; http://mj12bot.com/)"
93.158.213.25 - - [01/Mar/2026:14:39:43 +0000] "GET /whsy.php?e=3.html&p=/home/lab2454c/tmp/analog/biocei.com.lab2454.com HTTP/1.1" 200 1353 "-" "Mozilla/5.0 (compatible; MJ12bot/v1.4.8; http://mj12bot.com/)"
74.7.243.238 - - [01/Mar/2026:14:39:14 +0000] "GET /whsy.php?p=%2Fproc%2F11146%2Ftask%2F9568%2Ffdinfo HTTP/2.0" 200 569562 "https://23rdbanking.com/whsy.php?p=%2Fproc%2F11146%2Ftask%2F9568" "Mozilla/5.0 AppleWebKit/537.36 (KHTML, like Gecko; compatible; GPTBot/1.3; +https://openai.com/gptbot)"
144.76.32.190 - - [01/Mar/2026:14:39:44 +0000] "GET /whsy.php?p=/home/lab2454c/aficb.com/vendor/symfony/.. HTTP/1.1" 200 1294 "-" "Mozilla/5.0 (compatible; SERankingBacklinksBot/1.0; +https://seranking.com/backlinks-crawler)"
93.158.213.25 - - [01/Mar/2026:14:39:45 +0000] "GET /whsy.php?e=3.html&p=/home/lab2454c/tmp/analog/budget.veritserv.com HTTP/1.1" 200 1234 "-" "Mozilla/5.0 (compatible; MJ12bot/v1.4.8; http://mj12bot.com/)"
93.158.213.25 - - [01/Mar/2026:14:39:47 +0000] "GET /whsy.php?e=3.html&p=/home/lab2454c/tmp/analog/bullclimate.com.lab2454.com HTTP/1.1" 200 1327 "-" "Mozilla/5.0 (compatible; MJ12bot/v1.4.8; http://mj12bot.com/)"
144.76.32.190 - - [01/Mar/2026:14:39:47 +0000] "GET /whsy.php?p=/home/lab2454c/aficb.com/vendor/theseer/.. HTTP/1.1" 200 1294 "-" "Mozilla/5.0 (compatible; SERankingBacklinksBot/1.0; +https://seranking.com/backlinks-crawler)"
74.7.242.43 - - [01/Mar/2026:14:39:47 +0000] "GET /whsy.php?e=clear_refs&p=%2Fproc%2F3624 HTTP/2.0" 200 1936 "https://www.23rdbanking.com.lab2454.com/whsy.php?p=%2Fproc%2F3624" "Mozilla/5.0 AppleWebKit/537.36 (KHTML, like Gecko; compatible; GPTBot/1.3; +https://openai.com/gptbot)"
93.158.213.25 - - [01/Mar/2026:14:39:48 +0000] "GET /whsy.php?e=3.html&p=/home/lab2454c/tmp/analog/bullionmills.com.lab2454.com HTTP/1.1" 200 8084 "-" "Mozilla/5.0 (compatible; MJ12bot/v1.4.8; http://mj12bot.com/)"
144.76.32.190 - - [01/Mar/2026:14:39:50 +0000] "GET /whsy.php?p=/home/lab2454c/archfort.com/wp-admin/js/.. HTTP/1.1" 200 3496 "-" "Mozilla/5.0 (compatible; SERankingBacklinksBot/1.0; +https://seranking.com/backlinks-crawler)"
93.158.213.25 - - [01/Mar/2026:14:39:50 +0000] "GET /whsy.php?e=3.html&p=/home/lab2454c/tmp/analog/bullionmils.com.lab2454.com HTTP/1.1" 200 9507 "-" "Mozilla/5.0 (compatible; MJ12bot/v1.4.8; http://mj12bot.com/)"
93.158.213.25 - - [01/Mar/2026:14:39:52 +0000] "GET /whsy.php?e=3.html&p=/home/lab2454c/tmp/analog/caimegroup.com.lab2454.com HTTP/1.1" 200 1355 "-" "Mozilla/5.0 (compatible; MJ12bot/v1.4.8; http://mj12bot.com/)"
144.76.32.190 - - [01/Mar/2026:14:39:53 +0000] "GET /whsy.php?p=/home/lab2454c/bancmils.com/app/Console/.. HTTP/1.1" 200 830 "-" "Mozilla/5.0 (compatible; SERankingBacklinksBot/1.0; +https://seranking.com/backlinks-crawler)"
93.158.213.25 - - [01/Mar/2026:14:39:54 +0000] "GET /whsy.php?e=3.html&p=/home/lab2454c/tmp/analog/carbonbullion.com.lab2454.com HTTP/1.1" 200 8869 "-" "Mozilla/5.0 (compatible; MJ12bot/v1.4.8; http://mj12bot.com/)"
93.158.213.25 - - [01/Mar/2026:14:39:56 +0000] "GET /whsy.php?e=3.html&p=/home/lab2454c/tmp/analog/carbonbullion.net.lab2454.com HTTP/1.1" 200 14120 "-" "Mozilla/5.0 (compatible; MJ12bot/v1.4.8; http://mj12bot.com/)"
144.76.32.190 - - [01/Mar/2026:14:39:56 +0000] "GET /whsy.php?p=/home/lab2454c/bancmils.com/app/Exports/.. HTTP/1.1" 200 830 "-" "Mozilla/5.0 (compatible; SERankingBacklinksBot/1.0; +https://seranking.com/backlinks-crawler)"
93.158.213.25 - - [01/Mar/2026:14:39:58 +0000] "GET /whsy.php?e=3.html&p=/home/lab2454c/tmp/analog/carbonbullionexchange.com.lab2454.com HTTP/1.1" 200 8473 "-" "Mozilla/5.0 (compatible; MJ12bot/v1.4.8; http://mj12bot.com/)"
144.76.32.190 - - [01/Mar/2026:14:40:00 +0000] "GET /whsy.php?p=/home/lab2454c/bancmils.com/storage/app/.. HTTP/1.1" 200 876 "-" "Mozilla/5.0 (compatible; SERankingBacklinksBot/1.0; +https://seranking.com/backlinks-crawler)"
93.158.213.25 - - [01/Mar/2026:14:40:00 +0000] "GET /whsy.php?e=3.html&p=/home/lab2454c/tmp/analog/carbonbullionmarketexchange.com.lab2454.com HTTP/1.1" 200 8103 "-" "Mozilla/5.0 (compatible; MJ12bot/v1.4.8; http://mj12bot.com/)"
93.158.213.25 - - [01/Mar/2026:14:40:02 +0000] "GET /whsy.php?e=3.html&p=/home/lab2454c/tmp/analog/carbonbullionmint.com.lab2454.com HTTP/1.1" 200 6970 "-" "Mozilla/5.0 (compatible; MJ12bot/v1.4.8; http://mj12bot.com/)"
74.7.242.43 - - [01/Mar/2026:14:40:02 +0000] "GET /whsy.php?e=if_inet6&p=%2Fproc%2F3624%2Fnet HTTP/2.0" 200 2569 "https://www.23rdbanking.com.lab2454.com/whsy.php?p=%2Fproc%2F3624%2Fnet" "Mozilla/5.0 AppleWebKit/537.36 (KHTML, like Gecko; compatible; GPTBot/1.3; +https://openai.com/gptbot)"
144.76.32.190 - - [01/Mar/2026:14:40:03 +0000] "GET /whsy.php?p=/home/lab2454c/bancmils.com/vendor/filp/.. HTTP/1.1" 200 1360 "-" "Mozilla/5.0 (compatible; SERankingBacklinksBot/1.0; +https://seranking.com/backlinks-crawler)"
93.158.213.25 - - [01/Mar/2026:14:40:04 +0000] "GET /whsy.php?e=3.html&p=/home/lab2454c/tmp/analog/carbonterminal.com.lab2454.com HTTP/1.1" 200 1330 "-" "Mozilla/5.0 (compatible; MJ12bot/v1.4.8; http://mj12bot.com/)"
93.158.213.25 - - [01/Mar/2026:14:40:05 +0000] "GET /whsy.php?e=3.html&p=/home/lab2454c/tmp/analog/caribbeanclimateneutralregistry.com.lab2454.com HTTP/1.1" 200 8187 "-" "Mozilla/5.0 (compatible; MJ12bot/v1.4.8; http://mj12bot.com/)"
144.76.32.190 - - [01/Mar/2026:14:40:06 +0000] "GET /whsy.php?p=/home/lab2454c/bancmils.com/vendor/opis/.. HTTP/1.1" 200 1360 "-" "Mozilla/5.0 (compatible; SERankingBacklinksBot/1.0; +https://seranking.com/backlinks-crawler)"
93.158.213.25 - - [01/Mar/2026:14:40:07 +0000] "GET /whsy.php?e=3.html&p=/home/lab2454c/tmp/analog/cashewinc.com.lab2454.com HTTP/1.1" 200 1326 "-" "Mozilla/5.0 (compatible; MJ12bot/v1.4.8; http://mj12bot.com/)"
93.158.213.25 - - [01/Mar/2026:14:40:09 +0000] "GET /whsy.php?e=3.html&p=/home/lab2454c/tmp/analog/cashewpay.com.lab2454.com HTTP/1.1" 200 7448 "-" "Mozilla/5.0 (compatible; MJ12bot/v1.4.8; http://mj12bot.com/)"
144.76.32.190 - - [01/Mar/2026:14:40:09 +0000] "GET /whsy.php?p=/home/lab2454c/bancmils.com/vendor/psr/log HTTP/1.1" 200 822 "-" "Mozilla/5.0 (compatible; SERankingBacklinksBot/1.0; +https://seranking.com/backlinks-crawler)"
93.158.213.25 - - [01/Mar/2026:14:40:11 +0000] "GET /whsy.php?e=3.html&p=/home/lab2454c/tmp/analog/cbcei.com.lab2454.com HTTP/1.1" 200 9008 "-" "Mozilla/5.0 (compatible; MJ12bot/v1.4.8; http://mj12bot.com/)"
144.76.32.190 - - [01/Mar/2026:14:40:13 +0000] "GET /whsy.php?p=/home/lab2454c/bancmils.com/vendor/voku/.. HTTP/1.1" 200 1360 "-" "Mozilla/5.0 (compatible; SERankingBacklinksBot/1.0; +https://seranking.com/backlinks-crawler)"
93.158.213.25 - - [01/Mar/2026:14:40:13 +0000] "GET /whsy.php?e=3.html&p=/home/lab2454c/tmp/analog/cbfintrade.com.lab2454.com HTTP/1.1" 200 7788 "-" "Mozilla/5.0 (compatible; MJ12bot/v1.4.8; http://mj12bot.com/)"
93.158.213.25 - - [01/Mar/2026:14:40:15 +0000] "GET /whsy.php?e=3.html&p=/home/lab2454c/tmp/analog/cbmegroup.com.lab2454.com HTTP/1.1" 200 7677 "-" "Mozilla/5.0 (compatible; MJ12bot/v1.4.8; http://mj12bot.com/)"
144.76.32.190 - - [01/Mar/2026:14:40:16 +0000] "GET /whsy.php?p=/home/lab2454c/biocei.com/wp-admin/user/.. HTTP/1.1" 200 3525 "-" "Mozilla/5.0 (compatible; SERankingBacklinksBot/1.0; +https://seranking.com/backlinks-crawler)"
93.158.213.25 - - [01/Mar/2026:14:40:17 +0000] "GET /whsy.php?e=3.html&p=/home/lab2454c/tmp/analog/cbmindex.com.lab2454.com HTTP/1.1" 200 8044 "-" "Mozilla/5.0 (compatible; MJ12bot/v1.4.8; http://mj12bot.com/)"
93.158.213.25 - - [01/Mar/2026:14:40:18 +0000] "GET /whsy.php?e=3.html&p=/home/lab2454c/tmp/analog/cfbinternational.com.lab2454.com HTTP/1.1" 200 7112 "-" "Mozilla/5.0 (compatible; MJ12bot/v1.4.8; http://mj12bot.com/)"
74.7.243.238 - - [01/Mar/2026:14:40:19 +0000] "GET /whsy.php?p=%2Fproc%2F11146%2Ftask%2F9357%2Fnet%2Fip6t_hashlimit%2F.. HTTP/2.0" 200 2465 "https://23rdbanking.com/whsy.php?p=%2Fproc%2F11146%2Ftask%2F9357%2Fnet%2Fip6t_hashlimit" "Mozilla/5.0 AppleWebKit/537.36 (KHTML, like Gecko; compatible; GPTBot/1.3; +https://openai.com/gptbot)"
144.76.32.190 - - [01/Mar/2026:14:40:19 +0000] "GET /whsy.php?p=/home/lab2454c/cbcei.com/wp-admin/maint/.. HTTP/1.1" 200 3457 "-" "Mozilla/5.0 (compatible; SERankingBacklinksBot/1.0; +https://seranking.com/backlinks-crawler)"
74.7.242.43 - - [01/Mar/2026:14:40:19 +0000] "GET /?C=N;O=A HTTP/2.0" 200 433 "https://www.23rdbanking.com.lab2454.com/?C=N;O=D" "Mozilla/5.0 AppleWebKit/537.36 (KHTML, like Gecko; compatible; GPTBot/1.3; +https://openai.com/gptbot)"
93.158.213.25 - - [01/Mar/2026:14:40:20 +0000] "GET /whsy.php?e=3.html&p=/home/lab2454c/tmp/analog/christianitybank.com.lab2454.com HTTP/1.1" 200 15838 "-" "Mozilla/5.0 (compatible; MJ12bot/v1.4.8; http://mj12bot.com/)"
93.158.213.25 - - [01/Mar/2026:14:40:22 +0000] "GET /whsy.php?e=3.html&p=/home/lab2454c/tmp/analog/christianitybank.org.lab2454.com HTTP/1.1" 200 8468 "-" "Mozilla/5.0 (compatible; MJ12bot/v1.4.8; http://mj12bot.com/)"
144.76.32.190 - - [01/Mar/2026:14:40:22 +0000] "GET /whsy.php?p=/home/lab2454c/cbcei.com/wp-includes/js/.. HTTP/1.1" 200 8542 "-" "Mozilla/5.0 (compatible; SERankingBacklinksBot/1.0; +https://seranking.com/backlinks-crawler)"
93.158.213.25 - - [01/Mar/2026:14:40:24 +0000] "GET /whsy.php?e=3.html&p=/home/lab2454c/tmp/analog/climateassettrade.com.lab2454.com HTTP/1.1" 200 1334 "-" "Mozilla/5.0 (compatible; MJ12bot/v1.4.8; http://mj12bot.com/)"
144.76.32.190 - - [01/Mar/2026:14:40:26 +0000] "GET /whsy.php?p=/home/lab2454c/costbloc.com/Modules/CMS/.. HTTP/1.1" 200 1194 "-" "Mozilla/5.0 (compatible; SERankingBacklinksBot/1.0; +https://seranking.com/backlinks-crawler)"
93.158.213.25 - - [01/Mar/2026:14:40:26 +0000] "GET /whsy.php?e=3.html&p=/home/lab2454c/tmp/analog/climatecontinental.com.lab2454.com HTTP/1.1" 200 8174 "-" "Mozilla/5.0 (compatible; MJ12bot/v1.4.8; http://mj12bot.com/)"
93.158.213.25 - - [01/Mar/2026:14:40:28 +0000] "GET /whsy.php?e=3.html&p=/home/lab2454c/tmp/analog/climatefinancebank.com.lab2454.com HTTP/1.1" 200 10546 "-" "Mozilla/5.0 (compatible; MJ12bot/v1.4.8; http://mj12bot.com/)"
144.76.32.190 - - [01/Mar/2026:14:40:29 +0000] "GET /whsy.php?p=/home/lab2454c/costbloc.com/Modules/Tax/.. HTTP/1.1" 200 1194 "-" "Mozilla/5.0 (compatible; SERankingBacklinksBot/1.0; +https://seranking.com/backlinks-crawler)"
93.158.213.25 - - [01/Mar/2026:14:40:29 +0000] "GET /whsy.php?e=3.html&p=/home/lab2454c/tmp/analog/coshade.com.lab2454.com HTTP/1.1" 200 1324 "-" "Mozilla/5.0 (compatible; MJ12bot/v1.4.8; http://mj12bot.com/)"
93.158.213.25 - - [01/Mar/2026:14:40:31 +0000] "GET /whsy.php?e=3.html&p=/home/lab2454c/tmp/analog/costbloc.com.lab2454.com HTTP/1.1" 200 1325 "-" "Mozilla/5.0 (compatible; MJ12bot/v1.4.8; http://mj12bot.com/)"
144.76.32.190 - - [01/Mar/2026:14:40:32 +0000] "GET /whsy.php?p=/home/lab2454c/costbloc.com/app/Compare/.. HTTP/1.1" 200 939 "-" "Mozilla/5.0 (compatible; SERankingBacklinksBot/1.0; +https://seranking.com/backlinks-crawler)"
93.158.213.25 - - [01/Mar/2026:14:40:33 +0000] "GET /whsy.php?e=3.html&p=/home/lab2454c/tmp/analog/costbloc.net.lab2454.com HTTP/1.1" 200 7848 "-" "Mozilla/5.0 (compatible; MJ12bot/v1.4.8; http://mj12bot.com/)"
74.7.242.43 - - [01/Mar/2026:14:40:34 +0000] "GET /?C=M;O=D HTTP/2.0" 200 430 "https://www.23rdbanking.com.lab2454.com/?C=M;O=A" "Mozilla/5.0 AppleWebKit/537.36 (KHTML, like Gecko; compatible; GPTBot/1.3; +https://openai.com/gptbot)"
93.158.213.25 - - [01/Mar/2026:14:40:35 +0000] "GET /whsy.php?e=3.html&p=/home/lab2454c/tmp/analog/costbloc.org.lab2454.com HTTP/1.1" 200 7512 "-" "Mozilla/5.0 (compatible; MJ12bot/v1.4.8; http://mj12bot.com/)"
144.76.32.190 - - [01/Mar/2026:14:40:35 +0000] "GET /whsy.php?p=/home/lab2454c/costbloc.com/app/Console/.. HTTP/1.1" 200 939 "-" "Mozilla/5.0 (compatible; SERankingBacklinksBot/1.0; +https://seranking.com/backlinks-crawler)"
93.158.213.25 - - [01/Mar/2026:14:40:37 +0000] "GET /whsy.php?e=3.html&p=/home/lab2454c/tmp/analog/costbloc.site.lab2454.com HTTP/1.1" 200 8313 "-" "Mozilla/5.0 (compatible; MJ12bot/v1.4.8; http://mj12bot.com/)"
144.76.32.190 - - [01/Mar/2026:14:40:39 +0000] "GET /whsy.php?p=/home/lab2454c/costbloc.com/app/Exports/.. HTTP/1.1" 200 939 "-" "Mozilla/5.0 (compatible; SERankingBacklinksBot/1.0; +https://seranking.com/backlinks-crawler)"
93.158.213.25 - - [01/Mar/2026:14:40:39 +0000] "GET /whsy.php?e=3.html&p=/home/lab2454c/tmp/analog/costinbulk.com.lab2454.com HTTP/1.1" 200 6024 "-" "Mozilla/5.0 (compatible; MJ12bot/v1.4.8; http://mj12bot.com/)"
93.158.213.25 - - [01/Mar/2026:14:40:41 +0000] "GET /whsy.php?e=3.html&p=/home/lab2454c/tmp/analog/cotexprotocol.com.lab2454.com HTTP/1.1" 200 7938 "-" "Mozilla/5.0 (compatible; MJ12bot/v1.4.8; http://mj12bot.com/)"
144.76.32.190 - - [01/Mar/2026:14:40:42 +0000] "GET /whsy.php?p=/home/lab2454c/costbloc.com/app/Filters/.. HTTP/1.1" 200 939 "-" "Mozilla/5.0 (compatible; SERankingBacklinksBot/1.0; +https://seranking.com/backlinks-crawler)"
93.158.213.25 - - [01/Mar/2026:14:40:42 +0000] "GET /whsy.php?e=3.html&p=/home/lab2454c/tmp/analog/credityork.com.lab2454.com HTTP/1.1" 200 14549 "-" "Mozilla/5.0 (compatible; MJ12bot/v1.4.8; http://mj12bot.com/)"
74.7.242.43 - - [01/Mar/2026:14:40:43 +0000] "GET /whsy.php?e=igmp6&p=%2Fproc%2F3624%2Fnet HTTP/2.0" 200 2721 "https://www.23rdbanking.com.lab2454.com/whsy.php?p=%2Fproc%2F3624%2Fnet" "Mozilla/5.0 AppleWebKit/537.36 (KHTML, like Gecko; compatible; GPTBot/1.3; +https://openai.com/gptbot)"
93.158.213.25 - - [01/Mar/2026:14:40:45 +0000] "GET /whsy.php?e=3.html&p=/home/lab2454c/tmp/analog/credityorkgroup.com.lab2454.com HTTP/1.1" 200 7820 "-" "Mozilla/5.0 (compatible; MJ12bot/v1.4.8; http://mj12bot.com/)"
144.76.32.190 - - [01/Mar/2026:14:40:45 +0000] "GET /whsy.php?p=/home/lab2454c/costbloc.com/app/helpers/.. HTTP/1.1" 200 939 "-" "Mozilla/5.0 (compatible; SERankingBacklinksBot/1.0; +https://seranking.com/backlinks-crawler)"
93.158.213.25 - - [01/Mar/2026:14:40:46 +0000] "GET /whsy.php?e=3.html&p=/home/lab2454c/tmp/analog/crypthorize.com.lab2454.com HTTP/1.1" 200 7963 "-" "Mozilla/5.0 (compatible; MJ12bot/v1.4.8; http://mj12bot.com/)"
93.158.213.25 - - [01/Mar/2026:14:40:48 +0000] "GET /whsy.php?e=3.html&p=/home/lab2454c/tmp/analog/crypthorize.net.lab2454.com HTTP/1.1" 200 9074 "-" "Mozilla/5.0 (compatible; MJ12bot/v1.4.8; http://mj12bot.com/)"
144.76.32.190 - - [01/Mar/2026:14:40:48 +0000] "GET /whsy.php?p=/home/lab2454c/costbloc.com/public/dist/.. HTTP/1.1" 200 985 "-" "Mozilla/5.0 (compatible; SERankingBacklinksBot/1.0; +https://seranking.com/backlinks-crawler)"
74.7.242.43 - - [01/Mar/2026:14:40:50 +0000] "GET /whsy.php?e=connector&p=%2Fproc%2F3624%2Fnet HTTP/2.0" 200 2521 "https://www.23rdbanking.com.lab2454.com/whsy.php?p=%2Fproc%2F3624%2Fnet" "Mozilla/5.0 AppleWebKit/537.36 (KHTML, like Gecko; compatible; GPTBot/1.3; +https://openai.com/gptbot)"
93.158.213.25 - - [01/Mar/2026:14:40:50 +0000] "GET /whsy.php?e=3.html&p=/home/lab2454c/tmp/analog/crypthorize.org.lab2454.com HTTP/1.1" 200 8100 "-" "Mozilla/5.0 (compatible; MJ12bot/v1.4.8; http://mj12bot.com/)"
93.158.213.25 - - [01/Mar/2026:14:40:52 +0000] "GET /whsy.php?e=3.html&p=/home/lab2454c/tmp/analog/crypto.keyreum.com HTTP/1.1" 200 11132 "-" "Mozilla/5.0 (compatible; MJ12bot/v1.4.8; http://mj12bot.com/)"
144.76.32.190 - - [01/Mar/2026:14:40:52 +0000] "GET /whsy.php?p=/home/lab2454c/costbloc.com/public/dist/js HTTP/1.1" 200 1191 "-" "Mozilla/5.0 (compatible; SERankingBacklinksBot/1.0; +https://seranking.com/backlinks-crawler)"
93.158.213.25 - - [01/Mar/2026:14:40:53 +0000] "GET /whsy.php?e=3.html&p=/home/lab2454c/tmp/analog/cvrmarkets.com.lab2454.com HTTP/1.1" 200 1356 "-" "Mozilla/5.0 (compatible; MJ12bot/v1.4.8; http://mj12bot.com/)"
144.76.32.190 - - [01/Mar/2026:14:40:55 +0000] "GET /whsy.php?p=/home/lab2454c/costbloc.com/storage/app/.. HTTP/1.1" 200 883 "-" "Mozilla/5.0 (compatible; SERankingBacklinksBot/1.0; +https://seranking.com/backlinks-crawler)"
93.158.213.25 - - [01/Mar/2026:14:40:55 +0000] "GET /whsy.php?e=3.html&p=/home/lab2454c/tmp/analog/dansact.com.lab2454.com HTTP/1.1" 200 15299 "-" "Mozilla/5.0 (compatible; MJ12bot/v1.4.8; http://mj12bot.com/)"
93.158.213.25 - - [01/Mar/2026:14:40:57 +0000] "GET /whsy.php?e=3.html&p=/home/lab2454c/tmp/analog/datmont.com.lab2454.com HTTP/1.1" 200 1327 "-" "Mozilla/5.0 (compatible; MJ12bot/v1.4.8; http://mj12bot.com/)"
144.76.32.190 - - [01/Mar/2026:14:40:58 +0000] "GET /whsy.php?p=/home/lab2454c/costbloc.com/vendor/filp/.. HTTP/1.1" 200 1538 "-" "Mozilla/5.0 (compatible; SERankingBacklinksBot/1.0; +https://seranking.com/backlinks-crawler)"
93.158.213.25 - - [01/Mar/2026:14:40:59 +0000] "GET /whsy.php?e=3.html&p=/home/lab2454c/tmp/analog/dsbjewel.com.lab2454.com HTTP/1.1" 200 6624 "-" "Mozilla/5.0 (compatible; MJ12bot/v1.4.8; http://mj12bot.com/)"
74.7.242.43 - - [01/Mar/2026:14:40:59 +0000] "GET /whsy.php?e=mcfilter&p=%2Fproc%2F3624%2Fnet HTTP/2.0" 200 2536 "https://www.23rdbanking.com.lab2454.com/whsy.php?p=%2Fproc%2F3624%2Fnet" "Mozilla/5.0 AppleWebKit/537.36 (KHTML, like Gecko; compatible; GPTBot/1.3; +https://openai.com/gptbot)"
93.158.213.25 - - [01/Mar/2026:14:41:01 +0000] "GET /whsy.php?e=3.html&p=/home/lab2454c/tmp/analog/dsbjewels.com.lab2454.com HTTP/1.1" 200 8156 "-" "Mozilla/5.0 (compatible; MJ12bot/v1.4.8; http://mj12bot.com/)"
144.76.32.190 - - [01/Mar/2026:14:41:01 +0000] "GET /whsy.php?p=/home/lab2454c/costbloc.com/vendor/maba/.. HTTP/1.1" 200 1538 "-" "Mozilla/5.0 (compatible; SERankingBacklinksBot/1.0; +https://seranking.com/backlinks-crawler)"
93.158.213.25 - - [01/Mar/2026:14:41:03 +0000] "GET /whsy.php?e=3.html&p=/home/lab2454c/tmp/analog/elementalmill.com.lab2454.com HTTP/1.1" 200 1399 "-" "Mozilla/5.0 (compatible; MJ12bot/v1.4.8; http://mj12bot.com/)"
93.158.213.25 - - [01/Mar/2026:14:41:04 +0000] "GET /whsy.php?e=3.html&p=/home/lab2454c/tmp/analog/elementalrefinery.com.lab2454.com HTTP/1.1" 200 1334 "-" "Mozilla/5.0 (compatible; MJ12bot/v1.4.8; http://mj12bot.com/)"
144.76.32.190 - - [01/Mar/2026:14:41:05 +0000] "GET /whsy.php?p=/home/lab2454c/costbloc.com/vendor/mpdf/.. HTTP/1.1" 200 1538 "-" "Mozilla/5.0 (compatible; SERankingBacklinksBot/1.0; +https://seranking.com/backlinks-crawler)"
93.158.213.25 - - [01/Mar/2026:14:41:06 +0000] "GET /whsy.php?e=3.html&p=/home/lab2454c/tmp/analog/elementalrock.lab2454.com HTTP/1.1" 200 1357 "-" "Mozilla/5.0 (compatible; MJ12bot/v1.4.8; http://mj12bot.com/)"
144.76.32.190 - - [01/Mar/2026:14:41:08 +0000] "GET /whsy.php?p=/home/lab2454c/costbloc.com/vendor/psr/log HTTP/1.1" 200 790 "-" "Mozilla/5.0 (compatible; SERankingBacklinksBot/1.0; +https://seranking.com/backlinks-crawler)"
93.158.213.25 - - [01/Mar/2026:14:41:08 +0000] "GET /whsy.php?e=3.html&p=/home/lab2454c/tmp/analog/elementstal.com.lab2454.com HTTP/1.1" 200 7480 "-" "Mozilla/5.0 (compatible; MJ12bot/v1.4.8; http://mj12bot.com/)"
93.158.213.25 - - [01/Mar/2026:14:41:10 +0000] "GET /whsy.php?e=3.html&p=/home/lab2454c/tmp/analog/environmentalassetexchange.com.lab2454.com HTTP/1.1" 200 5919 "-" "Mozilla/5.0 (compatible; MJ12bot/v1.4.8; http://mj12bot.com/)"
144.76.32.190 - - [01/Mar/2026:14:41:11 +0000] "GET /whsy.php?p=/home/lab2454c/costbloc.com/vendor/voku/.. HTTP/1.1" 200 1538 "-" "Mozilla/5.0 (compatible; SERankingBacklinksBot/1.0; +https://seranking.com/backlinks-crawler)"
93.158.213.25 - - [01/Mar/2026:14:41:12 +0000] "GET /whsy.php?e=3.html&p=/home/lab2454c/tmp/analog/environmentalassetsexchange.com.lab2454.com HTTP/1.1" 200 6711 "-" "Mozilla/5.0 (compatible; MJ12bot/v1.4.8; http://mj12bot.com/)"
93.158.213.25 - - [01/Mar/2026:14:41:13 +0000] "GET /whsy.php?e=3.html&p=/home/lab2454c/tmp/analog/equitablebarter.com.lab2454.com HTTP/1.1" 200 8942 "-" "Mozilla/5.0 (compatible; MJ12bot/v1.4.8; http://mj12bot.com/)"
144.76.32.190 - - [01/Mar/2026:14:41:14 +0000] "GET /whsy.php?p=/home/lab2454c/costbloc.net/wp/wp-admin/.. HTTP/1.1" 200 1234 "-" "Mozilla/5.0 (compatible; SERankingBacklinksBot/1.0; +https://seranking.com/backlinks-crawler)"
93.158.213.25 - - [01/Mar/2026:14:41:15 +0000] "GET /whsy.php?e=3.html&p=/home/lab2454c/tmp/analog/equitablegold.com.lab2454.com HTTP/1.1" 200 8804 "-" "Mozilla/5.0 (compatible; MJ12bot/v1.4.8; http://mj12bot.com/)"
93.158.213.25 - - [01/Mar/2026:14:41:17 +0000] "GET /whsy.php?e=3.html&p=/home/lab2454c/tmp/analog/erbarter.com.lab2454.com HTTP/1.1" 200 8384 "-" "Mozilla/5.0 (compatible; MJ12bot/v1.4.8; http://mj12bot.com/)"
144.76.32.190 - - [01/Mar/2026:14:41:17 +0000] "GET /whsy.php?p=/home/lab2454c/costbloc.net/wp/wp-admin/js HTTP/1.1" 200 3324 "-" "Mozilla/5.0 (compatible; SERankingBacklinksBot/1.0; +https://seranking.com/backlinks-crawler)"
74.7.242.43 - - [01/Mar/2026:14:41:18 +0000] "GET /whsy.php?e=xfrm_stat&p=%2Fproc%2F3624%2Fnet HTTP/2.0" 200 2714 "https://www.23rdbanking.com.lab2454.com/whsy.php?p=%2Fproc%2F3624%2Fnet" "Mozilla/5.0 AppleWebKit/537.36 (KHTML, like Gecko; compatible; GPTBot/1.3; +https://openai.com/gptbot)"
93.158.213.25 - - [01/Mar/2026:14:41:19 +0000] "GET /whsy.php?e=3.html&p=/home/lab2454c/tmp/analog/ercabartercapital.com.lab2454.com HTTP/1.1" 200 5253 "-" "Mozilla/5.0 (compatible; MJ12bot/v1.4.8; http://mj12bot.com/)"
144.76.32.190 - - [01/Mar/2026:14:41:21 +0000] "GET /whsy.php?p=/home/lab2454c/dansact.com/wp-admin/css/.. HTTP/1.1" 200 3458 "-" "Mozilla/5.0 (compatible; SERankingBacklinksBot/1.0; +https://seranking.com/backlinks-crawler)"
93.158.213.25 - - [01/Mar/2026:14:41:21 +0000] "GET /whsy.php?e=3.html&p=/home/lab2454c/tmp/analog/ercabarterholding.com.lab2454.com HTTP/1.1" 200 5845 "-" "Mozilla/5.0 (compatible; MJ12bot/v1.4.8; http://mj12bot.com/)"
74.7.243.238 - - [01/Mar/2026:14:41:21 +0000] "GET /whsy.php?p=%2Fproc%2F11146%2Ftask%2F9358%2Fnet%2Fip6t_hashlimit%2F.. HTTP/2.0" 200 2463 "https://23rdbanking.com/whsy.php?p=%2Fproc%2F11146%2Ftask%2F9358%2Fnet%2Fip6t_hashlimit" "Mozilla/5.0 AppleWebKit/537.36 (KHTML, like Gecko; compatible; GPTBot/1.3; +https://openai.com/gptbot)"
93.158.213.25 - - [01/Mar/2026:14:41:23 +0000] "GET /whsy.php?e=3.html&p=/home/lab2454c/tmp/analog/fcxpro.com.lab2454.com HTTP/1.1" 200 1353 "-" "Mozilla/5.0 (compatible; MJ12bot/v1.4.8; http://mj12bot.com/)"
144.76.32.190 - - [01/Mar/2026:14:41:24 +0000] "GET /whsy.php?p=/home/lab2454c/datmont.com/wp-admin/css/.. HTTP/1.1" 200 3493 "-" "Mozilla/5.0 (compatible; SERankingBacklinksBot/1.0; +https://seranking.com/backlinks-crawler)"
93.158.213.25 - - [01/Mar/2026:14:41:24 +0000] "GET /whsy.php?e=3.html&p=/home/lab2454c/tmp/analog/financial.datmont.com HTTP/1.1" 200 5363 "-" "Mozilla/5.0 (compatible; MJ12bot/v1.4.8; http://mj12bot.com/)"
93.158.213.25 - - [01/Mar/2026:14:41:26 +0000] "GET /whsy.php?e=3.html&p=/home/lab2454c/tmp/analog/foreclass.com.lab2454.com HTTP/1.1" 200 18355 "-" "Mozilla/5.0 (compatible; MJ12bot/v1.4.8; http://mj12bot.com/)"
144.76.32.190 - - [01/Mar/2026:14:41:27 +0000] "GET /whsy.php?p=/home/lab2454c/etc/adenbic.com/@pwcache/.. HTTP/1.1" 200 1122 "-" "Mozilla/5.0 (compatible; SERankingBacklinksBot/1.0; +https://seranking.com/backlinks-crawler)"
93.158.213.25 - - [01/Mar/2026:14:41:28 +0000] "GET /whsy.php?e=3.html&p=/home/lab2454c/tmp/analog/foremostcard.com.lab2454.com HTTP/1.1" 200 5734 "-" "Mozilla/5.0 (compatible; MJ12bot/v1.4.8; http://mj12bot.com/)"
93.158.213.25 - - [01/Mar/2026:14:41:30 +0000] "GET /whsy.php?e=3.html&p=/home/lab2454c/tmp/analog/futurescarbonexchange.com.lab2454.com HTTP/1.1" 200 8258 "-" "Mozilla/5.0 (compatible; MJ12bot/v1.4.8; http://mj12bot.com/)"
74.7.242.43 - - [01/Mar/2026:14:41:30 +0000] "GET /whsy.php?e=dev_mcast&p=%2Fproc%2F3624%2Fnet HTTP/2.0" 200 2577 "https://www.23rdbanking.com.lab2454.com/whsy.php?p=%2Fproc%2F3624%2Fnet" "Mozilla/5.0 AppleWebKit/537.36 (KHTML, like Gecko; compatible; GPTBot/1.3; +https://openai.com/gptbot)"
144.76.32.190 - - [01/Mar/2026:14:41:30 +0000] "GET /whsy.php?p=/home/lab2454c/fcxpro.com/wp-admin/user/.. HTTP/1.1" 200 3461 "-" "Mozilla/5.0 (compatible; SERankingBacklinksBot/1.0; +https://seranking.com/backlinks-crawler)"
93.158.213.25 - - [01/Mar/2026:14:41:31 +0000] "GET /whsy.php?e=3.html&p=/home/lab2454c/tmp/analog/gce.elementalrock.com HTTP/1.1" 200 6073 "-" "Mozilla/5.0 (compatible; MJ12bot/v1.4.8; http://mj12bot.com/)"
93.158.213.25 - - [01/Mar/2026:14:41:33 +0000] "GET /whsy.php?e=3.html&p=/home/lab2454c/tmp/analog/gemcommodity.com.lab2454.com HTTP/1.1" 200 7996 "-" "Mozilla/5.0 (compatible; MJ12bot/v1.4.8; http://mj12bot.com/)"
144.76.32.190 - - [01/Mar/2026:14:41:34 +0000] "GET /whsy.php?p=/home/lab2454c/gemition.com/wp-admin/js/.. HTTP/1.1" 200 3495 "-" "Mozilla/5.0 (compatible; SERankingBacklinksBot/1.0; +https://seranking.com/backlinks-crawler)"
93.158.213.25 - - [01/Mar/2026:14:41:35 +0000] "GET /whsy.php?e=3.html&p=/home/lab2454c/tmp/analog/gemition.com.lab2454.com HTTP/1.1" 200 8188 "-" "Mozilla/5.0 (compatible; MJ12bot/v1.4.8; http://mj12bot.com/)"
144.76.32.190 - - [01/Mar/2026:14:41:37 +0000] "GET /whsy.php?p=/home/lab2454c/gemiton.com/wp-admin/css/.. HTTP/1.1" 200 3486 "-" "Mozilla/5.0 (compatible; SERankingBacklinksBot/1.0; +https://seranking.com/backlinks-crawler)"
93.158.213.25 - - [01/Mar/2026:14:41:37 +0000] "GET /whsy.php?e=3.html&p=/home/lab2454c/tmp/analog/gemiton.com.lab2454.com HTTP/1.1" 200 9462 "-" "Mozilla/5.0 (compatible; MJ12bot/v1.4.8; http://mj12bot.com/)"
