51.195.244.221 - - [01/Mar/2026:13:34:25 +0000] "GET /whsy.php?p=%2Fhome%2Flab2454c%2Fcarbonbullion.com%2F.tmb HTTP/2.0" 200 765 "-" "Mozilla/5.0 (compatible; AhrefsBot/7.0; +http://ahrefs.com/robot/)"
144.76.32.190 - - [01/Mar/2026:13:34:26 +0000] "GET /whsy.php?p=/var/lib/games HTTP/1.1" 200 482 "-" "Mozilla/5.0 (compatible; SERankingBacklinksBot/1.0; +https://seranking.com/backlinks-crawler)"
74.7.242.43 - - [01/Mar/2026:13:34:27 +0000] "GET /whsy.php?p=%2Fproc%2F11146%2Ftask%2F13028%2Fattr HTTP/2.0" 200 818 "https://www.23rdbanking.com.lab2454.com/whsy.php?p=%2Fproc%2F11146%2Ftask%2F13028" "Mozilla/5.0 AppleWebKit/537.36 (KHTML, like Gecko; compatible; GPTBot/1.3; +https://openai.com/gptbot)"
144.76.32.190 - - [01/Mar/2026:13:34:29 +0000] "GET /whsy.php?p=/var/lib/mysql HTTP/1.1" 200 4647 "-" "Mozilla/5.0 (compatible; SERankingBacklinksBot/1.0; +https://seranking.com/backlinks-crawler)"
74.7.243.238 - - [01/Mar/2026:13:34:30 +0000] "GET /whsy.php?e=xfrm_stat&p=%2Fproc%2F18632%2Fnet HTTP/2.0" 200 2715 "https://23rdbanking.com/whsy.php?p=%2Fproc%2F18632%2Fnet" "Mozilla/5.0 AppleWebKit/537.36 (KHTML, like Gecko; compatible; GPTBot/1.3; +https://openai.com/gptbot)"
144.76.32.190 - - [01/Mar/2026:13:34:32 +0000] "GET /whsy.php?p=/var/lib/tuned HTTP/1.1" 200 480 "-" "Mozilla/5.0 (compatible; SERankingBacklinksBot/1.0; +https://seranking.com/backlinks-crawler)"
144.76.32.190 - - [01/Mar/2026:13:34:36 +0000] "GET /whsy.php?p=/var/log/sa/.. HTTP/1.1" 200 3873 "-" "Mozilla/5.0 (compatible; SERankingBacklinksBot/1.0; +https://seranking.com/backlinks-crawler)"
144.76.32.190 - - [01/Mar/2026:13:34:39 +0000] "GET /whsy.php?p=/var/spool/lpd HTTP/1.1" 200 481 "-" "Mozilla/5.0 (compatible; SERankingBacklinksBot/1.0; +https://seranking.com/backlinks-crawler)"
74.7.242.43 - - [01/Mar/2026:13:34:39 +0000] "GET /whsy.php?p=%2Fproc%2F11146%2Ftask%2F12792%2Fattr HTTP/2.0" 200 818 "https://www.23rdbanking.com.lab2454.com/whsy.php?p=%2Fproc%2F11146%2Ftask%2F12792" "Mozilla/5.0 AppleWebKit/537.36 (KHTML, like Gecko; compatible; GPTBot/1.3; +https://openai.com/gptbot)"
144.76.32.190 - - [01/Mar/2026:13:34:42 +0000] "GET /whsy.php?p=/var/www/icons HTTP/1.1" 200 482 "-" "Mozilla/5.0 (compatible; SERankingBacklinksBot/1.0; +https://seranking.com/backlinks-crawler)"
74.7.243.238 - - [01/Mar/2026:13:34:44 +0000] "GET /whsy.php?e=xfrm_stat&p=%2Fproc%2F12635%2Fnet HTTP/2.0" 200 863 "https://23rdbanking.com/whsy.php?p=%2Fproc%2F12635%2Fnet" "Mozilla/5.0 AppleWebKit/537.36 (KHTML, like Gecko; compatible; GPTBot/1.3; +https://openai.com/gptbot)"
144.76.32.190 - - [01/Mar/2026:13:34:45 +0000] "GET /whsy.php?e=sshd.pid&p=/run HTTP/1.1" 200 3682 "-" "Mozilla/5.0 (compatible; SERankingBacklinksBot/1.0; +https://seranking.com/backlinks-crawler)"
144.76.32.190 - - [01/Mar/2026:13:34:48 +0000] "GET /whsy.php?p=/run/cryptsetup HTTP/1.1" 200 4739 "-" "Mozilla/5.0 (compatible; SERankingBacklinksBot/1.0; +https://seranking.com/backlinks-crawler)"
74.7.242.43 - - [01/Mar/2026:13:34:51 +0000] "GET /whsy.php?p=%2Fproc%2F11146%2Ftask%2F12774%2Fattr HTTP/2.0" 200 819 "https://www.23rdbanking.com.lab2454.com/whsy.php?p=%2Fproc%2F11146%2Ftask%2F12774" "Mozilla/5.0 AppleWebKit/537.36 (KHTML, like Gecko; compatible; GPTBot/1.3; +https://openai.com/gptbot)"
144.76.32.190 - - [01/Mar/2026:13:34:52 +0000] "GET /whsy.php?p=/run/lock/lmlib HTTP/1.1" 200 4709 "-" "Mozilla/5.0 (compatible; SERankingBacklinksBot/1.0; +https://seranking.com/backlinks-crawler)"
74.7.243.238 - - [01/Mar/2026:13:34:53 +0000] "GET /whsy.php?e=dev_mcast&p=%2Fproc%2F20674%2Fnet HTTP/2.0" 200 863 "https://23rdbanking.com/whsy.php?p=%2Fproc%2F20674%2Fnet" "Mozilla/5.0 AppleWebKit/537.36 (KHTML, like Gecko; compatible; GPTBot/1.3; +https://openai.com/gptbot)"
144.76.32.190 - - [01/Mar/2026:13:34:55 +0000] "GET /whsy.php?p=/run/restartsrv HTTP/1.1" 200 4402 "-" "Mozilla/5.0 (compatible; SERankingBacklinksBot/1.0; +https://seranking.com/backlinks-crawler)"
144.76.32.190 - - [01/Mar/2026:13:34:58 +0000] "GET /whsy.php?p=/run/tmpfiles.d HTTP/1.1" 200 648 "-" "Mozilla/5.0 (compatible; SERankingBacklinksBot/1.0; +https://seranking.com/backlinks-crawler)"
144.76.32.190 - - [01/Mar/2026:13:35:02 +0000] "GET /whsy.php?p=/var/empty/sshd HTTP/1.1" 200 4200 "-" "Mozilla/5.0 (compatible; SERankingBacklinksBot/1.0; +https://seranking.com/backlinks-crawler)"
74.7.242.43 - - [01/Mar/2026:13:35:03 +0000] "GET /whsy.php?p=%2Fproc%2F11146%2Ftask%2F12808%2Fnet HTTP/2.0" 200 2466 "https://www.23rdbanking.com.lab2454.com/whsy.php?p=%2Fproc%2F11146%2Ftask%2F12808" "Mozilla/5.0 AppleWebKit/537.36 (KHTML, like Gecko; compatible; GPTBot/1.3; +https://openai.com/gptbot)"
144.76.32.190 - - [01/Mar/2026:13:35:05 +0000] "GET /whsy.php?p=/var/log/audit/ HTTP/1.1" 200 4559 "-" "Mozilla/5.0 (compatible; SERankingBacklinksBot/1.0; +https://seranking.com/backlinks-crawler)"
74.7.243.238 - - [01/Mar/2026:13:35:06 +0000] "GET /whsy.php?e=dev_mcast&p=%2Fproc%2F12635%2Fnet HTTP/2.0" 200 863 "https://23rdbanking.com/whsy.php?p=%2Fproc%2F12635%2Fnet" "Mozilla/5.0 AppleWebKit/537.36 (KHTML, like Gecko; compatible; GPTBot/1.3; +https://openai.com/gptbot)"
144.76.32.190 - - [01/Mar/2026:13:35:08 +0000] "GET /whsy.php?p=/var/named/data HTTP/1.1" 200 4538 "-" "Mozilla/5.0 (compatible; SERankingBacklinksBot/1.0; +https://seranking.com/backlinks-crawler)"
144.76.32.190 - - [01/Mar/2026:13:35:12 +0000] "GET /whsy.php?p=/var/spool/cron HTTP/1.1" 200 4199 "-" "Mozilla/5.0 (compatible; SERankingBacklinksBot/1.0; +https://seranking.com/backlinks-crawler)"
144.76.32.190 - - [01/Mar/2026:13:35:15 +0000] "GET /whsy.php?p=/var/spool/exim HTTP/1.1" 200 694 "-" "Mozilla/5.0 (compatible; SERankingBacklinksBot/1.0; +https://seranking.com/backlinks-crawler)"
144.76.32.190 - - [01/Mar/2026:13:35:18 +0000] "GET /whsy.php?p=/var/spool/mail HTTP/1.1" 200 650 "-" "Mozilla/5.0 (compatible; SERankingBacklinksBot/1.0; +https://seranking.com/backlinks-crawler)"
74.7.242.43 - - [01/Mar/2026:13:35:19 +0000] "GET /whsy.php?p=%2Fproc%2F11146%2Ftask%2F10926%2Fnet HTTP/2.0" 200 2465 "https://www.23rdbanking.com.lab2454.com/whsy.php?p=%2Fproc%2F11146%2Ftask%2F10926" "Mozilla/5.0 AppleWebKit/537.36 (KHTML, like Gecko; compatible; GPTBot/1.3; +https://openai.com/gptbot)"
144.76.32.190 - - [01/Mar/2026:13:35:22 +0000] "GET /whsy.php?e=crond.pid&p=/run HTTP/1.1" 200 3681 "-" "Mozilla/5.0 (compatible; SERankingBacklinksBot/1.0; +https://seranking.com/backlinks-crawler)"
64.89.163.69 - - [01/Mar/2026:13:35:23 +0000] "GET /wp-content/themes/seotheme/db.php?u HTTP/1.1" 404 - "www.google.com" "Mozlila/5.0 (Linux; Android 7.0; SM-G892A Bulid/NRD90M; wv) AppleWebKit/537.36 (KHTML, like Gecko) Version/4.0 Chrome/60.0.3112.107 Moblie Safari/537.36"
64.89.163.69 - - [01/Mar/2026:13:35:23 +0000] "POST /wp-plain.php HTTP/1.1" 404 - "www.google.com" "Mozilla/5.0 (Linux; Android 7.0; SM-G892A Bulid/NRD90M; wv) AppleWebKit/537.36 (KHTML, like Gecko) Version/4.0 Chrome/60.0.3112.107 Moblie Safari/537.36"
64.89.163.69 - - [01/Mar/2026:13:35:23 +0000] "GET /kwppmcux.php?Fox=d3wL7 HTTP/1.1" 404 - "www.google.com" "Mozilla/5.0 (Linux; Android 7.0; SM-G892A Bulid/NRD90M; wv) AppleWebKit/537.36 (KHTML, like Gecko) Version/4.0 Chrome/60.0.3112.107 Moblie Safari/537.36"
74.7.243.238 - - [01/Mar/2026:13:35:24 +0000] "GET /whsy.php?e=dev_mcast&p=%2Fproc%2F18632%2Fnet HTTP/2.0" 200 2578 "https://23rdbanking.com/whsy.php?p=%2Fproc%2F18632%2Fnet" "Mozilla/5.0 AppleWebKit/537.36 (KHTML, like Gecko; compatible; GPTBot/1.3; +https://openai.com/gptbot)"
144.76.32.190 - - [01/Mar/2026:13:35:25 +0000] "GET /whsy.php?e=spamd.pid&p=/run HTTP/1.1" 200 3682 "-" "Mozilla/5.0 (compatible; SERankingBacklinksBot/1.0; +https://seranking.com/backlinks-crawler)"
144.76.32.190 - - [01/Mar/2026:13:35:28 +0000] "GET /whsy.php?p=/run/lock/subsys HTTP/1.1" 200 656 "-" "Mozilla/5.0 (compatible; SERankingBacklinksBot/1.0; +https://seranking.com/backlinks-crawler)"
144.76.32.190 - - [01/Mar/2026:13:35:32 +0000] "GET /whsy.php?e=ftpd.sock&p=/run HTTP/1.1" 200 3614 "-" "Mozilla/5.0 (compatible; SERankingBacklinksBot/1.0; +https://seranking.com/backlinks-crawler)"
74.7.242.43 - - [01/Mar/2026:13:35:34 +0000] "GET /whsy.php?p=%2Fproc%2F11146%2Ftask%2F12489%2Fnet HTTP/2.0" 200 2467 "https://www.23rdbanking.com.lab2454.com/whsy.php?p=%2Fproc%2F11146%2Ftask%2F12489" "Mozilla/5.0 AppleWebKit/537.36 (KHTML, like Gecko; compatible; GPTBot/1.3; +https://openai.com/gptbot)"
144.76.32.190 - - [01/Mar/2026:13:35:35 +0000] "GET /whsy.php?p=/var/kerberos/.. HTTP/1.1" 200 875 "-" "Mozilla/5.0 (compatible; SERankingBacklinksBot/1.0; +https://seranking.com/backlinks-crawler)"
144.76.32.190 - - [01/Mar/2026:13:35:39 +0000] "GET /whsy.php?p=/var/lib/dovecot HTTP/1.1" 200 3812 "-" "Mozilla/5.0 (compatible; SERankingBacklinksBot/1.0; +https://seranking.com/backlinks-crawler)"
144.76.32.190 - - [01/Mar/2026:13:35:43 +0000] "GET /whsy.php?p=/var/lib/rpcbind HTTP/1.1" 200 3984 "-" "Mozilla/5.0 (compatible; SERankingBacklinksBot/1.0; +https://seranking.com/backlinks-crawler)"
74.7.243.238 - - [01/Mar/2026:13:35:43 +0000] "GET /whsy.php?e=xfrm_stat&p=%2Fproc%2F26918%2Fnet HTTP/2.0" 200 2714 "https://23rdbanking.com/whsy.php?p=%2Fproc%2F26918%2Fnet" "Mozilla/5.0 AppleWebKit/537.36 (KHTML, like Gecko; compatible; GPTBot/1.3; +https://openai.com/gptbot)"
144.76.32.190 - - [01/Mar/2026:13:35:46 +0000] "GET /whsy.php?p=/var/lib/rsyslog HTTP/1.1" 200 3984 "-" "Mozilla/5.0 (compatible; SERankingBacklinksBot/1.0; +https://seranking.com/backlinks-crawler)"
144.76.32.190 - - [01/Mar/2026:13:35:50 +0000] "GET /whsy.php?p=/var/lib/selinux HTTP/1.1" 200 483 "-" "Mozilla/5.0 (compatible; SERankingBacklinksBot/1.0; +https://seranking.com/backlinks-crawler)"
144.76.32.190 - - [01/Mar/2026:13:35:53 +0000] "GET /whsy.php?p=/var/lib/systemd HTTP/1.1" 200 686 "-" "Mozilla/5.0 (compatible; SERankingBacklinksBot/1.0; +https://seranking.com/backlinks-crawler)"
74.7.242.43 - - [01/Mar/2026:13:35:54 +0000] "GET /whsy.php?p=%2Fproc%2F11146%2Ftask%2F12792%2Fnet HTTP/2.0" 200 863 "https://www.23rdbanking.com.lab2454.com/whsy.php?p=%2Fproc%2F11146%2Ftask%2F12792" "Mozilla/5.0 AppleWebKit/537.36 (KHTML, like Gecko; compatible; GPTBot/1.3; +https://openai.com/gptbot)"
144.76.32.190 - - [01/Mar/2026:13:35:56 +0000] "GET /whsy.php?p=/var/log/atop/.. HTTP/1.1" 200 3873 "-" "Mozilla/5.0 (compatible; SERankingBacklinksBot/1.0; +https://seranking.com/backlinks-crawler)"
144.76.32.190 - - [01/Mar/2026:13:36:00 +0000] "GET /whsy.php?p=/var/log/rhsm/.. HTTP/1.1" 200 3873 "-" "Mozilla/5.0 (compatible; SERankingBacklinksBot/1.0; +https://seranking.com/backlinks-crawler)"
74.7.243.238 - - [01/Mar/2026:13:36:00 +0000] "GET /whsy.php?e=xfrm_stat&p=%2Fproc%2F10243%2Fnet HTTP/2.0" 200 863 "https://23rdbanking.com/whsy.php?p=%2Fproc%2F10243%2Fnet" "Mozilla/5.0 AppleWebKit/537.36 (KHTML, like Gecko; compatible; GPTBot/1.3; +https://openai.com/gptbot)"
144.76.32.190 - - [01/Mar/2026:13:36:03 +0000] "GET /whsy.php?p=/var/named/cache HTTP/1.1" 200 4585 "-" "Mozilla/5.0 (compatible; SERankingBacklinksBot/1.0; +https://seranking.com/backlinks-crawler)"
74.7.242.43 - - [01/Mar/2026:13:36:05 +0000] "GET /whsy.php?p=%2Fproc%2F11146%2Ftask%2F12774%2Fnet HTTP/2.0" 200 2468 "https://www.23rdbanking.com.lab2454.com/whsy.php?p=%2Fproc%2F11146%2Ftask%2F12774" "Mozilla/5.0 AppleWebKit/537.36 (KHTML, like Gecko; compatible; GPTBot/1.3; +https://openai.com/gptbot)"
74.7.230.21 - - [01/Mar/2026:13:36:06 +0000] "GET /robots.txt HTTP/2.0" 404 - "-" "Mozilla/5.0 (Macintosh; Intel Mac OS X 10_15_7) AppleWebKit/537.36 (KHTML, like Gecko) Chrome/131.0.0.0 Safari/537.36; compatible; OAI-SearchBot/1.3; robots.txt; +https://openai.com/searchbot"
144.76.32.190 - - [01/Mar/2026:13:36:06 +0000] "GET /whsy.php?p=/var/preserve/.. HTTP/1.1" 200 875 "-" "Mozilla/5.0 (compatible; SERankingBacklinksBot/1.0; +https://seranking.com/backlinks-crawler)"
74.7.243.238 - - [01/Mar/2026:13:36:09 +0000] "GET /whsy.php?e=xfrm_stat&p=%2Fproc%2F25364%2Fnet HTTP/2.0" 200 2716 "https://23rdbanking.com/whsy.php?p=%2Fproc%2F25364%2Fnet" "Mozilla/5.0 AppleWebKit/537.36 (KHTML, like Gecko; compatible; GPTBot/1.3; +https://openai.com/gptbot)"
144.76.32.190 - - [01/Mar/2026:13:36:09 +0000] "GET /whsy.php?p=/var/spool/audit HTTP/1.1" 200 4757 "-" "Mozilla/5.0 (compatible; SERankingBacklinksBot/1.0; +https://seranking.com/backlinks-crawler)"
144.76.32.190 - - [01/Mar/2026:13:36:13 +0000] "GET /whsy.php?p=/var/www/cgi-bin HTTP/1.1" 200 484 "-" "Mozilla/5.0 (compatible; SERankingBacklinksBot/1.0; +https://seranking.com/backlinks-crawler)"
144.76.32.190 - - [01/Mar/2026:13:36:16 +0000] "GET /whsy.php?e=cpdavd.pid&p=/run HTTP/1.1" 200 3686 "-" "Mozilla/5.0 (compatible; SERankingBacklinksBot/1.0; +https://seranking.com/backlinks-crawler)"
74.7.242.43 - - [01/Mar/2026:13:36:17 +0000] "GET /whsy.php?p=%2Fproc%2F11146%2Ftask%2F12785%2Fnet HTTP/2.0" 200 2468 "https://www.23rdbanking.com.lab2454.com/whsy.php?p=%2Fproc%2F11146%2Ftask%2F12785" "Mozilla/5.0 AppleWebKit/537.36 (KHTML, like Gecko; compatible; GPTBot/1.3; +https://openai.com/gptbot)"
144.76.32.190 - - [01/Mar/2026:13:36:19 +0000] "GET /whsy.php?e=kdump&p=/run/lock HTTP/1.1" 200 763 "-" "Mozilla/5.0 (compatible; SERankingBacklinksBot/1.0; +https://seranking.com/backlinks-crawler)"
74.7.243.238 - - [01/Mar/2026:13:36:21 +0000] "GET /whsy.php?e=dev_mcast&p=%2Fproc%2F32568%2Fnet HTTP/2.0" 200 863 "https://23rdbanking.com/whsy.php?p=%2Fproc%2F32568%2Fnet" "Mozilla/5.0 AppleWebKit/537.36 (KHTML, like Gecko; compatible; GPTBot/1.3; +https://openai.com/gptbot)"
144.76.32.190 - - [01/Mar/2026:13:36:22 +0000] "GET /whsy.php?e=auditd.pid&p=/run HTTP/1.1" 200 3684 "-" "Mozilla/5.0 (compatible; SERankingBacklinksBot/1.0; +https://seranking.com/backlinks-crawler)"
144.76.32.190 - - [01/Mar/2026:13:36:25 +0000] "GET /whsy.php?e=gsdwer&p=/var/tmp HTTP/1.1" 200 20944 "-" "Mozilla/5.0 (compatible; SERankingBacklinksBot/1.0; +https://seranking.com/backlinks-crawler)"
74.7.242.43 - - [01/Mar/2026:13:36:27 +0000] "GET /whsy.php?p=%2Fproc%2F11146%2Ftask%2F10925%2Fnet HTTP/2.0" 200 2468 "https://www.23rdbanking.com.lab2454.com/whsy.php?p=%2Fproc%2F11146%2Ftask%2F10925" "Mozilla/5.0 AppleWebKit/537.36 (KHTML, like Gecko; compatible; GPTBot/1.3; +https://openai.com/gptbot)"
144.76.32.190 - - [01/Mar/2026:13:36:29 +0000] "GET /whsy.php?p=/run/lock/lockdev HTTP/1.1" 200 481 "-" "Mozilla/5.0 (compatible; SERankingBacklinksBot/1.0; +https://seranking.com/backlinks-crawler)"
74.7.243.238 - - [01/Mar/2026:13:36:31 +0000] "GET /whsy.php?e=xfrm_stat&p=%2Fproc%2F20674%2Fnet HTTP/2.0" 200 863 "https://23rdbanking.com/whsy.php?p=%2Fproc%2F20674%2Fnet" "Mozilla/5.0 AppleWebKit/537.36 (KHTML, like Gecko; compatible; GPTBot/1.3; +https://openai.com/gptbot)"
144.76.32.190 - - [01/Mar/2026:13:36:32 +0000] "GET /whsy.php?e=cpsrvd.pid&p=/run HTTP/1.1" 200 3682 "-" "Mozilla/5.0 (compatible; SERankingBacklinksBot/1.0; +https://seranking.com/backlinks-crawler)"
144.76.32.190 - - [01/Mar/2026:13:36:35 +0000] "GET /whsy.php?p=/var/lib/bitninja HTTP/1.1" 200 4711 "-" "Mozilla/5.0 (compatible; SERankingBacklinksBot/1.0; +https://seranking.com/backlinks-crawler)"
74.7.242.43 - - [01/Mar/2026:13:36:35 +0000] "GET /whsy.php?p=%2Fproc%2F11146%2Ftask%2F13028%2Fnet HTTP/2.0" 200 863 "https://www.23rdbanking.com.lab2454.com/whsy.php?p=%2Fproc%2F11146%2Ftask%2F13028" "Mozilla/5.0 AppleWebKit/537.36 (KHTML, like Gecko; compatible; GPTBot/1.3; +https://openai.com/gptbot)"
74.7.243.238 - - [01/Mar/2026:13:36:38 +0000] "GET /whsy.php?e=dev_mcast&p=%2Fproc%2F26917%2Fnet HTTP/2.0" 200 2578 "https://23rdbanking.com/whsy.php?p=%2Fproc%2F26917%2Fnet" "Mozilla/5.0 AppleWebKit/537.36 (KHTML, like Gecko; compatible; GPTBot/1.3; +https://openai.com/gptbot)"
144.76.32.190 - - [01/Mar/2026:13:36:38 +0000] "GET /whsy.php?p=/var/lib/dhclient HTTP/1.1" 200 663 "-" "Mozilla/5.0 (compatible; SERankingBacklinksBot/1.0; +https://seranking.com/backlinks-crawler)"
74.7.242.43 - - [01/Mar/2026:13:36:40 +0000] "GET /whsy.php?p=%2Fproc%2F11146%2Ftask%2F24419%2Fns HTTP/2.0" 200 863 "https://www.23rdbanking.com.lab2454.com/whsy.php?p=%2Fproc%2F11146%2Ftask%2F24419" "Mozilla/5.0 AppleWebKit/537.36 (KHTML, like Gecko; compatible; GPTBot/1.3; +https://openai.com/gptbot)"
144.76.32.190 - - [01/Mar/2026:13:36:41 +0000] "GET /whsy.php?p=/var/lib/gssproxy HTTP/1.1" 200 686 "-" "Mozilla/5.0 (compatible; SERankingBacklinksBot/1.0; +https://seranking.com/backlinks-crawler)"
74.7.243.238 - - [01/Mar/2026:13:36:42 +0000] "GET /whsy.php?e=xfrm_stat&p=%2Fproc%2F25083%2Fnet HTTP/2.0" 200 863 "https://23rdbanking.com/whsy.php?p=%2Fproc%2F25083%2Fnet" "Mozilla/5.0 AppleWebKit/537.36 (KHTML, like Gecko; compatible; GPTBot/1.3; +https://openai.com/gptbot)"
144.76.32.190 - - [01/Mar/2026:13:36:45 +0000] "GET /whsy.php?p=/var/lib/machines HTTP/1.1" 200 4710 "-" "Mozilla/5.0 (compatible; SERankingBacklinksBot/1.0; +https://seranking.com/backlinks-crawler)"
74.7.243.238 - - [01/Mar/2026:13:36:47 +0000] "GET /whsy.php?e=xfrm_stat&p=%2Fproc%2F21038%2Fnet HTTP/2.0" 200 863 "https://23rdbanking.com/whsy.php?p=%2Fproc%2F21038%2Fnet" "Mozilla/5.0 AppleWebKit/537.36 (KHTML, like Gecko; compatible; GPTBot/1.3; +https://openai.com/gptbot)"
144.76.32.190 - - [01/Mar/2026:13:36:48 +0000] "GET /whsy.php?p=/var/lib/net-snmp HTTP/1.1" 200 510 "-" "Mozilla/5.0 (compatible; SERankingBacklinksBot/1.0; +https://seranking.com/backlinks-crawler)"
144.76.32.190 - - [01/Mar/2026:13:36:51 +0000] "GET /whsy.php?p=/var/lib/plymouth HTTP/1.1" 200 660 "-" "Mozilla/5.0 (compatible; SERankingBacklinksBot/1.0; +https://seranking.com/backlinks-crawler)"
74.7.243.238 - - [01/Mar/2026:13:36:53 +0000] "GET /whsy.php?e=xfrm_stat&p=%2Fproc%2F32568%2Fnet HTTP/2.0" 200 863 "https://23rdbanking.com/whsy.php?p=%2Fproc%2F32568%2Fnet" "Mozilla/5.0 AppleWebKit/537.36 (KHTML, like Gecko; compatible; GPTBot/1.3; +https://openai.com/gptbot)"
144.76.32.190 - - [01/Mar/2026:13:36:54 +0000] "GET /whsy.php?p=/var/lib/polkit-1 HTTP/1.1" 200 3861 "-" "Mozilla/5.0 (compatible; SERankingBacklinksBot/1.0; +https://seranking.com/backlinks-crawler)"
144.76.32.190 - - [01/Mar/2026:13:36:58 +0000] "GET /whsy.php?p=/var/log/archive/ HTTP/1.1" 200 3982 "-" "Mozilla/5.0 (compatible; SERankingBacklinksBot/1.0; +https://seranking.com/backlinks-crawler)"
144.76.32.190 - - [01/Mar/2026:13:37:01 +0000] "GET /whsy.php?p=/var/log/dcpumon/ HTTP/1.1" 200 4242 "-" "Mozilla/5.0 (compatible; SERankingBacklinksBot/1.0; +https://seranking.com/backlinks-crawler)"
144.76.32.190 - - [01/Mar/2026:13:37:05 +0000] "GET /whsy.php?p=/var/log/named/.. HTTP/1.1" 200 3873 "-" "Mozilla/5.0 (compatible; SERankingBacklinksBot/1.0; +https://seranking.com/backlinks-crawler)"
74.7.243.238 - - [01/Mar/2026:13:37:06 +0000] "GET /whsy.php?e=xfrm_stat&p=%2Fproc%2F26917%2Fnet HTTP/2.0" 200 2715 "https://23rdbanking.com/whsy.php?p=%2Fproc%2F26917%2Fnet" "Mozilla/5.0 AppleWebKit/537.36 (KHTML, like Gecko; compatible; GPTBot/1.3; +https://openai.com/gptbot)"
144.76.32.190 - - [01/Mar/2026:13:37:08 +0000] "GET /whsy.php?p=/var/log/tuned/.. HTTP/1.1" 200 3873 "-" "Mozilla/5.0 (compatible; SERankingBacklinksBot/1.0; +https://seranking.com/backlinks-crawler)"
144.76.32.190 - - [01/Mar/2026:13:37:11 +0000] "GET /whsy.php?p=/var/mod_lsapi/.. HTTP/1.1" 200 875 "-" "Mozilla/5.0 (compatible; SERankingBacklinksBot/1.0; +https://seranking.com/backlinks-crawler)"
144.76.32.190 - - [01/Mar/2026:13:37:14 +0000] "GET /whsy.php?p=/var/named/dnssec HTTP/1.1" 200 4114 "-" "Mozilla/5.0 (compatible; SERankingBacklinksBot/1.0; +https://seranking.com/backlinks-crawler)"
74.7.242.43 - - [01/Mar/2026:13:36:45 +0000] "GET /whsy.php?p=%2Fproc%2F11146%2Ftask%2F12489%2Ffd HTTP/2.0" 200 790304 "https://www.23rdbanking.com.lab2454.com/whsy.php?p=%2Fproc%2F11146%2Ftask%2F12489" "Mozilla/5.0 AppleWebKit/537.36 (KHTML, like Gecko; compatible; GPTBot/1.3; +https://openai.com/gptbot)"
144.76.32.190 - - [01/Mar/2026:13:37:18 +0000] "GET /whsy.php?p=/var/named/slaves HTTP/1.1" 200 4794 "-" "Mozilla/5.0 (compatible; SERankingBacklinksBot/1.0; +https://seranking.com/backlinks-crawler)"
74.7.243.238 - - [01/Mar/2026:13:37:19 +0000] "GET /whsy.php?e=dev_mcast&p=%2Fproc%2F25364%2Fnet HTTP/2.0" 200 2578 "https://23rdbanking.com/whsy.php?p=%2Fproc%2F25364%2Fnet" "Mozilla/5.0 AppleWebKit/537.36 (KHTML, like Gecko; compatible; GPTBot/1.3; +https://openai.com/gptbot)"
74.7.175.187 - - [01/Mar/2026:13:37:20 +0000] "GET /robots.txt HTTP/2.0" 404 - "-" "Mozilla/5.0 (Macintosh; Intel Mac OS X 10_15_7) AppleWebKit/537.36 (KHTML, like Gecko) Chrome/131.0.0.0 Safari/537.36; compatible; OAI-SearchBot/1.3; robots.txt; +https://openai.com/searchbot"
144.76.32.190 - - [01/Mar/2026:13:37:21 +0000] "GET /whsy.php?e=yidtruy&p=/var/tmp HTTP/1.1" 200 20942 "-" "Mozilla/5.0 (compatible; SERankingBacklinksBot/1.0; +https://seranking.com/backlinks-crawler)"
144.76.32.190 - - [01/Mar/2026:13:37:24 +0000] "GET /whsy.php?e=rtuw456&p=/var/tmp HTTP/1.1" 200 20944 "-" "Mozilla/5.0 (compatible; SERankingBacklinksBot/1.0; +https://seranking.com/backlinks-crawler)"
144.76.32.190 - - [01/Mar/2026:13:37:27 +0000] "GET /whsy.php?e=kjkjkre&p=/var/tmp HTTP/1.1" 200 20944 "-" "Mozilla/5.0 (compatible; SERankingBacklinksBot/1.0; +https://seranking.com/backlinks-crawler)"
74.7.243.238 - - [01/Mar/2026:13:37:29 +0000] "GET /whsy.php?e=dev_mcast&p=%2Fproc%2F26918%2Fnet HTTP/2.0" 200 2577 "https://23rdbanking.com/whsy.php?p=%2Fproc%2F26918%2Fnet" "Mozilla/5.0 AppleWebKit/537.36 (KHTML, like Gecko; compatible; GPTBot/1.3; +https://openai.com/gptbot)"
144.76.32.190 - - [01/Mar/2026:13:37:31 +0000] "GET /whsy.php?e=Makefile&p=/var/db HTTP/1.1" 200 2207 "-" "Mozilla/5.0 (compatible; SERankingBacklinksBot/1.0; +https://seranking.com/backlinks-crawler)"
144.76.32.190 - - [01/Mar/2026:13:37:34 +0000] "GET /whsy.php?e=cron.reboot&p=/run HTTP/1.1" 200 3614 "-" "Mozilla/5.0 (compatible; SERankingBacklinksBot/1.0; +https://seranking.com/backlinks-crawler)"
144.76.32.190 - - [01/Mar/2026:13:37:37 +0000] "GET /whsy.php?p=/var/cache/apache2 HTTP/1.1" 200 4117 "-" "Mozilla/5.0 (compatible; SERankingBacklinksBot/1.0; +https://seranking.com/backlinks-crawler)"
144.76.32.190 - - [01/Mar/2026:13:37:41 +0000] "GET /whsy.php?e=sa01&p=/var/log/sa HTTP/1.1" 200 1896 "-" "Mozilla/5.0 (compatible; SERankingBacklinksBot/1.0; +https://seranking.com/backlinks-crawler)"
144.76.32.190 - - [01/Mar/2026:13:37:44 +0000] "GET /whsy.php?e=ghfghf2&p=/var/tmp HTTP/1.1" 200 20943 "-" "Mozilla/5.0 (compatible; SERankingBacklinksBot/1.0; +https://seranking.com/backlinks-crawler)"
74.7.243.238 - - [01/Mar/2026:13:37:46 +0000] "GET /whsy.php?e=dev_mcast&p=%2Fproc%2F25083%2Fnet HTTP/2.0" 200 863 "https://23rdbanking.com/whsy.php?p=%2Fproc%2F25083%2Fnet" "Mozilla/5.0 AppleWebKit/537.36 (KHTML, like Gecko; compatible; GPTBot/1.3; +https://openai.com/gptbot)"
144.76.32.190 - - [01/Mar/2026:13:37:47 +0000] "GET /whsy.php?p=/var/imunify360/.. HTTP/1.1" 200 875 "-" "Mozilla/5.0 (compatible; SERankingBacklinksBot/1.0; +https://seranking.com/backlinks-crawler)"
144.76.32.190 - - [01/Mar/2026:13:37:51 +0000] "GET /whsy.php?e=sa02&p=/var/log/sa HTTP/1.1" 200 1893 "-" "Mozilla/5.0 (compatible; SERankingBacklinksBot/1.0; +https://seranking.com/backlinks-crawler)"
74.7.242.43 - - [01/Mar/2026:13:37:23 +0000] "GET /whsy.php?p=%2Fproc%2F11146%2Ftask%2F10926%2Ffd HTTP/2.0" 200 697143 "https://www.23rdbanking.com.lab2454.com/whsy.php?p=%2Fproc%2F11146%2Ftask%2F10926" "Mozilla/5.0 AppleWebKit/537.36 (KHTML, like Gecko; compatible; GPTBot/1.3; +https://openai.com/gptbot)"
144.76.32.190 - - [01/Mar/2026:13:37:54 +0000] "GET /whsy.php?e=ghfghf3&p=/var/tmp HTTP/1.1" 200 20944 "-" "Mozilla/5.0 (compatible; SERankingBacklinksBot/1.0; +https://seranking.com/backlinks-crawler)"
74.7.243.238 - - [01/Mar/2026:13:37:57 +0000] "GET /whsy.php?e=dev_mcast&p=%2Fproc%2F10243%2Fnet HTTP/2.0" 200 863 "https://23rdbanking.com/whsy.php?p=%2Fproc%2F10243%2Fnet" "Mozilla/5.0 AppleWebKit/537.36 (KHTML, like Gecko; compatible; GPTBot/1.3; +https://openai.com/gptbot)"
144.76.32.190 - - [01/Mar/2026:13:37:57 +0000] "GET /whsy.php?p=/var/kerberos/krb5 HTTP/1.1" 200 493 "-" "Mozilla/5.0 (compatible; SERankingBacklinksBot/1.0; +https://seranking.com/backlinks-crawler)"
144.76.32.190 - - [01/Mar/2026:13:38:00 +0000] "GET /whsy.php?e=sa03&p=/var/log/sa HTTP/1.1" 200 1896 "-" "Mozilla/5.0 (compatible; SERankingBacklinksBot/1.0; +https://seranking.com/backlinks-crawler)"
74.7.242.43 - - [01/Mar/2026:13:38:02 +0000] "GET /whsy.php?p=%2Fproc%2F11146%2Ftask%2F24419%2Ffd HTTP/2.0" 200 863 "https://www.23rdbanking.com.lab2454.com/whsy.php?p=%2Fproc%2F11146%2Ftask%2F24419" "Mozilla/5.0 AppleWebKit/537.36 (KHTML, like Gecko; compatible; GPTBot/1.3; +https://openai.com/gptbot)"
144.76.32.190 - - [01/Mar/2026:13:38:04 +0000] "GET /whsy.php?e=ghfghf4&p=/var/tmp HTTP/1.1" 200 20944 "-" "Mozilla/5.0 (compatible; SERankingBacklinksBot/1.0; +https://seranking.com/backlinks-crawler)"
144.76.32.190 - - [01/Mar/2026:13:38:07 +0000] "GET /whsy.php?p=/var/lib/initramfs HTTP/1.1" 200 483 "-" "Mozilla/5.0 (compatible; SERankingBacklinksBot/1.0; +https://seranking.com/backlinks-crawler)"
144.76.32.190 - - [01/Mar/2026:13:38:10 +0000] "GET /whsy.php?e=sa04&p=/var/log/sa HTTP/1.1" 200 1894 "-" "Mozilla/5.0 (compatible; SERankingBacklinksBot/1.0; +https://seranking.com/backlinks-crawler)"
144.76.32.190 - - [01/Mar/2026:13:38:13 +0000] "GET /whsy.php?e=gsdwer2&p=/var/tmp HTTP/1.1" 200 20944 "-" "Mozilla/5.0 (compatible; SERankingBacklinksBot/1.0; +https://seranking.com/backlinks-crawler)"
74.7.243.238 - - [01/Mar/2026:13:38:14 +0000] "GET /whsy.php?e=oom_adj&p=%2Fproc%2F11146%2Ftask%2F13960 HTTP/2.0" 200 863 "https://23rdbanking.com/whsy.php?p=%2Fproc%2F11146%2Ftask%2F13960" "Mozilla/5.0 AppleWebKit/537.36 (KHTML, like Gecko; compatible; GPTBot/1.3; +https://openai.com/gptbot)"
144.76.32.190 - - [01/Mar/2026:13:38:17 +0000] "GET /whsy.php?p=/var/lib/logrotate HTTP/1.1" 200 660 "-" "Mozilla/5.0 (compatible; SERankingBacklinksBot/1.0; +https://seranking.com/backlinks-crawler)"
144.76.32.190 - - [01/Mar/2026:13:38:20 +0000] "GET /whsy.php?e=sa05&p=/var/log/sa HTTP/1.1" 200 1894 "-" "Mozilla/5.0 (compatible; SERankingBacklinksBot/1.0; +https://seranking.com/backlinks-crawler)"
144.76.32.190 - - [01/Mar/2026:13:38:23 +0000] "GET /whsy.php?e=gsdwer3&p=/var/tmp HTTP/1.1" 200 20944 "-" "Mozilla/5.0 (compatible; SERankingBacklinksBot/1.0; +https://seranking.com/backlinks-crawler)"
144.76.32.190 - - [01/Mar/2026:13:38:26 +0000] "GET /whsy.php?p=/var/lib/os-prober HTTP/1.1" 200 483 "-" "Mozilla/5.0 (compatible; SERankingBacklinksBot/1.0; +https://seranking.com/backlinks-crawler)"
144.76.32.190 - - [01/Mar/2026:13:38:30 +0000] "GET /whsy.php?e=sa06&p=/var/log/sa HTTP/1.1" 200 1894 "-" "Mozilla/5.0 (compatible; SERankingBacklinksBot/1.0; +https://seranking.com/backlinks-crawler)"
74.7.242.43 - - [01/Mar/2026:13:38:30 +0000] "GET /whsy.php?e=netstat&p=%2Fproc%2F11146%2Ftask%2F10926%2Fnet HTTP/2.0" 200 4267 "https://www.23rdbanking.com.lab2454.com/whsy.php?p=%2Fproc%2F11146%2Ftask%2F10926%2Fnet" "Mozilla/5.0 AppleWebKit/537.36 (KHTML, like Gecko; compatible; GPTBot/1.3; +https://openai.com/gptbot)"
144.76.32.190 - - [01/Mar/2026:13:38:33 +0000] "GET /whsy.php?e=gsdwer4&p=/var/tmp HTTP/1.1" 200 20944 "-" "Mozilla/5.0 (compatible; SERankingBacklinksBot/1.0; +https://seranking.com/backlinks-crawler)"
74.7.243.238 - - [01/Mar/2026:13:38:35 +0000] "GET /whsy.php?e=gid_map&p=%2Fproc%2F11146%2Ftask%2F13960 HTTP/2.0" 200 863 "https://23rdbanking.com/whsy.php?p=%2Fproc%2F11146%2Ftask%2F13960" "Mozilla/5.0 AppleWebKit/537.36 (KHTML, like Gecko; compatible; GPTBot/1.3; +https://openai.com/gptbot)"
144.76.32.190 - - [01/Mar/2026:13:38:36 +0000] "GET /whsy.php?p=/var/lib/rpm-state HTTP/1.1" 200 484 "-" "Mozilla/5.0 (compatible; SERankingBacklinksBot/1.0; +https://seranking.com/backlinks-crawler)"
144.76.32.190 - - [01/Mar/2026:13:38:39 +0000] "GET /whsy.php?e=sa07&p=/var/log/sa HTTP/1.1" 200 1893 "-" "Mozilla/5.0 (compatible; SERankingBacklinksBot/1.0; +https://seranking.com/backlinks-crawler)"
74.7.242.43 - - [01/Mar/2026:13:38:40 +0000] "GET /whsy.php?e=route&p=%2Fproc%2F11146%2Ftask%2F12489%2Fnet HTTP/2.0" 200 2661 "https://www.23rdbanking.com.lab2454.com/whsy.php?p=%2Fproc%2F11146%2Ftask%2F12489%2Fnet" "Mozilla/5.0 AppleWebKit/537.36 (KHTML, like Gecko; compatible; GPTBot/1.3; +https://openai.com/gptbot)"
144.76.32.190 - - [01/Mar/2026:13:38:42 +0000] "GET /whsy.php?e=gsdwer5&p=/var/tmp HTTP/1.1" 200 20944 "-" "Mozilla/5.0 (compatible; SERankingBacklinksBot/1.0; +https://seranking.com/backlinks-crawler)"
144.76.32.190 - - [01/Mar/2026:13:38:46 +0000] "GET /whsy.php?p=/var/lib/stateless HTTP/1.1" 200 504 "-" "Mozilla/5.0 (compatible; SERankingBacklinksBot/1.0; +https://seranking.com/backlinks-crawler)"
144.76.32.190 - - [01/Mar/2026:13:38:49 +0000] "GET /whsy.php?e=sa08&p=/var/log/sa HTTP/1.1" 200 1895 "-" "Mozilla/5.0 (compatible; SERankingBacklinksBot/1.0; +https://seranking.com/backlinks-crawler)"
74.7.243.238 - - [01/Mar/2026:13:38:50 +0000] "GET /whsy.php?e=uid_map&p=%2Fproc%2F11146%2Ftask%2F13960 HTTP/2.0" 200 863 "https://23rdbanking.com/whsy.php?p=%2Fproc%2F11146%2Ftask%2F13960" "Mozilla/5.0 AppleWebKit/537.36 (KHTML, like Gecko; compatible; GPTBot/1.3; +https://openai.com/gptbot)"
144.76.32.190 - - [01/Mar/2026:13:38:52 +0000] "GET /whsy.php?e=gsdwer6&p=/var/tmp HTTP/1.1" 200 20944 "-" "Mozilla/5.0 (compatible; SERankingBacklinksBot/1.0; +https://seranking.com/backlinks-crawler)"
144.76.32.190 - - [01/Mar/2026:13:38:55 +0000] "GET /whsy.php?p=/var/log/bitninja/ HTTP/1.1" 200 4710 "-" "Mozilla/5.0 (compatible; SERankingBacklinksBot/1.0; +https://seranking.com/backlinks-crawler)"
144.76.32.190 - - [01/Mar/2026:13:38:59 +0000] "GET /whsy.php?e=sa09&p=/var/log/sa HTTP/1.1" 200 1899 "-" "Mozilla/5.0 (compatible; SERankingBacklinksBot/1.0; +https://seranking.com/backlinks-crawler)"
144.76.32.190 - - [01/Mar/2026:13:39:02 +0000] "GET /whsy.php?e=gsdwer7&p=/var/tmp HTTP/1.1" 200 20944 "-" "Mozilla/5.0 (compatible; SERankingBacklinksBot/1.0; +https://seranking.com/backlinks-crawler)"
74.7.243.238 - - [01/Mar/2026:13:39:04 +0000] "GET /whsy.php?e=io&p=%2Fproc%2F11146%2Ftask%2F11152 HTTP/2.0" 200 1802 "https://23rdbanking.com/whsy.php?p=%2Fproc%2F11146%2Ftask%2F11152" "Mozilla/5.0 AppleWebKit/537.36 (KHTML, like Gecko; compatible; GPTBot/1.3; +https://openai.com/gptbot)"
144.76.32.190 - - [01/Mar/2026:13:39:05 +0000] "GET /whsy.php?p=/var/named/dynamic HTTP/1.1" 200 4287 "-" "Mozilla/5.0 (compatible; SERankingBacklinksBot/1.0; +https://seranking.com/backlinks-crawler)"
144.76.32.190 - - [01/Mar/2026:13:39:08 +0000] "GET /whsy.php?e=sa10&p=/var/log/sa HTTP/1.1" 200 1893 "-" "Mozilla/5.0 (compatible; SERankingBacklinksBot/1.0; +https://seranking.com/backlinks-crawler)"
144.76.32.190 - - [01/Mar/2026:13:39:12 +0000] "GET /whsy.php?e=gsdwer8&p=/var/tmp HTTP/1.1" 200 20944 "-" "Mozilla/5.0 (compatible; SERankingBacklinksBot/1.0; +https://seranking.com/backlinks-crawler)"
74.7.243.238 - - [01/Mar/2026:13:39:13 +0000] "GET /whsy.php?e=snmp6&p=%2Fproc%2F22335%2Fnet HTTP/2.0" 200 863 "https://23rdbanking.com/whsy.php?p=%2Fproc%2F22335%2Fnet" "Mozilla/5.0 AppleWebKit/537.36 (KHTML, like Gecko; compatible; GPTBot/1.3; +https://openai.com/gptbot)"
144.76.32.190 - - [01/Mar/2026:13:39:15 +0000] "GET /whsy.php?p=/var/spool/anacron HTTP/1.1" 200 726 "-" "Mozilla/5.0 (compatible; SERankingBacklinksBot/1.0; +https://seranking.com/backlinks-crawler)"
144.76.32.190 - - [01/Mar/2026:13:39:18 +0000] "GET /whsy.php?e=sa11&p=/var/log/sa HTTP/1.1" 200 1896 "-" "Mozilla/5.0 (compatible; SERankingBacklinksBot/1.0; +https://seranking.com/backlinks-crawler)"
74.7.243.238 - - [01/Mar/2026:13:39:21 +0000] "GET /whsy.php?p=%2Fproc%2F17403%2Fnet%2Fstat HTTP/2.0" 200 863 "https://23rdbanking.com/whsy.php?p=%2Fproc%2F17403%2Fnet" "Mozilla/5.0 AppleWebKit/537.36 (KHTML, like Gecko; compatible; GPTBot/1.3; +https://openai.com/gptbot)"
144.76.32.190 - - [01/Mar/2026:13:39:21 +0000] "GET /whsy.php?p=/var/spool/mail/.. HTTP/1.1" 200 544 "-" "Mozilla/5.0 (compatible; SERankingBacklinksBot/1.0; +https://seranking.com/backlinks-crawler)"
144.76.32.190 - - [01/Mar/2026:13:39:24 +0000] "GET /whsy.php?e=sa12&p=/var/log/sa HTTP/1.1" 200 1890 "-" "Mozilla/5.0 (compatible; SERankingBacklinksBot/1.0; +https://seranking.com/backlinks-crawler)"
74.7.242.43 - - [01/Mar/2026:13:38:57 +0000] "GET /whsy.php?p=%2Fproc%2F11146%2Ftask%2F12774%2Ffd HTTP/2.0" 200 842663 "https://www.23rdbanking.com.lab2454.com/whsy.php?p=%2Fproc%2F11146%2Ftask%2F12774" "Mozilla/5.0 AppleWebKit/537.36 (KHTML, like Gecko; compatible; GPTBot/1.3; +https://openai.com/gptbot)"
144.76.32.190 - - [01/Mar/2026:13:39:28 +0000] "GET /whsy.php?p=/var/tmp/.ICE-unix HTTP/1.1" 200 485 "-" "Mozilla/5.0 (compatible; SERankingBacklinksBot/1.0; +https://seranking.com/backlinks-crawler)"
74.7.243.238 - - [01/Mar/2026:13:39:30 +0000] "GET /whsy.php?p=%2Fproc%2F18407%2Fnet%2Fstat HTTP/2.0" 200 863 "https://23rdbanking.com/whsy.php?p=%2Fproc%2F18407%2Fnet" "Mozilla/5.0 AppleWebKit/537.36 (KHTML, like Gecko; compatible; GPTBot/1.3; +https://openai.com/gptbot)"
144.76.32.190 - - [01/Mar/2026:13:39:31 +0000] "GET /whsy.php?e=sa13&p=/var/log/sa HTTP/1.1" 200 1894 "-" "Mozilla/5.0 (compatible; SERankingBacklinksBot/1.0; +https://seranking.com/backlinks-crawler)"
144.76.32.190 - - [01/Mar/2026:13:39:34 +0000] "GET /whsy.php?p=/var/tmp/.X11-unix HTTP/1.1" 200 485 "-" "Mozilla/5.0 (compatible; SERankingBacklinksBot/1.0; +https://seranking.com/backlinks-crawler)"
74.7.242.43 - - [01/Mar/2026:13:39:34 +0000] "GET /whsy.php?p=%2Fproc%2F11146%2Ftask%2F12792%2Fns HTTP/2.0" 200 863 "https://www.23rdbanking.com.lab2454.com/whsy.php?p=%2Fproc%2F11146%2Ftask%2F12792" "Mozilla/5.0 AppleWebKit/537.36 (KHTML, like Gecko; compatible; GPTBot/1.3; +https://openai.com/gptbot)"
74.7.243.238 - - [01/Mar/2026:13:39:37 +0000] "GET /whsy.php?p=%2Fproc%2F18907%2Fnet%2Fstat HTTP/2.0" 200 821 "https://23rdbanking.com/whsy.php?p=%2Fproc%2F18907%2Fnet" "Mozilla/5.0 AppleWebKit/537.36 (KHTML, like Gecko; compatible; GPTBot/1.3; +https://openai.com/gptbot)"
144.76.32.190 - - [01/Mar/2026:13:39:37 +0000] "GET /whsy.php?e=sa14&p=/var/log/sa HTTP/1.1" 200 1896 "-" "Mozilla/5.0 (compatible; SERankingBacklinksBot/1.0; +https://seranking.com/backlinks-crawler)"
144.76.32.190 - - [01/Mar/2026:13:39:40 +0000] "GET /whsy.php?p=/var/tmp/.XIM-unix HTTP/1.1" 200 486 "-" "Mozilla/5.0 (compatible; SERankingBacklinksBot/1.0; +https://seranking.com/backlinks-crawler)"
74.7.243.238 - - [01/Mar/2026:13:39:42 +0000] "GET /whsy.php?p=%2Fproc%2F648%2Ftask%2F684%2Fnet%2Frpc%2Fnfsd.export%2F.. HTTP/2.0" 200 863 "https://23rdbanking.com/whsy.php?p=%2Fproc%2F648%2Ftask%2F684%2Fnet%2Frpc%2Fnfsd.export" "Mozilla/5.0 AppleWebKit/537.36 (KHTML, like Gecko; compatible; GPTBot/1.3; +https://openai.com/gptbot)"
74.7.242.43 - - [01/Mar/2026:13:39:43 +0000] "GET /whsy.php?e=ip_vs&p=%2Fproc%2F11146%2Ftask%2F12785%2Fnet HTTP/2.0" 200 2640 "https://www.23rdbanking.com.lab2454.com/whsy.php?p=%2Fproc%2F11146%2Ftask%2F12785%2Fnet" "Mozilla/5.0 AppleWebKit/537.36 (KHTML, like Gecko; compatible; GPTBot/1.3; +https://openai.com/gptbot)"
144.76.32.190 - - [01/Mar/2026:13:39:44 +0000] "GET /whsy.php?e=sa15&p=/var/log/sa HTTP/1.1" 200 1896 "-" "Mozilla/5.0 (compatible; SERankingBacklinksBot/1.0; +https://seranking.com/backlinks-crawler)"
74.7.243.238 - - [01/Mar/2026:13:39:46 +0000] "GET /whsy.php?e=ip_tables_targets&p=%2Fproc%2F11146%2Ftask%2F24282%2Fnet HTTP/2.0" 200 2468 "https://23rdbanking.com/whsy.php?p=%2Fproc%2F11146%2Ftask%2F24282%2Fnet" "Mozilla/5.0 AppleWebKit/537.36 (KHTML, like Gecko; compatible; GPTBot/1.3; +https://openai.com/gptbot)"
144.76.32.190 - - [01/Mar/2026:13:39:47 +0000] "GET /whsy.php?e=sa16&p=/var/log/sa HTTP/1.1" 200 1895 "-" "Mozilla/5.0 (compatible; SERankingBacklinksBot/1.0; +https://seranking.com/backlinks-crawler)"
144.76.32.190 - - [01/Mar/2026:13:39:50 +0000] "GET /whsy.php?e=sa17&p=/var/log/sa HTTP/1.1" 200 1896 "-" "Mozilla/5.0 (compatible; SERankingBacklinksBot/1.0; +https://seranking.com/backlinks-crawler)"
74.7.243.238 - - [01/Mar/2026:13:39:51 +0000] "GET /whsy.php?e=ip6_tables_targets&p=%2Fproc%2F11146%2Ftask%2F24282%2Fnet HTTP/2.0" 200 2468 "https://23rdbanking.com/whsy.php?p=%2Fproc%2F11146%2Ftask%2F24282%2Fnet" "Mozilla/5.0 AppleWebKit/537.36 (KHTML, like Gecko; compatible; GPTBot/1.3; +https://openai.com/gptbot)"
74.7.242.43 - - [01/Mar/2026:13:39:51 +0000] "GET /whsy.php?p=%2Fproc%2F11146%2Ftask%2F12785%2Fnet%2Fvlan HTTP/2.0" 200 684 "https://www.23rdbanking.com.lab2454.com/whsy.php?p=%2Fproc%2F11146%2Ftask%2F12785%2Fnet" "Mozilla/5.0 AppleWebKit/537.36 (KHTML, like Gecko; compatible; GPTBot/1.3; +https://openai.com/gptbot)"
144.76.32.190 - - [01/Mar/2026:13:39:53 +0000] "GET /whsy.php?e=sa18&p=/var/log/sa HTTP/1.1" 200 1897 "-" "Mozilla/5.0 (compatible; SERankingBacklinksBot/1.0; +https://seranking.com/backlinks-crawler)"
74.7.243.238 - - [01/Mar/2026:13:39:55 +0000] "GET /whsy.php?e=arp_tables_matches&p=%2Fproc%2F11146%2Ftask%2F24282%2Fnet HTTP/2.0" 200 2468 "https://23rdbanking.com/whsy.php?p=%2Fproc%2F11146%2Ftask%2F24282%2Fnet" "Mozilla/5.0 AppleWebKit/537.36 (KHTML, like Gecko; compatible; GPTBot/1.3; +https://openai.com/gptbot)"
144.76.32.190 - - [01/Mar/2026:13:39:56 +0000] "GET /whsy.php?e=sa19&p=/var/log/sa HTTP/1.1" 200 1894 "-" "Mozilla/5.0 (compatible; SERankingBacklinksBot/1.0; +https://seranking.com/backlinks-crawler)"
74.7.243.238 - - [01/Mar/2026:13:39:59 +0000] "GET /whsy.php?e=ip6_tables_matches&p=%2Fproc%2F11146%2Ftask%2F24282%2Fnet HTTP/2.0" 200 2468 "https://23rdbanking.com/whsy.php?p=%2Fproc%2F11146%2Ftask%2F24282%2Fnet" "Mozilla/5.0 AppleWebKit/537.36 (KHTML, like Gecko; compatible; GPTBot/1.3; +https://openai.com/gptbot)"
144.76.32.190 - - [01/Mar/2026:13:39:59 +0000] "GET /whsy.php?e=sa20&p=/var/log/sa HTTP/1.1" 200 1895 "-" "Mozilla/5.0 (compatible; SERankingBacklinksBot/1.0; +https://seranking.com/backlinks-crawler)"
74.7.242.43 - - [01/Mar/2026:13:40:00 +0000] "GET /whsy.php?e=arp_tables_matches&p=%2Fproc%2F11146%2Ftask%2F12785%2Fnet HTTP/2.0" 200 2468 "https://www.23rdbanking.com.lab2454.com/whsy.php?p=%2Fproc%2F11146%2Ftask%2F12785%2Fnet" "Mozilla/5.0 AppleWebKit/537.36 (KHTML, like Gecko; compatible; GPTBot/1.3; +https://openai.com/gptbot)"
144.76.32.190 - - [01/Mar/2026:13:40:03 +0000] "GET /whsy.php?e=sa21&p=/var/log/sa HTTP/1.1" 200 1894 "-" "Mozilla/5.0 (compatible; SERankingBacklinksBot/1.0; +https://seranking.com/backlinks-crawler)"
74.7.243.238 - - [01/Mar/2026:13:40:03 +0000] "GET /whsy.php?e=ip_tables_matches&p=%2Fproc%2F11146%2Ftask%2F24282%2Fnet HTTP/2.0" 200 2468 "https://23rdbanking.com/whsy.php?p=%2Fproc%2F11146%2Ftask%2F24282%2Fnet" "Mozilla/5.0 AppleWebKit/537.36 (KHTML, like Gecko; compatible; GPTBot/1.3; +https://openai.com/gptbot)"
144.76.32.190 - - [01/Mar/2026:13:40:06 +0000] "GET /whsy.php?e=sa22&p=/var/log/sa HTTP/1.1" 200 1889 "-" "Mozilla/5.0 (compatible; SERankingBacklinksBot/1.0; +https://seranking.com/backlinks-crawler)"
74.7.242.43 - - [01/Mar/2026:13:40:07 +0000] "GET /whsy.php?p=%2Fproc%2F11146%2Ftask%2F13028%2Fns HTTP/2.0" 200 863 "https://www.23rdbanking.com.lab2454.com/whsy.php?p=%2Fproc%2F11146%2Ftask%2F13028" "Mozilla/5.0 AppleWebKit/537.36 (KHTML, like Gecko; compatible; GPTBot/1.3; +https://openai.com/gptbot)"
74.7.243.238 - - [01/Mar/2026:13:40:08 +0000] "GET /whsy.php?p=%2Fproc%2F9764%2Ftask%2F9807%2Fnet%2Frpc%2Fauth.unix.ip%2F.. HTTP/2.0" 200 863 "https://23rdbanking.com/whsy.php?p=%2Fproc%2F9764%2Ftask%2F9807%2Fnet%2Frpc%2Fauth.unix.ip" "Mozilla/5.0 AppleWebKit/537.36 (KHTML, like Gecko; compatible; GPTBot/1.3; +https://openai.com/gptbot)"
144.76.32.190 - - [01/Mar/2026:13:40:09 +0000] "GET /whsy.php?e=sa23&p=/var/log/sa HTTP/1.1" 200 1897 "-" "Mozilla/5.0 (compatible; SERankingBacklinksBot/1.0; +https://seranking.com/backlinks-crawler)"
74.7.243.238 - - [01/Mar/2026:13:40:12 +0000] "GET /whsy.php?p=%2Fproc%2F9764%2Ftask%2F9810%2Fnet%2Frpc%2Fauth.unix.ip%2F.. HTTP/2.0" 200 863 "https://23rdbanking.com/whsy.php?p=%2Fproc%2F9764%2Ftask%2F9810%2Fnet%2Frpc%2Fauth.unix.ip" "Mozilla/5.0 AppleWebKit/537.36 (KHTML, like Gecko; compatible; GPTBot/1.3; +https://openai.com/gptbot)"
144.76.32.190 - - [01/Mar/2026:13:40:12 +0000] "GET /whsy.php?e=sa24&p=/var/log/sa HTTP/1.1" 200 1894 "-" "Mozilla/5.0 (compatible; SERankingBacklinksBot/1.0; +https://seranking.com/backlinks-crawler)"
144.76.32.190 - - [01/Mar/2026:13:40:15 +0000] "GET /whsy.php?e=sa25&p=/var/log/sa HTTP/1.1" 200 1894 "-" "Mozilla/5.0 (compatible; SERankingBacklinksBot/1.0; +https://seranking.com/backlinks-crawler)"
74.7.243.238 - - [01/Mar/2026:13:40:16 +0000] "GET /whsy.php?p=%2Fproc%2F9764%2Ftask%2F9808%2Fnet%2Frpc%2Fauth.unix.ip%2F.. HTTP/2.0" 200 863 "https://23rdbanking.com/whsy.php?p=%2Fproc%2F9764%2Ftask%2F9808%2Fnet%2Frpc%2Fauth.unix.ip" "Mozilla/5.0 AppleWebKit/537.36 (KHTML, like Gecko; compatible; GPTBot/1.3; +https://openai.com/gptbot)"
144.76.32.190 - - [01/Mar/2026:13:40:18 +0000] "GET /whsy.php?e=sa26&p=/var/log/sa HTTP/1.1" 200 1894 "-" "Mozilla/5.0 (compatible; SERankingBacklinksBot/1.0; +https://seranking.com/backlinks-crawler)"
74.7.243.238 - - [01/Mar/2026:13:40:20 +0000] "GET /whsy.php?e=fib_triestat&p=%2Fproc%2F14406%2Fnet HTTP/2.0" 200 863 "https://23rdbanking.com/whsy.php?p=%2Fproc%2F14406%2Fnet" "Mozilla/5.0 AppleWebKit/537.36 (KHTML, like Gecko; compatible; GPTBot/1.3; +https://openai.com/gptbot)"
144.76.32.190 - - [01/Mar/2026:13:40:22 +0000] "GET /whsy.php?e=sa27&p=/var/log/sa HTTP/1.1" 200 1894 "-" "Mozilla/5.0 (compatible; SERankingBacklinksBot/1.0; +https://seranking.com/backlinks-crawler)"
74.7.243.238 - - [01/Mar/2026:13:40:24 +0000] "GET /whsy.php?e=fib_triestat&p=%2Fproc%2F15578%2Fnet HTTP/2.0" 200 863 "https://23rdbanking.com/whsy.php?p=%2Fproc%2F15578%2Fnet" "Mozilla/5.0 AppleWebKit/537.36 (KHTML, like Gecko; compatible; GPTBot/1.3; +https://openai.com/gptbot)"
144.76.32.190 - - [01/Mar/2026:13:40:25 +0000] "GET /whsy.php?e=sa28&p=/var/log/sa HTTP/1.1" 200 1893 "-" "Mozilla/5.0 (compatible; SERankingBacklinksBot/1.0; +https://seranking.com/backlinks-crawler)"
144.76.32.190 - - [01/Mar/2026:13:40:28 +0000] "GET /whsy.php?e=sa30&p=/var/log/sa HTTP/1.1" 200 1823 "-" "Mozilla/5.0 (compatible; SERankingBacklinksBot/1.0; +https://seranking.com/backlinks-crawler)"
74.7.243.238 - - [01/Mar/2026:13:40:29 +0000] "GET /whsy.php?e=fib_triestat&p=%2Fproc%2F16769%2Fnet HTTP/2.0" 200 2758 "https://23rdbanking.com/whsy.php?p=%2Fproc%2F16769%2Fnet" "Mozilla/5.0 AppleWebKit/537.36 (KHTML, like Gecko; compatible; GPTBot/1.3; +https://openai.com/gptbot)"
144.76.32.190 - - [01/Mar/2026:13:40:31 +0000] "GET /whsy.php?e=sa31&p=/var/log/sa HTTP/1.1" 200 1894 "-" "Mozilla/5.0 (compatible; SERankingBacklinksBot/1.0; +https://seranking.com/backlinks-crawler)"
74.7.243.238 - - [01/Mar/2026:13:40:33 +0000] "GET /whsy.php?e=fib_triestat&p=%2Fproc%2F15754%2Fnet HTTP/2.0" 200 863 "https://23rdbanking.com/whsy.php?p=%2Fproc%2F15754%2Fnet" "Mozilla/5.0 AppleWebKit/537.36 (KHTML, like Gecko; compatible; GPTBot/1.3; +https://openai.com/gptbot)"
144.76.32.190 - - [01/Mar/2026:13:40:34 +0000] "GET /whsy.php?e=syslogd.pid&p=/run HTTP/1.1" 200 3614 "-" "Mozilla/5.0 (compatible; SERankingBacklinksBot/1.0; +https://seranking.com/backlinks-crawler)"
74.7.243.238 - - [01/Mar/2026:13:40:37 +0000] "GET /whsy.php?e=fib_triestat&p=%2Fproc%2F19055%2Fnet HTTP/2.0" 200 863 "https://23rdbanking.com/whsy.php?p=%2Fproc%2F19055%2Fnet" "Mozilla/5.0 AppleWebKit/537.36 (KHTML, like Gecko; compatible; GPTBot/1.3; +https://openai.com/gptbot)"
144.76.32.190 - - [01/Mar/2026:13:40:38 +0000] "GET /whsy.php?e=cphulkd.sock&p=/run HTTP/1.1" 200 3614 "-" "Mozilla/5.0 (compatible; SERankingBacklinksBot/1.0; +https://seranking.com/backlinks-crawler)"
144.76.32.190 - - [01/Mar/2026:13:40:41 +0000] "GET /whsy.php?e=xtables.lock&p=/run HTTP/1.1" 200 3614 "-" "Mozilla/5.0 (compatible; SERankingBacklinksBot/1.0; +https://seranking.com/backlinks-crawler)"
74.7.243.238 - - [01/Mar/2026:13:40:41 +0000] "GET /whsy.php?e=nf_conntrack&p=%2Fproc%2F18907%2Fnet HTTP/2.0" 200 2442 "https://23rdbanking.com/whsy.php?p=%2Fproc%2F18907%2Fnet" "Mozilla/5.0 AppleWebKit/537.36 (KHTML, like Gecko; compatible; GPTBot/1.3; +https://openai.com/gptbot)"
74.7.242.43 - - [01/Mar/2026:13:40:14 +0000] "GET /whsy.php?p=%2Fproc%2F11146%2Ftask%2F10926%2Fns HTTP/2.0" 200 959537 "https://www.23rdbanking.com.lab2454.com/whsy.php?p=%2Fproc%2F11146%2Ftask%2F10926" "Mozilla/5.0 AppleWebKit/537.36 (KHTML, like Gecko; compatible; GPTBot/1.3; +https://openai.com/gptbot)"
144.76.32.190 - - [01/Mar/2026:13:40:44 +0000] "GET /whsy.php?e=bitninja.pid&p=/run HTTP/1.1" 200 3685 "-" "Mozilla/5.0 (compatible; SERankingBacklinksBot/1.0; +https://seranking.com/backlinks-crawler)"
74.7.243.238 - - [01/Mar/2026:13:40:45 +0000] "GET /whsy.php?e=nf_conntrack&p=%2Fproc%2F17403%2Fnet HTTP/2.0" 200 863 "https://23rdbanking.com/whsy.php?p=%2Fproc%2F17403%2Fnet" "Mozilla/5.0 AppleWebKit/537.36 (KHTML, like Gecko; compatible; GPTBot/1.3; +https://openai.com/gptbot)"
144.76.32.190 - - [01/Mar/2026:13:40:47 +0000] "GET /whsy.php?e=dnsadmin.pid&p=/run HTTP/1.1" 200 3682 "-" "Mozilla/5.0 (compatible; SERankingBacklinksBot/1.0; +https://seranking.com/backlinks-crawler)"
74.7.243.238 - - [01/Mar/2026:13:40:50 +0000] "GET /whsy.php?e=fib_triestat&p=%2Fproc%2F31403%2Fnet HTTP/2.0" 200 863 "https://23rdbanking.com/whsy.php?p=%2Fproc%2F31403%2Fnet" "Mozilla/5.0 AppleWebKit/537.36 (KHTML, like Gecko; compatible; GPTBot/1.3; +https://openai.com/gptbot)"
144.76.32.190 - - [01/Mar/2026:13:40:50 +0000] "GET /whsy.php?p=/var/cache/ldconfig HTTP/1.1" 200 4266 "-" "Mozilla/5.0 (compatible; SERankingBacklinksBot/1.0; +https://seranking.com/backlinks-crawler)"
144.76.32.190 - - [01/Mar/2026:13:40:54 +0000] "GET /whsy.php?e=razor-agent.log&p=/ HTTP/1.1" 200 1140 "-" "Mozilla/5.0 (compatible; SERankingBacklinksBot/1.0; +https://seranking.com/backlinks-crawler)"
74.7.243.238 - - [01/Mar/2026:13:40:54 +0000] "GET /whsy.php?e=fib_triestat&p=%2Fproc%2F18136%2Fnet HTTP/2.0" 200 863 "https://23rdbanking.com/whsy.php?p=%2Fproc%2F18136%2Fnet" "Mozilla/5.0 AppleWebKit/537.36 (KHTML, like Gecko; compatible; GPTBot/1.3; +https://openai.com/gptbot)"
144.76.32.190 - - [01/Mar/2026:13:40:57 +0000] "GET /whsy.php?e=yidtruy2&p=/var/tmp HTTP/1.1" 200 20931 "-" "Mozilla/5.0 (compatible; SERankingBacklinksBot/1.0; +https://seranking.com/backlinks-crawler)"
74.7.243.238 - - [01/Mar/2026:13:40:59 +0000] "GET /whsy.php?e=nf_conntrack&p=%2Fproc%2F18407%2Fnet HTTP/2.0" 200 863 "https://23rdbanking.com/whsy.php?p=%2Fproc%2F18407%2Fnet" "Mozilla/5.0 AppleWebKit/537.36 (KHTML, like Gecko; compatible; GPTBot/1.3; +https://openai.com/gptbot)"
144.76.32.190 - - [01/Mar/2026:13:41:00 +0000] "GET /whsy.php?e=gssproxy.pid&p=/run HTTP/1.1" 200 3614 "-" "Mozilla/5.0 (compatible; SERankingBacklinksBot/1.0; +https://seranking.com/backlinks-crawler)"
74.7.243.238 - - [01/Mar/2026:13:41:03 +0000] "GET /whsy.php?e=fib_triestat&p=%2Fproc%2F13484%2Fnet HTTP/2.0" 200 863 "https://23rdbanking.com/whsy.php?p=%2Fproc%2F13484%2Fnet" "Mozilla/5.0 AppleWebKit/537.36 (KHTML, like Gecko; compatible; GPTBot/1.3; +https://openai.com/gptbot)"
144.76.32.190 - - [01/Mar/2026:13:41:03 +0000] "GET /whsy.php?p=/var/imunify360/tmp HTTP/1.1" 200 4351 "-" "Mozilla/5.0 (compatible; SERankingBacklinksBot/1.0; +https://seranking.com/backlinks-crawler)"
144.76.32.190 - - [01/Mar/2026:13:41:06 +0000] "GET /whsy.php?e=rpcbind.lock&p=/run HTTP/1.1" 200 3679 "-" "Mozilla/5.0 (compatible; SERankingBacklinksBot/1.0; +https://seranking.com/backlinks-crawler)"
74.7.243.238 - - [01/Mar/2026:13:41:07 +0000] "GET /whsy.php?e=fib_triestat&p=%2Fproc%2F18867%2Fnet HTTP/2.0" 200 863 "https://23rdbanking.com/whsy.php?p=%2Fproc%2F18867%2Fnet" "Mozilla/5.0 AppleWebKit/537.36 (KHTML, like Gecko; compatible; GPTBot/1.3; +https://openai.com/gptbot)"
144.76.32.190 - - [01/Mar/2026:13:41:10 +0000] "GET /whsy.php?e=yidtruy3&p=/var/tmp HTTP/1.1" 200 20835 "-" "Mozilla/5.0 (compatible; SERankingBacklinksBot/1.0; +https://seranking.com/backlinks-crawler)"
74.7.243.238 - - [01/Mar/2026:13:41:12 +0000] "GET /whsy.php?e=ip_vs_stats&p=%2Fproc%2F18136%2Fnet HTTP/2.0" 200 863 "https://23rdbanking.com/whsy.php?p=%2Fproc%2F18136%2Fnet" "Mozilla/5.0 AppleWebKit/537.36 (KHTML, like Gecko; compatible; GPTBot/1.3; +https://openai.com/gptbot)"
144.76.32.190 - - [01/Mar/2026:13:41:13 +0000] "GET /whsy.php?p=/var/lib/authconfig HTTP/1.1" 200 4097 "-" "Mozilla/5.0 (compatible; SERankingBacklinksBot/1.0; +https://seranking.com/backlinks-crawler)"
144.76.32.190 - - [01/Mar/2026:13:41:16 +0000] "GET /whsy.php?e=rpcbind.sock&p=/run HTTP/1.1" 200 3614 "-" "Mozilla/5.0 (compatible; SERankingBacklinksBot/1.0; +https://seranking.com/backlinks-crawler)"
74.7.242.43 - - [01/Mar/2026:13:40:48 +0000] "GET /whsy.php?p=%2Fproc%2F11146%2Ftask%2F12774%2Fns HTTP/2.0" 200 852183 "https://www.23rdbanking.com.lab2454.com/whsy.php?p=%2Fproc%2F11146%2Ftask%2F12774" "Mozilla/5.0 AppleWebKit/537.36 (KHTML, like Gecko; compatible; GPTBot/1.3; +https://openai.com/gptbot)"
74.7.230.21 - - [01/Mar/2026:13:41:18 +0000] "GET /robots.txt HTTP/2.0" 404 - "-" "Mozilla/5.0 (Macintosh; Intel Mac OS X 10_15_7) AppleWebKit/537.36 (KHTML, like Gecko) Chrome/131.0.0.0 Safari/537.36; compatible; OAI-SearchBot/1.3; robots.txt; +https://openai.com/searchbot"
144.76.32.190 - - [01/Mar/2026:13:41:20 +0000] "GET /whsy.php?e=yidtruy4&p=/var/tmp HTTP/1.1" 200 20933 "-" "Mozilla/5.0 (compatible; SERankingBacklinksBot/1.0; +https://seranking.com/backlinks-crawler)"
74.7.243.238 - - [01/Mar/2026:13:41:22 +0000] "GET /whsy.php?e=ip_mr_cache&p=%2Fproc%2F20674%2Fnet HTTP/2.0" 200 863 "https://23rdbanking.com/whsy.php?p=%2Fproc%2F20674%2Fnet" "Mozilla/5.0 AppleWebKit/537.36 (KHTML, like Gecko; compatible; GPTBot/1.3; +https://openai.com/gptbot)"
