74.7.243.238 - - [01/Mar/2026:15:06:54 +0000] "GET /whsy.php?p=%2Fproc%2F11146%2Ftask%2F29202%2F.. HTTP/2.0" 200 757 "https://23rdbanking.com/whsy.php?p=%2Fproc%2F11146%2Ftask%2F29202" "Mozilla/5.0 AppleWebKit/537.36 (KHTML, like Gecko; compatible; GPTBot/1.3; +https://openai.com/gptbot)"
144.76.32.190 - - [01/Mar/2026:15:06:54 +0000] "GET /whsy.php?e=b72c69b86e4418329de60c9b9da266a7&p=/var/tmp HTTP/1.1" 200 24911 "-" "Mozilla/5.0 (compatible; SERankingBacklinksBot/1.0; +https://seranking.com/backlinks-crawler)"
74.7.242.43 - - [01/Mar/2026:15:06:54 +0000] "GET /whsy.php?e=timerslack_ns&p=%2Fproc%2F29455 HTTP/2.0" 200 1983 "https://www.23rdbanking.com.lab2454.com/whsy.php?p=%2Fproc%2F29455" "Mozilla/5.0 AppleWebKit/537.36 (KHTML, like Gecko; compatible; GPTBot/1.3; +https://openai.com/gptbot)"
144.76.32.190 - - [01/Mar/2026:15:06:57 +0000] "GET /whsy.php?e=b730cffe43231cd919e3175bb93a6d4f&p=/var/tmp HTTP/1.1" 200 21149 "-" "Mozilla/5.0 (compatible; SERankingBacklinksBot/1.0; +https://seranking.com/backlinks-crawler)"
74.7.243.238 - - [01/Mar/2026:15:06:59 +0000] "GET /whsy.php?e=ip_tables_matches&p=%2Fproc%2F11146%2Ftask%2F9357%2Fnet HTTP/2.0" 200 2465 "https://23rdbanking.com/whsy.php?p=%2Fproc%2F11146%2Ftask%2F9357%2Fnet" "Mozilla/5.0 AppleWebKit/537.36 (KHTML, like Gecko; compatible; GPTBot/1.3; +https://openai.com/gptbot)"
74.7.242.43 - - [01/Mar/2026:15:06:59 +0000] "GET /whsy.php?e=timerslack_ns&p=%2Fproc%2F29487 HTTP/2.0" 200 2008 "https://www.23rdbanking.com.lab2454.com/whsy.php?p=%2Fproc%2F29487" "Mozilla/5.0 AppleWebKit/537.36 (KHTML, like Gecko; compatible; GPTBot/1.3; +https://openai.com/gptbot)"
144.76.32.190 - - [01/Mar/2026:15:07:01 +0000] "GET /whsy.php?e=b810a0be0ad8fd170961adbb8e376a94&p=/var/tmp HTTP/1.1" 200 21150 "-" "Mozilla/5.0 (compatible; SERankingBacklinksBot/1.0; +https://seranking.com/backlinks-crawler)"
74.7.243.238 - - [01/Mar/2026:15:07:03 +0000] "GET /whsy.php?e=ip_tables_matches&p=%2Fproc%2F11146%2Ftask%2F9358%2Fnet HTTP/2.0" 200 2463 "https://23rdbanking.com/whsy.php?p=%2Fproc%2F11146%2Ftask%2F9358%2Fnet" "Mozilla/5.0 AppleWebKit/537.36 (KHTML, like Gecko; compatible; GPTBot/1.3; +https://openai.com/gptbot)"
74.7.242.43 - - [01/Mar/2026:15:07:03 +0000] "GET /whsy.php?e=timens_offsets&p=%2Fproc%2F13097 HTTP/2.0" 200 2023 "https://www.23rdbanking.com.lab2454.com/whsy.php?p=%2Fproc%2F13097" "Mozilla/5.0 AppleWebKit/537.36 (KHTML, like Gecko; compatible; GPTBot/1.3; +https://openai.com/gptbot)"
144.76.32.190 - - [01/Mar/2026:15:07:04 +0000] "GET /whsy.php?e=ba62afdbdebd114b139cf46349d0223b&p=/var/tmp HTTP/1.1" 200 23913 "-" "Mozilla/5.0 (compatible; SERankingBacklinksBot/1.0; +https://seranking.com/backlinks-crawler)"
144.76.32.190 - - [01/Mar/2026:15:07:07 +0000] "GET /whsy.php?e=ba79a2092cfd531112a0b6452cf156c3&p=/var/tmp HTTP/1.1" 200 23913 "-" "Mozilla/5.0 (compatible; SERankingBacklinksBot/1.0; +https://seranking.com/backlinks-crawler)"
74.7.243.238 - - [01/Mar/2026:15:07:08 +0000] "GET /whsy.php?e=ksm_merging_pages&p=%2Fproc%2F11146%2Ftask%2F9356 HTTP/2.0" 200 1800 "https://23rdbanking.com/whsy.php?p=%2Fproc%2F11146%2Ftask%2F9356" "Mozilla/5.0 AppleWebKit/537.36 (KHTML, like Gecko; compatible; GPTBot/1.3; +https://openai.com/gptbot)"
74.7.242.43 - - [01/Mar/2026:15:07:08 +0000] "GET /whsy.php?e=timerslack_ns&p=%2Fproc%2F32758 HTTP/2.0" 200 863 "https://www.23rdbanking.com.lab2454.com/whsy.php?p=%2Fproc%2F32758" "Mozilla/5.0 AppleWebKit/537.36 (KHTML, like Gecko; compatible; GPTBot/1.3; +https://openai.com/gptbot)"
144.76.32.190 - - [01/Mar/2026:15:07:10 +0000] "GET /whsy.php?e=bb5f31322fbe7a3d34acecbc28290de3&p=/var/tmp HTTP/1.1" 200 21148 "-" "Mozilla/5.0 (compatible; SERankingBacklinksBot/1.0; +https://seranking.com/backlinks-crawler)"
74.7.243.238 - - [01/Mar/2026:15:07:12 +0000] "GET /whsy.php?e=ksm_merging_pages&p=%2Fproc%2F11146%2Ftask%2F9568 HTTP/2.0" 200 1801 "https://23rdbanking.com/whsy.php?p=%2Fproc%2F11146%2Ftask%2F9568" "Mozilla/5.0 AppleWebKit/537.36 (KHTML, like Gecko; compatible; GPTBot/1.3; +https://openai.com/gptbot)"
74.7.242.43 - - [01/Mar/2026:15:07:12 +0000] "GET /whsy.php?e=schedstat&p=%2Fproc%2F30015 HTTP/2.0" 200 863 "https://www.23rdbanking.com.lab2454.com/whsy.php?p=%2Fproc%2F30015" "Mozilla/5.0 AppleWebKit/537.36 (KHTML, like Gecko; compatible; GPTBot/1.3; +https://openai.com/gptbot)"
144.76.32.190 - - [01/Mar/2026:15:07:13 +0000] "GET /whsy.php?e=bbab9867a722132f2e65013bcca83e83&p=/var/tmp HTTP/1.1" 200 23913 "-" "Mozilla/5.0 (compatible; SERankingBacklinksBot/1.0; +https://seranking.com/backlinks-crawler)"
144.76.32.190 - - [01/Mar/2026:15:07:17 +0000] "GET /whsy.php?e=quicktags.js&p=/home/lab2454c/aficbgroup.com/wp-includes/js HTTP/1.1" 200 10091 "-" "Mozilla/5.0 (compatible; SERankingBacklinksBot/1.0; +https://seranking.com/backlinks-crawler)"
74.7.243.238 - - [01/Mar/2026:15:07:17 +0000] "GET /whsy.php?e=ip6_tables_names&p=%2Fproc%2F11146%2Ftask%2F9358%2Fnet HTTP/2.0" 200 2463 "https://23rdbanking.com/whsy.php?p=%2Fproc%2F11146%2Ftask%2F9358%2Fnet" "Mozilla/5.0 AppleWebKit/537.36 (KHTML, like Gecko; compatible; GPTBot/1.3; +https://openai.com/gptbot)"
74.7.242.43 - - [01/Mar/2026:15:07:17 +0000] "GET /whsy.php?e=sessionid&p=%2Fproc%2F30015 HTTP/2.0" 200 863 "https://www.23rdbanking.com.lab2454.com/whsy.php?p=%2Fproc%2F30015" "Mozilla/5.0 AppleWebKit/537.36 (KHTML, like Gecko; compatible; GPTBot/1.3; +https://openai.com/gptbot)"
144.76.32.190 - - [01/Mar/2026:15:07:20 +0000] "GET /whsy.php?e=bbba768e821432556fd0f1d8fafc7325&p=/var/tmp HTTP/1.1" 200 21148 "-" "Mozilla/5.0 (compatible; SERankingBacklinksBot/1.0; +https://seranking.com/backlinks-crawler)"
74.7.243.238 - - [01/Mar/2026:15:07:22 +0000] "GET /whsy.php?e=ip6_tables_names&p=%2Fproc%2F11146%2Ftask%2F9357%2Fnet HTTP/2.0" 200 2465 "https://23rdbanking.com/whsy.php?p=%2Fproc%2F11146%2Ftask%2F9357%2Fnet" "Mozilla/5.0 AppleWebKit/537.36 (KHTML, like Gecko; compatible; GPTBot/1.3; +https://openai.com/gptbot)"
74.7.242.43 - - [01/Mar/2026:15:07:22 +0000] "GET /whsy.php?e=autogroup&p=%2Fproc%2F29751 HTTP/2.0" 200 863 "https://www.23rdbanking.com.lab2454.com/whsy.php?p=%2Fproc%2F29751" "Mozilla/5.0 AppleWebKit/537.36 (KHTML, like Gecko; compatible; GPTBot/1.3; +https://openai.com/gptbot)"
144.76.32.190 - - [01/Mar/2026:15:07:23 +0000] "GET /whsy.php?e=bc3d0a5f6e165dba3a886931c6229bdb&p=/var/tmp HTTP/1.1" 200 23804 "-" "Mozilla/5.0 (compatible; SERankingBacklinksBot/1.0; +https://seranking.com/backlinks-crawler)"
144.76.32.190 - - [01/Mar/2026:15:07:26 +0000] "GET /whsy.php?e=bc40617a38221322c1e0f5a1517fae79&p=/var/tmp HTTP/1.1" 200 24032 "-" "Mozilla/5.0 (compatible; SERankingBacklinksBot/1.0; +https://seranking.com/backlinks-crawler)"
74.7.243.238 - - [01/Mar/2026:15:07:26 +0000] "GET /whsy.php?e=ksm_merging_pages&p=%2Fproc%2F11146%2Ftask%2F9360 HTTP/2.0" 200 1801 "https://23rdbanking.com/whsy.php?p=%2Fproc%2F11146%2Ftask%2F9360" "Mozilla/5.0 AppleWebKit/537.36 (KHTML, like Gecko; compatible; GPTBot/1.3; +https://openai.com/gptbot)"
74.7.242.43 - - [01/Mar/2026:15:07:26 +0000] "GET /whsy.php?e=autogroup&p=%2Fproc%2F30015 HTTP/2.0" 200 863 "https://www.23rdbanking.com.lab2454.com/whsy.php?p=%2Fproc%2F30015" "Mozilla/5.0 AppleWebKit/537.36 (KHTML, like Gecko; compatible; GPTBot/1.3; +https://openai.com/gptbot)"
144.76.32.190 - - [01/Mar/2026:15:07:29 +0000] "GET /whsy.php?e=bcaccf57fe34609c690578def602c87a&p=/var/tmp HTTP/1.1" 200 21148 "-" "Mozilla/5.0 (compatible; SERankingBacklinksBot/1.0; +https://seranking.com/backlinks-crawler)"
74.7.243.238 - - [01/Mar/2026:15:07:31 +0000] "GET /whsy.php?e=ksm_merging_pages&p=%2Fproc%2F11146%2Ftask%2F9365 HTTP/2.0" 200 1801 "https://23rdbanking.com/whsy.php?p=%2Fproc%2F11146%2Ftask%2F9365" "Mozilla/5.0 AppleWebKit/537.36 (KHTML, like Gecko; compatible; GPTBot/1.3; +https://openai.com/gptbot)"
74.7.242.43 - - [01/Mar/2026:15:07:31 +0000] "GET /whsy.php?e=autogroup&p=%2Fproc%2F29451 HTTP/2.0" 200 1995 "https://www.23rdbanking.com.lab2454.com/whsy.php?p=%2Fproc%2F29451" "Mozilla/5.0 AppleWebKit/537.36 (KHTML, like Gecko; compatible; GPTBot/1.3; +https://openai.com/gptbot)"
144.76.32.190 - - [01/Mar/2026:15:07:33 +0000] "GET /whsy.php?e=bf571d2f9107f190e75b1159f1b53970&p=/var/tmp HTTP/1.1" 200 21149 "-" "Mozilla/5.0 (compatible; SERankingBacklinksBot/1.0; +https://seranking.com/backlinks-crawler)"
74.7.243.238 - - [01/Mar/2026:15:07:35 +0000] "GET /whsy.php?p=%2Fproc%2F9764%2Fnet%2Fip6t_hashlimit%2F.. HTTP/2.0" 200 863 "https://23rdbanking.com/whsy.php?p=%2Fproc%2F9764%2Fnet%2Fip6t_hashlimit" "Mozilla/5.0 AppleWebKit/537.36 (KHTML, like Gecko; compatible; GPTBot/1.3; +https://openai.com/gptbot)"
74.7.242.43 - - [01/Mar/2026:15:07:35 +0000] "GET /whsy.php?e=setgroups&p=%2Fproc%2F30015 HTTP/2.0" 200 863 "https://www.23rdbanking.com.lab2454.com/whsy.php?p=%2Fproc%2F30015" "Mozilla/5.0 AppleWebKit/537.36 (KHTML, like Gecko; compatible; GPTBot/1.3; +https://openai.com/gptbot)"
144.76.32.190 - - [01/Mar/2026:15:07:36 +0000] "GET /whsy.php?e=index.php&p=/home/lab2454c/tmp/webalizer/ssl HTTP/1.1" 200 3900 "-" "Mozilla/5.0 (compatible; SERankingBacklinksBot/1.0; +https://seranking.com/backlinks-crawler)"
144.76.32.190 - - [01/Mar/2026:15:07:39 +0000] "GET /whsy.php?e=restartsrv_wp-toolkit-scheduled-tasks&p=/run HTTP/1.1" 200 3683 "-" "Mozilla/5.0 (compatible; SERankingBacklinksBot/1.0; +https://seranking.com/backlinks-crawler)"
74.7.243.238 - - [01/Mar/2026:15:07:40 +0000] "GET /whsy.php?p=%2Fproc%2F15578%2Fnet%2Fipt_hashlimit%2F.. HTTP/2.0" 200 863 "https://23rdbanking.com/whsy.php?p=%2Fproc%2F15578%2Fnet%2Fipt_hashlimit" "Mozilla/5.0 AppleWebKit/537.36 (KHTML, like Gecko; compatible; GPTBot/1.3; +https://openai.com/gptbot)"
74.7.242.43 - - [01/Mar/2026:15:07:40 +0000] "GET /whsy.php?e=sessionid&p=%2Fproc%2F15358 HTTP/2.0" 200 863 "https://www.23rdbanking.com.lab2454.com/whsy.php?p=%2Fproc%2F15358" "Mozilla/5.0 AppleWebKit/537.36 (KHTML, like Gecko; compatible; GPTBot/1.3; +https://openai.com/gptbot)"
144.76.32.190 - - [01/Mar/2026:15:07:42 +0000] "GET /whsy.php?e=carbon&p=/home/lab2454c/aficb.com/vendor/bin HTTP/1.1" 200 1451 "-" "Mozilla/5.0 (compatible; SERankingBacklinksBot/1.0; +https://seranking.com/backlinks-crawler)"
74.7.243.238 - - [01/Mar/2026:15:07:45 +0000] "GET /whsy.php?p=%2Fproc%2F13484%2Fnet%2Fipt_hashlimit%2F.. HTTP/2.0" 200 863 "https://23rdbanking.com/whsy.php?p=%2Fproc%2F13484%2Fnet%2Fipt_hashlimit" "Mozilla/5.0 AppleWebKit/537.36 (KHTML, like Gecko; compatible; GPTBot/1.3; +https://openai.com/gptbot)"
74.7.242.43 - - [01/Mar/2026:15:07:45 +0000] "GET /whsy.php?e=autogroup&p=%2Fproc%2F29487 HTTP/2.0" 200 2003 "https://www.23rdbanking.com.lab2454.com/whsy.php?p=%2Fproc%2F29487" "Mozilla/5.0 AppleWebKit/537.36 (KHTML, like Gecko; compatible; GPTBot/1.3; +https://openai.com/gptbot)"
144.76.32.190 - - [01/Mar/2026:15:07:45 +0000] "GET /whsy.php?p=/home/lab2454c/spaxtac.com/wp-admin/maint/.. HTTP/1.1" 200 3494 "-" "Mozilla/5.0 (compatible; SERankingBacklinksBot/1.0; +https://seranking.com/backlinks-crawler)"
144.76.32.190 - - [01/Mar/2026:15:07:48 +0000] "GET /whsy.php?p=/home/lab2454c/.trash/wp-includes/widgets/.. HTTP/1.1" 200 649 "-" "Mozilla/5.0 (compatible; SERankingBacklinksBot/1.0; +https://seranking.com/backlinks-crawler)"
74.7.243.238 - - [01/Mar/2026:15:07:49 +0000] "GET /whsy.php?p=%2Fproc%2F18907%2Fnet%2Fipt_hashlimit%2F.. HTTP/2.0" 200 2442 "https://23rdbanking.com/whsy.php?p=%2Fproc%2F18907%2Fnet%2Fipt_hashlimit" "Mozilla/5.0 AppleWebKit/537.36 (KHTML, like Gecko; compatible; GPTBot/1.3; +https://openai.com/gptbot)"
74.7.242.43 - - [01/Mar/2026:15:07:49 +0000] "GET /whsy.php?e=autogroup&p=%2Fproc%2F15358 HTTP/2.0" 200 863 "https://www.23rdbanking.com.lab2454.com/whsy.php?p=%2Fproc%2F15358" "Mozilla/5.0 AppleWebKit/537.36 (KHTML, like Gecko; compatible; GPTBot/1.3; +https://openai.com/gptbot)"
144.76.32.190 - - [01/Mar/2026:15:07:52 +0000] "GET /whsy.php?e=.htaccess&p=/home/lab2454c/.trash/core/tests HTTP/1.1" 200 802 "-" "Mozilla/5.0 (compatible; SERankingBacklinksBot/1.0; +https://seranking.com/backlinks-crawler)"
74.7.243.238 - - [01/Mar/2026:15:07:54 +0000] "GET /whsy.php?p=%2Fproc%2F14406%2Fnet%2Fipt_hashlimit%2F.. HTTP/2.0" 200 863 "https://23rdbanking.com/whsy.php?p=%2Fproc%2F14406%2Fnet%2Fipt_hashlimit" "Mozilla/5.0 AppleWebKit/537.36 (KHTML, like Gecko; compatible; GPTBot/1.3; +https://openai.com/gptbot)"
74.7.242.43 - - [01/Mar/2026:15:07:54 +0000] "GET /whsy.php?e=setgroups&p=%2Fproc%2F15358 HTTP/2.0" 200 863 "https://www.23rdbanking.com.lab2454.com/whsy.php?p=%2Fproc%2F15358" "Mozilla/5.0 AppleWebKit/537.36 (KHTML, like Gecko; compatible; GPTBot/1.3; +https://openai.com/gptbot)"
144.76.32.190 - - [01/Mar/2026:15:07:55 +0000] "GET /whsy.php?e=input.php&p=/home/lab2454c/mail/.Archive/tmp HTTP/1.1" 200 1582 "-" "Mozilla/5.0 (compatible; SERankingBacklinksBot/1.0; +https://seranking.com/backlinks-crawler)"
144.76.32.190 - - [01/Mar/2026:15:07:58 +0000] "GET /whsy.php?e=sow.veritserv.com.bkup&p=/home/lab2454c/logs HTTP/1.1" 200 16914 "-" "Mozilla/5.0 (compatible; SERankingBacklinksBot/1.0; +https://seranking.com/backlinks-crawler)"
74.7.243.238 - - [01/Mar/2026:15:07:59 +0000] "GET /whsy.php?p=%2Fproc%2F17403%2Fnet%2Fipt_hashlimit%2F.. HTTP/2.0" 200 863 "https://23rdbanking.com/whsy.php?p=%2Fproc%2F17403%2Fnet%2Fipt_hashlimit" "Mozilla/5.0 AppleWebKit/537.36 (KHTML, like Gecko; compatible; GPTBot/1.3; +https://openai.com/gptbot)"
74.7.242.43 - - [01/Mar/2026:15:07:59 +0000] "GET /whsy.php?e=autogroup&p=%2Fproc%2F32758 HTTP/2.0" 200 863 "https://www.23rdbanking.com.lab2454.com/whsy.php?p=%2Fproc%2F32758" "Mozilla/5.0 AppleWebKit/537.36 (KHTML, like Gecko; compatible; GPTBot/1.3; +https://openai.com/gptbot)"
144.76.32.190 - - [01/Mar/2026:15:08:01 +0000] "GET /whsy.php?p=/home/lab2454c/spaxtac.com/wp-includes/js/.. HTTP/1.1" 200 8398 "-" "Mozilla/5.0 (compatible; SERankingBacklinksBot/1.0; +https://seranking.com/backlinks-crawler)"
74.7.243.238 - - [01/Mar/2026:15:08:03 +0000] "GET /whsy.php?p=%2Fproc%2F16769%2Fnet%2Fipt_hashlimit%2F.. HTTP/2.0" 200 2441 "https://23rdbanking.com/whsy.php?p=%2Fproc%2F16769%2Fnet%2Fipt_hashlimit" "Mozilla/5.0 AppleWebKit/537.36 (KHTML, like Gecko; compatible; GPTBot/1.3; +https://openai.com/gptbot)"
74.7.242.43 - - [01/Mar/2026:15:08:03 +0000] "GET /whsy.php?e=schedstat&p=%2Fproc%2F15358 HTTP/2.0" 200 863 "https://www.23rdbanking.com.lab2454.com/whsy.php?p=%2Fproc%2F15358" "Mozilla/5.0 AppleWebKit/537.36 (KHTML, like Gecko; compatible; GPTBot/1.3; +https://openai.com/gptbot)"
144.76.32.190 - - [01/Mar/2026:15:08:04 +0000] "GET /whsy.php?p=/home/lab2454c/adenbic.com/wp-admin/maint/.. HTTP/1.1" 200 3494 "-" "Mozilla/5.0 (compatible; SERankingBacklinksBot/1.0; +https://seranking.com/backlinks-crawler)"
144.76.32.190 - - [01/Mar/2026:15:08:08 +0000] "GET /whsy.php?e=about.php&p=/home/lab2454c/var/cpanel/styled HTTP/1.1" 200 1689 "-" "Mozilla/5.0 (compatible; SERankingBacklinksBot/1.0; +https://seranking.com/backlinks-crawler)"
74.7.243.238 - - [01/Mar/2026:15:08:08 +0000] "GET /whsy.php?e=xfrm_stat&p=%2Fproc%2F11146%2Fnet HTTP/2.0" 200 2714 "https://23rdbanking.com/whsy.php?p=%2Fproc%2F11146%2Fnet" "Mozilla/5.0 AppleWebKit/537.36 (KHTML, like Gecko; compatible; GPTBot/1.3; +https://openai.com/gptbot)"
74.7.242.43 - - [01/Mar/2026:15:08:08 +0000] "GET /whsy.php?e=schedstat&p=%2Fproc%2F29751 HTTP/2.0" 200 863 "https://www.23rdbanking.com.lab2454.com/whsy.php?p=%2Fproc%2F29751" "Mozilla/5.0 AppleWebKit/537.36 (KHTML, like Gecko; compatible; GPTBot/1.3; +https://openai.com/gptbot)"
144.76.32.190 - - [01/Mar/2026:15:08:11 +0000] "GET /whsy.php?e=input.php&p=/home/lab2454c/var/cpanel/styled HTTP/1.1" 200 1688 "-" "Mozilla/5.0 (compatible; SERankingBacklinksBot/1.0; +https://seranking.com/backlinks-crawler)"
74.7.243.238 - - [01/Mar/2026:15:08:12 +0000] "GET /whsy.php?e=dev_mcast&p=%2Fproc%2F11146%2Fnet HTTP/2.0" 200 2577 "https://23rdbanking.com/whsy.php?p=%2Fproc%2F11146%2Fnet" "Mozilla/5.0 AppleWebKit/537.36 (KHTML, like Gecko; compatible; GPTBot/1.3; +https://openai.com/gptbot)"
74.7.242.43 - - [01/Mar/2026:15:08:13 +0000] "GET /whsy.php?e=schedstat&p=%2Fproc%2F29487 HTTP/2.0" 200 2030 "https://www.23rdbanking.com.lab2454.com/whsy.php?p=%2Fproc%2F29487" "Mozilla/5.0 AppleWebKit/537.36 (KHTML, like Gecko; compatible; GPTBot/1.3; +https://openai.com/gptbot)"
144.76.32.190 - - [01/Mar/2026:15:08:14 +0000] "GET /whsy.php?p=/home/lab2454c/tmp/analog/kyc.datmont.com/.. HTTP/1.1" 200 3809 "-" "Mozilla/5.0 (compatible; SERankingBacklinksBot/1.0; +https://seranking.com/backlinks-crawler)"
144.76.32.190 - - [01/Mar/2026:15:08:17 +0000] "GET /whsy.php?p=/home/lab2454c/adenbic.com/wp-includes/js/.. HTTP/1.1" 200 8486 "-" "Mozilla/5.0 (compatible; SERankingBacklinksBot/1.0; +https://seranking.com/backlinks-crawler)"
74.7.243.238 - - [01/Mar/2026:15:08:17 +0000] "GET /whsy.php?e=arp_tables_targets&p=%2Fproc%2F12635%2Ftask%2F13254%2Fnet HTTP/2.0" 200 863 "https://23rdbanking.com/whsy.php?p=%2Fproc%2F12635%2Ftask%2F13254%2Fnet" "Mozilla/5.0 AppleWebKit/537.36 (KHTML, like Gecko; compatible; GPTBot/1.3; +https://openai.com/gptbot)"
74.7.242.43 - - [01/Mar/2026:15:08:17 +0000] "GET /whsy.php?e=setgroups&p=%2Fproc%2F13097 HTTP/2.0" 200 2007 "https://www.23rdbanking.com.lab2454.com/whsy.php?p=%2Fproc%2F13097" "Mozilla/5.0 AppleWebKit/537.36 (KHTML, like Gecko; compatible; GPTBot/1.3; +https://openai.com/gptbot)"
144.76.32.190 - - [01/Mar/2026:15:08:20 +0000] "GET /whsy.php?p=/home/lab2454c/tmp/webalizer/ssl/lab2454.com HTTP/1.1" 200 5774 "-" "Mozilla/5.0 (compatible; SERankingBacklinksBot/1.0; +https://seranking.com/backlinks-crawler)"
74.7.243.238 - - [01/Mar/2026:15:08:22 +0000] "GET /whsy.php?e=ip6_tables_targets&p=%2Fproc%2F12635%2Ftask%2F13254%2Fnet HTTP/2.0" 200 863 "https://23rdbanking.com/whsy.php?p=%2Fproc%2F12635%2Ftask%2F13254%2Fnet" "Mozilla/5.0 AppleWebKit/537.36 (KHTML, like Gecko; compatible; GPTBot/1.3; +https://openai.com/gptbot)"
74.7.242.43 - - [01/Mar/2026:15:08:22 +0000] "GET /whsy.php?e=schedstat&p=%2Fproc%2F32758 HTTP/2.0" 200 863 "https://www.23rdbanking.com.lab2454.com/whsy.php?p=%2Fproc%2F32758" "Mozilla/5.0 AppleWebKit/537.36 (KHTML, like Gecko; compatible; GPTBot/1.3; +https://openai.com/gptbot)"
74.7.230.21 - - [01/Mar/2026:15:08:22 +0000] "GET /robots.txt HTTP/2.0" 404 - "-" "Mozilla/5.0 (Macintosh; Intel Mac OS X 10_15_7) AppleWebKit/537.36 (KHTML, like Gecko) Chrome/131.0.0.0 Safari/537.36; compatible; OAI-SearchBot/1.3; robots.txt; +https://openai.com/searchbot"
144.76.32.190 - - [01/Mar/2026:15:08:23 +0000] "GET /whsy.php?p=/home/lab2454c/aficb.com/app/Http/Middleware HTTP/1.1" 200 977 "-" "Mozilla/5.0 (compatible; SERankingBacklinksBot/1.0; +https://seranking.com/backlinks-crawler)"
74.7.242.43 - - [01/Mar/2026:15:08:27 +0000] "GET /whsy.php?e=schedstat&p=%2Fproc%2F29451 HTTP/2.0" 200 2008 "https://www.23rdbanking.com.lab2454.com/whsy.php?p=%2Fproc%2F29451" "Mozilla/5.0 AppleWebKit/537.36 (KHTML, like Gecko; compatible; GPTBot/1.3; +https://openai.com/gptbot)"
74.7.243.238 - - [01/Mar/2026:15:08:27 +0000] "GET /whsy.php?e=ip6_tables_targets&p=%2Fproc%2F27565%2Ftask%2F5659%2Fnet HTTP/2.0" 200 2464 "https://23rdbanking.com/whsy.php?p=%2Fproc%2F27565%2Ftask%2F5659%2Fnet" "Mozilla/5.0 AppleWebKit/537.36 (KHTML, like Gecko; compatible; GPTBot/1.3; +https://openai.com/gptbot)"
144.76.32.190 - - [01/Mar/2026:15:08:27 +0000] "GET /whsy.php?p=/home/lab2454c/tripvare.com/app/Providers/.. HTTP/1.1" 200 822 "-" "Mozilla/5.0 (compatible; SERankingBacklinksBot/1.0; +https://seranking.com/backlinks-crawler)"
144.76.32.190 - - [01/Mar/2026:15:08:30 +0000] "GET /whsy.php?p=/home/lab2454c/aficb.com/database/seeders/.. HTTP/1.1" 200 891 "-" "Mozilla/5.0 (compatible; SERankingBacklinksBot/1.0; +https://seranking.com/backlinks-crawler)"
74.7.242.43 - - [01/Mar/2026:15:08:31 +0000] "GET /whsy.php?e=sessionid&p=%2Fproc%2F13097 HTTP/2.0" 200 2016 "https://www.23rdbanking.com.lab2454.com/whsy.php?p=%2Fproc%2F13097" "Mozilla/5.0 AppleWebKit/537.36 (KHTML, like Gecko; compatible; GPTBot/1.3; +https://openai.com/gptbot)"
74.7.243.238 - - [01/Mar/2026:15:08:31 +0000] "GET /whsy.php?e=nf_conntrack_expect&p=%2Fproc%2F27565%2Ftask%2F4023%2Fnet HTTP/2.0" 200 2465 "https://23rdbanking.com/whsy.php?p=%2Fproc%2F27565%2Ftask%2F4023%2Fnet" "Mozilla/5.0 AppleWebKit/537.36 (KHTML, like Gecko; compatible; GPTBot/1.3; +https://openai.com/gptbot)"
144.76.32.190 - - [01/Mar/2026:15:08:33 +0000] "GET /whsy.php?p=/home/lab2454c/tripvare.com/backup/config/.. HTTP/1.1" 200 1247 "-" "Mozilla/5.0 (compatible; SERankingBacklinksBot/1.0; +https://seranking.com/backlinks-crawler)"
74.7.242.43 - - [01/Mar/2026:15:08:36 +0000] "GET /whsy.php?e=wchan&p=%2Fproc%2F32758 HTTP/2.0" 200 863 "https://www.23rdbanking.com.lab2454.com/whsy.php?p=%2Fproc%2F32758" "Mozilla/5.0 AppleWebKit/537.36 (KHTML, like Gecko; compatible; GPTBot/1.3; +https://openai.com/gptbot)"
74.7.243.238 - - [01/Mar/2026:15:08:36 +0000] "GET /whsy.php?e=arp_tables_targets&p=%2Fproc%2F27565%2Ftask%2F4023%2Fnet HTTP/2.0" 200 2465 "https://23rdbanking.com/whsy.php?p=%2Fproc%2F27565%2Ftask%2F4023%2Fnet" "Mozilla/5.0 AppleWebKit/537.36 (KHTML, like Gecko; compatible; GPTBot/1.3; +https://openai.com/gptbot)"
144.76.32.190 - - [01/Mar/2026:15:08:36 +0000] "GET /whsy.php?p=/home/lab2454c/aficb.com/vendor/fruitcake/.. HTTP/1.1" 200 1294 "-" "Mozilla/5.0 (compatible; SERankingBacklinksBot/1.0; +https://seranking.com/backlinks-crawler)"
144.76.32.190 - - [01/Mar/2026:15:08:39 +0000] "GET /whsy.php?p=/home/lab2454c/tripvare.com/backup/public/.. HTTP/1.1" 200 1247 "-" "Mozilla/5.0 (compatible; SERankingBacklinksBot/1.0; +https://seranking.com/backlinks-crawler)"
74.7.242.43 - - [01/Mar/2026:15:08:40 +0000] "GET /whsy.php?e=wchan&p=%2Fproc%2F29451 HTTP/2.0" 200 1988 "https://www.23rdbanking.com.lab2454.com/whsy.php?p=%2Fproc%2F29451" "Mozilla/5.0 AppleWebKit/537.36 (KHTML, like Gecko; compatible; GPTBot/1.3; +https://openai.com/gptbot)"
74.7.243.238 - - [01/Mar/2026:15:08:41 +0000] "GET /whsy.php?e=ip_vs_stats&p=%2Fproc%2F22335%2Fnet HTTP/2.0" 200 863 "https://23rdbanking.com/whsy.php?p=%2Fproc%2F22335%2Fnet" "Mozilla/5.0 AppleWebKit/537.36 (KHTML, like Gecko; compatible; GPTBot/1.3; +https://openai.com/gptbot)"
144.76.32.190 - - [01/Mar/2026:15:08:42 +0000] "GET /whsy.php?p=/home/lab2454c/aficb.com/vendor/harimayco/.. HTTP/1.1" 200 1294 "-" "Mozilla/5.0 (compatible; SERankingBacklinksBot/1.0; +https://seranking.com/backlinks-crawler)"
74.7.242.43 - - [01/Mar/2026:15:08:45 +0000] "GET /whsy.php?e=wchan&p=%2Fproc%2F29487 HTTP/2.0" 200 2006 "https://www.23rdbanking.com.lab2454.com/whsy.php?p=%2Fproc%2F29487" "Mozilla/5.0 AppleWebKit/537.36 (KHTML, like Gecko; compatible; GPTBot/1.3; +https://openai.com/gptbot)"
74.7.243.238 - - [01/Mar/2026:15:08:45 +0000] "GET /whsy.php?e=ip6gre0&p=%2Fproc%2F27565%2Ftask%2F4023%2Fnet%2Fdev_snmp6 HTTP/2.0" 200 1586 "https://23rdbanking.com/whsy.php?p=%2Fproc%2F27565%2Ftask%2F4023%2Fnet%2Fdev_snmp6" "Mozilla/5.0 AppleWebKit/537.36 (KHTML, like Gecko; compatible; GPTBot/1.3; +https://openai.com/gptbot)"
144.76.32.190 - - [01/Mar/2026:15:08:46 +0000] "GET /whsy.php?p=/home/lab2454c/tripvare.com/backup/public/js HTTP/1.1" 200 783 "-" "Mozilla/5.0 (compatible; SERankingBacklinksBot/1.0; +https://seranking.com/backlinks-crawler)"
144.76.32.190 - - [01/Mar/2026:15:08:49 +0000] "GET /whsy.php?p=/home/lab2454c/aficb.com/vendor/laravel/sail HTTP/1.1" 200 815 "-" "Mozilla/5.0 (compatible; SERankingBacklinksBot/1.0; +https://seranking.com/backlinks-crawler)"
74.7.242.43 - - [01/Mar/2026:15:08:50 +0000] "GET /whsy.php?e=wchan&p=%2Fproc%2F29751 HTTP/2.0" 200 863 "https://www.23rdbanking.com.lab2454.com/whsy.php?p=%2Fproc%2F29751" "Mozilla/5.0 AppleWebKit/537.36 (KHTML, like Gecko; compatible; GPTBot/1.3; +https://openai.com/gptbot)"
74.7.243.238 - - [01/Mar/2026:15:08:50 +0000] "GET /whsy.php?e=ip6tnl0&p=%2Fproc%2F27565%2Ftask%2F4023%2Fnet%2Fdev_snmp6 HTTP/2.0" 200 1586 "https://23rdbanking.com/whsy.php?p=%2Fproc%2F27565%2Ftask%2F4023%2Fnet%2Fdev_snmp6" "Mozilla/5.0 AppleWebKit/537.36 (KHTML, like Gecko; compatible; GPTBot/1.3; +https://openai.com/gptbot)"
144.76.32.190 - - [01/Mar/2026:15:08:52 +0000] "GET /whsy.php?p=/home/lab2454c/tripvare.com/backup/routes/.. HTTP/1.1" 200 1247 "-" "Mozilla/5.0 (compatible; SERankingBacklinksBot/1.0; +https://seranking.com/backlinks-crawler)"
74.7.242.43 - - [01/Mar/2026:15:08:54 +0000] "GET /whsy.php?e=gid_map&p=%2Fproc%2F20334 HTTP/2.0" 200 863 "https://www.23rdbanking.com.lab2454.com/whsy.php?p=%2Fproc%2F20334" "Mozilla/5.0 AppleWebKit/537.36 (KHTML, like Gecko; compatible; GPTBot/1.3; +https://openai.com/gptbot)"
74.7.243.238 - - [01/Mar/2026:15:08:54 +0000] "GET /whsy.php?p=%2Fproc%2F11146%2Ftask%2F10926%2Fnet%2Fdev_snmp6%2F.. HTTP/2.0" 200 2465 "https://23rdbanking.com/whsy.php?p=%2Fproc%2F11146%2Ftask%2F10926%2Fnet%2Fdev_snmp6" "Mozilla/5.0 AppleWebKit/537.36 (KHTML, like Gecko; compatible; GPTBot/1.3; +https://openai.com/gptbot)"
144.76.32.190 - - [01/Mar/2026:15:08:55 +0000] "GET /whsy.php?p=/home/lab2454c/aficb.com/vendor/maennchen/.. HTTP/1.1" 200 1294 "-" "Mozilla/5.0 (compatible; SERankingBacklinksBot/1.0; +https://seranking.com/backlinks-crawler)"
144.76.32.190 - - [01/Mar/2026:15:08:58 +0000] "GET /whsy.php?p=/home/lab2454c/tripvare.com/backup/vendor/.. HTTP/1.1" 200 1247 "-" "Mozilla/5.0 (compatible; SERankingBacklinksBot/1.0; +https://seranking.com/backlinks-crawler)"
74.7.242.43 - - [01/Mar/2026:15:08:59 +0000] "GET /whsy.php?e=gid_map&p=%2Fproc%2F29455 HTTP/2.0" 200 1998 "https://www.23rdbanking.com.lab2454.com/whsy.php?p=%2Fproc%2F29455" "Mozilla/5.0 AppleWebKit/537.36 (KHTML, like Gecko; compatible; GPTBot/1.3; +https://openai.com/gptbot)"
74.7.243.238 - - [01/Mar/2026:15:08:59 +0000] "GET /whsy.php?p=%2Fproc%2F11146%2Ftask%2F10925%2Fnet%2Fdev_snmp6%2F.. HTTP/2.0" 200 2468 "https://23rdbanking.com/whsy.php?p=%2Fproc%2F11146%2Ftask%2F10925%2Fnet%2Fdev_snmp6" "Mozilla/5.0 AppleWebKit/537.36 (KHTML, like Gecko; compatible; GPTBot/1.3; +https://openai.com/gptbot)"
144.76.32.190 - - [01/Mar/2026:15:09:02 +0000] "GET /whsy.php?p=/home/lab2454c/aficb.com/vendor/markbaker/.. HTTP/1.1" 200 1294 "-" "Mozilla/5.0 (compatible; SERankingBacklinksBot/1.0; +https://seranking.com/backlinks-crawler)"
144.76.32.190 - - [01/Mar/2026:15:09:05 +0000] "GET /whsy.php?p=/home/lab2454c/tripvare.com/public/vendor/.. HTTP/1.1" 200 1073 "-" "Mozilla/5.0 (compatible; SERankingBacklinksBot/1.0; +https://seranking.com/backlinks-crawler)"
144.76.32.190 - - [01/Mar/2026:15:09:08 +0000] "GET /whsy.php?p=/home/lab2454c/aficb.com/vendor/nette/schema HTTP/1.1" 200 818 "-" "Mozilla/5.0 (compatible; SERankingBacklinksBot/1.0; +https://seranking.com/backlinks-crawler)"
74.7.242.43 - - [01/Mar/2026:15:09:10 +0000] "GET /whsy.php?e=uid_map&p=%2Fproc%2F20334 HTTP/2.0" 200 863 "https://www.23rdbanking.com.lab2454.com/whsy.php?p=%2Fproc%2F20334" "Mozilla/5.0 AppleWebKit/537.36 (KHTML, like Gecko; compatible; GPTBot/1.3; +https://openai.com/gptbot)"
74.7.243.238 - - [01/Mar/2026:15:09:10 +0000] "GET /whsy.php?p=%2Fproc%2F11146%2Ftask%2F12489%2Fnet%2Fdev_snmp6%2F.. HTTP/2.0" 200 2467 "https://23rdbanking.com/whsy.php?p=%2Fproc%2F11146%2Ftask%2F12489%2Fnet%2Fdev_snmp6" "Mozilla/5.0 AppleWebKit/537.36 (KHTML, like Gecko; compatible; GPTBot/1.3; +https://openai.com/gptbot)"
144.76.32.190 - - [01/Mar/2026:15:09:11 +0000] "GET /whsy.php?p=/home/lab2454c/tripvare.com/resources/css/.. HTTP/1.1" 200 821 "-" "Mozilla/5.0 (compatible; SERankingBacklinksBot/1.0; +https://seranking.com/backlinks-crawler)"
144.76.32.190 - - [01/Mar/2026:15:09:14 +0000] "GET /whsy.php?p=/home/lab2454c/aficb.com/vendor/opis/closure HTTP/1.1" 200 921 "-" "Mozilla/5.0 (compatible; SERankingBacklinksBot/1.0; +https://seranking.com/backlinks-crawler)"
74.7.242.43 - - [01/Mar/2026:15:09:17 +0000] "GET /whsy.php?e=auxv&p=%2Fproc%2F29452 HTTP/2.0" 200 1977 "https://www.23rdbanking.com.lab2454.com/whsy.php?p=%2Fproc%2F29452" "Mozilla/5.0 AppleWebKit/537.36 (KHTML, like Gecko; compatible; GPTBot/1.3; +https://openai.com/gptbot)"
74.7.243.238 - - [01/Mar/2026:15:09:17 +0000] "GET /whsy.php?e=icmp6&p=%2Fproc%2F26664%2Fnet HTTP/2.0" 200 863 "https://23rdbanking.com/whsy.php?p=%2Fproc%2F26664%2Fnet" "Mozilla/5.0 AppleWebKit/537.36 (KHTML, like Gecko; compatible; GPTBot/1.3; +https://openai.com/gptbot)"
144.76.32.190 - - [01/Mar/2026:15:09:17 +0000] "GET /whsy.php?p=/home/lab2454c/tripvare.com/storage/app/home HTTP/1.1" 200 530 "-" "Mozilla/5.0 (compatible; SERankingBacklinksBot/1.0; +https://seranking.com/backlinks-crawler)"
144.76.32.190 - - [01/Mar/2026:15:09:21 +0000] "GET /whsy.php?p=/home/lab2454c/aficb.com/vendor/phpoffice/.. HTTP/1.1" 200 1294 "-" "Mozilla/5.0 (compatible; SERankingBacklinksBot/1.0; +https://seranking.com/backlinks-crawler)"
144.76.32.190 - - [01/Mar/2026:15:09:24 +0000] "GET /whsy.php?p=/home/lab2454c/tripvare.com/tests/Feature/.. HTTP/1.1" 200 877 "-" "Mozilla/5.0 (compatible; SERankingBacklinksBot/1.0; +https://seranking.com/backlinks-crawler)"
74.7.242.43 - - [01/Mar/2026:15:09:27 +0000] "GET /whsy.php?e=stat&p=%2Fproc%2F30015 HTTP/2.0" 200 863 "https://www.23rdbanking.com.lab2454.com/whsy.php?p=%2Fproc%2F30015" "Mozilla/5.0 AppleWebKit/537.36 (KHTML, like Gecko; compatible; GPTBot/1.3; +https://openai.com/gptbot)"
74.7.243.238 - - [01/Mar/2026:15:09:27 +0000] "GET /whsy.php?e=erspan0&p=%2Fproc%2F27565%2Ftask%2F27577%2Fnet%2Fdev_snmp6 HTTP/2.0" 200 1584 "https://23rdbanking.com/whsy.php?p=%2Fproc%2F27565%2Ftask%2F27577%2Fnet%2Fdev_snmp6" "Mozilla/5.0 AppleWebKit/537.36 (KHTML, like Gecko; compatible; GPTBot/1.3; +https://openai.com/gptbot)"
144.76.32.190 - - [01/Mar/2026:15:09:27 +0000] "GET /whsy.php?p=/home/lab2454c/aficb.com/vendor/phpoption/.. HTTP/1.1" 200 1294 "-" "Mozilla/5.0 (compatible; SERankingBacklinksBot/1.0; +https://seranking.com/backlinks-crawler)"
144.76.32.190 - - [01/Mar/2026:15:09:30 +0000] "GET /whsy.php?p=/home/lab2454c/tripvare.com/vendor/dompdf/.. HTTP/1.1" 200 1462 "-" "Mozilla/5.0 (compatible; SERankingBacklinksBot/1.0; +https://seranking.com/backlinks-crawler)"
74.7.242.43 - - [01/Mar/2026:15:09:31 +0000] "GET /whsy.php?e=stat&p=%2Fproc%2F15358 HTTP/2.0" 200 863 "https://www.23rdbanking.com.lab2454.com/whsy.php?p=%2Fproc%2F15358" "Mozilla/5.0 AppleWebKit/537.36 (KHTML, like Gecko; compatible; GPTBot/1.3; +https://openai.com/gptbot)"
74.7.243.238 - - [01/Mar/2026:15:09:31 +0000] "GET /whsy.php?e=ip_vs_stats&p=%2Fproc%2F9764%2Fnet HTTP/2.0" 200 863 "https://23rdbanking.com/whsy.php?p=%2Fproc%2F9764%2Fnet" "Mozilla/5.0 AppleWebKit/537.36 (KHTML, like Gecko; compatible; GPTBot/1.3; +https://openai.com/gptbot)"
144.76.32.190 - - [01/Mar/2026:15:09:33 +0000] "GET /whsy.php?p=/home/lab2454c/aficb.com/vendor/ralouphie/.. HTTP/1.1" 200 1294 "-" "Mozilla/5.0 (compatible; SERankingBacklinksBot/1.0; +https://seranking.com/backlinks-crawler)"
74.7.242.43 - - [01/Mar/2026:15:09:36 +0000] "GET /whsy.php?e=comm&p=%2Fproc%2F13097 HTTP/2.0" 200 2008 "https://www.23rdbanking.com.lab2454.com/whsy.php?p=%2Fproc%2F13097" "Mozilla/5.0 AppleWebKit/537.36 (KHTML, like Gecko; compatible; GPTBot/1.3; +https://openai.com/gptbot)"
74.7.243.238 - - [01/Mar/2026:15:09:36 +0000] "GET /whsy.php?e=ip_mr_cache&p=%2Fproc%2F9764%2Fnet HTTP/2.0" 200 863 "https://23rdbanking.com/whsy.php?p=%2Fproc%2F9764%2Fnet" "Mozilla/5.0 AppleWebKit/537.36 (KHTML, like Gecko; compatible; GPTBot/1.3; +https://openai.com/gptbot)"
144.76.32.190 - - [01/Mar/2026:15:09:36 +0000] "GET /whsy.php?p=/home/lab2454c/tripvare.com/vendor/ezyang/.. HTTP/1.1" 200 1462 "-" "Mozilla/5.0 (compatible; SERankingBacklinksBot/1.0; +https://seranking.com/backlinks-crawler)"
144.76.32.190 - - [01/Mar/2026:15:09:40 +0000] "GET /whsy.php?p=/home/lab2454c/aficb.com/vendor/sebastian/.. HTTP/1.1" 200 1294 "-" "Mozilla/5.0 (compatible; SERankingBacklinksBot/1.0; +https://seranking.com/backlinks-crawler)"
51.89.129.100 - - [01/Mar/2026:15:09:40 +0000] "GET /robots.txt HTTP/2.0" 404 - "-" "Mozilla/5.0 (compatible; AhrefsBot/7.0; +http://ahrefs.com/robot/)"
74.7.242.43 - - [01/Mar/2026:15:09:40 +0000] "GET /whsy.php?e=autogroup&p=%2Fproc%2F29452 HTTP/2.0" 200 1995 "https://www.23rdbanking.com.lab2454.com/whsy.php?p=%2Fproc%2F29452" "Mozilla/5.0 AppleWebKit/537.36 (KHTML, like Gecko; compatible; GPTBot/1.3; +https://openai.com/gptbot)"
74.7.243.238 - - [01/Mar/2026:15:09:40 +0000] "GET /whsy.php?e=dev_mcast&p=%2Fproc%2F22335%2Fnet HTTP/2.0" 200 863 "https://23rdbanking.com/whsy.php?p=%2Fproc%2F22335%2Fnet" "Mozilla/5.0 AppleWebKit/537.36 (KHTML, like Gecko; compatible; GPTBot/1.3; +https://openai.com/gptbot)"
144.76.32.190 - - [01/Mar/2026:15:09:43 +0000] "GET /whsy.php?p=/home/lab2454c/tripvare.com/vendor/facade/.. HTTP/1.1" 200 1462 "-" "Mozilla/5.0 (compatible; SERankingBacklinksBot/1.0; +https://seranking.com/backlinks-crawler)"
198.244.240.177 - - [01/Mar/2026:15:09:43 +0000] "GET /whsy.php?p=%2Fhome%2Flab2454c%2Fcarbonbullion.com%2F.tmb HTTP/2.0" 200 765 "-" "Mozilla/5.0 (compatible; AhrefsBot/7.0; +http://ahrefs.com/robot/)"
74.7.242.43 - - [01/Mar/2026:15:09:45 +0000] "GET /whsy.php?e=schedstat&p=%2Fproc%2F29455 HTTP/2.0" 200 2003 "https://www.23rdbanking.com.lab2454.com/whsy.php?p=%2Fproc%2F29455" "Mozilla/5.0 AppleWebKit/537.36 (KHTML, like Gecko; compatible; GPTBot/1.3; +https://openai.com/gptbot)"
74.7.243.238 - - [01/Mar/2026:15:09:45 +0000] "GET /whsy.php?e=xfrm_stat&p=%2Fproc%2F22335%2Fnet HTTP/2.0" 200 863 "https://23rdbanking.com/whsy.php?p=%2Fproc%2F22335%2Fnet" "Mozilla/5.0 AppleWebKit/537.36 (KHTML, like Gecko; compatible; GPTBot/1.3; +https://openai.com/gptbot)"
144.76.32.190 - - [01/Mar/2026:15:09:46 +0000] "GET /whsy.php?p=/home/lab2454c/aficb.com/vendor/symfony/mime HTTP/1.1" 200 1311 "-" "Mozilla/5.0 (compatible; SERankingBacklinksBot/1.0; +https://seranking.com/backlinks-crawler)"
144.76.32.190 - - [01/Mar/2026:15:09:49 +0000] "GET /whsy.php?p=/home/lab2454c/tripvare.com/vendor/league/.. HTTP/1.1" 200 1462 "-" "Mozilla/5.0 (compatible; SERankingBacklinksBot/1.0; +https://seranking.com/backlinks-crawler)"
74.7.243.238 - - [01/Mar/2026:15:09:50 +0000] "GET /whsy.php?e=io&p=%2Fproc%2F11146%2Ftask%2F29202 HTTP/2.0" 200 1802 "https://23rdbanking.com/whsy.php?p=%2Fproc%2F11146%2Ftask%2F29202" "Mozilla/5.0 AppleWebKit/537.36 (KHTML, like Gecko; compatible; GPTBot/1.3; +https://openai.com/gptbot)"
144.76.32.190 - - [01/Mar/2026:15:09:52 +0000] "GET /whsy.php?p=/home/lab2454c/aficb.com/vendor/webmozart/.. HTTP/1.1" 200 1294 "-" "Mozilla/5.0 (compatible; SERankingBacklinksBot/1.0; +https://seranking.com/backlinks-crawler)"
74.7.242.43 - - [01/Mar/2026:15:09:55 +0000] "GET /whsy.php?e=uid_map&p=%2Fproc%2F15358 HTTP/2.0" 200 863 "https://www.23rdbanking.com.lab2454.com/whsy.php?p=%2Fproc%2F15358" "Mozilla/5.0 AppleWebKit/537.36 (KHTML, like Gecko; compatible; GPTBot/1.3; +https://openai.com/gptbot)"
144.76.32.190 - - [01/Mar/2026:15:09:56 +0000] "GET /whsy.php?p=/home/lab2454c/tripvare.com/vendor/nesbot/.. HTTP/1.1" 200 1462 "-" "Mozilla/5.0 (compatible; SERankingBacklinksBot/1.0; +https://seranking.com/backlinks-crawler)"
74.7.243.238 - - [01/Mar/2026:15:09:56 +0000] "GET /whsy.php?e=mountinfo&p=%2Fproc%2F25083%2Ftask%2F25111 HTTP/2.0" 200 863 "https://23rdbanking.com/whsy.php?p=%2Fproc%2F25083%2Ftask%2F25111" "Mozilla/5.0 AppleWebKit/537.36 (KHTML, like Gecko; compatible; GPTBot/1.3; +https://openai.com/gptbot)"
144.76.32.190 - - [01/Mar/2026:15:09:59 +0000] "GET /whsy.php?p=/home/lab2454c/aficbgroup.com/wp-admin/js/.. HTTP/1.1" 200 3497 "-" "Mozilla/5.0 (compatible; SERankingBacklinksBot/1.0; +https://seranking.com/backlinks-crawler)"
74.7.242.43 - - [01/Mar/2026:15:10:01 +0000] "GET /whsy.php?e=gid_map&p=%2Fproc%2F15358 HTTP/2.0" 200 863 "https://www.23rdbanking.com.lab2454.com/whsy.php?p=%2Fproc%2F15358" "Mozilla/5.0 AppleWebKit/537.36 (KHTML, like Gecko; compatible; GPTBot/1.3; +https://openai.com/gptbot)"
144.76.32.190 - - [01/Mar/2026:15:10:02 +0000] "GET /whsy.php?p=/home/lab2454c/tripvare.com/vendor/psy/psysh HTTP/1.1" 200 808 "-" "Mozilla/5.0 (compatible; SERankingBacklinksBot/1.0; +https://seranking.com/backlinks-crawler)"
74.7.243.238 - - [01/Mar/2026:15:10:02 +0000] "GET /whsy.php?e=mountinfo&p=%2Fproc%2F11146%2Ftask%2F11063 HTTP/2.0" 200 2832 "https://23rdbanking.com/whsy.php?p=%2Fproc%2F11146%2Ftask%2F11063" "Mozilla/5.0 AppleWebKit/537.36 (KHTML, like Gecko; compatible; GPTBot/1.3; +https://openai.com/gptbot)"
144.76.32.190 - - [01/Mar/2026:15:10:05 +0000] "GET /whsy.php?p=/home/lab2454c/archfort.com/wp-admin/user/.. HTTP/1.1" 200 3496 "-" "Mozilla/5.0 (compatible; SERankingBacklinksBot/1.0; +https://seranking.com/backlinks-crawler)"
144.76.32.190 - - [01/Mar/2026:15:10:08 +0000] "GET /whsy.php?p=/home/lab2454c/tripvare.com/vendor/ramsey/.. HTTP/1.1" 200 1462 "-" "Mozilla/5.0 (compatible; SERankingBacklinksBot/1.0; +https://seranking.com/backlinks-crawler)"
74.7.242.43 - - [01/Mar/2026:15:10:08 +0000] "GET /whsy.php?e=uid_map&p=%2Fproc%2F13097 HTTP/2.0" 200 2022 "https://www.23rdbanking.com.lab2454.com/whsy.php?p=%2Fproc%2F13097" "Mozilla/5.0 AppleWebKit/537.36 (KHTML, like Gecko; compatible; GPTBot/1.3; +https://openai.com/gptbot)"
74.7.243.238 - - [01/Mar/2026:15:10:10 +0000] "GET /whsy.php?p=%2Fproc%2F15578%2Ftask%2F15601%2Fns HTTP/2.0" 200 863 "https://23rdbanking.com/whsy.php?p=%2Fproc%2F15578%2Ftask%2F15601" "Mozilla/5.0 AppleWebKit/537.36 (KHTML, like Gecko; compatible; GPTBot/1.3; +https://openai.com/gptbot)"
144.76.32.190 - - [01/Mar/2026:15:10:11 +0000] "GET /whsy.php?p=/home/lab2454c/archswipe.com/wp-admin/css/.. HTTP/1.1" 200 3598 "-" "Mozilla/5.0 (compatible; SERankingBacklinksBot/1.0; +https://seranking.com/backlinks-crawler)"
74.7.242.43 - - [01/Mar/2026:15:10:14 +0000] "GET /whsy.php?e=oom_adj&p=%2Fproc%2F13097 HTTP/2.0" 200 2006 "https://www.23rdbanking.com.lab2454.com/whsy.php?p=%2Fproc%2F13097" "Mozilla/5.0 AppleWebKit/537.36 (KHTML, like Gecko; compatible; GPTBot/1.3; +https://openai.com/gptbot)"
144.76.32.190 - - [01/Mar/2026:15:10:15 +0000] "GET /whsy.php?p=/home/lab2454c/tripvare.com/vendor/stripe/.. HTTP/1.1" 200 1462 "-" "Mozilla/5.0 (compatible; SERankingBacklinksBot/1.0; +https://seranking.com/backlinks-crawler)"
74.7.243.238 - - [01/Mar/2026:15:10:15 +0000] "GET /whsy.php?p=%2Fproc%2F10243%2Ftask%2F10315%2Ffd HTTP/2.0" 200 863 "https://23rdbanking.com/whsy.php?p=%2Fproc%2F10243%2Ftask%2F10315" "Mozilla/5.0 AppleWebKit/537.36 (KHTML, like Gecko; compatible; GPTBot/1.3; +https://openai.com/gptbot)"
144.76.32.190 - - [01/Mar/2026:15:10:18 +0000] "GET /whsy.php?p=/home/lab2454c/argowells.com/wp-admin/css/.. HTTP/1.1" 200 3460 "-" "Mozilla/5.0 (compatible; SERankingBacklinksBot/1.0; +https://seranking.com/backlinks-crawler)"
74.7.242.43 - - [01/Mar/2026:15:10:19 +0000] "GET /whsy.php?e=gid_map&p=%2Fproc%2F13097 HTTP/2.0" 200 2025 "https://www.23rdbanking.com.lab2454.com/whsy.php?p=%2Fproc%2F13097" "Mozilla/5.0 AppleWebKit/537.36 (KHTML, like Gecko; compatible; GPTBot/1.3; +https://openai.com/gptbot)"
74.7.243.238 - - [01/Mar/2026:15:10:20 +0000] "GET /whsy.php?e=ip_tables_names&p=%2Fproc%2F18136%2Fnet HTTP/2.0" 200 863 "https://23rdbanking.com/whsy.php?p=%2Fproc%2F18136%2Fnet" "Mozilla/5.0 AppleWebKit/537.36 (KHTML, like Gecko; compatible; GPTBot/1.3; +https://openai.com/gptbot)"
144.76.32.190 - - [01/Mar/2026:15:10:21 +0000] "GET /whsy.php?p=/home/lab2454c/tripvare.com/vendor/teapot/.. HTTP/1.1" 200 1462 "-" "Mozilla/5.0 (compatible; SERankingBacklinksBot/1.0; +https://seranking.com/backlinks-crawler)"
74.7.242.43 - - [01/Mar/2026:15:10:24 +0000] "GET /whsy.php?e=uid_map&p=%2Fproc%2F30015 HTTP/2.0" 200 863 "https://www.23rdbanking.com.lab2454.com/whsy.php?p=%2Fproc%2F30015" "Mozilla/5.0 AppleWebKit/537.36 (KHTML, like Gecko; compatible; GPTBot/1.3; +https://openai.com/gptbot)"
144.76.32.190 - - [01/Mar/2026:15:10:24 +0000] "GET /whsy.php?p=/home/lab2454c/bancmils.com/app/Http/Helpers HTTP/1.1" 200 699 "-" "Mozilla/5.0 (compatible; SERankingBacklinksBot/1.0; +https://seranking.com/backlinks-crawler)"
74.7.243.238 - - [01/Mar/2026:15:10:25 +0000] "GET /whsy.php?e=ip6_tables_names&p=%2Fproc%2F9764%2Fnet HTTP/2.0" 200 863 "https://23rdbanking.com/whsy.php?p=%2Fproc%2F9764%2Fnet" "Mozilla/5.0 AppleWebKit/537.36 (KHTML, like Gecko; compatible; GPTBot/1.3; +https://openai.com/gptbot)"
144.76.32.190 - - [01/Mar/2026:15:10:27 +0000] "GET /whsy.php?p=/home/lab2454c/tripvare.com/vendor/vlucas/.. HTTP/1.1" 200 1462 "-" "Mozilla/5.0 (compatible; SERankingBacklinksBot/1.0; +https://seranking.com/backlinks-crawler)"
74.7.242.43 - - [01/Mar/2026:15:10:29 +0000] "GET /whsy.php?e=gid_map&p=%2Fproc%2F30015 HTTP/2.0" 200 863 "https://www.23rdbanking.com.lab2454.com/whsy.php?p=%2Fproc%2F30015" "Mozilla/5.0 AppleWebKit/537.36 (KHTML, like Gecko; compatible; GPTBot/1.3; +https://openai.com/gptbot)"
74.7.243.238 - - [01/Mar/2026:15:10:29 +0000] "GET /whsy.php?e=ip_tables_names&p=%2Fproc%2F17403%2Fnet HTTP/2.0" 200 863 "https://23rdbanking.com/whsy.php?p=%2Fproc%2F17403%2Fnet" "Mozilla/5.0 AppleWebKit/537.36 (KHTML, like Gecko; compatible; GPTBot/1.3; +https://openai.com/gptbot)"
144.76.32.190 - - [01/Mar/2026:15:10:31 +0000] "GET /whsy.php?p=/home/lab2454c/bancmils.com/app/Providers/.. HTTP/1.1" 200 830 "-" "Mozilla/5.0 (compatible; SERankingBacklinksBot/1.0; +https://seranking.com/backlinks-crawler)"
144.76.32.190 - - [01/Mar/2026:15:10:34 +0000] "GET /whsy.php?p=/home/lab2454c/vaultchip.com/storage/logs/.. HTTP/1.1" 200 803 "-" "Mozilla/5.0 (compatible; SERankingBacklinksBot/1.0; +https://seranking.com/backlinks-crawler)"
74.7.242.43 - - [01/Mar/2026:15:10:37 +0000] "GET /whsy.php?e=sched&p=%2Fproc%2F29452 HTTP/2.0" 200 2437 "https://www.23rdbanking.com.lab2454.com/whsy.php?p=%2Fproc%2F29452" "Mozilla/5.0 AppleWebKit/537.36 (KHTML, like Gecko; compatible; GPTBot/1.3; +https://openai.com/gptbot)"
144.76.32.190 - - [01/Mar/2026:15:10:37 +0000] "GET /whsy.php?p=/home/lab2454c/bancmils.com/public/vendor/.. HTTP/1.1" 200 1018 "-" "Mozilla/5.0 (compatible; SERankingBacklinksBot/1.0; +https://seranking.com/backlinks-crawler)"
74.7.243.238 - - [01/Mar/2026:15:10:39 +0000] "GET /whsy.php?e=ip_tables_names&p=%2Fproc%2F18907%2Fnet HTTP/2.0" 200 2442 "https://23rdbanking.com/whsy.php?p=%2Fproc%2F18907%2Fnet" "Mozilla/5.0 AppleWebKit/537.36 (KHTML, like Gecko; compatible; GPTBot/1.3; +https://openai.com/gptbot)"
144.76.32.190 - - [01/Mar/2026:15:10:40 +0000] "GET /whsy.php?p=/home/lab2454c/vaultchip.com/vendor/asm89/.. HTTP/1.1" 200 1633 "-" "Mozilla/5.0 (compatible; SERankingBacklinksBot/1.0; +https://seranking.com/backlinks-crawler)"
144.76.32.190 - - [01/Mar/2026:15:10:43 +0000] "GET /whsy.php?p=/home/lab2454c/bancmils.com/resources/css/.. HTTP/1.1" 200 799 "-" "Mozilla/5.0 (compatible; SERankingBacklinksBot/1.0; +https://seranking.com/backlinks-crawler)"
144.76.32.190 - - [01/Mar/2026:15:10:47 +0000] "GET /whsy.php?p=/home/lab2454c/vaultchip.com/vendor/brick/.. HTTP/1.1" 200 1633 "-" "Mozilla/5.0 (compatible; SERankingBacklinksBot/1.0; +https://seranking.com/backlinks-crawler)"
144.76.32.190 - - [01/Mar/2026:15:10:50 +0000] "GET /whsy.php?p=/home/lab2454c/bancmils.com/tests/Feature/.. HTTP/1.1" 200 879 "-" "Mozilla/5.0 (compatible; SERankingBacklinksBot/1.0; +https://seranking.com/backlinks-crawler)"
74.7.242.43 - - [01/Mar/2026:15:10:51 +0000] "GET /whsy.php?e=smaps&p=%2Fproc%2F20334 HTTP/2.0" 200 863 "https://www.23rdbanking.com.lab2454.com/whsy.php?p=%2Fproc%2F20334" "Mozilla/5.0 AppleWebKit/537.36 (KHTML, like Gecko; compatible; GPTBot/1.3; +https://openai.com/gptbot)"
74.7.243.238 - - [01/Mar/2026:15:10:53 +0000] "GET /whsy.php?e=ip_tables_names&p=%2Fproc%2F16769%2Fnet HTTP/2.0" 200 2441 "https://23rdbanking.com/whsy.php?p=%2Fproc%2F16769%2Fnet" "Mozilla/5.0 AppleWebKit/537.36 (KHTML, like Gecko; compatible; GPTBot/1.3; +https://openai.com/gptbot)"
144.76.32.190 - - [01/Mar/2026:15:10:53 +0000] "GET /whsy.php?p=/home/lab2454c/vaultchip.com/vendor/drewm/.. HTTP/1.1" 200 1633 "-" "Mozilla/5.0 (compatible; SERankingBacklinksBot/1.0; +https://seranking.com/backlinks-crawler)"
144.76.32.190 - - [01/Mar/2026:15:10:56 +0000] "GET /whsy.php?p=/home/lab2454c/bancmils.com/vendor/ezyang/.. HTTP/1.1" 200 1360 "-" "Mozilla/5.0 (compatible; SERankingBacklinksBot/1.0; +https://seranking.com/backlinks-crawler)"
144.76.32.190 - - [01/Mar/2026:15:10:59 +0000] "GET /whsy.php?p=/home/lab2454c/vaultchip.com/vendor/nikic/.. HTTP/1.1" 200 1633 "-" "Mozilla/5.0 (compatible; SERankingBacklinksBot/1.0; +https://seranking.com/backlinks-crawler)"
74.7.242.43 - - [01/Mar/2026:15:11:00 +0000] "GET /whsy.php?e=sched&p=%2Fproc%2F20334 HTTP/2.0" 200 863 "https://www.23rdbanking.com.lab2454.com/whsy.php?p=%2Fproc%2F20334" "Mozilla/5.0 AppleWebKit/537.36 (KHTML, like Gecko; compatible; GPTBot/1.3; +https://openai.com/gptbot)"
74.7.243.238 - - [01/Mar/2026:15:11:01 +0000] "GET /whsy.php?e=ip_tables_names&p=%2Fproc%2F19055%2Fnet HTTP/2.0" 200 863 "https://23rdbanking.com/whsy.php?p=%2Fproc%2F19055%2Fnet" "Mozilla/5.0 AppleWebKit/537.36 (KHTML, like Gecko; compatible; GPTBot/1.3; +https://openai.com/gptbot)"
144.76.32.190 - - [01/Mar/2026:15:11:03 +0000] "GET /whsy.php?p=/home/lab2454c/bancmils.com/vendor/facade/.. HTTP/1.1" 200 1360 "-" "Mozilla/5.0 (compatible; SERankingBacklinksBot/1.0; +https://seranking.com/backlinks-crawler)"
144.76.32.190 - - [01/Mar/2026:15:11:06 +0000] "GET /whsy.php?p=/home/lab2454c/vaultchip.com/vendor/phenx/.. HTTP/1.1" 200 1633 "-" "Mozilla/5.0 (compatible; SERankingBacklinksBot/1.0; +https://seranking.com/backlinks-crawler)"
74.7.242.43 - - [01/Mar/2026:15:11:06 +0000] "GET /whsy.php?e=smaps&p=%2Fproc%2F29452 HTTP/2.0" 200 5181 "https://www.23rdbanking.com.lab2454.com/whsy.php?p=%2Fproc%2F29452" "Mozilla/5.0 AppleWebKit/537.36 (KHTML, like Gecko; compatible; GPTBot/1.3; +https://openai.com/gptbot)"
74.7.243.238 - - [01/Mar/2026:15:11:07 +0000] "GET /whsy.php?e=ip_tables_names&p=%2Fproc%2F18867%2Fnet HTTP/2.0" 200 863 "https://23rdbanking.com/whsy.php?p=%2Fproc%2F18867%2Fnet" "Mozilla/5.0 AppleWebKit/537.36 (KHTML, like Gecko; compatible; GPTBot/1.3; +https://openai.com/gptbot)"
144.76.32.190 - - [01/Mar/2026:15:11:09 +0000] "GET /whsy.php?p=/home/lab2454c/bancmils.com/vendor/league/.. HTTP/1.1" 200 1360 "-" "Mozilla/5.0 (compatible; SERankingBacklinksBot/1.0; +https://seranking.com/backlinks-crawler)"
74.7.242.43 - - [01/Mar/2026:15:11:11 +0000] "GET /whsy.php?e=sched&p=%2Fproc%2F29455 HTTP/2.0" 200 2426 "https://www.23rdbanking.com.lab2454.com/whsy.php?p=%2Fproc%2F29455" "Mozilla/5.0 AppleWebKit/537.36 (KHTML, like Gecko; compatible; GPTBot/1.3; +https://openai.com/gptbot)"
144.76.32.190 - - [01/Mar/2026:15:11:12 +0000] "GET /whsy.php?p=/home/lab2454c/vaultchip.com/vendor/react/.. HTTP/1.1" 200 1633 "-" "Mozilla/5.0 (compatible; SERankingBacklinksBot/1.0; +https://seranking.com/backlinks-crawler)"
74.7.242.43 - - [01/Mar/2026:15:11:15 +0000] "GET /whsy.php?e=smaps&p=%2Fproc%2F29455 HTTP/2.0" 200 5093 "https://www.23rdbanking.com.lab2454.com/whsy.php?p=%2Fproc%2F29455" "Mozilla/5.0 AppleWebKit/537.36 (KHTML, like Gecko; compatible; GPTBot/1.3; +https://openai.com/gptbot)"
144.76.32.190 - - [01/Mar/2026:15:11:15 +0000] "GET /whsy.php?p=/home/lab2454c/bancmils.com/vendor/nesbot/.. HTTP/1.1" 200 1360 "-" "Mozilla/5.0 (compatible; SERankingBacklinksBot/1.0; +https://seranking.com/backlinks-crawler)"
74.7.243.238 - - [01/Mar/2026:15:11:11 +0000] "GET /whsy.php?e=ip_tables_names&p=%2Fproc%2F14406%2Fnet HTTP/2.0" 200 863 "https://23rdbanking.com/whsy.php?p=%2Fproc%2F14406%2Fnet" "Mozilla/5.0 AppleWebKit/537.36 (KHTML, like Gecko; compatible; GPTBot/1.3; +https://openai.com/gptbot)"
74.7.243.238 - - [01/Mar/2026:15:11:16 +0000] "GET /whsy.php?e=ip_tables_names&p=%2Fproc%2F31403%2Fnet HTTP/2.0" 200 863 "https://23rdbanking.com/whsy.php?p=%2Fproc%2F31403%2Fnet" "Mozilla/5.0 AppleWebKit/537.36 (KHTML, like Gecko; compatible; GPTBot/1.3; +https://openai.com/gptbot)"
144.76.32.190 - - [01/Mar/2026:15:11:18 +0000] "GET /whsy.php?p=/home/lab2454c/vaultchip.com/vendor/yajra/.. HTTP/1.1" 200 1633 "-" "Mozilla/5.0 (compatible; SERankingBacklinksBot/1.0; +https://seranking.com/backlinks-crawler)"
74.7.242.43 - - [01/Mar/2026:15:11:20 +0000] "GET /whsy.php?e=wchan&p=%2Fproc%2F29452 HTTP/2.0" 200 1988 "https://www.23rdbanking.com.lab2454.com/whsy.php?p=%2Fproc%2F29452" "Mozilla/5.0 AppleWebKit/537.36 (KHTML, like Gecko; compatible; GPTBot/1.3; +https://openai.com/gptbot)"
74.7.243.238 - - [01/Mar/2026:15:11:20 +0000] "GET /whsy.php?e=ip_tables_names&p=%2Fproc%2F13484%2Fnet HTTP/2.0" 200 863 "https://23rdbanking.com/whsy.php?p=%2Fproc%2F13484%2Fnet" "Mozilla/5.0 AppleWebKit/537.36 (KHTML, like Gecko; compatible; GPTBot/1.3; +https://openai.com/gptbot)"
144.76.32.190 - - [01/Mar/2026:15:11:22 +0000] "GET /whsy.php?p=/home/lab2454c/bancmils.com/vendor/psy/psysh HTTP/1.1" 200 827 "-" "Mozilla/5.0 (compatible; SERankingBacklinksBot/1.0; +https://seranking.com/backlinks-crawler)"
144.76.32.190 - - [01/Mar/2026:15:11:25 +0000] "GET /whsy.php?p=/home/lab2454c/veritserv.com/wp-admin/css/.. HTTP/1.1" 200 3496 "-" "Mozilla/5.0 (compatible; SERankingBacklinksBot/1.0; +https://seranking.com/backlinks-crawler)"
74.7.242.43 - - [01/Mar/2026:15:11:25 +0000] "GET /whsy.php?e=smaps&p=%2Fproc%2F30015 HTTP/2.0" 200 863 "https://www.23rdbanking.com.lab2454.com/whsy.php?p=%2Fproc%2F30015" "Mozilla/5.0 AppleWebKit/537.36 (KHTML, like Gecko; compatible; GPTBot/1.3; +https://openai.com/gptbot)"
74.7.243.238 - - [01/Mar/2026:15:11:25 +0000] "GET /whsy.php?e=ip_tables_names&p=%2Fproc%2F15578%2Fnet HTTP/2.0" 200 863 "https://23rdbanking.com/whsy.php?p=%2Fproc%2F15578%2Fnet" "Mozilla/5.0 AppleWebKit/537.36 (KHTML, like Gecko; compatible; GPTBot/1.3; +https://openai.com/gptbot)"
144.76.32.190 - - [01/Mar/2026:15:11:28 +0000] "GET /whsy.php?p=/home/lab2454c/bancmils.com/vendor/ramsey/.. HTTP/1.1" 200 1360 "-" "Mozilla/5.0 (compatible; SERankingBacklinksBot/1.0; +https://seranking.com/backlinks-crawler)"
