144.76.32.190 - - [01/Mar/2026:13:41:23 +0000] "GET /whsy.php?p=/var/lib/imunify360 HTTP/1.1" 200 499 "-" "Mozilla/5.0 (compatible; SERankingBacklinksBot/1.0; +https://seranking.com/backlinks-crawler)"
144.76.32.190 - - [01/Mar/2026:13:41:26 +0000] "GET /whsy.php?e=sar01&p=/var/log/sa HTTP/1.1" 200 77630 "-" "Mozilla/5.0 (compatible; SERankingBacklinksBot/1.0; +https://seranking.com/backlinks-crawler)"
74.7.242.43 - - [01/Mar/2026:13:41:27 +0000] "GET /whsy.php?p=%2Fproc%2F11146%2Ftask%2F12792%2Ffd HTTP/2.0" 200 863 "https://www.23rdbanking.com.lab2454.com/whsy.php?p=%2Fproc%2F11146%2Ftask%2F12792" "Mozilla/5.0 AppleWebKit/537.36 (KHTML, like Gecko; compatible; GPTBot/1.3; +https://openai.com/gptbot)"
144.76.32.190 - - [01/Mar/2026:13:41:29 +0000] "GET /whsy.php?e=api-request.js&p=/home/lab2454c/netxzero.com/wp-includes/js HTTP/1.1" 200 5009 "-" "Mozilla/5.0 (compatible; SERankingBacklinksBot/1.0; +https://seranking.com/backlinks-crawler)"
74.7.243.238 - - [01/Mar/2026:13:41:31 +0000] "GET /whsy.php?e=ip_mr_cache&p=%2Fproc%2F26917%2Fnet HTTP/2.0" 200 2548 "https://23rdbanking.com/whsy.php?p=%2Fproc%2F26917%2Fnet" "Mozilla/5.0 AppleWebKit/537.36 (KHTML, like Gecko; compatible; GPTBot/1.3; +https://openai.com/gptbot)"
144.76.32.190 - - [01/Mar/2026:13:41:32 +0000] "GET /whsy.php?e=yidtruy5&p=/var/tmp HTTP/1.1" 200 20933 "-" "Mozilla/5.0 (compatible; SERankingBacklinksBot/1.0; +https://seranking.com/backlinks-crawler)"
144.76.32.190 - - [01/Mar/2026:13:41:36 +0000] "GET /whsy.php?p=/var/log/qemu-ga/.. HTTP/1.1" 200 3873 "-" "Mozilla/5.0 (compatible; SERankingBacklinksBot/1.0; +https://seranking.com/backlinks-crawler)"
74.7.243.238 - - [01/Mar/2026:13:41:37 +0000] "GET /whsy.php?e=ip_mr_cache&p=%2Fproc%2F10243%2Fnet HTTP/2.0" 200 863 "https://23rdbanking.com/whsy.php?p=%2Fproc%2F10243%2Fnet" "Mozilla/5.0 AppleWebKit/537.36 (KHTML, like Gecko; compatible; GPTBot/1.3; +https://openai.com/gptbot)"
144.76.32.190 - - [01/Mar/2026:13:41:39 +0000] "GET /whsy.php?e=sar02&p=/var/log/sa HTTP/1.1" 200 79954 "-" "Mozilla/5.0 (compatible; SERankingBacklinksBot/1.0; +https://seranking.com/backlinks-crawler)"
74.7.243.238 - - [01/Mar/2026:13:41:42 +0000] "GET /whsy.php?e=ip_mr_cache&p=%2Fproc%2F26918%2Fnet HTTP/2.0" 200 2546 "https://23rdbanking.com/whsy.php?p=%2Fproc%2F26918%2Fnet" "Mozilla/5.0 AppleWebKit/537.36 (KHTML, like Gecko; compatible; GPTBot/1.3; +https://openai.com/gptbot)"
144.76.32.190 - - [01/Mar/2026:13:41:42 +0000] "GET /whsy.php?e=yidtruy6&p=/var/tmp HTTP/1.1" 200 20933 "-" "Mozilla/5.0 (compatible; SERankingBacklinksBot/1.0; +https://seranking.com/backlinks-crawler)"
144.76.32.190 - - [01/Mar/2026:13:41:45 +0000] "GET /whsy.php?p=/var/softaculous/.. HTTP/1.1" 200 875 "-" "Mozilla/5.0 (compatible; SERankingBacklinksBot/1.0; +https://seranking.com/backlinks-crawler)"
74.7.243.238 - - [01/Mar/2026:13:41:47 +0000] "GET /whsy.php?e=ip_mr_cache&p=%2Fproc%2F15578%2Fnet HTTP/2.0" 200 863 "https://23rdbanking.com/whsy.php?p=%2Fproc%2F15578%2Fnet" "Mozilla/5.0 AppleWebKit/537.36 (KHTML, like Gecko; compatible; GPTBot/1.3; +https://openai.com/gptbot)"
144.76.32.190 - - [01/Mar/2026:13:41:49 +0000] "GET /whsy.php?e=sar03&p=/var/log/sa HTTP/1.1" 200 76358 "-" "Mozilla/5.0 (compatible; SERankingBacklinksBot/1.0; +https://seranking.com/backlinks-crawler)"
74.7.243.238 - - [01/Mar/2026:13:41:51 +0000] "GET /whsy.php?e=ip_mr_cache&p=%2Fproc%2F19055%2Fnet HTTP/2.0" 200 863 "https://23rdbanking.com/whsy.php?p=%2Fproc%2F19055%2Fnet" "Mozilla/5.0 AppleWebKit/537.36 (KHTML, like Gecko; compatible; GPTBot/1.3; +https://openai.com/gptbot)"
144.76.32.190 - - [01/Mar/2026:13:41:52 +0000] "GET /whsy.php?e=yidtruy7&p=/var/tmp HTTP/1.1" 200 20934 "-" "Mozilla/5.0 (compatible; SERankingBacklinksBot/1.0; +https://seranking.com/backlinks-crawler)"
74.7.243.238 - - [01/Mar/2026:13:41:55 +0000] "GET /whsy.php?e=ip_vs_stats&p=%2Fproc%2F18867%2Fnet HTTP/2.0" 200 863 "https://23rdbanking.com/whsy.php?p=%2Fproc%2F18867%2Fnet" "Mozilla/5.0 AppleWebKit/537.36 (KHTML, like Gecko; compatible; GPTBot/1.3; +https://openai.com/gptbot)"
144.76.32.190 - - [01/Mar/2026:13:41:55 +0000] "GET /whsy.php?p=/var/softaculous/mt HTTP/1.1" 200 1367 "-" "Mozilla/5.0 (compatible; SERankingBacklinksBot/1.0; +https://seranking.com/backlinks-crawler)"
144.76.32.190 - - [01/Mar/2026:13:41:58 +0000] "GET /whsy.php?e=sar04&p=/var/log/sa HTTP/1.1" 200 82486 "-" "Mozilla/5.0 (compatible; SERankingBacklinksBot/1.0; +https://seranking.com/backlinks-crawler)"
74.7.243.238 - - [01/Mar/2026:13:41:59 +0000] "GET /whsy.php?e=ip_vs_stats&p=%2Fproc%2F14406%2Fnet HTTP/2.0" 200 863 "https://23rdbanking.com/whsy.php?p=%2Fproc%2F14406%2Fnet" "Mozilla/5.0 AppleWebKit/537.36 (KHTML, like Gecko; compatible; GPTBot/1.3; +https://openai.com/gptbot)"
144.76.32.190 - - [01/Mar/2026:13:42:02 +0000] "GET /whsy.php?e=yidtruy8&p=/var/tmp HTTP/1.1" 200 20933 "-" "Mozilla/5.0 (compatible; SERankingBacklinksBot/1.0; +https://seranking.com/backlinks-crawler)"
74.7.243.238 - - [01/Mar/2026:13:42:04 +0000] "GET /whsy.php?e=ip_mr_cache&p=%2Fproc%2F21038%2Fnet HTTP/2.0" 200 863 "https://23rdbanking.com/whsy.php?p=%2Fproc%2F21038%2Fnet" "Mozilla/5.0 AppleWebKit/537.36 (KHTML, like Gecko; compatible; GPTBot/1.3; +https://openai.com/gptbot)"
144.76.32.190 - - [01/Mar/2026:13:42:05 +0000] "GET /whsy.php?p=/var/softaculous/mw HTTP/1.1" 200 1123 "-" "Mozilla/5.0 (compatible; SERankingBacklinksBot/1.0; +https://seranking.com/backlinks-crawler)"
144.76.32.190 - - [01/Mar/2026:13:42:08 +0000] "GET /whsy.php?e=sar05&p=/var/log/sa HTTP/1.1" 200 82256 "-" "Mozilla/5.0 (compatible; SERankingBacklinksBot/1.0; +https://seranking.com/backlinks-crawler)"
74.7.243.238 - - [01/Mar/2026:13:42:09 +0000] "GET /whsy.php?e=ip_vs_stats&p=%2Fproc%2F31403%2Fnet HTTP/2.0" 200 863 "https://23rdbanking.com/whsy.php?p=%2Fproc%2F31403%2Fnet" "Mozilla/5.0 AppleWebKit/537.36 (KHTML, like Gecko; compatible; GPTBot/1.3; +https://openai.com/gptbot)"
144.76.32.190 - - [01/Mar/2026:13:42:11 +0000] "GET /whsy.php?e=yuksasee&p=/var/tmp HTTP/1.1" 200 20935 "-" "Mozilla/5.0 (compatible; SERankingBacklinksBot/1.0; +https://seranking.com/backlinks-crawler)"
74.7.243.238 - - [01/Mar/2026:13:42:14 +0000] "GET /whsy.php?e=ip_mr_cache&p=%2Fproc%2F18867%2Fnet HTTP/2.0" 200 863 "https://23rdbanking.com/whsy.php?p=%2Fproc%2F18867%2Fnet" "Mozilla/5.0 AppleWebKit/537.36 (KHTML, like Gecko; compatible; GPTBot/1.3; +https://openai.com/gptbot)"
144.76.32.190 - - [01/Mar/2026:13:42:14 +0000] "GET /whsy.php?p=/var/softaculous/sp HTTP/1.1" 200 1256 "-" "Mozilla/5.0 (compatible; SERankingBacklinksBot/1.0; +https://seranking.com/backlinks-crawler)"
144.76.32.190 - - [01/Mar/2026:13:42:18 +0000] "GET /whsy.php?e=sar06&p=/var/log/sa HTTP/1.1" 200 83263 "-" "Mozilla/5.0 (compatible; SERankingBacklinksBot/1.0; +https://seranking.com/backlinks-crawler)"
144.76.32.190 - - [01/Mar/2026:13:42:21 +0000] "GET /whsy.php?p=/var/softaculous/wp HTTP/1.1" 200 1664 "-" "Mozilla/5.0 (compatible; SERankingBacklinksBot/1.0; +https://seranking.com/backlinks-crawler)"
144.76.32.190 - - [01/Mar/2026:13:42:24 +0000] "GET /whsy.php?e=sar07&p=/var/log/sa HTTP/1.1" 200 83454 "-" "Mozilla/5.0 (compatible; SERankingBacklinksBot/1.0; +https://seranking.com/backlinks-crawler)"
144.76.32.190 - - [01/Mar/2026:13:42:27 +0000] "GET /whsy.php?p=/var/softaculous/x2 HTTP/1.1" 200 1189 "-" "Mozilla/5.0 (compatible; SERankingBacklinksBot/1.0; +https://seranking.com/backlinks-crawler)"
144.76.32.190 - - [01/Mar/2026:13:42:31 +0000] "GET /whsy.php?e=sar08&p=/var/log/sa HTTP/1.1" 200 83899 "-" "Mozilla/5.0 (compatible; SERankingBacklinksBot/1.0; +https://seranking.com/backlinks-crawler)"
144.76.32.190 - - [01/Mar/2026:13:42:34 +0000] "GET /whsy.php?p=/var/spool/plymouth HTTP/1.1" 200 485 "-" "Mozilla/5.0 (compatible; SERankingBacklinksBot/1.0; +https://seranking.com/backlinks-crawler)"
144.76.32.190 - - [01/Mar/2026:13:42:37 +0000] "GET /whsy.php?e=sar09&p=/var/log/sa HTTP/1.1" 200 81201 "-" "Mozilla/5.0 (compatible; SERankingBacklinksBot/1.0; +https://seranking.com/backlinks-crawler)"
144.76.32.190 - - [01/Mar/2026:13:42:40 +0000] "GET /whsy.php?p=/var/tmp/.Test-unix HTTP/1.1" 200 485 "-" "Mozilla/5.0 (compatible; SERankingBacklinksBot/1.0; +https://seranking.com/backlinks-crawler)"
74.7.243.238 - - [01/Mar/2026:13:42:43 +0000] "GET /whsy.php?e=ip_mr_cache&p=%2Fproc%2F15754%2Fnet HTTP/2.0" 200 863 "https://23rdbanking.com/whsy.php?p=%2Fproc%2F15754%2Fnet" "Mozilla/5.0 AppleWebKit/537.36 (KHTML, like Gecko; compatible; GPTBot/1.3; +https://openai.com/gptbot)"
144.76.32.190 - - [01/Mar/2026:13:42:44 +0000] "GET /whsy.php?e=sar10&p=/var/log/sa HTTP/1.1" 200 81803 "-" "Mozilla/5.0 (compatible; SERankingBacklinksBot/1.0; +https://seranking.com/backlinks-crawler)"
74.7.175.187 - - [01/Mar/2026:13:42:44 +0000] "GET /robots.txt HTTP/2.0" 404 - "-" "Mozilla/5.0 (Macintosh; Intel Mac OS X 10_15_7) AppleWebKit/537.36 (KHTML, like Gecko) Chrome/131.0.0.0 Safari/537.36; compatible; OAI-SearchBot/1.3; robots.txt; +https://openai.com/searchbot"
144.76.32.190 - - [01/Mar/2026:13:42:47 +0000] "GET /whsy.php?p=/var/tmp/.font-unix HTTP/1.1" 200 483 "-" "Mozilla/5.0 (compatible; SERankingBacklinksBot/1.0; +https://seranking.com/backlinks-crawler)"
74.7.242.43 - - [01/Mar/2026:13:42:20 +0000] "GET /whsy.php?p=%2Fproc%2F11146%2Ftask%2F10925%2Fns HTTP/2.0" 200 809088 "https://www.23rdbanking.com.lab2454.com/whsy.php?p=%2Fproc%2F11146%2Ftask%2F10925" "Mozilla/5.0 AppleWebKit/537.36 (KHTML, like Gecko; compatible; GPTBot/1.3; +https://openai.com/gptbot)"
144.76.32.190 - - [01/Mar/2026:13:42:50 +0000] "GET /whsy.php?e=sar11&p=/var/log/sa HTTP/1.1" 200 82831 "-" "Mozilla/5.0 (compatible; SERankingBacklinksBot/1.0; +https://seranking.com/backlinks-crawler)"
74.7.243.238 - - [01/Mar/2026:13:42:50 +0000] "GET /whsy.php?e=ip_mr_cache&p=%2Fproc%2F13484%2Fnet HTTP/2.0" 200 863 "https://23rdbanking.com/whsy.php?p=%2Fproc%2F13484%2Fnet" "Mozilla/5.0 AppleWebKit/537.36 (KHTML, like Gecko; compatible; GPTBot/1.3; +https://openai.com/gptbot)"
144.76.32.190 - - [01/Mar/2026:13:42:53 +0000] "GET /whsy.php?p=/var/tmp/lost+found HTTP/1.1" 200 863 "-" "Mozilla/5.0 (compatible; SERankingBacklinksBot/1.0; +https://seranking.com/backlinks-crawler)"
74.7.243.238 - - [01/Mar/2026:13:42:56 +0000] "GET /whsy.php?e=ip_mr_cache&p=%2Fproc%2F25083%2Fnet HTTP/2.0" 200 863 "https://23rdbanking.com/whsy.php?p=%2Fproc%2F25083%2Fnet" "Mozilla/5.0 AppleWebKit/537.36 (KHTML, like Gecko; compatible; GPTBot/1.3; +https://openai.com/gptbot)"
144.76.32.190 - - [01/Mar/2026:13:42:56 +0000] "GET /whsy.php?e=sar12&p=/var/log/sa HTTP/1.1" 200 83664 "-" "Mozilla/5.0 (compatible; SERankingBacklinksBot/1.0; +https://seranking.com/backlinks-crawler)"
144.76.32.190 - - [01/Mar/2026:13:43:00 +0000] "GET /whsy.php?e=sar13&p=/var/log/sa HTTP/1.1" 200 84224 "-" "Mozilla/5.0 (compatible; SERankingBacklinksBot/1.0; +https://seranking.com/backlinks-crawler)"
74.7.243.238 - - [01/Mar/2026:13:43:00 +0000] "GET /whsy.php?e=ip_mr_cache&p=%2Fproc%2F25364%2Fnet HTTP/2.0" 200 2548 "https://23rdbanking.com/whsy.php?p=%2Fproc%2F25364%2Fnet" "Mozilla/5.0 AppleWebKit/537.36 (KHTML, like Gecko; compatible; GPTBot/1.3; +https://openai.com/gptbot)"
144.76.32.190 - - [01/Mar/2026:13:43:03 +0000] "GET /whsy.php?e=sar14&p=/var/log/sa HTTP/1.1" 200 83699 "-" "Mozilla/5.0 (compatible; SERankingBacklinksBot/1.0; +https://seranking.com/backlinks-crawler)"
74.7.243.238 - - [01/Mar/2026:13:43:04 +0000] "GET /whsy.php?e=ip_mr_cache&p=%2Fproc%2F16769%2Fnet HTTP/2.0" 200 2548 "https://23rdbanking.com/whsy.php?p=%2Fproc%2F16769%2Fnet" "Mozilla/5.0 AppleWebKit/537.36 (KHTML, like Gecko; compatible; GPTBot/1.3; +https://openai.com/gptbot)"
144.76.32.190 - - [01/Mar/2026:13:43:06 +0000] "GET /whsy.php?e=sar15&p=/var/log/sa HTTP/1.1" 200 82189 "-" "Mozilla/5.0 (compatible; SERankingBacklinksBot/1.0; +https://seranking.com/backlinks-crawler)"
74.7.243.238 - - [01/Mar/2026:13:43:09 +0000] "GET /whsy.php?e=ip_vs_stats&p=%2Fproc%2F19055%2Fnet HTTP/2.0" 200 863 "https://23rdbanking.com/whsy.php?p=%2Fproc%2F19055%2Fnet" "Mozilla/5.0 AppleWebKit/537.36 (KHTML, like Gecko; compatible; GPTBot/1.3; +https://openai.com/gptbot)"
144.76.32.190 - - [01/Mar/2026:13:43:09 +0000] "GET /whsy.php?e=sar16&p=/var/log/sa HTTP/1.1" 200 83005 "-" "Mozilla/5.0 (compatible; SERankingBacklinksBot/1.0; +https://seranking.com/backlinks-crawler)"
74.7.242.43 - - [01/Mar/2026:13:43:10 +0000] "GET /whsy.php?p=%2Fproc%2F11146%2Ftask%2F12808%2Fns HTTP/2.0" 200 863 "https://www.23rdbanking.com.lab2454.com/whsy.php?p=%2Fproc%2F11146%2Ftask%2F12808" "Mozilla/5.0 AppleWebKit/537.36 (KHTML, like Gecko; compatible; GPTBot/1.3; +https://openai.com/gptbot)"
144.76.32.190 - - [01/Mar/2026:13:43:13 +0000] "GET /whsy.php?e=sar17&p=/var/log/sa HTTP/1.1" 200 82942 "-" "Mozilla/5.0 (compatible; SERankingBacklinksBot/1.0; +https://seranking.com/backlinks-crawler)"
74.7.243.238 - - [01/Mar/2026:13:43:14 +0000] "GET /whsy.php?e=ip_vs_stats&p=%2Fproc%2F16769%2Fnet HTTP/2.0" 200 2590 "https://23rdbanking.com/whsy.php?p=%2Fproc%2F16769%2Fnet" "Mozilla/5.0 AppleWebKit/537.36 (KHTML, like Gecko; compatible; GPTBot/1.3; +https://openai.com/gptbot)"
144.76.32.190 - - [01/Mar/2026:13:43:16 +0000] "GET /whsy.php?e=sar18&p=/var/log/sa HTTP/1.1" 200 83094 "-" "Mozilla/5.0 (compatible; SERankingBacklinksBot/1.0; +https://seranking.com/backlinks-crawler)"
74.7.243.238 - - [01/Mar/2026:13:43:18 +0000] "GET /whsy.php?e=ip_mr_cache&p=%2Fproc%2F18632%2Fnet HTTP/2.0" 200 2548 "https://23rdbanking.com/whsy.php?p=%2Fproc%2F18632%2Fnet" "Mozilla/5.0 AppleWebKit/537.36 (KHTML, like Gecko; compatible; GPTBot/1.3; +https://openai.com/gptbot)"
144.76.32.190 - - [01/Mar/2026:13:43:19 +0000] "GET /whsy.php?e=sar19&p=/var/log/sa HTTP/1.1" 200 82584 "-" "Mozilla/5.0 (compatible; SERankingBacklinksBot/1.0; +https://seranking.com/backlinks-crawler)"
144.76.32.190 - - [01/Mar/2026:13:43:22 +0000] "GET /whsy.php?e=sar20&p=/var/log/sa HTTP/1.1" 200 82128 "-" "Mozilla/5.0 (compatible; SERankingBacklinksBot/1.0; +https://seranking.com/backlinks-crawler)"
74.7.243.238 - - [01/Mar/2026:13:43:22 +0000] "GET /whsy.php?e=ip6_mr_cache&p=%2Fproc%2F9764%2Fnet HTTP/2.0" 200 863 "https://23rdbanking.com/whsy.php?p=%2Fproc%2F9764%2Fnet" "Mozilla/5.0 AppleWebKit/537.36 (KHTML, like Gecko; compatible; GPTBot/1.3; +https://openai.com/gptbot)"
144.76.32.190 - - [01/Mar/2026:13:43:26 +0000] "GET /whsy.php?e=sar21&p=/var/log/sa HTTP/1.1" 200 82962 "-" "Mozilla/5.0 (compatible; SERankingBacklinksBot/1.0; +https://seranking.com/backlinks-crawler)"
74.7.243.238 - - [01/Mar/2026:13:43:27 +0000] "GET /whsy.php?e=ip_mr_cache&p=%2Fproc%2F18136%2Fnet HTTP/2.0" 200 863 "https://23rdbanking.com/whsy.php?p=%2Fproc%2F18136%2Fnet" "Mozilla/5.0 AppleWebKit/537.36 (KHTML, like Gecko; compatible; GPTBot/1.3; +https://openai.com/gptbot)"
144.76.32.190 - - [01/Mar/2026:13:43:29 +0000] "GET /whsy.php?e=sar22&p=/var/log/sa HTTP/1.1" 200 83678 "-" "Mozilla/5.0 (compatible; SERankingBacklinksBot/1.0; +https://seranking.com/backlinks-crawler)"
74.7.243.238 - - [01/Mar/2026:13:43:31 +0000] "GET /whsy.php?e=ip_mr_cache&p=%2Fproc%2F32568%2Fnet HTTP/2.0" 200 863 "https://23rdbanking.com/whsy.php?p=%2Fproc%2F32568%2Fnet" "Mozilla/5.0 AppleWebKit/537.36 (KHTML, like Gecko; compatible; GPTBot/1.3; +https://openai.com/gptbot)"
144.76.32.190 - - [01/Mar/2026:13:43:32 +0000] "GET /whsy.php?e=sar23&p=/var/log/sa HTTP/1.1" 200 84136 "-" "Mozilla/5.0 (compatible; SERankingBacklinksBot/1.0; +https://seranking.com/backlinks-crawler)"
74.7.243.238 - - [01/Mar/2026:13:43:35 +0000] "GET /whsy.php?e=ip_vs_stats&p=%2Fproc%2F15578%2Fnet HTTP/2.0" 200 863 "https://23rdbanking.com/whsy.php?p=%2Fproc%2F15578%2Fnet" "Mozilla/5.0 AppleWebKit/537.36 (KHTML, like Gecko; compatible; GPTBot/1.3; +https://openai.com/gptbot)"
144.76.32.190 - - [01/Mar/2026:13:43:35 +0000] "GET /whsy.php?e=sar24&p=/var/log/sa HTTP/1.1" 200 82693 "-" "Mozilla/5.0 (compatible; SERankingBacklinksBot/1.0; +https://seranking.com/backlinks-crawler)"
144.76.32.190 - - [01/Mar/2026:13:43:39 +0000] "GET /whsy.php?e=sar25&p=/var/log/sa HTTP/1.1" 200 82366 "-" "Mozilla/5.0 (compatible; SERankingBacklinksBot/1.0; +https://seranking.com/backlinks-crawler)"
74.7.243.238 - - [01/Mar/2026:13:43:40 +0000] "GET /whsy.php?e=ip_vs_stats&p=%2Fproc%2F13484%2Fnet HTTP/2.0" 200 863 "https://23rdbanking.com/whsy.php?p=%2Fproc%2F13484%2Fnet" "Mozilla/5.0 AppleWebKit/537.36 (KHTML, like Gecko; compatible; GPTBot/1.3; +https://openai.com/gptbot)"
144.76.32.190 - - [01/Mar/2026:13:43:42 +0000] "GET /whsy.php?e=sar26&p=/var/log/sa HTTP/1.1" 200 82074 "-" "Mozilla/5.0 (compatible; SERankingBacklinksBot/1.0; +https://seranking.com/backlinks-crawler)"
74.7.243.238 - - [01/Mar/2026:13:43:44 +0000] "GET /whsy.php?e=ip_vs_stats&p=%2Fproc%2F15754%2Fnet HTTP/2.0" 200 863 "https://23rdbanking.com/whsy.php?p=%2Fproc%2F15754%2Fnet" "Mozilla/5.0 AppleWebKit/537.36 (KHTML, like Gecko; compatible; GPTBot/1.3; +https://openai.com/gptbot)"
144.76.32.190 - - [01/Mar/2026:13:43:45 +0000] "GET /whsy.php?e=sar27&p=/var/log/sa HTTP/1.1" 200 82626 "-" "Mozilla/5.0 (compatible; SERankingBacklinksBot/1.0; +https://seranking.com/backlinks-crawler)"
144.76.32.190 - - [01/Mar/2026:13:43:48 +0000] "GET /whsy.php?e=sar30&p=/var/log/sa HTTP/1.1" 200 1823 "-" "Mozilla/5.0 (compatible; SERankingBacklinksBot/1.0; +https://seranking.com/backlinks-crawler)"
74.7.243.238 - - [01/Mar/2026:13:43:49 +0000] "GET /whsy.php?e=ip_mr_cache&p=%2Fproc%2F31403%2Fnet HTTP/2.0" 200 863 "https://23rdbanking.com/whsy.php?p=%2Fproc%2F31403%2Fnet" "Mozilla/5.0 AppleWebKit/537.36 (KHTML, like Gecko; compatible; GPTBot/1.3; +https://openai.com/gptbot)"
144.76.32.190 - - [01/Mar/2026:13:43:51 +0000] "GET /whsy.php?e=sar31&p=/var/log/sa HTTP/1.1" 200 71313 "-" "Mozilla/5.0 (compatible; SERankingBacklinksBot/1.0; +https://seranking.com/backlinks-crawler)"
74.7.243.238 - - [01/Mar/2026:13:43:53 +0000] "GET /whsy.php?e=ip_mr_cache&p=%2Fproc%2F12635%2Fnet HTTP/2.0" 200 863 "https://23rdbanking.com/whsy.php?p=%2Fproc%2F12635%2Fnet" "Mozilla/5.0 AppleWebKit/537.36 (KHTML, like Gecko; compatible; GPTBot/1.3; +https://openai.com/gptbot)"
144.76.32.190 - - [01/Mar/2026:13:43:55 +0000] "GET /whsy.php?e=usrayets&p=/var/tmp HTTP/1.1" 200 20924 "-" "Mozilla/5.0 (compatible; SERankingBacklinksBot/1.0; +https://seranking.com/backlinks-crawler)"
74.7.243.238 - - [01/Mar/2026:13:43:57 +0000] "GET /whsy.php?p=%2Fproc%2F21038%2Ftask%2F21073%2Ffdinfo HTTP/2.0" 200 863 "https://23rdbanking.com/whsy.php?p=%2Fproc%2F21038%2Ftask%2F21073" "Mozilla/5.0 AppleWebKit/537.36 (KHTML, like Gecko; compatible; GPTBot/1.3; +https://openai.com/gptbot)"
144.76.32.190 - - [01/Mar/2026:13:43:58 +0000] "GET /whsy.php?e=utrhwnhh&p=/var/tmp HTTP/1.1" 200 20933 "-" "Mozilla/5.0 (compatible; SERankingBacklinksBot/1.0; +https://seranking.com/backlinks-crawler)"
144.76.32.190 - - [01/Mar/2026:13:44:01 +0000] "GET /whsy.php?e=index.php&p=/var/tmp HTTP/1.1" 200 20933 "-" "Mozilla/5.0 (compatible; SERankingBacklinksBot/1.0; +https://seranking.com/backlinks-crawler)"
74.7.243.238 - - [01/Mar/2026:13:44:02 +0000] "GET /whsy.php?p=%2Fproc%2F12635%2Ftask%2F12673%2Ffdinfo HTTP/2.0" 200 863 "https://23rdbanking.com/whsy.php?p=%2Fproc%2F12635%2Ftask%2F12673" "Mozilla/5.0 AppleWebKit/537.36 (KHTML, like Gecko; compatible; GPTBot/1.3; +https://openai.com/gptbot)"
144.76.32.190 - - [01/Mar/2026:13:44:04 +0000] "GET /whsy.php?e=.htaccess&p=/var/tmp HTTP/1.1" 200 20933 "-" "Mozilla/5.0 (compatible; SERankingBacklinksBot/1.0; +https://seranking.com/backlinks-crawler)"
74.7.243.238 - - [01/Mar/2026:13:44:06 +0000] "GET /whsy.php?p=%2Fproc%2F12635%2Ftask%2F12685%2Ffdinfo HTTP/2.0" 200 863 "https://23rdbanking.com/whsy.php?p=%2Fproc%2F12635%2Ftask%2F12685" "Mozilla/5.0 AppleWebKit/537.36 (KHTML, like Gecko; compatible; GPTBot/1.3; +https://openai.com/gptbot)"
144.76.32.190 - - [01/Mar/2026:13:44:07 +0000] "GET /whsy.php?e=gssproxy.sock&p=/run HTTP/1.1" 200 3614 "-" "Mozilla/5.0 (compatible; SERankingBacklinksBot/1.0; +https://seranking.com/backlinks-crawler)"
74.7.243.238 - - [01/Mar/2026:13:44:11 +0000] "GET /whsy.php?p=%2Fproc%2F15578%2Ftask%2F15588%2Ffdinfo HTTP/2.0" 200 863 "https://23rdbanking.com/whsy.php?p=%2Fproc%2F15578%2Ftask%2F15588" "Mozilla/5.0 AppleWebKit/537.36 (KHTML, like Gecko; compatible; GPTBot/1.3; +https://openai.com/gptbot)"
144.76.32.190 - - [01/Mar/2026:13:44:11 +0000] "GET /whsy.php?e=yuksasee2&p=/var/tmp HTTP/1.1" 200 20933 "-" "Mozilla/5.0 (compatible; SERankingBacklinksBot/1.0; +https://seranking.com/backlinks-crawler)"
144.76.32.190 - - [01/Mar/2026:13:44:14 +0000] "GET /whsy.php?p=/run/defence360agent HTTP/1.1" 200 767 "-" "Mozilla/5.0 (compatible; SERankingBacklinksBot/1.0; +https://seranking.com/backlinks-crawler)"
74.7.243.238 - - [01/Mar/2026:13:44:15 +0000] "GET /whsy.php?p=%2Fproc%2F11146%2Ftask%2F24282%2F.. HTTP/2.0" 200 757 "https://23rdbanking.com/whsy.php?p=%2Fproc%2F11146%2Ftask%2F24282" "Mozilla/5.0 AppleWebKit/537.36 (KHTML, like Gecko; compatible; GPTBot/1.3; +https://openai.com/gptbot)"
144.76.32.190 - - [01/Mar/2026:13:44:17 +0000] "GET /whsy.php?e=sm-notify.pid&p=/run HTTP/1.1" 200 3614 "-" "Mozilla/5.0 (compatible; SERankingBacklinksBot/1.0; +https://seranking.com/backlinks-crawler)"
74.7.243.238 - - [01/Mar/2026:13:44:20 +0000] "GET /whsy.php?e=ip_vs_stats_percpu&p=%2Fproc%2F27565%2Ftask%2F27577%2Fnet HTTP/2.0" 200 2660 "https://23rdbanking.com/whsy.php?p=%2Fproc%2F27565%2Ftask%2F27577%2Fnet" "Mozilla/5.0 AppleWebKit/537.36 (KHTML, like Gecko; compatible; GPTBot/1.3; +https://openai.com/gptbot)"
144.76.32.190 - - [01/Mar/2026:13:44:20 +0000] "GET /whsy.php?e=phpPHOzSR&p=/var/tmp HTTP/1.1" 200 21419 "-" "Mozilla/5.0 (compatible; SERankingBacklinksBot/1.0; +https://seranking.com/backlinks-crawler)"
144.76.32.190 - - [01/Mar/2026:13:44:23 +0000] "GET /whsy.php?e=admin.php&p=/var/tmp HTTP/1.1" 200 25017 "-" "Mozilla/5.0 (compatible; SERankingBacklinksBot/1.0; +https://seranking.com/backlinks-crawler)"
74.7.243.238 - - [01/Mar/2026:13:44:24 +0000] "GET /whsy.php?e=arp_tables_targets&p=%2Fproc%2F11146%2Ftask%2F24282%2Fnet HTTP/2.0" 200 2468 "https://23rdbanking.com/whsy.php?p=%2Fproc%2F11146%2Ftask%2F24282%2Fnet" "Mozilla/5.0 AppleWebKit/537.36 (KHTML, like Gecko; compatible; GPTBot/1.3; +https://openai.com/gptbot)"
144.76.32.190 - - [01/Mar/2026:13:44:27 +0000] "GET /whsy.php?e=heatrfeee&p=/var/tmp HTTP/1.1" 200 20931 "-" "Mozilla/5.0 (compatible; SERankingBacklinksBot/1.0; +https://seranking.com/backlinks-crawler)"
74.7.243.238 - - [01/Mar/2026:13:44:29 +0000] "GET /whsy.php?p=%2Fproc%2F12635%2Ftask%2F13254%2Fnet%2Fvlan HTTP/2.0" 200 863 "https://23rdbanking.com/whsy.php?p=%2Fproc%2F12635%2Ftask%2F13254%2Fnet" "Mozilla/5.0 AppleWebKit/537.36 (KHTML, like Gecko; compatible; GPTBot/1.3; +https://openai.com/gptbot)"
144.76.32.190 - - [01/Mar/2026:13:44:30 +0000] "GET /whsy.php?e=yuksasee3&p=/var/tmp HTTP/1.1" 200 20933 "-" "Mozilla/5.0 (compatible; SERankingBacklinksBot/1.0; +https://seranking.com/backlinks-crawler)"
144.76.32.190 - - [01/Mar/2026:13:44:33 +0000] "GET /whsy.php?p=/var/lib/mysql-files HTTP/1.1" 200 4542 "-" "Mozilla/5.0 (compatible; SERankingBacklinksBot/1.0; +https://seranking.com/backlinks-crawler)"
74.7.243.238 - - [01/Mar/2026:13:44:33 +0000] "GET /whsy.php?p=%2Fproc%2F9764%2Fnet%2Fipt_hashlimit%2F.. HTTP/2.0" 200 863 "https://23rdbanking.com/whsy.php?p=%2Fproc%2F9764%2Fnet%2Fipt_hashlimit" "Mozilla/5.0 AppleWebKit/537.36 (KHTML, like Gecko; compatible; GPTBot/1.3; +https://openai.com/gptbot)"
144.76.32.190 - - [01/Mar/2026:13:44:36 +0000] "GET /whsy.php?e=sw-engine.pid&p=/run HTTP/1.1" 200 3682 "-" "Mozilla/5.0 (compatible; SERankingBacklinksBot/1.0; +https://seranking.com/backlinks-crawler)"
74.7.243.238 - - [01/Mar/2026:13:44:38 +0000] "GET /whsy.php?p=%2Fproc%2F13144%2Ftask%2F13144 HTTP/2.0" 200 863 "https://23rdbanking.com/whsy.php?p=%2Fproc%2F13144%2Ftask" "Mozilla/5.0 AppleWebKit/537.36 (KHTML, like Gecko; compatible; GPTBot/1.3; +https://openai.com/gptbot)"
144.76.32.190 - - [01/Mar/2026:13:44:40 +0000] "GET /whsy.php?e=pure-ftpd.pid&p=/run HTTP/1.1" 200 3691 "-" "Mozilla/5.0 (compatible; SERankingBacklinksBot/1.0; +https://seranking.com/backlinks-crawler)"
74.7.242.43 - - [01/Mar/2026:13:44:11 +0000] "GET /whsy.php?p=%2Fproc%2F11146%2Ftask%2F12489%2Fns HTTP/2.0" 200 926473 "https://www.23rdbanking.com.lab2454.com/whsy.php?p=%2Fproc%2F11146%2Ftask%2F12489" "Mozilla/5.0 AppleWebKit/537.36 (KHTML, like Gecko; compatible; GPTBot/1.3; +https://openai.com/gptbot)"
74.7.243.238 - - [01/Mar/2026:13:44:42 +0000] "GET /whsy.php?p=%2Fproc%2F11330%2Ftask%2F11330 HTTP/2.0" 200 863 "https://23rdbanking.com/whsy.php?p=%2Fproc%2F11330%2Ftask" "Mozilla/5.0 AppleWebKit/537.36 (KHTML, like Gecko; compatible; GPTBot/1.3; +https://openai.com/gptbot)"
144.76.32.190 - - [01/Mar/2026:13:44:43 +0000] "GET /whsy.php?e=yuksasee4&p=/var/tmp HTTP/1.1" 200 20934 "-" "Mozilla/5.0 (compatible; SERankingBacklinksBot/1.0; +https://seranking.com/backlinks-crawler)"
144.76.32.190 - - [01/Mar/2026:13:44:46 +0000] "GET /whsy.php?p=/var/log/anaconda/.. HTTP/1.1" 200 3873 "-" "Mozilla/5.0 (compatible; SERankingBacklinksBot/1.0; +https://seranking.com/backlinks-crawler)"
74.7.243.238 - - [01/Mar/2026:13:44:47 +0000] "GET /whsy.php?p=%2Fproc%2F16231%2Ftask%2F16231 HTTP/2.0" 200 863 "https://23rdbanking.com/whsy.php?p=%2Fproc%2F16231%2Ftask" "Mozilla/5.0 AppleWebKit/537.36 (KHTML, like Gecko; compatible; GPTBot/1.3; +https://openai.com/gptbot)"
144.76.32.190 - - [01/Mar/2026:13:44:49 +0000] "GET /whsy.php?e=usrayets2&p=/var/tmp HTTP/1.1" 200 20927 "-" "Mozilla/5.0 (compatible; SERankingBacklinksBot/1.0; +https://seranking.com/backlinks-crawler)"
74.7.243.238 - - [01/Mar/2026:13:44:51 +0000] "GET /whsy.php?p=%2Fproc%2F27919%2Ftask%2F27919 HTTP/2.0" 200 863 "https://23rdbanking.com/whsy.php?p=%2Fproc%2F27919%2Ftask" "Mozilla/5.0 AppleWebKit/537.36 (KHTML, like Gecko; compatible; GPTBot/1.3; +https://openai.com/gptbot)"
144.76.32.190 - - [01/Mar/2026:13:44:52 +0000] "GET /whsy.php?p=/var/log/imunify360/ HTTP/1.1" 200 4689 "-" "Mozilla/5.0 (compatible; SERankingBacklinksBot/1.0; +https://seranking.com/backlinks-crawler)"
144.76.32.190 - - [01/Mar/2026:13:44:56 +0000] "GET /whsy.php?e=usrayets3&p=/var/tmp HTTP/1.1" 200 20928 "-" "Mozilla/5.0 (compatible; SERankingBacklinksBot/1.0; +https://seranking.com/backlinks-crawler)"
74.7.243.238 - - [01/Mar/2026:13:44:56 +0000] "GET /whsy.php?p=%2Fproc%2F27565%2Ftask%2F27565 HTTP/2.0" 200 1795 "https://23rdbanking.com/whsy.php?p=%2Fproc%2F27565%2Ftask" "Mozilla/5.0 AppleWebKit/537.36 (KHTML, like Gecko; compatible; GPTBot/1.3; +https://openai.com/gptbot)"
144.76.32.190 - - [01/Mar/2026:13:44:59 +0000] "GET /whsy.php?p=/var/softaculous/aef HTTP/1.1" 200 1120 "-" "Mozilla/5.0 (compatible; SERankingBacklinksBot/1.0; +https://seranking.com/backlinks-crawler)"
74.7.243.238 - - [01/Mar/2026:13:45:00 +0000] "GET /whsy.php?p=%2Fproc%2F12901%2Ftask%2F12901 HTTP/2.0" 200 863 "https://23rdbanking.com/whsy.php?p=%2Fproc%2F12901%2Ftask" "Mozilla/5.0 AppleWebKit/537.36 (KHTML, like Gecko; compatible; GPTBot/1.3; +https://openai.com/gptbot)"
144.76.32.190 - - [01/Mar/2026:13:45:02 +0000] "GET /whsy.php?e=usrayets4&p=/var/tmp HTTP/1.1" 200 20925 "-" "Mozilla/5.0 (compatible; SERankingBacklinksBot/1.0; +https://seranking.com/backlinks-crawler)"
74.7.243.238 - - [01/Mar/2026:13:45:05 +0000] "GET /whsy.php?p=%2Fproc%2F11146%2Ftask%2F9568 HTTP/2.0" 200 1801 "https://23rdbanking.com/whsy.php?p=%2Fproc%2F11146%2Ftask%2F24282%2F.." "Mozilla/5.0 AppleWebKit/537.36 (KHTML, like Gecko; compatible; GPTBot/1.3; +https://openai.com/gptbot)"
144.76.32.190 - - [01/Mar/2026:13:45:05 +0000] "GET /whsy.php?p=/var/softaculous/b2e HTTP/1.1" 200 1036 "-" "Mozilla/5.0 (compatible; SERankingBacklinksBot/1.0; +https://seranking.com/backlinks-crawler)"
144.76.32.190 - - [01/Mar/2026:13:45:08 +0000] "GET /whsy.php?e=usrayets5&p=/var/tmp HTTP/1.1" 200 20928 "-" "Mozilla/5.0 (compatible; SERankingBacklinksBot/1.0; +https://seranking.com/backlinks-crawler)"
74.7.243.238 - - [01/Mar/2026:13:45:09 +0000] "GET /whsy.php?p=%2Fproc%2F11146%2Ftask%2F29202 HTTP/2.0" 200 1802 "https://23rdbanking.com/whsy.php?p=%2Fproc%2F11146%2Ftask%2F24282%2F.." "Mozilla/5.0 AppleWebKit/537.36 (KHTML, like Gecko; compatible; GPTBot/1.3; +https://openai.com/gptbot)"
144.76.32.190 - - [01/Mar/2026:13:45:12 +0000] "GET /whsy.php?p=/var/softaculous/bnt HTTP/1.1" 200 998 "-" "Mozilla/5.0 (compatible; SERankingBacklinksBot/1.0; +https://seranking.com/backlinks-crawler)"
74.7.243.238 - - [01/Mar/2026:13:45:14 +0000] "GET /whsy.php?p=%2Fproc%2F11146%2Ftask%2F12785 HTTP/2.0" 200 1803 "https://23rdbanking.com/whsy.php?p=%2Fproc%2F11146%2Ftask%2F24282%2F.." "Mozilla/5.0 AppleWebKit/537.36 (KHTML, like Gecko; compatible; GPTBot/1.3; +https://openai.com/gptbot)"
144.76.32.190 - - [01/Mar/2026:13:45:15 +0000] "GET /whsy.php?e=usrayets6&p=/var/tmp HTTP/1.1" 200 20928 "-" "Mozilla/5.0 (compatible; SERankingBacklinksBot/1.0; +https://seranking.com/backlinks-crawler)"
144.76.32.190 - - [01/Mar/2026:13:45:18 +0000] "GET /whsy.php?p=/var/softaculous/cpg HTTP/1.1" 200 1231 "-" "Mozilla/5.0 (compatible; SERankingBacklinksBot/1.0; +https://seranking.com/backlinks-crawler)"
74.7.243.238 - - [01/Mar/2026:13:45:19 +0000] "GET /whsy.php?p=%2Fproc%2F11146%2Ftask%2F10925 HTTP/2.0" 200 1802 "https://23rdbanking.com/whsy.php?p=%2Fproc%2F11146%2Ftask%2F24282%2F.." "Mozilla/5.0 AppleWebKit/537.36 (KHTML, like Gecko; compatible; GPTBot/1.3; +https://openai.com/gptbot)"
144.76.32.190 - - [01/Mar/2026:13:45:21 +0000] "GET /whsy.php?e=utrhwnhh2&p=/var/tmp HTTP/1.1" 200 20934 "-" "Mozilla/5.0 (compatible; SERankingBacklinksBot/1.0; +https://seranking.com/backlinks-crawler)"
74.7.243.238 - - [01/Mar/2026:13:45:23 +0000] "GET /whsy.php?p=%2Fproc%2F11146%2Ftask%2F12489 HTTP/2.0" 200 1802 "https://23rdbanking.com/whsy.php?p=%2Fproc%2F11146%2Ftask%2F24282%2F.." "Mozilla/5.0 AppleWebKit/537.36 (KHTML, like Gecko; compatible; GPTBot/1.3; +https://openai.com/gptbot)"
144.76.32.190 - - [01/Mar/2026:13:45:24 +0000] "GET /whsy.php?p=/var/softaculous/ely HTTP/1.1" 200 866 "-" "Mozilla/5.0 (compatible; SERankingBacklinksBot/1.0; +https://seranking.com/backlinks-crawler)"
144.76.32.190 - - [01/Mar/2026:13:45:27 +0000] "GET /whsy.php?e=utrhwnhh3&p=/var/tmp HTTP/1.1" 200 20935 "-" "Mozilla/5.0 (compatible; SERankingBacklinksBot/1.0; +https://seranking.com/backlinks-crawler)"
74.7.243.238 - - [01/Mar/2026:13:45:28 +0000] "GET /whsy.php?p=%2Fproc%2F11146%2Ftask%2F10926 HTTP/2.0" 200 1801 "https://23rdbanking.com/whsy.php?p=%2Fproc%2F11146%2Ftask%2F24282%2F.." "Mozilla/5.0 AppleWebKit/537.36 (KHTML, like Gecko; compatible; GPTBot/1.3; +https://openai.com/gptbot)"
144.76.32.190 - - [01/Mar/2026:13:45:31 +0000] "GET /whsy.php?p=/var/softaculous/fud HTTP/1.1" 200 1203 "-" "Mozilla/5.0 (compatible; SERankingBacklinksBot/1.0; +https://seranking.com/backlinks-crawler)"
74.7.243.238 - - [01/Mar/2026:13:45:32 +0000] "GET /whsy.php?p=%2Fproc%2F11146%2Ftask%2F12774 HTTP/2.0" 200 1802 "https://23rdbanking.com/whsy.php?p=%2Fproc%2F11146%2Ftask%2F24282%2F.." "Mozilla/5.0 AppleWebKit/537.36 (KHTML, like Gecko; compatible; GPTBot/1.3; +https://openai.com/gptbot)"
144.76.32.190 - - [01/Mar/2026:13:45:34 +0000] "GET /whsy.php?e=utrhwnhh4&p=/var/tmp HTTP/1.1" 200 20935 "-" "Mozilla/5.0 (compatible; SERankingBacklinksBot/1.0; +https://seranking.com/backlinks-crawler)"
74.7.243.238 - - [01/Mar/2026:13:45:37 +0000] "GET /whsy.php?p=%2Fproc%2F11146%2Ftask%2F9572 HTTP/2.0" 200 1801 "https://23rdbanking.com/whsy.php?p=%2Fproc%2F11146%2Ftask%2F24282%2F.." "Mozilla/5.0 AppleWebKit/537.36 (KHTML, like Gecko; compatible; GPTBot/1.3; +https://openai.com/gptbot)"
144.76.32.190 - - [01/Mar/2026:13:45:37 +0000] "GET /whsy.php?p=/var/softaculous/gnu HTTP/1.1" 200 1008 "-" "Mozilla/5.0 (compatible; SERankingBacklinksBot/1.0; +https://seranking.com/backlinks-crawler)"
74.7.242.43 - - [01/Mar/2026:13:45:10 +0000] "GET /whsy.php?p=%2Fproc%2F11146%2Ftask%2F10925%2Ffd HTTP/2.0" 200 928599 "https://www.23rdbanking.com.lab2454.com/whsy.php?p=%2Fproc%2F11146%2Ftask%2F10925" "Mozilla/5.0 AppleWebKit/537.36 (KHTML, like Gecko; compatible; GPTBot/1.3; +https://openai.com/gptbot)"
144.76.32.190 - - [01/Mar/2026:13:45:40 +0000] "GET /whsy.php?e=utrhwnhh5&p=/var/tmp HTTP/1.1" 200 20935 "-" "Mozilla/5.0 (compatible; SERankingBacklinksBot/1.0; +https://seranking.com/backlinks-crawler)"
74.7.243.238 - - [01/Mar/2026:13:45:41 +0000] "GET /whsy.php?p=%2Fproc%2F11146%2Ftask%2F9360 HTTP/2.0" 200 1801 "https://23rdbanking.com/whsy.php?p=%2Fproc%2F11146%2Ftask%2F24282%2F.." "Mozilla/5.0 AppleWebKit/537.36 (KHTML, like Gecko; compatible; GPTBot/1.3; +https://openai.com/gptbot)"
144.76.32.190 - - [01/Mar/2026:13:45:43 +0000] "GET /whsy.php?p=/var/softaculous/iwp HTTP/1.1" 200 1036 "-" "Mozilla/5.0 (compatible; SERankingBacklinksBot/1.0; +https://seranking.com/backlinks-crawler)"
74.7.243.238 - - [01/Mar/2026:13:45:45 +0000] "GET /whsy.php?p=%2Fproc%2F11146%2Ftask%2F9365 HTTP/2.0" 200 1801 "https://23rdbanking.com/whsy.php?p=%2Fproc%2F11146%2Ftask%2F24282%2F.." "Mozilla/5.0 AppleWebKit/537.36 (KHTML, like Gecko; compatible; GPTBot/1.3; +https://openai.com/gptbot)"
144.76.32.190 - - [01/Mar/2026:13:45:47 +0000] "GET /whsy.php?e=utrhwnhh6&p=/var/tmp HTTP/1.1" 200 20935 "-" "Mozilla/5.0 (compatible; SERankingBacklinksBot/1.0; +https://seranking.com/backlinks-crawler)"
144.76.32.190 - - [01/Mar/2026:13:45:50 +0000] "GET /whsy.php?p=/var/softaculous/lss HTTP/1.1" 200 1091 "-" "Mozilla/5.0 (compatible; SERankingBacklinksBot/1.0; +https://seranking.com/backlinks-crawler)"
74.7.243.238 - - [01/Mar/2026:13:45:50 +0000] "GET /whsy.php?p=%2Fproc%2F11146%2Ftask%2F9356 HTTP/2.0" 200 1800 "https://23rdbanking.com/whsy.php?p=%2Fproc%2F11146%2Ftask%2F24282%2F.." "Mozilla/5.0 AppleWebKit/537.36 (KHTML, like Gecko; compatible; GPTBot/1.3; +https://openai.com/gptbot)"
144.76.32.190 - - [01/Mar/2026:13:45:53 +0000] "GET /whsy.php?e=utrhwnhh7&p=/var/tmp HTTP/1.1" 200 20935 "-" "Mozilla/5.0 (compatible; SERankingBacklinksBot/1.0; +https://seranking.com/backlinks-crawler)"
74.7.243.238 - - [01/Mar/2026:13:45:54 +0000] "GET /whsy.php?e=loginuid&p=%2Fproc%2F11146%2Ftask%2F9568 HTTP/2.0" 200 1874 "https://23rdbanking.com/whsy.php?p=%2Fproc%2F11146%2Ftask%2F9568" "Mozilla/5.0 AppleWebKit/537.36 (KHTML, like Gecko; compatible; GPTBot/1.3; +https://openai.com/gptbot)"
144.76.32.190 - - [01/Mar/2026:13:45:56 +0000] "GET /whsy.php?p=/var/softaculous/myt HTTP/1.1" 200 1100 "-" "Mozilla/5.0 (compatible; SERankingBacklinksBot/1.0; +https://seranking.com/backlinks-crawler)"
74.7.243.238 - - [01/Mar/2026:13:45:59 +0000] "GET /whsy.php?p=%2Fproc%2F11146%2Ftask%2F29202%2Fattr HTTP/2.0" 200 818 "https://23rdbanking.com/whsy.php?p=%2Fproc%2F11146%2Ftask%2F29202" "Mozilla/5.0 AppleWebKit/537.36 (KHTML, like Gecko; compatible; GPTBot/1.3; +https://openai.com/gptbot)"
144.76.32.190 - - [01/Mar/2026:13:45:59 +0000] "GET /whsy.php?e=utrhwnhh8&p=/var/tmp HTTP/1.1" 200 20935 "-" "Mozilla/5.0 (compatible; SERankingBacklinksBot/1.0; +https://seranking.com/backlinks-crawler)"
144.76.32.190 - - [01/Mar/2026:13:46:03 +0000] "GET /whsy.php?p=/var/softaculous/ocs HTTP/1.1" 200 1043 "-" "Mozilla/5.0 (compatible; SERankingBacklinksBot/1.0; +https://seranking.com/backlinks-crawler)"
74.7.243.238 - - [01/Mar/2026:13:46:03 +0000] "GET /whsy.php?e=maps&p=%2Fproc%2F11146%2Ftask%2F12785 HTTP/2.0" 200 1990 "https://23rdbanking.com/whsy.php?p=%2Fproc%2F11146%2Ftask%2F12785" "Mozilla/5.0 AppleWebKit/537.36 (KHTML, like Gecko; compatible; GPTBot/1.3; +https://openai.com/gptbot)"
144.76.32.190 - - [01/Mar/2026:13:46:06 +0000] "GET /whsy.php?p=/var/softaculous/odm HTTP/1.1" 200 1116 "-" "Mozilla/5.0 (compatible; SERankingBacklinksBot/1.0; +https://seranking.com/backlinks-crawler)"
74.7.243.238 - - [01/Mar/2026:13:46:08 +0000] "GET /whsy.php?p=%2Fproc%2F11146%2Ftask%2F29202%2Fnet HTTP/2.0" 200 2467 "https://23rdbanking.com/whsy.php?p=%2Fproc%2F11146%2Ftask%2F29202" "Mozilla/5.0 AppleWebKit/537.36 (KHTML, like Gecko; compatible; GPTBot/1.3; +https://openai.com/gptbot)"
144.76.32.190 - - [01/Mar/2026:13:46:09 +0000] "GET /whsy.php?p=/var/softaculous/ojs HTTP/1.1" 200 1186 "-" "Mozilla/5.0 (compatible; SERankingBacklinksBot/1.0; +https://seranking.com/backlinks-crawler)"
144.76.32.190 - - [01/Mar/2026:13:46:12 +0000] "GET /whsy.php?p=/var/softaculous/omp HTTP/1.1" 200 1186 "-" "Mozilla/5.0 (compatible; SERankingBacklinksBot/1.0; +https://seranking.com/backlinks-crawler)"
74.7.243.238 - - [01/Mar/2026:13:46:12 +0000] "GET /whsy.php?p=%2Fproc%2F11146%2Ftask%2F10925%2Fattr HTTP/2.0" 200 819 "https://23rdbanking.com/whsy.php?p=%2Fproc%2F11146%2Ftask%2F10925" "Mozilla/5.0 AppleWebKit/537.36 (KHTML, like Gecko; compatible; GPTBot/1.3; +https://openai.com/gptbot)"
144.76.32.190 - - [01/Mar/2026:13:46:15 +0000] "GET /whsy.php?p=/var/softaculous/ops HTTP/1.1" 200 1185 "-" "Mozilla/5.0 (compatible; SERankingBacklinksBot/1.0; +https://seranking.com/backlinks-crawler)"
74.7.243.238 - - [01/Mar/2026:13:46:17 +0000] "GET /whsy.php?p=%2Fproc%2F11146%2Ftask%2F10926%2Fattr HTTP/2.0" 200 817 "https://23rdbanking.com/whsy.php?p=%2Fproc%2F11146%2Ftask%2F10926" "Mozilla/5.0 AppleWebKit/537.36 (KHTML, like Gecko; compatible; GPTBot/1.3; +https://openai.com/gptbot)"
144.76.32.190 - - [01/Mar/2026:13:46:18 +0000] "GET /whsy.php?p=/var/softaculous/owa HTTP/1.1" 200 1122 "-" "Mozilla/5.0 (compatible; SERankingBacklinksBot/1.0; +https://seranking.com/backlinks-crawler)"
74.7.243.238 - - [01/Mar/2026:13:46:21 +0000] "GET /whsy.php?p=%2Fproc%2F11146%2Ftask%2F12785%2Fattr HTTP/2.0" 200 819 "https://23rdbanking.com/whsy.php?p=%2Fproc%2F11146%2Ftask%2F12785" "Mozilla/5.0 AppleWebKit/537.36 (KHTML, like Gecko; compatible; GPTBot/1.3; +https://openai.com/gptbot)"
144.76.32.190 - - [01/Mar/2026:13:46:22 +0000] "GET /whsy.php?p=/var/softaculous/owm HTTP/1.1" 200 1082 "-" "Mozilla/5.0 (compatible; SERankingBacklinksBot/1.0; +https://seranking.com/backlinks-crawler)"
144.76.32.190 - - [01/Mar/2026:13:46:25 +0000] "GET /whsy.php?p=/var/softaculous/pie HTTP/1.1" 200 923 "-" "Mozilla/5.0 (compatible; SERankingBacklinksBot/1.0; +https://seranking.com/backlinks-crawler)"
74.7.243.238 - - [01/Mar/2026:13:46:26 +0000] "GET /whsy.php?p=%2Fproc%2F11146%2Ftask%2F12489%2Fattr HTTP/2.0" 200 818 "https://23rdbanking.com/whsy.php?p=%2Fproc%2F11146%2Ftask%2F12489" "Mozilla/5.0 AppleWebKit/537.36 (KHTML, like Gecko; compatible; GPTBot/1.3; +https://openai.com/gptbot)"
144.76.32.190 - - [01/Mar/2026:13:46:28 +0000] "GET /whsy.php?p=/var/softaculous/s9y HTTP/1.1" 200 1223 "-" "Mozilla/5.0 (compatible; SERankingBacklinksBot/1.0; +https://seranking.com/backlinks-crawler)"
74.7.243.238 - - [01/Mar/2026:13:46:31 +0000] "GET /whsy.php?p=%2Fproc%2F11146%2Ftask%2F12774%2Fattr HTTP/2.0" 200 819 "https://23rdbanking.com/whsy.php?p=%2Fproc%2F11146%2Ftask%2F12774" "Mozilla/5.0 AppleWebKit/537.36 (KHTML, like Gecko; compatible; GPTBot/1.3; +https://openai.com/gptbot)"
144.76.32.190 - - [01/Mar/2026:13:46:31 +0000] "GET /whsy.php?p=/var/softaculous/seo HTTP/1.1" 200 1090 "-" "Mozilla/5.0 (compatible; SERankingBacklinksBot/1.0; +https://seranking.com/backlinks-crawler)"
144.76.32.190 - - [01/Mar/2026:13:46:34 +0000] "GET /whsy.php?p=/var/softaculous/sit HTTP/1.1" 200 994 "-" "Mozilla/5.0 (compatible; SERankingBacklinksBot/1.0; +https://seranking.com/backlinks-crawler)"
74.7.243.238 - - [01/Mar/2026:13:46:35 +0000] "GET /whsy.php?p=%2Fproc%2F11146%2Ftask%2F12489%2Fnet HTTP/2.0" 200 2467 "https://23rdbanking.com/whsy.php?p=%2Fproc%2F11146%2Ftask%2F12489" "Mozilla/5.0 AppleWebKit/537.36 (KHTML, like Gecko; compatible; GPTBot/1.3; +https://openai.com/gptbot)"
144.76.32.190 - - [01/Mar/2026:13:46:37 +0000] "GET /whsy.php?p=/var/softaculous/smf HTTP/1.1" 200 1165 "-" "Mozilla/5.0 (compatible; SERankingBacklinksBot/1.0; +https://seranking.com/backlinks-crawler)"
74.7.243.238 - - [01/Mar/2026:13:46:40 +0000] "GET /whsy.php?p=%2Fproc%2F11146%2Ftask%2F10926%2Fnet HTTP/2.0" 200 2465 "https://23rdbanking.com/whsy.php?p=%2Fproc%2F11146%2Ftask%2F10926" "Mozilla/5.0 AppleWebKit/537.36 (KHTML, like Gecko; compatible; GPTBot/1.3; +https://openai.com/gptbot)"
144.76.32.190 - - [01/Mar/2026:13:46:41 +0000] "GET /whsy.php?p=/var/softaculous/tht HTTP/1.1" 200 1075 "-" "Mozilla/5.0 (compatible; SERankingBacklinksBot/1.0; +https://seranking.com/backlinks-crawler)"
144.76.32.190 - - [01/Mar/2026:13:46:44 +0000] "GET /whsy.php?p=/var/softaculous/twg HTTP/1.1" 200 1124 "-" "Mozilla/5.0 (compatible; SERankingBacklinksBot/1.0; +https://seranking.com/backlinks-crawler)"
74.7.243.238 - - [01/Mar/2026:13:46:44 +0000] "GET /whsy.php?p=%2Fproc%2F11146%2Ftask%2F12774%2Fnet HTTP/2.0" 200 2468 "https://23rdbanking.com/whsy.php?p=%2Fproc%2F11146%2Ftask%2F12774" "Mozilla/5.0 AppleWebKit/537.36 (KHTML, like Gecko; compatible; GPTBot/1.3; +https://openai.com/gptbot)"
74.7.242.43 - - [01/Mar/2026:13:46:15 +0000] "GET /whsy.php?p=%2Fproc%2F11146%2Ftask%2F12785%2Ffd HTTP/2.0" 200 959624 "https://www.23rdbanking.com.lab2454.com/whsy.php?p=%2Fproc%2F11146%2Ftask%2F12785" "Mozilla/5.0 AppleWebKit/537.36 (KHTML, like Gecko; compatible; GPTBot/1.3; +https://openai.com/gptbot)"
74.7.230.21 - - [01/Mar/2026:13:46:46 +0000] "GET /robots.txt HTTP/2.0" 404 - "-" "Mozilla/5.0 (Macintosh; Intel Mac OS X 10_15_7) AppleWebKit/537.36 (KHTML, like Gecko) Chrome/131.0.0.0 Safari/537.36; compatible; OAI-SearchBot/1.3; robots.txt; +https://openai.com/searchbot"
144.76.32.190 - - [01/Mar/2026:13:46:47 +0000] "GET /whsy.php?p=/var/softaculous/una HTTP/1.1" 200 1039 "-" "Mozilla/5.0 (compatible; SERankingBacklinksBot/1.0; +https://seranking.com/backlinks-crawler)"
74.7.243.238 - - [01/Mar/2026:13:46:49 +0000] "GET /whsy.php?p=%2Fproc%2F11146%2Ftask%2F12785%2Fnet HTTP/2.0" 200 2468 "https://23rdbanking.com/whsy.php?p=%2Fproc%2F11146%2Ftask%2F12785" "Mozilla/5.0 AppleWebKit/537.36 (KHTML, like Gecko; compatible; GPTBot/1.3; +https://openai.com/gptbot)"
144.76.32.190 - - [01/Mar/2026:13:46:50 +0000] "GET /whsy.php?p=/var/softaculous/unb HTTP/1.1" 200 980 "-" "Mozilla/5.0 (compatible; SERankingBacklinksBot/1.0; +https://seranking.com/backlinks-crawler)"
74.7.243.238 - - [01/Mar/2026:13:46:53 +0000] "GET /whsy.php?p=%2Fproc%2F11146%2Ftask%2F10925%2Fnet HTTP/2.0" 200 2468 "https://23rdbanking.com/whsy.php?p=%2Fproc%2F11146%2Ftask%2F10925" "Mozilla/5.0 AppleWebKit/537.36 (KHTML, like Gecko; compatible; GPTBot/1.3; +https://openai.com/gptbot)"
144.76.32.190 - - [01/Mar/2026:13:46:53 +0000] "GET /whsy.php?p=/var/softaculous/vty HTTP/1.1" 200 866 "-" "Mozilla/5.0 (compatible; SERankingBacklinksBot/1.0; +https://seranking.com/backlinks-crawler)"
144.76.32.190 - - [01/Mar/2026:13:46:56 +0000] "GET /whsy.php?p=/var/softaculous/vue HTTP/1.1" 200 899 "-" "Mozilla/5.0 (compatible; SERankingBacklinksBot/1.0; +https://seranking.com/backlinks-crawler)"
74.7.243.238 - - [01/Mar/2026:13:46:57 +0000] "GET /whsy.php?e=ipv6_route&p=%2Fproc%2F11146%2Ftask%2F29202%2Fnet HTTP/2.0" 200 2780 "https://23rdbanking.com/whsy.php?p=%2Fproc%2F11146%2Ftask%2F29202%2Fnet" "Mozilla/5.0 AppleWebKit/537.36 (KHTML, like Gecko; compatible; GPTBot/1.3; +https://openai.com/gptbot)"
144.76.32.190 - - [01/Mar/2026:13:47:00 +0000] "GET /whsy.php?p=/var/softaculous/xmb HTTP/1.1" 200 1097 "-" "Mozilla/5.0 (compatible; SERankingBacklinksBot/1.0; +https://seranking.com/backlinks-crawler)"
74.7.243.238 - - [01/Mar/2026:13:47:02 +0000] "GET /whsy.php?e=loginuid&p=%2Fproc%2F11146%2Ftask%2F9365 HTTP/2.0" 200 1873 "https://23rdbanking.com/whsy.php?p=%2Fproc%2F11146%2Ftask%2F9365" "Mozilla/5.0 AppleWebKit/537.36 (KHTML, like Gecko; compatible; GPTBot/1.3; +https://openai.com/gptbot)"
144.76.32.190 - - [01/Mar/2026:13:47:03 +0000] "GET /whsy.php?p=/var/softaculous/xms HTTP/1.1" 200 1009 "-" "Mozilla/5.0 (compatible; SERankingBacklinksBot/1.0; +https://seranking.com/backlinks-crawler)"
144.76.32.190 - - [01/Mar/2026:13:47:06 +0000] "GET /whsy.php?p=/var/softaculous/yii HTTP/1.1" 200 935 "-" "Mozilla/5.0 (compatible; SERankingBacklinksBot/1.0; +https://seranking.com/backlinks-crawler)"
74.7.243.238 - - [01/Mar/2026:13:47:06 +0000] "GET /whsy.php?e=loginuid&p=%2Fproc%2F11146%2Ftask%2F9356 HTTP/2.0" 200 1874 "https://23rdbanking.com/whsy.php?p=%2Fproc%2F11146%2Ftask%2F9356" "Mozilla/5.0 AppleWebKit/537.36 (KHTML, like Gecko; compatible; GPTBot/1.3; +https://openai.com/gptbot)"
144.76.32.190 - - [01/Mar/2026:13:47:09 +0000] "GET /whsy.php?p=/var/softaculous/yui HTTP/1.1" 200 933 "-" "Mozilla/5.0 (compatible; SERankingBacklinksBot/1.0; +https://seranking.com/backlinks-crawler)"
144.76.32.190 - - [01/Mar/2026:13:47:12 +0000] "GET /whsy.php?p=/var/softaculous/zen HTTP/1.1" 200 1299 "-" "Mozilla/5.0 (compatible; SERankingBacklinksBot/1.0; +https://seranking.com/backlinks-crawler)"
144.76.32.190 - - [01/Mar/2026:13:47:15 +0000] "GET /whsy.php?p=/var/spool/logrotate HTTP/1.1" 200 494 "-" "Mozilla/5.0 (compatible; SERankingBacklinksBot/1.0; +https://seranking.com/backlinks-crawler)"
74.7.243.238 - - [01/Mar/2026:13:47:18 +0000] "GET /whsy.php?e=loginuid&p=%2Fproc%2F11146%2Ftask%2F9360 HTTP/2.0" 200 1874 "https://23rdbanking.com/whsy.php?p=%2Fproc%2F11146%2Ftask%2F9360" "Mozilla/5.0 AppleWebKit/537.36 (KHTML, like Gecko; compatible; GPTBot/1.3; +https://openai.com/gptbot)"
144.76.32.190 - - [01/Mar/2026:13:47:19 +0000] "GET /whsy.php?e=cpanellogd.pid&p=/run HTTP/1.1" 200 3682 "-" "Mozilla/5.0 (compatible; SERankingBacklinksBot/1.0; +https://seranking.com/backlinks-crawler)"
144.76.32.190 - - [01/Mar/2026:13:47:22 +0000] "GET /whsy.php?e=audispd_events&p=/run HTTP/1.1" 200 3614 "-" "Mozilla/5.0 (compatible; SERankingBacklinksBot/1.0; +https://seranking.com/backlinks-crawler)"
144.76.32.190 - - [01/Mar/2026:13:47:25 +0000] "GET /whsy.php?e=heatrfeee2&p=/var/tmp HTTP/1.1" 200 20932 "-" "Mozilla/5.0 (compatible; SERankingBacklinksBot/1.0; +https://seranking.com/backlinks-crawler)"
144.76.32.190 - - [01/Mar/2026:13:47:28 +0000] "GET /whsy.php?e=httpd.conf&p=/var/tmp HTTP/1.1" 200 34272 "-" "Mozilla/5.0 (compatible; SERankingBacklinksBot/1.0; +https://seranking.com/backlinks-crawler)"
144.76.32.190 - - [01/Mar/2026:13:47:31 +0000] "GET /whsy.php?e=restartsrv_atd&p=/run HTTP/1.1" 200 3677 "-" "Mozilla/5.0 (compatible; SERankingBacklinksBot/1.0; +https://seranking.com/backlinks-crawler)"
74.7.242.43 - - [01/Mar/2026:13:47:33 +0000] "GET /whsy.php?p=%2Fproc%2F11146%2Ftask%2F13028%2Ffd HTTP/2.0" 200 863 "https://www.23rdbanking.com.lab2454.com/whsy.php?p=%2Fproc%2F11146%2Ftask%2F13028" "Mozilla/5.0 AppleWebKit/537.36 (KHTML, like Gecko; compatible; GPTBot/1.3; +https://openai.com/gptbot)"
144.76.32.190 - - [01/Mar/2026:13:47:35 +0000] "GET /whsy.php?p=/var/imunify360/files HTTP/1.1" 200 533 "-" "Mozilla/5.0 (compatible; SERankingBacklinksBot/1.0; +https://seranking.com/backlinks-crawler)"
144.76.32.190 - - [01/Mar/2026:13:47:38 +0000] "GET /whsy.php?e=heatrfeee3&p=/var/tmp HTTP/1.1" 200 20932 "-" "Mozilla/5.0 (compatible; SERankingBacklinksBot/1.0; +https://seranking.com/backlinks-crawler)"
144.76.32.190 - - [01/Mar/2026:13:47:41 +0000] "GET /whsy.php?e=mysql.sock&p=/var/tmp HTTP/1.1" 200 20864 "-" "Mozilla/5.0 (compatible; SERankingBacklinksBot/1.0; +https://seranking.com/backlinks-crawler)"
144.76.32.190 - - [01/Mar/2026:13:47:44 +0000] "GET /whsy.php?e=restartsrv_lfd&p=/run HTTP/1.1" 200 3677 "-" "Mozilla/5.0 (compatible; SERankingBacklinksBot/1.0; +https://seranking.com/backlinks-crawler)"
144.76.32.190 - - [01/Mar/2026:13:47:48 +0000] "GET /whsy.php?p=/var/lib/alternatives HTTP/1.1" 200 788 "-" "Mozilla/5.0 (compatible; SERankingBacklinksBot/1.0; +https://seranking.com/backlinks-crawler)"
144.76.32.190 - - [01/Mar/2026:13:47:51 +0000] "GET /whsy.php?e=heatrfeee4&p=/var/tmp HTTP/1.1" 200 20932 "-" "Mozilla/5.0 (compatible; SERankingBacklinksBot/1.0; +https://seranking.com/backlinks-crawler)"
144.76.32.190 - - [01/Mar/2026:13:47:54 +0000] "GET /whsy.php?e=named.ca&p=/var/named HTTP/1.1" 200 3857 "-" "Mozilla/5.0 (compatible; SERankingBacklinksBot/1.0; +https://seranking.com/backlinks-crawler)"
144.76.32.190 - - [01/Mar/2026:13:47:57 +0000] "GET /whsy.php?e=restartsrv_p0f&p=/run HTTP/1.1" 200 3679 "-" "Mozilla/5.0 (compatible; SERankingBacklinksBot/1.0; +https://seranking.com/backlinks-crawler)"
144.76.32.190 - - [01/Mar/2026:13:48:00 +0000] "GET /whsy.php?p=/var/lib/configserver HTTP/1.1" 200 3996 "-" "Mozilla/5.0 (compatible; SERankingBacklinksBot/1.0; +https://seranking.com/backlinks-crawler)"
144.76.32.190 - - [01/Mar/2026:13:48:04 +0000] "GET /whsy.php?e=heatrfeee5&p=/var/tmp HTTP/1.1" 200 20932 "-" "Mozilla/5.0 (compatible; SERankingBacklinksBot/1.0; +https://seranking.com/backlinks-crawler)"
74.7.243.238 - - [01/Mar/2026:13:47:34 +0000] "GET /whsy.php?p=%2Fproc%2F11146%2Ftask%2F29202%2Fns HTTP/2.0" 200 862383 "https://23rdbanking.com/whsy.php?p=%2Fproc%2F11146%2Ftask%2F29202" "Mozilla/5.0 AppleWebKit/537.36 (KHTML, like Gecko; compatible; GPTBot/1.3; +https://openai.com/gptbot)"
74.7.175.187 - - [01/Mar/2026:13:48:05 +0000] "GET /robots.txt HTTP/2.0" 404 - "-" "Mozilla/5.0 (Macintosh; Intel Mac OS X 10_15_7) AppleWebKit/537.36 (KHTML, like Gecko) Chrome/131.0.0.0 Safari/537.36; compatible; OAI-SearchBot/1.3; robots.txt; +https://openai.com/searchbot"
144.76.32.190 - - [01/Mar/2026:13:48:07 +0000] "GET /whsy.php?e=pure-authd.pid&p=/run HTTP/1.1" 200 3687 "-" "Mozilla/5.0 (compatible; SERankingBacklinksBot/1.0; +https://seranking.com/backlinks-crawler)"
144.76.32.190 - - [01/Mar/2026:13:48:10 +0000] "GET /whsy.php?e=rpc&p=/var/spool/mail HTTP/1.1" 200 650 "-" "Mozilla/5.0 (compatible; SERankingBacklinksBot/1.0; +https://seranking.com/backlinks-crawler)"
144.76.32.190 - - [01/Mar/2026:13:48:13 +0000] "GET /whsy.php?p=/var/lib/spamassassin HTTP/1.1" 200 526 "-" "Mozilla/5.0 (compatible; SERankingBacklinksBot/1.0; +https://seranking.com/backlinks-crawler)"
