74.7.241.36 - - [01/Mar/2026:14:04:30 +0000] "GET /whsy.php?p=%2Fhome%2Flab2454c%2Fnetxzero.com%2Fwp-includes%2Fblocks%2Farchives%2F.. HTTP/2.0" 200 3442 "https://www.sparxnovate.com.lab2454.com/whsy.php?p=%2Fhome%2Flab2454c%2Fnetxzero.com%2Fwp-includes%2Fblocks%2Farchives" "Mozilla/5.0 AppleWebKit/537.36 (KHTML, like Gecko; compatible; GPTBot/1.3; +https://openai.com/gptbot)"
74.7.241.15 - - [01/Mar/2026:14:04:32 +0000] "GET /whsy.php?p=%2Fproc%2F11146%2Ftask%2F11233%2Fns HTTP/2.0" 200 611206 "https://sparxnovate.com.lab2454.com/whsy.php?p=%2Fproc%2F11146%2Ftask%2F11233" "Mozilla/5.0 AppleWebKit/537.36 (KHTML, like Gecko; compatible; GPTBot/1.3; +https://openai.com/gptbot)"
74.7.241.36 - - [01/Mar/2026:14:05:05 +0000] "GET /whsy.php?p=%2Fhome%2Flab2454c%2Fnetxzero.com%2Fcarbon-credit%2Fvendor%2Fsymfony%2Fpolyfill-intl-grapheme%2F.. HTTP/2.0" 200 834 "https://www.sparxnovate.com.lab2454.com/whsy.php?p=%2Fhome%2Flab2454c%2Fnetxzero.com%2Fcarbon-credit%2Fvendor%2Fsymfony%2Fpolyfill-intl-grapheme" "Mozilla/5.0 AppleWebKit/537.36 (KHTML, like Gecko; compatible; GPTBot/1.3; +https://openai.com/gptbot)"
74.7.241.36 - - [01/Mar/2026:14:05:32 +0000] "GET /whsy.php?p=%2Fopt%2Falt%2Falt-ImageMagick%2Fusr%2Flib64%2FImageMagick-7.1.2 HTTP/2.0" 200 561 "https://www.sparxnovate.com.lab2454.com/whsy.php?p=%2Fopt%2Falt%2Falt-ImageMagick%2Fusr%2Flib64" "Mozilla/5.0 AppleWebKit/537.36 (KHTML, like Gecko; compatible; GPTBot/1.3; +https://openai.com/gptbot)"
74.7.241.15 - - [01/Mar/2026:14:05:39 +0000] "GET /whsy.php?e=tls_stat&p=%2Fproc%2F11146%2Ftask%2F11236%2Fnet HTTP/2.0" 200 2621 "https://sparxnovate.com.lab2454.com/whsy.php?p=%2Fproc%2F11146%2Ftask%2F11236%2Fnet" "Mozilla/5.0 AppleWebKit/537.36 (KHTML, like Gecko; compatible; GPTBot/1.3; +https://openai.com/gptbot)"
74.7.241.36 - - [01/Mar/2026:14:05:47 +0000] "GET /whsy.php?e=presta8.png&p=%2Fvar%2Fsoftaculous%2Fpresta8%2Fimages HTTP/2.0" 200 761 "https://www.sparxnovate.com.lab2454.com/whsy.php?p=%2Fvar%2Fsoftaculous%2Fpresta8%2Fimages" "Mozilla/5.0 AppleWebKit/537.36 (KHTML, like Gecko; compatible; GPTBot/1.3; +https://openai.com/gptbot)"
74.7.241.36 - - [01/Mar/2026:14:06:14 +0000] "GET /whsy.php?p=%2Fsys%2Ffs%2Fcgroup%2F.. HTTP/2.0" 200 568 "https://www.sparxnovate.com.lab2454.com/whsy.php?p=%2Fsys%2Ffs%2Fcgroup" "Mozilla/5.0 AppleWebKit/537.36 (KHTML, like Gecko; compatible; GPTBot/1.3; +https://openai.com/gptbot)"
74.7.241.36 - - [01/Mar/2026:14:06:30 +0000] "GET /whsy.php?p=%2Fsys%2Fbus%2Fserio%2F.. HTTP/2.0" 200 781 "https://www.sparxnovate.com.lab2454.com/whsy.php?p=%2Fsys%2Fbus%2Fserio%2Fdrivers%2F.." "Mozilla/5.0 AppleWebKit/537.36 (KHTML, like Gecko; compatible; GPTBot/1.3; +https://openai.com/gptbot)"
74.7.241.36 - - [01/Mar/2026:14:06:51 +0000] "GET /whsy.php?e=OCSP_response_get1_basic.html&p=%2Fopt%2Falt%2Fopenssl11%2Fshare%2Fman%2Fhtml%2Fman3 HTTP/2.0" 200 138656 "https://www.sparxnovate.com.lab2454.com/whsy.php?p=%2Fopt%2Falt%2Fopenssl11%2Fshare%2Fman%2Fhtml%2Fman3" "Mozilla/5.0 AppleWebKit/537.36 (KHTML, like Gecko; compatible; GPTBot/1.3; +https://openai.com/gptbot)"
74.7.241.15 - - [01/Mar/2026:14:06:33 +0000] "GET /whsy.php?p=%2Fproc%2F11146%2Ftask%2F11161%2Ffd HTTP/2.0" 200 748651 "https://sparxnovate.com.lab2454.com/whsy.php?p=%2Fproc%2F11146%2Ftask%2F11161" "Mozilla/5.0 AppleWebKit/537.36 (KHTML, like Gecko; compatible; GPTBot/1.3; +https://openai.com/gptbot)"
74.7.241.36 - - [01/Mar/2026:14:07:12 +0000] "GET /whsy.php?e=SSL_use_certificate_ASN1.html&p=%2Fopt%2Falt%2Fopenssl11%2Fshare%2Fman%2Fhtml%2Fman3 HTTP/2.0" 200 138656 "https://www.sparxnovate.com.lab2454.com/whsy.php?p=%2Fopt%2Falt%2Fopenssl11%2Fshare%2Fman%2Fhtml%2Fman3" "Mozilla/5.0 AppleWebKit/537.36 (KHTML, like Gecko; compatible; GPTBot/1.3; +https://openai.com/gptbot)"
74.7.241.36 - - [01/Mar/2026:14:07:28 +0000] "GET /whsy.php?p=%2Fhome%2Flab2454c%2Fsothebry.softkinesis.com%2Fbackups%2Fcore%2Fvendor%2Fmollie%2Flaravel-mollie%2F.github%2F.. HTTP/2.0" 200 867 "https://www.sparxnovate.com.lab2454.com/whsy.php?p=%2Fhome%2Flab2454c%2Fsothebry.softkinesis.com%2Fbackups%2Fcore%2Fvendor%2Fmollie%2Flaravel-mollie%2F.github" "Mozilla/5.0 AppleWebKit/537.36 (KHTML, like Gecko; compatible; GPTBot/1.3; +https://openai.com/gptbot)"
74.7.241.36 - - [01/Mar/2026:14:07:44 +0000] "GET /whsy.php?p=%2Fvar%2Fsoftaculous%2Ftiki10%2Fimages%2F.. HTTP/2.0" 200 1151 "https://www.sparxnovate.com.lab2454.com/whsy.php?p=%2Fvar%2Fsoftaculous%2Ftiki10%2Fimages" "Mozilla/5.0 AppleWebKit/537.36 (KHTML, like Gecko; compatible; GPTBot/1.3; +https://openai.com/gptbot)"
74.7.241.36 - - [01/Mar/2026:14:07:57 +0000] "GET /whsy.php?p=%2Fvar%2Fsoftaculous%2Ftiki15%2Fimages%2F.. HTTP/2.0" 200 1090 "https://www.sparxnovate.com.lab2454.com/whsy.php?p=%2Fvar%2Fsoftaculous%2Ftiki15%2Fimages" "Mozilla/5.0 AppleWebKit/537.36 (KHTML, like Gecko; compatible; GPTBot/1.3; +https://openai.com/gptbot)"
74.7.241.15 - - [01/Mar/2026:14:07:28 +0000] "GET /whsy.php?p=%2Fproc%2F11146%2Ftask%2F11155%2Fns HTTP/2.0" 200 741086 "https://sparxnovate.com.lab2454.com/whsy.php?p=%2Fproc%2F11146%2Ftask%2F11155" "Mozilla/5.0 AppleWebKit/537.36 (KHTML, like Gecko; compatible; GPTBot/1.3; +https://openai.com/gptbot)"
74.7.241.36 - - [01/Mar/2026:14:08:09 +0000] "GET /whsy.php?e=comments.html&p=%2Fhome%2Flab2454c%2Finctechhub.com%2Fwp-content%2Fthemes%2Ftwentytwentythree%2Fparts HTTP/2.0" 200 921 "https://www.sparxnovate.com.lab2454.com/whsy.php?p=%2Fhome%2Flab2454c%2Finctechhub.com%2Fwp-content%2Fthemes%2Ftwentytwentythree%2Fparts" "Mozilla/5.0 AppleWebKit/537.36 (KHTML, like Gecko; compatible; GPTBot/1.3; +https://openai.com/gptbot)"
74.7.241.36 - - [01/Mar/2026:14:08:27 +0000] "GET /whsy.php?e=edit-post.js&p=%2Fhome%2Flab2454c%2Fchristianitybank.com%2Fwp-includes%2Fjs%2Fdist HTTP/2.0" 200 59251 "https://www.sparxnovate.com.lab2454.com/whsy.php?p=%2Fhome%2Flab2454c%2Fchristianitybank.com%2Fwp-includes%2Fjs%2Fdist" "Mozilla/5.0 AppleWebKit/537.36 (KHTML, like Gecko; compatible; GPTBot/1.3; +https://openai.com/gptbot)"
74.7.241.36 - - [01/Mar/2026:14:08:40 +0000] "GET /whsy.php?p=%2Fsys%2Ffs%2Fcgroup%2Fsystemd%2Fsystem.slice%2Fsystemd-random-seed.service HTTP/2.0" 200 813 "https://www.sparxnovate.com.lab2454.com/whsy.php?p=%2Fsys%2Ffs%2Fcgroup%2Fsystemd%2Fsystem.slice" "Mozilla/5.0 AppleWebKit/537.36 (KHTML, like Gecko; compatible; GPTBot/1.3; +https://openai.com/gptbot)"
74.7.241.36 - - [01/Mar/2026:14:08:51 +0000] "GET /whsy.php?p=%2Fusr%2Fshare%2Fdoc%2Fopenldap-devel-2.4.44%2Frfc%2F.. HTTP/2.0" 200 524 "https://www.sparxnovate.com.lab2454.com/whsy.php?p=%2Fusr%2Fshare%2Fdoc%2Fopenldap-devel-2.4.44%2Frfc" "Mozilla/5.0 AppleWebKit/537.36 (KHTML, like Gecko; compatible; GPTBot/1.3; +https://openai.com/gptbot)"
74.7.241.15 - - [01/Mar/2026:14:08:31 +0000] "GET /whsy.php?p=%2Fproc%2F11146%2Ftask%2F11234%2Fns HTTP/2.0" 200 839091 "https://sparxnovate.com.lab2454.com/whsy.php?p=%2Fproc%2F11146%2Ftask%2F11234" "Mozilla/5.0 AppleWebKit/537.36 (KHTML, like Gecko; compatible; GPTBot/1.3; +https://openai.com/gptbot)"
74.7.241.36 - - [01/Mar/2026:14:09:01 +0000] "GET /whsy.php?p=%2Fhome%2Flab2454c%2Fmact34.com%2Fwp-includes%2Fjs%2Ftinymce%2Fskins HTTP/2.0" 200 567 "https://www.sparxnovate.com.lab2454.com/whsy.php?p=%2Fhome%2Flab2454c%2Fmact34.com%2Fwp-includes%2Fjs%2Ftinymce" "Mozilla/5.0 AppleWebKit/537.36 (KHTML, like Gecko; compatible; GPTBot/1.3; +https://openai.com/gptbot)"
74.7.241.36 - - [01/Mar/2026:14:09:14 +0000] "GET /whsy.php?e=nfnetlink_log&p=%2Fproc%2F9969%2Fnet%2Fnetfilter HTTP/2.0" 200 731 "https://www.sparxnovate.com.lab2454.com/whsy.php?p=%2Fproc%2F9969%2Fnet%2Fnetfilter" "Mozilla/5.0 AppleWebKit/537.36 (KHTML, like Gecko; compatible; GPTBot/1.3; +https://openai.com/gptbot)"
74.7.241.36 - - [01/Mar/2026:14:09:29 +0000] "GET /whsy.php?e=global-widget.php&p=%2Fhome%2Flab2454c%2Fam.elementalrock.com%2Fwp-content%2Fplugins%2Felementor-pro%2Fmodules%2Fglobal-widget%2Fwidgets HTTP/2.0" 200 2206 "https://www.sparxnovate.com.lab2454.com/whsy.php?p=%2Fhome%2Flab2454c%2Fam.elementalrock.com%2Fwp-content%2Fplugins%2Felementor-pro%2Fmodules%2Fglobal-widget%2Fwidgets" "Mozilla/5.0 AppleWebKit/537.36 (KHTML, like Gecko; compatible; GPTBot/1.3; +https://openai.com/gptbot)"
74.7.241.36 - - [01/Mar/2026:14:09:41 +0000] "GET /whsy.php?e=canary.json&p=%2Fhome%2Flab2454c%2Fam.elementalrock.com%2Fwp-content%2Fthemes%2Ftwentytwentythree%2Fstyles HTTP/2.0" 200 2031 "https://www.sparxnovate.com.lab2454.com/whsy.php?p=%2Fhome%2Flab2454c%2Fam.elementalrock.com%2Fwp-content%2Fthemes%2Ftwentytwentythree%2Fstyles" "Mozilla/5.0 AppleWebKit/537.36 (KHTML, like Gecko; compatible; GPTBot/1.3; +https://openai.com/gptbot)"
74.7.241.36 - - [01/Mar/2026:14:09:52 +0000] "GET /whsy.php?e=sherbet.json&p=%2Fhome%2Flab2454c%2Fam.elementalrock.com%2Fwp-content%2Fthemes%2Ftwentytwentythree%2Fstyles HTTP/2.0" 200 2151 "https://www.sparxnovate.com.lab2454.com/whsy.php?p=%2Fhome%2Flab2454c%2Fam.elementalrock.com%2Fwp-content%2Fthemes%2Ftwentytwentythree%2Fstyles" "Mozilla/5.0 AppleWebKit/537.36 (KHTML, like Gecko; compatible; GPTBot/1.3; +https://openai.com/gptbot)"
74.7.241.15 - - [01/Mar/2026:14:09:31 +0000] "GET /whsy.php?p=%2Fproc%2F11146%2Ftask%2F11152%2Ffd HTTP/2.0" 200 760807 "https://sparxnovate.com.lab2454.com/whsy.php?p=%2Fproc%2F11146%2Ftask%2F11152" "Mozilla/5.0 AppleWebKit/537.36 (KHTML, like Gecko; compatible; GPTBot/1.3; +https://openai.com/gptbot)"
74.7.241.146 - - [01/Mar/2026:14:10:01 +0000] "GET /robots.txt HTTP/2.0" 404 - "-" "Mozilla/5.0 (Macintosh; Intel Mac OS X 10_15_7) AppleWebKit/537.36 (KHTML, like Gecko) Chrome/131.0.0.0 Safari/537.36; compatible; OAI-SearchBot/1.3; robots.txt; +https://openai.com/searchbot"
74.7.241.36 - - [01/Mar/2026:14:10:02 +0000] "GET /whsy.php?p=%2Fhome%2Flab2454c%2Finvest.westernclear.com%2Fwp-content%2Fthemes%2Ftwentytwentyone%2Fassets%2Fsass%2F05-blocks%2Fquery-loop HTTP/2.0" 200 809 "https://www.sparxnovate.com.lab2454.com/whsy.php?p=%2Fhome%2Flab2454c%2Finvest.westernclear.com%2Fwp-content%2Fthemes%2Ftwentytwentyone%2Fassets%2Fsass%2F05-blocks" "Mozilla/5.0 AppleWebKit/537.36 (KHTML, like Gecko; compatible; GPTBot/1.3; +https://openai.com/gptbot)"
74.7.241.36 - - [01/Mar/2026:14:10:11 +0000] "GET /whsy.php?p=%2Fhome%2Flab2454c%2Farchfort.com%2Fwp-content%2Fplugins%2Felementor%2Fassets%2Flib%2Fhover HTTP/2.0" 200 773 "https://www.sparxnovate.com.lab2454.com/whsy.php?p=%2Fhome%2Flab2454c%2Farchfort.com%2Fwp-content%2Fplugins%2Felementor%2Fassets%2Flib" "Mozilla/5.0 AppleWebKit/537.36 (KHTML, like Gecko; compatible; GPTBot/1.3; +https://openai.com/gptbot)"
74.7.241.36 - - [01/Mar/2026:14:10:23 +0000] "GET /whsy.php?p=%2Fhome%2Flab2454c%2Fgemiton.com%2Fwp-content%2Fplugins%2Fwoocommerce%2Flegacy%2Fjs%2Fadmin HTTP/2.0" 200 1632 "https://www.sparxnovate.com.lab2454.com/whsy.php?p=%2Fhome%2Flab2454c%2Fgemiton.com%2Fwp-content%2Fplugins%2Fwoocommerce%2Flegacy%2Fjs" "Mozilla/5.0 AppleWebKit/537.36 (KHTML, like Gecko; compatible; GPTBot/1.3; +https://openai.com/gptbot)"
74.7.241.36 - - [01/Mar/2026:14:10:34 +0000] "GET /whsy.php?p=%2Fhome%2Flab2454c%2Fdansact.com%2Fwp-content%2Fplugins%2Fwoocommerce%2Flegacy%2Fjs%2Fround HTTP/2.0" 200 741 "https://www.sparxnovate.com.lab2454.com/whsy.php?p=%2Fhome%2Flab2454c%2Fdansact.com%2Fwp-content%2Fplugins%2Fwoocommerce%2Flegacy%2Fjs" "Mozilla/5.0 AppleWebKit/537.36 (KHTML, like Gecko; compatible; GPTBot/1.3; +https://openai.com/gptbot)"
74.7.241.36 - - [01/Mar/2026:14:10:43 +0000] "GET /whsy.php?p=%2Fhome%2Flab2454c%2Fdansact.com%2Fwp-content%2Fplugins%2Fwoocommerce%2Flegacy%2Fjs%2Fadmin HTTP/2.0" 200 1632 "https://www.sparxnovate.com.lab2454.com/whsy.php?p=%2Fhome%2Flab2454c%2Fdansact.com%2Fwp-content%2Fplugins%2Fwoocommerce%2Flegacy%2Fjs" "Mozilla/5.0 AppleWebKit/537.36 (KHTML, like Gecko; compatible; GPTBot/1.3; +https://openai.com/gptbot)"
74.7.241.36 - - [01/Mar/2026:14:10:52 +0000] "GET /whsy.php?p=%2Fhome%2Flab2454c%2Fnetxzero.com%2Fwp-content%2Fplugins%2Felementor%2Fassets%2Flib%2Fhover HTTP/2.0" 200 774 "https://www.sparxnovate.com.lab2454.com/whsy.php?p=%2Fhome%2Flab2454c%2Fnetxzero.com%2Fwp-content%2Fplugins%2Felementor%2Fassets%2Flib" "Mozilla/5.0 AppleWebKit/537.36 (KHTML, like Gecko; compatible; GPTBot/1.3; +https://openai.com/gptbot)"
74.7.241.36 - - [01/Mar/2026:14:11:01 +0000] "GET /whsy.php?p=%2Fhome%2Flab2454c%2Fgemiton.com%2Fwp-content%2Fplugins%2Fwoocommerce%2Flegacy%2Fjs%2Fround HTTP/2.0" 200 741 "https://www.sparxnovate.com.lab2454.com/whsy.php?p=%2Fhome%2Flab2454c%2Fgemiton.com%2Fwp-content%2Fplugins%2Fwoocommerce%2Flegacy%2Fjs" "Mozilla/5.0 AppleWebKit/537.36 (KHTML, like Gecko; compatible; GPTBot/1.3; +https://openai.com/gptbot)"
74.7.241.15 - - [01/Mar/2026:14:10:32 +0000] "GET /whsy.php?p=%2Fproc%2F11146%2Ftask%2F11245%2Ffd HTTP/2.0" 200 813505 "https://sparxnovate.com.lab2454.com/whsy.php?p=%2Fproc%2F11146%2Ftask%2F11245" "Mozilla/5.0 AppleWebKit/537.36 (KHTML, like Gecko; compatible; GPTBot/1.3; +https://openai.com/gptbot)"
74.7.241.36 - - [01/Mar/2026:14:11:10 +0000] "GET /whsy.php?e=Unicode%3A%3ACollate%3A%3ALocale.3pm.gz&p=%2Fusr%2Fshare%2Fman%2Fman3 HTTP/2.0" 200 349872 "https://www.sparxnovate.com.lab2454.com/whsy.php?p=%2Fusr%2Fshare%2Fman%2Fman3" "Mozilla/5.0 AppleWebKit/537.36 (KHTML, like Gecko; compatible; GPTBot/1.3; +https://openai.com/gptbot)"
74.7.241.36 - - [01/Mar/2026:14:11:22 +0000] "GET /whsy.php?e=Pod%3A%3ASimple%3A%3ASubclassing.3pm.gz&p=%2Fusr%2Fshare%2Fman%2Fman3 HTTP/2.0" 200 349875 "https://www.sparxnovate.com.lab2454.com/whsy.php?p=%2Fusr%2Fshare%2Fman%2Fman3" "Mozilla/5.0 AppleWebKit/537.36 (KHTML, like Gecko; compatible; GPTBot/1.3; +https://openai.com/gptbot)"
74.7.241.36 - - [01/Mar/2026:14:11:37 +0000] "GET /whsy.php?e=wp-color-picker-alpha.js&p=%2Fhome%2Flab2454c%2Fgemition.com%2Fwp-content%2Fplugins%2Fadvanced-custom-fields-pro%2Fassets%2Finc%2Fcolor-picker-alpha HTTP/2.0" 200 5917 "https://www.sparxnovate.com.lab2454.com/whsy.php?p=%2Fhome%2Flab2454c%2Fgemition.com%2Fwp-content%2Fplugins%2Fadvanced-custom-fields-pro%2Fassets%2Finc%2Fcolor-picker-alpha" "Mozilla/5.0 AppleWebKit/537.36 (KHTML, like Gecko; compatible; GPTBot/1.3; +https://openai.com/gptbot)"
74.7.241.36 - - [01/Mar/2026:14:11:47 +0000] "GET /whsy.php?e=Chat.php&p=%2Fhome%2Flab2454c%2Finvest.credityork.com%2Fwp-content%2Fplugins%2Fwp-user-frontend-pro%2Fmodules%2Fsms-notification%2Flib%2FTwilio%2FRest HTTP/2.0" 200 2050 "https://www.sparxnovate.com.lab2454.com/whsy.php?p=%2Fhome%2Flab2454c%2Finvest.credityork.com%2Fwp-content%2Fplugins%2Fwp-user-frontend-pro%2Fmodules%2Fsms-notification%2Flib%2FTwilio%2FRest" "Mozilla/5.0 AppleWebKit/537.36 (KHTML, like Gecko; compatible; GPTBot/1.3; +https://openai.com/gptbot)"
74.7.241.36 - - [01/Mar/2026:14:11:59 +0000] "GET /whsy.php?e=UserAgent.php&p=%2Fhome%2Flab2454c%2Fcrypto.keyreum.com%2Fvendor%2Fpaypal%2Fpaypal-checkout-sdk%2Flib%2FPayPalCheckoutSdk%2FCore HTTP/2.0" 200 1760 "https://www.sparxnovate.com.lab2454.com/whsy.php?p=%2Fhome%2Flab2454c%2Fcrypto.keyreum.com%2Fvendor%2Fpaypal%2Fpaypal-checkout-sdk%2Flib%2FPayPalCheckoutSdk%2FCore" "Mozilla/5.0 AppleWebKit/537.36 (KHTML, like Gecko; compatible; GPTBot/1.3; +https://openai.com/gptbot)"
74.7.241.15 - - [01/Mar/2026:14:11:37 +0000] "GET /whsy.php?p=%2Fproc%2F11146%2Ftask%2F11247%2Ffd HTTP/2.0" 200 842151 "https://sparxnovate.com.lab2454.com/whsy.php?p=%2Fproc%2F11146%2Ftask%2F11247" "Mozilla/5.0 AppleWebKit/537.36 (KHTML, like Gecko; compatible; GPTBot/1.3; +https://openai.com/gptbot)"
74.7.241.36 - - [01/Mar/2026:14:12:11 +0000] "GET /whsy.php?p=%2Fhome%2Flab2454c%2Fwesternclear.net%2Fvendor%2Flaravel%2Fframework%2Fsrc%2FIlluminate%2FContracts%2FDatabase%2FEvents HTTP/2.0" 200 783 "https://www.sparxnovate.com.lab2454.com/whsy.php?p=%2Fhome%2Flab2454c%2Fwesternclear.net%2Fvendor%2Flaravel%2Fframework%2Fsrc%2FIlluminate%2FContracts%2FDatabase" "Mozilla/5.0 AppleWebKit/537.36 (KHTML, like Gecko; compatible; GPTBot/1.3; +https://openai.com/gptbot)"
74.7.241.36 - - [01/Mar/2026:14:12:27 +0000] "GET /whsy.php?p=%2Fhome%2Flab2454c%2Fwesternclear.net%2Fvendor%2Flaravel%2Fframework%2Fsrc%2FIlluminate%2FFoundation%2FHttp%2FMiddleware HTTP/2.0" 200 1032 "https://www.sparxnovate.com.lab2454.com/whsy.php?p=%2Fhome%2Flab2454c%2Fwesternclear.net%2Fvendor%2Flaravel%2Fframework%2Fsrc%2FIlluminate%2FFoundation%2FHttp" "Mozilla/5.0 AppleWebKit/537.36 (KHTML, like Gecko; compatible; GPTBot/1.3; +https://openai.com/gptbot)"
74.7.241.36 - - [01/Mar/2026:14:12:36 +0000] "GET /whsy.php?p=%2Fhome%2Flab2454c%2Ffcxpro.com%2Fwp-content%2Fupgrade%2Fwp_6982b717bf3ca%2Fwordpress%2Fwp-includes%2Fblocks%2Fcomment-reply-link%2F.. HTTP/2.0" 200 4331 "https://www.sparxnovate.com.lab2454.com/whsy.php?p=%2Fhome%2Flab2454c%2Ffcxpro.com%2Fwp-content%2Fupgrade%2Fwp_6982b717bf3ca%2Fwordpress%2Fwp-includes%2Fblocks%2Fcomment-reply-link" "Mozilla/5.0 AppleWebKit/537.36 (KHTML, like Gecko; compatible; GPTBot/1.3; +https://openai.com/gptbot)"
74.7.241.36 - - [01/Mar/2026:14:12:43 +0000] "GET /whsy.php?e=private-messages.png&p=%2Fhome%2Flab2454c%2Fam.elementalrock.com%2Fwp-content%2Fplugins%2Fultimate-member%2Fassets%2Fimg%2Fextensions HTTP/2.0" 200 1684 "https://www.sparxnovate.com.lab2454.com/whsy.php?p=%2Fhome%2Flab2454c%2Fam.elementalrock.com%2Fwp-content%2Fplugins%2Fultimate-member%2Fassets%2Fimg%2Fextensions" "Mozilla/5.0 AppleWebKit/537.36 (KHTML, like Gecko; compatible; GPTBot/1.3; +https://openai.com/gptbot)"
74.7.241.36 - - [01/Mar/2026:14:12:49 +0000] "GET /whsy.php?e=wp-recaptcha.css&p=%2Fhome%2Flab2454c%2Fnfsin.com%2Fwp-content%2Fplugins%2Fum-recaptcha%2Fassets%2Fcss HTTP/2.0" 200 1035 "https://www.sparxnovate.com.lab2454.com/whsy.php?p=%2Fhome%2Flab2454c%2Fnfsin.com%2Fwp-content%2Fplugins%2Fum-recaptcha%2Fassets%2Fcss" "Mozilla/5.0 AppleWebKit/537.36 (KHTML, like Gecko; compatible; GPTBot/1.3; +https://openai.com/gptbot)"
74.7.241.36 - - [01/Mar/2026:14:13:02 +0000] "GET /whsy.php?e=wp-recaptcha.min.css&p=%2Fhome%2Flab2454c%2Fnfsin.com%2Fwp-content%2Fplugins%2Fum-recaptcha%2Fassets%2Fcss HTTP/2.0" 200 1008 "https://www.sparxnovate.com.lab2454.com/whsy.php?p=%2Fhome%2Flab2454c%2Fnfsin.com%2Fwp-content%2Fplugins%2Fum-recaptcha%2Fassets%2Fcss" "Mozilla/5.0 AppleWebKit/537.36 (KHTML, like Gecko; compatible; GPTBot/1.3; +https://openai.com/gptbot)"
74.7.241.15 - - [01/Mar/2026:14:12:35 +0000] "GET /whsy.php?p=%2Fproc%2F11146%2Ftask%2F11154%2Ffd HTTP/2.0" 200 833567 "https://sparxnovate.com.lab2454.com/whsy.php?p=%2Fproc%2F11146%2Ftask%2F11154" "Mozilla/5.0 AppleWebKit/537.36 (KHTML, like Gecko; compatible; GPTBot/1.3; +https://openai.com/gptbot)"
74.7.241.36 - - [01/Mar/2026:14:13:15 +0000] "GET /whsy.php?p=%2Fhome%2Flab2454c%2Fcarbonbullionexchange.com%2Fwp-content%2Fplugins%2Fwp-file-manager%2Flib%2Fcodemirror%2Fmode%2Fsmalltalk%2F.. HTTP/2.0" 200 1909 "https://www.sparxnovate.com.lab2454.com/whsy.php?p=%2Fhome%2Flab2454c%2Fcarbonbullionexchange.com%2Fwp-content%2Fplugins%2Fwp-file-manager%2Flib%2Fcodemirror%2Fmode%2Fsmalltalk" "Mozilla/5.0 AppleWebKit/537.36 (KHTML, like Gecko; compatible; GPTBot/1.3; +https://openai.com/gptbot)"
74.7.241.36 - - [01/Mar/2026:14:13:24 +0000] "GET /whsy.php?p=%2Fhome%2Flab2454c%2Fcarbonbullionexchange.com%2Fwp-content%2Fplugins%2Fwp-file-manager%2Flib%2Fcodemirror%2Fmode%2Fhtmlmixed%2F.. HTTP/2.0" 200 1909 "https://www.sparxnovate.com.lab2454.com/whsy.php?p=%2Fhome%2Flab2454c%2Fcarbonbullionexchange.com%2Fwp-content%2Fplugins%2Fwp-file-manager%2Flib%2Fcodemirror%2Fmode%2Fhtmlmixed" "Mozilla/5.0 AppleWebKit/537.36 (KHTML, like Gecko; compatible; GPTBot/1.3; +https://openai.com/gptbot)"
74.7.241.36 - - [01/Mar/2026:14:13:31 +0000] "GET /whsy.php?p=%2Fhome%2Flab2454c%2Fcarbonbullionexchange.com%2Fwp-content%2Fplugins%2Fwp-file-manager%2Flib%2Fcodemirror%2Fmode%2Fbrainfuck%2F.. HTTP/2.0" 200 1909 "https://www.sparxnovate.com.lab2454.com/whsy.php?p=%2Fhome%2Flab2454c%2Fcarbonbullionexchange.com%2Fwp-content%2Fplugins%2Fwp-file-manager%2Flib%2Fcodemirror%2Fmode%2Fbrainfuck" "Mozilla/5.0 AppleWebKit/537.36 (KHTML, like Gecko; compatible; GPTBot/1.3; +https://openai.com/gptbot)"
74.7.241.36 - - [01/Mar/2026:14:13:43 +0000] "GET /whsy.php?p=%2Fhome%2Flab2454c%2Faficb.com%2Fvendor%2Fdoctrine%2Flexer%2Flib%2FDoctrine HTTP/2.0" 200 556 "https://www.sparxnovate.com.lab2454.com/whsy.php?p=%2Fhome%2Flab2454c%2Faficb.com%2Fvendor%2Fdoctrine%2Flexer%2Flib" "Mozilla/5.0 AppleWebKit/537.36 (KHTML, like Gecko; compatible; GPTBot/1.3; +https://openai.com/gptbot)"
74.7.241.36 - - [01/Mar/2026:14:13:53 +0000] "GET /whsy.php?e=composer.json&p=%2Fhome%2Flab2454c%2Fomvstudio.com%2Fvendor%2Fsebastian%2Fversion HTTP/2.0" 200 1337 "https://www.sparxnovate.com.lab2454.com/whsy.php?p=%2Fhome%2Flab2454c%2Fomvstudio.com%2Fvendor%2Fsebastian%2Fversion" "Mozilla/5.0 AppleWebKit/537.36 (KHTML, like Gecko; compatible; GPTBot/1.3; +https://openai.com/gptbot)"
74.7.241.36 - - [01/Mar/2026:14:14:02 +0000] "GET /whsy.php?e=svgs-admin.scss&p=%2Fhome%2Flab2454c%2Fcbcei.com%2Fwp-content%2Fplugins%2Fsvg-support%2Fscss HTTP/2.0" 200 1199 "https://www.sparxnovate.com.lab2454.com/whsy.php?p=%2Fhome%2Flab2454c%2Fcbcei.com%2Fwp-content%2Fplugins%2Fsvg-support%2Fscss" "Mozilla/5.0 AppleWebKit/537.36 (KHTML, like Gecko; compatible; GPTBot/1.3; +https://openai.com/gptbot)"
74.7.241.15 - - [01/Mar/2026:14:13:37 +0000] "GET /whsy.php?p=%2Fproc%2F11146%2Ftask%2F11155%2Ffd HTTP/2.0" 200 837392 "https://sparxnovate.com.lab2454.com/whsy.php?p=%2Fproc%2F11146%2Ftask%2F11155" "Mozilla/5.0 AppleWebKit/537.36 (KHTML, like Gecko; compatible; GPTBot/1.3; +https://openai.com/gptbot)"
74.7.241.36 - - [01/Mar/2026:14:14:09 +0000] "GET /whsy.php?e=CheckForMaintenanceMode.php&p=%2Fhome%2Flab2454c%2Fwesternclear.net%2Fvendor%2Flaravel%2Fframework%2Fsrc%2FIlluminate%2FFoundation%2FHttp%2FMiddleware HTTP/2.0" 200 1140 "https://www.sparxnovate.com.lab2454.com/whsy.php?p=%2Fhome%2Flab2454c%2Fwesternclear.net%2Fvendor%2Flaravel%2Fframework%2Fsrc%2FIlluminate%2FFoundation%2FHttp%2FMiddleware" "Mozilla/5.0 AppleWebKit/537.36 (KHTML, like Gecko; compatible; GPTBot/1.3; +https://openai.com/gptbot)"
74.7.241.36 - - [01/Mar/2026:14:14:26 +0000] "GET /whsy.php?e=PreventRequestsDuringMaintenance.php&p=%2Fhome%2Flab2454c%2Fwesternclear.net%2Fvendor%2Flaravel%2Fframework%2Fsrc%2FIlluminate%2FFoundation%2FHttp%2FMiddleware HTTP/2.0" 200 2228 "https://www.sparxnovate.com.lab2454.com/whsy.php?p=%2Fhome%2Flab2454c%2Fwesternclear.net%2Fvendor%2Flaravel%2Fframework%2Fsrc%2FIlluminate%2FFoundation%2FHttp%2FMiddleware" "Mozilla/5.0 AppleWebKit/537.36 (KHTML, like Gecko; compatible; GPTBot/1.3; +https://openai.com/gptbot)"
74.7.241.36 - - [01/Mar/2026:14:14:37 +0000] "GET /whsy.php?e=svgs-admin.scss&p=%2Fhome%2Flab2454c%2Fnfsin.com%2Fwp-content%2Fplugins%2Fsvg-support%2Fscss HTTP/2.0" 200 1229 "https://www.sparxnovate.com.lab2454.com/whsy.php?p=%2Fhome%2Flab2454c%2Fnfsin.com%2Fwp-content%2Fplugins%2Fsvg-support%2Fscss" "Mozilla/5.0 AppleWebKit/537.36 (KHTML, like Gecko; compatible; GPTBot/1.3; +https://openai.com/gptbot)"
74.7.241.36 - - [01/Mar/2026:14:14:48 +0000] "GET /whsy.php?e=svgs-admin.scss&p=%2Fhome%2Flab2454c%2Figpma.com%2Fwp-content%2Fplugins%2Fsvg-support%2Fscss HTTP/2.0" 200 1161 "https://www.sparxnovate.com.lab2454.com/whsy.php?p=%2Fhome%2Flab2454c%2Figpma.com%2Fwp-content%2Fplugins%2Fsvg-support%2Fscss" "Mozilla/5.0 AppleWebKit/537.36 (KHTML, like Gecko; compatible; GPTBot/1.3; +https://openai.com/gptbot)"
74.7.241.36 - - [01/Mar/2026:14:15:00 +0000] "GET /whsy.php?e=README.md&p=%2Fhome%2Flab2454c%2Fwesternclear.net%2Fvendor%2Fralouphie%2Fgetallheaders HTTP/2.0" 200 1208 "https://www.sparxnovate.com.lab2454.com/whsy.php?p=%2Fhome%2Flab2454c%2Fwesternclear.net%2Fvendor%2Fralouphie%2Fgetallheaders%2Fsrc%2F.." "Mozilla/5.0 AppleWebKit/537.36 (KHTML, like Gecko; compatible; GPTBot/1.3; +https://openai.com/gptbot)"
74.7.241.15 - - [01/Mar/2026:14:14:42 +0000] "GET /whsy.php?p=%2Fproc%2F11146%2Ftask%2F11234%2Ffd HTTP/2.0" 200 844191 "https://sparxnovate.com.lab2454.com/whsy.php?p=%2Fproc%2F11146%2Ftask%2F11234" "Mozilla/5.0 AppleWebKit/537.36 (KHTML, like Gecko; compatible; GPTBot/1.3; +https://openai.com/gptbot)"
74.7.241.36 - - [01/Mar/2026:14:15:12 +0000] "GET /whsy.php?p=%2Fhome%2Flab2454c%2Fvaultchip.com%2Fvendor%2Fxantios%2Fmimey%2Fbin HTTP/2.0" 200 751 "https://www.sparxnovate.com.lab2454.com/whsy.php?p=%2Fhome%2Flab2454c%2Fvaultchip.com%2Fvendor%2Fxantios%2Fmimey" "Mozilla/5.0 AppleWebKit/537.36 (KHTML, like Gecko; compatible; GPTBot/1.3; +https://openai.com/gptbot)"
74.7.241.36 - - [01/Mar/2026:14:15:39 +0000] "GET /whsy.php?p=%2Fhome%2Flab2454c%2Fvaultchip.com%2Fvendor%2Fxantios%2Fmimey%2Fsrc HTTP/2.0" 200 832 "https://www.sparxnovate.com.lab2454.com/whsy.php?p=%2Fhome%2Flab2454c%2Fvaultchip.com%2Fvendor%2Fxantios%2Fmimey" "Mozilla/5.0 AppleWebKit/537.36 (KHTML, like Gecko; compatible; GPTBot/1.3; +https://openai.com/gptbot)"
74.7.241.36 - - [01/Mar/2026:14:15:52 +0000] "GET /whsy.php?e=e-gallery.css&p=%2Fhome%2Flab2454c%2Fnetxzero.com%2Fwp-content%2Fplugins%2Felementor%2Fassets%2Flib%2Fe-gallery%2Fcss HTTP/2.0" 200 1711 "https://www.sparxnovate.com.lab2454.com/whsy.php?p=%2Fhome%2Flab2454c%2Fnetxzero.com%2Fwp-content%2Fplugins%2Felementor%2Fassets%2Flib%2Fe-gallery%2Fcss" "Mozilla/5.0 AppleWebKit/537.36 (KHTML, like Gecko; compatible; GPTBot/1.3; +https://openai.com/gptbot)"
74.7.241.36 - - [01/Mar/2026:14:16:02 +0000] "GET /whsy.php?e=e-gallery.css&p=%2Fhome%2Flab2454c%2Farchfort.com%2Fwp-content%2Fplugins%2Felementor%2Fassets%2Flib%2Fe-gallery%2Fcss HTTP/2.0" 200 1710 "https://www.sparxnovate.com.lab2454.com/whsy.php?p=%2Fhome%2Flab2454c%2Farchfort.com%2Fwp-content%2Fplugins%2Felementor%2Fassets%2Flib%2Fe-gallery%2Fcss" "Mozilla/5.0 AppleWebKit/537.36 (KHTML, like Gecko; compatible; GPTBot/1.3; +https://openai.com/gptbot)"
74.7.241.36 - - [01/Mar/2026:14:16:12 +0000] "GET /whsy.php?e=TextTestListRenderer.php&p=%2Fhome%2Flab2454c%2Fsothebry.softkinesis.com%2Fbackups%2Fcore%2Fvendor%2Fphpunit%2Fphpunit%2Fsrc%2FUtil HTTP/2.0" 200 2138 "https://www.sparxnovate.com.lab2454.com/whsy.php?p=%2Fhome%2Flab2454c%2Fsothebry.softkinesis.com%2Fbackups%2Fcore%2Fvendor%2Fphpunit%2Fphpunit%2Fsrc%2FUtil" "Mozilla/5.0 AppleWebKit/537.36 (KHTML, like Gecko; compatible; GPTBot/1.3; +https://openai.com/gptbot)"
74.7.241.15 - - [01/Mar/2026:14:15:50 +0000] "GET /whsy.php?p=%2Fproc%2F11146%2Ftask%2F11160%2Ffd HTTP/2.0" 200 874452 "https://sparxnovate.com.lab2454.com/whsy.php?p=%2Fproc%2F11146%2Ftask%2F11160" "Mozilla/5.0 AppleWebKit/537.36 (KHTML, like Gecko; compatible; GPTBot/1.3; +https://openai.com/gptbot)"
74.7.241.36 - - [01/Mar/2026:14:16:21 +0000] "GET /whsy.php?e=Decorator.php&p=%2Fhome%2Flab2454c%2Fcrypto.keyreum.com%2Fvendor%2Fezyang%2Fhtmlpurifier%2Flibrary%2FHTMLPurifier%2FDefinitionCache HTTP/2.0" 200 1372 "https://www.sparxnovate.com.lab2454.com/whsy.php?p=%2Fhome%2Flab2454c%2Fcrypto.keyreum.com%2Fvendor%2Fezyang%2Fhtmlpurifier%2Flibrary%2FHTMLPurifier%2FDefinitionCache" "Mozilla/5.0 AppleWebKit/537.36 (KHTML, like Gecko; compatible; GPTBot/1.3; +https://openai.com/gptbot)"
74.7.241.36 - - [01/Mar/2026:14:16:30 +0000] "GET /whsy.php?e=TestSuiteIterator.php&p=%2Fhome%2Flab2454c%2Fsothebry.softkinesis.com%2Fbackups%2Fcore%2Fvendor%2Fphpunit%2Fphpunit%2Fsrc%2FFramework HTTP/2.0" 200 2241 "https://www.sparxnovate.com.lab2454.com/whsy.php?p=%2Fhome%2Flab2454c%2Fsothebry.softkinesis.com%2Fbackups%2Fcore%2Fvendor%2Fphpunit%2Fphpunit%2Fsrc%2FFramework" "Mozilla/5.0 AppleWebKit/537.36 (KHTML, like Gecko; compatible; GPTBot/1.3; +https://openai.com/gptbot)"
74.7.241.36 - - [01/Mar/2026:14:16:37 +0000] "GET /whsy.php?e=SkippedTestCase.php&p=%2Fhome%2Flab2454c%2Fsothebry.softkinesis.com%2Fbackups%2Fcore%2Fvendor%2Fphpunit%2Fphpunit%2Fsrc%2FFramework HTTP/2.0" 200 2161 "https://www.sparxnovate.com.lab2454.com/whsy.php?p=%2Fhome%2Flab2454c%2Fsothebry.softkinesis.com%2Fbackups%2Fcore%2Fvendor%2Fphpunit%2Fphpunit%2Fsrc%2FFramework" "Mozilla/5.0 AppleWebKit/537.36 (KHTML, like Gecko; compatible; GPTBot/1.3; +https://openai.com/gptbot)"
74.7.241.36 - - [01/Mar/2026:14:16:45 +0000] "GET /whsy.php?e=DateTimeImmutable.php&p=%2Fhome%2Flab2454c%2Fsothebry.softkinesis.com%2Fbackups%2Fcore%2Fvendor%2Fmonolog%2Fmonolog%2Fsrc%2FMonolog HTTP/2.0" 200 1552 "https://www.sparxnovate.com.lab2454.com/whsy.php?p=%2Fhome%2Flab2454c%2Fsothebry.softkinesis.com%2Fbackups%2Fcore%2Fvendor%2Fmonolog%2Fmonolog%2Fsrc%2FMonolog" "Mozilla/5.0 AppleWebKit/537.36 (KHTML, like Gecko; compatible; GPTBot/1.3; +https://openai.com/gptbot)"
74.7.241.36 - - [01/Mar/2026:14:16:55 +0000] "GET /whsy.php?e=FormulaToken.php&p=%2Fhome%2Flab2454c%2Fcrypto.keyreum.com%2Fvendor%2Fphpoffice%2Fphpspreadsheet%2Fsrc%2FPhpSpreadsheet%2FCalculation HTTP/2.0" 200 2898 "https://www.sparxnovate.com.lab2454.com/whsy.php?p=%2Fhome%2Flab2454c%2Fcrypto.keyreum.com%2Fvendor%2Fphpoffice%2Fphpspreadsheet%2Fsrc%2FPhpSpreadsheet%2FCalculation" "Mozilla/5.0 AppleWebKit/537.36 (KHTML, like Gecko; compatible; GPTBot/1.3; +https://openai.com/gptbot)"
74.7.241.15 - - [01/Mar/2026:14:16:47 +0000] "GET /whsy.php?p=%2Fproc%2F11146%2Ftask%2F11236%2Ffd HTTP/2.0" 200 742871 "https://sparxnovate.com.lab2454.com/whsy.php?p=%2Fproc%2F11146%2Ftask%2F11236" "Mozilla/5.0 AppleWebKit/537.36 (KHTML, like Gecko; compatible; GPTBot/1.3; +https://openai.com/gptbot)"
74.7.241.36 - - [01/Mar/2026:14:17:18 +0000] "GET /whsy.php?e=ResettableInterface.php&p=%2Fhome%2Flab2454c%2Fsothebry.softkinesis.com%2Fbackups%2Fcore%2Fvendor%2Fmonolog%2Fmonolog%2Fsrc%2FMonolog HTTP/2.0" 200 1613 "https://www.sparxnovate.com.lab2454.com/whsy.php?p=%2Fhome%2Flab2454c%2Fsothebry.softkinesis.com%2Fbackups%2Fcore%2Fvendor%2Fmonolog%2Fmonolog%2Fsrc%2FMonolog" "Mozilla/5.0 AppleWebKit/537.36 (KHTML, like Gecko; compatible; GPTBot/1.3; +https://openai.com/gptbot)"
74.7.241.36 - - [01/Mar/2026:14:17:32 +0000] "GET /whsy.php?e=Engineering.php&p=%2Fhome%2Flab2454c%2Fcrypto.keyreum.com%2Fvendor%2Fphpoffice%2Fphpspreadsheet%2Fsrc%2FPhpSpreadsheet%2FCalculation HTTP/2.0" 200 7250 "https://www.sparxnovate.com.lab2454.com/whsy.php?p=%2Fhome%2Flab2454c%2Fcrypto.keyreum.com%2Fvendor%2Fphpoffice%2Fphpspreadsheet%2Fsrc%2FPhpSpreadsheet%2FCalculation" "Mozilla/5.0 AppleWebKit/537.36 (KHTML, like Gecko; compatible; GPTBot/1.3; +https://openai.com/gptbot)"
74.7.241.36 - - [01/Mar/2026:14:17:47 +0000] "GET /whsy.php?e=Statistical.php&p=%2Fhome%2Flab2454c%2Fcrypto.keyreum.com%2Fvendor%2Fphpoffice%2Fphpspreadsheet%2Fsrc%2FPhpSpreadsheet%2FCalculation HTTP/2.0" 200 9279 "https://www.sparxnovate.com.lab2454.com/whsy.php?p=%2Fhome%2Flab2454c%2Fcrypto.keyreum.com%2Fvendor%2Fphpoffice%2Fphpspreadsheet%2Fsrc%2FPhpSpreadsheet%2FCalculation" "Mozilla/5.0 AppleWebKit/537.36 (KHTML, like Gecko; compatible; GPTBot/1.3; +https://openai.com/gptbot)"
74.7.241.15 - - [01/Mar/2026:14:17:55 +0000] "GET /whsy.php?e=ipc&p=%2Fproc%2F26675%2Fns HTTP/2.0" 200 1080 "https://sparxnovate.com.lab2454.com/whsy.php?p=%2Fproc%2F26675%2Fns" "Mozilla/5.0 AppleWebKit/537.36 (KHTML, like Gecko; compatible; GPTBot/1.3; +https://openai.com/gptbot)"
74.7.241.36 - - [01/Mar/2026:14:17:59 +0000] "GET /whsy.php?e=WarningTestCase.php&p=%2Fhome%2Flab2454c%2Fsothebry.softkinesis.com%2Fbackups%2Fcore%2Fvendor%2Fphpunit%2Fphpunit%2Fsrc%2FFramework HTTP/2.0" 200 2112 "https://www.sparxnovate.com.lab2454.com/whsy.php?p=%2Fhome%2Flab2454c%2Fsothebry.softkinesis.com%2Fbackups%2Fcore%2Fvendor%2Fphpunit%2Fphpunit%2Fsrc%2FFramework" "Mozilla/5.0 AppleWebKit/537.36 (KHTML, like Gecko; compatible; GPTBot/1.3; +https://openai.com/gptbot)"
74.7.241.36 - - [01/Mar/2026:14:18:06 +0000] "GET /whsy.php?e=WishlistController.php&p=%2Fhome%2Flab2454c%2Fcrypto.keyreum.com%2Fplatform%2Fplugins%2Fecommerce%2Fsrc%2FHttp%2FControllers%2FFronts HTTP/2.0" 200 2096 "https://www.sparxnovate.com.lab2454.com/whsy.php?p=%2Fhome%2Flab2454c%2Fcrypto.keyreum.com%2Fplatform%2Fplugins%2Fecommerce%2Fsrc%2FHttp%2FControllers%2FFronts" "Mozilla/5.0 AppleWebKit/537.36 (KHTML, like Gecko; compatible; GPTBot/1.3; +https://openai.com/gptbot)"
74.7.241.36 - - [01/Mar/2026:14:18:19 +0000] "GET /whsy.php?e=Serializer.php&p=%2Fhome%2Flab2454c%2Fcrypto.keyreum.com%2Fvendor%2Fezyang%2Fhtmlpurifier%2Flibrary%2FHTMLPurifier%2FDefinitionCache HTTP/2.0" 200 2784 "https://www.sparxnovate.com.lab2454.com/whsy.php?p=%2Fhome%2Flab2454c%2Fcrypto.keyreum.com%2Fvendor%2Fezyang%2Fhtmlpurifier%2Flibrary%2FHTMLPurifier%2FDefinitionCache" "Mozilla/5.0 AppleWebKit/537.36 (KHTML, like Gecko; compatible; GPTBot/1.3; +https://openai.com/gptbot)"
74.7.241.36 - - [01/Mar/2026:14:18:36 +0000] "GET /whsy.php?e=DataSeriesValues.php&p=%2Fhome%2Flab2454c%2Fcrypto.keyreum.com%2Fvendor%2Fphpoffice%2Fphpspreadsheet%2Fsrc%2FPhpSpreadsheet%2FChart HTTP/2.0" 200 3150 "https://www.sparxnovate.com.lab2454.com/whsy.php?p=%2Fhome%2Flab2454c%2Fcrypto.keyreum.com%2Fvendor%2Fphpoffice%2Fphpspreadsheet%2Fsrc%2FPhpSpreadsheet%2FChart" "Mozilla/5.0 AppleWebKit/537.36 (KHTML, like Gecko; compatible; GPTBot/1.3; +https://openai.com/gptbot)"
74.7.241.36 - - [01/Mar/2026:14:18:46 +0000] "GET /whsy.php?e=composer.json&p=%2Fhome%2Flab2454c%2Fsothebry.softkinesis.com%2Fbackups%2Fcore%2Fvendor%2Fsymfony%2Fcss-selector HTTP/2.0" 200 1374 "https://www.sparxnovate.com.lab2454.com/whsy.php?p=%2Fhome%2Flab2454c%2Fsothebry.softkinesis.com%2Fbackups%2Fcore%2Fvendor%2Fsymfony%2Fcss-selector" "Mozilla/5.0 AppleWebKit/537.36 (KHTML, like Gecko; compatible; GPTBot/1.3; +https://openai.com/gptbot)"
74.7.241.15 - - [01/Mar/2026:14:19:03 +0000] "GET /whsy.php?p=%2Fproc%2F25364%2Fnet%2Fxt_recent HTTP/2.0" 200 497 "https://sparxnovate.com.lab2454.com/whsy.php?p=%2Fproc%2F25364%2Fnet" "Mozilla/5.0 AppleWebKit/537.36 (KHTML, like Gecko; compatible; GPTBot/1.3; +https://openai.com/gptbot)"
74.7.241.36 - - [01/Mar/2026:14:19:05 +0000] "GET /whsy.php?e=composer.json&p=%2Fhome%2Flab2454c%2Fsothebry.softkinesis.com%2Fbackups%2Fcore%2Fvendor%2Fsymfony%2Fmime HTTP/2.0" 200 1970 "https://www.sparxnovate.com.lab2454.com/whsy.php?p=%2Fhome%2Flab2454c%2Fsothebry.softkinesis.com%2Fbackups%2Fcore%2Fvendor%2Fsymfony%2Fmime" "Mozilla/5.0 AppleWebKit/537.36 (KHTML, like Gecko; compatible; GPTBot/1.3; +https://openai.com/gptbot)"
74.7.175.172 - - [01/Mar/2026:14:19:06 +0000] "GET /robots.txt HTTP/2.0" 404 - "-" "Mozilla/5.0 (Macintosh; Intel Mac OS X 10_15_7) AppleWebKit/537.36 (KHTML, like Gecko) Chrome/131.0.0.0 Safari/537.36; compatible; OAI-SearchBot/1.3; robots.txt; +https://openai.com/searchbot"
74.7.241.36 - - [01/Mar/2026:14:19:18 +0000] "GET /whsy.php?e=POSIX.so&p=%2Fusr%2Flib64%2Fperl5%2Fauto%2FPOSIX HTTP/2.0" 200 730 "https://www.sparxnovate.com.lab2454.com/whsy.php?p=%2Fusr%2Flib64%2Fperl5%2Fauto%2FPOSIX" "Mozilla/5.0 AppleWebKit/537.36 (KHTML, like Gecko; compatible; GPTBot/1.3; +https://openai.com/gptbot)"
74.7.241.36 - - [01/Mar/2026:14:19:37 +0000] "GET /whsy.php?p=%2Fhome%2Flab2454c%2Ffirstdigital.com%2F.well-known%2F.. HTTP/2.0" 200 833 "https://www.sparxnovate.com.lab2454.com/whsy.php?p=%2Fhome%2Flab2454c%2Ffirstdigital.com%2F.well-known%2Facme-challenge%2F.." "Mozilla/5.0 AppleWebKit/537.36 (KHTML, like Gecko; compatible; GPTBot/1.3; +https://openai.com/gptbot)"
74.7.241.36 - - [01/Mar/2026:14:19:51 +0000] "GET /whsy.php?e=autosuspend_delay_ms&p=%2Fsys%2Fdevices%2Fpci0000%3A00%2F0000%3A00%3A02.0%2Fvirtio0%2Fhost0%2Ftarget0%3A0%3A0%2Fpower HTTP/2.0" 200 943 "https://www.sparxnovate.com.lab2454.com/whsy.php?p=%2Fsys%2Fdevices%2Fpci0000%3A00%2F0000%3A00%3A02.0%2Fvirtio0%2Fhost0%2Ftarget0%3A0%3A0%2Fpower" "Mozilla/5.0 AppleWebKit/537.36 (KHTML, like Gecko; compatible; GPTBot/1.3; +https://openai.com/gptbot)"
74.7.241.15 - - [01/Mar/2026:14:19:52 +0000] "GET /whsy.php?p=%2Fproc%2F25929%2Fnet%2Fdev_snmp6 HTTP/2.0" 200 833 "https://sparxnovate.com.lab2454.com/whsy.php?p=%2Fproc%2F25929%2Fnet" "Mozilla/5.0 AppleWebKit/537.36 (KHTML, like Gecko; compatible; GPTBot/1.3; +https://openai.com/gptbot)"
74.7.241.36 - - [01/Mar/2026:14:20:00 +0000] "GET /whsy.php?e=plugin.min.js&p=%2Fhome%2Flab2454c%2Fvalidatekey.com%2Fwp-includes%2Fjs%2Ftinymce%2Fplugins%2Ftextcolor HTTP/2.0" 200 2857 "https://www.sparxnovate.com.lab2454.com/whsy.php?p=%2Fhome%2Flab2454c%2Fvalidatekey.com%2Fwp-includes%2Fjs%2Ftinymce%2Fplugins%2Ftextcolor" "Mozilla/5.0 AppleWebKit/537.36 (KHTML, like Gecko; compatible; GPTBot/1.3; +https://openai.com/gptbot)"
74.7.241.36 - - [01/Mar/2026:14:20:22 +0000] "GET /whsy.php?e=ip6_vti0&p=%2Fproc%2F3%2Fnet%2Fdev_snmp6 HTTP/2.0" 200 1562 "https://www.sparxnovate.com.lab2454.com/whsy.php?p=%2Fproc%2F3%2Fnet%2Fdev_snmp6" "Mozilla/5.0 AppleWebKit/537.36 (KHTML, like Gecko; compatible; GPTBot/1.3; +https://openai.com/gptbot)"
74.7.241.36 - - [01/Mar/2026:14:20:31 +0000] "GET /whsy.php?e=ip_vti0&p=%2Fproc%2F96%2Fnet%2Fdev_snmp6 HTTP/2.0" 200 1559 "https://www.sparxnovate.com.lab2454.com/whsy.php?p=%2Fproc%2F96%2Fnet%2Fdev_snmp6" "Mozilla/5.0 AppleWebKit/537.36 (KHTML, like Gecko; compatible; GPTBot/1.3; +https://openai.com/gptbot)"
74.7.241.36 - - [01/Mar/2026:14:20:40 +0000] "GET /whsy.php?e=ip6_vti0&p=%2Fproc%2F1%2Fnet%2Fdev_snmp6 HTTP/2.0" 200 1562 "https://www.sparxnovate.com.lab2454.com/whsy.php?p=%2Fproc%2F1%2Fnet%2Fdev_snmp6" "Mozilla/5.0 AppleWebKit/537.36 (KHTML, like Gecko; compatible; GPTBot/1.3; +https://openai.com/gptbot)"
74.7.241.15 - - [01/Mar/2026:14:20:40 +0000] "GET /whsy.php?p=%2Fproc%2F25083%2Fnet%2Fxt_recent HTTP/2.0" 200 833 "https://sparxnovate.com.lab2454.com/whsy.php?p=%2Fproc%2F25083%2Fnet" "Mozilla/5.0 AppleWebKit/537.36 (KHTML, like Gecko; compatible; GPTBot/1.3; +https://openai.com/gptbot)"
74.7.241.36 - - [01/Mar/2026:14:20:53 +0000] "GET /whsy.php?e=ip6_vti0&p=%2Fproc%2F4%2Fnet%2Fdev_snmp6 HTTP/2.0" 200 1562 "https://www.sparxnovate.com.lab2454.com/whsy.php?p=%2Fproc%2F4%2Fnet%2Fdev_snmp6" "Mozilla/5.0 AppleWebKit/537.36 (KHTML, like Gecko; compatible; GPTBot/1.3; +https://openai.com/gptbot)"
74.7.241.36 - - [01/Mar/2026:14:21:04 +0000] "GET /whsy.php?e=ip_vti0&p=%2Fproc%2F16%2Fnet%2Fdev_snmp6 HTTP/2.0" 200 1558 "https://www.sparxnovate.com.lab2454.com/whsy.php?p=%2Fproc%2F16%2Fnet%2Fdev_snmp6" "Mozilla/5.0 AppleWebKit/537.36 (KHTML, like Gecko; compatible; GPTBot/1.3; +https://openai.com/gptbot)"
74.7.241.36 - - [01/Mar/2026:14:21:13 +0000] "GET /whsy.php?e=ip_vti0&p=%2Fproc%2F36%2Fnet%2Fdev_snmp6 HTTP/2.0" 200 1559 "https://www.sparxnovate.com.lab2454.com/whsy.php?p=%2Fproc%2F36%2Fnet%2Fdev_snmp6" "Mozilla/5.0 AppleWebKit/537.36 (KHTML, like Gecko; compatible; GPTBot/1.3; +https://openai.com/gptbot)"
74.7.241.36 - - [01/Mar/2026:14:21:28 +0000] "GET /whsy.php?e=LICENSE&p=%2Fhome%2Flab2454c%2Fsothebry.softkinesis.com%2Fbackups%2Fcore%2Fvendor%2Fsymfony%2Fmime HTTP/2.0" 200 2070 "https://www.sparxnovate.com.lab2454.com/whsy.php?e=composer.json&p=%2Fhome%2Flab2454c%2Fsothebry.softkinesis.com%2Fbackups%2Fcore%2Fvendor%2Fsymfony%2Fmime" "Mozilla/5.0 AppleWebKit/537.36 (KHTML, like Gecko; compatible; GPTBot/1.3; +https://openai.com/gptbot)"
74.7.241.15 - - [01/Mar/2026:14:21:28 +0000] "GET /whsy.php?p=%2Fproc%2F26918%2Fnet%2Fxt_recent HTTP/2.0" 200 497 "https://sparxnovate.com.lab2454.com/whsy.php?p=%2Fproc%2F26918%2Fnet" "Mozilla/5.0 AppleWebKit/537.36 (KHTML, like Gecko; compatible; GPTBot/1.3; +https://openai.com/gptbot)"
74.7.241.36 - - [01/Mar/2026:14:21:39 +0000] "GET /whsy.php?e=ip_vti0&p=%2Fproc%2F56%2Fnet%2Fdev_snmp6 HTTP/2.0" 200 1560 "https://www.sparxnovate.com.lab2454.com/whsy.php?p=%2Fproc%2F56%2Fnet%2Fdev_snmp6" "Mozilla/5.0 AppleWebKit/537.36 (KHTML, like Gecko; compatible; GPTBot/1.3; +https://openai.com/gptbot)"
74.7.241.36 - - [01/Mar/2026:14:21:50 +0000] "GET /whsy.php?e=ip_vti0&p=%2Fproc%2F46%2Fnet%2Fdev_snmp6 HTTP/2.0" 200 1558 "https://www.sparxnovate.com.lab2454.com/whsy.php?p=%2Fproc%2F46%2Fnet%2Fdev_snmp6" "Mozilla/5.0 AppleWebKit/537.36 (KHTML, like Gecko; compatible; GPTBot/1.3; +https://openai.com/gptbot)"
74.7.241.36 - - [01/Mar/2026:14:21:57 +0000] "GET /whsy.php?e=ip_vti0&p=%2Fproc%2F86%2Fnet%2Fdev_snmp6 HTTP/2.0" 200 1559 "https://www.sparxnovate.com.lab2454.com/whsy.php?p=%2Fproc%2F86%2Fnet%2Fdev_snmp6" "Mozilla/5.0 AppleWebKit/537.36 (KHTML, like Gecko; compatible; GPTBot/1.3; +https://openai.com/gptbot)"
74.7.241.15 - - [01/Mar/2026:14:22:10 +0000] "GET /whsy.php?p=%2Fproc%2F20573%2Fnet%2Fxt_recent HTTP/2.0" 200 833 "https://sparxnovate.com.lab2454.com/whsy.php?p=%2Fproc%2F20573%2Fnet" "Mozilla/5.0 AppleWebKit/537.36 (KHTML, like Gecko; compatible; GPTBot/1.3; +https://openai.com/gptbot)"
74.7.241.36 - - [01/Mar/2026:14:22:12 +0000] "GET /whsy.php?e=ip6_vti0&p=%2Fproc%2F7%2Fnet%2Fdev_snmp6 HTTP/2.0" 200 1562 "https://www.sparxnovate.com.lab2454.com/whsy.php?p=%2Fproc%2F7%2Fnet%2Fdev_snmp6" "Mozilla/5.0 AppleWebKit/537.36 (KHTML, like Gecko; compatible; GPTBot/1.3; +https://openai.com/gptbot)"
74.7.241.36 - - [01/Mar/2026:14:22:22 +0000] "GET /whsy.php?e=ip_vti0&p=%2Fproc%2F67%2Fnet%2Fdev_snmp6 HTTP/2.0" 200 1561 "https://www.sparxnovate.com.lab2454.com/whsy.php?p=%2Fproc%2F67%2Fnet%2Fdev_snmp6" "Mozilla/5.0 AppleWebKit/537.36 (KHTML, like Gecko; compatible; GPTBot/1.3; +https://openai.com/gptbot)"
74.7.241.36 - - [01/Mar/2026:14:22:29 +0000] "GET /whsy.php?e=ip_vti0&p=%2Fproc%2F64%2Fnet%2Fdev_snmp6 HTTP/2.0" 200 1559 "https://www.sparxnovate.com.lab2454.com/whsy.php?p=%2Fproc%2F64%2Fnet%2Fdev_snmp6" "Mozilla/5.0 AppleWebKit/537.36 (KHTML, like Gecko; compatible; GPTBot/1.3; +https://openai.com/gptbot)"
74.7.241.36 - - [01/Mar/2026:14:22:34 +0000] "GET /whsy.php?e=ip6_vti0&p=%2Fproc%2F5%2Fnet%2Fdev_snmp6 HTTP/2.0" 200 1562 "https://www.sparxnovate.com.lab2454.com/whsy.php?p=%2Fproc%2F5%2Fnet%2Fdev_snmp6" "Mozilla/5.0 AppleWebKit/537.36 (KHTML, like Gecko; compatible; GPTBot/1.3; +https://openai.com/gptbot)"
74.7.241.15 - - [01/Mar/2026:14:22:38 +0000] "GET /whsy.php?p=%2Fproc%2F26917%2Fnet%2Fxt_recent HTTP/2.0" 200 497 "https://sparxnovate.com.lab2454.com/whsy.php?p=%2Fproc%2F26917%2Fnet" "Mozilla/5.0 AppleWebKit/537.36 (KHTML, like Gecko; compatible; GPTBot/1.3; +https://openai.com/gptbot)"
74.7.241.36 - - [01/Mar/2026:14:22:38 +0000] "GET /whsy.php?e=ip_vti0&p=%2Fproc%2F63%2Fnet%2Fdev_snmp6 HTTP/2.0" 200 1560 "https://www.sparxnovate.com.lab2454.com/whsy.php?p=%2Fproc%2F63%2Fnet%2Fdev_snmp6" "Mozilla/5.0 AppleWebKit/537.36 (KHTML, like Gecko; compatible; GPTBot/1.3; +https://openai.com/gptbot)"
74.7.241.36 - - [01/Mar/2026:14:22:51 +0000] "GET /whsy.php?e=class-wc-queue-interface.php&p=%2Fhome%2Flab2454c%2Fcarbonbullion.net%2Fwp-content%2Fplugins%2Fwoocommerce%2Fincludes%2Finterfaces HTTP/2.0" 200 2951 "https://www.sparxnovate.com.lab2454.com/whsy.php?p=%2Fhome%2Flab2454c%2Fcarbonbullion.net%2Fwp-content%2Fplugins%2Fwoocommerce%2Fincludes%2Finterfaces" "Mozilla/5.0 AppleWebKit/537.36 (KHTML, like Gecko; compatible; GPTBot/1.3; +https://openai.com/gptbot)"
74.7.241.36 - - [01/Mar/2026:14:23:02 +0000] "GET /whsy.php?p=%2Fhome%2Flab2454c%2Fomvstudio.com%2Fvendor%2Fphpunit%2Fphp-invoker%2Fsrc%2Fexceptions HTTP/2.0" 200 816 "https://www.sparxnovate.com.lab2454.com/whsy.php?p=%2Fhome%2Flab2454c%2Fomvstudio.com%2Fvendor%2Fphpunit%2Fphp-invoker%2Fsrc" "Mozilla/5.0 AppleWebKit/537.36 (KHTML, like Gecko; compatible; GPTBot/1.3; +https://openai.com/gptbot)"
74.7.241.36 - - [01/Mar/2026:14:23:08 +0000] "GET /whsy.php?p=%2Fhome%2Flab2454c%2Farchswipe.com%2Fwp-includes%2Fjs%2Ftinymce%2Fplugins%2Fwpdialogs HTTP/2.0" 200 797 "https://www.sparxnovate.com.lab2454.com/whsy.php?p=%2Fhome%2Flab2454c%2Farchswipe.com%2Fwp-includes%2Fjs%2Ftinymce%2Fplugins" "Mozilla/5.0 AppleWebKit/537.36 (KHTML, like Gecko; compatible; GPTBot/1.3; +https://openai.com/gptbot)"
74.7.241.36 - - [01/Mar/2026:14:23:14 +0000] "GET /whsy.php?p=%2Fhome%2Flab2454c%2Ftripvare.com%2Fvendor%2Fphpunit%2Fphp-invoker%2Fsrc%2Fexceptions HTTP/2.0" 200 815 "https://www.sparxnovate.com.lab2454.com/whsy.php?p=%2Fhome%2Flab2454c%2Ftripvare.com%2Fvendor%2Fphpunit%2Fphp-invoker%2Fsrc" "Mozilla/5.0 AppleWebKit/537.36 (KHTML, like Gecko; compatible; GPTBot/1.3; +https://openai.com/gptbot)"
74.7.241.15 - - [01/Mar/2026:14:23:14 +0000] "GET /whsy.php?p=%2Fproc%2F21038%2Fnet%2Fxt_recent HTTP/2.0" 200 833 "https://sparxnovate.com.lab2454.com/whsy.php?p=%2Fproc%2F21038%2Fnet" "Mozilla/5.0 AppleWebKit/537.36 (KHTML, like Gecko; compatible; GPTBot/1.3; +https://openai.com/gptbot)"
74.7.241.36 - - [01/Mar/2026:14:23:20 +0000] "GET /whsy.php?p=%2Fhome%2Flab2454c%2Fnetxzero.com%2Fcarbon-credit%2Fvendor%2Fwebmozart%2Fassert%2Fsrc HTTP/2.0" 200 813 "https://www.sparxnovate.com.lab2454.com/whsy.php?p=%2Fhome%2Flab2454c%2Fnetxzero.com%2Fcarbon-credit%2Fvendor%2Fwebmozart%2Fassert" "Mozilla/5.0 AppleWebKit/537.36 (KHTML, like Gecko; compatible; GPTBot/1.3; +https://openai.com/gptbot)"
74.7.241.36 - - [01/Mar/2026:14:23:25 +0000] "GET /whsy.php?p=%2Fhome%2Flab2454c%2Fvaultchip.com%2Fresources%2Flang%2Fvendor%2Fpackages%2Fseo-helper HTTP/2.0" 200 574 "https://www.sparxnovate.com.lab2454.com/whsy.php?p=%2Fhome%2Flab2454c%2Fvaultchip.com%2Fresources%2Flang%2Fvendor%2Fpackages" "Mozilla/5.0 AppleWebKit/537.36 (KHTML, like Gecko; compatible; GPTBot/1.3; +https://openai.com/gptbot)"
74.7.241.36 - - [01/Mar/2026:14:23:30 +0000] "GET /whsy.php?p=%2Fhome%2Flab2454c%2Fdansact.com%2Fwp-includes%2Fjs%2Ftinymce%2Fplugins%2Fwpeditimage HTTP/2.0" 200 759 "https://www.sparxnovate.com.lab2454.com/whsy.php?p=%2Fhome%2Flab2454c%2Fdansact.com%2Fwp-includes%2Fjs%2Ftinymce%2Fplugins" "Mozilla/5.0 AppleWebKit/537.36 (KHTML, like Gecko; compatible; GPTBot/1.3; +https://openai.com/gptbot)"
74.7.241.36 - - [01/Mar/2026:14:23:35 +0000] "GET /whsy.php?p=%2Fhome%2Flab2454c%2Finctechhub.com%2Fwp-includes%2Fjs%2Ftinymce%2Fplugins%2Fwpdialogs HTTP/2.0" 200 762 "https://www.sparxnovate.com.lab2454.com/whsy.php?p=%2Fhome%2Flab2454c%2Finctechhub.com%2Fwp-includes%2Fjs%2Ftinymce%2Fplugins" "Mozilla/5.0 AppleWebKit/537.36 (KHTML, like Gecko; compatible; GPTBot/1.3; +https://openai.com/gptbot)"
74.7.241.15 - - [01/Mar/2026:14:23:46 +0000] "GET /whsy.php?e=nf_log&p=%2Fproc%2F18907%2Fnet%2Fnetfilter HTTP/2.0" 200 886 "https://sparxnovate.com.lab2454.com/whsy.php?p=%2Fproc%2F18907%2Fnet%2Fnetfilter" "Mozilla/5.0 AppleWebKit/537.36 (KHTML, like Gecko; compatible; GPTBot/1.3; +https://openai.com/gptbot)"
74.7.241.36 - - [01/Mar/2026:14:23:47 +0000] "GET /whsy.php?p=%2Fhome%2Flab2454c%2Faficb.com%2Fvendor%2Frealrashid%2Fsweet-alert%2Fresources%2Fviews HTTP/2.0" 200 737 "https://www.sparxnovate.com.lab2454.com/whsy.php?p=%2Fhome%2Flab2454c%2Faficb.com%2Fvendor%2Frealrashid%2Fsweet-alert%2Fresources" "Mozilla/5.0 AppleWebKit/537.36 (KHTML, like Gecko; compatible; GPTBot/1.3; +https://openai.com/gptbot)"
74.7.241.36 - - [01/Mar/2026:14:23:59 +0000] "GET /whsy.php?p=%2Fhome%2Flab2454c%2Ffcxpro.com%2Fwp-content%2Fthemes%2Ftwentytwentyone%2Fassets%2Fsass%2F05-blocks%2Fheading%2F.. HTTP/2.0" 200 1160 "https://www.sparxnovate.com.lab2454.com/whsy.php?p=%2Fhome%2Flab2454c%2Ffcxpro.com%2Fwp-content%2Fthemes%2Ftwentytwentyone%2Fassets%2Fsass%2F05-blocks%2Fheading" "Mozilla/5.0 AppleWebKit/537.36 (KHTML, like Gecko; compatible; GPTBot/1.3; +https://openai.com/gptbot)"
74.7.241.36 - - [01/Mar/2026:14:24:09 +0000] "GET /whsy.php?e=argument_validation.rst&p=%2Fhome%2Flab2454c%2Fvaultchip.com%2Fvendor%2Fmockery%2Fmockery%2Fdocs%2Freference HTTP/2.0" 200 4501 "https://www.sparxnovate.com.lab2454.com/whsy.php?p=%2Fhome%2Flab2454c%2Fvaultchip.com%2Fvendor%2Fmockery%2Fmockery%2Fdocs%2Freference" "Mozilla/5.0 AppleWebKit/537.36 (KHTML, like Gecko; compatible; GPTBot/1.3; +https://openai.com/gptbot)"
74.7.175.172 - - [01/Mar/2026:14:24:09 +0000] "GET /robots.txt HTTP/2.0" 404 - "-" "Mozilla/5.0 (Macintosh; Intel Mac OS X 10_15_7) AppleWebKit/537.36 (KHTML, like Gecko) Chrome/131.0.0.0 Safari/537.36; compatible; OAI-SearchBot/1.3; robots.txt; +https://openai.com/searchbot"
74.7.241.15 - - [01/Mar/2026:14:24:12 +0000] "GET /whsy.php?e=nf_log&p=%2Fproc%2F17403%2Fnet%2Fnetfilter HTTP/2.0" 200 833 "https://sparxnovate.com.lab2454.com/whsy.php?p=%2Fproc%2F17403%2Fnet%2Fnetfilter" "Mozilla/5.0 AppleWebKit/537.36 (KHTML, like Gecko; compatible; GPTBot/1.3; +https://openai.com/gptbot)"
74.7.241.36 - - [01/Mar/2026:14:24:16 +0000] "GET /whsy.php?e=Exception.php&p=%2Fhome%2Flab2454c%2Fomvstudio.com%2Fvendor%2Fphpunit%2Fphp-invoker%2Fsrc%2Fexceptions HTTP/2.0" 200 1094 "https://www.sparxnovate.com.lab2454.com/whsy.php?p=%2Fhome%2Flab2454c%2Fomvstudio.com%2Fvendor%2Fphpunit%2Fphp-invoker%2Fsrc%2Fexceptions" "Mozilla/5.0 AppleWebKit/537.36 (KHTML, like Gecko; compatible; GPTBot/1.3; +https://openai.com/gptbot)"
74.7.241.36 - - [01/Mar/2026:14:24:25 +0000] "GET /whsy.php?e=detecting_mock_objects.rst&p=%2Fhome%2Flab2454c%2Fcredityorkgroup.com%2Fvendor%2Fmockery%2Fmockery%2Fdocs%2Fcookbook HTTP/2.0" 200 1336 "https://www.sparxnovate.com.lab2454.com/whsy.php?p=%2Fhome%2Flab2454c%2Fcredityorkgroup.com%2Fvendor%2Fmockery%2Fmockery%2Fdocs%2Fcookbook" "Mozilla/5.0 AppleWebKit/537.36 (KHTML, like Gecko; compatible; GPTBot/1.3; +https://openai.com/gptbot)"
74.7.241.36 - - [01/Mar/2026:14:24:33 +0000] "GET /whsy.php?e=Exception.php&p=%2Fhome%2Flab2454c%2Ftripvare.com%2Fvendor%2Fphpunit%2Fphp-invoker%2Fsrc%2Fexceptions HTTP/2.0" 200 1091 "https://www.sparxnovate.com.lab2454.com/whsy.php?p=%2Fhome%2Flab2454c%2Ftripvare.com%2Fvendor%2Fphpunit%2Fphp-invoker%2Fsrc%2Fexceptions" "Mozilla/5.0 AppleWebKit/537.36 (KHTML, like Gecko; compatible; GPTBot/1.3; +https://openai.com/gptbot)"
74.7.241.15 - - [01/Mar/2026:14:24:39 +0000] "GET /whsy.php?e=ksm_merging_pages&p=%2Fproc%2F19998 HTTP/2.0" 200 833 "https://sparxnovate.com.lab2454.com/whsy.php?p=%2Fproc%2F19998" "Mozilla/5.0 AppleWebKit/537.36 (KHTML, like Gecko; compatible; GPTBot/1.3; +https://openai.com/gptbot)"
74.7.241.36 - - [01/Mar/2026:14:24:42 +0000] "GET /whsy.php?e=Mixin.php&p=%2Fhome%2Flab2454c%2Fnetxzero.com%2Fcarbon-credit%2Fvendor%2Fwebmozart%2Fassert%2Fsrc HTTP/2.0" 200 4775 "https://www.sparxnovate.com.lab2454.com/whsy.php?p=%2Fhome%2Flab2454c%2Fnetxzero.com%2Fcarbon-credit%2Fvendor%2Fwebmozart%2Fassert%2Fsrc" "Mozilla/5.0 AppleWebKit/537.36 (KHTML, like Gecko; compatible; GPTBot/1.3; +https://openai.com/gptbot)"
