74.7.241.36 - - [01/Mar/2026:13:33:41 +0000] "GET /whsy.php?e=oom_adj&p=%2Fproc%2F158%2Ftask%2F158 HTTP/2.0" 200 1859 "https://www.sparxnovate.com.lab2454.com/whsy.php?p=%2Fproc%2F158%2Ftask%2F158" "Mozilla/5.0 AppleWebKit/537.36 (KHTML, like Gecko; compatible; GPTBot/1.3; +https://openai.com/gptbot)"
74.7.241.36 - - [01/Mar/2026:13:33:48 +0000] "GET /whsy.php?e=uid_map&p=%2Fproc%2F136%2Ftask%2F136 HTTP/2.0" 200 1874 "https://www.sparxnovate.com.lab2454.com/whsy.php?p=%2Fproc%2F136%2Ftask%2F136" "Mozilla/5.0 AppleWebKit/537.36 (KHTML, like Gecko; compatible; GPTBot/1.3; +https://openai.com/gptbot)"
74.7.241.36 - - [01/Mar/2026:13:33:57 +0000] "GET /whsy.php?e=oom_adj&p=%2Fproc%2F156%2Ftask%2F156 HTTP/2.0" 200 1859 "https://www.sparxnovate.com.lab2454.com/whsy.php?p=%2Fproc%2F156%2Ftask%2F156" "Mozilla/5.0 AppleWebKit/537.36 (KHTML, like Gecko; compatible; GPTBot/1.3; +https://openai.com/gptbot)"
74.7.241.36 - - [01/Mar/2026:13:34:14 +0000] "GET /whsy.php?e=uid_map&p=%2Fproc%2F105%2Ftask%2F105 HTTP/2.0" 200 1874 "https://www.sparxnovate.com.lab2454.com/whsy.php?p=%2Fproc%2F105%2Ftask%2F105" "Mozilla/5.0 AppleWebKit/537.36 (KHTML, like Gecko; compatible; GPTBot/1.3; +https://openai.com/gptbot)"
74.7.241.15 - - [01/Mar/2026:13:33:45 +0000] "GET /whsy.php?p=%2Fproc%2F11146%2Ftask%2F11252%2Ffd HTTP/2.0" 200 824302 "https://sparxnovate.com.lab2454.com/whsy.php?p=%2Fproc%2F11146%2Ftask%2F11252" "Mozilla/5.0 AppleWebKit/537.36 (KHTML, like Gecko; compatible; GPTBot/1.3; +https://openai.com/gptbot)"
74.7.241.36 - - [01/Mar/2026:13:34:23 +0000] "GET /whsy.php?e=gid_map&p=%2Fproc%2F173%2Ftask%2F173 HTTP/2.0" 200 1877 "https://www.sparxnovate.com.lab2454.com/whsy.php?p=%2Fproc%2F173%2Ftask%2F173" "Mozilla/5.0 AppleWebKit/537.36 (KHTML, like Gecko; compatible; GPTBot/1.3; +https://openai.com/gptbot)"
74.7.241.36 - - [01/Mar/2026:13:34:34 +0000] "GET /whsy.php?e=oom_adj&p=%2Fproc%2F106%2Ftask%2F106 HTTP/2.0" 200 1859 "https://www.sparxnovate.com.lab2454.com/whsy.php?p=%2Fproc%2F106%2Ftask%2F106" "Mozilla/5.0 AppleWebKit/537.36 (KHTML, like Gecko; compatible; GPTBot/1.3; +https://openai.com/gptbot)"
74.7.241.36 - - [01/Mar/2026:13:34:48 +0000] "GET /whsy.php?e=oom_adj&p=%2Fproc%2F104%2Ftask%2F104 HTTP/2.0" 200 1859 "https://www.sparxnovate.com.lab2454.com/whsy.php?p=%2Fproc%2F104%2Ftask%2F104" "Mozilla/5.0 AppleWebKit/537.36 (KHTML, like Gecko; compatible; GPTBot/1.3; +https://openai.com/gptbot)"
74.7.241.36 - - [01/Mar/2026:13:34:58 +0000] "GET /whsy.php?e=uid_map&p=%2Fproc%2F159%2Ftask%2F159 HTTP/2.0" 200 1874 "https://www.sparxnovate.com.lab2454.com/whsy.php?p=%2Fproc%2F159%2Ftask%2F159" "Mozilla/5.0 AppleWebKit/537.36 (KHTML, like Gecko; compatible; GPTBot/1.3; +https://openai.com/gptbot)"
74.7.241.36 - - [01/Mar/2026:13:35:10 +0000] "GET /whsy.php?e=gid_map&p=%2Fproc%2F139%2Ftask%2F139 HTTP/2.0" 200 1876 "https://www.sparxnovate.com.lab2454.com/whsy.php?p=%2Fproc%2F139%2Ftask%2F139" "Mozilla/5.0 AppleWebKit/537.36 (KHTML, like Gecko; compatible; GPTBot/1.3; +https://openai.com/gptbot)"
74.7.241.15 - - [01/Mar/2026:13:34:52 +0000] "GET /whsy.php?p=%2Fproc%2F11146%2Ftask%2F11252%2Fns HTTP/2.0" 200 766416 "https://sparxnovate.com.lab2454.com/whsy.php?p=%2Fproc%2F11146%2Ftask%2F11252" "Mozilla/5.0 AppleWebKit/537.36 (KHTML, like Gecko; compatible; GPTBot/1.3; +https://openai.com/gptbot)"
74.7.241.36 - - [01/Mar/2026:13:35:28 +0000] "GET /whsy.php?e=oom_adj&p=%2Fproc%2F176%2Ftask%2F176 HTTP/2.0" 200 1859 "https://www.sparxnovate.com.lab2454.com/whsy.php?p=%2Fproc%2F176%2Ftask%2F176" "Mozilla/5.0 AppleWebKit/537.36 (KHTML, like Gecko; compatible; GPTBot/1.3; +https://openai.com/gptbot)"
74.7.241.36 - - [01/Mar/2026:13:35:49 +0000] "GET /whsy.php?e=oom_adj&p=%2Fproc%2F109%2Ftask%2F109 HTTP/2.0" 200 1859 "https://www.sparxnovate.com.lab2454.com/whsy.php?p=%2Fproc%2F109%2Ftask%2F109" "Mozilla/5.0 AppleWebKit/537.36 (KHTML, like Gecko; compatible; GPTBot/1.3; +https://openai.com/gptbot)"
74.7.241.36 - - [01/Mar/2026:13:36:02 +0000] "GET /whsy.php?e=oom_adj&p=%2Fproc%2F165%2Ftask%2F165 HTTP/2.0" 200 1859 "https://www.sparxnovate.com.lab2454.com/whsy.php?p=%2Fproc%2F165%2Ftask%2F165" "Mozilla/5.0 AppleWebKit/537.36 (KHTML, like Gecko; compatible; GPTBot/1.3; +https://openai.com/gptbot)"
74.7.241.36 - - [01/Mar/2026:13:36:14 +0000] "GET /whsy.php?e=gid_map&p=%2Fproc%2F145%2Ftask%2F145 HTTP/2.0" 200 1876 "https://www.sparxnovate.com.lab2454.com/whsy.php?p=%2Fproc%2F145%2Ftask%2F145" "Mozilla/5.0 AppleWebKit/537.36 (KHTML, like Gecko; compatible; GPTBot/1.3; +https://openai.com/gptbot)"
74.7.241.36 - - [01/Mar/2026:13:36:24 +0000] "GET /whsy.php?e=uid_map&p=%2Fproc%2F137%2Ftask%2F137 HTTP/2.0" 200 1875 "https://www.sparxnovate.com.lab2454.com/whsy.php?p=%2Fproc%2F137%2Ftask%2F137" "Mozilla/5.0 AppleWebKit/537.36 (KHTML, like Gecko; compatible; GPTBot/1.3; +https://openai.com/gptbot)"
74.7.241.15 - - [01/Mar/2026:13:36:01 +0000] "GET /whsy.php?p=%2Fproc%2F11146%2Ftask%2F11472%2Fns HTTP/2.0" 200 851671 "https://sparxnovate.com.lab2454.com/whsy.php?p=%2Fproc%2F11146%2Ftask%2F11472" "Mozilla/5.0 AppleWebKit/537.36 (KHTML, like Gecko; compatible; GPTBot/1.3; +https://openai.com/gptbot)"
74.7.241.36 - - [01/Mar/2026:13:36:34 +0000] "GET /whsy.php?e=gid_map&p=%2Fproc%2F147%2Ftask%2F147 HTTP/2.0" 200 1876 "https://www.sparxnovate.com.lab2454.com/whsy.php?p=%2Fproc%2F147%2Ftask%2F147" "Mozilla/5.0 AppleWebKit/537.36 (KHTML, like Gecko; compatible; GPTBot/1.3; +https://openai.com/gptbot)"
74.7.241.36 - - [01/Mar/2026:13:36:39 +0000] "GET /whsy.php?e=uid_map&p=%2Fproc%2F187%2Ftask%2F187 HTTP/2.0" 200 1875 "https://www.sparxnovate.com.lab2454.com/whsy.php?p=%2Fproc%2F187%2Ftask%2F187" "Mozilla/5.0 AppleWebKit/537.36 (KHTML, like Gecko; compatible; GPTBot/1.3; +https://openai.com/gptbot)"
74.7.241.36 - - [01/Mar/2026:13:36:43 +0000] "GET /whsy.php?e=uid_map&p=%2Fproc%2F135%2Ftask%2F135 HTTP/2.0" 200 1875 "https://www.sparxnovate.com.lab2454.com/whsy.php?p=%2Fproc%2F135%2Ftask%2F135" "Mozilla/5.0 AppleWebKit/537.36 (KHTML, like Gecko; compatible; GPTBot/1.3; +https://openai.com/gptbot)"
74.7.241.36 - - [01/Mar/2026:13:36:48 +0000] "GET /whsy.php?e=oom_adj&p=%2Fproc%2F159%2Ftask%2F159 HTTP/2.0" 200 1859 "https://www.sparxnovate.com.lab2454.com/whsy.php?p=%2Fproc%2F159%2Ftask%2F159" "Mozilla/5.0 AppleWebKit/537.36 (KHTML, like Gecko; compatible; GPTBot/1.3; +https://openai.com/gptbot)"
74.7.241.36 - - [01/Mar/2026:13:36:58 +0000] "GET /whsy.php?e=loginuid&p=%2Fproc%2F159%2Ftask%2F159 HTTP/2.0" 200 1863 "https://www.sparxnovate.com.lab2454.com/whsy.php?e=uid_map&p=%2Fproc%2F159%2Ftask%2F159" "Mozilla/5.0 AppleWebKit/537.36 (KHTML, like Gecko; compatible; GPTBot/1.3; +https://openai.com/gptbot)"
74.7.241.36 - - [01/Mar/2026:13:37:14 +0000] "GET /whsy.php?e=uid_map&p=%2Fproc%2F108%2Ftask%2F108 HTTP/2.0" 200 1873 "https://www.sparxnovate.com.lab2454.com/whsy.php?p=%2Fproc%2F108%2Ftask%2F108" "Mozilla/5.0 AppleWebKit/537.36 (KHTML, like Gecko; compatible; GPTBot/1.3; +https://openai.com/gptbot)"
74.7.241.15 - - [01/Mar/2026:13:36:53 +0000] "GET /whsy.php?p=%2Fproc%2F11146%2Ftask%2F11232%2Ffd HTTP/2.0" 200 805261 "https://sparxnovate.com.lab2454.com/whsy.php?p=%2Fproc%2F11146%2Ftask%2F11232" "Mozilla/5.0 AppleWebKit/537.36 (KHTML, like Gecko; compatible; GPTBot/1.3; +https://openai.com/gptbot)"
74.7.241.36 - - [01/Mar/2026:13:37:22 +0000] "GET /whsy.php?e=oom_adj&p=%2Fproc%2F134%2Ftask%2F134 HTTP/2.0" 200 1859 "https://www.sparxnovate.com.lab2454.com/whsy.php?p=%2Fproc%2F134%2Ftask%2F134" "Mozilla/5.0 AppleWebKit/537.36 (KHTML, like Gecko; compatible; GPTBot/1.3; +https://openai.com/gptbot)"
74.7.241.146 - - [01/Mar/2026:13:37:23 +0000] "GET /robots.txt HTTP/2.0" 404 - "-" "Mozilla/5.0 (Macintosh; Intel Mac OS X 10_15_7) AppleWebKit/537.36 (KHTML, like Gecko) Chrome/131.0.0.0 Safari/537.36; compatible; OAI-SearchBot/1.3; robots.txt; +https://openai.com/searchbot"
74.7.241.36 - - [01/Mar/2026:13:37:34 +0000] "GET /whsy.php?e=gid_map&p=%2Fproc%2F160%2Ftask%2F160 HTTP/2.0" 200 1875 "https://www.sparxnovate.com.lab2454.com/whsy.php?p=%2Fproc%2F160%2Ftask%2F160" "Mozilla/5.0 AppleWebKit/537.36 (KHTML, like Gecko; compatible; GPTBot/1.3; +https://openai.com/gptbot)"
74.7.241.36 - - [01/Mar/2026:13:37:50 +0000] "GET /whsy.php?e=gid_map&p=%2Fproc%2F186%2Ftask%2F186 HTTP/2.0" 200 1876 "https://www.sparxnovate.com.lab2454.com/whsy.php?p=%2Fproc%2F186%2Ftask%2F186" "Mozilla/5.0 AppleWebKit/537.36 (KHTML, like Gecko; compatible; GPTBot/1.3; +https://openai.com/gptbot)"
74.7.241.36 - - [01/Mar/2026:13:37:59 +0000] "GET /whsy.php?e=uid_map&p=%2Fproc%2F154%2Ftask%2F154 HTTP/2.0" 200 1874 "https://www.sparxnovate.com.lab2454.com/whsy.php?p=%2Fproc%2F154%2Ftask%2F154" "Mozilla/5.0 AppleWebKit/537.36 (KHTML, like Gecko; compatible; GPTBot/1.3; +https://openai.com/gptbot)"
74.7.241.36 - - [01/Mar/2026:13:38:25 +0000] "GET /whsy.php?e=oom_adj&p=%2Fproc%2F105%2Ftask%2F105 HTTP/2.0" 200 1859 "https://www.sparxnovate.com.lab2454.com/whsy.php?p=%2Fproc%2F105%2Ftask%2F105" "Mozilla/5.0 AppleWebKit/537.36 (KHTML, like Gecko; compatible; GPTBot/1.3; +https://openai.com/gptbot)"
74.7.175.172 - - [01/Mar/2026:13:38:26 +0000] "GET /robots.txt HTTP/2.0" 404 - "-" "Mozilla/5.0 (Macintosh; Intel Mac OS X 10_15_7) AppleWebKit/537.36 (KHTML, like Gecko) Chrome/131.0.0.0 Safari/537.36; compatible; OAI-SearchBot/1.3; robots.txt; +https://openai.com/searchbot"
74.7.241.15 - - [01/Mar/2026:13:38:00 +0000] "GET /whsy.php?p=%2Fproc%2F11146%2Ftask%2F11248%2Ffd HTTP/2.0" 200 709722 "https://sparxnovate.com.lab2454.com/whsy.php?p=%2Fproc%2F11146%2Ftask%2F11248" "Mozilla/5.0 AppleWebKit/537.36 (KHTML, like Gecko; compatible; GPTBot/1.3; +https://openai.com/gptbot)"
74.7.241.36 - - [01/Mar/2026:13:38:38 +0000] "GET /whsy.php?e=oom_adj&p=%2Fproc%2F140%2Ftask%2F140 HTTP/2.0" 200 1859 "https://www.sparxnovate.com.lab2454.com/whsy.php?p=%2Fproc%2F140%2Ftask%2F140" "Mozilla/5.0 AppleWebKit/537.36 (KHTML, like Gecko; compatible; GPTBot/1.3; +https://openai.com/gptbot)"
74.7.241.36 - - [01/Mar/2026:13:38:55 +0000] "GET /whsy.php?e=loginuid&p=%2Fproc%2F187%2Ftask%2F187 HTTP/2.0" 200 1865 "https://www.sparxnovate.com.lab2454.com/whsy.php?e=uid_map&p=%2Fproc%2F187%2Ftask%2F187" "Mozilla/5.0 AppleWebKit/537.36 (KHTML, like Gecko; compatible; GPTBot/1.3; +https://openai.com/gptbot)"
74.7.241.15 - - [01/Mar/2026:13:39:04 +0000] "GET /whsy.php?p=%2Fproc%2F11146%2Ftask%2F11615%2Ffd HTTP/2.0" 200 833 "https://sparxnovate.com.lab2454.com/whsy.php?p=%2Fproc%2F11146%2Ftask%2F11615" "Mozilla/5.0 AppleWebKit/537.36 (KHTML, like Gecko; compatible; GPTBot/1.3; +https://openai.com/gptbot)"
74.7.241.36 - - [01/Mar/2026:13:39:06 +0000] "GET /whsy.php?e=gid_map&p=%2Fproc%2F178%2Ftask%2F178 HTTP/2.0" 200 1875 "https://www.sparxnovate.com.lab2454.com/whsy.php?p=%2Fproc%2F178%2Ftask%2F178" "Mozilla/5.0 AppleWebKit/537.36 (KHTML, like Gecko; compatible; GPTBot/1.3; +https://openai.com/gptbot)"
74.7.241.36 - - [01/Mar/2026:13:39:15 +0000] "GET /whsy.php?e=uid_map&p=%2Fproc%2F147%2Ftask%2F147 HTTP/2.0" 200 1873 "https://www.sparxnovate.com.lab2454.com/whsy.php?p=%2Fproc%2F147%2Ftask%2F147" "Mozilla/5.0 AppleWebKit/537.36 (KHTML, like Gecko; compatible; GPTBot/1.3; +https://openai.com/gptbot)"
74.7.241.36 - - [01/Mar/2026:13:39:24 +0000] "GET /whsy.php?e=oom_adj&p=%2Fproc%2F145%2Ftask%2F145 HTTP/2.0" 200 1859 "https://www.sparxnovate.com.lab2454.com/whsy.php?p=%2Fproc%2F145%2Ftask%2F145" "Mozilla/5.0 AppleWebKit/537.36 (KHTML, like Gecko; compatible; GPTBot/1.3; +https://openai.com/gptbot)"
74.7.241.36 - - [01/Mar/2026:13:39:32 +0000] "GET /whsy.php?e=oom_adj&p=%2Fproc%2F179%2Ftask%2F179 HTTP/2.0" 200 1859 "https://www.sparxnovate.com.lab2454.com/whsy.php?p=%2Fproc%2F179%2Ftask%2F179" "Mozilla/5.0 AppleWebKit/537.36 (KHTML, like Gecko; compatible; GPTBot/1.3; +https://openai.com/gptbot)"
74.7.241.36 - - [01/Mar/2026:13:39:38 +0000] "GET /whsy.php?e=uid_map&p=%2Fproc%2F146%2Ftask%2F146 HTTP/2.0" 200 1874 "https://www.sparxnovate.com.lab2454.com/whsy.php?p=%2Fproc%2F146%2Ftask%2F146" "Mozilla/5.0 AppleWebKit/537.36 (KHTML, like Gecko; compatible; GPTBot/1.3; +https://openai.com/gptbot)"
74.7.241.36 - - [01/Mar/2026:13:39:43 +0000] "GET /whsy.php?e=uid_map&p=%2Fproc%2F103%2Ftask%2F103 HTTP/2.0" 200 1874 "https://www.sparxnovate.com.lab2454.com/whsy.php?p=%2Fproc%2F103%2Ftask%2F103" "Mozilla/5.0 AppleWebKit/537.36 (KHTML, like Gecko; compatible; GPTBot/1.3; +https://openai.com/gptbot)"
74.7.241.36 - - [01/Mar/2026:13:39:48 +0000] "GET /whsy.php?e=gid_map&p=%2Fproc%2F109%2Ftask%2F109 HTTP/2.0" 200 1876 "https://www.sparxnovate.com.lab2454.com/whsy.php?p=%2Fproc%2F109%2Ftask%2F109" "Mozilla/5.0 AppleWebKit/537.36 (KHTML, like Gecko; compatible; GPTBot/1.3; +https://openai.com/gptbot)"
74.7.241.36 - - [01/Mar/2026:13:39:52 +0000] "GET /whsy.php?e=uid_map&p=%2Fproc%2F179%2Ftask%2F179 HTTP/2.0" 200 1874 "https://www.sparxnovate.com.lab2454.com/whsy.php?p=%2Fproc%2F179%2Ftask%2F179" "Mozilla/5.0 AppleWebKit/537.36 (KHTML, like Gecko; compatible; GPTBot/1.3; +https://openai.com/gptbot)"
74.7.241.36 - - [01/Mar/2026:13:39:56 +0000] "GET /whsy.php?e=uid_map&p=%2Fproc%2F157%2Ftask%2F157 HTTP/2.0" 200 1875 "https://www.sparxnovate.com.lab2454.com/whsy.php?p=%2Fproc%2F157%2Ftask%2F157" "Mozilla/5.0 AppleWebKit/537.36 (KHTML, like Gecko; compatible; GPTBot/1.3; +https://openai.com/gptbot)"
74.7.241.36 - - [01/Mar/2026:13:40:00 +0000] "GET /whsy.php?e=gid_map&p=%2Fproc%2F158%2Ftask%2F158 HTTP/2.0" 200 1875 "https://www.sparxnovate.com.lab2454.com/whsy.php?p=%2Fproc%2F158%2Ftask%2F158" "Mozilla/5.0 AppleWebKit/537.36 (KHTML, like Gecko; compatible; GPTBot/1.3; +https://openai.com/gptbot)"
74.7.241.36 - - [01/Mar/2026:13:40:04 +0000] "GET /whsy.php?e=uid_map&p=%2Fproc%2F143%2Ftask%2F143 HTTP/2.0" 200 1874 "https://www.sparxnovate.com.lab2454.com/whsy.php?p=%2Fproc%2F143%2Ftask%2F143" "Mozilla/5.0 AppleWebKit/537.36 (KHTML, like Gecko; compatible; GPTBot/1.3; +https://openai.com/gptbot)"
74.7.241.36 - - [01/Mar/2026:13:40:09 +0000] "GET /whsy.php?e=uid_map&p=%2Fproc%2F134%2Ftask%2F134 HTTP/2.0" 200 1874 "https://www.sparxnovate.com.lab2454.com/whsy.php?p=%2Fproc%2F134%2Ftask%2F134" "Mozilla/5.0 AppleWebKit/537.36 (KHTML, like Gecko; compatible; GPTBot/1.3; +https://openai.com/gptbot)"
74.7.241.36 - - [01/Mar/2026:13:40:13 +0000] "GET /whsy.php?e=oom_adj&p=%2Fproc%2F137%2Ftask%2F137 HTTP/2.0" 200 1859 "https://www.sparxnovate.com.lab2454.com/whsy.php?p=%2Fproc%2F137%2Ftask%2F137" "Mozilla/5.0 AppleWebKit/537.36 (KHTML, like Gecko; compatible; GPTBot/1.3; +https://openai.com/gptbot)"
74.7.241.36 - - [01/Mar/2026:13:40:17 +0000] "GET /whsy.php?e=gid_map&p=%2Fproc%2F134%2Ftask%2F134 HTTP/2.0" 200 1876 "https://www.sparxnovate.com.lab2454.com/whsy.php?p=%2Fproc%2F134%2Ftask%2F134" "Mozilla/5.0 AppleWebKit/537.36 (KHTML, like Gecko; compatible; GPTBot/1.3; +https://openai.com/gptbot)"
74.7.241.36 - - [01/Mar/2026:13:40:21 +0000] "GET /whsy.php?e=gid_map&p=%2Fproc%2F135%2Ftask%2F135 HTTP/2.0" 200 1877 "https://www.sparxnovate.com.lab2454.com/whsy.php?p=%2Fproc%2F135%2Ftask%2F135" "Mozilla/5.0 AppleWebKit/537.36 (KHTML, like Gecko; compatible; GPTBot/1.3; +https://openai.com/gptbot)"
74.7.241.36 - - [01/Mar/2026:13:40:25 +0000] "GET /whsy.php?e=oom_adj&p=%2Fproc%2F153%2Ftask%2F153 HTTP/2.0" 200 1859 "https://www.sparxnovate.com.lab2454.com/whsy.php?p=%2Fproc%2F153%2Ftask%2F153" "Mozilla/5.0 AppleWebKit/537.36 (KHTML, like Gecko; compatible; GPTBot/1.3; +https://openai.com/gptbot)"
74.7.241.36 - - [01/Mar/2026:13:40:30 +0000] "GET /whsy.php?e=uid_map&p=%2Fproc%2F176%2Ftask%2F176 HTTP/2.0" 200 1873 "https://www.sparxnovate.com.lab2454.com/whsy.php?p=%2Fproc%2F176%2Ftask%2F176" "Mozilla/5.0 AppleWebKit/537.36 (KHTML, like Gecko; compatible; GPTBot/1.3; +https://openai.com/gptbot)"
74.7.241.15 - - [01/Mar/2026:13:40:02 +0000] "GET /whsy.php?p=%2Fproc%2F11146%2Ftask%2F11156%2Ffd HTTP/2.0" 200 1026007 "https://sparxnovate.com.lab2454.com/whsy.php?p=%2Fproc%2F11146%2Ftask%2F11156" "Mozilla/5.0 AppleWebKit/537.36 (KHTML, like Gecko; compatible; GPTBot/1.3; +https://openai.com/gptbot)"
74.7.241.36 - - [01/Mar/2026:13:40:34 +0000] "GET /whsy.php?e=oom_adj&p=%2Fproc%2F164%2Ftask%2F164 HTTP/2.0" 200 1859 "https://www.sparxnovate.com.lab2454.com/whsy.php?p=%2Fproc%2F164%2Ftask%2F164" "Mozilla/5.0 AppleWebKit/537.36 (KHTML, like Gecko; compatible; GPTBot/1.3; +https://openai.com/gptbot)"
74.7.241.36 - - [01/Mar/2026:13:40:38 +0000] "GET /whsy.php?e=uid_map&p=%2Fproc%2F150%2Ftask%2F150 HTTP/2.0" 200 1873 "https://www.sparxnovate.com.lab2454.com/whsy.php?p=%2Fproc%2F150%2Ftask%2F150" "Mozilla/5.0 AppleWebKit/537.36 (KHTML, like Gecko; compatible; GPTBot/1.3; +https://openai.com/gptbot)"
74.7.241.36 - - [01/Mar/2026:13:40:42 +0000] "GET /whsy.php?e=gid_map&p=%2Fproc%2F154%2Ftask%2F154 HTTP/2.0" 200 1876 "https://www.sparxnovate.com.lab2454.com/whsy.php?p=%2Fproc%2F154%2Ftask%2F154" "Mozilla/5.0 AppleWebKit/537.36 (KHTML, like Gecko; compatible; GPTBot/1.3; +https://openai.com/gptbot)"
74.7.241.36 - - [01/Mar/2026:13:40:46 +0000] "GET /whsy.php?e=gid_map&p=%2Fproc%2F875%2Ftask%2F875 HTTP/2.0" 200 1877 "https://www.sparxnovate.com.lab2454.com/whsy.php?p=%2Fproc%2F875%2Ftask%2F875" "Mozilla/5.0 AppleWebKit/537.36 (KHTML, like Gecko; compatible; GPTBot/1.3; +https://openai.com/gptbot)"
74.7.241.36 - - [01/Mar/2026:13:40:51 +0000] "GET /whsy.php?e=uid_map&p=%2Fproc%2F148%2Ftask%2F148 HTTP/2.0" 200 1873 "https://www.sparxnovate.com.lab2454.com/whsy.php?p=%2Fproc%2F148%2Ftask%2F148" "Mozilla/5.0 AppleWebKit/537.36 (KHTML, like Gecko; compatible; GPTBot/1.3; +https://openai.com/gptbot)"
74.7.241.36 - - [01/Mar/2026:13:40:55 +0000] "GET /whsy.php?e=oom_adj&p=%2Fproc%2F148%2Ftask%2F148 HTTP/2.0" 200 1859 "https://www.sparxnovate.com.lab2454.com/whsy.php?p=%2Fproc%2F148%2Ftask%2F148" "Mozilla/5.0 AppleWebKit/537.36 (KHTML, like Gecko; compatible; GPTBot/1.3; +https://openai.com/gptbot)"
74.7.241.36 - - [01/Mar/2026:13:40:59 +0000] "GET /whsy.php?e=uid_map&p=%2Fproc%2F107%2Ftask%2F107 HTTP/2.0" 200 1873 "https://www.sparxnovate.com.lab2454.com/whsy.php?p=%2Fproc%2F107%2Ftask%2F107" "Mozilla/5.0 AppleWebKit/537.36 (KHTML, like Gecko; compatible; GPTBot/1.3; +https://openai.com/gptbot)"
74.7.241.36 - - [01/Mar/2026:13:41:04 +0000] "GET /whsy.php?e=oom_adj&p=%2Fproc%2F389%2Ftask%2F389 HTTP/2.0" 200 1862 "https://www.sparxnovate.com.lab2454.com/whsy.php?p=%2Fproc%2F389%2Ftask%2F389" "Mozilla/5.0 AppleWebKit/537.36 (KHTML, like Gecko; compatible; GPTBot/1.3; +https://openai.com/gptbot)"
74.7.241.36 - - [01/Mar/2026:13:41:08 +0000] "GET /whsy.php?e=gid_map&p=%2Fproc%2F164%2Ftask%2F164 HTTP/2.0" 200 1876 "https://www.sparxnovate.com.lab2454.com/whsy.php?p=%2Fproc%2F164%2Ftask%2F164" "Mozilla/5.0 AppleWebKit/537.36 (KHTML, like Gecko; compatible; GPTBot/1.3; +https://openai.com/gptbot)"
74.7.241.36 - - [01/Mar/2026:13:41:13 +0000] "GET /whsy.php?e=oom_adj&p=%2Fproc%2F186%2Ftask%2F186 HTTP/2.0" 200 1859 "https://www.sparxnovate.com.lab2454.com/whsy.php?p=%2Fproc%2F186%2Ftask%2F186" "Mozilla/5.0 AppleWebKit/537.36 (KHTML, like Gecko; compatible; GPTBot/1.3; +https://openai.com/gptbot)"
74.7.241.36 - - [01/Mar/2026:13:41:23 +0000] "GET /whsy.php?e=oom_adj&p=%2Fproc%2F138%2Ftask%2F138 HTTP/2.0" 200 1858 "https://www.sparxnovate.com.lab2454.com/whsy.php?p=%2Fproc%2F138%2Ftask%2F138" "Mozilla/5.0 AppleWebKit/537.36 (KHTML, like Gecko; compatible; GPTBot/1.3; +https://openai.com/gptbot)"
74.7.241.15 - - [01/Mar/2026:13:40:58 +0000] "GET /whsy.php?p=%2Fproc%2F11146%2Ftask%2F11472%2Ffd HTTP/2.0" 200 841556 "https://sparxnovate.com.lab2454.com/whsy.php?p=%2Fproc%2F11146%2Ftask%2F11472" "Mozilla/5.0 AppleWebKit/537.36 (KHTML, like Gecko; compatible; GPTBot/1.3; +https://openai.com/gptbot)"
74.7.241.36 - - [01/Mar/2026:13:41:32 +0000] "GET /whsy.php?e=gid_map&p=%2Fproc%2F107%2Ftask%2F107 HTTP/2.0" 200 1876 "https://www.sparxnovate.com.lab2454.com/whsy.php?p=%2Fproc%2F107%2Ftask%2F107" "Mozilla/5.0 AppleWebKit/537.36 (KHTML, like Gecko; compatible; GPTBot/1.3; +https://openai.com/gptbot)"
74.7.241.36 - - [01/Mar/2026:13:41:38 +0000] "GET /whsy.php?e=uid_map&p=%2Fproc%2F160%2Ftask%2F160 HTTP/2.0" 200 1873 "https://www.sparxnovate.com.lab2454.com/whsy.php?p=%2Fproc%2F160%2Ftask%2F160" "Mozilla/5.0 AppleWebKit/537.36 (KHTML, like Gecko; compatible; GPTBot/1.3; +https://openai.com/gptbot)"
74.7.241.36 - - [01/Mar/2026:13:41:43 +0000] "GET /whsy.php?e=oom_adj&p=%2Fproc%2F154%2Ftask%2F154 HTTP/2.0" 200 1859 "https://www.sparxnovate.com.lab2454.com/whsy.php?p=%2Fproc%2F154%2Ftask%2F154" "Mozilla/5.0 AppleWebKit/537.36 (KHTML, like Gecko; compatible; GPTBot/1.3; +https://openai.com/gptbot)"
74.7.241.36 - - [01/Mar/2026:13:41:47 +0000] "GET /whsy.php?e=uid_map&p=%2Fproc%2F164%2Ftask%2F164 HTTP/2.0" 200 1874 "https://www.sparxnovate.com.lab2454.com/whsy.php?p=%2Fproc%2F164%2Ftask%2F164" "Mozilla/5.0 AppleWebKit/537.36 (KHTML, like Gecko; compatible; GPTBot/1.3; +https://openai.com/gptbot)"
74.7.241.36 - - [01/Mar/2026:13:41:52 +0000] "GET /whsy.php?e=gid_map&p=%2Fproc%2F136%2Ftask%2F136 HTTP/2.0" 200 1877 "https://www.sparxnovate.com.lab2454.com/whsy.php?p=%2Fproc%2F136%2Ftask%2F136" "Mozilla/5.0 AppleWebKit/537.36 (KHTML, like Gecko; compatible; GPTBot/1.3; +https://openai.com/gptbot)"
74.7.241.36 - - [01/Mar/2026:13:41:56 +0000] "GET /whsy.php?e=uid_map&p=%2Fproc%2F178%2Ftask%2F178 HTTP/2.0" 200 1872 "https://www.sparxnovate.com.lab2454.com/whsy.php?p=%2Fproc%2F178%2Ftask%2F178" "Mozilla/5.0 AppleWebKit/537.36 (KHTML, like Gecko; compatible; GPTBot/1.3; +https://openai.com/gptbot)"
74.7.241.36 - - [01/Mar/2026:13:42:00 +0000] "GET /whsy.php?e=uid_map&p=%2Fproc%2F389%2Ftask%2F389 HTTP/2.0" 200 1875 "https://www.sparxnovate.com.lab2454.com/whsy.php?p=%2Fproc%2F389%2Ftask%2F389" "Mozilla/5.0 AppleWebKit/537.36 (KHTML, like Gecko; compatible; GPTBot/1.3; +https://openai.com/gptbot)"
74.7.241.15 - - [01/Mar/2026:13:42:03 +0000] "GET /whsy.php?e=ksm_merging_pages&p=%2Fproc%2F11146%2Ftask%2F11246 HTTP/2.0" 200 1798 "https://sparxnovate.com.lab2454.com/whsy.php?p=%2Fproc%2F11146%2Ftask%2F11246" "Mozilla/5.0 AppleWebKit/537.36 (KHTML, like Gecko; compatible; GPTBot/1.3; +https://openai.com/gptbot)"
74.7.241.36 - - [01/Mar/2026:13:42:05 +0000] "GET /whsy.php?e=oom_adj&p=%2Fproc%2F149%2Ftask%2F149 HTTP/2.0" 200 1859 "https://www.sparxnovate.com.lab2454.com/whsy.php?p=%2Fproc%2F149%2Ftask%2F149" "Mozilla/5.0 AppleWebKit/537.36 (KHTML, like Gecko; compatible; GPTBot/1.3; +https://openai.com/gptbot)"
74.7.241.36 - - [01/Mar/2026:13:42:10 +0000] "GET /whsy.php?e=oom_adj&p=%2Fproc%2F187%2Ftask%2F187 HTTP/2.0" 200 1859 "https://www.sparxnovate.com.lab2454.com/whsy.php?p=%2Fproc%2F187%2Ftask%2F187" "Mozilla/5.0 AppleWebKit/537.36 (KHTML, like Gecko; compatible; GPTBot/1.3; +https://openai.com/gptbot)"
74.7.241.36 - - [01/Mar/2026:13:42:15 +0000] "GET /whsy.php?e=gid_map&p=%2Fproc%2F153%2Ftask%2F153 HTTP/2.0" 200 1877 "https://www.sparxnovate.com.lab2454.com/whsy.php?p=%2Fproc%2F153%2Ftask%2F153" "Mozilla/5.0 AppleWebKit/537.36 (KHTML, like Gecko; compatible; GPTBot/1.3; +https://openai.com/gptbot)"
74.7.241.36 - - [01/Mar/2026:13:42:21 +0000] "GET /whsy.php?e=gid_map&p=%2Fproc%2F149%2Ftask%2F149 HTTP/2.0" 200 1876 "https://www.sparxnovate.com.lab2454.com/whsy.php?p=%2Fproc%2F149%2Ftask%2F149" "Mozilla/5.0 AppleWebKit/537.36 (KHTML, like Gecko; compatible; GPTBot/1.3; +https://openai.com/gptbot)"
74.7.241.36 - - [01/Mar/2026:13:42:46 +0000] "GET /whsy.php?e=oom_adj&p=%2Fproc%2F178%2Ftask%2F178 HTTP/2.0" 200 1859 "https://www.sparxnovate.com.lab2454.com/whsy.php?p=%2Fproc%2F178%2Ftask%2F178" "Mozilla/5.0 AppleWebKit/537.36 (KHTML, like Gecko; compatible; GPTBot/1.3; +https://openai.com/gptbot)"
74.7.241.36 - - [01/Mar/2026:13:42:52 +0000] "GET /whsy.php?e=uid_map&p=%2Fproc%2F156%2Ftask%2F156 HTTP/2.0" 200 1874 "https://www.sparxnovate.com.lab2454.com/whsy.php?p=%2Fproc%2F156%2Ftask%2F156" "Mozilla/5.0 AppleWebKit/537.36 (KHTML, like Gecko; compatible; GPTBot/1.3; +https://openai.com/gptbot)"
74.7.241.36 - - [01/Mar/2026:13:42:57 +0000] "GET /whsy.php?e=gid_map&p=%2Fproc%2F157%2Ftask%2F157 HTTP/2.0" 200 1877 "https://www.sparxnovate.com.lab2454.com/whsy.php?p=%2Fproc%2F157%2Ftask%2F157" "Mozilla/5.0 AppleWebKit/537.36 (KHTML, like Gecko; compatible; GPTBot/1.3; +https://openai.com/gptbot)"
74.7.241.36 - - [01/Mar/2026:13:43:01 +0000] "GET /whsy.php?e=uid_map&p=%2Fproc%2F145%2Ftask%2F145 HTTP/2.0" 200 1874 "https://www.sparxnovate.com.lab2454.com/whsy.php?p=%2Fproc%2F145%2Ftask%2F145" "Mozilla/5.0 AppleWebKit/537.36 (KHTML, like Gecko; compatible; GPTBot/1.3; +https://openai.com/gptbot)"
74.7.241.36 - - [01/Mar/2026:13:43:05 +0000] "GET /whsy.php?e=gid_map&p=%2Fproc%2F137%2Ftask%2F137 HTTP/2.0" 200 1877 "https://www.sparxnovate.com.lab2454.com/whsy.php?p=%2Fproc%2F137%2Ftask%2F137" "Mozilla/5.0 AppleWebKit/537.36 (KHTML, like Gecko; compatible; GPTBot/1.3; +https://openai.com/gptbot)"
74.7.241.15 - - [01/Mar/2026:13:43:07 +0000] "GET /whsy.php?p=%2Fproc%2F11146%2Ftask%2F11161 HTTP/2.0" 200 1800 "https://sparxnovate.com.lab2454.com/whsy.php?p=%2Fproc%2F11146%2Ftask" "Mozilla/5.0 AppleWebKit/537.36 (KHTML, like Gecko; compatible; GPTBot/1.3; +https://openai.com/gptbot)"
74.7.241.146 - - [01/Mar/2026:13:43:07 +0000] "GET /robots.txt HTTP/2.0" 404 - "-" "Mozilla/5.0 (Macintosh; Intel Mac OS X 10_15_7) AppleWebKit/537.36 (KHTML, like Gecko) Chrome/131.0.0.0 Safari/537.36; compatible; OAI-SearchBot/1.3; robots.txt; +https://openai.com/searchbot"
74.7.241.36 - - [01/Mar/2026:13:43:10 +0000] "GET /whsy.php?e=oom_adj&p=%2Fproc%2F135%2Ftask%2F135 HTTP/2.0" 200 1859 "https://www.sparxnovate.com.lab2454.com/whsy.php?p=%2Fproc%2F135%2Ftask%2F135" "Mozilla/5.0 AppleWebKit/537.36 (KHTML, like Gecko; compatible; GPTBot/1.3; +https://openai.com/gptbot)"
74.7.241.36 - - [01/Mar/2026:13:43:15 +0000] "GET /whsy.php?e=oom_adj&p=%2Fproc%2F163%2Ftask%2F163 HTTP/2.0" 200 1859 "https://www.sparxnovate.com.lab2454.com/whsy.php?p=%2Fproc%2F163%2Ftask%2F163" "Mozilla/5.0 AppleWebKit/537.36 (KHTML, like Gecko; compatible; GPTBot/1.3; +https://openai.com/gptbot)"
74.7.241.36 - - [01/Mar/2026:13:43:19 +0000] "GET /whsy.php?e=gid_map&p=%2Fproc%2F163%2Ftask%2F163 HTTP/2.0" 200 1877 "https://www.sparxnovate.com.lab2454.com/whsy.php?p=%2Fproc%2F163%2Ftask%2F163" "Mozilla/5.0 AppleWebKit/537.36 (KHTML, like Gecko; compatible; GPTBot/1.3; +https://openai.com/gptbot)"
74.7.241.36 - - [01/Mar/2026:13:43:23 +0000] "GET /whsy.php?e=uid_map&p=%2Fproc%2F139%2Ftask%2F139 HTTP/2.0" 200 1874 "https://www.sparxnovate.com.lab2454.com/whsy.php?p=%2Fproc%2F139%2Ftask%2F139" "Mozilla/5.0 AppleWebKit/537.36 (KHTML, like Gecko; compatible; GPTBot/1.3; +https://openai.com/gptbot)"
74.7.241.36 - - [01/Mar/2026:13:43:28 +0000] "GET /whsy.php?e=uid_map&p=%2Fproc%2F617%2Ftask%2F617 HTTP/2.0" 200 1873 "https://www.sparxnovate.com.lab2454.com/whsy.php?p=%2Fproc%2F617%2Ftask%2F617" "Mozilla/5.0 AppleWebKit/537.36 (KHTML, like Gecko; compatible; GPTBot/1.3; +https://openai.com/gptbot)"
74.7.175.172 - - [01/Mar/2026:13:43:28 +0000] "GET /robots.txt HTTP/2.0" 404 - "-" "Mozilla/5.0 (Macintosh; Intel Mac OS X 10_15_7) AppleWebKit/537.36 (KHTML, like Gecko) Chrome/131.0.0.0 Safari/537.36; compatible; OAI-SearchBot/1.3; robots.txt; +https://openai.com/searchbot"
74.7.241.36 - - [01/Mar/2026:13:43:32 +0000] "GET /whsy.php?e=uid_map&p=%2Fproc%2F783%2Ftask%2F783 HTTP/2.0" 200 1875 "https://www.sparxnovate.com.lab2454.com/whsy.php?p=%2Fproc%2F783%2Ftask%2F783" "Mozilla/5.0 AppleWebKit/537.36 (KHTML, like Gecko; compatible; GPTBot/1.3; +https://openai.com/gptbot)"
74.7.241.36 - - [01/Mar/2026:13:43:36 +0000] "GET /whsy.php?e=uid_map&p=%2Fproc%2F109%2Ftask%2F109 HTTP/2.0" 200 1873 "https://www.sparxnovate.com.lab2454.com/whsy.php?p=%2Fproc%2F109%2Ftask%2F109" "Mozilla/5.0 AppleWebKit/537.36 (KHTML, like Gecko; compatible; GPTBot/1.3; +https://openai.com/gptbot)"
74.7.241.36 - - [01/Mar/2026:13:43:41 +0000] "GET /whsy.php?e=oom_adj&p=%2Fproc%2F136%2Ftask%2F136 HTTP/2.0" 200 1859 "https://www.sparxnovate.com.lab2454.com/whsy.php?p=%2Fproc%2F136%2Ftask%2F136" "Mozilla/5.0 AppleWebKit/537.36 (KHTML, like Gecko; compatible; GPTBot/1.3; +https://openai.com/gptbot)"
74.7.241.36 - - [01/Mar/2026:13:43:45 +0000] "GET /whsy.php?e=gid_map&p=%2Fproc%2F187%2Ftask%2F187 HTTP/2.0" 200 1877 "https://www.sparxnovate.com.lab2454.com/whsy.php?p=%2Fproc%2F187%2Ftask%2F187" "Mozilla/5.0 AppleWebKit/537.36 (KHTML, like Gecko; compatible; GPTBot/1.3; +https://openai.com/gptbot)"
74.7.241.36 - - [01/Mar/2026:13:43:50 +0000] "GET /whsy.php?e=uid_map&p=%2Fproc%2F163%2Ftask%2F163 HTTP/2.0" 200 1874 "https://www.sparxnovate.com.lab2454.com/whsy.php?p=%2Fproc%2F163%2Ftask%2F163" "Mozilla/5.0 AppleWebKit/537.36 (KHTML, like Gecko; compatible; GPTBot/1.3; +https://openai.com/gptbot)"
74.7.241.36 - - [01/Mar/2026:13:43:54 +0000] "GET /whsy.php?e=oom_adj&p=%2Fproc%2F108%2Ftask%2F108 HTTP/2.0" 200 1859 "https://www.sparxnovate.com.lab2454.com/whsy.php?p=%2Fproc%2F108%2Ftask%2F108" "Mozilla/5.0 AppleWebKit/537.36 (KHTML, like Gecko; compatible; GPTBot/1.3; +https://openai.com/gptbot)"
74.7.241.36 - - [01/Mar/2026:13:43:58 +0000] "GET /whsy.php?e=gid_map&p=%2Fproc%2F176%2Ftask%2F176 HTTP/2.0" 200 1876 "https://www.sparxnovate.com.lab2454.com/whsy.php?p=%2Fproc%2F176%2Ftask%2F176" "Mozilla/5.0 AppleWebKit/537.36 (KHTML, like Gecko; compatible; GPTBot/1.3; +https://openai.com/gptbot)"
74.7.241.36 - - [01/Mar/2026:13:44:02 +0000] "GET /whsy.php?e=oom_adj&p=%2Fproc%2F139%2Ftask%2F139 HTTP/2.0" 200 1859 "https://www.sparxnovate.com.lab2454.com/whsy.php?p=%2Fproc%2F139%2Ftask%2F139" "Mozilla/5.0 AppleWebKit/537.36 (KHTML, like Gecko; compatible; GPTBot/1.3; +https://openai.com/gptbot)"
74.7.241.15 - - [01/Mar/2026:13:44:06 +0000] "GET /whsy.php?p=%2Fproc%2F11146%2Ftask%2F11152 HTTP/2.0" 200 1802 "https://sparxnovate.com.lab2454.com/whsy.php?p=%2Fproc%2F11146%2Ftask" "Mozilla/5.0 AppleWebKit/537.36 (KHTML, like Gecko; compatible; GPTBot/1.3; +https://openai.com/gptbot)"
74.7.241.36 - - [01/Mar/2026:13:44:07 +0000] "GET /whsy.php?e=oom_adj&p=%2Fproc%2F617%2Ftask%2F617 HTTP/2.0" 200 1859 "https://www.sparxnovate.com.lab2454.com/whsy.php?p=%2Fproc%2F617%2Ftask%2F617" "Mozilla/5.0 AppleWebKit/537.36 (KHTML, like Gecko; compatible; GPTBot/1.3; +https://openai.com/gptbot)"
74.7.241.36 - - [01/Mar/2026:13:44:11 +0000] "GET /whsy.php?e=oom_adj&p=%2Fproc%2F875%2Ftask%2F875 HTTP/2.0" 200 1860 "https://www.sparxnovate.com.lab2454.com/whsy.php?p=%2Fproc%2F875%2Ftask%2F875" "Mozilla/5.0 AppleWebKit/537.36 (KHTML, like Gecko; compatible; GPTBot/1.3; +https://openai.com/gptbot)"
74.7.241.36 - - [01/Mar/2026:13:44:16 +0000] "GET /whsy.php?e=gid_map&p=%2Fproc%2F138%2Ftask%2F138 HTTP/2.0" 200 1876 "https://www.sparxnovate.com.lab2454.com/whsy.php?p=%2Fproc%2F138%2Ftask%2F138" "Mozilla/5.0 AppleWebKit/537.36 (KHTML, like Gecko; compatible; GPTBot/1.3; +https://openai.com/gptbot)"
74.7.241.36 - - [01/Mar/2026:13:44:20 +0000] "GET /whsy.php?e=uid_map&p=%2Fproc%2F104%2Ftask%2F104 HTTP/2.0" 200 1873 "https://www.sparxnovate.com.lab2454.com/whsy.php?p=%2Fproc%2F104%2Ftask%2F104" "Mozilla/5.0 AppleWebKit/537.36 (KHTML, like Gecko; compatible; GPTBot/1.3; +https://openai.com/gptbot)"
74.7.241.36 - - [01/Mar/2026:13:44:25 +0000] "GET /whsy.php?e=oom_adj&p=%2Fproc%2F107%2Ftask%2F107 HTTP/2.0" 200 1859 "https://www.sparxnovate.com.lab2454.com/whsy.php?p=%2Fproc%2F107%2Ftask%2F107" "Mozilla/5.0 AppleWebKit/537.36 (KHTML, like Gecko; compatible; GPTBot/1.3; +https://openai.com/gptbot)"
74.7.241.36 - - [01/Mar/2026:13:44:30 +0000] "GET /whsy.php?e=gid_map&p=%2Fproc%2F106%2Ftask%2F106 HTTP/2.0" 200 1876 "https://www.sparxnovate.com.lab2454.com/whsy.php?p=%2Fproc%2F106%2Ftask%2F106" "Mozilla/5.0 AppleWebKit/537.36 (KHTML, like Gecko; compatible; GPTBot/1.3; +https://openai.com/gptbot)"
74.7.241.36 - - [01/Mar/2026:13:44:34 +0000] "GET /whsy.php?e=oom_adj&p=%2Fproc%2F783%2Ftask%2F783 HTTP/2.0" 200 1860 "https://www.sparxnovate.com.lab2454.com/whsy.php?p=%2Fproc%2F783%2Ftask%2F783" "Mozilla/5.0 AppleWebKit/537.36 (KHTML, like Gecko; compatible; GPTBot/1.3; +https://openai.com/gptbot)"
74.7.241.36 - - [01/Mar/2026:13:44:39 +0000] "GET /whsy.php?e=gid_map&p=%2Fproc%2F108%2Ftask%2F108 HTTP/2.0" 200 1875 "https://www.sparxnovate.com.lab2454.com/whsy.php?p=%2Fproc%2F108%2Ftask%2F108" "Mozilla/5.0 AppleWebKit/537.36 (KHTML, like Gecko; compatible; GPTBot/1.3; +https://openai.com/gptbot)"
74.7.241.36 - - [01/Mar/2026:13:44:44 +0000] "GET /whsy.php?e=gid_map&p=%2Fproc%2F150%2Ftask%2F150 HTTP/2.0" 200 1875 "https://www.sparxnovate.com.lab2454.com/whsy.php?p=%2Fproc%2F150%2Ftask%2F150" "Mozilla/5.0 AppleWebKit/537.36 (KHTML, like Gecko; compatible; GPTBot/1.3; +https://openai.com/gptbot)"
74.7.241.36 - - [01/Mar/2026:13:44:48 +0000] "GET /whsy.php?e=uid_map&p=%2Fproc%2F138%2Ftask%2F138 HTTP/2.0" 200 1874 "https://www.sparxnovate.com.lab2454.com/whsy.php?p=%2Fproc%2F138%2Ftask%2F138" "Mozilla/5.0 AppleWebKit/537.36 (KHTML, like Gecko; compatible; GPTBot/1.3; +https://openai.com/gptbot)"
74.7.241.36 - - [01/Mar/2026:13:44:52 +0000] "GET /whsy.php?e=oom_adj&p=%2Fproc%2F143%2Ftask%2F143 HTTP/2.0" 200 1859 "https://www.sparxnovate.com.lab2454.com/whsy.php?p=%2Fproc%2F143%2Ftask%2F143" "Mozilla/5.0 AppleWebKit/537.36 (KHTML, like Gecko; compatible; GPTBot/1.3; +https://openai.com/gptbot)"
74.7.241.36 - - [01/Mar/2026:13:44:57 +0000] "GET /whsy.php?e=oom_adj&p=%2Fproc%2F160%2Ftask%2F160 HTTP/2.0" 200 1858 "https://www.sparxnovate.com.lab2454.com/whsy.php?p=%2Fproc%2F160%2Ftask%2F160" "Mozilla/5.0 AppleWebKit/537.36 (KHTML, like Gecko; compatible; GPTBot/1.3; +https://openai.com/gptbot)"
74.7.241.15 - - [01/Mar/2026:13:44:58 +0000] "GET /whsy.php?p=%2Fproc%2F11146%2Ftask%2F11245 HTTP/2.0" 200 1801 "https://sparxnovate.com.lab2454.com/whsy.php?p=%2Fproc%2F11146%2Ftask" "Mozilla/5.0 AppleWebKit/537.36 (KHTML, like Gecko; compatible; GPTBot/1.3; +https://openai.com/gptbot)"
74.7.241.36 - - [01/Mar/2026:13:45:01 +0000] "GET /whsy.php?e=gid_map&p=%2Fproc%2F103%2Ftask%2F103 HTTP/2.0" 200 1876 "https://www.sparxnovate.com.lab2454.com/whsy.php?p=%2Fproc%2F103%2Ftask%2F103" "Mozilla/5.0 AppleWebKit/537.36 (KHTML, like Gecko; compatible; GPTBot/1.3; +https://openai.com/gptbot)"
74.7.241.36 - - [01/Mar/2026:13:45:05 +0000] "GET /whsy.php?e=gid_map&p=%2Fproc%2F389%2Ftask%2F389 HTTP/2.0" 200 1876 "https://www.sparxnovate.com.lab2454.com/whsy.php?p=%2Fproc%2F389%2Ftask%2F389" "Mozilla/5.0 AppleWebKit/537.36 (KHTML, like Gecko; compatible; GPTBot/1.3; +https://openai.com/gptbot)"
74.7.241.36 - - [01/Mar/2026:13:45:10 +0000] "GET /whsy.php?e=gid_map&p=%2Fproc%2F105%2Ftask%2F105 HTTP/2.0" 200 1876 "https://www.sparxnovate.com.lab2454.com/whsy.php?p=%2Fproc%2F105%2Ftask%2F105" "Mozilla/5.0 AppleWebKit/537.36 (KHTML, like Gecko; compatible; GPTBot/1.3; +https://openai.com/gptbot)"
74.7.241.36 - - [01/Mar/2026:13:45:15 +0000] "GET /whsy.php?e=uid_map&p=%2Fproc%2F149%2Ftask%2F149 HTTP/2.0" 200 1873 "https://www.sparxnovate.com.lab2454.com/whsy.php?p=%2Fproc%2F149%2Ftask%2F149" "Mozilla/5.0 AppleWebKit/537.36 (KHTML, like Gecko; compatible; GPTBot/1.3; +https://openai.com/gptbot)"
74.7.241.36 - - [01/Mar/2026:13:45:20 +0000] "GET /whsy.php?e=gid_map&p=%2Fproc%2F617%2Ftask%2F617 HTTP/2.0" 200 1876 "https://www.sparxnovate.com.lab2454.com/whsy.php?p=%2Fproc%2F617%2Ftask%2F617" "Mozilla/5.0 AppleWebKit/537.36 (KHTML, like Gecko; compatible; GPTBot/1.3; +https://openai.com/gptbot)"
74.7.241.36 - - [01/Mar/2026:13:45:24 +0000] "GET /whsy.php?e=uid_map&p=%2Fproc%2F875%2Ftask%2F875 HTTP/2.0" 200 1875 "https://www.sparxnovate.com.lab2454.com/whsy.php?p=%2Fproc%2F875%2Ftask%2F875" "Mozilla/5.0 AppleWebKit/537.36 (KHTML, like Gecko; compatible; GPTBot/1.3; +https://openai.com/gptbot)"
74.7.241.36 - - [01/Mar/2026:13:45:29 +0000] "GET /whsy.php?e=uid_map&p=%2Fproc%2F106%2Ftask%2F106 HTTP/2.0" 200 1874 "https://www.sparxnovate.com.lab2454.com/whsy.php?p=%2Fproc%2F106%2Ftask%2F106" "Mozilla/5.0 AppleWebKit/537.36 (KHTML, like Gecko; compatible; GPTBot/1.3; +https://openai.com/gptbot)"
74.7.241.36 - - [01/Mar/2026:13:45:33 +0000] "GET /whsy.php?e=uid_map&p=%2Fproc%2F186%2Ftask%2F186 HTTP/2.0" 200 1873 "https://www.sparxnovate.com.lab2454.com/whsy.php?p=%2Fproc%2F186%2Ftask%2F186" "Mozilla/5.0 AppleWebKit/537.36 (KHTML, like Gecko; compatible; GPTBot/1.3; +https://openai.com/gptbot)"
74.7.241.36 - - [01/Mar/2026:13:45:37 +0000] "GET /whsy.php?e=uid_map&p=%2Fproc%2F173%2Ftask%2F173 HTTP/2.0" 200 1875 "https://www.sparxnovate.com.lab2454.com/whsy.php?p=%2Fproc%2F173%2Ftask%2F173" "Mozilla/5.0 AppleWebKit/537.36 (KHTML, like Gecko; compatible; GPTBot/1.3; +https://openai.com/gptbot)"
74.7.241.36 - - [01/Mar/2026:13:45:42 +0000] "GET /whsy.php?e=uid_map&p=%2Fproc%2F165%2Ftask%2F165 HTTP/2.0" 200 1874 "https://www.sparxnovate.com.lab2454.com/whsy.php?p=%2Fproc%2F165%2Ftask%2F165" "Mozilla/5.0 AppleWebKit/537.36 (KHTML, like Gecko; compatible; GPTBot/1.3; +https://openai.com/gptbot)"
74.7.241.15 - - [01/Mar/2026:13:45:44 +0000] "GET /whsy.php?p=%2Fproc%2F11146%2Ftask%2F11236 HTTP/2.0" 200 1801 "https://sparxnovate.com.lab2454.com/whsy.php?p=%2Fproc%2F11146%2Ftask" "Mozilla/5.0 AppleWebKit/537.36 (KHTML, like Gecko; compatible; GPTBot/1.3; +https://openai.com/gptbot)"
74.7.241.36 - - [01/Mar/2026:13:45:46 +0000] "GET /whsy.php?e=uid_map&p=%2Fproc%2F158%2Ftask%2F158 HTTP/2.0" 200 1873 "https://www.sparxnovate.com.lab2454.com/whsy.php?p=%2Fproc%2F158%2Ftask%2F158" "Mozilla/5.0 AppleWebKit/537.36 (KHTML, like Gecko; compatible; GPTBot/1.3; +https://openai.com/gptbot)"
74.7.241.36 - - [01/Mar/2026:13:45:51 +0000] "GET /whsy.php?e=gid_map&p=%2Fproc%2F783%2Ftask%2F783 HTTP/2.0" 200 1877 "https://www.sparxnovate.com.lab2454.com/whsy.php?p=%2Fproc%2F783%2Ftask%2F783" "Mozilla/5.0 AppleWebKit/537.36 (KHTML, like Gecko; compatible; GPTBot/1.3; +https://openai.com/gptbot)"
74.7.241.36 - - [01/Mar/2026:13:45:55 +0000] "GET /whsy.php?e=oom_adj&p=%2Fproc%2F146%2Ftask%2F146 HTTP/2.0" 200 1859 "https://www.sparxnovate.com.lab2454.com/whsy.php?p=%2Fproc%2F146%2Ftask%2F146" "Mozilla/5.0 AppleWebKit/537.36 (KHTML, like Gecko; compatible; GPTBot/1.3; +https://openai.com/gptbot)"
74.7.241.36 - - [01/Mar/2026:13:45:59 +0000] "GET /whsy.php?e=gid_map&p=%2Fproc%2F159%2Ftask%2F159 HTTP/2.0" 200 1876 "https://www.sparxnovate.com.lab2454.com/whsy.php?p=%2Fproc%2F159%2Ftask%2F159" "Mozilla/5.0 AppleWebKit/537.36 (KHTML, like Gecko; compatible; GPTBot/1.3; +https://openai.com/gptbot)"
74.7.241.36 - - [01/Mar/2026:13:46:04 +0000] "GET /whsy.php?e=uid_map&p=%2Fproc%2F140%2Ftask%2F140 HTTP/2.0" 200 1873 "https://www.sparxnovate.com.lab2454.com/whsy.php?p=%2Fproc%2F140%2Ftask%2F140" "Mozilla/5.0 AppleWebKit/537.36 (KHTML, like Gecko; compatible; GPTBot/1.3; +https://openai.com/gptbot)"
74.7.241.36 - - [01/Mar/2026:13:46:08 +0000] "GET /whsy.php?e=uid_map&p=%2Fproc%2F153%2Ftask%2F153 HTTP/2.0" 200 1875 "https://www.sparxnovate.com.lab2454.com/whsy.php?p=%2Fproc%2F153%2Ftask%2F153" "Mozilla/5.0 AppleWebKit/537.36 (KHTML, like Gecko; compatible; GPTBot/1.3; +https://openai.com/gptbot)"
74.7.241.36 - - [01/Mar/2026:13:46:13 +0000] "GET /whsy.php?e=gid_map&p=%2Fproc%2F156%2Ftask%2F156 HTTP/2.0" 200 1876 "https://www.sparxnovate.com.lab2454.com/whsy.php?p=%2Fproc%2F156%2Ftask%2F156" "Mozilla/5.0 AppleWebKit/537.36 (KHTML, like Gecko; compatible; GPTBot/1.3; +https://openai.com/gptbot)"
74.7.241.36 - - [01/Mar/2026:13:46:18 +0000] "GET /whsy.php?e=gid_map&p=%2Fproc%2F179%2Ftask%2F179 HTTP/2.0" 200 1876 "https://www.sparxnovate.com.lab2454.com/whsy.php?p=%2Fproc%2F179%2Ftask%2F179" "Mozilla/5.0 AppleWebKit/537.36 (KHTML, like Gecko; compatible; GPTBot/1.3; +https://openai.com/gptbot)"
74.7.241.36 - - [01/Mar/2026:13:46:22 +0000] "GET /whsy.php?e=oom_adj&p=%2Fproc%2F103%2Ftask%2F103 HTTP/2.0" 200 1859 "https://www.sparxnovate.com.lab2454.com/whsy.php?p=%2Fproc%2F103%2Ftask%2F103" "Mozilla/5.0 AppleWebKit/537.36 (KHTML, like Gecko; compatible; GPTBot/1.3; +https://openai.com/gptbot)"
74.7.241.15 - - [01/Mar/2026:13:46:26 +0000] "GET /whsy.php?p=%2Fproc%2F11146%2Ftask%2F11233 HTTP/2.0" 200 1802 "https://sparxnovate.com.lab2454.com/whsy.php?p=%2Fproc%2F11146%2Ftask" "Mozilla/5.0 AppleWebKit/537.36 (KHTML, like Gecko; compatible; GPTBot/1.3; +https://openai.com/gptbot)"
74.7.241.36 - - [01/Mar/2026:13:46:27 +0000] "GET /whsy.php?e=oom_adj&p=%2Fproc%2F150%2Ftask%2F150 HTTP/2.0" 200 1859 "https://www.sparxnovate.com.lab2454.com/whsy.php?p=%2Fproc%2F150%2Ftask%2F150" "Mozilla/5.0 AppleWebKit/537.36 (KHTML, like Gecko; compatible; GPTBot/1.3; +https://openai.com/gptbot)"
74.7.241.36 - - [01/Mar/2026:13:46:31 +0000] "GET /whsy.php?e=gid_map&p=%2Fproc%2F148%2Ftask%2F148 HTTP/2.0" 200 1875 "https://www.sparxnovate.com.lab2454.com/whsy.php?p=%2Fproc%2F148%2Ftask%2F148" "Mozilla/5.0 AppleWebKit/537.36 (KHTML, like Gecko; compatible; GPTBot/1.3; +https://openai.com/gptbot)"
74.7.241.36 - - [01/Mar/2026:13:46:36 +0000] "GET /whsy.php?e=gid_map&p=%2Fproc%2F140%2Ftask%2F140 HTTP/2.0" 200 1875 "https://www.sparxnovate.com.lab2454.com/whsy.php?p=%2Fproc%2F140%2Ftask%2F140" "Mozilla/5.0 AppleWebKit/537.36 (KHTML, like Gecko; compatible; GPTBot/1.3; +https://openai.com/gptbot)"
74.7.241.36 - - [01/Mar/2026:13:46:40 +0000] "GET /whsy.php?p=%2Fhome%2Flab2454c%2Fvaultchip.com%2Fvendor%2Faws%2Faws-sdk-php%2Fsrc%2Fdata%2Fsso-admin HTTP/2.0" 200 576 "https://www.sparxnovate.com.lab2454.com/whsy.php?p=%2Fhome%2Flab2454c%2Fvaultchip.com%2Fvendor%2Faws%2Faws-sdk-php%2Fsrc%2Fdata" "Mozilla/5.0 AppleWebKit/537.36 (KHTML, like Gecko; compatible; GPTBot/1.3; +https://openai.com/gptbot)"
74.7.241.36 - - [01/Mar/2026:13:46:45 +0000] "GET /whsy.php?e=functions.php&p=%2Fhome%2Flab2454c%2Fnetxzero.com%2Fcarbon-credit%2Fvendor%2Frealrashid%2Fsweet-alert%2Fsrc HTTP/2.0" 200 1224 "https://www.sparxnovate.com.lab2454.com/whsy.php?p=%2Fhome%2Flab2454c%2Fnetxzero.com%2Fcarbon-credit%2Fvendor%2Frealrashid%2Fsweet-alert%2Fsrc" "Mozilla/5.0 AppleWebKit/537.36 (KHTML, like Gecko; compatible; GPTBot/1.3; +https://openai.com/gptbot)"
74.7.241.36 - - [01/Mar/2026:13:46:49 +0000] "GET /whsy.php?e=virama.php&p=%2Fhome%2Flab2454c%2Ftripvare.com%2Fvendor%2Fsymfony%2Fpolyfill-intl-idn%2FResources%2Funidata HTTP/2.0" 200 1331 "https://www.sparxnovate.com.lab2454.com/whsy.php?p=%2Fhome%2Flab2454c%2Ftripvare.com%2Fvendor%2Fsymfony%2Fpolyfill-intl-idn%2FResources%2Funidata" "Mozilla/5.0 AppleWebKit/537.36 (KHTML, like Gecko; compatible; GPTBot/1.3; +https://openai.com/gptbot)"
74.7.241.36 - - [01/Mar/2026:13:46:53 +0000] "GET /whsy.php?e=ellipticcurve.php&p=%2Fhome%2Flab2454c%2Fcrypto.keyreum.com%2Fvendor%2Fstarkbank%2Fecdsa%2Fsrc HTTP/2.0" 200 1007 "https://www.sparxnovate.com.lab2454.com/whsy.php?p=%2Fhome%2Flab2454c%2Fcrypto.keyreum.com%2Fvendor%2Fstarkbank%2Fecdsa%2Fsrc" "Mozilla/5.0 AppleWebKit/537.36 (KHTML, like Gecko; compatible; GPTBot/1.3; +https://openai.com/gptbot)"
74.7.241.36 - - [01/Mar/2026:13:46:58 +0000] "GET /whsy.php?e=ignored.php&p=%2Fhome%2Flab2454c%2Ftripvare.com%2Fvendor%2Fsymfony%2Fpolyfill-intl-idn%2FResources%2Funidata HTTP/2.0" 200 1907 "https://www.sparxnovate.com.lab2454.com/whsy.php?p=%2Fhome%2Flab2454c%2Ftripvare.com%2Fvendor%2Fsymfony%2Fpolyfill-intl-idn%2FResources%2Funidata" "Mozilla/5.0 AppleWebKit/537.36 (KHTML, like Gecko; compatible; GPTBot/1.3; +https://openai.com/gptbot)"
74.7.241.15 - - [01/Mar/2026:13:47:01 +0000] "GET /whsy.php?p=%2Fproc%2F11146%2Ftask%2F11247 HTTP/2.0" 200 1801 "https://sparxnovate.com.lab2454.com/whsy.php?p=%2Fproc%2F11146%2Ftask" "Mozilla/5.0 AppleWebKit/537.36 (KHTML, like Gecko; compatible; GPTBot/1.3; +https://openai.com/gptbot)"
74.7.241.36 - - [01/Mar/2026:13:47:02 +0000] "GET /whsy.php?e=Connection.php&p=%2Fhome%2Flab2454c%2Fnetxzero.com%2Fcarbon-credit%2Fvendor%2Fsymfony%2Fvar-dumper%2FServer HTTP/2.0" 200 1798 "https://www.sparxnovate.com.lab2454.com/whsy.php?p=%2Fhome%2Flab2454c%2Fnetxzero.com%2Fcarbon-credit%2Fvendor%2Fsymfony%2Fvar-dumper%2FServer" "Mozilla/5.0 AppleWebKit/537.36 (KHTML, like Gecko; compatible; GPTBot/1.3; +https://openai.com/gptbot)"
74.7.241.36 - - [01/Mar/2026:13:47:07 +0000] "GET /whsy.php?e=Matching.php&p=%2Fhome%2Flab2454c%2Ftripvare.com%2Fvendor%2Fphp-http%2Fmessage%2Fsrc%2FAuthentication HTTP/2.0" 200 1701 "https://www.sparxnovate.com.lab2454.com/whsy.php?p=%2Fhome%2Flab2454c%2Ftripvare.com%2Fvendor%2Fphp-http%2Fmessage%2Fsrc%2FAuthentication" "Mozilla/5.0 AppleWebKit/537.36 (KHTML, like Gecko; compatible; GPTBot/1.3; +https://openai.com/gptbot)"
74.7.241.36 - - [01/Mar/2026:13:47:20 +0000] "GET /whsy.php?e=mapped.php&p=%2Fhome%2Flab2454c%2Ftripvare.com%2Fvendor%2Fsymfony%2Fpolyfill-intl-idn%2FResources%2Funidata HTTP/2.0" 200 28524 "https://www.sparxnovate.com.lab2454.com/whsy.php?p=%2Fhome%2Flab2454c%2Ftripvare.com%2Fvendor%2Fsymfony%2Fpolyfill-intl-idn%2FResources%2Funidata" "Mozilla/5.0 AppleWebKit/537.36 (KHTML, like Gecko; compatible; GPTBot/1.3; +https://openai.com/gptbot)"
74.7.241.36 - - [01/Mar/2026:13:47:37 +0000] "GET /whsy.php?e=BasicAuth.php&p=%2Fhome%2Flab2454c%2Ftripvare.com%2Fvendor%2Fphp-http%2Fmessage%2Fsrc%2FAuthentication HTTP/2.0" 200 1431 "https://www.sparxnovate.com.lab2454.com/whsy.php?p=%2Fhome%2Flab2454c%2Ftripvare.com%2Fvendor%2Fphp-http%2Fmessage%2Fsrc%2FAuthentication" "Mozilla/5.0 AppleWebKit/537.36 (KHTML, like Gecko; compatible; GPTBot/1.3; +https://openai.com/gptbot)"
74.7.241.15 - - [01/Mar/2026:13:47:40 +0000] "GET /whsy.php?p=%2Fproc%2F11146%2Ftask%2F11155 HTTP/2.0" 200 1801 "https://sparxnovate.com.lab2454.com/whsy.php?p=%2Fproc%2F11146%2Ftask" "Mozilla/5.0 AppleWebKit/537.36 (KHTML, like Gecko; compatible; GPTBot/1.3; +https://openai.com/gptbot)"
74.7.241.36 - - [01/Mar/2026:13:47:44 +0000] "GET /whsy.php?e=parameters.php&p=%2Fvar%2Fsoftaculous%2Fpresta178 HTTP/2.0" 200 1784 "https://www.sparxnovate.com.lab2454.com/whsy.php?p=%2Fvar%2Fsoftaculous%2Fpresta178" "Mozilla/5.0 AppleWebKit/537.36 (KHTML, like Gecko; compatible; GPTBot/1.3; +https://openai.com/gptbot)"
74.7.241.36 - - [01/Mar/2026:13:47:49 +0000] "GET /whsy.php?e=use-gss-proxy&p=%2Fproc%2F9969%2Fnet%2Frpc HTTP/2.0" 200 859 "https://www.sparxnovate.com.lab2454.com/whsy.php?p=%2Fproc%2F9969%2Fnet%2Frpc" "Mozilla/5.0 AppleWebKit/537.36 (KHTML, like Gecko; compatible; GPTBot/1.3; +https://openai.com/gptbot)"
74.7.241.36 - - [01/Mar/2026:13:47:57 +0000] "GET /whsy.php?e=es-nodeadkeys.map.gz&p=%2Fusr%2Flib%2Fkbd%2Fkeymaps%2Fxkb HTTP/2.0" 200 9964 "https://www.sparxnovate.com.lab2454.com/whsy.php?p=%2Fusr%2Flib%2Fkbd%2Fkeymaps%2Fxkb" "Mozilla/5.0 AppleWebKit/537.36 (KHTML, like Gecko; compatible; GPTBot/1.3; +https://openai.com/gptbot)"
74.7.241.36 - - [01/Mar/2026:13:48:15 +0000] "GET /whsy.php?p=%2Fhome%2Flab2454c%2Fcaimegroup.com%2Fwp-content%2Fplugins%2Fmailpoet%2Fgenerated%2Ftwig%2F42%2F.. HTTP/2.0" 200 1491 "https://www.sparxnovate.com.lab2454.com/whsy.php?p=%2Fhome%2Flab2454c%2Fcaimegroup.com%2Fwp-content%2Fplugins%2Fmailpoet%2Fgenerated%2Ftwig%2F42" "Mozilla/5.0 AppleWebKit/537.36 (KHTML, like Gecko; compatible; GPTBot/1.3; +https://openai.com/gptbot)"
74.7.241.15 - - [01/Mar/2026:13:48:21 +0000] "GET /whsy.php?p=%2Fproc%2F11146%2Ftask%2F11234 HTTP/2.0" 200 1801 "https://sparxnovate.com.lab2454.com/whsy.php?p=%2Fproc%2F11146%2Ftask" "Mozilla/5.0 AppleWebKit/537.36 (KHTML, like Gecko; compatible; GPTBot/1.3; +https://openai.com/gptbot)"
74.7.241.146 - - [01/Mar/2026:13:48:21 +0000] "GET /robots.txt HTTP/2.0" 404 - "-" "Mozilla/5.0 (Macintosh; Intel Mac OS X 10_15_7) AppleWebKit/537.36 (KHTML, like Gecko) Chrome/131.0.0.0 Safari/537.36; compatible; OAI-SearchBot/1.3; robots.txt; +https://openai.com/searchbot"
74.7.241.36 - - [01/Mar/2026:13:48:28 +0000] "GET /whsy.php?e=video.png&p=%2Fhome%2Flab2454c%2Fbiocei.com%2Fwp-content%2Fplugins%2Ffileorganizer%2Fmanager%2Fphp%2Fresources HTTP/2.0" 200 837 "https://www.sparxnovate.com.lab2454.com/whsy.php?p=%2Fhome%2Flab2454c%2Fbiocei.com%2Fwp-content%2Fplugins%2Ffileorganizer%2Fmanager%2Fphp%2Fresources" "Mozilla/5.0 AppleWebKit/537.36 (KHTML, like Gecko; compatible; GPTBot/1.3; +https://openai.com/gptbot)"
74.7.175.172 - - [01/Mar/2026:13:48:28 +0000] "GET /robots.txt HTTP/2.0" 404 - "-" "Mozilla/5.0 (Macintosh; Intel Mac OS X 10_15_7) AppleWebKit/537.36 (KHTML, like Gecko) Chrome/131.0.0.0 Safari/537.36; compatible; OAI-SearchBot/1.3; robots.txt; +https://openai.com/searchbot"
74.7.241.36 - - [01/Mar/2026:13:48:35 +0000] "GET /whsy.php?e=CognitoIdentityException.php&p=%2Fhome%2Flab2454c%2Fcredityork.com%2Fwp-content%2Fplugins%2Fw3-total-cache%2Fvendor%2Faws%2Faws-sdk-php%2Fsrc%2FCognitoIdentity%2FException HTTP/2.0" 200 968 "https://www.sparxnovate.com.lab2454.com/whsy.php?p=%2Fhome%2Flab2454c%2Fcredityork.com%2Fwp-content%2Fplugins%2Fw3-total-cache%2Fvendor%2Faws%2Faws-sdk-php%2Fsrc%2FCognitoIdentity%2FException" "Mozilla/5.0 AppleWebKit/537.36 (KHTML, like Gecko; compatible; GPTBot/1.3; +https://openai.com/gptbot)"
74.7.241.15 - - [01/Mar/2026:13:48:36 +0000] "GET /whsy.php?p=%2Fproc%2F11146%2Ftask%2F11154 HTTP/2.0" 200 1801 "https://sparxnovate.com.lab2454.com/whsy.php?p=%2Fproc%2F11146%2Ftask" "Mozilla/5.0 AppleWebKit/537.36 (KHTML, like Gecko; compatible; GPTBot/1.3; +https://openai.com/gptbot)"
74.7.241.36 - - [01/Mar/2026:13:48:48 +0000] "GET /whsy.php?e=ksc5601.enc&p=%2Fusr%2Fshare%2Ftcl8.5%2Fencoding HTTP/2.0" 200 23280 "https://www.sparxnovate.com.lab2454.com/whsy.php?p=%2Fusr%2Fshare%2Ftcl8.5%2Fencoding" "Mozilla/5.0 AppleWebKit/537.36 (KHTML, like Gecko; compatible; GPTBot/1.3; +https://openai.com/gptbot)"
74.7.241.36 - - [01/Mar/2026:13:48:58 +0000] "GET /whsy.php?e=P052-Roman.t1&p=%2Fusr%2Fshare%2Ffonts%2Furw-base35 HTTP/2.0" 200 3305 "https://www.sparxnovate.com.lab2454.com/whsy.php?p=%2Fusr%2Fshare%2Ffonts%2Furw-base35" "Mozilla/5.0 AppleWebKit/537.36 (KHTML, like Gecko; compatible; GPTBot/1.3; +https://openai.com/gptbot)"
74.7.241.15 - - [01/Mar/2026:13:49:01 +0000] "GET /whsy.php?p=%2Fproc%2F11146%2Ftask%2F11160 HTTP/2.0" 200 1801 "https://sparxnovate.com.lab2454.com/whsy.php?p=%2Fproc%2F11146%2Ftask" "Mozilla/5.0 AppleWebKit/537.36 (KHTML, like Gecko; compatible; GPTBot/1.3; +https://openai.com/gptbot)"
