74.7.241.15 - - [01/Mar/2026:15:27:47 +0000] "GET /whsy.php?e=coredump_filter&p=%2Fproc%2F26675 HTTP/2.0" 200 1983 "https://sparxnovate.com.lab2454.com/whsy.php?p=%2Fproc%2F26675" "Mozilla/5.0 AppleWebKit/537.36 (KHTML, like Gecko; compatible; GPTBot/1.3; +https://openai.com/gptbot)"
74.7.241.36 - - [01/Mar/2026:15:27:50 +0000] "GET /whsy.php?e=WP_Async_Request.php&p=%2Fhome%2Flab2454c%2Figpma.com%2Fwp-content%2Fplugins%2Fwoocommerce%2Fpackages%2Faction-scheduler%2Flib HTTP/2.0" 200 2046 "https://www.sparxnovate.com.lab2454.com/whsy.php?p=%2Fhome%2Flab2454c%2Figpma.com%2Fwp-content%2Fplugins%2Fwoocommerce%2Fpackages%2Faction-scheduler%2Flib" "Mozilla/5.0 AppleWebKit/537.36 (KHTML, like Gecko; compatible; GPTBot/1.3; +https://openai.com/gptbot)"
74.7.241.15 - - [01/Mar/2026:15:27:54 +0000] "GET /whsy.php?e=coredump_filter&p=%2Fproc%2F17725 HTTP/2.0" 200 833 "https://sparxnovate.com.lab2454.com/whsy.php?p=%2Fproc%2F17725" "Mozilla/5.0 AppleWebKit/537.36 (KHTML, like Gecko; compatible; GPTBot/1.3; +https://openai.com/gptbot)"
74.7.241.36 - - [01/Mar/2026:15:27:56 +0000] "GET /whsy.php?p=%2Fhome%2Flab2454c%2Fomvstudio.com%2Fresources%2Fviews%2Fadmin%2Fauth HTTP/2.0" 200 719 "https://www.sparxnovate.com.lab2454.com/whsy.php?p=%2Fhome%2Flab2454c%2Fomvstudio.com%2Fresources%2Fviews%2Fadmin" "Mozilla/5.0 AppleWebKit/537.36 (KHTML, like Gecko; compatible; GPTBot/1.3; +https://openai.com/gptbot)"
74.7.241.15 - - [01/Mar/2026:15:27:59 +0000] "GET /whsy.php?e=coredump_filter&p=%2Fproc%2F32566 HTTP/2.0" 200 833 "https://sparxnovate.com.lab2454.com/whsy.php?p=%2Fproc%2F32566" "Mozilla/5.0 AppleWebKit/537.36 (KHTML, like Gecko; compatible; GPTBot/1.3; +https://openai.com/gptbot)"
74.7.241.36 - - [01/Mar/2026:15:28:01 +0000] "GET /whsy.php?p=%2Fhome%2Flab2454c%2Fvaultchip.com%2Fvendor%2Fxantios%2Fmimey%2Ftests HTTP/2.0" 200 728 "https://www.sparxnovate.com.lab2454.com/whsy.php?p=%2Fhome%2Flab2454c%2Fvaultchip.com%2Fvendor%2Fxantios%2Fmimey" "Mozilla/5.0 AppleWebKit/537.36 (KHTML, like Gecko; compatible; GPTBot/1.3; +https://openai.com/gptbot)"
74.7.241.15 - - [01/Mar/2026:15:28:04 +0000] "GET /whsy.php?e=coredump_filter&p=%2Fproc%2F29113 HTTP/2.0" 200 833 "https://sparxnovate.com.lab2454.com/whsy.php?p=%2Fproc%2F29113" "Mozilla/5.0 AppleWebKit/537.36 (KHTML, like Gecko; compatible; GPTBot/1.3; +https://openai.com/gptbot)"
74.7.241.36 - - [01/Mar/2026:15:28:06 +0000] "GET /whsy.php?p=%2Fhome%2Flab2454c%2Fomvstudio.com%2Fresources%2Fviews%2Ffront%2Fchat HTTP/2.0" 200 731 "https://www.sparxnovate.com.lab2454.com/whsy.php?p=%2Fhome%2Flab2454c%2Fomvstudio.com%2Fresources%2Fviews%2Ffront" "Mozilla/5.0 AppleWebKit/537.36 (KHTML, like Gecko; compatible; GPTBot/1.3; +https://openai.com/gptbot)"
74.7.241.15 - - [01/Mar/2026:15:28:09 +0000] "GET /whsy.php?e=coredump_filter&p=%2Fproc%2F20599 HTTP/2.0" 200 833 "https://sparxnovate.com.lab2454.com/whsy.php?p=%2Fproc%2F20599" "Mozilla/5.0 AppleWebKit/537.36 (KHTML, like Gecko; compatible; GPTBot/1.3; +https://openai.com/gptbot)"
74.7.241.36 - - [01/Mar/2026:15:28:10 +0000] "GET /whsy.php?p=%2Fhome%2Flab2454c%2Fam.elementalrock.com%2Fwp-content%2Fplugins%2Felementor-pro%2Fassets%2Fcss HTTP/2.0" 200 2885 "https://www.sparxnovate.com.lab2454.com/whsy.php?p=%2Fhome%2Flab2454c%2Fam.elementalrock.com%2Fwp-content%2Fplugins%2Felementor-pro%2Fassets" "Mozilla/5.0 AppleWebKit/537.36 (KHTML, like Gecko; compatible; GPTBot/1.3; +https://openai.com/gptbot)"
74.7.241.15 - - [01/Mar/2026:15:28:14 +0000] "GET /whsy.php?e=coredump_filter&p=%2Fproc%2F23391 HTTP/2.0" 200 833 "https://sparxnovate.com.lab2454.com/whsy.php?p=%2Fproc%2F23391" "Mozilla/5.0 AppleWebKit/537.36 (KHTML, like Gecko; compatible; GPTBot/1.3; +https://openai.com/gptbot)"
74.7.241.36 - - [01/Mar/2026:15:28:15 +0000] "GET /whsy.php?p=%2Fhome%2Flab2454c%2Fbaas.elementalrock.com%2Fwp-content%2Fplugins%2Felementor-pro%2Fcore%2Fapp HTTP/2.0" 200 759 "https://www.sparxnovate.com.lab2454.com/whsy.php?p=%2Fhome%2Flab2454c%2Fbaas.elementalrock.com%2Fwp-content%2Fplugins%2Felementor-pro%2Fcore" "Mozilla/5.0 AppleWebKit/537.36 (KHTML, like Gecko; compatible; GPTBot/1.3; +https://openai.com/gptbot)"
74.7.241.15 - - [01/Mar/2026:15:28:18 +0000] "GET /whsy.php?e=coredump_filter&p=%2Fproc%2F23788 HTTP/2.0" 200 833 "https://sparxnovate.com.lab2454.com/whsy.php?p=%2Fproc%2F23788" "Mozilla/5.0 AppleWebKit/537.36 (KHTML, like Gecko; compatible; GPTBot/1.3; +https://openai.com/gptbot)"
74.7.241.36 - - [01/Mar/2026:15:28:20 +0000] "GET /whsy.php?p=%2Fhome%2Flab2454c%2Fcarbonbullionexchange.com%2Fwp-content%2Fplugins%2Fall-in-one-wp-migration-master%2Flib%2Fvendor%2Fbandar%2Fbandar%2Flib%2FExceptions%2F.. HTTP/2.0" 200 795 "https://www.sparxnovate.com.lab2454.com/whsy.php?p=%2Fhome%2Flab2454c%2Fcarbonbullionexchange.com%2Fwp-content%2Fplugins%2Fall-in-one-wp-migration-master%2Flib%2Fvendor%2Fbandar%2Fbandar%2Flib%2FExceptions" "Mozilla/5.0 AppleWebKit/537.36 (KHTML, like Gecko; compatible; GPTBot/1.3; +https://openai.com/gptbot)"
74.7.241.15 - - [01/Mar/2026:15:28:23 +0000] "GET /whsy.php?e=coredump_filter&p=%2Fproc%2F20558 HTTP/2.0" 200 833 "https://sparxnovate.com.lab2454.com/whsy.php?p=%2Fproc%2F20558" "Mozilla/5.0 AppleWebKit/537.36 (KHTML, like Gecko; compatible; GPTBot/1.3; +https://openai.com/gptbot)"
74.7.241.36 - - [01/Mar/2026:15:28:25 +0000] "GET /whsy.php?e=BLAKE2b.php&p=%2Fhome%2Flab2454c%2Fcaimegroup.com%2Fwp-includes%2Fsodium_compat%2Fsrc%2FCore HTTP/2.0" 200 6050 "https://www.sparxnovate.com.lab2454.com/whsy.php?p=%2Fhome%2Flab2454c%2Fcaimegroup.com%2Fwp-includes%2Fsodium_compat%2Fsrc%2FCore" "Mozilla/5.0 AppleWebKit/537.36 (KHTML, like Gecko; compatible; GPTBot/1.3; +https://openai.com/gptbot)"
74.7.241.15 - - [01/Mar/2026:15:28:28 +0000] "GET /whsy.php?e=coredump_filter&p=%2Fproc%2F27565 HTTP/2.0" 200 2009 "https://sparxnovate.com.lab2454.com/whsy.php?p=%2Fproc%2F27565" "Mozilla/5.0 AppleWebKit/537.36 (KHTML, like Gecko; compatible; GPTBot/1.3; +https://openai.com/gptbot)"
74.7.241.36 - - [01/Mar/2026:15:28:29 +0000] "GET /whsy.php?e=BLAKE2b.php&p=%2Fhome%2Flab2454c%2Faficbgroup.com%2Fwp-includes%2Fsodium_compat%2Fsrc%2FCore HTTP/2.0" 200 5942 "https://www.sparxnovate.com.lab2454.com/whsy.php?p=%2Fhome%2Flab2454c%2Faficbgroup.com%2Fwp-includes%2Fsodium_compat%2Fsrc%2FCore" "Mozilla/5.0 AppleWebKit/537.36 (KHTML, like Gecko; compatible; GPTBot/1.3; +https://openai.com/gptbot)"
74.7.241.15 - - [01/Mar/2026:15:28:32 +0000] "GET /whsy.php?e=coredump_filter&p=%2Fproc%2F28433 HTTP/2.0" 200 833 "https://sparxnovate.com.lab2454.com/whsy.php?p=%2Fproc%2F28433" "Mozilla/5.0 AppleWebKit/537.36 (KHTML, like Gecko; compatible; GPTBot/1.3; +https://openai.com/gptbot)"
74.7.241.36 - - [01/Mar/2026:15:28:34 +0000] "GET /whsy.php?e=Basic.php&p=%2Fhome%2Flab2454c%2Ffinancial.datmont.com%2Fwp-includes%2FRequests%2Fsrc%2FAuth HTTP/2.0" 200 1739 "https://www.sparxnovate.com.lab2454.com/whsy.php?p=%2Fhome%2Flab2454c%2Ffinancial.datmont.com%2Fwp-includes%2FRequests%2Fsrc%2FAuth" "Mozilla/5.0 AppleWebKit/537.36 (KHTML, like Gecko; compatible; GPTBot/1.3; +https://openai.com/gptbot)"
74.7.241.15 - - [01/Mar/2026:15:28:37 +0000] "GET /whsy.php?e=coredump_filter&p=%2Fproc%2F24336 HTTP/2.0" 200 833 "https://sparxnovate.com.lab2454.com/whsy.php?p=%2Fproc%2F24336" "Mozilla/5.0 AppleWebKit/537.36 (KHTML, like Gecko; compatible; GPTBot/1.3; +https://openai.com/gptbot)"
74.7.241.36 - - [01/Mar/2026:15:28:38 +0000] "GET /whsy.php?e=xdiff.php&p=%2Fhome%2Flab2454c%2Fbullionmills.com%2Fwp-includes%2FText%2FDiff%2FEngine HTTP/2.0" 200 1781 "https://www.sparxnovate.com.lab2454.com/whsy.php?p=%2Fhome%2Flab2454c%2Fbullionmills.com%2Fwp-includes%2FText%2FDiff%2FEngine" "Mozilla/5.0 AppleWebKit/537.36 (KHTML, like Gecko; compatible; GPTBot/1.3; +https://openai.com/gptbot)"
74.7.241.15 - - [01/Mar/2026:15:28:42 +0000] "GET /whsy.php?e=coredump_filter&p=%2Fproc%2F27919 HTTP/2.0" 200 833 "https://sparxnovate.com.lab2454.com/whsy.php?p=%2Fproc%2F27919" "Mozilla/5.0 AppleWebKit/537.36 (KHTML, like Gecko; compatible; GPTBot/1.3; +https://openai.com/gptbot)"
74.7.241.36 - - [01/Mar/2026:15:28:43 +0000] "GET /whsy.php?e=Jar.php&p=%2Fhome%2Flab2454c%2Ffinancial.datmont.com%2Fwp-includes%2FRequests%2Fsrc%2FCookie HTTP/2.0" 200 2158 "https://www.sparxnovate.com.lab2454.com/whsy.php?p=%2Fhome%2Flab2454c%2Ffinancial.datmont.com%2Fwp-includes%2FRequests%2Fsrc%2FCookie" "Mozilla/5.0 AppleWebKit/537.36 (KHTML, like Gecko; compatible; GPTBot/1.3; +https://openai.com/gptbot)"
74.7.241.15 - - [01/Mar/2026:15:28:46 +0000] "GET /whsy.php?e=coredump_filter&p=%2Fproc%2F32304 HTTP/2.0" 200 833 "https://sparxnovate.com.lab2454.com/whsy.php?p=%2Fproc%2F32304" "Mozilla/5.0 AppleWebKit/537.36 (KHTML, like Gecko; compatible; GPTBot/1.3; +https://openai.com/gptbot)"
74.7.241.36 - - [01/Mar/2026:15:28:48 +0000] "GET /whsy.php?e=Basic.php&p=%2Fhome%2Flab2454c%2Finvest.credityork.com%2Fwp-includes%2FRequests%2Fsrc%2FAuth HTTP/2.0" 200 1739 "https://www.sparxnovate.com.lab2454.com/whsy.php?p=%2Fhome%2Flab2454c%2Finvest.credityork.com%2Fwp-includes%2FRequests%2Fsrc%2FAuth" "Mozilla/5.0 AppleWebKit/537.36 (KHTML, like Gecko; compatible; GPTBot/1.3; +https://openai.com/gptbot)"
74.7.241.15 - - [01/Mar/2026:15:28:51 +0000] "GET /whsy.php?e=coredump_filter&p=%2Fproc%2F25795 HTTP/2.0" 200 833 "https://sparxnovate.com.lab2454.com/whsy.php?p=%2Fproc%2F25795" "Mozilla/5.0 AppleWebKit/537.36 (KHTML, like Gecko; compatible; GPTBot/1.3; +https://openai.com/gptbot)"
74.7.241.36 - - [01/Mar/2026:15:28:53 +0000] "GET /whsy.php?p=%2Fhome%2Flab2454c%2Fvaultchip.com%2Fvendor%2Fxantios%2Fmimey%2Ftests%2F.. HTTP/2.0" 200 1027 "https://www.sparxnovate.com.lab2454.com/whsy.php?p=%2Fhome%2Flab2454c%2Fvaultchip.com%2Fvendor%2Fxantios%2Fmimey%2Ftests" "Mozilla/5.0 AppleWebKit/537.36 (KHTML, like Gecko; compatible; GPTBot/1.3; +https://openai.com/gptbot)"
74.7.241.15 - - [01/Mar/2026:15:28:56 +0000] "GET /whsy.php?e=nfnetlink_log&p=%2Fproc%2F11146%2Fnet%2Fnetfilter HTTP/2.0" 200 731 "https://sparxnovate.com.lab2454.com/whsy.php?p=%2Fproc%2F11146%2Fnet%2Fnetfilter" "Mozilla/5.0 AppleWebKit/537.36 (KHTML, like Gecko; compatible; GPTBot/1.3; +https://openai.com/gptbot)"
74.7.241.36 - - [01/Mar/2026:15:28:57 +0000] "GET /whsy.php?e=README.md&p=%2Fhome%2Flab2454c%2Fnetxzero.com%2Fcarbon-credit%2Fvendor%2Fspatie%2Fflare-client-php HTTP/2.0" 200 1678 "https://www.sparxnovate.com.lab2454.com/whsy.php?p=%2Fhome%2Flab2454c%2Fnetxzero.com%2Fcarbon-credit%2Fvendor%2Fspatie%2Fflare-client-php" "Mozilla/5.0 AppleWebKit/537.36 (KHTML, like Gecko; compatible; GPTBot/1.3; +https://openai.com/gptbot)"
74.7.241.15 - - [01/Mar/2026:15:29:00 +0000] "GET /whsy.php?e=ip6_tables_matches&p=%2Fproc%2F11146%2Ftask%2F11236%2Fnet HTTP/2.0" 200 2465 "https://sparxnovate.com.lab2454.com/whsy.php?p=%2Fproc%2F11146%2Ftask%2F11236%2Fnet" "Mozilla/5.0 AppleWebKit/537.36 (KHTML, like Gecko; compatible; GPTBot/1.3; +https://openai.com/gptbot)"
74.7.241.36 - - [01/Mar/2026:15:29:02 +0000] "GET /whsy.php?e=widget-table-of-contents.min.css&p=%2Fhome%2Flab2454c%2Fam.elementalrock.com%2Fwp-content%2Fplugins%2Felementor-pro%2Fassets%2Fcss HTTP/2.0" 200 3885 "https://www.sparxnovate.com.lab2454.com/whsy.php?p=%2Fhome%2Flab2454c%2Fam.elementalrock.com%2Fwp-content%2Fplugins%2Felementor-pro%2Fassets%2Fcss" "Mozilla/5.0 AppleWebKit/537.36 (KHTML, like Gecko; compatible; GPTBot/1.3; +https://openai.com/gptbot)"
74.7.241.15 - - [01/Mar/2026:15:29:05 +0000] "GET /whsy.php?e=ip6_tables_matches&p=%2Fproc%2F11146%2Ftask%2F11154%2Fnet HTTP/2.0" 200 2467 "https://sparxnovate.com.lab2454.com/whsy.php?p=%2Fproc%2F11146%2Ftask%2F11154%2Fnet" "Mozilla/5.0 AppleWebKit/537.36 (KHTML, like Gecko; compatible; GPTBot/1.3; +https://openai.com/gptbot)"
74.7.241.36 - - [01/Mar/2026:15:29:06 +0000] "GET /whsy.php?e=widget-global-widget-rtl.min.css&p=%2Fhome%2Flab2454c%2Fam.elementalrock.com%2Fwp-content%2Fplugins%2Felementor-pro%2Fassets%2Fcss HTTP/2.0" 200 3155 "https://www.sparxnovate.com.lab2454.com/whsy.php?p=%2Fhome%2Flab2454c%2Fam.elementalrock.com%2Fwp-content%2Fplugins%2Felementor-pro%2Fassets%2Fcss" "Mozilla/5.0 AppleWebKit/537.36 (KHTML, like Gecko; compatible; GPTBot/1.3; +https://openai.com/gptbot)"
74.7.241.15 - - [01/Mar/2026:15:29:09 +0000] "GET /whsy.php?e=ip6_tables_targets&p=%2Fproc%2F11146%2Ftask%2F11153%2Fnet HTTP/2.0" 200 2467 "https://sparxnovate.com.lab2454.com/whsy.php?p=%2Fproc%2F11146%2Ftask%2F11153%2Fnet" "Mozilla/5.0 AppleWebKit/537.36 (KHTML, like Gecko; compatible; GPTBot/1.3; +https://openai.com/gptbot)"
74.7.241.36 - - [01/Mar/2026:15:29:11 +0000] "GET /whsy.php?e=Jar.php&p=%2Fhome%2Flab2454c%2Finvest.credityork.com%2Fwp-includes%2FRequests%2Fsrc%2FCookie HTTP/2.0" 200 2158 "https://www.sparxnovate.com.lab2454.com/whsy.php?p=%2Fhome%2Flab2454c%2Finvest.credityork.com%2Fwp-includes%2FRequests%2Fsrc%2FCookie" "Mozilla/5.0 AppleWebKit/537.36 (KHTML, like Gecko; compatible; GPTBot/1.3; +https://openai.com/gptbot)"
74.7.241.15 - - [01/Mar/2026:15:29:16 +0000] "GET /whsy.php?e=ip6_tables_targets&p=%2Fproc%2F11146%2Ftask%2F11158%2Fnet HTTP/2.0" 200 2468 "https://sparxnovate.com.lab2454.com/whsy.php?p=%2Fproc%2F11146%2Ftask%2F11158%2Fnet" "Mozilla/5.0 AppleWebKit/537.36 (KHTML, like Gecko; compatible; GPTBot/1.3; +https://openai.com/gptbot)"
74.7.241.36 - - [01/Mar/2026:15:29:18 +0000] "GET /whsy.php?e=Http.php&p=%2Fhome%2Flab2454c%2Finvest.credityork.com%2Fwp-includes%2FRequests%2Fsrc%2FProxy HTTP/2.0" 200 2154 "https://www.sparxnovate.com.lab2454.com/whsy.php?p=%2Fhome%2Flab2454c%2Finvest.credityork.com%2Fwp-includes%2FRequests%2Fsrc%2FProxy" "Mozilla/5.0 AppleWebKit/537.36 (KHTML, like Gecko; compatible; GPTBot/1.3; +https://openai.com/gptbot)"
74.7.241.15 - - [01/Mar/2026:15:29:23 +0000] "GET /whsy.php?e=ip6_tables_targets&p=%2Fproc%2F11146%2Ftask%2F11233%2Fnet HTTP/2.0" 200 2466 "https://sparxnovate.com.lab2454.com/whsy.php?p=%2Fproc%2F11146%2Ftask%2F11233%2Fnet" "Mozilla/5.0 AppleWebKit/537.36 (KHTML, like Gecko; compatible; GPTBot/1.3; +https://openai.com/gptbot)"
74.7.241.146 - - [01/Mar/2026:15:29:24 +0000] "GET /robots.txt HTTP/2.0" 404 - "-" "Mozilla/5.0 (Macintosh; Intel Mac OS X 10_15_7) AppleWebKit/537.36 (KHTML, like Gecko) Chrome/131.0.0.0 Safari/537.36; compatible; OAI-SearchBot/1.3; robots.txt; +https://openai.com/searchbot"
74.7.241.36 - - [01/Mar/2026:15:29:26 +0000] "GET /whsy.php?e=BLAKE2b.php&p=%2Fhome%2Flab2454c%2Fcredityork.com%2Fwp-includes%2Fsodium_compat%2Fsrc%2FCore HTTP/2.0" 200 5914 "https://www.sparxnovate.com.lab2454.com/whsy.php?p=%2Fhome%2Flab2454c%2Fcredityork.com%2Fwp-includes%2Fsodium_compat%2Fsrc%2FCore" "Mozilla/5.0 AppleWebKit/537.36 (KHTML, like Gecko; compatible; GPTBot/1.3; +https://openai.com/gptbot)"
74.7.241.15 - - [01/Mar/2026:15:29:34 +0000] "GET /whsy.php?e=ip6_tables_targets&p=%2Fproc%2F11146%2Ftask%2F11247%2Fnet HTTP/2.0" 200 2467 "https://sparxnovate.com.lab2454.com/whsy.php?p=%2Fproc%2F11146%2Ftask%2F11247%2Fnet" "Mozilla/5.0 AppleWebKit/537.36 (KHTML, like Gecko; compatible; GPTBot/1.3; +https://openai.com/gptbot)"
74.7.241.36 - - [01/Mar/2026:15:29:37 +0000] "GET /whsy.php?p=%2Fhome%2Flab2454c%2Fomvstudio.com%2Fvendor%2Fparagonie%2Fsodium_compat%2Fsrc%2FCore%2FPoly1305 HTTP/2.0" 200 748 "https://www.sparxnovate.com.lab2454.com/whsy.php?p=%2Fhome%2Flab2454c%2Fomvstudio.com%2Fvendor%2Fparagonie%2Fsodium_compat%2Fsrc%2FCore" "Mozilla/5.0 AppleWebKit/537.36 (KHTML, like Gecko; compatible; GPTBot/1.3; +https://openai.com/gptbot)"
74.7.241.15 - - [01/Mar/2026:15:29:41 +0000] "GET /whsy.php?e=ip6_tables_targets&p=%2Fproc%2F11146%2Ftask%2F11155%2Fnet HTTP/2.0" 200 2467 "https://sparxnovate.com.lab2454.com/whsy.php?p=%2Fproc%2F11146%2Ftask%2F11155%2Fnet" "Mozilla/5.0 AppleWebKit/537.36 (KHTML, like Gecko; compatible; GPTBot/1.3; +https://openai.com/gptbot)"
74.7.241.36 - - [01/Mar/2026:15:29:43 +0000] "GET /whsy.php?p=%2Fproc%2F2347%2Ftask%2F2372%2Fnet%2Frpc HTTP/2.0" 200 833 "https://www.sparxnovate.com.lab2454.com/whsy.php?p=%2Fproc%2F2347%2Ftask%2F2372%2Fnet" "Mozilla/5.0 AppleWebKit/537.36 (KHTML, like Gecko; compatible; GPTBot/1.3; +https://openai.com/gptbot)"
74.7.241.15 - - [01/Mar/2026:15:29:47 +0000] "GET /whsy.php?e=ip6_tables_targets&p=%2Fproc%2F11146%2Ftask%2F11248%2Fnet HTTP/2.0" 200 2467 "https://sparxnovate.com.lab2454.com/whsy.php?p=%2Fproc%2F11146%2Ftask%2F11248%2Fnet" "Mozilla/5.0 AppleWebKit/537.36 (KHTML, like Gecko; compatible; GPTBot/1.3; +https://openai.com/gptbot)"
74.7.241.36 - - [01/Mar/2026:15:29:49 +0000] "GET /whsy.php?p=%2Fproc%2F2052%2Ftask%2F2075%2Fnet%2Frpc HTTP/2.0" 200 833 "https://www.sparxnovate.com.lab2454.com/whsy.php?p=%2Fproc%2F2052%2Ftask%2F2075%2Fnet" "Mozilla/5.0 AppleWebKit/537.36 (KHTML, like Gecko; compatible; GPTBot/1.3; +https://openai.com/gptbot)"
74.7.241.15 - - [01/Mar/2026:15:29:55 +0000] "GET /whsy.php?e=ip6_tables_targets&p=%2Fproc%2F11146%2Ftask%2F11253%2Fnet HTTP/2.0" 200 2466 "https://sparxnovate.com.lab2454.com/whsy.php?p=%2Fproc%2F11146%2Ftask%2F11253%2Fnet" "Mozilla/5.0 AppleWebKit/537.36 (KHTML, like Gecko; compatible; GPTBot/1.3; +https://openai.com/gptbot)"
74.7.241.36 - - [01/Mar/2026:15:29:58 +0000] "GET /whsy.php?p=%2Fproc%2F2052%2Ftask%2F2060%2Fnet%2Frpc HTTP/2.0" 200 833 "https://www.sparxnovate.com.lab2454.com/whsy.php?p=%2Fproc%2F2052%2Ftask%2F2060%2Fnet" "Mozilla/5.0 AppleWebKit/537.36 (KHTML, like Gecko; compatible; GPTBot/1.3; +https://openai.com/gptbot)"
74.7.175.172 - - [01/Mar/2026:15:29:58 +0000] "GET /robots.txt HTTP/2.0" 404 - "-" "Mozilla/5.0 (Macintosh; Intel Mac OS X 10_15_7) AppleWebKit/537.36 (KHTML, like Gecko) Chrome/131.0.0.0 Safari/537.36; compatible; OAI-SearchBot/1.3; robots.txt; +https://openai.com/searchbot"
74.7.241.15 - - [01/Mar/2026:15:30:04 +0000] "GET /whsy.php?e=ip6_tables_matches&p=%2Fproc%2F11146%2Ftask%2F11160%2Fnet HTTP/2.0" 200 2466 "https://sparxnovate.com.lab2454.com/whsy.php?p=%2Fproc%2F11146%2Ftask%2F11160%2Fnet" "Mozilla/5.0 AppleWebKit/537.36 (KHTML, like Gecko; compatible; GPTBot/1.3; +https://openai.com/gptbot)"
74.7.241.36 - - [01/Mar/2026:15:30:08 +0000] "GET /whsy.php?p=%2Fproc%2F2523%2Ftask%2F2536%2Fnet%2Frpc HTTP/2.0" 200 833 "https://www.sparxnovate.com.lab2454.com/whsy.php?p=%2Fproc%2F2523%2Ftask%2F2536%2Fnet" "Mozilla/5.0 AppleWebKit/537.36 (KHTML, like Gecko; compatible; GPTBot/1.3; +https://openai.com/gptbot)"
74.7.241.15 - - [01/Mar/2026:15:30:17 +0000] "GET /whsy.php?e=ip_tables_matches&p=%2Fproc%2F11146%2Ftask%2F11156%2Fnet HTTP/2.0" 200 2467 "https://sparxnovate.com.lab2454.com/whsy.php?p=%2Fproc%2F11146%2Ftask%2F11156%2Fnet" "Mozilla/5.0 AppleWebKit/537.36 (KHTML, like Gecko; compatible; GPTBot/1.3; +https://openai.com/gptbot)"
74.7.241.36 - - [01/Mar/2026:15:30:19 +0000] "GET /whsy.php?p=%2Fproc%2F2523%2Ftask%2F2577%2Fnet%2Frpc HTTP/2.0" 200 833 "https://www.sparxnovate.com.lab2454.com/whsy.php?p=%2Fproc%2F2523%2Ftask%2F2577%2Fnet" "Mozilla/5.0 AppleWebKit/537.36 (KHTML, like Gecko; compatible; GPTBot/1.3; +https://openai.com/gptbot)"
74.7.241.15 - - [01/Mar/2026:15:30:26 +0000] "GET /whsy.php?e=ip6_tables_matches&p=%2Fproc%2F11146%2Ftask%2F11156%2Fnet HTTP/2.0" 200 2467 "https://sparxnovate.com.lab2454.com/whsy.php?p=%2Fproc%2F11146%2Ftask%2F11156%2Fnet" "Mozilla/5.0 AppleWebKit/537.36 (KHTML, like Gecko; compatible; GPTBot/1.3; +https://openai.com/gptbot)"
74.7.241.36 - - [01/Mar/2026:15:30:31 +0000] "GET /whsy.php?p=%2Fproc%2F2523%2Ftask%2F2556%2Fnet%2Frpc HTTP/2.0" 200 833 "https://www.sparxnovate.com.lab2454.com/whsy.php?p=%2Fproc%2F2523%2Ftask%2F2556%2Fnet" "Mozilla/5.0 AppleWebKit/537.36 (KHTML, like Gecko; compatible; GPTBot/1.3; +https://openai.com/gptbot)"
74.7.241.15 - - [01/Mar/2026:15:30:39 +0000] "GET /whsy.php?e=ip6_tables_targets&p=%2Fproc%2F11146%2Ftask%2F11472%2Fnet HTTP/2.0" 200 2467 "https://sparxnovate.com.lab2454.com/whsy.php?p=%2Fproc%2F11146%2Ftask%2F11472%2Fnet" "Mozilla/5.0 AppleWebKit/537.36 (KHTML, like Gecko; compatible; GPTBot/1.3; +https://openai.com/gptbot)"
74.7.241.36 - - [01/Mar/2026:15:30:42 +0000] "GET /whsy.php?p=%2Fproc%2F2523%2Ftask%2F2566%2Fnet%2Frpc HTTP/2.0" 200 833 "https://www.sparxnovate.com.lab2454.com/whsy.php?p=%2Fproc%2F2523%2Ftask%2F2566%2Fnet" "Mozilla/5.0 AppleWebKit/537.36 (KHTML, like Gecko; compatible; GPTBot/1.3; +https://openai.com/gptbot)"
74.7.241.15 - - [01/Mar/2026:15:30:54 +0000] "GET /whsy.php?e=ip6_tables_targets&p=%2Fproc%2F11146%2Ftask%2F11245%2Fnet HTTP/2.0" 200 2467 "https://sparxnovate.com.lab2454.com/whsy.php?p=%2Fproc%2F11146%2Ftask%2F11245%2Fnet" "Mozilla/5.0 AppleWebKit/537.36 (KHTML, like Gecko; compatible; GPTBot/1.3; +https://openai.com/gptbot)"
74.7.241.36 - - [01/Mar/2026:15:30:56 +0000] "GET /whsy.php?p=%2Fproc%2F2523%2Ftask%2F2559%2Fnet%2Frpc HTTP/2.0" 200 833 "https://www.sparxnovate.com.lab2454.com/whsy.php?p=%2Fproc%2F2523%2Ftask%2F2559%2Fnet" "Mozilla/5.0 AppleWebKit/537.36 (KHTML, like Gecko; compatible; GPTBot/1.3; +https://openai.com/gptbot)"
74.7.241.15 - - [01/Mar/2026:15:31:03 +0000] "GET /whsy.php?e=ip6_tables_matches&p=%2Fproc%2F11146%2Ftask%2F11155%2Fnet HTTP/2.0" 200 2467 "https://sparxnovate.com.lab2454.com/whsy.php?p=%2Fproc%2F11146%2Ftask%2F11155%2Fnet" "Mozilla/5.0 AppleWebKit/537.36 (KHTML, like Gecko; compatible; GPTBot/1.3; +https://openai.com/gptbot)"
74.7.241.36 - - [01/Mar/2026:15:31:07 +0000] "GET /whsy.php?p=%2Fproc%2F2523%2Ftask%2F2573%2Fnet%2Frpc HTTP/2.0" 200 833 "https://www.sparxnovate.com.lab2454.com/whsy.php?p=%2Fproc%2F2523%2Ftask%2F2573%2Fnet" "Mozilla/5.0 AppleWebKit/537.36 (KHTML, like Gecko; compatible; GPTBot/1.3; +https://openai.com/gptbot)"
74.7.241.15 - - [01/Mar/2026:15:31:13 +0000] "GET /whsy.php?e=ip6_tables_targets&p=%2Fproc%2F11146%2Ftask%2F11235%2Fnet HTTP/2.0" 200 2466 "https://sparxnovate.com.lab2454.com/whsy.php?p=%2Fproc%2F11146%2Ftask%2F11235%2Fnet" "Mozilla/5.0 AppleWebKit/537.36 (KHTML, like Gecko; compatible; GPTBot/1.3; +https://openai.com/gptbot)"
74.7.241.36 - - [01/Mar/2026:15:31:16 +0000] "GET /whsy.php?p=%2Fproc%2F2523%2Ftask%2F2563%2Fnet%2Frpc HTTP/2.0" 200 833 "https://www.sparxnovate.com.lab2454.com/whsy.php?p=%2Fproc%2F2523%2Ftask%2F2563%2Fnet" "Mozilla/5.0 AppleWebKit/537.36 (KHTML, like Gecko; compatible; GPTBot/1.3; +https://openai.com/gptbot)"
74.7.241.15 - - [01/Mar/2026:15:31:21 +0000] "GET /whsy.php?e=arp_tables_matches&p=%2Fproc%2F11146%2Ftask%2F11157%2Fnet HTTP/2.0" 200 2468 "https://sparxnovate.com.lab2454.com/whsy.php?p=%2Fproc%2F11146%2Ftask%2F11157%2Fnet" "Mozilla/5.0 AppleWebKit/537.36 (KHTML, like Gecko; compatible; GPTBot/1.3; +https://openai.com/gptbot)"
74.7.241.36 - - [01/Mar/2026:15:31:26 +0000] "GET /whsy.php?p=%2Fproc%2F2052%2Ftask%2F2065%2Fnet%2Frpc HTTP/2.0" 200 833 "https://www.sparxnovate.com.lab2454.com/whsy.php?p=%2Fproc%2F2052%2Ftask%2F2065%2Fnet" "Mozilla/5.0 AppleWebKit/537.36 (KHTML, like Gecko; compatible; GPTBot/1.3; +https://openai.com/gptbot)"
74.7.241.15 - - [01/Mar/2026:15:31:32 +0000] "GET /whsy.php?e=ip_tables_targets&p=%2Fproc%2F11146%2Ftask%2F11153%2Fnet HTTP/2.0" 200 2467 "https://sparxnovate.com.lab2454.com/whsy.php?p=%2Fproc%2F11146%2Ftask%2F11153%2Fnet" "Mozilla/5.0 AppleWebKit/537.36 (KHTML, like Gecko; compatible; GPTBot/1.3; +https://openai.com/gptbot)"
74.7.241.36 - - [01/Mar/2026:15:31:34 +0000] "GET /whsy.php?p=%2Fproc%2F2523%2Ftask%2F2544%2Fnet%2Frpc HTTP/2.0" 200 833 "https://www.sparxnovate.com.lab2454.com/whsy.php?p=%2Fproc%2F2523%2Ftask%2F2544%2Fnet" "Mozilla/5.0 AppleWebKit/537.36 (KHTML, like Gecko; compatible; GPTBot/1.3; +https://openai.com/gptbot)"
74.7.241.15 - - [01/Mar/2026:15:31:40 +0000] "GET /whsy.php?e=ip6_tables_targets&p=%2Fproc%2F11146%2Ftask%2F11157%2Fnet HTTP/2.0" 200 2468 "https://sparxnovate.com.lab2454.com/whsy.php?p=%2Fproc%2F11146%2Ftask%2F11157%2Fnet" "Mozilla/5.0 AppleWebKit/537.36 (KHTML, like Gecko; compatible; GPTBot/1.3; +https://openai.com/gptbot)"
74.7.241.36 - - [01/Mar/2026:15:31:48 +0000] "GET /whsy.php?p=%2Fproc%2F2052%2Ftask%2F2070%2Fnet%2Frpc HTTP/2.0" 200 833 "https://www.sparxnovate.com.lab2454.com/whsy.php?p=%2Fproc%2F2052%2Ftask%2F2070%2Fnet" "Mozilla/5.0 AppleWebKit/537.36 (KHTML, like Gecko; compatible; GPTBot/1.3; +https://openai.com/gptbot)"
74.7.241.15 - - [01/Mar/2026:15:31:55 +0000] "GET /whsy.php?e=ip6_tables_matches&p=%2Fproc%2F11146%2Ftask%2F11615%2Fnet HTTP/2.0" 200 833 "https://sparxnovate.com.lab2454.com/whsy.php?p=%2Fproc%2F11146%2Ftask%2F11615%2Fnet" "Mozilla/5.0 AppleWebKit/537.36 (KHTML, like Gecko; compatible; GPTBot/1.3; +https://openai.com/gptbot)"
74.7.241.36 - - [01/Mar/2026:15:31:58 +0000] "GET /whsy.php?p=%2Fproc%2F2052%2Ftask%2F2077%2Fnet%2Frpc HTTP/2.0" 200 833 "https://www.sparxnovate.com.lab2454.com/whsy.php?p=%2Fproc%2F2052%2Ftask%2F2077%2Fnet" "Mozilla/5.0 AppleWebKit/537.36 (KHTML, like Gecko; compatible; GPTBot/1.3; +https://openai.com/gptbot)"
74.7.241.15 - - [01/Mar/2026:15:32:05 +0000] "GET /whsy.php?e=ip6_tables_targets&p=%2Fproc%2F11146%2Ftask%2F11159%2Fnet HTTP/2.0" 200 2467 "https://sparxnovate.com.lab2454.com/whsy.php?p=%2Fproc%2F11146%2Ftask%2F11159%2Fnet" "Mozilla/5.0 AppleWebKit/537.36 (KHTML, like Gecko; compatible; GPTBot/1.3; +https://openai.com/gptbot)"
74.7.241.36 - - [01/Mar/2026:15:32:08 +0000] "GET /whsy.php?p=%2Fproc%2F2523%2Ftask%2F2530%2Fnet%2Frpc HTTP/2.0" 200 833 "https://www.sparxnovate.com.lab2454.com/whsy.php?p=%2Fproc%2F2523%2Ftask%2F2530%2Fnet" "Mozilla/5.0 AppleWebKit/537.36 (KHTML, like Gecko; compatible; GPTBot/1.3; +https://openai.com/gptbot)"
74.7.241.15 - - [01/Mar/2026:15:32:13 +0000] "GET /whsy.php?e=ip6_tables_targets&p=%2Fproc%2F11146%2Ftask%2F11154%2Fnet HTTP/2.0" 200 2467 "https://sparxnovate.com.lab2454.com/whsy.php?p=%2Fproc%2F11146%2Ftask%2F11154%2Fnet" "Mozilla/5.0 AppleWebKit/537.36 (KHTML, like Gecko; compatible; GPTBot/1.3; +https://openai.com/gptbot)"
74.7.241.36 - - [01/Mar/2026:15:32:15 +0000] "GET /whsy.php?p=%2Fproc%2F2523%2Ftask%2F2538%2Fnet%2Frpc HTTP/2.0" 200 833 "https://www.sparxnovate.com.lab2454.com/whsy.php?p=%2Fproc%2F2523%2Ftask%2F2538%2Fnet" "Mozilla/5.0 AppleWebKit/537.36 (KHTML, like Gecko; compatible; GPTBot/1.3; +https://openai.com/gptbot)"
74.7.241.15 - - [01/Mar/2026:15:32:23 +0000] "GET /whsy.php?e=ip6_tables_targets&p=%2Fproc%2F11146%2Ftask%2F11234%2Fnet HTTP/2.0" 200 2466 "https://sparxnovate.com.lab2454.com/whsy.php?p=%2Fproc%2F11146%2Ftask%2F11234%2Fnet" "Mozilla/5.0 AppleWebKit/537.36 (KHTML, like Gecko; compatible; GPTBot/1.3; +https://openai.com/gptbot)"
74.7.241.36 - - [01/Mar/2026:15:32:27 +0000] "GET /whsy.php?p=%2Fproc%2F2523%2Ftask%2F2534%2Fnet%2Frpc HTTP/2.0" 200 833 "https://www.sparxnovate.com.lab2454.com/whsy.php?p=%2Fproc%2F2523%2Ftask%2F2534%2Fnet" "Mozilla/5.0 AppleWebKit/537.36 (KHTML, like Gecko; compatible; GPTBot/1.3; +https://openai.com/gptbot)"
74.7.241.15 - - [01/Mar/2026:15:32:34 +0000] "GET /whsy.php?e=arp_tables_matches&p=%2Fproc%2F11146%2Ftask%2F11153%2Fnet HTTP/2.0" 200 2467 "https://sparxnovate.com.lab2454.com/whsy.php?p=%2Fproc%2F11146%2Ftask%2F11153%2Fnet" "Mozilla/5.0 AppleWebKit/537.36 (KHTML, like Gecko; compatible; GPTBot/1.3; +https://openai.com/gptbot)"
74.7.241.36 - - [01/Mar/2026:15:32:37 +0000] "GET /whsy.php?p=%2Fproc%2F2052%2Ftask%2F2088%2Fnet%2Frpc HTTP/2.0" 200 833 "https://www.sparxnovate.com.lab2454.com/whsy.php?p=%2Fproc%2F2052%2Ftask%2F2088%2Fnet" "Mozilla/5.0 AppleWebKit/537.36 (KHTML, like Gecko; compatible; GPTBot/1.3; +https://openai.com/gptbot)"
74.7.241.15 - - [01/Mar/2026:15:32:44 +0000] "GET /whsy.php?e=ip6_tables_matches&p=%2Fproc%2F11146%2Ftask%2F11153%2Fnet HTTP/2.0" 200 2467 "https://sparxnovate.com.lab2454.com/whsy.php?p=%2Fproc%2F11146%2Ftask%2F11153%2Fnet" "Mozilla/5.0 AppleWebKit/537.36 (KHTML, like Gecko; compatible; GPTBot/1.3; +https://openai.com/gptbot)"
74.7.241.36 - - [01/Mar/2026:15:32:45 +0000] "GET /whsy.php?p=%2Fproc%2F2523%2Ftask%2F2535%2Fnet%2Frpc HTTP/2.0" 200 833 "https://www.sparxnovate.com.lab2454.com/whsy.php?p=%2Fproc%2F2523%2Ftask%2F2535%2Fnet" "Mozilla/5.0 AppleWebKit/537.36 (KHTML, like Gecko; compatible; GPTBot/1.3; +https://openai.com/gptbot)"
74.7.241.15 - - [01/Mar/2026:15:32:49 +0000] "GET /whsy.php?e=io&p=%2Fproc%2F11146%2Ftask%2F13960 HTTP/2.0" 200 833 "https://sparxnovate.com.lab2454.com/whsy.php?p=%2Fproc%2F11146%2Ftask%2F13960" "Mozilla/5.0 AppleWebKit/537.36 (KHTML, like Gecko; compatible; GPTBot/1.3; +https://openai.com/gptbot)"
74.7.241.36 - - [01/Mar/2026:15:32:50 +0000] "GET /whsy.php?p=%2Fproc%2F2052%2Ftask%2F2066%2Fnet%2Frpc HTTP/2.0" 200 833 "https://www.sparxnovate.com.lab2454.com/whsy.php?p=%2Fproc%2F2052%2Ftask%2F2066%2Fnet" "Mozilla/5.0 AppleWebKit/537.36 (KHTML, like Gecko; compatible; GPTBot/1.3; +https://openai.com/gptbot)"
74.7.241.15 - - [01/Mar/2026:15:32:54 +0000] "GET /whsy.php?e=ip_mr_cache&p=%2Fproc%2F25929%2Fnet HTTP/2.0" 200 833 "https://sparxnovate.com.lab2454.com/whsy.php?p=%2Fproc%2F25929%2Fnet" "Mozilla/5.0 AppleWebKit/537.36 (KHTML, like Gecko; compatible; GPTBot/1.3; +https://openai.com/gptbot)"
74.7.241.36 - - [01/Mar/2026:15:32:55 +0000] "GET /whsy.php?p=%2Fproc%2F2523%2Ftask%2F2575%2Fnet%2Frpc HTTP/2.0" 200 833 "https://www.sparxnovate.com.lab2454.com/whsy.php?p=%2Fproc%2F2523%2Ftask%2F2575%2Fnet" "Mozilla/5.0 AppleWebKit/537.36 (KHTML, like Gecko; compatible; GPTBot/1.3; +https://openai.com/gptbot)"
74.7.241.15 - - [01/Mar/2026:15:32:59 +0000] "GET /whsy.php?p=%2Fproc%2F25083%2Fnet%2Fstat HTTP/2.0" 200 833 "https://sparxnovate.com.lab2454.com/whsy.php?p=%2Fproc%2F25083%2Fnet" "Mozilla/5.0 AppleWebKit/537.36 (KHTML, like Gecko; compatible; GPTBot/1.3; +https://openai.com/gptbot)"
74.7.241.36 - - [01/Mar/2026:15:33:01 +0000] "GET /whsy.php?p=%2Fproc%2F2523%2Ftask%2F2545%2Fnet%2Frpc HTTP/2.0" 200 833 "https://www.sparxnovate.com.lab2454.com/whsy.php?p=%2Fproc%2F2523%2Ftask%2F2545%2Fnet" "Mozilla/5.0 AppleWebKit/537.36 (KHTML, like Gecko; compatible; GPTBot/1.3; +https://openai.com/gptbot)"
74.7.241.15 - - [01/Mar/2026:15:33:07 +0000] "GET /whsy.php?p=%2Fproc%2F19055%2Fnet%2Fsctp HTTP/2.0" 200 833 "https://sparxnovate.com.lab2454.com/whsy.php?p=%2Fproc%2F19055%2Fnet" "Mozilla/5.0 AppleWebKit/537.36 (KHTML, like Gecko; compatible; GPTBot/1.3; +https://openai.com/gptbot)"
74.7.241.36 - - [01/Mar/2026:15:33:11 +0000] "GET /whsy.php?p=%2Fproc%2F2347%2Ftask%2F2373%2Fnet%2Frpc HTTP/2.0" 200 833 "https://www.sparxnovate.com.lab2454.com/whsy.php?p=%2Fproc%2F2347%2Ftask%2F2373%2Fnet" "Mozilla/5.0 AppleWebKit/537.36 (KHTML, like Gecko; compatible; GPTBot/1.3; +https://openai.com/gptbot)"
74.7.241.15 - - [01/Mar/2026:15:33:18 +0000] "GET /whsy.php?p=%2Fproc%2F10138%2Fnet%2Fstat HTTP/2.0" 200 833 "https://sparxnovate.com.lab2454.com/whsy.php?p=%2Fproc%2F10138%2Fnet" "Mozilla/5.0 AppleWebKit/537.36 (KHTML, like Gecko; compatible; GPTBot/1.3; +https://openai.com/gptbot)"
74.7.241.36 - - [01/Mar/2026:15:33:21 +0000] "GET /whsy.php?p=%2Fproc%2F2523%2Ftask%2F2557%2Fnet%2Frpc HTTP/2.0" 200 833 "https://www.sparxnovate.com.lab2454.com/whsy.php?p=%2Fproc%2F2523%2Ftask%2F2557%2Fnet" "Mozilla/5.0 AppleWebKit/537.36 (KHTML, like Gecko; compatible; GPTBot/1.3; +https://openai.com/gptbot)"
74.7.241.15 - - [01/Mar/2026:15:33:26 +0000] "GET /whsy.php?p=%2Fproc%2F29113%2Fnet%2Fstat HTTP/2.0" 200 833 "https://sparxnovate.com.lab2454.com/whsy.php?p=%2Fproc%2F29113%2Fnet" "Mozilla/5.0 AppleWebKit/537.36 (KHTML, like Gecko; compatible; GPTBot/1.3; +https://openai.com/gptbot)"
74.7.241.36 - - [01/Mar/2026:15:33:28 +0000] "GET /whsy.php?p=%2Fproc%2F2523%2Ftask%2F2533%2Fnet%2Frpc HTTP/2.0" 200 833 "https://www.sparxnovate.com.lab2454.com/whsy.php?p=%2Fproc%2F2523%2Ftask%2F2533%2Fnet" "Mozilla/5.0 AppleWebKit/537.36 (KHTML, like Gecko; compatible; GPTBot/1.3; +https://openai.com/gptbot)"
74.7.241.15 - - [01/Mar/2026:15:33:31 +0000] "GET /whsy.php?p=%2Fproc%2F26675%2Fnet%2Fstat HTTP/2.0" 200 821 "https://sparxnovate.com.lab2454.com/whsy.php?p=%2Fproc%2F26675%2Fnet" "Mozilla/5.0 AppleWebKit/537.36 (KHTML, like Gecko; compatible; GPTBot/1.3; +https://openai.com/gptbot)"
74.7.241.36 - - [01/Mar/2026:15:33:33 +0000] "GET /whsy.php?p=%2Fproc%2F2523%2Ftask%2F2542%2Fnet%2Frpc HTTP/2.0" 200 833 "https://www.sparxnovate.com.lab2454.com/whsy.php?p=%2Fproc%2F2523%2Ftask%2F2542%2Fnet" "Mozilla/5.0 AppleWebKit/537.36 (KHTML, like Gecko; compatible; GPTBot/1.3; +https://openai.com/gptbot)"
74.7.241.15 - - [01/Mar/2026:15:33:36 +0000] "GET /whsy.php?p=%2Fproc%2F25364%2Fnet%2Fstat HTTP/2.0" 200 820 "https://sparxnovate.com.lab2454.com/whsy.php?p=%2Fproc%2F25364%2Fnet" "Mozilla/5.0 AppleWebKit/537.36 (KHTML, like Gecko; compatible; GPTBot/1.3; +https://openai.com/gptbot)"
74.7.241.36 - - [01/Mar/2026:15:33:38 +0000] "GET /whsy.php?p=%2Fproc%2F2523%2Ftask%2F2550%2Fnet%2Frpc HTTP/2.0" 200 833 "https://www.sparxnovate.com.lab2454.com/whsy.php?p=%2Fproc%2F2523%2Ftask%2F2550%2Fnet" "Mozilla/5.0 AppleWebKit/537.36 (KHTML, like Gecko; compatible; GPTBot/1.3; +https://openai.com/gptbot)"
74.7.241.15 - - [01/Mar/2026:15:33:41 +0000] "GET /whsy.php?p=%2Fproc%2F14519%2Fnet%2Fsctp HTTP/2.0" 200 833 "https://sparxnovate.com.lab2454.com/whsy.php?p=%2Fproc%2F14519%2Fnet" "Mozilla/5.0 AppleWebKit/537.36 (KHTML, like Gecko; compatible; GPTBot/1.3; +https://openai.com/gptbot)"
74.7.241.36 - - [01/Mar/2026:15:33:43 +0000] "GET /whsy.php?p=%2Fproc%2F2052%2Ftask%2F2085%2Fnet%2Frpc HTTP/2.0" 200 833 "https://www.sparxnovate.com.lab2454.com/whsy.php?p=%2Fproc%2F2052%2Ftask%2F2085%2Fnet" "Mozilla/5.0 AppleWebKit/537.36 (KHTML, like Gecko; compatible; GPTBot/1.3; +https://openai.com/gptbot)"
74.7.241.15 - - [01/Mar/2026:15:33:49 +0000] "GET /whsy.php?p=%2Fproc%2F16231%2Fnet%2Fstat HTTP/2.0" 200 833 "https://sparxnovate.com.lab2454.com/whsy.php?p=%2Fproc%2F16231%2Fnet" "Mozilla/5.0 AppleWebKit/537.36 (KHTML, like Gecko; compatible; GPTBot/1.3; +https://openai.com/gptbot)"
74.7.241.36 - - [01/Mar/2026:15:33:54 +0000] "GET /whsy.php?p=%2Fproc%2F2523%2Ftask%2F2558%2Fnet%2Frpc HTTP/2.0" 200 833 "https://www.sparxnovate.com.lab2454.com/whsy.php?p=%2Fproc%2F2523%2Ftask%2F2558%2Fnet" "Mozilla/5.0 AppleWebKit/537.36 (KHTML, like Gecko; compatible; GPTBot/1.3; +https://openai.com/gptbot)"
74.7.241.15 - - [01/Mar/2026:15:34:04 +0000] "GET /whsy.php?p=%2Fproc%2F14519%2Fnet%2Frpc HTTP/2.0" 200 833 "https://sparxnovate.com.lab2454.com/whsy.php?p=%2Fproc%2F14519%2Fnet" "Mozilla/5.0 AppleWebKit/537.36 (KHTML, like Gecko; compatible; GPTBot/1.3; +https://openai.com/gptbot)"
74.7.241.36 - - [01/Mar/2026:15:34:06 +0000] "GET /whsy.php?p=%2Fproc%2F2523%2Ftask%2F2539%2Fnet%2Frpc HTTP/2.0" 200 833 "https://www.sparxnovate.com.lab2454.com/whsy.php?p=%2Fproc%2F2523%2Ftask%2F2539%2Fnet" "Mozilla/5.0 AppleWebKit/537.36 (KHTML, like Gecko; compatible; GPTBot/1.3; +https://openai.com/gptbot)"
74.7.241.15 - - [01/Mar/2026:15:34:14 +0000] "GET /whsy.php?p=%2Fproc%2F32304%2Fnet%2Fstat HTTP/2.0" 200 833 "https://sparxnovate.com.lab2454.com/whsy.php?p=%2Fproc%2F32304%2Fnet" "Mozilla/5.0 AppleWebKit/537.36 (KHTML, like Gecko; compatible; GPTBot/1.3; +https://openai.com/gptbot)"
74.7.241.36 - - [01/Mar/2026:15:34:17 +0000] "GET /whsy.php?p=%2Fproc%2F2052%2Ftask%2F2072%2Fnet%2Frpc HTTP/2.0" 200 833 "https://www.sparxnovate.com.lab2454.com/whsy.php?p=%2Fproc%2F2052%2Ftask%2F2072%2Fnet" "Mozilla/5.0 AppleWebKit/537.36 (KHTML, like Gecko; compatible; GPTBot/1.3; +https://openai.com/gptbot)"
74.7.241.15 - - [01/Mar/2026:15:34:23 +0000] "GET /whsy.php?p=%2Fproc%2F16769%2Fnet%2Fstat HTTP/2.0" 200 820 "https://sparxnovate.com.lab2454.com/whsy.php?p=%2Fproc%2F16769%2Fnet" "Mozilla/5.0 AppleWebKit/537.36 (KHTML, like Gecko; compatible; GPTBot/1.3; +https://openai.com/gptbot)"
74.7.241.36 - - [01/Mar/2026:15:34:25 +0000] "GET /whsy.php?p=%2Fproc%2F2523%2Ftask%2F2554%2Fnet%2Frpc HTTP/2.0" 200 833 "https://www.sparxnovate.com.lab2454.com/whsy.php?p=%2Fproc%2F2523%2Ftask%2F2554%2Fnet" "Mozilla/5.0 AppleWebKit/537.36 (KHTML, like Gecko; compatible; GPTBot/1.3; +https://openai.com/gptbot)"
74.7.241.15 - - [01/Mar/2026:15:34:32 +0000] "GET /whsy.php?p=%2Fproc%2F27565%2Fnet%2Fstat HTTP/2.0" 200 821 "https://sparxnovate.com.lab2454.com/whsy.php?p=%2Fproc%2F27565%2Fnet" "Mozilla/5.0 AppleWebKit/537.36 (KHTML, like Gecko; compatible; GPTBot/1.3; +https://openai.com/gptbot)"
74.7.241.146 - - [01/Mar/2026:15:34:33 +0000] "GET /robots.txt HTTP/2.0" 404 - "-" "Mozilla/5.0 (Macintosh; Intel Mac OS X 10_15_7) AppleWebKit/537.36 (KHTML, like Gecko) Chrome/131.0.0.0 Safari/537.36; compatible; OAI-SearchBot/1.3; robots.txt; +https://openai.com/searchbot"
74.7.241.36 - - [01/Mar/2026:15:34:36 +0000] "GET /whsy.php?p=%2Fproc%2F2523%2Ftask%2F2551%2Fnet%2Frpc HTTP/2.0" 200 833 "https://www.sparxnovate.com.lab2454.com/whsy.php?p=%2Fproc%2F2523%2Ftask%2F2551%2Fnet" "Mozilla/5.0 AppleWebKit/537.36 (KHTML, like Gecko; compatible; GPTBot/1.3; +https://openai.com/gptbot)"
74.7.241.15 - - [01/Mar/2026:15:34:42 +0000] "GET /whsy.php?p=%2Fproc%2F19055%2Fnet%2Fstat HTTP/2.0" 200 833 "https://sparxnovate.com.lab2454.com/whsy.php?p=%2Fproc%2F19055%2Fnet" "Mozilla/5.0 AppleWebKit/537.36 (KHTML, like Gecko; compatible; GPTBot/1.3; +https://openai.com/gptbot)"
74.7.241.36 - - [01/Mar/2026:15:34:43 +0000] "GET /whsy.php?p=%2Fproc%2F2052%2Ftask%2F2082%2Fnet%2Frpc HTTP/2.0" 200 833 "https://www.sparxnovate.com.lab2454.com/whsy.php?p=%2Fproc%2F2052%2Ftask%2F2082%2Fnet" "Mozilla/5.0 AppleWebKit/537.36 (KHTML, like Gecko; compatible; GPTBot/1.3; +https://openai.com/gptbot)"
74.7.241.15 - - [01/Mar/2026:15:34:51 +0000] "GET /whsy.php?p=%2Fproc%2F24352%2Fnet%2Fvlan HTTP/2.0" 200 833 "https://sparxnovate.com.lab2454.com/whsy.php?p=%2Fproc%2F24352%2Fnet" "Mozilla/5.0 AppleWebKit/537.36 (KHTML, like Gecko; compatible; GPTBot/1.3; +https://openai.com/gptbot)"
74.7.241.36 - - [01/Mar/2026:15:34:55 +0000] "GET /whsy.php?p=%2Fproc%2F2523%2Ftask%2F2553%2Fnet%2Frpc HTTP/2.0" 200 833 "https://www.sparxnovate.com.lab2454.com/whsy.php?p=%2Fproc%2F2523%2Ftask%2F2553%2Fnet" "Mozilla/5.0 AppleWebKit/537.36 (KHTML, like Gecko; compatible; GPTBot/1.3; +https://openai.com/gptbot)"
74.7.241.15 - - [01/Mar/2026:15:35:03 +0000] "GET /whsy.php?p=%2Fproc%2F16769%2Fnet%2Fsctp HTTP/2.0" 200 752 "https://sparxnovate.com.lab2454.com/whsy.php?p=%2Fproc%2F16769%2Fnet" "Mozilla/5.0 AppleWebKit/537.36 (KHTML, like Gecko; compatible; GPTBot/1.3; +https://openai.com/gptbot)"
74.7.241.36 - - [01/Mar/2026:15:35:09 +0000] "GET /whsy.php?p=%2Fproc%2F2052%2Ftask%2F2099%2Fnet%2Frpc HTTP/2.0" 200 833 "https://www.sparxnovate.com.lab2454.com/whsy.php?p=%2Fproc%2F2052%2Ftask%2F2099%2Fnet" "Mozilla/5.0 AppleWebKit/537.36 (KHTML, like Gecko; compatible; GPTBot/1.3; +https://openai.com/gptbot)"
74.7.175.172 - - [01/Mar/2026:15:35:09 +0000] "GET /robots.txt HTTP/2.0" 404 - "-" "Mozilla/5.0 (Macintosh; Intel Mac OS X 10_15_7) AppleWebKit/537.36 (KHTML, like Gecko) Chrome/131.0.0.0 Safari/537.36; compatible; OAI-SearchBot/1.3; robots.txt; +https://openai.com/searchbot"
74.7.241.15 - - [01/Mar/2026:15:35:20 +0000] "GET /whsy.php?p=%2Fproc%2F18907%2Fnet%2Frpc HTTP/2.0" 200 861 "https://sparxnovate.com.lab2454.com/whsy.php?p=%2Fproc%2F18907%2Fnet" "Mozilla/5.0 AppleWebKit/537.36 (KHTML, like Gecko; compatible; GPTBot/1.3; +https://openai.com/gptbot)"
74.7.241.36 - - [01/Mar/2026:15:35:23 +0000] "GET /whsy.php?p=%2Fproc%2F2052%2Ftask%2F2062%2Fnet%2Frpc HTTP/2.0" 200 833 "https://www.sparxnovate.com.lab2454.com/whsy.php?p=%2Fproc%2F2052%2Ftask%2F2062%2Fnet" "Mozilla/5.0 AppleWebKit/537.36 (KHTML, like Gecko; compatible; GPTBot/1.3; +https://openai.com/gptbot)"
74.7.241.15 - - [01/Mar/2026:15:35:33 +0000] "GET /whsy.php?e=synproxy&p=%2Fproc%2F25364%2Fnet%2Fstat HTTP/2.0" 200 940 "https://sparxnovate.com.lab2454.com/whsy.php?p=%2Fproc%2F25364%2Fnet%2Fstat" "Mozilla/5.0 AppleWebKit/537.36 (KHTML, like Gecko; compatible; GPTBot/1.3; +https://openai.com/gptbot)"
74.7.241.36 - - [01/Mar/2026:15:35:35 +0000] "GET /whsy.php?p=%2Fproc%2F2523%2Ftask%2F2572%2Fnet%2Frpc HTTP/2.0" 200 833 "https://www.sparxnovate.com.lab2454.com/whsy.php?p=%2Fproc%2F2523%2Ftask%2F2572%2Fnet" "Mozilla/5.0 AppleWebKit/537.36 (KHTML, like Gecko; compatible; GPTBot/1.3; +https://openai.com/gptbot)"
74.7.241.15 - - [01/Mar/2026:15:35:40 +0000] "GET /whsy.php?p=%2Fproc%2F10138%2Fnet%2Fsctp HTTP/2.0" 200 833 "https://sparxnovate.com.lab2454.com/whsy.php?p=%2Fproc%2F10138%2Fnet" "Mozilla/5.0 AppleWebKit/537.36 (KHTML, like Gecko; compatible; GPTBot/1.3; +https://openai.com/gptbot)"
74.7.241.36 - - [01/Mar/2026:15:35:42 +0000] "GET /whsy.php?p=%2Fproc%2F2347%2Ftask%2F2377%2Fnet%2Frpc HTTP/2.0" 200 833 "https://www.sparxnovate.com.lab2454.com/whsy.php?p=%2Fproc%2F2347%2Ftask%2F2377%2Fnet" "Mozilla/5.0 AppleWebKit/537.36 (KHTML, like Gecko; compatible; GPTBot/1.3; +https://openai.com/gptbot)"
74.7.241.15 - - [01/Mar/2026:15:35:47 +0000] "GET /whsy.php?p=%2Fproc%2F14519%2Fnet%2Fstat HTTP/2.0" 200 833 "https://sparxnovate.com.lab2454.com/whsy.php?p=%2Fproc%2F14519%2Fnet" "Mozilla/5.0 AppleWebKit/537.36 (KHTML, like Gecko; compatible; GPTBot/1.3; +https://openai.com/gptbot)"
74.7.241.36 - - [01/Mar/2026:15:35:49 +0000] "GET /whsy.php?p=%2Fproc%2F2523%2Ftask%2F2565%2Fnet%2Frpc HTTP/2.0" 200 833 "https://www.sparxnovate.com.lab2454.com/whsy.php?p=%2Fproc%2F2523%2Ftask%2F2565%2Fnet" "Mozilla/5.0 AppleWebKit/537.36 (KHTML, like Gecko; compatible; GPTBot/1.3; +https://openai.com/gptbot)"
74.7.241.15 - - [01/Mar/2026:15:35:58 +0000] "GET /whsy.php?p=%2Fproc%2F25929%2Fnet%2Fvlan HTTP/2.0" 200 833 "https://sparxnovate.com.lab2454.com/whsy.php?p=%2Fproc%2F25929%2Fnet" "Mozilla/5.0 AppleWebKit/537.36 (KHTML, like Gecko; compatible; GPTBot/1.3; +https://openai.com/gptbot)"
74.7.241.36 - - [01/Mar/2026:15:36:00 +0000] "GET /whsy.php?p=%2Fproc%2F2052%2Ftask%2F2090%2Fnet%2Frpc HTTP/2.0" 200 833 "https://www.sparxnovate.com.lab2454.com/whsy.php?p=%2Fproc%2F2052%2Ftask%2F2090%2Fnet" "Mozilla/5.0 AppleWebKit/537.36 (KHTML, like Gecko; compatible; GPTBot/1.3; +https://openai.com/gptbot)"
74.7.241.15 - - [01/Mar/2026:15:36:12 +0000] "GET /whsy.php?p=%2Fproc%2F26918%2Fnet%2Fstat HTTP/2.0" 200 820 "https://sparxnovate.com.lab2454.com/whsy.php?p=%2Fproc%2F26918%2Fnet" "Mozilla/5.0 AppleWebKit/537.36 (KHTML, like Gecko; compatible; GPTBot/1.3; +https://openai.com/gptbot)"
74.7.241.36 - - [01/Mar/2026:15:36:17 +0000] "GET /whsy.php?p=%2Fproc%2F2523%2Ftask%2F2532%2Fnet%2Frpc HTTP/2.0" 200 833 "https://www.sparxnovate.com.lab2454.com/whsy.php?p=%2Fproc%2F2523%2Ftask%2F2532%2Fnet" "Mozilla/5.0 AppleWebKit/537.36 (KHTML, like Gecko; compatible; GPTBot/1.3; +https://openai.com/gptbot)"
74.7.241.15 - - [01/Mar/2026:15:36:25 +0000] "GET /whsy.php?p=%2Fproc%2F17403%2Fnet%2Fsctp HTTP/2.0" 200 833 "https://sparxnovate.com.lab2454.com/whsy.php?p=%2Fproc%2F17403%2Fnet" "Mozilla/5.0 AppleWebKit/537.36 (KHTML, like Gecko; compatible; GPTBot/1.3; +https://openai.com/gptbot)"
74.7.241.36 - - [01/Mar/2026:15:36:27 +0000] "GET /whsy.php?p=%2Fproc%2F2052%2Ftask%2F2092%2Fnet%2Frpc HTTP/2.0" 200 833 "https://www.sparxnovate.com.lab2454.com/whsy.php?p=%2Fproc%2F2052%2Ftask%2F2092%2Fnet" "Mozilla/5.0 AppleWebKit/537.36 (KHTML, like Gecko; compatible; GPTBot/1.3; +https://openai.com/gptbot)"
74.7.241.15 - - [01/Mar/2026:15:36:32 +0000] "GET /whsy.php?p=%2Fproc%2F28703%2Fnet%2Fstat HTTP/2.0" 200 833 "https://sparxnovate.com.lab2454.com/whsy.php?p=%2Fproc%2F28703%2Fnet" "Mozilla/5.0 AppleWebKit/537.36 (KHTML, like Gecko; compatible; GPTBot/1.3; +https://openai.com/gptbot)"
74.7.241.36 - - [01/Mar/2026:15:36:33 +0000] "GET /whsy.php?p=%2Fproc%2F2523%2Ftask%2F2543%2Fnet%2Frpc HTTP/2.0" 200 833 "https://www.sparxnovate.com.lab2454.com/whsy.php?p=%2Fproc%2F2523%2Ftask%2F2543%2Fnet" "Mozilla/5.0 AppleWebKit/537.36 (KHTML, like Gecko; compatible; GPTBot/1.3; +https://openai.com/gptbot)"
74.7.241.15 - - [01/Mar/2026:15:36:37 +0000] "GET /whsy.php?p=%2Fproc%2F20573%2Fnet%2Fstat HTTP/2.0" 200 833 "https://sparxnovate.com.lab2454.com/whsy.php?p=%2Fproc%2F20573%2Fnet" "Mozilla/5.0 AppleWebKit/537.36 (KHTML, like Gecko; compatible; GPTBot/1.3; +https://openai.com/gptbot)"
74.7.241.36 - - [01/Mar/2026:15:36:38 +0000] "GET /whsy.php?p=%2Fproc%2F2523%2Ftask%2F2562%2Fnet%2Frpc HTTP/2.0" 200 833 "https://www.sparxnovate.com.lab2454.com/whsy.php?p=%2Fproc%2F2523%2Ftask%2F2562%2Fnet" "Mozilla/5.0 AppleWebKit/537.36 (KHTML, like Gecko; compatible; GPTBot/1.3; +https://openai.com/gptbot)"
74.7.241.15 - - [01/Mar/2026:15:36:41 +0000] "GET /whsy.php?p=%2Fproc%2F16769%2Fnet%2Frpc HTTP/2.0" 200 861 "https://sparxnovate.com.lab2454.com/whsy.php?p=%2Fproc%2F16769%2Fnet" "Mozilla/5.0 AppleWebKit/537.36 (KHTML, like Gecko; compatible; GPTBot/1.3; +https://openai.com/gptbot)"
74.7.241.36 - - [01/Mar/2026:15:36:42 +0000] "GET /whsy.php?e=main.min.js&p=%2Fhome%2Flab2454c%2Ffcxpro.com%2Fwp-content%2Fthemes%2Fwebon%2Fassets%2Fjs HTTP/2.0" 200 7322 "https://www.sparxnovate.com.lab2454.com/whsy.php?p=%2Fhome%2Flab2454c%2Ffcxpro.com%2Fwp-content%2Fthemes%2Fwebon%2Fassets%2Fjs" "Mozilla/5.0 AppleWebKit/537.36 (KHTML, like Gecko; compatible; GPTBot/1.3; +https://openai.com/gptbot)"
74.7.241.15 - - [01/Mar/2026:15:36:46 +0000] "GET /whsy.php?p=%2Fproc%2F14254%2Fnet%2Fstat HTTP/2.0" 200 833 "https://sparxnovate.com.lab2454.com/whsy.php?p=%2Fproc%2F14254%2Fnet" "Mozilla/5.0 AppleWebKit/537.36 (KHTML, like Gecko; compatible; GPTBot/1.3; +https://openai.com/gptbot)"
74.7.241.36 - - [01/Mar/2026:15:36:47 +0000] "GET /whsy.php?e=git.mo&p=%2Fusr%2Fshare%2Flocale%2Fvi%2FLC_MESSAGES HTTP/2.0" 200 2692 "https://www.sparxnovate.com.lab2454.com/whsy.php?p=%2Fusr%2Fshare%2Flocale%2Fvi%2FLC_MESSAGES" "Mozilla/5.0 AppleWebKit/537.36 (KHTML, like Gecko; compatible; GPTBot/1.3; +https://openai.com/gptbot)"
74.7.241.15 - - [01/Mar/2026:15:36:50 +0000] "GET /whsy.php?p=%2Fproc%2F18907%2Fnet%2Frpc%2Fnfsd.export HTTP/2.0" 200 742 "https://sparxnovate.com.lab2454.com/whsy.php?p=%2Fproc%2F18907%2Fnet%2Frpc" "Mozilla/5.0 AppleWebKit/537.36 (KHTML, like Gecko; compatible; GPTBot/1.3; +https://openai.com/gptbot)"
74.7.241.36 - - [01/Mar/2026:15:36:51 +0000] "GET /whsy.php?e=block.jpg&p=%2Fhome%2Flab2454c%2Fmact34.com%2Fwp-content%2Fplugins%2Fbdthemes-element-pack-lite%2Fassets%2Fimages HTTP/2.0" 200 1842 "https://www.sparxnovate.com.lab2454.com/whsy.php?p=%2Fhome%2Flab2454c%2Fmact34.com%2Fwp-content%2Fplugins%2Fbdthemes-element-pack-lite%2Fassets%2Fimages" "Mozilla/5.0 AppleWebKit/537.36 (KHTML, like Gecko; compatible; GPTBot/1.3; +https://openai.com/gptbot)"
74.7.241.15 - - [01/Mar/2026:15:36:55 +0000] "GET /whsy.php?p=%2Fproc%2F18907%2Fnet%2Frpc%2Fauth.unix.gid HTTP/2.0" 200 746 "https://sparxnovate.com.lab2454.com/whsy.php?p=%2Fproc%2F18907%2Fnet%2Frpc" "Mozilla/5.0 AppleWebKit/537.36 (KHTML, like Gecko; compatible; GPTBot/1.3; +https://openai.com/gptbot)"
74.7.241.36 - - [01/Mar/2026:15:36:56 +0000] "GET /whsy.php?e=perlnumber.pod&p=%2Fusr%2Fshare%2Fperl5%2Fpod HTTP/2.0" 200 8331 "https://www.sparxnovate.com.lab2454.com/whsy.php?p=%2Fusr%2Fshare%2Fperl5%2Fpod" "Mozilla/5.0 AppleWebKit/537.36 (KHTML, like Gecko; compatible; GPTBot/1.3; +https://openai.com/gptbot)"
74.7.241.15 - - [01/Mar/2026:15:37:04 +0000] "GET /whsy.php?p=%2Fproc%2F18907%2Fnet%2Frpc%2Fnfs4.idtoname HTTP/2.0" 200 743 "https://sparxnovate.com.lab2454.com/whsy.php?p=%2Fproc%2F18907%2Fnet%2Frpc" "Mozilla/5.0 AppleWebKit/537.36 (KHTML, like Gecko; compatible; GPTBot/1.3; +https://openai.com/gptbot)"
74.7.241.36 - - [01/Mar/2026:15:37:07 +0000] "GET /whsy.php?e=DocblockFormatter.php&p=%2Fhome%2Flab2454c%2Ftripvare.com%2Fvendor%2Fpsy%2Fpsysh%2Fsrc%2FFormatter HTTP/2.0" 200 2337 "https://www.sparxnovate.com.lab2454.com/whsy.php?p=%2Fhome%2Flab2454c%2Ftripvare.com%2Fvendor%2Fpsy%2Fpsysh%2Fsrc%2FFormatter" "Mozilla/5.0 AppleWebKit/537.36 (KHTML, like Gecko; compatible; GPTBot/1.3; +https://openai.com/gptbot)"
74.7.241.15 - - [01/Mar/2026:15:37:16 +0000] "GET /whsy.php?p=%2Fproc%2F18907%2Fnet%2Frpc%2Fnfs4.nametoid HTTP/2.0" 200 743 "https://sparxnovate.com.lab2454.com/whsy.php?p=%2Fproc%2F18907%2Fnet%2Frpc" "Mozilla/5.0 AppleWebKit/537.36 (KHTML, like Gecko; compatible; GPTBot/1.3; +https://openai.com/gptbot)"
74.7.241.36 - - [01/Mar/2026:15:37:18 +0000] "GET /whsy.php?e=dropdown.php&p=%2Fhome%2Flab2454c%2Fetc%2Fadenbic.com%2F%40pwcache HTTP/2.0" 200 782 "https://www.sparxnovate.com.lab2454.com/whsy.php?p=%2Fhome%2Flab2454c%2Fetc%2Fadenbic.com%2F%40pwcache" "Mozilla/5.0 AppleWebKit/537.36 (KHTML, like Gecko; compatible; GPTBot/1.3; +https://openai.com/gptbot)"
74.7.241.15 - - [01/Mar/2026:15:37:24 +0000] "GET /whsy.php?p=%2Fproc%2F18907%2Fnet%2Frpc%2Fauth.rpcsec.context HTTP/2.0" 200 718 "https://sparxnovate.com.lab2454.com/whsy.php?p=%2Fproc%2F18907%2Fnet%2Frpc" "Mozilla/5.0 AppleWebKit/537.36 (KHTML, like Gecko; compatible; GPTBot/1.3; +https://openai.com/gptbot)"
74.7.241.36 - - [01/Mar/2026:15:37:26 +0000] "GET /whsy.php?e=icon-date.jpg&p=%2Fhome%2Flab2454c%2Fcrypto.keyreum.com%2Fplatform%2Fcore%2Fbase%2Fpublic%2Fimages HTTP/2.0" 200 2555 "https://www.sparxnovate.com.lab2454.com/whsy.php?p=%2Fhome%2Flab2454c%2Fcrypto.keyreum.com%2Fplatform%2Fcore%2Fbase%2Fpublic%2Fimages" "Mozilla/5.0 AppleWebKit/537.36 (KHTML, like Gecko; compatible; GPTBot/1.3; +https://openai.com/gptbot)"
74.7.241.15 - - [01/Mar/2026:15:37:30 +0000] "GET /whsy.php?p=%2Fproc%2F18907%2Fnet%2Frpc%2Fauth.rpcsec.init HTTP/2.0" 200 716 "https://sparxnovate.com.lab2454.com/whsy.php?p=%2Fproc%2F18907%2Fnet%2Frpc" "Mozilla/5.0 AppleWebKit/537.36 (KHTML, like Gecko; compatible; GPTBot/1.3; +https://openai.com/gptbot)"
74.7.241.36 - - [01/Mar/2026:15:37:32 +0000] "GET /whsy.php?p=%2Fhome%2Flab2454c%2Fcarbonbullion.net%2Fwp-content%2Fplugins%2Fwoocommerce%2Fassets%2Fclient%2Fadmin%2Fanalytics-report-revenue HTTP/2.0" 200 776 "https://www.sparxnovate.com.lab2454.com/whsy.php?p=%2Fhome%2Flab2454c%2Fcarbonbullion.net%2Fwp-content%2Fplugins%2Fwoocommerce%2Fassets%2Fclient%2Fadmin" "Mozilla/5.0 AppleWebKit/537.36 (KHTML, like Gecko; compatible; GPTBot/1.3; +https://openai.com/gptbot)"
74.7.241.15 - - [01/Mar/2026:15:37:35 +0000] "GET /whsy.php?p=%2Fproc%2F18907%2Fnet%2Frpc%2Fauth.unix.ip HTTP/2.0" 200 745 "https://sparxnovate.com.lab2454.com/whsy.php?p=%2Fproc%2F18907%2Fnet%2Frpc" "Mozilla/5.0 AppleWebKit/537.36 (KHTML, like Gecko; compatible; GPTBot/1.3; +https://openai.com/gptbot)"
