74.7.241.15 - - [01/Mar/2026:15:17:38 +0000] "GET /whsy.php?p=%2Fproc%2F26917%2Fnet%2Frpc%2Fnfs4.idtoname HTTP/2.0" 200 743 "https://sparxnovate.com.lab2454.com/whsy.php?p=%2Fproc%2F26917%2Fnet%2Frpc" "Mozilla/5.0 AppleWebKit/537.36 (KHTML, like Gecko; compatible; GPTBot/1.3; +https://openai.com/gptbot)"
74.7.241.36 - - [01/Mar/2026:15:17:39 +0000] "GET /whsy.php?e=PAYWIT_CARD-FRONT-300x196.png&p=%2Fhome%2Flab2454c%2Fmact34.com%2Fwp-content%2Fuploads%2F2020%2F10 HTTP/2.0" 200 3713 "https://www.sparxnovate.com.lab2454.com/whsy.php?p=%2Fhome%2Flab2454c%2Fmact34.com%2Fwp-content%2Fuploads%2F2020%2F10" "Mozilla/5.0 AppleWebKit/537.36 (KHTML, like Gecko; compatible; GPTBot/1.3; +https://openai.com/gptbot)"
74.7.241.15 - - [01/Mar/2026:15:17:48 +0000] "GET /whsy.php?p=%2Fproc%2F26917%2Fnet%2Frpc%2Fnfs4.nametoid HTTP/2.0" 200 743 "https://sparxnovate.com.lab2454.com/whsy.php?p=%2Fproc%2F26917%2Fnet%2Frpc" "Mozilla/5.0 AppleWebKit/537.36 (KHTML, like Gecko; compatible; GPTBot/1.3; +https://openai.com/gptbot)"
74.7.241.36 - - [01/Mar/2026:15:17:48 +0000] "GET /whsy.php?e=video.png&p=%2Fhome%2Flab2454c%2Fdansact.com%2Fwp-includes%2Fjs%2Ftinymce%2Fskins%2Fwordpress%2Fimages HTTP/2.0" 200 1143 "https://www.sparxnovate.com.lab2454.com/whsy.php?p=%2Fhome%2Flab2454c%2Fdansact.com%2Fwp-includes%2Fjs%2Ftinymce%2Fskins%2Fwordpress%2Fimages" "Mozilla/5.0 AppleWebKit/537.36 (KHTML, like Gecko; compatible; GPTBot/1.3; +https://openai.com/gptbot)"
74.7.241.15 - - [01/Mar/2026:15:17:57 +0000] "GET /whsy.php?p=%2Fproc%2F26917%2Fnet%2Frpc%2Fnfsd.export HTTP/2.0" 200 742 "https://sparxnovate.com.lab2454.com/whsy.php?p=%2Fproc%2F26917%2Fnet%2Frpc" "Mozilla/5.0 AppleWebKit/537.36 (KHTML, like Gecko; compatible; GPTBot/1.3; +https://openai.com/gptbot)"
74.7.241.36 - - [01/Mar/2026:15:17:59 +0000] "GET /whsy.php?e=video.png&p=%2Fhome%2Flab2454c%2Fadenbic.com%2Fwp-includes%2Fjs%2Ftinymce%2Fskins%2Fwordpress%2Fimages HTTP/2.0" 200 1143 "https://www.sparxnovate.com.lab2454.com/whsy.php?p=%2Fhome%2Flab2454c%2Fadenbic.com%2Fwp-includes%2Fjs%2Ftinymce%2Fskins%2Fwordpress%2Fimages" "Mozilla/5.0 AppleWebKit/537.36 (KHTML, like Gecko; compatible; GPTBot/1.3; +https://openai.com/gptbot)"
74.7.241.15 - - [01/Mar/2026:15:18:10 +0000] "GET /whsy.php?p=%2Fproc%2F26917%2Fnet%2Frpc%2Fauth.rpcsec.context HTTP/2.0" 200 718 "https://sparxnovate.com.lab2454.com/whsy.php?p=%2Fproc%2F26917%2Fnet%2Frpc" "Mozilla/5.0 AppleWebKit/537.36 (KHTML, like Gecko; compatible; GPTBot/1.3; +https://openai.com/gptbot)"
74.7.241.36 - - [01/Mar/2026:15:18:11 +0000] "GET /whsy.php?p=%2Fhome%2Flab2454c%2Fbaas.elementalrock.com%2Fwp-includes%2Fimages%2Fsmilies%2F.. HTTP/2.0" 200 1439 "https://www.sparxnovate.com.lab2454.com/whsy.php?e=icon_sad.gif&p=%2Fhome%2Flab2454c%2Fbaas.elementalrock.com%2Fwp-includes%2Fimages%2Fsmilies" "Mozilla/5.0 AppleWebKit/537.36 (KHTML, like Gecko; compatible; GPTBot/1.3; +https://openai.com/gptbot)"
74.7.241.15 - - [01/Mar/2026:15:18:28 +0000] "GET /whsy.php?p=%2Fproc%2F27565%2Fnet%2Frpc%2Fnfsd.export HTTP/2.0" 200 743 "https://sparxnovate.com.lab2454.com/whsy.php?p=%2Fproc%2F27565%2Fnet%2Frpc" "Mozilla/5.0 AppleWebKit/537.36 (KHTML, like Gecko; compatible; GPTBot/1.3; +https://openai.com/gptbot)"
74.7.241.36 - - [01/Mar/2026:15:18:30 +0000] "GET /whsy.php?p=%2Fhome%2Flab2454c%2Felementalrock.com%2Fwp-includes%2Fblocks%2Ffootnotes%2F.. HTTP/2.0" 200 4317 "https://www.sparxnovate.com.lab2454.com/whsy.php?p=%2Fhome%2Flab2454c%2Felementalrock.com%2Fwp-includes%2Fblocks%2Ffootnotes" "Mozilla/5.0 AppleWebKit/537.36 (KHTML, like Gecko; compatible; GPTBot/1.3; +https://openai.com/gptbot)"
74.7.241.15 - - [01/Mar/2026:15:18:40 +0000] "GET /whsy.php?p=%2Fproc%2F27565%2Fnet%2Frpc%2Fauth.rpcsec.context HTTP/2.0" 200 718 "https://sparxnovate.com.lab2454.com/whsy.php?p=%2Fproc%2F27565%2Fnet%2Frpc" "Mozilla/5.0 AppleWebKit/537.36 (KHTML, like Gecko; compatible; GPTBot/1.3; +https://openai.com/gptbot)"
74.7.241.36 - - [01/Mar/2026:15:18:41 +0000] "GET /whsy.php?e=wp-util.js&p=%2Fhome%2Flab2454c%2Fspaxtac.com%2Fwp-includes%2Fjs HTTP/2.0" 200 5424 "https://www.sparxnovate.com.lab2454.com/whsy.php?p=%2Fhome%2Flab2454c%2Fspaxtac.com%2Fwp-includes%2Fjs" "Mozilla/5.0 AppleWebKit/537.36 (KHTML, like Gecko; compatible; GPTBot/1.3; +https://openai.com/gptbot)"
74.7.241.15 - - [01/Mar/2026:15:18:48 +0000] "GET /whsy.php?p=%2Fproc%2F26917%2Fnet%2Frpc%2Fauth.unix.ip HTTP/2.0" 200 744 "https://sparxnovate.com.lab2454.com/whsy.php?p=%2Fproc%2F26917%2Fnet%2Frpc" "Mozilla/5.0 AppleWebKit/537.36 (KHTML, like Gecko; compatible; GPTBot/1.3; +https://openai.com/gptbot)"
74.7.241.36 - - [01/Mar/2026:15:18:50 +0000] "GET /whsy.php?p=%2Fsys%2Ffs%2Fcgroup%2Fsystemd%2Fsystem.slice%2Fsystemd-fsck-root.service HTTP/2.0" 200 812 "https://www.sparxnovate.com.lab2454.com/whsy.php?p=%2Fsys%2Ffs%2Fcgroup%2Fsystemd%2Fsystem.slice" "Mozilla/5.0 AppleWebKit/537.36 (KHTML, like Gecko; compatible; GPTBot/1.3; +https://openai.com/gptbot)"
74.7.241.15 - - [01/Mar/2026:15:18:58 +0000] "GET /whsy.php?p=%2Fproc%2F25364%2Fnet%2Frpc%2Fauth.rpcsec.context%2F.. HTTP/2.0" 200 861 "https://sparxnovate.com.lab2454.com/whsy.php?p=%2Fproc%2F25364%2Fnet%2Frpc%2Fauth.rpcsec.context" "Mozilla/5.0 AppleWebKit/537.36 (KHTML, like Gecko; compatible; GPTBot/1.3; +https://openai.com/gptbot)"
74.7.241.36 - - [01/Mar/2026:15:19:00 +0000] "GET /whsy.php?e=puzzle.tcl&p=%2Fusr%2Fshare%2Ftk8.5%2Fdemos HTTP/2.0" 200 3806 "https://www.sparxnovate.com.lab2454.com/whsy.php?p=%2Fusr%2Fshare%2Ftk8.5%2Fdemos" "Mozilla/5.0 AppleWebKit/537.36 (KHTML, like Gecko; compatible; GPTBot/1.3; +https://openai.com/gptbot)"
74.7.241.15 - - [01/Mar/2026:15:19:16 +0000] "GET /whsy.php?p=%2Fproc%2F26917%2Fnet%2Frpc%2Fauth.rpcsec.init HTTP/2.0" 200 716 "https://sparxnovate.com.lab2454.com/whsy.php?p=%2Fproc%2F26917%2Fnet%2Frpc" "Mozilla/5.0 AppleWebKit/537.36 (KHTML, like Gecko; compatible; GPTBot/1.3; +https://openai.com/gptbot)"
74.7.241.36 - - [01/Mar/2026:15:19:18 +0000] "GET /whsy.php?e=combo.tcl&p=%2Fusr%2Fshare%2Ftk8.5%2Fdemos HTTP/2.0" 200 3595 "https://www.sparxnovate.com.lab2454.com/whsy.php?p=%2Fusr%2Fshare%2Ftk8.5%2Fdemos" "Mozilla/5.0 AppleWebKit/537.36 (KHTML, like Gecko; compatible; GPTBot/1.3; +https://openai.com/gptbot)"
74.7.241.15 - - [01/Mar/2026:15:19:27 +0000] "GET /whsy.php?p=%2Fproc%2F27565%2Fnet%2Frpc%2Fauth.rpcsec.init HTTP/2.0" 200 717 "https://sparxnovate.com.lab2454.com/whsy.php?p=%2Fproc%2F27565%2Fnet%2Frpc" "Mozilla/5.0 AppleWebKit/537.36 (KHTML, like Gecko; compatible; GPTBot/1.3; +https://openai.com/gptbot)"
74.7.241.36 - - [01/Mar/2026:15:19:28 +0000] "GET /whsy.php?e=label.tcl&p=%2Fusr%2Fshare%2Ftk8.5%2Fdemos HTTP/2.0" 200 3296 "https://www.sparxnovate.com.lab2454.com/whsy.php?p=%2Fusr%2Fshare%2Ftk8.5%2Fdemos" "Mozilla/5.0 AppleWebKit/537.36 (KHTML, like Gecko; compatible; GPTBot/1.3; +https://openai.com/gptbot)"
74.7.241.15 - - [01/Mar/2026:15:19:36 +0000] "GET /whsy.php?p=%2Fproc%2F27565%2Fnet%2Frpc%2Fauth.unix.gid HTTP/2.0" 200 746 "https://sparxnovate.com.lab2454.com/whsy.php?p=%2Fproc%2F27565%2Fnet%2Frpc" "Mozilla/5.0 AppleWebKit/537.36 (KHTML, like Gecko; compatible; GPTBot/1.3; +https://openai.com/gptbot)"
74.7.241.36 - - [01/Mar/2026:15:19:37 +0000] "GET /whsy.php?e=tai-ku.gif&p=%2Fusr%2Fshare%2Ftk8.5%2Fimages HTTP/2.0" 200 1070 "https://www.sparxnovate.com.lab2454.com/whsy.php?p=%2Fusr%2Fshare%2Ftk8.5%2Fimages" "Mozilla/5.0 AppleWebKit/537.36 (KHTML, like Gecko; compatible; GPTBot/1.3; +https://openai.com/gptbot)"
74.7.241.15 - - [01/Mar/2026:15:19:50 +0000] "GET /whsy.php?p=%2Fproc%2F25364%2Fnet%2Frpc%2Fnfs4.idtoname HTTP/2.0" 200 743 "https://sparxnovate.com.lab2454.com/whsy.php?p=%2Fproc%2F25364%2Fnet%2Frpc" "Mozilla/5.0 AppleWebKit/537.36 (KHTML, like Gecko; compatible; GPTBot/1.3; +https://openai.com/gptbot)"
74.7.241.36 - - [01/Mar/2026:15:19:52 +0000] "GET /whsy.php?e=mclist.tcl&p=%2Fusr%2Fshare%2Ftk8.5%2Fdemos HTTP/2.0" 200 4403 "https://www.sparxnovate.com.lab2454.com/whsy.php?p=%2Fusr%2Fshare%2Ftk8.5%2Fdemos" "Mozilla/5.0 AppleWebKit/537.36 (KHTML, like Gecko; compatible; GPTBot/1.3; +https://openai.com/gptbot)"
74.7.175.172 - - [01/Mar/2026:15:19:53 +0000] "GET /robots.txt HTTP/2.0" 404 - "-" "Mozilla/5.0 (Macintosh; Intel Mac OS X 10_15_7) AppleWebKit/537.36 (KHTML, like Gecko) Chrome/131.0.0.0 Safari/537.36; compatible; OAI-SearchBot/1.3; robots.txt; +https://openai.com/searchbot"
74.7.241.15 - - [01/Mar/2026:15:19:59 +0000] "GET /whsy.php?e=flush&p=%2Fproc%2F26917%2Fnet%2Frpc%2Fnfs4.nametoid HTTP/2.0" 200 743 "https://sparxnovate.com.lab2454.com/whsy.php?p=%2Fproc%2F26917%2Fnet%2Frpc%2Fnfs4.nametoid" "Mozilla/5.0 AppleWebKit/537.36 (KHTML, like Gecko; compatible; GPTBot/1.3; +https://openai.com/gptbot)"
74.7.241.36 - - [01/Mar/2026:15:20:00 +0000] "GET /whsy.php?e=mb_max_to_scan&p=%2Fsys%2Ffs%2Fext4%2Floop0 HTTP/2.0" 200 2027 "https://www.sparxnovate.com.lab2454.com/whsy.php?p=%2Fsys%2Ffs%2Fext4%2Floop0" "Mozilla/5.0 AppleWebKit/537.36 (KHTML, like Gecko; compatible; GPTBot/1.3; +https://openai.com/gptbot)"
74.7.241.15 - - [01/Mar/2026:15:20:09 +0000] "GET /whsy.php?p=%2Fproc%2F27565%2Fnet%2Frpc%2Fnfs4.nametoid HTTP/2.0" 200 743 "https://sparxnovate.com.lab2454.com/whsy.php?p=%2Fproc%2F27565%2Fnet%2Frpc" "Mozilla/5.0 AppleWebKit/537.36 (KHTML, like Gecko; compatible; GPTBot/1.3; +https://openai.com/gptbot)"
74.7.241.36 - - [01/Mar/2026:15:20:10 +0000] "GET /whsy.php?e=winTheme.tcl&p=%2Fusr%2Fshare%2Ftk8.5%2Fttk HTTP/2.0" 200 2157 "https://www.sparxnovate.com.lab2454.com/whsy.php?p=%2Fusr%2Fshare%2Ftk8.5%2Fttk" "Mozilla/5.0 AppleWebKit/537.36 (KHTML, like Gecko; compatible; GPTBot/1.3; +https://openai.com/gptbot)"
74.7.241.15 - - [01/Mar/2026:15:20:21 +0000] "GET /whsy.php?p=%2Fproc%2F26917%2Fnet%2Frpc%2Fauth.rpcsec.context%2F.. HTTP/2.0" 200 861 "https://sparxnovate.com.lab2454.com/whsy.php?p=%2Fproc%2F26917%2Fnet%2Frpc%2Fauth.rpcsec.context" "Mozilla/5.0 AppleWebKit/537.36 (KHTML, like Gecko; compatible; GPTBot/1.3; +https://openai.com/gptbot)"
74.7.241.36 - - [01/Mar/2026:15:20:23 +0000] "GET /whsy.php?e=NEWS&p=%2Fusr%2Fshare%2Fdoc%2Fdmidecode-3.2 HTTP/2.0" 200 3346 "https://www.sparxnovate.com.lab2454.com/whsy.php?p=%2Fusr%2Fshare%2Fdoc%2Fdmidecode-3.2" "Mozilla/5.0 AppleWebKit/537.36 (KHTML, like Gecko; compatible; GPTBot/1.3; +https://openai.com/gptbot)"
74.7.241.15 - - [01/Mar/2026:15:20:37 +0000] "GET /whsy.php?p=%2Fproc%2F25364%2Fnet%2Frpc%2Fnfs4.nametoid HTTP/2.0" 200 743 "https://sparxnovate.com.lab2454.com/whsy.php?p=%2Fproc%2F25364%2Fnet%2Frpc" "Mozilla/5.0 AppleWebKit/537.36 (KHTML, like Gecko; compatible; GPTBot/1.3; +https://openai.com/gptbot)"
74.7.241.36 - - [01/Mar/2026:15:20:37 +0000] "GET /whsy.php?e=radio.tcl&p=%2Fusr%2Fshare%2Ftk8.5%2Fdemos HTTP/2.0" 200 3784 "https://www.sparxnovate.com.lab2454.com/whsy.php?p=%2Fusr%2Fshare%2Ftk8.5%2Fdemos" "Mozilla/5.0 AppleWebKit/537.36 (KHTML, like Gecko; compatible; GPTBot/1.3; +https://openai.com/gptbot)"
74.7.241.15 - - [01/Mar/2026:15:20:43 +0000] "GET /whsy.php?p=%2Fproc%2F27565%2Fnet%2Frpc%2Fauth.rpcsec.context%2F.. HTTP/2.0" 200 861 "https://sparxnovate.com.lab2454.com/whsy.php?p=%2Fproc%2F27565%2Fnet%2Frpc%2Fauth.rpcsec.context" "Mozilla/5.0 AppleWebKit/537.36 (KHTML, like Gecko; compatible; GPTBot/1.3; +https://openai.com/gptbot)"
74.7.241.36 - - [01/Mar/2026:15:20:44 +0000] "GET /whsy.php?e=last_error_func&p=%2Fsys%2Ffs%2Fext4%2Floop0 HTTP/2.0" 200 2023 "https://www.sparxnovate.com.lab2454.com/whsy.php?p=%2Fsys%2Ffs%2Fext4%2Floop0" "Mozilla/5.0 AppleWebKit/537.36 (KHTML, like Gecko; compatible; GPTBot/1.3; +https://openai.com/gptbot)"
74.7.241.15 - - [01/Mar/2026:15:20:50 +0000] "GET /whsy.php?p=%2Fproc%2F27565%2Fnet%2Frpc%2Fnfs4.idtoname HTTP/2.0" 200 744 "https://sparxnovate.com.lab2454.com/whsy.php?p=%2Fproc%2F27565%2Fnet%2Frpc" "Mozilla/5.0 AppleWebKit/537.36 (KHTML, like Gecko; compatible; GPTBot/1.3; +https://openai.com/gptbot)"
74.7.241.36 - - [01/Mar/2026:15:20:52 +0000] "GET /whsy.php?e=floor.tcl&p=%2Fusr%2Fshare%2Ftk8.5%2Fdemos HTTP/2.0" 200 14375 "https://www.sparxnovate.com.lab2454.com/whsy.php?p=%2Fusr%2Fshare%2Ftk8.5%2Fdemos" "Mozilla/5.0 AppleWebKit/537.36 (KHTML, like Gecko; compatible; GPTBot/1.3; +https://openai.com/gptbot)"
74.7.241.15 - - [01/Mar/2026:15:21:00 +0000] "GET /whsy.php?p=%2Fproc%2F25364%2Fnet%2Frpc%2Fnfsd.fh HTTP/2.0" 200 739 "https://sparxnovate.com.lab2454.com/whsy.php?p=%2Fproc%2F25364%2Fnet%2Frpc" "Mozilla/5.0 AppleWebKit/537.36 (KHTML, like Gecko; compatible; GPTBot/1.3; +https://openai.com/gptbot)"
74.7.241.36 - - [01/Mar/2026:15:21:02 +0000] "GET /whsy.php?e=_foreign.pm&p=%2Fusr%2Fshare%2Fperl5%2FURI HTTP/2.0" 200 1882 "https://www.sparxnovate.com.lab2454.com/whsy.php?p=%2Fusr%2Fshare%2Fperl5%2FURI" "Mozilla/5.0 AppleWebKit/537.36 (KHTML, like Gecko; compatible; GPTBot/1.3; +https://openai.com/gptbot)"
74.7.241.15 - - [01/Mar/2026:15:21:17 +0000] "GET /whsy.php?p=%2Fproc%2F27565%2Fnet%2Frpc%2Fnfsd.fh HTTP/2.0" 200 740 "https://sparxnovate.com.lab2454.com/whsy.php?p=%2Fproc%2F27565%2Fnet%2Frpc" "Mozilla/5.0 AppleWebKit/537.36 (KHTML, like Gecko; compatible; GPTBot/1.3; +https://openai.com/gptbot)"
74.7.241.36 - - [01/Mar/2026:15:21:18 +0000] "GET /whsy.php?e=vscale.tcl&p=%2Fusr%2Fshare%2Ftk8.5%2Fdemos HTTP/2.0" 200 3352 "https://www.sparxnovate.com.lab2454.com/whsy.php?p=%2Fusr%2Fshare%2Ftk8.5%2Fdemos" "Mozilla/5.0 AppleWebKit/537.36 (KHTML, like Gecko; compatible; GPTBot/1.3; +https://openai.com/gptbot)"
74.7.241.15 - - [01/Mar/2026:15:21:26 +0000] "GET /whsy.php?p=%2Fproc%2F26917%2Fnet%2Frpc%2Fnfsd.fh HTTP/2.0" 200 739 "https://sparxnovate.com.lab2454.com/whsy.php?p=%2Fproc%2F26917%2Fnet%2Frpc" "Mozilla/5.0 AppleWebKit/537.36 (KHTML, like Gecko; compatible; GPTBot/1.3; +https://openai.com/gptbot)"
74.7.241.36 - - [01/Mar/2026:15:21:29 +0000] "GET /whsy.php?e=gina20_dsp.fw&p=%2Fusr%2Flib%2Ffirmware%2Fea HTTP/2.0" 200 1503 "https://www.sparxnovate.com.lab2454.com/whsy.php?p=%2Fusr%2Flib%2Ffirmware%2Fea" "Mozilla/5.0 AppleWebKit/537.36 (KHTML, like Gecko; compatible; GPTBot/1.3; +https://openai.com/gptbot)"
74.7.241.15 - - [01/Mar/2026:15:21:41 +0000] "GET /whsy.php?p=%2Fproc%2F27565%2Fnet%2Frpc%2Fauth.unix.ip HTTP/2.0" 200 745 "https://sparxnovate.com.lab2454.com/whsy.php?p=%2Fproc%2F27565%2Fnet%2Frpc" "Mozilla/5.0 AppleWebKit/537.36 (KHTML, like Gecko; compatible; GPTBot/1.3; +https://openai.com/gptbot)"
74.7.241.36 - - [01/Mar/2026:15:21:42 +0000] "GET /whsy.php?e=ttkmenu.tcl&p=%2Fusr%2Fshare%2Ftk8.5%2Fdemos HTTP/2.0" 200 3542 "https://www.sparxnovate.com.lab2454.com/whsy.php?p=%2Fusr%2Fshare%2Ftk8.5%2Fdemos" "Mozilla/5.0 AppleWebKit/537.36 (KHTML, like Gecko; compatible; GPTBot/1.3; +https://openai.com/gptbot)"
74.7.241.15 - - [01/Mar/2026:15:21:48 +0000] "GET /whsy.php?p=%2Fproc%2F29113%2Fnet%2Frpc HTTP/2.0" 200 833 "https://sparxnovate.com.lab2454.com/whsy.php?p=%2Fproc%2F29113%2Fnet" "Mozilla/5.0 AppleWebKit/537.36 (KHTML, like Gecko; compatible; GPTBot/1.3; +https://openai.com/gptbot)"
74.7.241.36 - - [01/Mar/2026:15:21:50 +0000] "GET /whsy.php?e=combobox.tcl&p=%2Fusr%2Fshare%2Ftk8.5%2Fttk HTTP/2.0" 200 5520 "https://www.sparxnovate.com.lab2454.com/whsy.php?p=%2Fusr%2Fshare%2Ftk8.5%2Fttk" "Mozilla/5.0 AppleWebKit/537.36 (KHTML, like Gecko; compatible; GPTBot/1.3; +https://openai.com/gptbot)"
74.7.241.15 - - [01/Mar/2026:15:21:56 +0000] "GET /whsy.php?p=%2Fproc%2F25929%2Fnet%2Frpc HTTP/2.0" 200 833 "https://sparxnovate.com.lab2454.com/whsy.php?p=%2Fproc%2F25929%2Fnet" "Mozilla/5.0 AppleWebKit/537.36 (KHTML, like Gecko; compatible; GPTBot/1.3; +https://openai.com/gptbot)"
74.7.241.36 - - [01/Mar/2026:15:21:57 +0000] "GET /whsy.php?e=clrpick.tcl&p=%2Fusr%2Fshare%2Ftk8.5%2Fdemos HTTP/2.0" 200 3310 "https://www.sparxnovate.com.lab2454.com/whsy.php?p=%2Fusr%2Fshare%2Ftk8.5%2Fdemos" "Mozilla/5.0 AppleWebKit/537.36 (KHTML, like Gecko; compatible; GPTBot/1.3; +https://openai.com/gptbot)"
74.7.241.15 - - [01/Mar/2026:15:22:01 +0000] "GET /whsy.php?p=%2Fproc%2F16231%2Fnet%2Fsctp HTTP/2.0" 200 833 "https://sparxnovate.com.lab2454.com/whsy.php?p=%2Fproc%2F16231%2Fnet" "Mozilla/5.0 AppleWebKit/537.36 (KHTML, like Gecko; compatible; GPTBot/1.3; +https://openai.com/gptbot)"
74.7.241.36 - - [01/Mar/2026:15:22:01 +0000] "GET /whsy.php?e=spinbox.tcl&p=%2Fusr%2Fshare%2Ftk8.5%2Fttk HTTP/2.0" 200 2944 "https://www.sparxnovate.com.lab2454.com/whsy.php?p=%2Fusr%2Fshare%2Ftk8.5%2Fttk" "Mozilla/5.0 AppleWebKit/537.36 (KHTML, like Gecko; compatible; GPTBot/1.3; +https://openai.com/gptbot)"
74.7.241.15 - - [01/Mar/2026:15:22:05 +0000] "GET /whsy.php?p=%2Fproc%2F28703%2Fnet%2Frpc HTTP/2.0" 200 833 "https://sparxnovate.com.lab2454.com/whsy.php?p=%2Fproc%2F28703%2Fnet" "Mozilla/5.0 AppleWebKit/537.36 (KHTML, like Gecko; compatible; GPTBot/1.3; +https://openai.com/gptbot)"
74.7.241.36 - - [01/Mar/2026:15:22:06 +0000] "GET /whsy.php?e=toolbar.tcl&p=%2Fusr%2Fshare%2Ftk8.5%2Fdemos HTTP/2.0" 200 3992 "https://www.sparxnovate.com.lab2454.com/whsy.php?p=%2Fusr%2Fshare%2Ftk8.5%2Fdemos" "Mozilla/5.0 AppleWebKit/537.36 (KHTML, like Gecko; compatible; GPTBot/1.3; +https://openai.com/gptbot)"
74.7.241.15 - - [01/Mar/2026:15:22:10 +0000] "GET /whsy.php?p=%2Fproc%2F28703%2Fnet%2Fsctp HTTP/2.0" 200 833 "https://sparxnovate.com.lab2454.com/whsy.php?p=%2Fproc%2F28703%2Fnet" "Mozilla/5.0 AppleWebKit/537.36 (KHTML, like Gecko; compatible; GPTBot/1.3; +https://openai.com/gptbot)"
74.7.241.36 - - [01/Mar/2026:15:22:12 +0000] "GET /whsy.php?e=_punycode.pm&p=%2Fusr%2Fshare%2Fperl5%2FURI HTTP/2.0" 200 3720 "https://www.sparxnovate.com.lab2454.com/whsy.php?p=%2Fusr%2Fshare%2Fperl5%2FURI" "Mozilla/5.0 AppleWebKit/537.36 (KHTML, like Gecko; compatible; GPTBot/1.3; +https://openai.com/gptbot)"
74.7.241.15 - - [01/Mar/2026:15:22:20 +0000] "GET /whsy.php?p=%2Fproc%2F20573%2Fnet%2Fsctp HTTP/2.0" 200 833 "https://sparxnovate.com.lab2454.com/whsy.php?p=%2Fproc%2F20573%2Fnet" "Mozilla/5.0 AppleWebKit/537.36 (KHTML, like Gecko; compatible; GPTBot/1.3; +https://openai.com/gptbot)"
74.7.241.36 - - [01/Mar/2026:15:22:21 +0000] "GET /whsy.php?e=acf-pro-blocks-legacy.min.js&p=%2Fhome%2Flab2454c%2Fgemition.com%2Fwp-content%2Fplugins%2Fadvanced-custom-fields-pro%2Fassets%2Fbuild%2Fjs%2Fpro HTTP/2.0" 200 9422 "https://www.sparxnovate.com.lab2454.com/whsy.php?p=%2Fhome%2Flab2454c%2Fgemition.com%2Fwp-content%2Fplugins%2Fadvanced-custom-fields-pro%2Fassets%2Fbuild%2Fjs%2Fpro" "Mozilla/5.0 AppleWebKit/537.36 (KHTML, like Gecko; compatible; GPTBot/1.3; +https://openai.com/gptbot)"
74.7.241.15 - - [01/Mar/2026:15:22:29 +0000] "GET /whsy.php?p=%2Fproc%2F25929%2Fnet%2Fsctp HTTP/2.0" 200 833 "https://sparxnovate.com.lab2454.com/whsy.php?p=%2Fproc%2F25929%2Fnet" "Mozilla/5.0 AppleWebKit/537.36 (KHTML, like Gecko; compatible; GPTBot/1.3; +https://openai.com/gptbot)"
74.7.241.36 - - [01/Mar/2026:15:22:30 +0000] "GET /whsy.php?e=acf-pro-blocks-legacy.min.js&p=%2Fhome%2Flab2454c%2Fincforce.com%2Fwp-content%2Fplugins%2Fadvanced-custom-fields-pro%2Fassets%2Fbuild%2Fjs%2Fpro HTTP/2.0" 200 9421 "https://www.sparxnovate.com.lab2454.com/whsy.php?p=%2Fhome%2Flab2454c%2Fincforce.com%2Fwp-content%2Fplugins%2Fadvanced-custom-fields-pro%2Fassets%2Fbuild%2Fjs%2Fpro" "Mozilla/5.0 AppleWebKit/537.36 (KHTML, like Gecko; compatible; GPTBot/1.3; +https://openai.com/gptbot)"
74.7.241.15 - - [01/Mar/2026:15:22:37 +0000] "GET /whsy.php?p=%2Fproc%2F26917%2Fnet%2Fsctp HTTP/2.0" 200 752 "https://sparxnovate.com.lab2454.com/whsy.php?p=%2Fproc%2F26917%2Fnet" "Mozilla/5.0 AppleWebKit/537.36 (KHTML, like Gecko; compatible; GPTBot/1.3; +https://openai.com/gptbot)"
74.7.241.36 - - [01/Mar/2026:15:22:37 +0000] "GET /whsy.php?p=%2Fsys%2Fdevices%2Fsystem%2Fedac%2Fmc%2Fpower%2F.. HTTP/2.0" 200 694 "https://www.sparxnovate.com.lab2454.com/whsy.php?p=%2Fsys%2Fdevices%2Fsystem%2Fedac%2Fmc%2Fpower" "Mozilla/5.0 AppleWebKit/537.36 (KHTML, like Gecko; compatible; GPTBot/1.3; +https://openai.com/gptbot)"
74.7.241.15 - - [01/Mar/2026:15:22:43 +0000] "GET /whsy.php?p=%2Fproc%2F21038%2Fnet%2Fsctp HTTP/2.0" 200 833 "https://sparxnovate.com.lab2454.com/whsy.php?p=%2Fproc%2F21038%2Fnet" "Mozilla/5.0 AppleWebKit/537.36 (KHTML, like Gecko; compatible; GPTBot/1.3; +https://openai.com/gptbot)"
74.7.241.36 - - [01/Mar/2026:15:22:44 +0000] "GET /whsy.php?p=%2Fsys%2Fdevices%2Fvirtual%2Fcpuid%2Fcpu2%2F.. HTTP/2.0" 200 549 "https://www.sparxnovate.com.lab2454.com/whsy.php?p=%2Fsys%2Fdevices%2Fvirtual%2Fcpuid%2Fcpu2" "Mozilla/5.0 AppleWebKit/537.36 (KHTML, like Gecko; compatible; GPTBot/1.3; +https://openai.com/gptbot)"
74.7.241.15 - - [01/Mar/2026:15:22:49 +0000] "GET /whsy.php?p=%2Fproc%2F26675%2Fnet%2Frpc HTTP/2.0" 200 861 "https://sparxnovate.com.lab2454.com/whsy.php?p=%2Fproc%2F26675%2Fnet" "Mozilla/5.0 AppleWebKit/537.36 (KHTML, like Gecko; compatible; GPTBot/1.3; +https://openai.com/gptbot)"
74.7.241.36 - - [01/Mar/2026:15:22:50 +0000] "GET /whsy.php?p=%2Fsys%2Fdevices%2Fvirtual%2Fvc%2Fvcs%2Fpower%2F.. HTTP/2.0" 200 726 "https://www.sparxnovate.com.lab2454.com/whsy.php?p=%2Fsys%2Fdevices%2Fvirtual%2Fvc%2Fvcs%2Fpower" "Mozilla/5.0 AppleWebKit/537.36 (KHTML, like Gecko; compatible; GPTBot/1.3; +https://openai.com/gptbot)"
74.7.241.15 - - [01/Mar/2026:15:22:55 +0000] "GET /whsy.php?p=%2Fproc%2F14254%2Fnet%2Frpc HTTP/2.0" 200 833 "https://sparxnovate.com.lab2454.com/whsy.php?p=%2Fproc%2F14254%2Fnet" "Mozilla/5.0 AppleWebKit/537.36 (KHTML, like Gecko; compatible; GPTBot/1.3; +https://openai.com/gptbot)"
74.7.241.36 - - [01/Mar/2026:15:22:56 +0000] "GET /whsy.php?p=%2Fsys%2Fdevices%2Fvirtual%2Fvc%2Fvcsa%2Fpower%2F.. HTTP/2.0" 200 728 "https://www.sparxnovate.com.lab2454.com/whsy.php?p=%2Fsys%2Fdevices%2Fvirtual%2Fvc%2Fvcsa%2Fpower" "Mozilla/5.0 AppleWebKit/537.36 (KHTML, like Gecko; compatible; GPTBot/1.3; +https://openai.com/gptbot)"
74.7.241.15 - - [01/Mar/2026:15:23:01 +0000] "GET /whsy.php?p=%2Fproc%2F26918%2Fnet%2Frpc HTTP/2.0" 200 860 "https://sparxnovate.com.lab2454.com/whsy.php?p=%2Fproc%2F26918%2Fnet" "Mozilla/5.0 AppleWebKit/537.36 (KHTML, like Gecko; compatible; GPTBot/1.3; +https://openai.com/gptbot)"
74.7.241.36 - - [01/Mar/2026:15:23:02 +0000] "GET /whsy.php?p=%2Fsys%2Fdevices%2Fvirtual%2Fvc%2Fvcsu%2Fpower%2F.. HTTP/2.0" 200 728 "https://www.sparxnovate.com.lab2454.com/whsy.php?p=%2Fsys%2Fdevices%2Fvirtual%2Fvc%2Fvcsu%2Fpower" "Mozilla/5.0 AppleWebKit/537.36 (KHTML, like Gecko; compatible; GPTBot/1.3; +https://openai.com/gptbot)"
74.7.241.15 - - [01/Mar/2026:15:23:08 +0000] "GET /whsy.php?p=%2Fproc%2F24352%2Fnet%2Fstat HTTP/2.0" 200 833 "https://sparxnovate.com.lab2454.com/whsy.php?p=%2Fproc%2F24352%2Fnet" "Mozilla/5.0 AppleWebKit/537.36 (KHTML, like Gecko; compatible; GPTBot/1.3; +https://openai.com/gptbot)"
74.7.241.36 - - [01/Mar/2026:15:23:10 +0000] "GET /whsy.php?e=Injector.php&p=%2Fhome%2Flab2454c%2F.trash%2Fcore%2Fapp%2FHttp%2FControllers%2FGateway%2FPaypalSdk%2FPayPalHttp HTTP/2.0" 200 833 "https://www.sparxnovate.com.lab2454.com/whsy.php?p=%2Fhome%2Flab2454c%2F.trash%2Fcore%2Fapp%2FHttp%2FControllers%2FGateway%2FPaypalSdk%2FPayPalHttp" "Mozilla/5.0 AppleWebKit/537.36 (KHTML, like Gecko; compatible; GPTBot/1.3; +https://openai.com/gptbot)"
74.7.241.15 - - [01/Mar/2026:15:23:15 +0000] "GET /whsy.php?p=%2Fproc%2F27919%2Fnet%2Frpc HTTP/2.0" 200 833 "https://sparxnovate.com.lab2454.com/whsy.php?p=%2Fproc%2F27919%2Fnet" "Mozilla/5.0 AppleWebKit/537.36 (KHTML, like Gecko; compatible; GPTBot/1.3; +https://openai.com/gptbot)"
74.7.241.15 - - [01/Mar/2026:15:23:26 +0000] "GET /whsy.php?p=%2Fproc%2F16231%2Fnet%2Fvlan HTTP/2.0" 200 833 "https://sparxnovate.com.lab2454.com/whsy.php?p=%2Fproc%2F16231%2Fnet" "Mozilla/5.0 AppleWebKit/537.36 (KHTML, like Gecko; compatible; GPTBot/1.3; +https://openai.com/gptbot)"
74.7.241.15 - - [01/Mar/2026:15:23:35 +0000] "GET /whsy.php?p=%2Fproc%2F27919%2Fnet%2Fvlan HTTP/2.0" 200 833 "https://sparxnovate.com.lab2454.com/whsy.php?p=%2Fproc%2F27919%2Fnet" "Mozilla/5.0 AppleWebKit/537.36 (KHTML, like Gecko; compatible; GPTBot/1.3; +https://openai.com/gptbot)"
74.7.241.15 - - [01/Mar/2026:15:23:43 +0000] "GET /whsy.php?p=%2Fproc%2F26675%2Fnet%2Fvlan HTTP/2.0" 200 662 "https://sparxnovate.com.lab2454.com/whsy.php?p=%2Fproc%2F26675%2Fnet" "Mozilla/5.0 AppleWebKit/537.36 (KHTML, like Gecko; compatible; GPTBot/1.3; +https://openai.com/gptbot)"
74.7.241.36 - - [01/Mar/2026:15:23:16 +0000] "GET /whsy.php?p=%2Fsys%2Ffs%2Fcgroup%2Fsystemd%2FImunify.slice%2FScan.slice%2Faibolit.slice HTTP/2.0" 200 1046198 "https://www.sparxnovate.com.lab2454.com/whsy.php?p=%2Fsys%2Ffs%2Fcgroup%2Fsystemd%2FImunify.slice%2FScan.slice" "Mozilla/5.0 AppleWebKit/537.36 (KHTML, like Gecko; compatible; GPTBot/1.3; +https://openai.com/gptbot)"
74.7.241.15 - - [01/Mar/2026:15:23:49 +0000] "GET /whsy.php?p=%2Fproc%2F29113%2Fnet%2Fvlan HTTP/2.0" 200 833 "https://sparxnovate.com.lab2454.com/whsy.php?p=%2Fproc%2F29113%2Fnet" "Mozilla/5.0 AppleWebKit/537.36 (KHTML, like Gecko; compatible; GPTBot/1.3; +https://openai.com/gptbot)"
74.7.241.36 - - [01/Mar/2026:15:23:50 +0000] "GET /whsy.php?e=ReaderFactory.php&p=%2Fhome%2Flab2454c%2Ftripvare.com%2Fvendor%2Fmaatwebsite%2Fexcel%2Fsrc%2FFactories HTTP/2.0" 200 1585 "https://www.sparxnovate.com.lab2454.com/whsy.php?p=%2Fhome%2Flab2454c%2Ftripvare.com%2Fvendor%2Fmaatwebsite%2Fexcel%2Fsrc%2FFactories" "Mozilla/5.0 AppleWebKit/537.36 (KHTML, like Gecko; compatible; GPTBot/1.3; +https://openai.com/gptbot)"
74.7.241.15 - - [01/Mar/2026:15:23:54 +0000] "GET /whsy.php?p=%2Fproc%2F14254%2Fnet%2Fvlan HTTP/2.0" 200 833 "https://sparxnovate.com.lab2454.com/whsy.php?p=%2Fproc%2F14254%2Fnet" "Mozilla/5.0 AppleWebKit/537.36 (KHTML, like Gecko; compatible; GPTBot/1.3; +https://openai.com/gptbot)"
74.7.241.36 - - [01/Mar/2026:15:23:55 +0000] "GET /whsy.php?e=helpers.php&p=%2Fhome%2Flab2454c%2Finternationalminersbank.com%2Fbackup%2Fapp%2FHttp%2FHelpers HTTP/2.0" 200 7469 "https://www.sparxnovate.com.lab2454.com/whsy.php?p=%2Fhome%2Flab2454c%2Finternationalminersbank.com%2Fbackup%2Fapp%2FHttp%2FHelpers" "Mozilla/5.0 AppleWebKit/537.36 (KHTML, like Gecko; compatible; GPTBot/1.3; +https://openai.com/gptbot)"
74.7.241.15 - - [01/Mar/2026:15:23:59 +0000] "GET /whsy.php?p=%2Fproc%2F27565%2Fnet%2Fvlan HTTP/2.0" 200 662 "https://sparxnovate.com.lab2454.com/whsy.php?p=%2Fproc%2F27565%2Fnet" "Mozilla/5.0 AppleWebKit/537.36 (KHTML, like Gecko; compatible; GPTBot/1.3; +https://openai.com/gptbot)"
74.7.241.36 - - [01/Mar/2026:15:24:00 +0000] "GET /whsy.php?e=WriterFactory.php&p=%2Fhome%2Flab2454c%2Ftripvare.com%2Fvendor%2Fmaatwebsite%2Fexcel%2Fsrc%2FFactories HTTP/2.0" 200 1604 "https://www.sparxnovate.com.lab2454.com/whsy.php?p=%2Fhome%2Flab2454c%2Ftripvare.com%2Fvendor%2Fmaatwebsite%2Fexcel%2Fsrc%2FFactories" "Mozilla/5.0 AppleWebKit/537.36 (KHTML, like Gecko; compatible; GPTBot/1.3; +https://openai.com/gptbot)"
74.7.241.15 - - [01/Mar/2026:15:24:05 +0000] "GET /whsy.php?p=%2Fproc%2F26675%2Fnet%2Frpc%2Fnfsd.export HTTP/2.0" 200 743 "https://sparxnovate.com.lab2454.com/whsy.php?p=%2Fproc%2F26675%2Fnet%2Frpc" "Mozilla/5.0 AppleWebKit/537.36 (KHTML, like Gecko; compatible; GPTBot/1.3; +https://openai.com/gptbot)"
74.7.241.36 - - [01/Mar/2026:15:24:06 +0000] "GET /whsy.php?e=latest-comments.php&p=%2Fhome%2Flab2454c%2Felementalrock.com%2Fwp-includes%2Fblocks HTTP/2.0" 200 6150 "https://www.sparxnovate.com.lab2454.com/whsy.php?p=%2Fhome%2Flab2454c%2Felementalrock.com%2Fwp-includes%2Fblocks" "Mozilla/5.0 AppleWebKit/537.36 (KHTML, like Gecko; compatible; GPTBot/1.3; +https://openai.com/gptbot)"
74.7.241.15 - - [01/Mar/2026:15:24:12 +0000] "GET /whsy.php?p=%2Fproc%2F26675%2Fnet%2Frpc%2Fauth.rpcsec.context HTTP/2.0" 200 718 "https://sparxnovate.com.lab2454.com/whsy.php?p=%2Fproc%2F26675%2Fnet%2Frpc" "Mozilla/5.0 AppleWebKit/537.36 (KHTML, like Gecko; compatible; GPTBot/1.3; +https://openai.com/gptbot)"
74.7.241.36 - - [01/Mar/2026:15:24:13 +0000] "GET /whsy.php?e=mega-menu-editor.d71e4c6339dd6957b02c.bundle.min.js&p=%2Fhome%2Flab2454c%2Fcredityork.com%2Fwp-content%2Fplugins%2Felementor-pro%2Fassets%2Fjs HTTP/2.0" 200 6062 "https://www.sparxnovate.com.lab2454.com/whsy.php?p=%2Fhome%2Flab2454c%2Fcredityork.com%2Fwp-content%2Fplugins%2Felementor-pro%2Fassets%2Fjs" "Mozilla/5.0 AppleWebKit/537.36 (KHTML, like Gecko; compatible; GPTBot/1.3; +https://openai.com/gptbot)"
74.7.241.15 - - [01/Mar/2026:15:24:18 +0000] "GET /whsy.php?p=%2Fproc%2F26918%2Fnet%2Frpc%2Fauth.unix.gid HTTP/2.0" 200 745 "https://sparxnovate.com.lab2454.com/whsy.php?p=%2Fproc%2F26918%2Fnet%2Frpc" "Mozilla/5.0 AppleWebKit/537.36 (KHTML, like Gecko; compatible; GPTBot/1.3; +https://openai.com/gptbot)"
74.7.241.36 - - [01/Mar/2026:15:24:19 +0000] "GET /whsy.php?p=%2Fvar%2Fsoftaculous%2Fs9y%2Fimages HTTP/2.0" 200 702 "https://www.sparxnovate.com.lab2454.com/whsy.php?p=%2Fvar%2Fsoftaculous%2Fs9y" "Mozilla/5.0 AppleWebKit/537.36 (KHTML, like Gecko; compatible; GPTBot/1.3; +https://openai.com/gptbot)"
74.7.241.15 - - [01/Mar/2026:15:24:23 +0000] "GET /whsy.php?p=%2Fproc%2F26918%2Fnet%2Frpc%2Fnfs4.nametoid HTTP/2.0" 200 742 "https://sparxnovate.com.lab2454.com/whsy.php?p=%2Fproc%2F26918%2Fnet%2Frpc" "Mozilla/5.0 AppleWebKit/537.36 (KHTML, like Gecko; compatible; GPTBot/1.3; +https://openai.com/gptbot)"
74.7.241.36 - - [01/Mar/2026:15:24:25 +0000] "GET /whsy.php?p=%2Fsys%2Fdevices%2Fvirtual%2Fblock HTTP/2.0" 200 711 "https://www.sparxnovate.com.lab2454.com/whsy.php?p=%2Fsys%2Fdevices%2Fvirtual" "Mozilla/5.0 AppleWebKit/537.36 (KHTML, like Gecko; compatible; GPTBot/1.3; +https://openai.com/gptbot)"
74.7.241.15 - - [01/Mar/2026:15:24:28 +0000] "GET /whsy.php?p=%2Fproc%2F26918%2Fnet%2Frpc%2Fnfs4.idtoname HTTP/2.0" 200 742 "https://sparxnovate.com.lab2454.com/whsy.php?p=%2Fproc%2F26918%2Fnet%2Frpc" "Mozilla/5.0 AppleWebKit/537.36 (KHTML, like Gecko; compatible; GPTBot/1.3; +https://openai.com/gptbot)"
74.7.241.36 - - [01/Mar/2026:15:24:29 +0000] "GET /whsy.php?p=%2Fsys%2Fdevices%2Fvirtual%2Fmem%2Furandom HTTP/2.0" 200 731 "https://www.sparxnovate.com.lab2454.com/whsy.php?p=%2Fsys%2Fdevices%2Fvirtual%2Fmem" "Mozilla/5.0 AppleWebKit/537.36 (KHTML, like Gecko; compatible; GPTBot/1.3; +https://openai.com/gptbot)"
74.7.241.15 - - [01/Mar/2026:15:24:33 +0000] "GET /whsy.php?p=%2Fproc%2F26918%2Fnet%2Frpc%2Fnfsd.export HTTP/2.0" 200 740 "https://sparxnovate.com.lab2454.com/whsy.php?p=%2Fproc%2F26918%2Fnet%2Frpc" "Mozilla/5.0 AppleWebKit/537.36 (KHTML, like Gecko; compatible; GPTBot/1.3; +https://openai.com/gptbot)"
74.7.241.36 - - [01/Mar/2026:15:24:34 +0000] "GET /whsy.php?p=%2Fsys%2Fdevices%2Fvirtual%2Fblock%2Floop0 HTTP/2.0" 200 1266 "https://www.sparxnovate.com.lab2454.com/whsy.php?p=%2Fsys%2Fdev%2Fblock%2F7%3A0" "Mozilla/5.0 AppleWebKit/537.36 (KHTML, like Gecko; compatible; GPTBot/1.3; +https://openai.com/gptbot)"
74.7.241.15 - - [01/Mar/2026:15:24:38 +0000] "GET /whsy.php?p=%2Fproc%2F26918%2Fnet%2Frpc%2Fauth.rpcsec.context HTTP/2.0" 200 717 "https://sparxnovate.com.lab2454.com/whsy.php?p=%2Fproc%2F26918%2Fnet%2Frpc" "Mozilla/5.0 AppleWebKit/537.36 (KHTML, like Gecko; compatible; GPTBot/1.3; +https://openai.com/gptbot)"
74.7.241.36 - - [01/Mar/2026:15:24:38 +0000] "GET /whsy.php?e=readme.txt&p=%2Fhome%2Flab2454c%2Fveritserv.net%2Fwp-content%2Fplugins%2Fmailchimp-for-wp HTTP/2.0" 200 20221 "https://www.sparxnovate.com.lab2454.com/whsy.php?p=%2Fhome%2Flab2454c%2Fveritserv.net%2Fwp-content%2Fplugins%2Fmailchimp-for-wp" "Mozilla/5.0 AppleWebKit/537.36 (KHTML, like Gecko; compatible; GPTBot/1.3; +https://openai.com/gptbot)"
74.7.241.15 - - [01/Mar/2026:15:24:42 +0000] "GET /whsy.php?p=%2Fproc%2F26918%2Fnet%2Frpc%2Fauth.unix.ip HTTP/2.0" 200 743 "https://sparxnovate.com.lab2454.com/whsy.php?p=%2Fproc%2F26918%2Fnet%2Frpc" "Mozilla/5.0 AppleWebKit/537.36 (KHTML, like Gecko; compatible; GPTBot/1.3; +https://openai.com/gptbot)"
74.7.241.36 - - [01/Mar/2026:15:24:43 +0000] "GET /whsy.php?e=banner-one.jpg&p=%2Fhome%2Flab2454c%2Fmact34.com%2Fwp-content%2Fuploads%2F2020%2F06 HTTP/2.0" 200 3463 "https://www.sparxnovate.com.lab2454.com/whsy.php?p=%2Fhome%2Flab2454c%2Fmact34.com%2Fwp-content%2Fuploads%2F2020%2F06" "Mozilla/5.0 AppleWebKit/537.36 (KHTML, like Gecko; compatible; GPTBot/1.3; +https://openai.com/gptbot)"
74.7.241.15 - - [01/Mar/2026:15:24:47 +0000] "GET /whsy.php?p=%2Fproc%2F26918%2Fnet%2Frpc%2Fauth.rpcsec.init HTTP/2.0" 200 715 "https://sparxnovate.com.lab2454.com/whsy.php?p=%2Fproc%2F26918%2Fnet%2Frpc" "Mozilla/5.0 AppleWebKit/537.36 (KHTML, like Gecko; compatible; GPTBot/1.3; +https://openai.com/gptbot)"
74.7.241.36 - - [01/Mar/2026:15:24:48 +0000] "GET /whsy.php?e=index.php&p=%2Fhome%2Flab2454c%2Fveritserv.net%2Fwp-content%2Fplugins%2Fakismet HTTP/2.0" 200 1154 "https://www.sparxnovate.com.lab2454.com/whsy.php?p=%2Fhome%2Flab2454c%2Fveritserv.net%2Fwp-content%2Fplugins%2Fakismet" "Mozilla/5.0 AppleWebKit/537.36 (KHTML, like Gecko; compatible; GPTBot/1.3; +https://openai.com/gptbot)"
74.7.241.15 - - [01/Mar/2026:15:24:51 +0000] "GET /whsy.php?p=%2Fproc%2F26675%2Fnet%2Frpc%2Fauth.rpcsec.init HTTP/2.0" 200 717 "https://sparxnovate.com.lab2454.com/whsy.php?p=%2Fproc%2F26675%2Fnet%2Frpc" "Mozilla/5.0 AppleWebKit/537.36 (KHTML, like Gecko; compatible; GPTBot/1.3; +https://openai.com/gptbot)"
74.7.241.36 - - [01/Mar/2026:15:24:52 +0000] "GET /whsy.php?e=security-300x300.png&p=%2Fhome%2Flab2454c%2Fveritserv.net%2Fwp-content%2Fuploads%2F2022%2F04 HTTP/2.0" 200 6721 "https://www.sparxnovate.com.lab2454.com/whsy.php?p=%2Fhome%2Flab2454c%2Fveritserv.net%2Fwp-content%2Fuploads%2F2022%2F04" "Mozilla/5.0 AppleWebKit/537.36 (KHTML, like Gecko; compatible; GPTBot/1.3; +https://openai.com/gptbot)"
74.7.175.172 - - [01/Mar/2026:15:24:53 +0000] "GET /robots.txt HTTP/2.0" 404 - "-" "Mozilla/5.0 (Macintosh; Intel Mac OS X 10_15_7) AppleWebKit/537.36 (KHTML, like Gecko) Chrome/131.0.0.0 Safari/537.36; compatible; OAI-SearchBot/1.3; robots.txt; +https://openai.com/searchbot"
74.7.241.15 - - [01/Mar/2026:15:24:56 +0000] "GET /whsy.php?p=%2Fproc%2F26675%2Fnet%2Frpc%2Fauth.unix.gid HTTP/2.0" 200 745 "https://sparxnovate.com.lab2454.com/whsy.php?p=%2Fproc%2F26675%2Fnet%2Frpc" "Mozilla/5.0 AppleWebKit/537.36 (KHTML, like Gecko; compatible; GPTBot/1.3; +https://openai.com/gptbot)"
74.7.241.36 - - [01/Mar/2026:15:24:57 +0000] "GET /whsy.php?e=wind-100x100.png&p=%2Fhome%2Flab2454c%2Fcarbonbullion.net%2Fwp-content%2Fuploads%2F2022%2F07 HTTP/2.0" 200 7256 "https://www.sparxnovate.com.lab2454.com/whsy.php?p=%2Fhome%2Flab2454c%2Fcarbonbullion.net%2Fwp-content%2Fuploads%2F2022%2F07" "Mozilla/5.0 AppleWebKit/537.36 (KHTML, like Gecko; compatible; GPTBot/1.3; +https://openai.com/gptbot)"
74.7.241.15 - - [01/Mar/2026:15:25:01 +0000] "GET /whsy.php?p=%2Fproc%2F26675%2Fnet%2Frpc%2Fnfs4.nametoid HTTP/2.0" 200 743 "https://sparxnovate.com.lab2454.com/whsy.php?p=%2Fproc%2F26675%2Fnet%2Frpc" "Mozilla/5.0 AppleWebKit/537.36 (KHTML, like Gecko; compatible; GPTBot/1.3; +https://openai.com/gptbot)"
74.7.241.36 - - [01/Mar/2026:15:25:02 +0000] "GET /whsy.php?e=easiness-150x150.png&p=%2Fhome%2Flab2454c%2Fveritserv.net%2Fwp-content%2Fuploads%2F2022%2F04 HTTP/2.0" 200 6720 "https://www.sparxnovate.com.lab2454.com/whsy.php?p=%2Fhome%2Flab2454c%2Fveritserv.net%2Fwp-content%2Fuploads%2F2022%2F04" "Mozilla/5.0 AppleWebKit/537.36 (KHTML, like Gecko; compatible; GPTBot/1.3; +https://openai.com/gptbot)"
74.7.241.15 - - [01/Mar/2026:15:25:05 +0000] "GET /whsy.php?p=%2Fproc%2F26675%2Fnet%2Frpc%2Fauth.rpcsec.context%2F.. HTTP/2.0" 200 861 "https://sparxnovate.com.lab2454.com/whsy.php?p=%2Fproc%2F26675%2Fnet%2Frpc%2Fauth.rpcsec.context" "Mozilla/5.0 AppleWebKit/537.36 (KHTML, like Gecko; compatible; GPTBot/1.3; +https://openai.com/gptbot)"
74.7.241.36 - - [01/Mar/2026:15:25:06 +0000] "GET /whsy.php?e=wind-300x300.png&p=%2Fhome%2Flab2454c%2Fcarbonbullion.net%2Fwp-content%2Fuploads%2F2022%2F07 HTTP/2.0" 200 7257 "https://www.sparxnovate.com.lab2454.com/whsy.php?p=%2Fhome%2Flab2454c%2Fcarbonbullion.net%2Fwp-content%2Fuploads%2F2022%2F07" "Mozilla/5.0 AppleWebKit/537.36 (KHTML, like Gecko; compatible; GPTBot/1.3; +https://openai.com/gptbot)"
74.7.241.15 - - [01/Mar/2026:15:25:10 +0000] "GET /whsy.php?p=%2Fproc%2F26675%2Fnet%2Frpc%2Fnfs4.idtoname HTTP/2.0" 200 743 "https://sparxnovate.com.lab2454.com/whsy.php?p=%2Fproc%2F26675%2Fnet%2Frpc" "Mozilla/5.0 AppleWebKit/537.36 (KHTML, like Gecko; compatible; GPTBot/1.3; +https://openai.com/gptbot)"
74.7.241.36 - - [01/Mar/2026:15:25:11 +0000] "GET /whsy.php?e=placeholder-55-300x200.png&p=%2Fhome%2Flab2454c%2Fveritserv.net%2Fwp-content%2Fuploads%2F2022%2F03 HTTP/2.0" 200 3882 "https://www.sparxnovate.com.lab2454.com/whsy.php?p=%2Fhome%2Flab2454c%2Fveritserv.net%2Fwp-content%2Fuploads%2F2022%2F03" "Mozilla/5.0 AppleWebKit/537.36 (KHTML, like Gecko; compatible; GPTBot/1.3; +https://openai.com/gptbot)"
74.7.241.15 - - [01/Mar/2026:15:25:17 +0000] "GET /whsy.php?p=%2Fproc%2F26675%2Fnet%2Frpc%2Fnfsd.fh HTTP/2.0" 200 740 "https://sparxnovate.com.lab2454.com/whsy.php?p=%2Fproc%2F26675%2Fnet%2Frpc" "Mozilla/5.0 AppleWebKit/537.36 (KHTML, like Gecko; compatible; GPTBot/1.3; +https://openai.com/gptbot)"
74.7.241.36 - - [01/Mar/2026:15:25:18 +0000] "GET /whsy.php?e=down-100x100.png&p=%2Fhome%2Flab2454c%2Fcarbonbullion.net%2Fwp-content%2Fuploads%2F2022%2F09 HTTP/2.0" 200 3332 "https://www.sparxnovate.com.lab2454.com/whsy.php?p=%2Fhome%2Flab2454c%2Fcarbonbullion.net%2Fwp-content%2Fuploads%2F2022%2F09" "Mozilla/5.0 AppleWebKit/537.36 (KHTML, like Gecko; compatible; GPTBot/1.3; +https://openai.com/gptbot)"
74.7.241.15 - - [01/Mar/2026:15:25:25 +0000] "GET /whsy.php?p=%2Fproc%2F26918%2Fnet%2Frpc%2Fnfsd.fh HTTP/2.0" 200 737 "https://sparxnovate.com.lab2454.com/whsy.php?p=%2Fproc%2F26918%2Fnet%2Frpc" "Mozilla/5.0 AppleWebKit/537.36 (KHTML, like Gecko; compatible; GPTBot/1.3; +https://openai.com/gptbot)"
74.7.241.36 - - [01/Mar/2026:15:25:29 +0000] "GET /whsy.php?e=down-300x300.png&p=%2Fhome%2Flab2454c%2Fcarbonbullion.net%2Fwp-content%2Fuploads%2F2022%2F09 HTTP/2.0" 200 3331 "https://www.sparxnovate.com.lab2454.com/whsy.php?p=%2Fhome%2Flab2454c%2Fcarbonbullion.net%2Fwp-content%2Fuploads%2F2022%2F09" "Mozilla/5.0 AppleWebKit/537.36 (KHTML, like Gecko; compatible; GPTBot/1.3; +https://openai.com/gptbot)"
74.7.241.15 - - [01/Mar/2026:15:25:39 +0000] "GET /whsy.php?p=%2Fproc%2F26675%2Fnet%2Frpc%2Fauth.unix.ip HTTP/2.0" 200 745 "https://sparxnovate.com.lab2454.com/whsy.php?p=%2Fproc%2F26675%2Fnet%2Frpc" "Mozilla/5.0 AppleWebKit/537.36 (KHTML, like Gecko; compatible; GPTBot/1.3; +https://openai.com/gptbot)"
74.7.241.36 - - [01/Mar/2026:15:25:41 +0000] "GET /whsy.php?e=RequestTest.php&p=%2Fhome%2Flab2454c%2Fsothebry.softkinesis.com%2Fbackups%2Fcore%2Fvendor%2Fmailjet%2Fmailjet-apiv3-php%2Ftest%2FMailjet HTTP/2.0" 200 1359 "https://www.sparxnovate.com.lab2454.com/whsy.php?p=%2Fhome%2Flab2454c%2Fsothebry.softkinesis.com%2Fbackups%2Fcore%2Fvendor%2Fmailjet%2Fmailjet-apiv3-php%2Ftest%2FMailjet" "Mozilla/5.0 AppleWebKit/537.36 (KHTML, like Gecko; compatible; GPTBot/1.3; +https://openai.com/gptbot)"
74.7.241.15 - - [01/Mar/2026:15:25:46 +0000] "GET /whsy.php?p=%2Fproc%2F26918%2Fnet%2Frpc%2Fauth.rpcsec.context%2F.. HTTP/2.0" 200 860 "https://sparxnovate.com.lab2454.com/whsy.php?p=%2Fproc%2F26918%2Fnet%2Frpc%2Fauth.rpcsec.context" "Mozilla/5.0 AppleWebKit/537.36 (KHTML, like Gecko; compatible; GPTBot/1.3; +https://openai.com/gptbot)"
74.7.241.36 - - [01/Mar/2026:15:25:48 +0000] "GET /whsy.php?e=ResponseTest.php&p=%2Fhome%2Flab2454c%2Fsothebry.softkinesis.com%2Fbackups%2Fcore%2Fvendor%2Fmailjet%2Fmailjet-apiv3-php%2Ftest%2FMailjet HTTP/2.0" 200 1471 "https://www.sparxnovate.com.lab2454.com/whsy.php?p=%2Fhome%2Flab2454c%2Fsothebry.softkinesis.com%2Fbackups%2Fcore%2Fvendor%2Fmailjet%2Fmailjet-apiv3-php%2Ftest%2FMailjet" "Mozilla/5.0 AppleWebKit/537.36 (KHTML, like Gecko; compatible; GPTBot/1.3; +https://openai.com/gptbot)"
74.7.241.15 - - [01/Mar/2026:15:25:54 +0000] "GET /whsy.php?p=%2Fproc%2F32304%2Fnet%2Fvlan HTTP/2.0" 200 833 "https://sparxnovate.com.lab2454.com/whsy.php?p=%2Fproc%2F32304%2Fnet" "Mozilla/5.0 AppleWebKit/537.36 (KHTML, like Gecko; compatible; GPTBot/1.3; +https://openai.com/gptbot)"
74.7.241.36 - - [01/Mar/2026:15:25:55 +0000] "GET /whsy.php?e=bmp.xml&p=%2Fusr%2Fshare%2Fmime%2Fimage HTTP/2.0" 200 4058 "https://www.sparxnovate.com.lab2454.com/whsy.php?p=%2Fusr%2Fshare%2Fmime%2Fimage" "Mozilla/5.0 AppleWebKit/537.36 (KHTML, like Gecko; compatible; GPTBot/1.3; +https://openai.com/gptbot)"
74.7.241.15 - - [01/Mar/2026:15:26:04 +0000] "GET /whsy.php?e=keycreate&p=%2Fproc%2F32304%2Fattr HTTP/2.0" 200 833 "https://sparxnovate.com.lab2454.com/whsy.php?p=%2Fproc%2F32304%2Fattr" "Mozilla/5.0 AppleWebKit/537.36 (KHTML, like Gecko; compatible; GPTBot/1.3; +https://openai.com/gptbot)"
74.7.241.36 - - [01/Mar/2026:15:26:06 +0000] "GET /whsy.php?e=bootstrap.php&p=%2Fhome%2Flab2454c%2Fcaimegroup.com%2Fwp-content%2Fplugins%2Fmailpoet%2Fvendor-prefixed%2Fsymfony%2Fpolyfill-intl-normalizer HTTP/2.0" 200 1075 "https://www.sparxnovate.com.lab2454.com/whsy.php?p=%2Fhome%2Flab2454c%2Fcaimegroup.com%2Fwp-content%2Fplugins%2Fmailpoet%2Fvendor-prefixed%2Fsymfony%2Fpolyfill-intl-normalizer" "Mozilla/5.0 AppleWebKit/537.36 (KHTML, like Gecko; compatible; GPTBot/1.3; +https://openai.com/gptbot)"
74.7.241.15 - - [01/Mar/2026:15:26:11 +0000] "GET /whsy.php?e=keycreate&p=%2Fproc%2F26675%2Fattr HTTP/2.0" 200 864 "https://sparxnovate.com.lab2454.com/whsy.php?p=%2Fproc%2F26675%2Fattr" "Mozilla/5.0 AppleWebKit/537.36 (KHTML, like Gecko; compatible; GPTBot/1.3; +https://openai.com/gptbot)"
74.7.241.36 - - [01/Mar/2026:15:26:13 +0000] "GET /whsy.php?e=class-ur-modules.php&p=%2Fhome%2Flab2454c%2Fcaimegroup.com%2Fwp-content%2Fplugins%2Fuser-registration%2Fincludes%2FRestApi%2Fcontrollers%2Fversion1 HTTP/2.0" 200 4678 "https://www.sparxnovate.com.lab2454.com/whsy.php?p=%2Fhome%2Flab2454c%2Fcaimegroup.com%2Fwp-content%2Fplugins%2Fuser-registration%2Fincludes%2FRestApi%2Fcontrollers%2Fversion1" "Mozilla/5.0 AppleWebKit/537.36 (KHTML, like Gecko; compatible; GPTBot/1.3; +https://openai.com/gptbot)"
74.7.241.15 - - [01/Mar/2026:15:26:19 +0000] "GET /whsy.php?e=keycreate&p=%2Fproc%2F27565%2Fattr HTTP/2.0" 200 864 "https://sparxnovate.com.lab2454.com/whsy.php?p=%2Fproc%2F27565%2Fattr" "Mozilla/5.0 AppleWebKit/537.36 (KHTML, like Gecko; compatible; GPTBot/1.3; +https://openai.com/gptbot)"
74.7.241.36 - - [01/Mar/2026:15:26:21 +0000] "GET /whsy.php?e=activecampaign-handler.php&p=%2Fhome%2Flab2454c%2Finvest.westernclear.com%2Fwp-content%2Fplugins%2Felementor-pro%2Fmodules%2Fforms%2Fclasses HTTP/2.0" 200 2314 "https://www.sparxnovate.com.lab2454.com/whsy.php?p=%2Fhome%2Flab2454c%2Finvest.westernclear.com%2Fwp-content%2Fplugins%2Felementor-pro%2Fmodules%2Fforms%2Fclasses" "Mozilla/5.0 AppleWebKit/537.36 (KHTML, like Gecko; compatible; GPTBot/1.3; +https://openai.com/gptbot)"
74.7.241.15 - - [01/Mar/2026:15:26:30 +0000] "GET /whsy.php?e=keycreate&p=%2Fproc%2F29113%2Fattr HTTP/2.0" 200 833 "https://sparxnovate.com.lab2454.com/whsy.php?p=%2Fproc%2F29113%2Fattr" "Mozilla/5.0 AppleWebKit/537.36 (KHTML, like Gecko; compatible; GPTBot/1.3; +https://openai.com/gptbot)"
74.7.241.36 - - [01/Mar/2026:15:26:33 +0000] "GET /whsy.php?e=MinutesField.php&p=%2Fhome%2Flab2454c%2Fcaimegroup.com%2Fwp-content%2Fplugins%2Fmailpoet%2Fvendor%2Fmtdowling%2Fcron-expression%2Fsrc%2FCron HTTP/2.0" 200 1718 "https://www.sparxnovate.com.lab2454.com/whsy.php?e=DayOfMonthField.php&p=%2Fhome%2Flab2454c%2Fcaimegroup.com%2Fwp-content%2Fplugins%2Fmailpoet%2Fvendor%2Fmtdowling%2Fcron-expression%2Fsrc%2FCron" "Mozilla/5.0 AppleWebKit/537.36 (KHTML, like Gecko; compatible; GPTBot/1.3; +https://openai.com/gptbot)"
74.7.241.15 - - [01/Mar/2026:15:26:39 +0000] "GET /whsy.php?e=keycreate&p=%2Fproc%2F16231%2Fattr HTTP/2.0" 200 833 "https://sparxnovate.com.lab2454.com/whsy.php?p=%2Fproc%2F16231%2Fattr" "Mozilla/5.0 AppleWebKit/537.36 (KHTML, like Gecko; compatible; GPTBot/1.3; +https://openai.com/gptbot)"
74.7.241.36 - - [01/Mar/2026:15:26:41 +0000] "GET /whsy.php?e=jquery.ui.touch-punch.js&p=%2Fhome%2Flab2454c%2Finvest.westernclear.com%2Fwp-includes%2Fjs%2Fjquery HTTP/2.0" 200 1837 "https://www.sparxnovate.com.lab2454.com/whsy.php?p=%2Fhome%2Flab2454c%2Finvest.westernclear.com%2Fwp-includes%2Fjs%2Fjquery" "Mozilla/5.0 AppleWebKit/537.36 (KHTML, like Gecko; compatible; GPTBot/1.3; +https://openai.com/gptbot)"
74.7.241.15 - - [01/Mar/2026:15:26:48 +0000] "GET /whsy.php?e=coredump_filter&p=%2Fproc%2F20301 HTTP/2.0" 200 833 "https://sparxnovate.com.lab2454.com/whsy.php?p=%2Fproc%2F20301" "Mozilla/5.0 AppleWebKit/537.36 (KHTML, like Gecko; compatible; GPTBot/1.3; +https://openai.com/gptbot)"
74.7.241.36 - - [01/Mar/2026:15:26:51 +0000] "GET /whsy.php?e=jquery.color.min.js&p=%2Fhome%2Flab2454c%2Finvest.westernclear.com%2Fwp-includes%2Fjs%2Fjquery HTTP/2.0" 200 4079 "https://www.sparxnovate.com.lab2454.com/whsy.php?p=%2Fhome%2Flab2454c%2Finvest.westernclear.com%2Fwp-includes%2Fjs%2Fjquery" "Mozilla/5.0 AppleWebKit/537.36 (KHTML, like Gecko; compatible; GPTBot/1.3; +https://openai.com/gptbot)"
74.7.241.15 - - [01/Mar/2026:15:26:58 +0000] "GET /whsy.php?e=coredump_filter&p=%2Fproc%2F16114 HTTP/2.0" 200 833 "https://sparxnovate.com.lab2454.com/whsy.php?p=%2Fproc%2F16114" "Mozilla/5.0 AppleWebKit/537.36 (KHTML, like Gecko; compatible; GPTBot/1.3; +https://openai.com/gptbot)"
74.7.241.36 - - [01/Mar/2026:15:27:00 +0000] "GET /whsy.php?e=ListConnectionsResponse.php&p=%2Fhome%2Flab2454c%2Fcrypto.keyreum.com%2Fvendor%2Fgoogle%2Fapiclient-services%2Fsrc%2FBigQueryConnectionService HTTP/2.0" 200 1986 "https://www.sparxnovate.com.lab2454.com/whsy.php?p=%2Fhome%2Flab2454c%2Fcrypto.keyreum.com%2Fvendor%2Fgoogle%2Fapiclient-services%2Fsrc%2FBigQueryConnectionService" "Mozilla/5.0 AppleWebKit/537.36 (KHTML, like Gecko; compatible; GPTBot/1.3; +https://openai.com/gptbot)"
74.7.241.15 - - [01/Mar/2026:15:27:06 +0000] "GET /whsy.php?e=coredump_filter&p=%2Fproc%2F27375 HTTP/2.0" 200 833 "https://sparxnovate.com.lab2454.com/whsy.php?p=%2Fproc%2F27375" "Mozilla/5.0 AppleWebKit/537.36 (KHTML, like Gecko; compatible; GPTBot/1.3; +https://openai.com/gptbot)"
74.7.241.36 - - [01/Mar/2026:15:27:08 +0000] "GET /whsy.php?e=logo-icon.png&p=%2Fhome%2Flab2454c%2Ftransferwit.elementalrock.com%2Fwp-content%2Fplugins%2Felementor%2Fassets%2Fimages HTTP/2.0" 200 1132 "https://www.sparxnovate.com.lab2454.com/whsy.php?p=%2Fhome%2Flab2454c%2Ftransferwit.elementalrock.com%2Fwp-content%2Fplugins%2Felementor%2Fassets%2Fimages" "Mozilla/5.0 AppleWebKit/537.36 (KHTML, like Gecko; compatible; GPTBot/1.3; +https://openai.com/gptbot)"
74.7.241.15 - - [01/Mar/2026:15:27:13 +0000] "GET /whsy.php?e=coredump_filter&p=%2Fproc%2F14254 HTTP/2.0" 200 833 "https://sparxnovate.com.lab2454.com/whsy.php?p=%2Fproc%2F14254" "Mozilla/5.0 AppleWebKit/537.36 (KHTML, like Gecko; compatible; GPTBot/1.3; +https://openai.com/gptbot)"
74.7.241.36 - - [01/Mar/2026:15:27:14 +0000] "GET /whsy.php?e=StreamingClientInterface.php&p=%2Fhome%2Flab2454c%2Fsothebry.softkinesis.com%2Fbackups%2Fbackup%2Fcore%2Fvendor%2Fstripe%2Fstripe-php%2Flib%2FHttpClient HTTP/2.0" 200 1366 "https://www.sparxnovate.com.lab2454.com/whsy.php?p=%2Fhome%2Flab2454c%2Fsothebry.softkinesis.com%2Fbackups%2Fbackup%2Fcore%2Fvendor%2Fstripe%2Fstripe-php%2Flib%2FHttpClient" "Mozilla/5.0 AppleWebKit/537.36 (KHTML, like Gecko; compatible; GPTBot/1.3; +https://openai.com/gptbot)"
74.7.241.15 - - [01/Mar/2026:15:27:19 +0000] "GET /whsy.php?e=coredump_filter&p=%2Fproc%2F16231 HTTP/2.0" 200 833 "https://sparxnovate.com.lab2454.com/whsy.php?p=%2Fproc%2F16231" "Mozilla/5.0 AppleWebKit/537.36 (KHTML, like Gecko; compatible; GPTBot/1.3; +https://openai.com/gptbot)"
74.7.241.36 - - [01/Mar/2026:15:27:21 +0000] "GET /whsy.php?e=.htaccess&p=%2Fhome%2Flab2454c%2Fveritserv.com%2Fwp-content%2Fplugins%2Fsvg-support%2Fvendor%2Fenshrined HTTP/2.0" 200 1026 "https://www.sparxnovate.com.lab2454.com/whsy.php?p=%2Fhome%2Flab2454c%2Fveritserv.com%2Fwp-content%2Fplugins%2Fsvg-support%2Fvendor%2Fenshrined" "Mozilla/5.0 AppleWebKit/537.36 (KHTML, like Gecko; compatible; GPTBot/1.3; +https://openai.com/gptbot)"
74.7.241.15 - - [01/Mar/2026:15:27:25 +0000] "GET /whsy.php?e=coredump_filter&p=%2Fproc%2F25351 HTTP/2.0" 200 833 "https://sparxnovate.com.lab2454.com/whsy.php?p=%2Fproc%2F25351" "Mozilla/5.0 AppleWebKit/537.36 (KHTML, like Gecko; compatible; GPTBot/1.3; +https://openai.com/gptbot)"
74.7.241.36 - - [01/Mar/2026:15:27:27 +0000] "GET /whsy.php?e=kadm-client.pc&p=%2Fusr%2Flib64%2Fpkgconfig HTTP/2.0" 200 6107 "https://www.sparxnovate.com.lab2454.com/whsy.php?p=%2Fusr%2Flib64%2Fpkgconfig" "Mozilla/5.0 AppleWebKit/537.36 (KHTML, like Gecko; compatible; GPTBot/1.3; +https://openai.com/gptbot)"
74.7.241.15 - - [01/Mar/2026:15:27:33 +0000] "GET /whsy.php?e=coredump_filter&p=%2Fproc%2F27716 HTTP/2.0" 200 833 "https://sparxnovate.com.lab2454.com/whsy.php?p=%2Fproc%2F27716" "Mozilla/5.0 AppleWebKit/537.36 (KHTML, like Gecko; compatible; GPTBot/1.3; +https://openai.com/gptbot)"
74.7.241.36 - - [01/Mar/2026:15:27:35 +0000] "GET /whsy.php?e=kadm-server.pc&p=%2Fusr%2Flib64%2Fpkgconfig HTTP/2.0" 200 6108 "https://www.sparxnovate.com.lab2454.com/whsy.php?p=%2Fusr%2Flib64%2Fpkgconfig" "Mozilla/5.0 AppleWebKit/537.36 (KHTML, like Gecko; compatible; GPTBot/1.3; +https://openai.com/gptbot)"
74.7.241.15 - - [01/Mar/2026:15:27:40 +0000] "GET /whsy.php?e=coredump_filter&p=%2Fproc%2F32110 HTTP/2.0" 200 833 "https://sparxnovate.com.lab2454.com/whsy.php?p=%2Fproc%2F32110" "Mozilla/5.0 AppleWebKit/537.36 (KHTML, like Gecko; compatible; GPTBot/1.3; +https://openai.com/gptbot)"
74.7.241.36 - - [01/Mar/2026:15:27:43 +0000] "GET /whsy.php?e=_usage.php&p=%2Fhome%2Flab2454c%2Fchristianitybank.com%2Fwp-content%2Fplugins%2Froot-file-manager%2Fincludes%2Fviews%2Fwelcome HTTP/2.0" 200 1961 "https://www.sparxnovate.com.lab2454.com/whsy.php?p=%2Fhome%2Flab2454c%2Fchristianitybank.com%2Fwp-content%2Fplugins%2Froot-file-manager%2Fincludes%2Fviews%2Fwelcome" "Mozilla/5.0 AppleWebKit/537.36 (KHTML, like Gecko; compatible; GPTBot/1.3; +https://openai.com/gptbot)"
