74.7.241.36 - - [01/Mar/2026:13:17:08 +0000] "GET /whsy.php?e=cgroup.clone_children&p=%2Fsys%2Ffs%2Fcgroup%2Fsystemd%2Fsystem.slice%2Fsystemd-udevd.service HTTP/2.0" 200 869 "https://www.sparxnovate.com.lab2454.com/whsy.php?p=%2Fsys%2Ffs%2Fcgroup%2Fsystemd%2Fsystem.slice%2Fsystemd-udevd.service" "Mozilla/5.0 AppleWebKit/537.36 (KHTML, like Gecko; compatible; GPTBot/1.3; +https://openai.com/gptbot)"
74.7.241.15 - - [01/Mar/2026:13:17:14 +0000] "GET /whsy.php?p=%2Fproc%2F11146%2Ftask%2F11246%2Fattr HTTP/2.0" 200 817 "https://sparxnovate.com.lab2454.com/whsy.php?p=%2Fproc%2F11146%2Ftask%2F11246" "Mozilla/5.0 AppleWebKit/537.36 (KHTML, like Gecko; compatible; GPTBot/1.3; +https://openai.com/gptbot)"
74.7.241.36 - - [01/Mar/2026:13:17:15 +0000] "GET /whsy.php?e=cgroup.clone_children&p=%2Fsys%2Ffs%2Fcgroup%2Fsystemd%2Fsystem.slice%2Fsystemd-vconsole-setup.service HTTP/2.0" 200 876 "https://www.sparxnovate.com.lab2454.com/whsy.php?p=%2Fsys%2Ffs%2Fcgroup%2Fsystemd%2Fsystem.slice%2Fsystemd-vconsole-setup.service" "Mozilla/5.0 AppleWebKit/537.36 (KHTML, like Gecko; compatible; GPTBot/1.3; +https://openai.com/gptbot)"
74.7.241.15 - - [01/Mar/2026:13:17:20 +0000] "GET /whsy.php?p=%2Fproc%2F11146%2Ftask%2F11232%2Fattr HTTP/2.0" 200 817 "https://sparxnovate.com.lab2454.com/whsy.php?p=%2Fproc%2F11146%2Ftask%2F11232" "Mozilla/5.0 AppleWebKit/537.36 (KHTML, like Gecko; compatible; GPTBot/1.3; +https://openai.com/gptbot)"
74.7.241.36 - - [01/Mar/2026:13:17:22 +0000] "GET /whsy.php?e=cgroup.clone_children&p=%2Fsys%2Ffs%2Fcgroup%2Fsystemd%2Fsystem.slice%2Fmemcached.service HTTP/2.0" 200 869 "https://www.sparxnovate.com.lab2454.com/whsy.php?p=%2Fsys%2Ffs%2Fcgroup%2Fsystemd%2Fsystem.slice%2Fmemcached.service" "Mozilla/5.0 AppleWebKit/537.36 (KHTML, like Gecko; compatible; GPTBot/1.3; +https://openai.com/gptbot)"
74.7.241.15 - - [01/Mar/2026:13:17:27 +0000] "GET /whsy.php?p=%2Fproc%2F11146%2Ftask%2F11252%2Fattr HTTP/2.0" 200 817 "https://sparxnovate.com.lab2454.com/whsy.php?p=%2Fproc%2F11146%2Ftask%2F11252" "Mozilla/5.0 AppleWebKit/537.36 (KHTML, like Gecko; compatible; GPTBot/1.3; +https://openai.com/gptbot)"
74.7.241.36 - - [01/Mar/2026:13:17:29 +0000] "GET /whsy.php?e=cgroup.clone_children&p=%2Fsys%2Ffs%2Fcgroup%2Fsystemd%2Fsystem.slice%2Fnetwork.service HTTP/2.0" 200 871 "https://www.sparxnovate.com.lab2454.com/whsy.php?p=%2Fsys%2Ffs%2Fcgroup%2Fsystemd%2Fsystem.slice%2Fnetwork.service" "Mozilla/5.0 AppleWebKit/537.36 (KHTML, like Gecko; compatible; GPTBot/1.3; +https://openai.com/gptbot)"
74.7.241.15 - - [01/Mar/2026:13:17:39 +0000] "GET /whsy.php?p=%2Fproc%2F11146%2Ftask%2F11248%2Fattr HTTP/2.0" 200 817 "https://sparxnovate.com.lab2454.com/whsy.php?p=%2Fproc%2F11146%2Ftask%2F11248" "Mozilla/5.0 AppleWebKit/537.36 (KHTML, like Gecko; compatible; GPTBot/1.3; +https://openai.com/gptbot)"
74.7.241.36 - - [01/Mar/2026:13:17:42 +0000] "GET /whsy.php?e=cgroup.clone_children&p=%2Fsys%2Ffs%2Fcgroup%2Fsystemd%2Fsystem.slice%2Fsystemd-tmpfiles-setup.service HTTP/2.0" 200 875 "https://www.sparxnovate.com.lab2454.com/whsy.php?p=%2Fsys%2Ffs%2Fcgroup%2Fsystemd%2Fsystem.slice%2Fsystemd-tmpfiles-setup.service" "Mozilla/5.0 AppleWebKit/537.36 (KHTML, like Gecko; compatible; GPTBot/1.3; +https://openai.com/gptbot)"
74.7.175.172 - - [01/Mar/2026:13:17:42 +0000] "GET /robots.txt HTTP/2.0" 404 - "-" "Mozilla/5.0 (Macintosh; Intel Mac OS X 10_15_7) AppleWebKit/537.36 (KHTML, like Gecko) Chrome/131.0.0.0 Safari/537.36; compatible; OAI-SearchBot/1.3; robots.txt; +https://openai.com/searchbot"
74.7.241.15 - - [01/Mar/2026:13:17:50 +0000] "GET /whsy.php?p=%2Fproc%2F11146%2Ftask%2F11472%2Fattr HTTP/2.0" 200 817 "https://sparxnovate.com.lab2454.com/whsy.php?p=%2Fproc%2F11146%2Ftask%2F11472" "Mozilla/5.0 AppleWebKit/537.36 (KHTML, like Gecko; compatible; GPTBot/1.3; +https://openai.com/gptbot)"
74.7.241.36 - - [01/Mar/2026:13:17:51 +0000] "GET /whsy.php?e=style-rtl.css&p=%2Fhome%2Flab2454c%2Fdansact.com%2Fwp-content%2Fthemes%2Ftwentytwentyone HTTP/2.0" 200 24362 "https://www.sparxnovate.com.lab2454.com/whsy.php?p=%2Fhome%2Flab2454c%2Fdansact.com%2Fwp-content%2Fthemes%2Ftwentytwentyone" "Mozilla/5.0 AppleWebKit/537.36 (KHTML, like Gecko; compatible; GPTBot/1.3; +https://openai.com/gptbot)"
74.7.241.15 - - [01/Mar/2026:13:17:59 +0000] "GET /whsy.php?p=%2Fproc%2F11146%2Ftask%2F11246%2Fnet HTTP/2.0" 200 2466 "https://sparxnovate.com.lab2454.com/whsy.php?p=%2Fproc%2F11146%2Ftask%2F11246" "Mozilla/5.0 AppleWebKit/537.36 (KHTML, like Gecko; compatible; GPTBot/1.3; +https://openai.com/gptbot)"
74.7.241.36 - - [01/Mar/2026:13:18:00 +0000] "GET /whsy.php?e=style-rtl.css&p=%2Fhome%2Flab2454c%2Fdatmont.com%2Fwp-content%2Fthemes%2Ftwentytwentyone HTTP/2.0" 200 24233 "https://www.sparxnovate.com.lab2454.com/whsy.php?p=%2Fhome%2Flab2454c%2Fdatmont.com%2Fwp-content%2Fthemes%2Ftwentytwentyone" "Mozilla/5.0 AppleWebKit/537.36 (KHTML, like Gecko; compatible; GPTBot/1.3; +https://openai.com/gptbot)"
74.7.241.15 - - [01/Mar/2026:13:18:05 +0000] "GET /whsy.php?p=%2Fproc%2F11146%2Ftask%2F11248%2Fnet HTTP/2.0" 200 2467 "https://sparxnovate.com.lab2454.com/whsy.php?p=%2Fproc%2F11146%2Ftask%2F11248" "Mozilla/5.0 AppleWebKit/537.36 (KHTML, like Gecko; compatible; GPTBot/1.3; +https://openai.com/gptbot)"
74.7.241.36 - - [01/Mar/2026:13:18:06 +0000] "GET /whsy.php?e=theme.css&p=%2Fhome%2Flab2454c%2Fbullionmils.com%2Fwp-content%2Fthemes%2Fhello-elementor HTTP/2.0" 200 4304 "https://www.sparxnovate.com.lab2454.com/whsy.php?p=%2Fhome%2Flab2454c%2Fbullionmils.com%2Fwp-content%2Fthemes%2Fhello-elementor" "Mozilla/5.0 AppleWebKit/537.36 (KHTML, like Gecko; compatible; GPTBot/1.3; +https://openai.com/gptbot)"
74.7.241.15 - - [01/Mar/2026:13:18:09 +0000] "GET /whsy.php?p=%2Fproc%2F11146%2Ftask%2F11252%2Fnet HTTP/2.0" 200 2466 "https://sparxnovate.com.lab2454.com/whsy.php?p=%2Fproc%2F11146%2Ftask%2F11252" "Mozilla/5.0 AppleWebKit/537.36 (KHTML, like Gecko; compatible; GPTBot/1.3; +https://openai.com/gptbot)"
74.7.241.36 - - [01/Mar/2026:13:18:11 +0000] "GET /whsy.php?p=%2Fhome%2Flab2454c%2Fcaimegroup.com%2Fwp-content%2Fplugins%2Felementskit%2Fmodules%2Fconditional-content%2Flibs%2Fcontrols HTTP/2.0" 200 1167 "https://www.sparxnovate.com.lab2454.com/whsy.php?p=%2Fhome%2Flab2454c%2Fcaimegroup.com%2Fwp-content%2Fplugins%2Felementskit%2Fmodules%2Fconditional-content%2Flibs" "Mozilla/5.0 AppleWebKit/537.36 (KHTML, like Gecko; compatible; GPTBot/1.3; +https://openai.com/gptbot)"
74.7.241.15 - - [01/Mar/2026:13:18:15 +0000] "GET /whsy.php?p=%2Fproc%2F11146%2Ftask%2F11615%2Fnet HTTP/2.0" 200 2466 "https://sparxnovate.com.lab2454.com/whsy.php?p=%2Fproc%2F11146%2Ftask%2F11615" "Mozilla/5.0 AppleWebKit/537.36 (KHTML, like Gecko; compatible; GPTBot/1.3; +https://openai.com/gptbot)"
74.7.241.36 - - [01/Mar/2026:13:18:18 +0000] "GET /whsy.php?e=shell20250630.php&p=%2Fhome%2Flab2454c%2Fnfsin.com HTTP/2.0" 200 3043 "https://www.sparxnovate.com.lab2454.com/whsy.php?e=sc.php&p=%2Fhome%2Flab2454c%2Fnfsin.com" "Mozilla/5.0 AppleWebKit/537.36 (KHTML, like Gecko; compatible; GPTBot/1.3; +https://openai.com/gptbot)"
74.7.241.36 - - [01/Mar/2026:13:18:26 +0000] "GET /whsy.php?e=coredump_filter&p=%2Fproc%2F22550 HTTP/2.0" 200 833 "https://www.sparxnovate.com.lab2454.com/whsy.php?p=%2Fproc%2F22550" "Mozilla/5.0 AppleWebKit/537.36 (KHTML, like Gecko; compatible; GPTBot/1.3; +https://openai.com/gptbot)"
74.7.241.15 - - [01/Mar/2026:13:18:24 +0000] "GET /whsy.php?p=%2Fproc%2F11146%2Ftask%2F11231%2Fnet HTTP/2.0" 200 2466 "https://sparxnovate.com.lab2454.com/whsy.php?p=%2Fproc%2F11146%2Ftask%2F11231" "Mozilla/5.0 AppleWebKit/537.36 (KHTML, like Gecko; compatible; GPTBot/1.3; +https://openai.com/gptbot)"
74.7.241.15 - - [01/Mar/2026:13:18:30 +0000] "GET /whsy.php?p=%2Fproc%2F11146%2Ftask%2F11232%2Fnet HTTP/2.0" 200 2466 "https://sparxnovate.com.lab2454.com/whsy.php?p=%2Fproc%2F11146%2Ftask%2F11232" "Mozilla/5.0 AppleWebKit/537.36 (KHTML, like Gecko; compatible; GPTBot/1.3; +https://openai.com/gptbot)"
74.7.241.36 - - [01/Mar/2026:13:18:31 +0000] "GET /whsy.php?e=coredump_filter&p=%2Fproc%2F24426 HTTP/2.0" 200 833 "https://www.sparxnovate.com.lab2454.com/whsy.php?p=%2Fproc%2F24426" "Mozilla/5.0 AppleWebKit/537.36 (KHTML, like Gecko; compatible; GPTBot/1.3; +https://openai.com/gptbot)"
74.7.241.15 - - [01/Mar/2026:13:18:39 +0000] "GET /whsy.php?p=%2Fproc%2F11146%2Ftask%2F11472%2Fnet HTTP/2.0" 200 2467 "https://sparxnovate.com.lab2454.com/whsy.php?p=%2Fproc%2F11146%2Ftask%2F11472" "Mozilla/5.0 AppleWebKit/537.36 (KHTML, like Gecko; compatible; GPTBot/1.3; +https://openai.com/gptbot)"
74.7.241.36 - - [01/Mar/2026:13:18:41 +0000] "GET /whsy.php?e=coredump_filter&p=%2Fproc%2F24299 HTTP/2.0" 200 833 "https://www.sparxnovate.com.lab2454.com/whsy.php?p=%2Fproc%2F24299" "Mozilla/5.0 AppleWebKit/537.36 (KHTML, like Gecko; compatible; GPTBot/1.3; +https://openai.com/gptbot)"
74.7.241.36 - - [01/Mar/2026:13:19:03 +0000] "GET /whsy.php?e=coredump_filter&p=%2Fproc%2F20072 HTTP/2.0" 200 833 "https://www.sparxnovate.com.lab2454.com/whsy.php?p=%2Fproc%2F20072" "Mozilla/5.0 AppleWebKit/537.36 (KHTML, like Gecko; compatible; GPTBot/1.3; +https://openai.com/gptbot)"
74.7.241.36 - - [01/Mar/2026:13:19:14 +0000] "GET /whsy.php?e=coredump_filter&p=%2Fproc%2F21142 HTTP/2.0" 200 833 "https://www.sparxnovate.com.lab2454.com/whsy.php?p=%2Fproc%2F21142" "Mozilla/5.0 AppleWebKit/537.36 (KHTML, like Gecko; compatible; GPTBot/1.3; +https://openai.com/gptbot)"
74.7.241.15 - - [01/Mar/2026:13:18:48 +0000] "GET /whsy.php?p=%2Fproc%2F11146%2Ftask%2F11248%2Fns HTTP/2.0" 200 815376 "https://sparxnovate.com.lab2454.com/whsy.php?p=%2Fproc%2F11146%2Ftask%2F11248" "Mozilla/5.0 AppleWebKit/537.36 (KHTML, like Gecko; compatible; GPTBot/1.3; +https://openai.com/gptbot)"
74.7.241.36 - - [01/Mar/2026:13:19:23 +0000] "GET /whsy.php?e=coredump_filter&p=%2Fproc%2F25992 HTTP/2.0" 200 833 "https://www.sparxnovate.com.lab2454.com/whsy.php?p=%2Fproc%2F25992" "Mozilla/5.0 AppleWebKit/537.36 (KHTML, like Gecko; compatible; GPTBot/1.3; +https://openai.com/gptbot)"
74.7.241.36 - - [01/Mar/2026:13:19:36 +0000] "GET /whsy.php?e=coredump_filter&p=%2Fproc%2F11411 HTTP/2.0" 200 833 "https://www.sparxnovate.com.lab2454.com/whsy.php?p=%2Fproc%2F11411" "Mozilla/5.0 AppleWebKit/537.36 (KHTML, like Gecko; compatible; GPTBot/1.3; +https://openai.com/gptbot)"
74.7.241.36 - - [01/Mar/2026:13:19:48 +0000] "GET /whsy.php?e=coredump_filter&p=%2Fproc%2F14224 HTTP/2.0" 200 833 "https://www.sparxnovate.com.lab2454.com/whsy.php?p=%2Fproc%2F14224" "Mozilla/5.0 AppleWebKit/537.36 (KHTML, like Gecko; compatible; GPTBot/1.3; +https://openai.com/gptbot)"
74.7.241.15 - - [01/Mar/2026:13:19:24 +0000] "GET /whsy.php?p=%2Fproc%2F11146%2Ftask%2F11232%2Fns HTTP/2.0" 200 882526 "https://sparxnovate.com.lab2454.com/whsy.php?p=%2Fproc%2F11146%2Ftask%2F11232" "Mozilla/5.0 AppleWebKit/537.36 (KHTML, like Gecko; compatible; GPTBot/1.3; +https://openai.com/gptbot)"
74.7.241.36 - - [01/Mar/2026:13:19:56 +0000] "GET /whsy.php?e=coredump_filter&p=%2Fproc%2F22757 HTTP/2.0" 200 833 "https://www.sparxnovate.com.lab2454.com/whsy.php?p=%2Fproc%2F22757" "Mozilla/5.0 AppleWebKit/537.36 (KHTML, like Gecko; compatible; GPTBot/1.3; +https://openai.com/gptbot)"
74.7.241.36 - - [01/Mar/2026:13:20:05 +0000] "GET /whsy.php?e=coredump_filter&p=%2Fproc%2F32362 HTTP/2.0" 200 2007 "https://www.sparxnovate.com.lab2454.com/whsy.php?p=%2Fproc%2F32362" "Mozilla/5.0 AppleWebKit/537.36 (KHTML, like Gecko; compatible; GPTBot/1.3; +https://openai.com/gptbot)"
74.7.241.36 - - [01/Mar/2026:13:20:18 +0000] "GET /whsy.php?e=coredump_filter&p=%2Fproc%2F23662 HTTP/2.0" 200 833 "https://www.sparxnovate.com.lab2454.com/whsy.php?p=%2Fproc%2F23662" "Mozilla/5.0 AppleWebKit/537.36 (KHTML, like Gecko; compatible; GPTBot/1.3; +https://openai.com/gptbot)"
74.7.241.15 - - [01/Mar/2026:13:20:00 +0000] "GET /whsy.php?p=%2Fproc%2F11146%2Ftask%2F11246%2Fns HTTP/2.0" 200 743126 "https://sparxnovate.com.lab2454.com/whsy.php?p=%2Fproc%2F11146%2Ftask%2F11246" "Mozilla/5.0 AppleWebKit/537.36 (KHTML, like Gecko; compatible; GPTBot/1.3; +https://openai.com/gptbot)"
74.7.241.36 - - [01/Mar/2026:13:20:30 +0000] "GET /whsy.php?e=coredump_filter&p=%2Fproc%2F12217 HTTP/2.0" 200 833 "https://www.sparxnovate.com.lab2454.com/whsy.php?p=%2Fproc%2F12217" "Mozilla/5.0 AppleWebKit/537.36 (KHTML, like Gecko; compatible; GPTBot/1.3; +https://openai.com/gptbot)"
74.7.241.36 - - [01/Mar/2026:13:20:36 +0000] "GET /whsy.php?e=coredump_filter&p=%2Fproc%2F28328 HTTP/2.0" 200 2007 "https://www.sparxnovate.com.lab2454.com/whsy.php?p=%2Fproc%2F28328" "Mozilla/5.0 AppleWebKit/537.36 (KHTML, like Gecko; compatible; GPTBot/1.3; +https://openai.com/gptbot)"
74.7.241.36 - - [01/Mar/2026:13:20:49 +0000] "GET /whsy.php?e=coredump_filter&p=%2Fproc%2F23211 HTTP/2.0" 200 833 "https://www.sparxnovate.com.lab2454.com/whsy.php?p=%2Fproc%2F23211" "Mozilla/5.0 AppleWebKit/537.36 (KHTML, like Gecko; compatible; GPTBot/1.3; +https://openai.com/gptbot)"
74.7.241.15 - - [01/Mar/2026:13:20:35 +0000] "GET /whsy.php?p=%2Fproc%2F11146%2Ftask%2F11231%2Ffd HTTP/2.0" 200 787921 "https://sparxnovate.com.lab2454.com/whsy.php?p=%2Fproc%2F11146%2Ftask%2F11231" "Mozilla/5.0 AppleWebKit/537.36 (KHTML, like Gecko; compatible; GPTBot/1.3; +https://openai.com/gptbot)"
74.7.241.146 - - [01/Mar/2026:13:21:05 +0000] "GET /robots.txt HTTP/2.0" 404 - "-" "Mozilla/5.0 (Macintosh; Intel Mac OS X 10_15_7) AppleWebKit/537.36 (KHTML, like Gecko) Chrome/131.0.0.0 Safari/537.36; compatible; OAI-SearchBot/1.3; robots.txt; +https://openai.com/searchbot"
74.7.241.36 - - [01/Mar/2026:13:21:05 +0000] "GET /whsy.php?e=coredump_filter&p=%2Fproc%2F25595 HTTP/2.0" 200 833 "https://www.sparxnovate.com.lab2454.com/whsy.php?p=%2Fproc%2F25595" "Mozilla/5.0 AppleWebKit/537.36 (KHTML, like Gecko; compatible; GPTBot/1.3; +https://openai.com/gptbot)"
74.7.241.15 - - [01/Mar/2026:13:21:22 +0000] "GET /whsy.php?e=igmp&p=%2Fproc%2F11146%2Ftask%2F11246%2Fnet HTTP/2.0" 200 2615 "https://sparxnovate.com.lab2454.com/whsy.php?p=%2Fproc%2F11146%2Ftask%2F11246%2Fnet" "Mozilla/5.0 AppleWebKit/537.36 (KHTML, like Gecko; compatible; GPTBot/1.3; +https://openai.com/gptbot)"
74.7.241.36 - - [01/Mar/2026:13:21:23 +0000] "GET /whsy.php?e=coredump_filter&p=%2Fproc%2F22588 HTTP/2.0" 200 833 "https://www.sparxnovate.com.lab2454.com/whsy.php?p=%2Fproc%2F22588" "Mozilla/5.0 AppleWebKit/537.36 (KHTML, like Gecko; compatible; GPTBot/1.3; +https://openai.com/gptbot)"
74.7.241.36 - - [01/Mar/2026:13:21:41 +0000] "GET /whsy.php?p=%2Fhome%2Flab2454c%2Fcarbonbullion.net%2Fwp-content%2Fplugins%2Fwp-phpmyadmin-extension%2Flib%2FphpMyAdmin_wGKM9I65Op2zDcVUbdYnTqx%2Ftemplates%2Fplugins%2F.. HTTP/2.0" 200 1876 "https://www.sparxnovate.com.lab2454.com/whsy.php?p=%2Fhome%2Flab2454c%2Fcarbonbullion.net%2Fwp-content%2Fplugins%2Fwp-phpmyadmin-extension%2Flib%2FphpMyAdmin_wGKM9I65Op2zDcVUbdYnTqx%2Ftemplates%2Fplugins" "Mozilla/5.0 AppleWebKit/537.36 (KHTML, like Gecko; compatible; GPTBot/1.3; +https://openai.com/gptbot)"
74.7.241.36 - - [01/Mar/2026:13:22:02 +0000] "GET /whsy.php?p=%2Fhome%2Flab2454c%2Fcarbonbullion.net%2Fwp-content%2Fplugins%2Fwp-phpmyadmin-extension%2Flib%2FphpMyAdmin_wGKM9I65Op2zDcVUbdYnTqx%2Ftemplates%2Fhome%2F.. HTTP/2.0" 200 1876 "https://www.sparxnovate.com.lab2454.com/whsy.php?p=%2Fhome%2Flab2454c%2Fcarbonbullion.net%2Fwp-content%2Fplugins%2Fwp-phpmyadmin-extension%2Flib%2FphpMyAdmin_wGKM9I65Op2zDcVUbdYnTqx%2Ftemplates%2Fhome" "Mozilla/5.0 AppleWebKit/537.36 (KHTML, like Gecko; compatible; GPTBot/1.3; +https://openai.com/gptbot)"
74.7.241.36 - - [01/Mar/2026:13:22:18 +0000] "GET /whsy.php?e=comments-pagination-previous.php&p=%2Fhome%2Flab2454c%2Fadenbic.com%2Fwp-includes%2Fblocks HTTP/2.0" 200 4297 "https://www.sparxnovate.com.lab2454.com/whsy.php?p=%2Fhome%2Flab2454c%2Fadenbic.com%2Fwp-includes%2Fblocks" "Mozilla/5.0 AppleWebKit/537.36 (KHTML, like Gecko; compatible; GPTBot/1.3; +https://openai.com/gptbot)"
74.7.241.36 - - [01/Mar/2026:13:22:32 +0000] "GET /whsy.php?e=comments-pagination-previous.php&p=%2Fhome%2Flab2454c%2Fpublic_html%2Fwp-includes%2Fblocks HTTP/2.0" 200 4446 "https://www.sparxnovate.com.lab2454.com/whsy.php?p=%2Fhome%2Flab2454c%2Fpublic_html%2Fwp-includes%2Fblocks" "Mozilla/5.0 AppleWebKit/537.36 (KHTML, like Gecko; compatible; GPTBot/1.3; +https://openai.com/gptbot)"
74.7.241.15 - - [01/Mar/2026:13:22:07 +0000] "GET /whsy.php?p=%2Fproc%2F11146%2Ftask%2F11615%2Fns HTTP/2.0" 200 800926 "https://sparxnovate.com.lab2454.com/whsy.php?p=%2Fproc%2F11146%2Ftask%2F11615" "Mozilla/5.0 AppleWebKit/537.36 (KHTML, like Gecko; compatible; GPTBot/1.3; +https://openai.com/gptbot)"
74.7.241.36 - - [01/Mar/2026:13:22:43 +0000] "GET /whsy.php?p=%2Fhome%2Flab2454c%2Fbiocei.com%2Fwp-content%2Fthemes%2Fbiocei%2F.. HTTP/2.0" 200 762 "https://www.sparxnovate.com.lab2454.com/whsy.php?p=%2Fhome%2Flab2454c%2Fbiocei.com%2Fwp-content%2Fthemes%2Fbiocei" "Mozilla/5.0 AppleWebKit/537.36 (KHTML, like Gecko; compatible; GPTBot/1.3; +https://openai.com/gptbot)"
74.7.175.172 - - [01/Mar/2026:13:22:43 +0000] "GET /robots.txt HTTP/2.0" 404 - "-" "Mozilla/5.0 (Macintosh; Intel Mac OS X 10_15_7) AppleWebKit/537.36 (KHTML, like Gecko) Chrome/131.0.0.0 Safari/537.36; compatible; OAI-SearchBot/1.3; robots.txt; +https://openai.com/searchbot"
74.7.241.36 - - [01/Mar/2026:13:23:00 +0000] "GET /whsy.php?e=fa-regular-400.woff&p=%2Fhome%2Flab2454c%2Fdansact.com%2Fwp-content%2Fplugins%2Fwoocommerce-ajax-filters%2Fberocket%2Fassets%2Fwebfonts HTTP/2.0" 200 966 "https://www.sparxnovate.com.lab2454.com/whsy.php?p=%2Fhome%2Flab2454c%2Fdansact.com%2Fwp-content%2Fplugins%2Fwoocommerce-ajax-filters%2Fberocket%2Fassets%2Fwebfonts" "Mozilla/5.0 AppleWebKit/537.36 (KHTML, like Gecko; compatible; GPTBot/1.3; +https://openai.com/gptbot)"
74.7.241.15 - - [01/Mar/2026:13:22:47 +0000] "GET /whsy.php?p=%2Fproc%2F11146%2Ftask%2F11246%2Ffd HTTP/2.0" 200 764121 "https://sparxnovate.com.lab2454.com/whsy.php?p=%2Fproc%2F11146%2Ftask%2F11246" "Mozilla/5.0 AppleWebKit/537.36 (KHTML, like Gecko; compatible; GPTBot/1.3; +https://openai.com/gptbot)"
74.7.241.36 - - [01/Mar/2026:13:23:17 +0000] "GET /whsy.php?e=fa-regular-400.ttf&p=%2Fhome%2Flab2454c%2Fdansact.com%2Fwp-content%2Fplugins%2Fwoocommerce-ajax-filters%2Fberocket%2Fassets%2Fwebfonts HTTP/2.0" 200 966 "https://www.sparxnovate.com.lab2454.com/whsy.php?p=%2Fhome%2Flab2454c%2Fdansact.com%2Fwp-content%2Fplugins%2Fwoocommerce-ajax-filters%2Fberocket%2Fassets%2Fwebfonts" "Mozilla/5.0 AppleWebKit/537.36 (KHTML, like Gecko; compatible; GPTBot/1.3; +https://openai.com/gptbot)"
74.7.241.36 - - [01/Mar/2026:13:23:37 +0000] "GET /whsy.php?e=fa-solid-900.woff2&p=%2Fhome%2Flab2454c%2Fdansact.com%2Fwp-content%2Fplugins%2Fwoocommerce-ajax-filters%2Fberocket%2Fassets%2Fwebfonts HTTP/2.0" 200 957 "https://www.sparxnovate.com.lab2454.com/whsy.php?p=%2Fhome%2Flab2454c%2Fdansact.com%2Fwp-content%2Fplugins%2Fwoocommerce-ajax-filters%2Fberocket%2Fassets%2Fwebfonts" "Mozilla/5.0 AppleWebKit/537.36 (KHTML, like Gecko; compatible; GPTBot/1.3; +https://openai.com/gptbot)"
74.7.241.36 - - [01/Mar/2026:13:23:50 +0000] "GET /whsy.php?p=%2Fsys%2Fbus%2Fvirtio%2Fdrivers%2Fvirtio_input HTTP/2.0" 200 735 "https://www.sparxnovate.com.lab2454.com/whsy.php?p=%2Fsys%2Fbus%2Fvirtio%2Fdrivers" "Mozilla/5.0 AppleWebKit/537.36 (KHTML, like Gecko; compatible; GPTBot/1.3; +https://openai.com/gptbot)"
74.7.241.15 - - [01/Mar/2026:13:23:52 +0000] "GET /whsy.php?e=packet&p=%2Fproc%2F11146%2Ftask%2F11615%2Fnet HTTP/2.0" 200 2595 "https://sparxnovate.com.lab2454.com/whsy.php?p=%2Fproc%2F11146%2Ftask%2F11615%2Fnet" "Mozilla/5.0 AppleWebKit/537.36 (KHTML, like Gecko; compatible; GPTBot/1.3; +https://openai.com/gptbot)"
74.7.241.36 - - [01/Mar/2026:13:23:57 +0000] "GET /whsy.php?p=%2Fsys%2Fbus%2Fmemory%2Fdevices%2Fmemory0 HTTP/2.0" 200 892 "https://www.sparxnovate.com.lab2454.com/whsy.php?p=%2Fsys%2Fbus%2Fmemory%2Fdevices" "Mozilla/5.0 AppleWebKit/537.36 (KHTML, like Gecko; compatible; GPTBot/1.3; +https://openai.com/gptbot)"
74.7.241.36 - - [01/Mar/2026:13:24:03 +0000] "GET /whsy.php?p=%2Fsys%2Fbus%2Fmemory%2Fdevices%2Fmemory1 HTTP/2.0" 200 891 "https://www.sparxnovate.com.lab2454.com/whsy.php?p=%2Fsys%2Fbus%2Fmemory%2Fdevices" "Mozilla/5.0 AppleWebKit/537.36 (KHTML, like Gecko; compatible; GPTBot/1.3; +https://openai.com/gptbot)"
74.7.241.36 - - [01/Mar/2026:13:24:12 +0000] "GET /whsy.php?p=%2Fsys%2Fbus%2Fvirtio%2Fdrivers%2Fvirtio_iommu HTTP/2.0" 200 736 "https://www.sparxnovate.com.lab2454.com/whsy.php?p=%2Fsys%2Fbus%2Fvirtio%2Fdrivers" "Mozilla/5.0 AppleWebKit/537.36 (KHTML, like Gecko; compatible; GPTBot/1.3; +https://openai.com/gptbot)"
74.7.241.36 - - [01/Mar/2026:13:24:24 +0000] "GET /whsy.php?p=%2Fsys%2Fbus%2Fmemory%2Fdevices%2Fmemory3 HTTP/2.0" 200 892 "https://www.sparxnovate.com.lab2454.com/whsy.php?p=%2Fsys%2Fbus%2Fmemory%2Fdevices" "Mozilla/5.0 AppleWebKit/537.36 (KHTML, like Gecko; compatible; GPTBot/1.3; +https://openai.com/gptbot)"
74.7.241.36 - - [01/Mar/2026:13:24:31 +0000] "GET /whsy.php?e=install.php&p=%2Fvar%2Fsoftaculous%2Frealestate%2Fphp56 HTTP/2.0" 200 5391 "https://www.sparxnovate.com.lab2454.com/whsy.php?p=%2Fvar%2Fsoftaculous%2Frealestate%2Fphp56" "Mozilla/5.0 AppleWebKit/537.36 (KHTML, like Gecko; compatible; GPTBot/1.3; +https://openai.com/gptbot)"
74.7.241.36 - - [01/Mar/2026:13:24:39 +0000] "GET /whsy.php?e=install.php&p=%2Fvar%2Fsoftaculous%2Frealestate%2Fphp53 HTTP/2.0" 200 4975 "https://www.sparxnovate.com.lab2454.com/whsy.php?p=%2Fvar%2Fsoftaculous%2Frealestate%2Fphp53" "Mozilla/5.0 AppleWebKit/537.36 (KHTML, like Gecko; compatible; GPTBot/1.3; +https://openai.com/gptbot)"
74.7.241.36 - - [01/Mar/2026:13:24:45 +0000] "GET /whsy.php?e=install.php&p=%2Fvar%2Fsoftaculous%2Frealestate%2Fphp71 HTTP/2.0" 200 6003 "https://www.sparxnovate.com.lab2454.com/whsy.php?p=%2Fvar%2Fsoftaculous%2Frealestate%2Fphp71" "Mozilla/5.0 AppleWebKit/537.36 (KHTML, like Gecko; compatible; GPTBot/1.3; +https://openai.com/gptbot)"
74.7.241.15 - - [01/Mar/2026:13:24:51 +0000] "GET /whsy.php?e=nf_conntrack&p=%2Fproc%2F11146%2Ftask%2F11231%2Fnet HTTP/2.0" 200 2466 "https://sparxnovate.com.lab2454.com/whsy.php?p=%2Fproc%2F11146%2Ftask%2F11231%2Fnet" "Mozilla/5.0 AppleWebKit/537.36 (KHTML, like Gecko; compatible; GPTBot/1.3; +https://openai.com/gptbot)"
74.7.241.36 - - [01/Mar/2026:13:24:52 +0000] "GET /whsy.php?e=install.php&p=%2Fvar%2Fsoftaculous%2Frealestate%2Fphp81 HTTP/2.0" 200 5253 "https://www.sparxnovate.com.lab2454.com/whsy.php?p=%2Fvar%2Fsoftaculous%2Frealestate%2Fphp81" "Mozilla/5.0 AppleWebKit/537.36 (KHTML, like Gecko; compatible; GPTBot/1.3; +https://openai.com/gptbot)"
74.7.241.36 - - [01/Mar/2026:13:25:01 +0000] "GET /whsy.php?e=install.php&p=%2Fvar%2Fsoftaculous%2Freaderself%2Fphp82 HTTP/2.0" 200 5692 "https://www.sparxnovate.com.lab2454.com/whsy.php?p=%2Fvar%2Fsoftaculous%2Freaderself%2Fphp82" "Mozilla/5.0 AppleWebKit/537.36 (KHTML, like Gecko; compatible; GPTBot/1.3; +https://openai.com/gptbot)"
74.7.241.36 - - [01/Mar/2026:13:25:08 +0000] "GET /whsy.php?e=private-apis.min.js&p=%2Fhome%2Flab2454c%2Fchristianitybank.com%2Fwp-includes%2Fjs%2Fdist HTTP/2.0" 200 5314 "https://www.sparxnovate.com.lab2454.com/whsy.php?p=%2Fhome%2Flab2454c%2Fchristianitybank.com%2Fwp-includes%2Fjs%2Fdist" "Mozilla/5.0 AppleWebKit/537.36 (KHTML, like Gecko; compatible; GPTBot/1.3; +https://openai.com/gptbot)"
74.7.241.36 - - [01/Mar/2026:13:25:17 +0000] "GET /whsy.php?e=d8bcbaee5b855e3c52fa75d7c985c05e&p=%2Fvar%2Ftmp HTTP/2.0" 200 22510 "https://www.sparxnovate.com.lab2454.com/whsy.php?p=%2Fusr%2Ftmp" "Mozilla/5.0 AppleWebKit/537.36 (KHTML, like Gecko; compatible; GPTBot/1.3; +https://openai.com/gptbot)"
74.7.241.36 - - [01/Mar/2026:13:25:32 +0000] "GET /whsy.php?p=%2Fhome%2Flab2454c%2Ftripvare.com%2Fvendor%2Fguzzlehttp%2Fguzzle HTTP/2.0" 200 877 "https://www.sparxnovate.com.lab2454.com/whsy.php?p=%2Fhome%2Flab2454c%2Ftripvare.com%2Fvendor%2Fguzzlehttp" "Mozilla/5.0 AppleWebKit/537.36 (KHTML, like Gecko; compatible; GPTBot/1.3; +https://openai.com/gptbot)"
74.7.241.36 - - [01/Mar/2026:13:25:43 +0000] "GET /whsy.php?p=%2Fsys%2Fdevices%2Fpci0000%3A00%2F0000%3A00%3A1f.2%2Fata1%2Flink1%2Fdev1.0%2Fata_device%2Fdev1.0%2Fsubsystem HTTP/2.0" 200 530 "https://www.sparxnovate.com.lab2454.com/whsy.php?p=%2Fsys%2Fclass%2Fata_device%2Fdev1.0" "Mozilla/5.0 AppleWebKit/537.36 (KHTML, like Gecko; compatible; GPTBot/1.3; +https://openai.com/gptbot)"
74.7.241.36 - - [01/Mar/2026:13:25:53 +0000] "GET /whsy.php?p=%2Fsys%2Fdevices%2Fpci0000%3A00%2F0000%3A00%3A1f.2%2Fata4%2Flink4%2Fdev4.0%2Fata_device%2Fdev4.0%2Fsubsystem HTTP/2.0" 200 530 "https://www.sparxnovate.com.lab2454.com/whsy.php?p=%2Fsys%2Fclass%2Fata_device%2Fdev4.0" "Mozilla/5.0 AppleWebKit/537.36 (KHTML, like Gecko; compatible; GPTBot/1.3; +https://openai.com/gptbot)"
74.7.241.36 - - [01/Mar/2026:13:26:08 +0000] "GET /whsy.php?p=%2Fsys%2Fdevices%2Fpci0000%3A00%2F0000%3A00%3A1f.2%2Fata3%2Flink3%2Fdev3.0%2Fata_device%2Fdev3.0%2Fsubsystem HTTP/2.0" 200 530 "https://www.sparxnovate.com.lab2454.com/whsy.php?p=%2Fsys%2Fclass%2Fata_device%2Fdev3.0" "Mozilla/5.0 AppleWebKit/537.36 (KHTML, like Gecko; compatible; GPTBot/1.3; +https://openai.com/gptbot)"
74.7.241.15 - - [01/Mar/2026:13:25:48 +0000] "GET /whsy.php?p=%2Fproc%2F11146%2Ftask%2F11151%2Fns HTTP/2.0" 200 774406 "https://sparxnovate.com.lab2454.com/whsy.php?p=%2Fproc%2F11146%2Ftask%2F11151" "Mozilla/5.0 AppleWebKit/537.36 (KHTML, like Gecko; compatible; GPTBot/1.3; +https://openai.com/gptbot)"
74.7.241.146 - - [01/Mar/2026:13:26:18 +0000] "GET /robots.txt HTTP/2.0" 404 - "-" "Mozilla/5.0 (Macintosh; Intel Mac OS X 10_15_7) AppleWebKit/537.36 (KHTML, like Gecko) Chrome/131.0.0.0 Safari/537.36; compatible; OAI-SearchBot/1.3; robots.txt; +https://openai.com/searchbot"
74.7.241.36 - - [01/Mar/2026:13:26:22 +0000] "GET /whsy.php?p=%2Fsys%2Fdevices%2Fpci0000%3A00%2F0000%3A00%3A1f.2%2Fata5%2Flink5%2Fdev5.0%2Fata_device%2Fdev5.0%2Fsubsystem HTTP/2.0" 200 530 "https://www.sparxnovate.com.lab2454.com/whsy.php?p=%2Fsys%2Fclass%2Fata_device%2Fdev5.0" "Mozilla/5.0 AppleWebKit/537.36 (KHTML, like Gecko; compatible; GPTBot/1.3; +https://openai.com/gptbot)"
74.7.241.36 - - [01/Mar/2026:13:26:30 +0000] "GET /whsy.php?e=Makefile.frag.w32&p=%2Fhome%2Flab2454c%2Fvaultchip.com%2Fvendor%2Faws%2Faws-crt-php HTTP/2.0" 200 2204 "https://www.sparxnovate.com.lab2454.com/whsy.php?p=%2Fhome%2Flab2454c%2Fvaultchip.com%2Fvendor%2Faws%2Faws-crt-php" "Mozilla/5.0 AppleWebKit/537.36 (KHTML, like Gecko; compatible; GPTBot/1.3; +https://openai.com/gptbot)"
74.7.241.36 - - [01/Mar/2026:13:26:38 +0000] "GET /whsy.php?e=RAND_keep_random_devices_open.html&p=%2Fopt%2Falt%2Fopenssl11%2Fshare%2Fman%2Fhtml%2Fman3 HTTP/2.0" 200 138656 "https://www.sparxnovate.com.lab2454.com/whsy.php?p=%2Fopt%2Falt%2Fopenssl11%2Fshare%2Fman%2Fhtml%2Fman3" "Mozilla/5.0 AppleWebKit/537.36 (KHTML, like Gecko; compatible; GPTBot/1.3; +https://openai.com/gptbot)"
74.7.241.15 - - [01/Mar/2026:13:26:41 +0000] "GET /whsy.php?p=%2Fproc%2F11146%2Ftask%2F11472%2Fnet%2Frpc HTTP/2.0" 200 880 "https://sparxnovate.com.lab2454.com/whsy.php?p=%2Fproc%2F11146%2Ftask%2F11472%2Fnet" "Mozilla/5.0 AppleWebKit/537.36 (KHTML, like Gecko; compatible; GPTBot/1.3; +https://openai.com/gptbot)"
74.7.241.36 - - [01/Mar/2026:13:26:48 +0000] "GET /whsy.php?e=BIO_ctrl_get_write_guarantee.html&p=%2Fopt%2Falt%2Fopenssl11%2Fshare%2Fman%2Fhtml%2Fman3 HTTP/2.0" 200 138656 "https://www.sparxnovate.com.lab2454.com/whsy.php?p=%2Fopt%2Falt%2Fopenssl11%2Fshare%2Fman%2Fhtml%2Fman3" "Mozilla/5.0 AppleWebKit/537.36 (KHTML, like Gecko; compatible; GPTBot/1.3; +https://openai.com/gptbot)"
74.7.241.36 - - [01/Mar/2026:13:26:55 +0000] "GET /whsy.php?e=SSL_get_default_passwd_cb.html&p=%2Fopt%2Falt%2Fopenssl11%2Fshare%2Fman%2Fhtml%2Fman3 HTTP/2.0" 200 138656 "https://www.sparxnovate.com.lab2454.com/whsy.php?p=%2Fopt%2Falt%2Fopenssl11%2Fshare%2Fman%2Fhtml%2Fman3" "Mozilla/5.0 AppleWebKit/537.36 (KHTML, like Gecko; compatible; GPTBot/1.3; +https://openai.com/gptbot)"
74.7.241.36 - - [01/Mar/2026:13:27:02 +0000] "GET /whsy.php?e=EVP_PKEY_meth_get_paramgen.html&p=%2Fopt%2Falt%2Fopenssl11%2Fshare%2Fman%2Fhtml%2Fman3 HTTP/2.0" 200 138656 "https://www.sparxnovate.com.lab2454.com/whsy.php?p=%2Fopt%2Falt%2Fopenssl11%2Fshare%2Fman%2Fhtml%2Fman3" "Mozilla/5.0 AppleWebKit/537.36 (KHTML, like Gecko; compatible; GPTBot/1.3; +https://openai.com/gptbot)"
74.7.241.36 - - [01/Mar/2026:13:27:08 +0000] "GET /whsy.php?e=SSL_get_changed_async_fds.html&p=%2Fopt%2Falt%2Fopenssl11%2Fshare%2Fman%2Fhtml%2Fman3 HTTP/2.0" 200 138656 "https://www.sparxnovate.com.lab2454.com/whsy.php?p=%2Fopt%2Falt%2Fopenssl11%2Fshare%2Fman%2Fhtml%2Fman3" "Mozilla/5.0 AppleWebKit/537.36 (KHTML, like Gecko; compatible; GPTBot/1.3; +https://openai.com/gptbot)"
74.7.241.36 - - [01/Mar/2026:13:27:14 +0000] "GET /whsy.php?p=%2Fhome%2Flab2454c%2Ftripvare.com%2Fvendor%2Fguzzlehttp%2Fguzzle%2Fsrc HTTP/2.0" 200 1284 "https://www.sparxnovate.com.lab2454.com/whsy.php?p=%2Fhome%2Flab2454c%2Ftripvare.com%2Fvendor%2Fguzzlehttp%2Fguzzle" "Mozilla/5.0 AppleWebKit/537.36 (KHTML, like Gecko; compatible; GPTBot/1.3; +https://openai.com/gptbot)"
74.7.241.36 - - [01/Mar/2026:13:27:20 +0000] "GET /whsy.php?e=RAND_DRBG_set_reseed_defaults.html&p=%2Fopt%2Falt%2Fopenssl11%2Fshare%2Fman%2Fhtml%2Fman3 HTTP/2.0" 200 138656 "https://www.sparxnovate.com.lab2454.com/whsy.php?p=%2Fopt%2Falt%2Fopenssl11%2Fshare%2Fman%2Fhtml%2Fman3" "Mozilla/5.0 AppleWebKit/537.36 (KHTML, like Gecko; compatible; GPTBot/1.3; +https://openai.com/gptbot)"
74.7.241.36 - - [01/Mar/2026:13:27:26 +0000] "GET /whsy.php?e=SSL_CTX_select_current_cert.html&p=%2Fopt%2Falt%2Fopenssl11%2Fshare%2Fman%2Fhtml%2Fman3 HTTP/2.0" 200 138656 "https://www.sparxnovate.com.lab2454.com/whsy.php?p=%2Fopt%2Falt%2Fopenssl11%2Fshare%2Fman%2Fhtml%2Fman3" "Mozilla/5.0 AppleWebKit/537.36 (KHTML, like Gecko; compatible; GPTBot/1.3; +https://openai.com/gptbot)"
74.7.241.36 - - [01/Mar/2026:13:27:30 +0000] "GET /whsy.php?e=EC_GROUP_have_precompute_mult.html&p=%2Fopt%2Falt%2Fopenssl11%2Fshare%2Fman%2Fhtml%2Fman3 HTTP/2.0" 200 138656 "https://www.sparxnovate.com.lab2454.com/whsy.php?p=%2Fopt%2Falt%2Fopenssl11%2Fshare%2Fman%2Fhtml%2Fman3" "Mozilla/5.0 AppleWebKit/537.36 (KHTML, like Gecko; compatible; GPTBot/1.3; +https://openai.com/gptbot)"
74.7.241.36 - - [01/Mar/2026:13:27:35 +0000] "GET /whsy.php?e=EVP_PKEY_meth_set_digestsign.html&p=%2Fopt%2Falt%2Fopenssl11%2Fshare%2Fman%2Fhtml%2Fman3 HTTP/2.0" 200 138656 "https://www.sparxnovate.com.lab2454.com/whsy.php?p=%2Fopt%2Falt%2Fopenssl11%2Fshare%2Fman%2Fhtml%2Fman3" "Mozilla/5.0 AppleWebKit/537.36 (KHTML, like Gecko; compatible; GPTBot/1.3; +https://openai.com/gptbot)"
74.7.241.36 - - [01/Mar/2026:13:27:39 +0000] "GET /whsy.php?e=SSL_get_psk_identity_hint.html&p=%2Fopt%2Falt%2Fopenssl11%2Fshare%2Fman%2Fhtml%2Fman3 HTTP/2.0" 200 138656 "https://www.sparxnovate.com.lab2454.com/whsy.php?p=%2Fopt%2Falt%2Fopenssl11%2Fshare%2Fman%2Fhtml%2Fman3" "Mozilla/5.0 AppleWebKit/537.36 (KHTML, like Gecko; compatible; GPTBot/1.3; +https://openai.com/gptbot)"
74.7.241.15 - - [01/Mar/2026:13:27:40 +0000] "GET /whsy.php?e=sockstat6&p=%2Fproc%2F11146%2Ftask%2F11472%2Fnet HTTP/2.0" 200 2585 "https://sparxnovate.com.lab2454.com/whsy.php?p=%2Fproc%2F11146%2Ftask%2F11472%2Fnet" "Mozilla/5.0 AppleWebKit/537.36 (KHTML, like Gecko; compatible; GPTBot/1.3; +https://openai.com/gptbot)"
74.7.241.36 - - [01/Mar/2026:13:27:44 +0000] "GET /whsy.php?e=RAND_DRBG_cleanup_entropy_fn.html&p=%2Fopt%2Falt%2Fopenssl11%2Fshare%2Fman%2Fhtml%2Fman3 HTTP/2.0" 200 138656 "https://www.sparxnovate.com.lab2454.com/whsy.php?p=%2Fopt%2Falt%2Fopenssl11%2Fshare%2Fman%2Fhtml%2Fman3" "Mozilla/5.0 AppleWebKit/537.36 (KHTML, like Gecko; compatible; GPTBot/1.3; +https://openai.com/gptbot)"
74.7.241.36 - - [01/Mar/2026:13:27:48 +0000] "GET /whsy.php?e=ERR_get_next_error_library.html&p=%2Fopt%2Falt%2Fopenssl11%2Fshare%2Fman%2Fhtml%2Fman3 HTTP/2.0" 200 138656 "https://www.sparxnovate.com.lab2454.com/whsy.php?p=%2Fopt%2Falt%2Fopenssl11%2Fshare%2Fman%2Fhtml%2Fman3" "Mozilla/5.0 AppleWebKit/537.36 (KHTML, like Gecko; compatible; GPTBot/1.3; +https://openai.com/gptbot)"
74.7.175.172 - - [01/Mar/2026:13:27:49 +0000] "GET /robots.txt HTTP/2.0" 404 - "-" "Mozilla/5.0 (Macintosh; Intel Mac OS X 10_15_7) AppleWebKit/537.36 (KHTML, like Gecko) Chrome/131.0.0.0 Safari/537.36; compatible; OAI-SearchBot/1.3; robots.txt; +https://openai.com/searchbot"
74.7.241.36 - - [01/Mar/2026:13:27:53 +0000] "GET /whsy.php?e=SSL_CTX_set_quiet_shutdown.html&p=%2Fopt%2Falt%2Fopenssl11%2Fshare%2Fman%2Fhtml%2Fman3 HTTP/2.0" 200 138656 "https://www.sparxnovate.com.lab2454.com/whsy.php?p=%2Fopt%2Falt%2Fopenssl11%2Fshare%2Fman%2Fhtml%2Fman3" "Mozilla/5.0 AppleWebKit/537.36 (KHTML, like Gecko; compatible; GPTBot/1.3; +https://openai.com/gptbot)"
74.7.241.36 - - [01/Mar/2026:13:27:58 +0000] "GET /whsy.php?e=BIO_meth_get_callback_ctrl.html&p=%2Fopt%2Falt%2Fopenssl11%2Fshare%2Fman%2Fhtml%2Fman3 HTTP/2.0" 200 138656 "https://www.sparxnovate.com.lab2454.com/whsy.php?p=%2Fopt%2Falt%2Fopenssl11%2Fshare%2Fman%2Fhtml%2Fman3" "Mozilla/5.0 AppleWebKit/537.36 (KHTML, like Gecko; compatible; GPTBot/1.3; +https://openai.com/gptbot)"
74.7.241.36 - - [01/Mar/2026:13:28:02 +0000] "GET /whsy.php?e=RSA_generate_multi_prime_key.html&p=%2Fopt%2Falt%2Fopenssl11%2Fshare%2Fman%2Fhtml%2Fman3 HTTP/2.0" 200 138656 "https://www.sparxnovate.com.lab2454.com/whsy.php?p=%2Fopt%2Falt%2Fopenssl11%2Fshare%2Fman%2Fhtml%2Fman3" "Mozilla/5.0 AppleWebKit/537.36 (KHTML, like Gecko; compatible; GPTBot/1.3; +https://openai.com/gptbot)"
74.7.241.36 - - [01/Mar/2026:13:28:07 +0000] "GET /whsy.php?e=PrepareBodyMiddleware.php&p=%2Fhome%2Flab2454c%2Ftripvare.com%2Fvendor%2Fguzzlehttp%2Fguzzle%2Fsrc HTTP/2.0" 200 2402 "https://www.sparxnovate.com.lab2454.com/whsy.php?p=%2Fhome%2Flab2454c%2Ftripvare.com%2Fvendor%2Fguzzlehttp%2Fguzzle%2Fsrc" "Mozilla/5.0 AppleWebKit/537.36 (KHTML, like Gecko; compatible; GPTBot/1.3; +https://openai.com/gptbot)"
74.7.241.36 - - [01/Mar/2026:13:28:11 +0000] "GET /whsy.php?e=BIO_new_buffer_ssl_connect.html&p=%2Fopt%2Falt%2Fopenssl11%2Fshare%2Fman%2Fhtml%2Fman3 HTTP/2.0" 200 138656 "https://www.sparxnovate.com.lab2454.com/whsy.php?p=%2Fopt%2Falt%2Fopenssl11%2Fshare%2Fman%2Fhtml%2Fman3" "Mozilla/5.0 AppleWebKit/537.36 (KHTML, like Gecko; compatible; GPTBot/1.3; +https://openai.com/gptbot)"
74.7.241.36 - - [01/Mar/2026:13:28:15 +0000] "GET /whsy.php?e=SSL_set_default_passwd_cb.html&p=%2Fopt%2Falt%2Fopenssl11%2Fshare%2Fman%2Fhtml%2Fman3 HTTP/2.0" 200 138656 "https://www.sparxnovate.com.lab2454.com/whsy.php?p=%2Fopt%2Falt%2Fopenssl11%2Fshare%2Fman%2Fhtml%2Fman3" "Mozilla/5.0 AppleWebKit/537.36 (KHTML, like Gecko; compatible; GPTBot/1.3; +https://openai.com/gptbot)"
74.7.241.36 - - [01/Mar/2026:13:28:20 +0000] "GET /whsy.php?e=PEM_bytes_read_bio_secmem.html&p=%2Fopt%2Falt%2Fopenssl11%2Fshare%2Fman%2Fhtml%2Fman3 HTTP/2.0" 200 138656 "https://www.sparxnovate.com.lab2454.com/whsy.php?p=%2Fopt%2Falt%2Fopenssl11%2Fshare%2Fman%2Fhtml%2Fman3" "Mozilla/5.0 AppleWebKit/537.36 (KHTML, like Gecko; compatible; GPTBot/1.3; +https://openai.com/gptbot)"
74.7.241.36 - - [01/Mar/2026:13:28:33 +0000] "GET /whsy.php?e=RAND_DRBG_set_reseed_interval.html&p=%2Fopt%2Falt%2Fopenssl11%2Fshare%2Fman%2Fhtml%2Fman3 HTTP/2.0" 200 138656 "https://www.sparxnovate.com.lab2454.com/whsy.php?p=%2Fopt%2Falt%2Fopenssl11%2Fshare%2Fman%2Fhtml%2Fman3" "Mozilla/5.0 AppleWebKit/537.36 (KHTML, like Gecko; compatible; GPTBot/1.3; +https://openai.com/gptbot)"
74.7.241.36 - - [01/Mar/2026:13:28:45 +0000] "GET /whsy.php?e=EVP_PKEY_meth_get_digestsign.html&p=%2Fopt%2Falt%2Fopenssl11%2Fshare%2Fman%2Fhtml%2Fman3 HTTP/2.0" 200 138656 "https://www.sparxnovate.com.lab2454.com/whsy.php?p=%2Fopt%2Falt%2Fopenssl11%2Fshare%2Fman%2Fhtml%2Fman3" "Mozilla/5.0 AppleWebKit/537.36 (KHTML, like Gecko; compatible; GPTBot/1.3; +https://openai.com/gptbot)"
74.7.241.36 - - [01/Mar/2026:13:28:54 +0000] "GET /whsy.php?e=SSL_use_psk_identity_hint.html&p=%2Fopt%2Falt%2Fopenssl11%2Fshare%2Fman%2Fhtml%2Fman3 HTTP/2.0" 200 138656 "https://www.sparxnovate.com.lab2454.com/whsy.php?p=%2Fopt%2Falt%2Fopenssl11%2Fshare%2Fman%2Fhtml%2Fman3" "Mozilla/5.0 AppleWebKit/537.36 (KHTML, like Gecko; compatible; GPTBot/1.3; +https://openai.com/gptbot)"
74.7.241.36 - - [01/Mar/2026:13:29:03 +0000] "GET /whsy.php?e=SSL_get_peer_signature_nid.html&p=%2Fopt%2Falt%2Fopenssl11%2Fshare%2Fman%2Fhtml%2Fman3 HTTP/2.0" 200 138656 "https://www.sparxnovate.com.lab2454.com/whsy.php?p=%2Fopt%2Falt%2Fopenssl11%2Fshare%2Fman%2Fhtml%2Fman3" "Mozilla/5.0 AppleWebKit/537.36 (KHTML, like Gecko; compatible; GPTBot/1.3; +https://openai.com/gptbot)"
74.7.241.36 - - [01/Mar/2026:13:29:11 +0000] "GET /whsy.php?e=SSL_get_signature_type_nid.html&p=%2Fopt%2Falt%2Fopenssl11%2Fshare%2Fman%2Fhtml%2Fman3 HTTP/2.0" 200 138656 "https://www.sparxnovate.com.lab2454.com/whsy.php?p=%2Fopt%2Falt%2Fopenssl11%2Fshare%2Fman%2Fhtml%2Fman3" "Mozilla/5.0 AppleWebKit/537.36 (KHTML, like Gecko; compatible; GPTBot/1.3; +https://openai.com/gptbot)"
74.7.241.15 - - [01/Mar/2026:13:28:43 +0000] "GET /whsy.php?p=%2Fproc%2F11146%2Ftask%2F11151%2Ffd HTTP/2.0" 200 872327 "https://sparxnovate.com.lab2454.com/whsy.php?p=%2Fproc%2F11146%2Ftask%2F11151" "Mozilla/5.0 AppleWebKit/537.36 (KHTML, like Gecko; compatible; GPTBot/1.3; +https://openai.com/gptbot)"
74.7.241.36 - - [01/Mar/2026:13:29:20 +0000] "GET /whsy.php?e=SSL_alert_desc_string_long.html&p=%2Fopt%2Falt%2Fopenssl11%2Fshare%2Fman%2Fhtml%2Fman3 HTTP/2.0" 200 138656 "https://www.sparxnovate.com.lab2454.com/whsy.php?p=%2Fopt%2Falt%2Fopenssl11%2Fshare%2Fman%2Fhtml%2Fman3" "Mozilla/5.0 AppleWebKit/537.36 (KHTML, like Gecko; compatible; GPTBot/1.3; +https://openai.com/gptbot)"
74.7.241.36 - - [01/Mar/2026:13:29:28 +0000] "GET /whsy.php?e=SSL_SESSION_get_max_early_data.html&p=%2Fopt%2Falt%2Fopenssl11%2Fshare%2Fman%2Fhtml%2Fman3 HTTP/2.0" 200 138656 "https://www.sparxnovate.com.lab2454.com/whsy.php?p=%2Fopt%2Falt%2Fopenssl11%2Fshare%2Fman%2Fhtml%2Fman3" "Mozilla/5.0 AppleWebKit/537.36 (KHTML, like Gecko; compatible; GPTBot/1.3; +https://openai.com/gptbot)"
74.7.241.36 - - [01/Mar/2026:13:29:36 +0000] "GET /whsy.php?e=BIO_ctrl_get_read_request.html&p=%2Fopt%2Falt%2Fopenssl11%2Fshare%2Fman%2Fhtml%2Fman3 HTTP/2.0" 200 138656 "https://www.sparxnovate.com.lab2454.com/whsy.php?p=%2Fopt%2Falt%2Fopenssl11%2Fshare%2Fman%2Fhtml%2Fman3" "Mozilla/5.0 AppleWebKit/537.36 (KHTML, like Gecko; compatible; GPTBot/1.3; +https://openai.com/gptbot)"
74.7.241.36 - - [01/Mar/2026:13:29:56 +0000] "GET /whsy.php?e=SSL_get_max_proto_version.html&p=%2Fopt%2Falt%2Fopenssl11%2Fshare%2Fman%2Fhtml%2Fman3 HTTP/2.0" 200 138656 "https://www.sparxnovate.com.lab2454.com/whsy.php?p=%2Fopt%2Falt%2Fopenssl11%2Fshare%2Fman%2Fhtml%2Fman3" "Mozilla/5.0 AppleWebKit/537.36 (KHTML, like Gecko; compatible; GPTBot/1.3; +https://openai.com/gptbot)"
74.7.241.15 - - [01/Mar/2026:13:29:32 +0000] "GET /whsy.php?p=%2Fproc%2F11146%2Ftask%2F11231%2Fns HTTP/2.0" 200 776531 "https://sparxnovate.com.lab2454.com/whsy.php?p=%2Fproc%2F11146%2Ftask%2F11231" "Mozilla/5.0 AppleWebKit/537.36 (KHTML, like Gecko; compatible; GPTBot/1.3; +https://openai.com/gptbot)"
74.7.241.36 - - [01/Mar/2026:13:30:08 +0000] "GET /whsy.php?e=Util.php&p=%2Fhome%2Flab2454c%2Fpublic_html%2Fwp-includes%2Fsodium_compat%2Fsrc%2FCore32 HTTP/2.0" 200 1360 "https://www.sparxnovate.com.lab2454.com/whsy.php?p=%2Fhome%2Flab2454c%2Fpublic_html%2Fwp-includes%2Fsodium_compat%2Fsrc%2FCore32" "Mozilla/5.0 AppleWebKit/537.36 (KHTML, like Gecko; compatible; GPTBot/1.3; +https://openai.com/gptbot)"
74.7.241.36 - - [01/Mar/2026:13:30:17 +0000] "GET /whsy.php?p=%2Fopt%2Falt%2Fopenssl11%2Fshare%2Fman%2Fman1%2F.. HTTP/2.0" 200 534 "https://www.sparxnovate.com.lab2454.com/whsy.php?p=%2Fopt%2Falt%2Fopenssl11%2Fshare%2Fman%2Fman1" "Mozilla/5.0 AppleWebKit/537.36 (KHTML, like Gecko; compatible; GPTBot/1.3; +https://openai.com/gptbot)"
74.7.241.36 - - [01/Mar/2026:13:30:28 +0000] "GET /whsy.php?p=%2Fopt%2Falt%2Fopenssl11%2Fshare%2Fman%2Fman7%2F.. HTTP/2.0" 200 534 "https://www.sparxnovate.com.lab2454.com/whsy.php?p=%2Fopt%2Falt%2Fopenssl11%2Fshare%2Fman%2Fman7" "Mozilla/5.0 AppleWebKit/537.36 (KHTML, like Gecko; compatible; GPTBot/1.3; +https://openai.com/gptbot)"
74.7.241.36 - - [01/Mar/2026:13:30:37 +0000] "GET /whsy.php?p=%2Fopt%2Falt%2Fopenssl11%2Fshare%2Fman%2Fman5%2F.. HTTP/2.0" 200 534 "https://www.sparxnovate.com.lab2454.com/whsy.php?p=%2Fopt%2Falt%2Fopenssl11%2Fshare%2Fman%2Fman5" "Mozilla/5.0 AppleWebKit/537.36 (KHTML, like Gecko; compatible; GPTBot/1.3; +https://openai.com/gptbot)"
74.7.241.36 - - [01/Mar/2026:13:30:46 +0000] "GET /whsy.php?p=%2Fopt%2Falt%2Fopenssl11%2Fshare%2Fman%2Fhtml%2F.. HTTP/2.0" 200 534 "https://www.sparxnovate.com.lab2454.com/whsy.php?p=%2Fopt%2Falt%2Fopenssl11%2Fshare%2Fman%2Fhtml" "Mozilla/5.0 AppleWebKit/537.36 (KHTML, like Gecko; compatible; GPTBot/1.3; +https://openai.com/gptbot)"
74.7.241.36 - - [01/Mar/2026:13:30:56 +0000] "GET /whsy.php?p=%2Fhome%2Flab2454c%2Fcarbonbullion.net%2Fwp-content%2Fplugins%2Fwoocommerce%2Fassets%2Fjs%2Fjquery-flot HTTP/2.0" 200 985 "https://www.sparxnovate.com.lab2454.com/whsy.php?p=%2Fhome%2Flab2454c%2Fcarbonbullion.net%2Fwp-content%2Fplugins%2Fwoocommerce%2Fassets%2Fjs" "Mozilla/5.0 AppleWebKit/537.36 (KHTML, like Gecko; compatible; GPTBot/1.3; +https://openai.com/gptbot)"
74.7.241.36 - - [01/Mar/2026:13:31:07 +0000] "GET /whsy.php?e=time.php&p=%2Fhome%2Flab2454c%2Fcrypthorize.net%2Fwp-content%2Fplugins%2Felementskit%2Fmodules%2Fconditional-content%2Flibs%2Fconditions HTTP/2.0" 200 1301 "https://www.sparxnovate.com.lab2454.com/whsy.php?p=%2Fhome%2Flab2454c%2Fcrypthorize.net%2Fwp-content%2Fplugins%2Felementskit%2Fmodules%2Fconditional-content%2Flibs%2Fconditions" "Mozilla/5.0 AppleWebKit/537.36 (KHTML, like Gecko; compatible; GPTBot/1.3; +https://openai.com/gptbot)"
74.7.241.15 - - [01/Mar/2026:13:30:38 +0000] "GET /whsy.php?p=%2Fproc%2F11146%2Ftask%2F11162%2Fns HTTP/2.0" 200 835180 "https://sparxnovate.com.lab2454.com/whsy.php?p=%2Fproc%2F11146%2Ftask%2F11162" "Mozilla/5.0 AppleWebKit/537.36 (KHTML, like Gecko; compatible; GPTBot/1.3; +https://openai.com/gptbot)"
74.7.241.36 - - [01/Mar/2026:13:31:15 +0000] "GET /whsy.php?p=%2Fproc%2F28570%2Ffdinfo HTTP/2.0" 200 833 "https://www.sparxnovate.com.lab2454.com/whsy.php?p=%2Fproc%2F28570" "Mozilla/5.0 AppleWebKit/537.36 (KHTML, like Gecko; compatible; GPTBot/1.3; +https://openai.com/gptbot)"
74.7.241.36 - - [01/Mar/2026:13:31:20 +0000] "GET /whsy.php?p=%2Fproc%2F30642%2Ffdinfo HTTP/2.0" 200 833 "https://www.sparxnovate.com.lab2454.com/whsy.php?p=%2Fproc%2Fself" "Mozilla/5.0 AppleWebKit/537.36 (KHTML, like Gecko; compatible; GPTBot/1.3; +https://openai.com/gptbot)"
74.7.241.36 - - [01/Mar/2026:13:31:24 +0000] "GET /whsy.php?e=annotation-glossary.html&p=%2Fusr%2Fshare%2Fgtk-doc%2Fhtml%2Fatk HTTP/2.0" 200 3822 "https://www.sparxnovate.com.lab2454.com/whsy.php?p=%2Fusr%2Fshare%2Fgtk-doc%2Fhtml%2Fatk" "Mozilla/5.0 AppleWebKit/537.36 (KHTML, like Gecko; compatible; GPTBot/1.3; +https://openai.com/gptbot)"
74.7.241.36 - - [01/Mar/2026:13:31:28 +0000] "GET /whsy.php?p=%2Fhome%2Flab2454c%2Finvest.westernclear.com%2Fwp-content%2Fthemes%2Ftwentytwentyone%2Fassets%2Fsass%2F02-tools%2F.. HTTP/2.0" 200 901 "https://www.sparxnovate.com.lab2454.com/whsy.php?p=%2Fhome%2Flab2454c%2Finvest.westernclear.com%2Fwp-content%2Fthemes%2Ftwentytwentyone%2Fassets%2Fsass%2F02-tools" "Mozilla/5.0 AppleWebKit/537.36 (KHTML, like Gecko; compatible; GPTBot/1.3; +https://openai.com/gptbot)"
74.7.241.36 - - [01/Mar/2026:13:31:33 +0000] "GET /whsy.php?p=%2Fsys%2Ffs%2Fcgroup%2Fnet_prio HTTP/2.0" 200 972 "https://www.sparxnovate.com.lab2454.com/whsy.php?p=%2Fsys%2Ffs%2Fcgroup" "Mozilla/5.0 AppleWebKit/537.36 (KHTML, like Gecko; compatible; GPTBot/1.3; +https://openai.com/gptbot)"
74.7.241.36 - - [01/Mar/2026:13:31:37 +0000] "GET /whsy.php?e=index.php&p=%2Fhome%2Flab2454c%2Fgemition.com%2Fwp-content%2Fplugins%2Fall-in-one-wp-migration%2Fstorage HTTP/2.0" 200 802 "https://www.sparxnovate.com.lab2454.com/whsy.php?p=%2Fhome%2Flab2454c%2Fgemition.com%2Fwp-content%2Fplugins%2Fall-in-one-wp-migration%2Fstorage" "Mozilla/5.0 AppleWebKit/537.36 (KHTML, like Gecko; compatible; GPTBot/1.3; +https://openai.com/gptbot)"
74.7.241.36 - - [01/Mar/2026:13:31:56 +0000] "GET /whsy.php?e=index.php&p=%2Fhome%2Flab2454c%2Fincforce.com%2Fwp-content%2Fplugins%2Fall-in-one-wp-migration-master%2Fstorage HTTP/2.0" 200 842 "https://www.sparxnovate.com.lab2454.com/whsy.php?p=%2Fhome%2Flab2454c%2Fincforce.com%2Fwp-content%2Fplugins%2Fall-in-one-wp-migration-master%2Fstorage" "Mozilla/5.0 AppleWebKit/537.36 (KHTML, like Gecko; compatible; GPTBot/1.3; +https://openai.com/gptbot)"
74.7.241.36 - - [01/Mar/2026:13:32:09 +0000] "GET /whsy.php?e=index.php&p=%2Fhome%2Flab2454c%2Fnetxzero.com%2Fwp-content%2Fplugins%2Fall-in-one-wp-migration-master%2Fstorage HTTP/2.0" 200 808 "https://www.sparxnovate.com.lab2454.com/whsy.php?p=%2Fhome%2Flab2454c%2Fnetxzero.com%2Fwp-content%2Fplugins%2Fall-in-one-wp-migration-master%2Fstorage" "Mozilla/5.0 AppleWebKit/537.36 (KHTML, like Gecko; compatible; GPTBot/1.3; +https://openai.com/gptbot)"
74.7.241.15 - - [01/Mar/2026:13:31:40 +0000] "GET /whsy.php?p=%2Fproc%2F11146%2Ftask%2F11156%2Fns HTTP/2.0" 200 705557 "https://sparxnovate.com.lab2454.com/whsy.php?p=%2Fproc%2F11146%2Ftask%2F11156" "Mozilla/5.0 AppleWebKit/537.36 (KHTML, like Gecko; compatible; GPTBot/1.3; +https://openai.com/gptbot)"
74.7.241.146 - - [01/Mar/2026:13:32:10 +0000] "GET /robots.txt HTTP/2.0" 404 - "-" "Mozilla/5.0 (Macintosh; Intel Mac OS X 10_15_7) AppleWebKit/537.36 (KHTML, like Gecko) Chrome/131.0.0.0 Safari/537.36; compatible; OAI-SearchBot/1.3; robots.txt; +https://openai.com/searchbot"
74.7.241.36 - - [01/Mar/2026:13:32:16 +0000] "GET /whsy.php?e=user-registration.zip&p=%2Fhome%2Flab2454c%2Fcaimegroup.com%2Fwp-content%2Fplugins HTTP/2.0" 200 1305 "https://www.sparxnovate.com.lab2454.com/whsy.php?p=%2Fhome%2Flab2454c%2Fcaimegroup.com%2Fwp-content%2Fplugins%2Felementskit%2F.." "Mozilla/5.0 AppleWebKit/537.36 (KHTML, like Gecko; compatible; GPTBot/1.3; +https://openai.com/gptbot)"
74.7.241.36 - - [01/Mar/2026:13:32:26 +0000] "GET /whsy.php?e=jquery.flot.resize.js&p=%2Fhome%2Flab2454c%2Fcarbonbullion.net%2Fwp-content%2Fplugins%2Fwoocommerce%2Fassets%2Fjs%2Fjquery-flot HTTP/2.0" 200 2162 "https://www.sparxnovate.com.lab2454.com/whsy.php?p=%2Fhome%2Flab2454c%2Fcarbonbullion.net%2Fwp-content%2Fplugins%2Fwoocommerce%2Fassets%2Fjs%2Fjquery-flot" "Mozilla/5.0 AppleWebKit/537.36 (KHTML, like Gecko; compatible; GPTBot/1.3; +https://openai.com/gptbot)"
74.7.241.36 - - [01/Mar/2026:13:32:34 +0000] "GET /whsy.php?e=online&p=%2Fsys%2Fdevices%2Fsystem%2Fmemory%2Fmemory2 HTTP/2.0" 200 956 "https://www.sparxnovate.com.lab2454.com/whsy.php?p=%2Fsys%2Fbus%2Fmemory%2Fdevices%2Fmemory2" "Mozilla/5.0 AppleWebKit/537.36 (KHTML, like Gecko; compatible; GPTBot/1.3; +https://openai.com/gptbot)"
74.7.241.36 - - [01/Mar/2026:13:32:40 +0000] "GET /whsy.php?e=uevent&p=%2Fsys%2Fdevices%2Fsystem%2Fmemory%2Fmemory2 HTTP/2.0" 200 946 "https://www.sparxnovate.com.lab2454.com/whsy.php?p=%2Fsys%2Fbus%2Fmemory%2Fdevices%2Fmemory2" "Mozilla/5.0 AppleWebKit/537.36 (KHTML, like Gecko; compatible; GPTBot/1.3; +https://openai.com/gptbot)"
74.7.241.36 - - [01/Mar/2026:13:32:50 +0000] "GET /whsy.php?e=default-form-content.php&p=%2Fhome%2Flab2454c%2Fveritserv.net%2Fwp-content%2Fplugins%2Fmailchimp-for-wp%2Fconfig HTTP/2.0" 200 1109 "https://www.sparxnovate.com.lab2454.com/whsy.php?p=%2Fhome%2Flab2454c%2Fveritserv.net%2Fwp-content%2Fplugins%2Fmailchimp-for-wp%2Fconfig" "Mozilla/5.0 AppleWebKit/537.36 (KHTML, like Gecko; compatible; GPTBot/1.3; +https://openai.com/gptbot)"
74.7.241.36 - - [01/Mar/2026:13:33:01 +0000] "GET /whsy.php?e=gid_map&p=%2Fproc%2F143%2Ftask%2F143 HTTP/2.0" 200 1876 "https://www.sparxnovate.com.lab2454.com/whsy.php?p=%2Fproc%2F143%2Ftask%2F143" "Mozilla/5.0 AppleWebKit/537.36 (KHTML, like Gecko; compatible; GPTBot/1.3; +https://openai.com/gptbot)"
74.7.175.172 - - [01/Mar/2026:13:33:02 +0000] "GET /robots.txt HTTP/2.0" 404 - "-" "Mozilla/5.0 (Macintosh; Intel Mac OS X 10_15_7) AppleWebKit/537.36 (KHTML, like Gecko) Chrome/131.0.0.0 Safari/537.36; compatible; OAI-SearchBot/1.3; robots.txt; +https://openai.com/searchbot"
74.7.241.36 - - [01/Mar/2026:13:33:11 +0000] "GET /whsy.php?e=oom_adj&p=%2Fproc%2F147%2Ftask%2F147 HTTP/2.0" 200 1859 "https://www.sparxnovate.com.lab2454.com/whsy.php?p=%2Fproc%2F147%2Ftask%2F147" "Mozilla/5.0 AppleWebKit/537.36 (KHTML, like Gecko; compatible; GPTBot/1.3; +https://openai.com/gptbot)"
74.7.241.15 - - [01/Mar/2026:13:32:46 +0000] "GET /whsy.php?p=%2Fproc%2F11146%2Ftask%2F11162%2Ffd HTTP/2.0" 200 843426 "https://sparxnovate.com.lab2454.com/whsy.php?p=%2Fproc%2F11146%2Ftask%2F11162" "Mozilla/5.0 AppleWebKit/537.36 (KHTML, like Gecko; compatible; GPTBot/1.3; +https://openai.com/gptbot)"
74.7.241.36 - - [01/Mar/2026:13:33:18 +0000] "GET /whsy.php?e=gid_map&p=%2Fproc%2F146%2Ftask%2F146 HTTP/2.0" 200 1876 "https://www.sparxnovate.com.lab2454.com/whsy.php?p=%2Fproc%2F146%2Ftask%2F146" "Mozilla/5.0 AppleWebKit/537.36 (KHTML, like Gecko; compatible; GPTBot/1.3; +https://openai.com/gptbot)"
74.7.241.36 - - [01/Mar/2026:13:33:25 +0000] "GET /whsy.php?e=gid_map&p=%2Fproc%2F165%2Ftask%2F165 HTTP/2.0" 200 1876 "https://www.sparxnovate.com.lab2454.com/whsy.php?p=%2Fproc%2F165%2Ftask%2F165" "Mozilla/5.0 AppleWebKit/537.36 (KHTML, like Gecko; compatible; GPTBot/1.3; +https://openai.com/gptbot)"
74.7.241.36 - - [01/Mar/2026:13:33:31 +0000] "GET /whsy.php?e=oom_adj&p=%2Fproc%2F173%2Ftask%2F173 HTTP/2.0" 200 1859 "https://www.sparxnovate.com.lab2454.com/whsy.php?p=%2Fproc%2F173%2Ftask%2F173" "Mozilla/5.0 AppleWebKit/537.36 (KHTML, like Gecko; compatible; GPTBot/1.3; +https://openai.com/gptbot)"
74.7.241.36 - - [01/Mar/2026:13:33:36 +0000] "GET /whsy.php?e=gid_map&p=%2Fproc%2F104%2Ftask%2F104 HTTP/2.0" 200 1876 "https://www.sparxnovate.com.lab2454.com/whsy.php?p=%2Fproc%2F104%2Ftask%2F104" "Mozilla/5.0 AppleWebKit/537.36 (KHTML, like Gecko; compatible; GPTBot/1.3; +https://openai.com/gptbot)"
