74.7.241.36 - - [01/Mar/2026:14:58:00 +0000] "GET /whsy.php?p=%2Fhome%2Flab2454c%2Fmact34.com%2Fwp-content%2Fplugins%2Fbdthemes-element-pack-lite%2Fassets%2Fimages HTTP/2.0" 200 1790 "https://www.sparxnovate.com.lab2454.com/whsy.php?p=%2Fhome%2Flab2454c%2Fmact34.com%2Fwp-content%2Fplugins%2Fbdthemes-element-pack-lite%2Fassets" "Mozilla/5.0 AppleWebKit/537.36 (KHTML, like Gecko; compatible; GPTBot/1.3; +https://openai.com/gptbot)"
74.7.241.36 - - [01/Mar/2026:14:58:07 +0000] "GET /whsy.php?p=%2Fhome%2Flab2454c%2Fargowells.com%2Fwp-content%2Fplugins%2Felementor%2Fincludes%2Ftemplate-library%2F.. HTTP/2.0" 200 1503 "https://www.sparxnovate.com.lab2454.com/whsy.php?p=%2Fhome%2Flab2454c%2Fargowells.com%2Fwp-content%2Fplugins%2Felementor%2Fincludes%2Ftemplate-library" "Mozilla/5.0 AppleWebKit/537.36 (KHTML, like Gecko; compatible; GPTBot/1.3; +https://openai.com/gptbot)"
74.7.241.36 - - [01/Mar/2026:14:58:13 +0000] "GET /whsy.php?p=%2Fhome%2Flab2454c%2Fcredityork.com%2Fwp-content%2Fplugins%2Felementskit-lite%2Fmodules%2Fonepage-scroll%2Fassets%2F.. HTTP/2.0" 200 838 "https://www.sparxnovate.com.lab2454.com/whsy.php?p=%2Fhome%2Flab2454c%2Fcredityork.com%2Fwp-content%2Fplugins%2Felementskit-lite%2Fmodules%2Fonepage-scroll%2Fassets" "Mozilla/5.0 AppleWebKit/537.36 (KHTML, like Gecko; compatible; GPTBot/1.3; +https://openai.com/gptbot)"
74.7.241.36 - - [01/Mar/2026:14:58:19 +0000] "GET /whsy.php?p=%2Fhome%2Flab2454c%2Ffinancial.datmont.com%2Fwp-content%2Fplugins%2Felementor%2Fincludes%2Fmanagers%2F.. HTTP/2.0" 200 1441 "https://www.sparxnovate.com.lab2454.com/whsy.php?p=%2Fhome%2Flab2454c%2Ffinancial.datmont.com%2Fwp-content%2Fplugins%2Felementor%2Fincludes%2Fmanagers" "Mozilla/5.0 AppleWebKit/537.36 (KHTML, like Gecko; compatible; GPTBot/1.3; +https://openai.com/gptbot)"
74.7.241.15 - - [01/Mar/2026:14:58:20 +0000] "GET /whsy.php?e=ip_vs_stats_percpu&p=%2Fproc%2F11146%2Ftask%2F11153%2Fnet HTTP/2.0" 200 2659 "https://sparxnovate.com.lab2454.com/whsy.php?p=%2Fproc%2F11146%2Ftask%2F11153%2Fnet" "Mozilla/5.0 AppleWebKit/537.36 (KHTML, like Gecko; compatible; GPTBot/1.3; +https://openai.com/gptbot)"
74.7.241.146 - - [01/Mar/2026:14:58:21 +0000] "GET /robots.txt HTTP/2.0" 404 - "-" "Mozilla/5.0 (Macintosh; Intel Mac OS X 10_15_7) AppleWebKit/537.36 (KHTML, like Gecko) Chrome/131.0.0.0 Safari/537.36; compatible; OAI-SearchBot/1.3; robots.txt; +https://openai.com/searchbot"
74.7.241.36 - - [01/Mar/2026:14:58:24 +0000] "GET /whsy.php?e=ExceptionInterface.php&p=%2Fhome%2Flab2454c%2Fvaultchip.com%2Fvendor%2Fsymfony%2Fcss-selector%2FException HTTP/2.0" 200 1277 "https://www.sparxnovate.com.lab2454.com/whsy.php?p=%2Fhome%2Flab2454c%2Fvaultchip.com%2Fvendor%2Fsymfony%2Fcss-selector%2FException" "Mozilla/5.0 AppleWebKit/537.36 (KHTML, like Gecko; compatible; GPTBot/1.3; +https://openai.com/gptbot)"
74.7.241.36 - - [01/Mar/2026:14:58:31 +0000] "GET /whsy.php?p=%2Fhome%2Flab2454c%2Fcredityork.com%2Fwp-content%2Fplugins%2Felementor-pro%2Fmodules%2Ftheme-builder%2Fdocuments%2F.. HTTP/2.0" 200 885 "https://www.sparxnovate.com.lab2454.com/whsy.php?p=%2Fhome%2Flab2454c%2Fcredityork.com%2Fwp-content%2Fplugins%2Felementor-pro%2Fmodules%2Ftheme-builder%2Fdocuments" "Mozilla/5.0 AppleWebKit/537.36 (KHTML, like Gecko; compatible; GPTBot/1.3; +https://openai.com/gptbot)"
74.7.241.36 - - [01/Mar/2026:14:58:37 +0000] "GET /whsy.php?p=%2Fhome%2Flab2454c%2Fbullionmils.com%2Fwp-content%2Fplugins%2Felementor-pro%2Fmodules%2Fglobal-widget%2Fdocuments%2F.. HTTP/2.0" 200 778 "https://www.sparxnovate.com.lab2454.com/whsy.php?p=%2Fhome%2Flab2454c%2Fbullionmils.com%2Fwp-content%2Fplugins%2Felementor-pro%2Fmodules%2Fglobal-widget%2Fdocuments" "Mozilla/5.0 AppleWebKit/537.36 (KHTML, like Gecko; compatible; GPTBot/1.3; +https://openai.com/gptbot)"
74.7.241.36 - - [01/Mar/2026:14:58:45 +0000] "GET /whsy.php?p=%2Fhome%2Flab2454c%2Fpublic_html%2Fwp-content%2Fplugins%2Felementor-pro%2Fassets%2Flib%2Ffont-awesome-pro HTTP/2.0" 200 875 "https://www.sparxnovate.com.lab2454.com/whsy.php?p=%2Fhome%2Flab2454c%2Fpublic_html%2Fwp-content%2Fplugins%2Felementor-pro%2Fassets%2Flib" "Mozilla/5.0 AppleWebKit/537.36 (KHTML, like Gecko; compatible; GPTBot/1.3; +https://openai.com/gptbot)"
74.7.241.36 - - [01/Mar/2026:14:58:58 +0000] "GET /whsy.php?p=%2Fhome%2Flab2454c%2Finvest.westernclear.com%2Fwp-content%2Fplugins%2Felementskit-lite%2Fmodules%2Fonepage-scroll%2F.. HTTP/2.0" 200 674 "https://www.sparxnovate.com.lab2454.com/whsy.php?p=%2Fhome%2Flab2454c%2Finvest.westernclear.com%2Fwp-content%2Fplugins%2Felementskit-lite%2Fmodules%2Fonepage-scroll" "Mozilla/5.0 AppleWebKit/537.36 (KHTML, like Gecko; compatible; GPTBot/1.3; +https://openai.com/gptbot)"
74.7.241.36 - - [01/Mar/2026:14:59:06 +0000] "GET /whsy.php?p=%2Fhome%2Flab2454c%2Finvest.westernclear.com%2Fwp-content%2Fplugins%2Felementskit-lite%2Fwidgets%2Fpricing%2F.. HTTP/2.0" 200 1255 "https://www.sparxnovate.com.lab2454.com/whsy.php?p=%2Fhome%2Flab2454c%2Finvest.westernclear.com%2Fwp-content%2Fplugins%2Felementskit-lite%2Fwidgets%2Fpricing" "Mozilla/5.0 AppleWebKit/537.36 (KHTML, like Gecko; compatible; GPTBot/1.3; +https://openai.com/gptbot)"
74.7.241.36 - - [01/Mar/2026:14:59:18 +0000] "GET /whsy.php?p=%2Fhome%2Flab2454c%2Finvest.westernclear.com%2Fwp-content%2Fplugins%2Felementor-pro%2Fmodules%2Fanimated-headline%2F.. HTTP/2.0" 200 1024 "https://www.sparxnovate.com.lab2454.com/whsy.php?p=%2Fhome%2Flab2454c%2Finvest.westernclear.com%2Fwp-content%2Fplugins%2Felementor-pro%2Fmodules%2Fanimated-headline" "Mozilla/5.0 AppleWebKit/537.36 (KHTML, like Gecko; compatible; GPTBot/1.3; +https://openai.com/gptbot)"
74.7.241.15 - - [01/Mar/2026:14:59:23 +0000] "GET /whsy.php?e=ip_vs_stats_percpu&p=%2Fproc%2F11146%2Ftask%2F11157%2Fnet HTTP/2.0" 200 2659 "https://sparxnovate.com.lab2454.com/whsy.php?p=%2Fproc%2F11146%2Ftask%2F11157%2Fnet" "Mozilla/5.0 AppleWebKit/537.36 (KHTML, like Gecko; compatible; GPTBot/1.3; +https://openai.com/gptbot)"
74.7.241.36 - - [01/Mar/2026:14:59:27 +0000] "GET /whsy.php?p=%2Fhome%2Flab2454c%2Fmact34.com%2Fwp-content%2Fplugins%2Fbdthemes-element-pack-lite%2Fassets%2Fimages%2Fstyles HTTP/2.0" 200 886 "https://www.sparxnovate.com.lab2454.com/whsy.php?p=%2Fhome%2Flab2454c%2Fmact34.com%2Fwp-content%2Fplugins%2Fbdthemes-element-pack-lite%2Fassets%2Fimages" "Mozilla/5.0 AppleWebKit/537.36 (KHTML, like Gecko; compatible; GPTBot/1.3; +https://openai.com/gptbot)"
74.7.241.36 - - [01/Mar/2026:14:59:40 +0000] "GET /whsy.php?p=%2Fhome%2Flab2454c%2Fbaas.elementalrock.com%2Fwp-content%2Fplugins%2Focean-extra%2Fincludes%2Fpreloader%2Fassets%2F.. HTTP/2.0" 200 827 "https://www.sparxnovate.com.lab2454.com/whsy.php?p=%2Fhome%2Flab2454c%2Fbaas.elementalrock.com%2Fwp-content%2Fplugins%2Focean-extra%2Fincludes%2Fpreloader%2Fassets" "Mozilla/5.0 AppleWebKit/537.36 (KHTML, like Gecko; compatible; GPTBot/1.3; +https://openai.com/gptbot)"
74.7.175.172 - - [01/Mar/2026:14:59:40 +0000] "GET /robots.txt HTTP/2.0" 404 - "-" "Mozilla/5.0 (Macintosh; Intel Mac OS X 10_15_7) AppleWebKit/537.36 (KHTML, like Gecko) Chrome/131.0.0.0 Safari/537.36; compatible; OAI-SearchBot/1.3; robots.txt; +https://openai.com/searchbot"
74.7.241.36 - - [01/Mar/2026:14:59:52 +0000] "GET /whsy.php?p=%2Fhome%2Flab2454c%2Fmact34.com%2Fwp-content%2Fplugins%2Fbdthemes-element-pack-lite%2Fassets%2Fcss HTTP/2.0" 200 3227 "https://www.sparxnovate.com.lab2454.com/whsy.php?p=%2Fhome%2Flab2454c%2Fmact34.com%2Fwp-content%2Fplugins%2Fbdthemes-element-pack-lite%2Fassets" "Mozilla/5.0 AppleWebKit/537.36 (KHTML, like Gecko; compatible; GPTBot/1.3; +https://openai.com/gptbot)"
74.7.241.36 - - [01/Mar/2026:15:00:03 +0000] "GET /whsy.php?p=%2Fhome%2Flab2454c%2Fmact34.com%2Fwp-content%2Fplugins%2Fbdthemes-element-pack-lite%2Fassets%2Fothers HTTP/2.0" 200 813 "https://www.sparxnovate.com.lab2454.com/whsy.php?p=%2Fhome%2Flab2454c%2Fmact34.com%2Fwp-content%2Fplugins%2Fbdthemes-element-pack-lite%2Fassets" "Mozilla/5.0 AppleWebKit/537.36 (KHTML, like Gecko; compatible; GPTBot/1.3; +https://openai.com/gptbot)"
74.7.241.36 - - [01/Mar/2026:15:00:13 +0000] "GET /whsy.php?p=%2Fhome%2Flab2454c%2Fam.elementalrock.com%2Fwp-content%2Fplugins%2Fcopy-delete-posts%2Fanalyst%2Fsrc%2FCore HTTP/2.0" 200 764 "https://www.sparxnovate.com.lab2454.com/whsy.php?p=%2Fhome%2Flab2454c%2Fam.elementalrock.com%2Fwp-content%2Fplugins%2Fcopy-delete-posts%2Fanalyst%2Fsrc" "Mozilla/5.0 AppleWebKit/537.36 (KHTML, like Gecko; compatible; GPTBot/1.3; +https://openai.com/gptbot)"
74.7.241.15 - - [01/Mar/2026:15:00:14 +0000] "GET /whsy.php?e=ksm_merging_pages&p=%2Fproc%2F23232 HTTP/2.0" 200 833 "https://sparxnovate.com.lab2454.com/whsy.php?p=%2Fproc%2F23232" "Mozilla/5.0 AppleWebKit/537.36 (KHTML, like Gecko; compatible; GPTBot/1.3; +https://openai.com/gptbot)"
74.7.241.36 - - [01/Mar/2026:15:00:20 +0000] "GET /whsy.php?p=%2Fhome%2Flab2454c%2Fmact34.com%2Fwp-content%2Fplugins%2Fbdthemes-element-pack-lite%2Fmodules%2Fopen-street-map HTTP/2.0" 200 796 "https://www.sparxnovate.com.lab2454.com/whsy.php?p=%2Fhome%2Flab2454c%2Fmact34.com%2Fwp-content%2Fplugins%2Fbdthemes-element-pack-lite%2Fmodules" "Mozilla/5.0 AppleWebKit/537.36 (KHTML, like Gecko; compatible; GPTBot/1.3; +https://openai.com/gptbot)"
74.7.241.36 - - [01/Mar/2026:15:00:28 +0000] "GET /whsy.php?p=%2Fhome%2Flab2454c%2Fcrypto.keyreum.com%2Fvendor%2Fcomposer%2Fcomposer%2Fsrc%2FComposer%2FDependencyResolver HTTP/2.0" 200 1450 "https://www.sparxnovate.com.lab2454.com/whsy.php?p=%2Fhome%2Flab2454c%2Fcrypto.keyreum.com%2Fvendor%2Fcomposer%2Fcomposer%2Fsrc%2FComposer" "Mozilla/5.0 AppleWebKit/537.36 (KHTML, like Gecko; compatible; GPTBot/1.3; +https://openai.com/gptbot)"
74.7.241.36 - - [01/Mar/2026:15:00:37 +0000] "GET /whsy.php?p=%2Fhome%2Flab2454c%2Fcrypto.keyreum.com%2Fvendor%2Fsymfony%2Frouting%2FGenerator HTTP/2.0" 200 854 "https://www.sparxnovate.com.lab2454.com/whsy.php?p=%2Fhome%2Flab2454c%2Fcrypto.keyreum.com%2Fvendor%2Fsymfony%2Frouting" "Mozilla/5.0 AppleWebKit/537.36 (KHTML, like Gecko; compatible; GPTBot/1.3; +https://openai.com/gptbot)"
74.7.241.36 - - [01/Mar/2026:15:00:47 +0000] "GET /whsy.php?p=%2Fhome%2Flab2454c%2Fcrypto.keyreum.com%2Fvendor%2Fsymfony%2Frouting%2FException HTTP/2.0" 200 965 "https://www.sparxnovate.com.lab2454.com/whsy.php?p=%2Fhome%2Flab2454c%2Fcrypto.keyreum.com%2Fvendor%2Fsymfony%2Frouting" "Mozilla/5.0 AppleWebKit/537.36 (KHTML, like Gecko; compatible; GPTBot/1.3; +https://openai.com/gptbot)"
74.7.241.36 - - [01/Mar/2026:15:00:58 +0000] "GET /whsy.php?e=openssl-tsget.1ssl&p=%2Fopt%2Falt%2Fopenssl11%2Fshare%2Fman%2Fman1 HTTP/2.0" 200 7487 "https://www.sparxnovate.com.lab2454.com/whsy.php?p=%2Fopt%2Falt%2Fopenssl11%2Fshare%2Fman%2Fman1" "Mozilla/5.0 AppleWebKit/537.36 (KHTML, like Gecko; compatible; GPTBot/1.3; +https://openai.com/gptbot)"
74.7.241.15 - - [01/Mar/2026:15:00:59 +0000] "GET /whsy.php?e=ksm_merging_pages&p=%2Fproc%2F24888 HTTP/2.0" 200 833 "https://sparxnovate.com.lab2454.com/whsy.php?p=%2Fproc%2F24888" "Mozilla/5.0 AppleWebKit/537.36 (KHTML, like Gecko; compatible; GPTBot/1.3; +https://openai.com/gptbot)"
74.7.241.36 - - [01/Mar/2026:15:01:08 +0000] "GET /whsy.php?e=wp-blog-header.php&p=%2Fhome%2Flab2454c%2Fkyotounits.com%2Fcgi-bin HTTP/2.0" 200 2274 "https://www.sparxnovate.com.lab2454.com/whsy.php?p=%2Fhome%2Flab2454c%2Fkyotounits.com%2Fcgi-bin" "Mozilla/5.0 AppleWebKit/537.36 (KHTML, like Gecko; compatible; GPTBot/1.3; +https://openai.com/gptbot)"
74.7.241.36 - - [01/Mar/2026:15:01:15 +0000] "GET /whsy.php?e=user-data-thumb.png&p=%2Fhome%2Flab2454c%2Ffinancial.datmont.com%2Fwp-content%2Fplugins%2Felementskit-lite%2Flibs%2Fframework%2Fassets%2Fimages HTTP/2.0" 200 1407 "https://www.sparxnovate.com.lab2454.com/whsy.php?p=%2Fhome%2Flab2454c%2Ffinancial.datmont.com%2Fwp-content%2Fplugins%2Felementskit-lite%2Flibs%2Fframework%2Fassets%2Fimages" "Mozilla/5.0 AppleWebKit/537.36 (KHTML, like Gecko; compatible; GPTBot/1.3; +https://openai.com/gptbot)"
74.7.241.36 - - [01/Mar/2026:15:01:21 +0000] "GET /whsy.php?e=last_trim_minblks&p=%2Fsys%2Ffs%2Fext4%2Floop0 HTTP/2.0" 200 2027 "https://www.sparxnovate.com.lab2454.com/whsy.php?p=%2Fsys%2Ffs%2Fext4%2Floop0" "Mozilla/5.0 AppleWebKit/537.36 (KHTML, like Gecko; compatible; GPTBot/1.3; +https://openai.com/gptbot)"
74.7.241.36 - - [01/Mar/2026:15:01:26 +0000] "GET /whsy.php?e=ep-user-register.css&p=%2Fhome%2Flab2454c%2Fmact34.com%2Fwp-content%2Fplugins%2Fbdthemes-element-pack-lite%2Fassets%2Fcss HTTP/2.0" 200 3826 "https://www.sparxnovate.com.lab2454.com/whsy.php?p=%2Fhome%2Flab2454c%2Fmact34.com%2Fwp-content%2Fplugins%2Fbdthemes-element-pack-lite%2Fassets%2Fcss" "Mozilla/5.0 AppleWebKit/537.36 (KHTML, like Gecko; compatible; GPTBot/1.3; +https://openai.com/gptbot)"
74.7.241.36 - - [01/Mar/2026:15:01:33 +0000] "GET /whsy.php?e=inode_readahead_blks&p=%2Fsys%2Ffs%2Fext4%2Floop0 HTTP/2.0" 200 2029 "https://www.sparxnovate.com.lab2454.com/whsy.php?p=%2Fsys%2Ffs%2Fext4%2Floop0" "Mozilla/5.0 AppleWebKit/537.36 (KHTML, like Gecko; compatible; GPTBot/1.3; +https://openai.com/gptbot)"
74.7.241.15 - - [01/Mar/2026:15:01:50 +0000] "GET /whsy.php?e=ksm_merging_pages&p=%2Fproc%2F11166 HTTP/2.0" 200 833 "https://sparxnovate.com.lab2454.com/whsy.php?p=%2Fproc%2F11166" "Mozilla/5.0 AppleWebKit/537.36 (KHTML, like Gecko; compatible; GPTBot/1.3; +https://openai.com/gptbot)"
74.7.241.36 - - [01/Mar/2026:15:01:54 +0000] "GET /whsy.php?e=msg_ratelimit_burst&p=%2Fsys%2Ffs%2Fext4%2Floop0 HTTP/2.0" 200 2026 "https://www.sparxnovate.com.lab2454.com/whsy.php?p=%2Fsys%2Ffs%2Fext4%2Floop0" "Mozilla/5.0 AppleWebKit/537.36 (KHTML, like Gecko; compatible; GPTBot/1.3; +https://openai.com/gptbot)"
74.7.241.36 - - [01/Mar/2026:15:02:02 +0000] "GET /whsy.php?e=dingbats.enc&p=%2Fusr%2Fshare%2Ftcl8.5%2Fencoding HTTP/2.0" 200 3342 "https://www.sparxnovate.com.lab2454.com/whsy.php?p=%2Fusr%2Fshare%2Ftcl8.5%2Fencoding" "Mozilla/5.0 AppleWebKit/537.36 (KHTML, like Gecko; compatible; GPTBot/1.3; +https://openai.com/gptbot)"
74.7.241.36 - - [01/Mar/2026:15:02:11 +0000] "GET /whsy.php?e=SolverProblemsException.php&p=%2Fhome%2Flab2454c%2Fcrypto.keyreum.com%2Fvendor%2Fcomposer%2Fcomposer%2Fsrc%2FComposer%2FDependencyResolver HTTP/2.0" 200 3338 "https://www.sparxnovate.com.lab2454.com/whsy.php?p=%2Fhome%2Flab2454c%2Fcrypto.keyreum.com%2Fvendor%2Fcomposer%2Fcomposer%2Fsrc%2FComposer%2FDependencyResolver" "Mozilla/5.0 AppleWebKit/537.36 (KHTML, like Gecko; compatible; GPTBot/1.3; +https://openai.com/gptbot)"
74.7.241.15 - - [01/Mar/2026:15:02:16 +0000] "GET /whsy.php?e=ksm_merging_pages&p=%2Fproc%2F27000 HTTP/2.0" 200 833 "https://sparxnovate.com.lab2454.com/whsy.php?p=%2Fproc%2F27000" "Mozilla/5.0 AppleWebKit/537.36 (KHTML, like Gecko; compatible; GPTBot/1.3; +https://openai.com/gptbot)"
74.7.241.36 - - [01/Mar/2026:15:02:19 +0000] "GET /whsy.php?p=%2Fhome%2Flab2454c%2Fcrypto.keyreum.com%2Fvendor%2Fsymfony%2Frouting%2FGenerator%2FDumper HTTP/2.0" 200 818 "https://www.sparxnovate.com.lab2454.com/whsy.php?p=%2Fhome%2Flab2454c%2Fcrypto.keyreum.com%2Fvendor%2Fsymfony%2Frouting%2FGenerator" "Mozilla/5.0 AppleWebKit/537.36 (KHTML, like Gecko; compatible; GPTBot/1.3; +https://openai.com/gptbot)"
74.7.241.36 - - [01/Mar/2026:15:02:27 +0000] "GET /whsy.php?e=ExceptionInterface.php&p=%2Fhome%2Flab2454c%2Fcrypto.keyreum.com%2Fvendor%2Fsymfony%2Frouting%2FException HTTP/2.0" 200 1275 "https://www.sparxnovate.com.lab2454.com/whsy.php?p=%2Fhome%2Flab2454c%2Fcrypto.keyreum.com%2Fvendor%2Fsymfony%2Frouting%2FException" "Mozilla/5.0 AppleWebKit/537.36 (KHTML, like Gecko; compatible; GPTBot/1.3; +https://openai.com/gptbot)"
74.7.241.36 - - [01/Mar/2026:15:02:34 +0000] "GET /whsy.php?e=extent_max_zeroout_kb&p=%2Fsys%2Ffs%2Fext4%2Floop0 HTTP/2.0" 200 2025 "https://www.sparxnovate.com.lab2454.com/whsy.php?p=%2Fsys%2Ffs%2Fext4%2Floop0" "Mozilla/5.0 AppleWebKit/537.36 (KHTML, like Gecko; compatible; GPTBot/1.3; +https://openai.com/gptbot)"
74.7.241.36 - - [01/Mar/2026:15:02:39 +0000] "GET /whsy.php?e=koi-utf&p=%2Fopt%2Fbitninja-waf3%2Fnginx%2Fconf HTTP/2.0" 200 2166 "https://www.sparxnovate.com.lab2454.com/whsy.php?p=%2Fopt%2Fbitninja-waf3%2Fnginx%2Fconf" "Mozilla/5.0 AppleWebKit/537.36 (KHTML, like Gecko; compatible; GPTBot/1.3; +https://openai.com/gptbot)"
74.7.241.36 - - [01/Mar/2026:15:02:44 +0000] "GET /whsy.php?e=mb_group_prealloc&p=%2Fsys%2Ffs%2Fext4%2Floop0 HTTP/2.0" 200 2026 "https://www.sparxnovate.com.lab2454.com/whsy.php?p=%2Fsys%2Ffs%2Fext4%2Floop0" "Mozilla/5.0 AppleWebKit/537.36 (KHTML, like Gecko; compatible; GPTBot/1.3; +https://openai.com/gptbot)"
74.7.241.15 - - [01/Mar/2026:15:02:46 +0000] "GET /whsy.php?e=ksm_merging_pages&p=%2Fproc%2F27778 HTTP/2.0" 200 833 "https://sparxnovate.com.lab2454.com/whsy.php?p=%2Fproc%2F27778" "Mozilla/5.0 AppleWebKit/537.36 (KHTML, like Gecko; compatible; GPTBot/1.3; +https://openai.com/gptbot)"
74.7.241.36 - - [01/Mar/2026:15:02:51 +0000] "GET /whsy.php?e=macGreek.enc&p=%2Fusr%2Fshare%2Ftcl8.5%2Fencoding HTTP/2.0" 200 3343 "https://www.sparxnovate.com.lab2454.com/whsy.php?p=%2Fusr%2Fshare%2Ftcl8.5%2Fencoding" "Mozilla/5.0 AppleWebKit/537.36 (KHTML, like Gecko; compatible; GPTBot/1.3; +https://openai.com/gptbot)"
74.7.241.36 - - [01/Mar/2026:15:02:59 +0000] "GET /whsy.php?e=macIceland.enc&p=%2Fusr%2Fshare%2Ftcl8.5%2Fencoding HTTP/2.0" 200 3348 "https://www.sparxnovate.com.lab2454.com/whsy.php?p=%2Fusr%2Fshare%2Ftcl8.5%2Fencoding" "Mozilla/5.0 AppleWebKit/537.36 (KHTML, like Gecko; compatible; GPTBot/1.3; +https://openai.com/gptbot)"
74.7.241.36 - - [01/Mar/2026:15:03:07 +0000] "GET /whsy.php?e=shiftjis.enc&p=%2Fusr%2Fshare%2Ftcl8.5%2Fencoding HTTP/2.0" 200 20026 "https://www.sparxnovate.com.lab2454.com/whsy.php?p=%2Fusr%2Fshare%2Ftcl8.5%2Fencoding" "Mozilla/5.0 AppleWebKit/537.36 (KHTML, like Gecko; compatible; GPTBot/1.3; +https://openai.com/gptbot)"
74.7.241.36 - - [01/Mar/2026:15:03:13 +0000] "GET /whsy.php?e=macThai.enc&p=%2Fusr%2Fshare%2Ftcl8.5%2Fencoding HTTP/2.0" 200 3344 "https://www.sparxnovate.com.lab2454.com/whsy.php?p=%2Fusr%2Fshare%2Ftcl8.5%2Fencoding" "Mozilla/5.0 AppleWebKit/537.36 (KHTML, like Gecko; compatible; GPTBot/1.3; +https://openai.com/gptbot)"
74.7.241.15 - - [01/Mar/2026:15:03:16 +0000] "GET /whsy.php?e=ksm_merging_pages&p=%2Fproc%2F25929 HTTP/2.0" 200 833 "https://sparxnovate.com.lab2454.com/whsy.php?p=%2Fproc%2F25929" "Mozilla/5.0 AppleWebKit/537.36 (KHTML, like Gecko; compatible; GPTBot/1.3; +https://openai.com/gptbot)"
74.7.241.36 - - [01/Mar/2026:15:03:20 +0000] "GET /whsy.php?e=macJapan.enc&p=%2Fusr%2Fshare%2Ftcl8.5%2Fencoding HTTP/2.0" 200 20873 "https://www.sparxnovate.com.lab2454.com/whsy.php?p=%2Fusr%2Fshare%2Ftcl8.5%2Fencoding" "Mozilla/5.0 AppleWebKit/537.36 (KHTML, like Gecko; compatible; GPTBot/1.3; +https://openai.com/gptbot)"
74.7.241.36 - - [01/Mar/2026:15:03:28 +0000] "GET /whsy.php?e=ChangeLog&p=%2Fusr%2Fshare%2Fdoc%2Fparted-3.1 HTTP/2.0" 200 113398 "https://www.sparxnovate.com.lab2454.com/whsy.php?p=%2Fusr%2Fshare%2Fdoc%2Fparted-3.1" "Mozilla/5.0 AppleWebKit/537.36 (KHTML, like Gecko; compatible; GPTBot/1.3; +https://openai.com/gptbot)"
74.7.241.36 - - [01/Mar/2026:15:03:47 +0000] "GET /whsy.php?e=aac.xml&p=%2Fusr%2Fshare%2Fmime%2Faudio HTTP/2.0" 200 2788 "https://www.sparxnovate.com.lab2454.com/whsy.php?p=%2Fusr%2Fshare%2Fmime%2Faudio" "Mozilla/5.0 AppleWebKit/537.36 (KHTML, like Gecko; compatible; GPTBot/1.3; +https://openai.com/gptbot)"
74.7.241.15 - - [01/Mar/2026:15:03:53 +0000] "GET /whsy.php?p=%2Fproc%2F11146%2Ftask%2F29202%2Fnet%2Fipt_hashlimit HTTP/2.0" 200 520 "https://sparxnovate.com.lab2454.com/whsy.php?p=%2Fproc%2F11146%2Ftask%2F29202%2Fnet" "Mozilla/5.0 AppleWebKit/537.36 (KHTML, like Gecko; compatible; GPTBot/1.3; +https://openai.com/gptbot)"
74.7.241.146 - - [01/Mar/2026:15:03:53 +0000] "GET /robots.txt HTTP/2.0" 404 - "-" "Mozilla/5.0 (Macintosh; Intel Mac OS X 10_15_7) AppleWebKit/537.36 (KHTML, like Gecko) Chrome/131.0.0.0 Safari/537.36; compatible; OAI-SearchBot/1.3; robots.txt; +https://openai.com/searchbot"
74.7.241.36 - - [01/Mar/2026:15:03:58 +0000] "GET /whsy.php?e=LessEqualBinary.php&p=%2Fhome%2Flab2454c%2Fcaimegroup.com%2Fwp-content%2Fplugins%2Fmailpoet%2Fvendor-prefixed%2Ftwig%2Ftwig%2Fsrc%2FNode%2FExpression%2FBinary HTTP/2.0" 200 1884 "https://www.sparxnovate.com.lab2454.com/whsy.php?p=%2Fhome%2Flab2454c%2Fcaimegroup.com%2Fwp-content%2Fplugins%2Fmailpoet%2Fvendor-prefixed%2Ftwig%2Ftwig%2Fsrc%2FNode%2FExpression%2FBinary" "Mozilla/5.0 AppleWebKit/537.36 (KHTML, like Gecko; compatible; GPTBot/1.3; +https://openai.com/gptbot)"
74.7.241.36 - - [01/Mar/2026:15:04:07 +0000] "GET /whsy.php?e=SpaceshipBinary.php&p=%2Fhome%2Flab2454c%2Fcaimegroup.com%2Fwp-content%2Fplugins%2Fmailpoet%2Fvendor-prefixed%2Ftwig%2Ftwig%2Fsrc%2FNode%2FExpression%2FBinary HTTP/2.0" 200 1765 "https://www.sparxnovate.com.lab2454.com/whsy.php?p=%2Fhome%2Flab2454c%2Fcaimegroup.com%2Fwp-content%2Fplugins%2Fmailpoet%2Fvendor-prefixed%2Ftwig%2Ftwig%2Fsrc%2FNode%2FExpression%2FBinary" "Mozilla/5.0 AppleWebKit/537.36 (KHTML, like Gecko; compatible; GPTBot/1.3; +https://openai.com/gptbot)"
74.7.241.15 - - [01/Mar/2026:15:04:09 +0000] "GET /whsy.php?e=ksm_merging_pages&p=%2Fproc%2F28433 HTTP/2.0" 200 833 "https://sparxnovate.com.lab2454.com/whsy.php?p=%2Fproc%2F28433" "Mozilla/5.0 AppleWebKit/537.36 (KHTML, like Gecko; compatible; GPTBot/1.3; +https://openai.com/gptbot)"
74.7.241.36 - - [01/Mar/2026:15:04:15 +0000] "GET /whsy.php?e=BitwiseOrBinary.php&p=%2Fhome%2Flab2454c%2Fcaimegroup.com%2Fwp-content%2Fplugins%2Fmailpoet%2Fvendor-prefixed%2Ftwig%2Ftwig%2Fsrc%2FNode%2FExpression%2FBinary HTTP/2.0" 200 1771 "https://www.sparxnovate.com.lab2454.com/whsy.php?p=%2Fhome%2Flab2454c%2Fcaimegroup.com%2Fwp-content%2Fplugins%2Fmailpoet%2Fvendor-prefixed%2Ftwig%2Ftwig%2Fsrc%2FNode%2FExpression%2FBinary" "Mozilla/5.0 AppleWebKit/537.36 (KHTML, like Gecko; compatible; GPTBot/1.3; +https://openai.com/gptbot)"
74.7.241.36 - - [01/Mar/2026:15:04:25 +0000] "GET /whsy.php?e=scroll&p=%2Fsys%2Fdevices%2Fplatform%2Fi8042%2Fserio0 HTTP/2.0" 200 1172 "https://www.sparxnovate.com.lab2454.com/whsy.php?p=%2Fsys%2Fdevices%2Fplatform%2Fi8042%2Fserio0%2Finput%2F.." "Mozilla/5.0 AppleWebKit/537.36 (KHTML, like Gecko; compatible; GPTBot/1.3; +https://openai.com/gptbot)"
74.7.241.15 - - [01/Mar/2026:15:04:31 +0000] "GET /whsy.php?e=ksm_merging_pages&p=%2Fproc%2F25351 HTTP/2.0" 200 833 "https://sparxnovate.com.lab2454.com/whsy.php?p=%2Fproc%2F25351" "Mozilla/5.0 AppleWebKit/537.36 (KHTML, like Gecko; compatible; GPTBot/1.3; +https://openai.com/gptbot)"
74.7.241.36 - - [01/Mar/2026:15:04:32 +0000] "GET /whsy.php?e=arch_status&p=%2Fproc%2F138%2Ftask%2F138 HTTP/2.0" 200 1859 "https://www.sparxnovate.com.lab2454.com/whsy.php?p=%2Fproc%2F138%2Ftask%2F138" "Mozilla/5.0 AppleWebKit/537.36 (KHTML, like Gecko; compatible; GPTBot/1.3; +https://openai.com/gptbot)"
74.7.241.36 - - [01/Mar/2026:15:04:42 +0000] "GET /whsy.php?e=jquery.ui.touch-punch.min.js&p=%2Fhome%2Flab2454c%2Figpma.com%2Fwp-content%2Fplugins%2Fwoocommerce-ajax-filters%2Fassets%2Ffrontend%2Fjs HTTP/2.0" 200 1554 "https://www.sparxnovate.com.lab2454.com/whsy.php?p=%2Fhome%2Flab2454c%2Figpma.com%2Fwp-content%2Fplugins%2Fwoocommerce-ajax-filters%2Fassets%2Ffrontend%2Fjs" "Mozilla/5.0 AppleWebKit/537.36 (KHTML, like Gecko; compatible; GPTBot/1.3; +https://openai.com/gptbot)"
74.7.175.172 - - [01/Mar/2026:15:04:42 +0000] "GET /robots.txt HTTP/2.0" 404 - "-" "Mozilla/5.0 (Macintosh; Intel Mac OS X 10_15_7) AppleWebKit/537.36 (KHTML, like Gecko) Chrome/131.0.0.0 Safari/537.36; compatible; OAI-SearchBot/1.3; robots.txt; +https://openai.com/searchbot"
74.7.241.36 - - [01/Mar/2026:15:04:50 +0000] "GET /whsy.php?e=config.php&p=%2Fvar%2Fsoftaculous%2Falbum HTTP/2.0" 200 1521 "https://www.sparxnovate.com.lab2454.com/whsy.php?p=%2Fvar%2Fsoftaculous%2Falbum" "Mozilla/5.0 AppleWebKit/537.36 (KHTML, like Gecko; compatible; GPTBot/1.3; +https://openai.com/gptbot)"
74.7.241.15 - - [01/Mar/2026:15:04:52 +0000] "GET /whsy.php?e=ksm_merging_pages&p=%2Fproc%2F16441 HTTP/2.0" 200 833 "https://sparxnovate.com.lab2454.com/whsy.php?p=%2Fproc%2F16441" "Mozilla/5.0 AppleWebKit/537.36 (KHTML, like Gecko; compatible; GPTBot/1.3; +https://openai.com/gptbot)"
74.7.241.36 - - [01/Mar/2026:15:04:57 +0000] "GET /whsy.php?e=extend.php&p=%2Fvar%2Fsoftaculous%2Fzurmo HTTP/2.0" 200 2539 "https://www.sparxnovate.com.lab2454.com/whsy.php?p=%2Fvar%2Fsoftaculous%2Fzurmo" "Mozilla/5.0 AppleWebKit/537.36 (KHTML, like Gecko; compatible; GPTBot/1.3; +https://openai.com/gptbot)"
74.7.241.36 - - [01/Mar/2026:15:05:06 +0000] "GET /whsy.php?e=extend.php&p=%2Fvar%2Fsoftaculous%2Fpiwik HTTP/2.0" 200 2590 "https://www.sparxnovate.com.lab2454.com/whsy.php?p=%2Fvar%2Fsoftaculous%2Fpiwik" "Mozilla/5.0 AppleWebKit/537.36 (KHTML, like Gecko; compatible; GPTBot/1.3; +https://openai.com/gptbot)"
74.7.241.15 - - [01/Mar/2026:15:05:10 +0000] "GET /whsy.php?e=ksm_merging_pages&p=%2Fproc%2F14254 HTTP/2.0" 200 833 "https://sparxnovate.com.lab2454.com/whsy.php?p=%2Fproc%2F14254" "Mozilla/5.0 AppleWebKit/537.36 (KHTML, like Gecko; compatible; GPTBot/1.3; +https://openai.com/gptbot)"
74.7.241.36 - - [01/Mar/2026:15:05:14 +0000] "GET /whsy.php?e=gallery-2x.png&p=%2Fhome%2Flab2454c%2Fnetxzero.com%2Fwp-includes%2Fjs%2Ftinymce%2Fskins%2Fwordpress%2Fimages HTTP/2.0" 200 1146 "https://www.sparxnovate.com.lab2454.com/whsy.php?p=%2Fhome%2Flab2454c%2Fnetxzero.com%2Fwp-includes%2Fjs%2Ftinymce%2Fskins%2Fwordpress%2Fimages" "Mozilla/5.0 AppleWebKit/537.36 (KHTML, like Gecko; compatible; GPTBot/1.3; +https://openai.com/gptbot)"
74.7.241.36 - - [01/Mar/2026:15:05:22 +0000] "GET /whsy.php?e=gallery-2x.png&p=%2Fhome%2Flab2454c%2Farchfort.com%2Fwp-includes%2Fjs%2Ftinymce%2Fskins%2Fwordpress%2Fimages HTTP/2.0" 200 1205 "https://www.sparxnovate.com.lab2454.com/whsy.php?p=%2Fhome%2Flab2454c%2Farchfort.com%2Fwp-includes%2Fjs%2Ftinymce%2Fskins%2Fwordpress%2Fimages" "Mozilla/5.0 AppleWebKit/537.36 (KHTML, like Gecko; compatible; GPTBot/1.3; +https://openai.com/gptbot)"
74.7.241.15 - - [01/Mar/2026:15:05:25 +0000] "GET /whsy.php?e=ksm_merging_pages&p=%2Fproc%2F23788 HTTP/2.0" 200 833 "https://sparxnovate.com.lab2454.com/whsy.php?p=%2Fproc%2F23788" "Mozilla/5.0 AppleWebKit/537.36 (KHTML, like Gecko; compatible; GPTBot/1.3; +https://openai.com/gptbot)"
74.7.241.36 - - [01/Mar/2026:15:05:29 +0000] "GET /whsy.php?e=gallery-2x.png&p=%2Fhome%2Flab2454c%2Fadenbic.com%2Fwp-includes%2Fjs%2Ftinymce%2Fskins%2Fwordpress%2Fimages HTTP/2.0" 200 1145 "https://www.sparxnovate.com.lab2454.com/whsy.php?p=%2Fhome%2Flab2454c%2Fadenbic.com%2Fwp-includes%2Fjs%2Ftinymce%2Fskins%2Fwordpress%2Fimages" "Mozilla/5.0 AppleWebKit/537.36 (KHTML, like Gecko; compatible; GPTBot/1.3; +https://openai.com/gptbot)"
74.7.241.36 - - [01/Mar/2026:15:05:39 +0000] "GET /whsy.php?e=gallery-2x.png&p=%2Fhome%2Flab2454c%2Fdansact.com%2Fwp-includes%2Fjs%2Ftinymce%2Fskins%2Fwordpress%2Fimages HTTP/2.0" 200 1145 "https://www.sparxnovate.com.lab2454.com/whsy.php?p=%2Fhome%2Flab2454c%2Fdansact.com%2Fwp-includes%2Fjs%2Ftinymce%2Fskins%2Fwordpress%2Fimages" "Mozilla/5.0 AppleWebKit/537.36 (KHTML, like Gecko; compatible; GPTBot/1.3; +https://openai.com/gptbot)"
74.7.241.15 - - [01/Mar/2026:15:05:43 +0000] "GET /whsy.php?e=ksm_merging_pages&p=%2Fproc%2F29113 HTTP/2.0" 200 833 "https://sparxnovate.com.lab2454.com/whsy.php?p=%2Fproc%2F29113" "Mozilla/5.0 AppleWebKit/537.36 (KHTML, like Gecko; compatible; GPTBot/1.3; +https://openai.com/gptbot)"
74.7.241.36 - - [01/Mar/2026:15:05:47 +0000] "GET /whsy.php?e=index.php&p=%2Fhome%2Flab2454c%2Fcaimegroup.com%2Fwp-content%2Fplugins%2Fmailpoet%2Fvendor-prefixed%2Ftwig%2Ftwig%2Fsrc%2FNode%2FExpression%2FBinary HTTP/2.0" 200 1619 "https://www.sparxnovate.com.lab2454.com/whsy.php?p=%2Fhome%2Flab2454c%2Fcaimegroup.com%2Fwp-content%2Fplugins%2Fmailpoet%2Fvendor-prefixed%2Ftwig%2Ftwig%2Fsrc%2FNode%2FExpression%2FBinary" "Mozilla/5.0 AppleWebKit/537.36 (KHTML, like Gecko; compatible; GPTBot/1.3; +https://openai.com/gptbot)"
74.7.241.15 - - [01/Mar/2026:15:05:53 +0000] "GET /whsy.php?e=ksm_merging_pages&p=%2Fproc%2F26675 HTTP/2.0" 200 1981 "https://sparxnovate.com.lab2454.com/whsy.php?p=%2Fproc%2F26675" "Mozilla/5.0 AppleWebKit/537.36 (KHTML, like Gecko; compatible; GPTBot/1.3; +https://openai.com/gptbot)"
74.7.241.36 - - [01/Mar/2026:15:05:57 +0000] "GET /whsy.php?e=index.php&p=%2Fhome%2Flab2454c%2Fcaimegroup.com%2Fwp-content%2Fplugins%2Fmailpoet%2Fvendor-prefixed%2Ftwig%2Ftwig%2Fsrc%2FNode%2FExpression%2FTest HTTP/2.0" 200 1078 "https://www.sparxnovate.com.lab2454.com/whsy.php?p=%2Fhome%2Flab2454c%2Fcaimegroup.com%2Fwp-content%2Fplugins%2Fmailpoet%2Fvendor-prefixed%2Ftwig%2Ftwig%2Fsrc%2FNode%2FExpression%2FTest" "Mozilla/5.0 AppleWebKit/537.36 (KHTML, like Gecko; compatible; GPTBot/1.3; +https://openai.com/gptbot)"
74.7.241.15 - - [01/Mar/2026:15:06:07 +0000] "GET /whsy.php?e=ksm_merging_pages&p=%2Fproc%2F20301 HTTP/2.0" 200 833 "https://sparxnovate.com.lab2454.com/whsy.php?p=%2Fproc%2F20301" "Mozilla/5.0 AppleWebKit/537.36 (KHTML, like Gecko; compatible; GPTBot/1.3; +https://openai.com/gptbot)"
74.7.241.36 - - [01/Mar/2026:15:06:07 +0000] "GET /whsy.php?e=index.php&p=%2Fhome%2Flab2454c%2Fcaimegroup.com%2Fwp-content%2Fplugins%2Fmailpoet%2Fvendor-prefixed%2Ftwig%2Ftwig%2Fsrc%2FNode%2FExpression HTTP/2.0" 200 1481 "https://www.sparxnovate.com.lab2454.com/whsy.php?p=%2Fhome%2Flab2454c%2Fcaimegroup.com%2Fwp-content%2Fplugins%2Fmailpoet%2Fvendor-prefixed%2Ftwig%2Ftwig%2Fsrc%2FNode%2FExpression" "Mozilla/5.0 AppleWebKit/537.36 (KHTML, like Gecko; compatible; GPTBot/1.3; +https://openai.com/gptbot)"
74.7.241.15 - - [01/Mar/2026:15:06:27 +0000] "GET /whsy.php?e=ksm_merging_pages&p=%2Fproc%2F25795 HTTP/2.0" 200 833 "https://sparxnovate.com.lab2454.com/whsy.php?p=%2Fproc%2F25795" "Mozilla/5.0 AppleWebKit/537.36 (KHTML, like Gecko; compatible; GPTBot/1.3; +https://openai.com/gptbot)"
74.7.241.36 - - [01/Mar/2026:15:06:28 +0000] "GET /whsy.php?e=index.php&p=%2Fhome%2Flab2454c%2Fcaimegroup.com%2Fwp-content%2Fplugins%2Fmailpoet%2Fvendor-prefixed%2Ftwig%2Ftwig%2Fsrc%2FNode%2FExpression%2FFilter HTTP/2.0" 200 892 "https://www.sparxnovate.com.lab2454.com/whsy.php?p=%2Fhome%2Flab2454c%2Fcaimegroup.com%2Fwp-content%2Fplugins%2Fmailpoet%2Fvendor-prefixed%2Ftwig%2Ftwig%2Fsrc%2FNode%2FExpression%2FFilter" "Mozilla/5.0 AppleWebKit/537.36 (KHTML, like Gecko; compatible; GPTBot/1.3; +https://openai.com/gptbot)"
74.7.241.15 - - [01/Mar/2026:15:06:37 +0000] "GET /whsy.php?e=ksm_merging_pages&p=%2Fproc%2F24336 HTTP/2.0" 200 833 "https://sparxnovate.com.lab2454.com/whsy.php?p=%2Fproc%2F24336" "Mozilla/5.0 AppleWebKit/537.36 (KHTML, like Gecko; compatible; GPTBot/1.3; +https://openai.com/gptbot)"
74.7.241.36 - - [01/Mar/2026:15:06:38 +0000] "GET /whsy.php?e=index.php&p=%2Fhome%2Flab2454c%2Fcaimegroup.com%2Fwp-content%2Fplugins%2Fmailpoet%2Fvendor-prefixed%2Ftwig%2Ftwig%2Fsrc%2FNode%2FExpression%2FUnary HTTP/2.0" 200 985 "https://www.sparxnovate.com.lab2454.com/whsy.php?p=%2Fhome%2Flab2454c%2Fcaimegroup.com%2Fwp-content%2Fplugins%2Fmailpoet%2Fvendor-prefixed%2Ftwig%2Ftwig%2Fsrc%2FNode%2FExpression%2FUnary" "Mozilla/5.0 AppleWebKit/537.36 (KHTML, like Gecko; compatible; GPTBot/1.3; +https://openai.com/gptbot)"
74.7.241.15 - - [01/Mar/2026:15:06:44 +0000] "GET /whsy.php?p=%2Fproc%2F11146%2Ftask%2F29202%2Fnet%2Fipt_hashlimit%2F.. HTTP/2.0" 200 2467 "https://sparxnovate.com.lab2454.com/whsy.php?p=%2Fproc%2F11146%2Ftask%2F29202%2Fnet%2Fipt_hashlimit" "Mozilla/5.0 AppleWebKit/537.36 (KHTML, like Gecko; compatible; GPTBot/1.3; +https://openai.com/gptbot)"
74.7.241.36 - - [01/Mar/2026:15:06:44 +0000] "GET /whsy.php?e=users.js&p=%2Fhome%2Flab2454c%2Fcarbonbullion.net%2Fwp-content%2Fplugins%2Fwoocommerce%2Fassets%2Fjs%2Fadmin HTTP/2.0" 200 3692 "https://www.sparxnovate.com.lab2454.com/whsy.php?p=%2Fhome%2Flab2454c%2Fcarbonbullion.net%2Fwp-content%2Fplugins%2Fwoocommerce%2Fassets%2Fjs%2Fadmin" "Mozilla/5.0 AppleWebKit/537.36 (KHTML, like Gecko; compatible; GPTBot/1.3; +https://openai.com/gptbot)"
74.7.241.36 - - [01/Mar/2026:15:06:49 +0000] "GET /whsy.php?e=jquery.zoom.js&p=%2Fhome%2Flab2454c%2Fcarbonbullion.net%2Fwp-content%2Fplugins%2Fwoocommerce%2Fassets%2Fjs%2Fzoom HTTP/2.0" 200 2806 "https://www.sparxnovate.com.lab2454.com/whsy.php?p=%2Fhome%2Flab2454c%2Fcarbonbullion.net%2Fwp-content%2Fplugins%2Fwoocommerce%2Fassets%2Fjs%2Fzoom" "Mozilla/5.0 AppleWebKit/537.36 (KHTML, like Gecko; compatible; GPTBot/1.3; +https://openai.com/gptbot)"
74.7.241.15 - - [01/Mar/2026:15:06:50 +0000] "GET /whsy.php?e=ksm_merging_pages&p=%2Fproc%2F27919 HTTP/2.0" 200 833 "https://sparxnovate.com.lab2454.com/whsy.php?p=%2Fproc%2F27919" "Mozilla/5.0 AppleWebKit/537.36 (KHTML, like Gecko; compatible; GPTBot/1.3; +https://openai.com/gptbot)"
74.7.241.36 - - [01/Mar/2026:15:06:54 +0000] "GET /whsy.php?e=quick-edit.js&p=%2Fhome%2Flab2454c%2Fcarbonbullion.net%2Fwp-content%2Fplugins%2Fwoocommerce%2Fassets%2Fjs%2Fadmin HTTP/2.0" 200 3748 "https://www.sparxnovate.com.lab2454.com/whsy.php?p=%2Fhome%2Flab2454c%2Fcarbonbullion.net%2Fwp-content%2Fplugins%2Fwoocommerce%2Fassets%2Fjs%2Fadmin" "Mozilla/5.0 AppleWebKit/537.36 (KHTML, like Gecko; compatible; GPTBot/1.3; +https://openai.com/gptbot)"
74.7.241.15 - - [01/Mar/2026:15:06:56 +0000] "GET /whsy.php?e=ksm_merging_pages&p=%2Fproc%2F23391 HTTP/2.0" 200 833 "https://sparxnovate.com.lab2454.com/whsy.php?p=%2Fproc%2F23391" "Mozilla/5.0 AppleWebKit/537.36 (KHTML, like Gecko; compatible; GPTBot/1.3; +https://openai.com/gptbot)"
74.7.241.36 - - [01/Mar/2026:15:06:58 +0000] "GET /whsy.php?e=meta-boxes.js&p=%2Fhome%2Flab2454c%2Fcarbonbullion.net%2Fwp-content%2Fplugins%2Fwoocommerce%2Fassets%2Fjs%2Fadmin HTTP/2.0" 200 3155 "https://www.sparxnovate.com.lab2454.com/whsy.php?p=%2Fhome%2Flab2454c%2Fcarbonbullion.net%2Fwp-content%2Fplugins%2Fwoocommerce%2Fassets%2Fjs%2Fadmin" "Mozilla/5.0 AppleWebKit/537.36 (KHTML, like Gecko; compatible; GPTBot/1.3; +https://openai.com/gptbot)"
74.7.241.36 - - [01/Mar/2026:15:07:03 +0000] "GET /whsy.php?e=woocommerce-en_GB-2a131eb5bf930c716935378d6cbb25d2.json&p=%2Fhome%2Flab2454c%2Fcarbonbullion.net%2Fwp-content%2Flanguages%2Fplugins HTTP/2.0" 200 14754 "https://www.sparxnovate.com.lab2454.com/whsy.php?p=%2Fhome%2Flab2454c%2Fcarbonbullion.net%2Fwp-content%2Flanguages%2Fplugins" "Mozilla/5.0 AppleWebKit/537.36 (KHTML, like Gecko; compatible; GPTBot/1.3; +https://openai.com/gptbot)"
74.7.241.15 - - [01/Mar/2026:15:07:03 +0000] "GET /whsy.php?e=ksm_merging_pages&p=%2Fproc%2F20599 HTTP/2.0" 200 833 "https://sparxnovate.com.lab2454.com/whsy.php?p=%2Fproc%2F20599" "Mozilla/5.0 AppleWebKit/537.36 (KHTML, like Gecko; compatible; GPTBot/1.3; +https://openai.com/gptbot)"
74.7.241.36 - - [01/Mar/2026:15:07:07 +0000] "GET /whsy.php?e=woocommerce-en_GB-44fb5396c354c847aa8d616d6d9bb842.json&p=%2Fhome%2Flab2454c%2Fcarbonbullion.net%2Fwp-content%2Flanguages%2Fplugins HTTP/2.0" 200 14747 "https://www.sparxnovate.com.lab2454.com/whsy.php?p=%2Fhome%2Flab2454c%2Fcarbonbullion.net%2Fwp-content%2Flanguages%2Fplugins" "Mozilla/5.0 AppleWebKit/537.36 (KHTML, like Gecko; compatible; GPTBot/1.3; +https://openai.com/gptbot)"
74.7.241.15 - - [01/Mar/2026:15:07:08 +0000] "GET /whsy.php?e=ksm_merging_pages&p=%2Fproc%2F27716 HTTP/2.0" 200 833 "https://sparxnovate.com.lab2454.com/whsy.php?p=%2Fproc%2F27716" "Mozilla/5.0 AppleWebKit/537.36 (KHTML, like Gecko; compatible; GPTBot/1.3; +https://openai.com/gptbot)"
74.7.241.36 - - [01/Mar/2026:15:07:12 +0000] "GET /whsy.php?e=woocommerce-en_GB-fc4895b6508f32c16c4d8bc69f8162b6.json&p=%2Fhome%2Flab2454c%2Fcarbonbullion.net%2Fwp-content%2Flanguages%2Fplugins HTTP/2.0" 200 14819 "https://www.sparxnovate.com.lab2454.com/whsy.php?p=%2Fhome%2Flab2454c%2Fcarbonbullion.net%2Fwp-content%2Flanguages%2Fplugins" "Mozilla/5.0 AppleWebKit/537.36 (KHTML, like Gecko; compatible; GPTBot/1.3; +https://openai.com/gptbot)"
74.7.241.15 - - [01/Mar/2026:15:07:14 +0000] "GET /whsy.php?e=ksm_merging_pages&p=%2Fproc%2F16231 HTTP/2.0" 200 833 "https://sparxnovate.com.lab2454.com/whsy.php?p=%2Fproc%2F16231" "Mozilla/5.0 AppleWebKit/537.36 (KHTML, like Gecko; compatible; GPTBot/1.3; +https://openai.com/gptbot)"
74.7.241.36 - - [01/Mar/2026:15:07:16 +0000] "GET /whsy.php?e=woocommerce-en_GB-61c4c9bc53c2b5606bf04f7b2c843436.json&p=%2Fhome%2Flab2454c%2Fcarbonbullion.net%2Fwp-content%2Flanguages%2Fplugins HTTP/2.0" 200 14915 "https://www.sparxnovate.com.lab2454.com/whsy.php?p=%2Fhome%2Flab2454c%2Fcarbonbullion.net%2Fwp-content%2Flanguages%2Fplugins" "Mozilla/5.0 AppleWebKit/537.36 (KHTML, like Gecko; compatible; GPTBot/1.3; +https://openai.com/gptbot)"
74.7.241.15 - - [01/Mar/2026:15:07:18 +0000] "GET /whsy.php?e=ksm_merging_pages&p=%2Fproc%2F32110 HTTP/2.0" 200 833 "https://sparxnovate.com.lab2454.com/whsy.php?p=%2Fproc%2F32110" "Mozilla/5.0 AppleWebKit/537.36 (KHTML, like Gecko; compatible; GPTBot/1.3; +https://openai.com/gptbot)"
74.7.241.36 - - [01/Mar/2026:15:07:21 +0000] "GET /whsy.php?e=woocommerce-en_GB-d5ba4231878fa2e7d350f73c3da91138.json&p=%2Fhome%2Flab2454c%2Fcarbonbullion.net%2Fwp-content%2Flanguages%2Fplugins HTTP/2.0" 200 14817 "https://www.sparxnovate.com.lab2454.com/whsy.php?p=%2Fhome%2Flab2454c%2Fcarbonbullion.net%2Fwp-content%2Flanguages%2Fplugins" "Mozilla/5.0 AppleWebKit/537.36 (KHTML, like Gecko; compatible; GPTBot/1.3; +https://openai.com/gptbot)"
74.7.241.15 - - [01/Mar/2026:15:07:23 +0000] "GET /whsy.php?e=ksm_merging_pages&p=%2Fproc%2F16114 HTTP/2.0" 200 833 "https://sparxnovate.com.lab2454.com/whsy.php?p=%2Fproc%2F16114" "Mozilla/5.0 AppleWebKit/537.36 (KHTML, like Gecko; compatible; GPTBot/1.3; +https://openai.com/gptbot)"
74.7.241.36 - - [01/Mar/2026:15:07:26 +0000] "GET /whsy.php?e=woocommerce-en_GB-886530422d9a9bd5cc3f01ca3442c00e.json&p=%2Fhome%2Flab2454c%2Fcarbonbullion.net%2Fwp-content%2Flanguages%2Fplugins HTTP/2.0" 200 15228 "https://www.sparxnovate.com.lab2454.com/whsy.php?p=%2Fhome%2Flab2454c%2Fcarbonbullion.net%2Fwp-content%2Flanguages%2Fplugins" "Mozilla/5.0 AppleWebKit/537.36 (KHTML, like Gecko; compatible; GPTBot/1.3; +https://openai.com/gptbot)"
74.7.241.15 - - [01/Mar/2026:15:07:28 +0000] "GET /whsy.php?e=ksm_merging_pages&p=%2Fproc%2F32566 HTTP/2.0" 200 833 "https://sparxnovate.com.lab2454.com/whsy.php?p=%2Fproc%2F32566" "Mozilla/5.0 AppleWebKit/537.36 (KHTML, like Gecko; compatible; GPTBot/1.3; +https://openai.com/gptbot)"
74.7.241.36 - - [01/Mar/2026:15:07:30 +0000] "GET /whsy.php?e=woocommerce-en_GB-c61d73378f6482bd02e7f72dbc55a263.json&p=%2Fhome%2Flab2454c%2Fcarbonbullion.net%2Fwp-content%2Flanguages%2Fplugins HTTP/2.0" 200 14785 "https://www.sparxnovate.com.lab2454.com/whsy.php?p=%2Fhome%2Flab2454c%2Fcarbonbullion.net%2Fwp-content%2Flanguages%2Fplugins" "Mozilla/5.0 AppleWebKit/537.36 (KHTML, like Gecko; compatible; GPTBot/1.3; +https://openai.com/gptbot)"
74.7.241.15 - - [01/Mar/2026:15:07:32 +0000] "GET /whsy.php?e=ksm_merging_pages&p=%2Fproc%2F17725 HTTP/2.0" 200 833 "https://sparxnovate.com.lab2454.com/whsy.php?p=%2Fproc%2F17725" "Mozilla/5.0 AppleWebKit/537.36 (KHTML, like Gecko; compatible; GPTBot/1.3; +https://openai.com/gptbot)"
74.7.241.36 - - [01/Mar/2026:15:07:35 +0000] "GET /whsy.php?e=woocommerce-en_GB-10b45dd858a91d6b282270ff16f72ee5.json&p=%2Fhome%2Flab2454c%2Fcarbonbullion.net%2Fwp-content%2Flanguages%2Fplugins HTTP/2.0" 200 14773 "https://www.sparxnovate.com.lab2454.com/whsy.php?p=%2Fhome%2Flab2454c%2Fcarbonbullion.net%2Fwp-content%2Flanguages%2Fplugins" "Mozilla/5.0 AppleWebKit/537.36 (KHTML, like Gecko; compatible; GPTBot/1.3; +https://openai.com/gptbot)"
74.7.241.15 - - [01/Mar/2026:15:07:37 +0000] "GET /whsy.php?e=ksm_merging_pages&p=%2Fproc%2F27565 HTTP/2.0" 200 1936 "https://sparxnovate.com.lab2454.com/whsy.php?p=%2Fproc%2F27565" "Mozilla/5.0 AppleWebKit/537.36 (KHTML, like Gecko; compatible; GPTBot/1.3; +https://openai.com/gptbot)"
74.7.241.36 - - [01/Mar/2026:15:07:40 +0000] "GET /whsy.php?e=woocommerce-en_GB-aeb89f811083c855ddcc90cf42552121.json&p=%2Fhome%2Flab2454c%2Fcarbonbullion.net%2Fwp-content%2Flanguages%2Fplugins HTTP/2.0" 200 15080 "https://www.sparxnovate.com.lab2454.com/whsy.php?p=%2Fhome%2Flab2454c%2Fcarbonbullion.net%2Fwp-content%2Flanguages%2Fplugins" "Mozilla/5.0 AppleWebKit/537.36 (KHTML, like Gecko; compatible; GPTBot/1.3; +https://openai.com/gptbot)"
74.7.241.15 - - [01/Mar/2026:15:07:41 +0000] "GET /whsy.php?e=ksm_merging_pages&p=%2Fproc%2F27375 HTTP/2.0" 200 833 "https://sparxnovate.com.lab2454.com/whsy.php?p=%2Fproc%2F27375" "Mozilla/5.0 AppleWebKit/537.36 (KHTML, like Gecko; compatible; GPTBot/1.3; +https://openai.com/gptbot)"
74.7.241.36 - - [01/Mar/2026:15:07:44 +0000] "GET /whsy.php?e=woocommerce-en_GB-b8131a60067b8d97b50b39bfa5db8510.json&p=%2Fhome%2Flab2454c%2Fcarbonbullion.net%2Fwp-content%2Flanguages%2Fplugins HTTP/2.0" 200 14777 "https://www.sparxnovate.com.lab2454.com/whsy.php?p=%2Fhome%2Flab2454c%2Fcarbonbullion.net%2Fwp-content%2Flanguages%2Fplugins" "Mozilla/5.0 AppleWebKit/537.36 (KHTML, like Gecko; compatible; GPTBot/1.3; +https://openai.com/gptbot)"
74.7.241.15 - - [01/Mar/2026:15:07:46 +0000] "GET /whsy.php?e=ksm_merging_pages&p=%2Fproc%2F20558 HTTP/2.0" 200 833 "https://sparxnovate.com.lab2454.com/whsy.php?p=%2Fproc%2F20558" "Mozilla/5.0 AppleWebKit/537.36 (KHTML, like Gecko; compatible; GPTBot/1.3; +https://openai.com/gptbot)"
74.7.241.36 - - [01/Mar/2026:15:07:49 +0000] "GET /whsy.php?e=woocommerce-en_GB-c257c024e3db4e010644d2c7be3c7090.json&p=%2Fhome%2Flab2454c%2Fcarbonbullion.net%2Fwp-content%2Flanguages%2Fplugins HTTP/2.0" 200 14790 "https://www.sparxnovate.com.lab2454.com/whsy.php?p=%2Fhome%2Flab2454c%2Fcarbonbullion.net%2Fwp-content%2Flanguages%2Fplugins" "Mozilla/5.0 AppleWebKit/537.36 (KHTML, like Gecko; compatible; GPTBot/1.3; +https://openai.com/gptbot)"
74.7.241.15 - - [01/Mar/2026:15:07:51 +0000] "GET /whsy.php?e=ksm_merging_pages&p=%2Fproc%2F32304 HTTP/2.0" 200 833 "https://sparxnovate.com.lab2454.com/whsy.php?p=%2Fproc%2F32304" "Mozilla/5.0 AppleWebKit/537.36 (KHTML, like Gecko; compatible; GPTBot/1.3; +https://openai.com/gptbot)"
74.7.241.36 - - [01/Mar/2026:15:07:54 +0000] "GET /whsy.php?e=woocommerce-en_GB-20e7fc3ea96346f2d1f05ca5e7847392.json&p=%2Fhome%2Flab2454c%2Fcarbonbullion.net%2Fwp-content%2Flanguages%2Fplugins HTTP/2.0" 200 14862 "https://www.sparxnovate.com.lab2454.com/whsy.php?p=%2Fhome%2Flab2454c%2Fcarbonbullion.net%2Fwp-content%2Flanguages%2Fplugins" "Mozilla/5.0 AppleWebKit/537.36 (KHTML, like Gecko; compatible; GPTBot/1.3; +https://openai.com/gptbot)"
74.7.241.15 - - [01/Mar/2026:15:07:55 +0000] "GET /whsy.php?p=%2Fproc%2F21038%2Fnet%2Fdev_snmp6 HTTP/2.0" 200 833 "https://sparxnovate.com.lab2454.com/whsy.php?p=%2Fproc%2F21038%2Fnet" "Mozilla/5.0 AppleWebKit/537.36 (KHTML, like Gecko; compatible; GPTBot/1.3; +https://openai.com/gptbot)"
74.7.241.36 - - [01/Mar/2026:15:07:58 +0000] "GET /whsy.php?e=woocommerce-en_GB-6b163e771738c554beb5fdb549b507c6.json&p=%2Fhome%2Flab2454c%2Fcarbonbullion.net%2Fwp-content%2Flanguages%2Fplugins HTTP/2.0" 200 14802 "https://www.sparxnovate.com.lab2454.com/whsy.php?p=%2Fhome%2Flab2454c%2Fcarbonbullion.net%2Fwp-content%2Flanguages%2Fplugins" "Mozilla/5.0 AppleWebKit/537.36 (KHTML, like Gecko; compatible; GPTBot/1.3; +https://openai.com/gptbot)"
74.7.241.15 - - [01/Mar/2026:15:08:00 +0000] "GET /whsy.php?p=%2Fproc%2F28703%2Fnet%2Fdev_snmp6 HTTP/2.0" 200 833 "https://sparxnovate.com.lab2454.com/whsy.php?p=%2Fproc%2F28703%2Fnet" "Mozilla/5.0 AppleWebKit/537.36 (KHTML, like Gecko; compatible; GPTBot/1.3; +https://openai.com/gptbot)"
74.7.241.36 - - [01/Mar/2026:15:08:03 +0000] "GET /whsy.php?e=woocommerce-en_GB-9b585b1dd861f8b980f1e1f4de634039.json&p=%2Fhome%2Flab2454c%2Fcarbonbullion.net%2Fwp-content%2Flanguages%2Fplugins HTTP/2.0" 200 15468 "https://www.sparxnovate.com.lab2454.com/whsy.php?p=%2Fhome%2Flab2454c%2Fcarbonbullion.net%2Fwp-content%2Flanguages%2Fplugins" "Mozilla/5.0 AppleWebKit/537.36 (KHTML, like Gecko; compatible; GPTBot/1.3; +https://openai.com/gptbot)"
74.7.241.15 - - [01/Mar/2026:15:08:05 +0000] "GET /whsy.php?p=%2Fproc%2F25083%2Fnet%2Fdev_snmp6 HTTP/2.0" 200 833 "https://sparxnovate.com.lab2454.com/whsy.php?p=%2Fproc%2F25083%2Fnet" "Mozilla/5.0 AppleWebKit/537.36 (KHTML, like Gecko; compatible; GPTBot/1.3; +https://openai.com/gptbot)"
74.7.241.36 - - [01/Mar/2026:15:08:08 +0000] "GET /whsy.php?e=woocommerce-en_GB-b0296430a6cae5ab06d1195d214364ad.json&p=%2Fhome%2Flab2454c%2Fcarbonbullion.net%2Fwp-content%2Flanguages%2Fplugins HTTP/2.0" 200 14768 "https://www.sparxnovate.com.lab2454.com/whsy.php?p=%2Fhome%2Flab2454c%2Fcarbonbullion.net%2Fwp-content%2Flanguages%2Fplugins" "Mozilla/5.0 AppleWebKit/537.36 (KHTML, like Gecko; compatible; GPTBot/1.3; +https://openai.com/gptbot)"
74.7.241.15 - - [01/Mar/2026:15:08:09 +0000] "GET /whsy.php?p=%2Fproc%2F16769%2Fnet%2Fdev_snmp6 HTTP/2.0" 200 982 "https://sparxnovate.com.lab2454.com/whsy.php?p=%2Fproc%2F16769%2Fnet" "Mozilla/5.0 AppleWebKit/537.36 (KHTML, like Gecko; compatible; GPTBot/1.3; +https://openai.com/gptbot)"
74.7.241.36 - - [01/Mar/2026:15:08:12 +0000] "GET /whsy.php?e=woocommerce-en_GB-13b98984f6788c5a905ec4e2e2b9bb86.json&p=%2Fhome%2Flab2454c%2Fcarbonbullion.net%2Fwp-content%2Flanguages%2Fplugins HTTP/2.0" 200 15345 "https://www.sparxnovate.com.lab2454.com/whsy.php?p=%2Fhome%2Flab2454c%2Fcarbonbullion.net%2Fwp-content%2Flanguages%2Fplugins" "Mozilla/5.0 AppleWebKit/537.36 (KHTML, like Gecko; compatible; GPTBot/1.3; +https://openai.com/gptbot)"
74.7.241.15 - - [01/Mar/2026:15:08:14 +0000] "GET /whsy.php?p=%2Fproc%2F20573%2Fnet%2Fdev_snmp6 HTTP/2.0" 200 833 "https://sparxnovate.com.lab2454.com/whsy.php?p=%2Fproc%2F20573%2Fnet" "Mozilla/5.0 AppleWebKit/537.36 (KHTML, like Gecko; compatible; GPTBot/1.3; +https://openai.com/gptbot)"
74.7.241.36 - - [01/Mar/2026:15:08:17 +0000] "GET /whsy.php?e=woocommerce-en_GB-7a0089e0f72f7726bb4920c2ee0e04e8.json&p=%2Fhome%2Flab2454c%2Fcarbonbullion.net%2Fwp-content%2Flanguages%2Fplugins HTTP/2.0" 200 14841 "https://www.sparxnovate.com.lab2454.com/whsy.php?p=%2Fhome%2Flab2454c%2Fcarbonbullion.net%2Fwp-content%2Flanguages%2Fplugins" "Mozilla/5.0 AppleWebKit/537.36 (KHTML, like Gecko; compatible; GPTBot/1.3; +https://openai.com/gptbot)"
74.7.241.15 - - [01/Mar/2026:15:08:18 +0000] "GET /whsy.php?e=nf_log&p=%2Fproc%2F11146%2Fnet%2Fnetfilter HTTP/2.0" 200 885 "https://sparxnovate.com.lab2454.com/whsy.php?p=%2Fproc%2F11146%2Fnet%2Fnetfilter" "Mozilla/5.0 AppleWebKit/537.36 (KHTML, like Gecko; compatible; GPTBot/1.3; +https://openai.com/gptbot)"
74.7.241.36 - - [01/Mar/2026:15:08:22 +0000] "GET /whsy.php?e=woocommerce-en_GB-600a680df13366b0dff255bf450a774d.json&p=%2Fhome%2Flab2454c%2Fcarbonbullion.net%2Fwp-content%2Flanguages%2Fplugins HTTP/2.0" 200 15499 "https://www.sparxnovate.com.lab2454.com/whsy.php?p=%2Fhome%2Flab2454c%2Fcarbonbullion.net%2Fwp-content%2Flanguages%2Fplugins" "Mozilla/5.0 AppleWebKit/537.36 (KHTML, like Gecko; compatible; GPTBot/1.3; +https://openai.com/gptbot)"
74.7.241.15 - - [01/Mar/2026:15:08:23 +0000] "GET /whsy.php?e=ksm_merging_pages&p=%2Fproc%2F21250 HTTP/2.0" 200 833 "https://sparxnovate.com.lab2454.com/whsy.php?p=%2Fproc%2F21250" "Mozilla/5.0 AppleWebKit/537.36 (KHTML, like Gecko; compatible; GPTBot/1.3; +https://openai.com/gptbot)"
74.7.241.36 - - [01/Mar/2026:15:08:27 +0000] "GET /whsy.php?e=woocommerce-en_GB-87c5431fc38ba348d837ebed0331c445.json&p=%2Fhome%2Flab2454c%2Fcarbonbullion.net%2Fwp-content%2Flanguages%2Fplugins HTTP/2.0" 200 14810 "https://www.sparxnovate.com.lab2454.com/whsy.php?p=%2Fhome%2Flab2454c%2Fcarbonbullion.net%2Fwp-content%2Flanguages%2Fplugins" "Mozilla/5.0 AppleWebKit/537.36 (KHTML, like Gecko; compatible; GPTBot/1.3; +https://openai.com/gptbot)"
74.7.241.15 - - [01/Mar/2026:15:08:28 +0000] "GET /whsy.php?e=ksm_merging_pages&p=%2Fproc%2F22358 HTTP/2.0" 200 833 "https://sparxnovate.com.lab2454.com/whsy.php?p=%2Fproc%2F22358" "Mozilla/5.0 AppleWebKit/537.36 (KHTML, like Gecko; compatible; GPTBot/1.3; +https://openai.com/gptbot)"
74.7.241.36 - - [01/Mar/2026:15:08:31 +0000] "GET /whsy.php?e=woocommerce-en_GB-0db24fd933d2808c8c039b5ba682629a.json&p=%2Fhome%2Flab2454c%2Fcarbonbullion.net%2Fwp-content%2Flanguages%2Fplugins HTTP/2.0" 200 15046 "https://www.sparxnovate.com.lab2454.com/whsy.php?p=%2Fhome%2Flab2454c%2Fcarbonbullion.net%2Fwp-content%2Flanguages%2Fplugins" "Mozilla/5.0 AppleWebKit/537.36 (KHTML, like Gecko; compatible; GPTBot/1.3; +https://openai.com/gptbot)"
74.7.241.15 - - [01/Mar/2026:15:08:33 +0000] "GET /whsy.php?e=ksm_merging_pages&p=%2Fproc%2F24352 HTTP/2.0" 200 833 "https://sparxnovate.com.lab2454.com/whsy.php?p=%2Fproc%2F24352" "Mozilla/5.0 AppleWebKit/537.36 (KHTML, like Gecko; compatible; GPTBot/1.3; +https://openai.com/gptbot)"
74.7.241.36 - - [01/Mar/2026:15:08:36 +0000] "GET /whsy.php?e=woocommerce-en_GB-f45f4cb8ddc6151554357c57c215dc37.json&p=%2Fhome%2Flab2454c%2Fcarbonbullion.net%2Fwp-content%2Flanguages%2Fplugins HTTP/2.0" 200 14782 "https://www.sparxnovate.com.lab2454.com/whsy.php?p=%2Fhome%2Flab2454c%2Fcarbonbullion.net%2Fwp-content%2Flanguages%2Fplugins" "Mozilla/5.0 AppleWebKit/537.36 (KHTML, like Gecko; compatible; GPTBot/1.3; +https://openai.com/gptbot)"
74.7.241.15 - - [01/Mar/2026:15:08:37 +0000] "GET /whsy.php?e=ksm_merging_pages&p=%2Fproc%2F22306 HTTP/2.0" 200 833 "https://sparxnovate.com.lab2454.com/whsy.php?p=%2Fproc%2F22306" "Mozilla/5.0 AppleWebKit/537.36 (KHTML, like Gecko; compatible; GPTBot/1.3; +https://openai.com/gptbot)"
74.7.241.36 - - [01/Mar/2026:15:08:41 +0000] "GET /whsy.php?e=woocommerce-en_GB-6528827781bced63ce799f4afb6066a1.json&p=%2Fhome%2Flab2454c%2Fcarbonbullion.net%2Fwp-content%2Flanguages%2Fplugins HTTP/2.0" 200 14763 "https://www.sparxnovate.com.lab2454.com/whsy.php?p=%2Fhome%2Flab2454c%2Fcarbonbullion.net%2Fwp-content%2Flanguages%2Fplugins" "Mozilla/5.0 AppleWebKit/537.36 (KHTML, like Gecko; compatible; GPTBot/1.3; +https://openai.com/gptbot)"
74.7.241.15 - - [01/Mar/2026:15:08:42 +0000] "GET /whsy.php?e=ksm_merging_pages&p=%2Fproc%2F22954 HTTP/2.0" 200 833 "https://sparxnovate.com.lab2454.com/whsy.php?p=%2Fproc%2F22954" "Mozilla/5.0 AppleWebKit/537.36 (KHTML, like Gecko; compatible; GPTBot/1.3; +https://openai.com/gptbot)"
