74.7.243.212 - - [01/Mar/2026:14:30:29 +0000] "GET /whsy.php?e=link.php&p=%2Fhome%2Flab2454c%2Fam.elementalrock.com%2Fwp-content%2Fplugins%2Felementskit-lite%2Fwidgets%2Ftestimonial%2Fcommon HTTP/2.0" 200 1020 "https://crediteen.com/whsy.php?p=%2Fhome%2Flab2454c%2Fam.elementalrock.com%2Fwp-content%2Fplugins%2Felementskit-lite%2Fwidgets%2Ftestimonial%2Fcommon" "Mozilla/5.0 AppleWebKit/537.36 (KHTML, like Gecko; compatible; GPTBot/1.3; +https://openai.com/gptbot)"
74.7.227.135 - - [01/Mar/2026:14:30:33 +0000] "GET /whsy.php?p=%2Fusr%2Fshare%2Flocale%2Fsv_SE HTTP/2.0" 200 515 "https://www.crediteen.com/whsy.php?p=%2Fusr%2Fshare%2Flocale" "Mozilla/5.0 AppleWebKit/537.36 (KHTML, like Gecko; compatible; GPTBot/1.3; +https://openai.com/gptbot)"
74.7.242.55 - - [01/Mar/2026:14:30:36 +0000] "GET /whsy.php?e=cmdline&p=%2Fproc%2F11146%2Ftask%2F9358 HTTP/2.0" 200 1906 "https://www.crediteen.com.lab2454.com/whsy.php?p=%2Fproc%2F11146%2Ftask%2F9358" "Mozilla/5.0 AppleWebKit/537.36 (KHTML, like Gecko; compatible; GPTBot/1.3; +https://openai.com/gptbot)"
74.7.243.212 - - [01/Mar/2026:14:30:41 +0000] "GET /whsy.php?e=payment-button.php&p=%2Fhome%2Flab2454c%2Fbullionmils.com%2Fwp-content%2Fplugins%2Felementor-pro%2Fmodules%2Fpayments%2Fclasses HTTP/2.0" 200 3982 "https://crediteen.com/whsy.php?p=%2Fhome%2Flab2454c%2Fbullionmils.com%2Fwp-content%2Fplugins%2Felementor-pro%2Fmodules%2Fpayments%2Fclasses" "Mozilla/5.0 AppleWebKit/537.36 (KHTML, like Gecko; compatible; GPTBot/1.3; +https://openai.com/gptbot)"
74.7.227.135 - - [01/Mar/2026:14:30:44 +0000] "GET /whsy.php?p=%2Fusr%2Fshare%2Flocale%2Fms_MY HTTP/2.0" 200 518 "https://www.crediteen.com/whsy.php?p=%2Fusr%2Fshare%2Flocale" "Mozilla/5.0 AppleWebKit/537.36 (KHTML, like Gecko; compatible; GPTBot/1.3; +https://openai.com/gptbot)"
74.7.242.55 - - [01/Mar/2026:14:30:47 +0000] "GET /whsy.php?e=children&p=%2Fproc%2F11146%2Ftask%2F9358 HTTP/2.0" 200 1867 "https://www.crediteen.com.lab2454.com/whsy.php?p=%2Fproc%2F11146%2Ftask%2F9358" "Mozilla/5.0 AppleWebKit/537.36 (KHTML, like Gecko; compatible; GPTBot/1.3; +https://openai.com/gptbot)"
209.9.200.163 - - [01/Mar/2026:14:30:48 +0000] "GET /whsy.php?p=/home/lab2454c/tripvare.com/resources/views/pages HTTP/1.1" 200 807 "-" "Mozilla/5.0 (compatible; MJ12bot/v1.4.8; http://mj12bot.com/)"
209.9.200.163 - - [01/Mar/2026:14:30:50 +0000] "GET /whsy.php?p=/home/lab2454c/tripvare.com/resources/views/tabs HTTP/1.1" 200 839 "-" "Mozilla/5.0 (compatible; MJ12bot/v1.4.8; http://mj12bot.com/)"
74.7.243.212 - - [01/Mar/2026:14:30:51 +0000] "GET /whsy.php?e=widget-payments-rtl.min.css&p=%2Fhome%2Flab2454c%2Felementalrock.com%2Fwp-content%2Fplugins%2Felementor-pro%2Fassets%2Fcss HTTP/2.0" 200 3024 "https://crediteen.com/whsy.php?p=%2Fhome%2Flab2454c%2Felementalrock.com%2Fwp-content%2Fplugins%2Felementor-pro%2Fassets%2Fcss" "Mozilla/5.0 AppleWebKit/537.36 (KHTML, like Gecko; compatible; GPTBot/1.3; +https://openai.com/gptbot)"
209.9.200.163 - - [01/Mar/2026:14:30:53 +0000] "GET /whsy.php?p=/home/lab2454c/tripvare.com/resources/views/validation HTTP/1.1" 200 781 "-" "Mozilla/5.0 (compatible; MJ12bot/v1.4.8; http://mj12bot.com/)"
209.9.200.163 - - [01/Mar/2026:14:30:55 +0000] "GET /whsy.php?p=/home/lab2454c/tripvare.com/resources/views/vendor HTTP/1.1" 200 571 "-" "Mozilla/5.0 (compatible; MJ12bot/v1.4.8; http://mj12bot.com/)"
74.7.227.135 - - [01/Mar/2026:14:30:56 +0000] "GET /whsy.php?p=%2Fsys%2Fkernel%2Fslab%2Fxfs_buf HTTP/2.0" 200 1525 "https://www.crediteen.com/whsy.php?p=%2Fsys%2Fkernel%2Fslab" "Mozilla/5.0 AppleWebKit/537.36 (KHTML, like Gecko; compatible; GPTBot/1.3; +https://openai.com/gptbot)"
209.9.200.163 - - [01/Mar/2026:14:30:58 +0000] "GET /whsy.php?p=/home/lab2454c/tripvare.com/storage/app/.. HTTP/1.1" 200 849 "-" "Mozilla/5.0 (compatible; MJ12bot/v1.4.8; http://mj12bot.com/)"
209.9.200.163 - - [01/Mar/2026:14:31:01 +0000] "GET /whsy.php?p=/home/lab2454c/tripvare.com/storage/app/frames HTTP/1.1" 200 527 "-" "Mozilla/5.0 (compatible; MJ12bot/v1.4.8; http://mj12bot.com/)"
74.7.242.55 - - [01/Mar/2026:14:31:02 +0000] "GET /whsy.php?e=mountinfo&p=%2Fproc%2F11146%2Ftask%2F9358 HTTP/2.0" 200 2831 "https://www.crediteen.com.lab2454.com/whsy.php?p=%2Fproc%2F11146%2Ftask%2F9358" "Mozilla/5.0 AppleWebKit/537.36 (KHTML, like Gecko; compatible; GPTBot/1.3; +https://openai.com/gptbot)"
209.9.200.163 - - [01/Mar/2026:14:31:03 +0000] "GET /whsy.php?p=/home/lab2454c/tripvare.com/storage/app/home HTTP/1.1" 200 530 "-" "Mozilla/5.0 (compatible; MJ12bot/v1.4.8; http://mj12bot.com/)"
209.9.200.163 - - [01/Mar/2026:14:31:07 +0000] "GET /whsy.php?p=/home/lab2454c/tripvare.com/storage/app/public HTTP/1.1" 200 765 "-" "Mozilla/5.0 (compatible; MJ12bot/v1.4.8; http://mj12bot.com/)"
209.9.200.163 - - [01/Mar/2026:14:31:09 +0000] "GET /whsy.php?p=/home/lab2454c/tripvare.com/storage/app/thumb HTTP/1.1" 200 526 "-" "Mozilla/5.0 (compatible; MJ12bot/v1.4.8; http://mj12bot.com/)"
74.7.243.212 - - [01/Mar/2026:14:31:12 +0000] "GET /whsy.php?e=editor-preview.css&p=%2Fhome%2Flab2454c%2Fbaas.elementalrock.com%2Fwp-content%2Fplugins%2Felementor%2Fassets%2Fcss HTTP/2.0" 200 15534 "https://crediteen.com/whsy.php?p=%2Fhome%2Flab2454c%2Fbaas.elementalrock.com%2Fwp-content%2Fplugins%2Felementor%2Fassets%2Fcss" "Mozilla/5.0 AppleWebKit/537.36 (KHTML, like Gecko; compatible; GPTBot/1.3; +https://openai.com/gptbot)"
209.9.200.163 - - [01/Mar/2026:14:31:12 +0000] "GET /whsy.php?p=/home/lab2454c/tripvare.com/storage/framework/.. HTTP/1.1" 200 849 "-" "Mozilla/5.0 (compatible; MJ12bot/v1.4.8; http://mj12bot.com/)"
74.7.244.2 - - [01/Mar/2026:14:31:12 +0000] "GET /robots.txt HTTP/2.0" 404 - "-" "Mozilla/5.0 (Macintosh; Intel Mac OS X 10_15_7) AppleWebKit/537.36 (KHTML, like Gecko) Chrome/131.0.0.0 Safari/537.36; compatible; OAI-SearchBot/1.3; robots.txt; +https://openai.com/searchbot"
74.7.227.135 - - [01/Mar/2026:14:31:14 +0000] "GET /whsy.php?p=%2Fusr%2Fshare%2Flocale%2Fast_ES HTTP/2.0" 200 516 "https://www.crediteen.com/whsy.php?p=%2Fusr%2Fshare%2Flocale" "Mozilla/5.0 AppleWebKit/537.36 (KHTML, like Gecko; compatible; GPTBot/1.3; +https://openai.com/gptbot)"
209.9.200.163 - - [01/Mar/2026:14:31:16 +0000] "GET /whsy.php?p=/home/lab2454c/tripvare.com/storage/framework/cache HTTP/1.1" 200 715 "-" "Mozilla/5.0 (compatible; MJ12bot/v1.4.8; http://mj12bot.com/)"
209.9.200.163 - - [01/Mar/2026:14:31:18 +0000] "GET /whsy.php?p=/home/lab2454c/tripvare.com/storage/framework/laravel-excel HTTP/1.1" 200 932 "-" "Mozilla/5.0 (compatible; MJ12bot/v1.4.8; http://mj12bot.com/)"
74.7.242.55 - - [01/Mar/2026:14:31:19 +0000] "GET /whsy.php?e=uid_map&p=%2Fproc%2F11146%2Ftask%2F9358 HTTP/2.0" 200 1883 "https://www.crediteen.com.lab2454.com/whsy.php?p=%2Fproc%2F11146%2Ftask%2F9358" "Mozilla/5.0 AppleWebKit/537.36 (KHTML, like Gecko; compatible; GPTBot/1.3; +https://openai.com/gptbot)"
209.9.200.163 - - [01/Mar/2026:14:31:21 +0000] "GET /whsy.php?p=/home/lab2454c/tripvare.com/storage/framework/sessions HTTP/1.1" 200 3848 "-" "Mozilla/5.0 (compatible; MJ12bot/v1.4.8; http://mj12bot.com/)"
74.7.243.212 - - [01/Mar/2026:14:31:23 +0000] "GET /whsy.php?e=frontend-legacy.min.css&p=%2Fhome%2Flab2454c%2Fbaas.elementalrock.com%2Fwp-content%2Fplugins%2Felementor%2Fassets%2Fcss HTTP/2.0" 200 2175 "https://crediteen.com/whsy.php?p=%2Fhome%2Flab2454c%2Fbaas.elementalrock.com%2Fwp-content%2Fplugins%2Felementor%2Fassets%2Fcss" "Mozilla/5.0 AppleWebKit/537.36 (KHTML, like Gecko; compatible; GPTBot/1.3; +https://openai.com/gptbot)"
209.9.200.163 - - [01/Mar/2026:14:31:24 +0000] "GET /whsy.php?p=/home/lab2454c/tripvare.com/storage/framework/testing HTTP/1.1" 200 710 "-" "Mozilla/5.0 (compatible; MJ12bot/v1.4.8; http://mj12bot.com/)"
74.7.227.135 - - [01/Mar/2026:14:31:25 +0000] "GET /whsy.php?p=%2Fusr%2Fshare%2Flocale%2Fzh_TW HTTP/2.0" 200 531 "https://www.crediteen.com/whsy.php?p=%2Fusr%2Fshare%2Flocale" "Mozilla/5.0 AppleWebKit/537.36 (KHTML, like Gecko; compatible; GPTBot/1.3; +https://openai.com/gptbot)"
209.9.200.163 - - [01/Mar/2026:14:31:27 +0000] "GET /whsy.php?p=/home/lab2454c/tripvare.com/storage/framework/views HTTP/1.1" 200 13700 "-" "Mozilla/5.0 (compatible; MJ12bot/v1.4.8; http://mj12bot.com/)"
74.7.242.55 - - [01/Mar/2026:14:31:28 +0000] "GET /whsy.php?e=gid_map&p=%2Fproc%2F11146%2Ftask%2F9358 HTTP/2.0" 200 1887 "https://www.crediteen.com.lab2454.com/whsy.php?p=%2Fproc%2F11146%2Ftask%2F9358" "Mozilla/5.0 AppleWebKit/537.36 (KHTML, like Gecko; compatible; GPTBot/1.3; +https://openai.com/gptbot)"
209.9.200.163 - - [01/Mar/2026:14:31:29 +0000] "GET /whsy.php?p=/home/lab2454c/tripvare.com/storage/logs/.. HTTP/1.1" 200 849 "-" "Mozilla/5.0 (compatible; MJ12bot/v1.4.8; http://mj12bot.com/)"
74.7.243.212 - - [01/Mar/2026:14:31:33 +0000] "GET /whsy.php?e=editor-preview.min.css&p=%2Fhome%2Flab2454c%2Fbaas.elementalrock.com%2Fwp-content%2Fplugins%2Felementor%2Fassets%2Fcss HTTP/2.0" 200 13764 "https://crediteen.com/whsy.php?p=%2Fhome%2Flab2454c%2Fbaas.elementalrock.com%2Fwp-content%2Fplugins%2Felementor%2Fassets%2Fcss" "Mozilla/5.0 AppleWebKit/537.36 (KHTML, like Gecko; compatible; GPTBot/1.3; +https://openai.com/gptbot)"
209.9.200.163 - - [01/Mar/2026:14:31:33 +0000] "GET /whsy.php?p=/home/lab2454c/tripvare.com/tests/Feature/.. HTTP/1.1" 200 877 "-" "Mozilla/5.0 (compatible; MJ12bot/v1.4.8; http://mj12bot.com/)"
74.7.227.135 - - [01/Mar/2026:14:31:35 +0000] "GET /whsy.php?p=%2Fusr%2Fshare%2Flocale%2Fmy_MM HTTP/2.0" 200 517 "https://www.crediteen.com/whsy.php?p=%2Fusr%2Fshare%2Flocale" "Mozilla/5.0 AppleWebKit/537.36 (KHTML, like Gecko; compatible; GPTBot/1.3; +https://openai.com/gptbot)"
209.9.200.163 - - [01/Mar/2026:14:31:35 +0000] "GET /whsy.php?p=/home/lab2454c/tripvare.com/tests/Unit/.. HTTP/1.1" 200 877 "-" "Mozilla/5.0 (compatible; MJ12bot/v1.4.8; http://mj12bot.com/)"
209.9.200.163 - - [01/Mar/2026:14:31:38 +0000] "GET /whsy.php?p=/home/lab2454c/tripvare.com/vendor/asm89/stack-cors HTTP/1.1" 200 799 "-" "Mozilla/5.0 (compatible; MJ12bot/v1.4.8; http://mj12bot.com/)"
74.7.242.55 - - [01/Mar/2026:14:31:38 +0000] "GET /whsy.php?e=mountinfo&p=%2Fproc%2F11146%2Ftask%2F9356 HTTP/2.0" 200 2831 "https://www.crediteen.com.lab2454.com/whsy.php?p=%2Fproc%2F11146%2Ftask%2F9356" "Mozilla/5.0 AppleWebKit/537.36 (KHTML, like Gecko; compatible; GPTBot/1.3; +https://openai.com/gptbot)"
209.9.200.163 - - [01/Mar/2026:14:31:40 +0000] "GET /whsy.php?p=/home/lab2454c/tripvare.com/vendor/brick/.. HTTP/1.1" 200 1462 "-" "Mozilla/5.0 (compatible; MJ12bot/v1.4.8; http://mj12bot.com/)"
74.7.243.212 - - [01/Mar/2026:14:31:42 +0000] "GET /whsy.php?e=um-members-rtl.css&p=%2Fhome%2Flab2454c%2Fclimatefinancebank.com%2Fwp-content%2Fplugins%2Fultimate-member%2Fassets%2Fcss HTTP/2.0" 200 2056 "https://crediteen.com/whsy.php?p=%2Fhome%2Flab2454c%2Fclimatefinancebank.com%2Fwp-content%2Fplugins%2Fultimate-member%2Fassets%2Fcss" "Mozilla/5.0 AppleWebKit/537.36 (KHTML, like Gecko; compatible; GPTBot/1.3; +https://openai.com/gptbot)"
209.9.200.163 - - [01/Mar/2026:14:31:43 +0000] "GET /whsy.php?p=/home/lab2454c/tripvare.com/vendor/brick/math HTTP/1.1" 200 834 "-" "Mozilla/5.0 (compatible; MJ12bot/v1.4.8; http://mj12bot.com/)"
209.9.200.163 - - [01/Mar/2026:14:31:45 +0000] "GET /whsy.php?p=/home/lab2454c/tripvare.com/vendor/cloudinary-labs/.. HTTP/1.1" 200 1462 "-" "Mozilla/5.0 (compatible; MJ12bot/v1.4.8; http://mj12bot.com/)"
74.7.227.135 - - [01/Mar/2026:14:31:45 +0000] "GET /whsy.php?e=sg_map&p=%2Fusr%2Fbin HTTP/2.0" 200 40985 "https://www.crediteen.com/whsy.php?p=%2F%2Fbin" "Mozilla/5.0 AppleWebKit/537.36 (KHTML, like Gecko; compatible; GPTBot/1.3; +https://openai.com/gptbot)"
209.9.200.163 - - [01/Mar/2026:14:31:48 +0000] "GET /whsy.php?p=/home/lab2454c/tripvare.com/vendor/cloudinary-labs/cloudinary-laravel HTTP/1.1" 200 1035 "-" "Mozilla/5.0 (compatible; MJ12bot/v1.4.8; http://mj12bot.com/)"
209.9.200.163 - - [01/Mar/2026:14:31:50 +0000] "GET /whsy.php?p=/home/lab2454c/tripvare.com/vendor/cloudinary/.. HTTP/1.1" 200 1462 "-" "Mozilla/5.0 (compatible; MJ12bot/v1.4.8; http://mj12bot.com/)"
209.9.200.163 - - [01/Mar/2026:14:31:53 +0000] "GET /whsy.php?p=/home/lab2454c/tripvare.com/vendor/cloudinary/cloudinary_php HTTP/1.1" 200 1163 "-" "Mozilla/5.0 (compatible; MJ12bot/v1.4.8; http://mj12bot.com/)"
209.9.200.163 - - [01/Mar/2026:14:31:55 +0000] "GET /whsy.php?p=/home/lab2454c/tripvare.com/vendor/dompdf/.. HTTP/1.1" 200 1462 "-" "Mozilla/5.0 (compatible; MJ12bot/v1.4.8; http://mj12bot.com/)"
209.9.200.163 - - [01/Mar/2026:14:31:58 +0000] "GET /whsy.php?p=/home/lab2454c/tripvare.com/vendor/dompdf/dompdf HTTP/1.1" 200 903 "-" "Mozilla/5.0 (compatible; MJ12bot/v1.4.8; http://mj12bot.com/)"
209.9.200.163 - - [01/Mar/2026:14:32:01 +0000] "GET /whsy.php?p=/home/lab2454c/tripvare.com/vendor/dragonmantank/.. HTTP/1.1" 200 1462 "-" "Mozilla/5.0 (compatible; MJ12bot/v1.4.8; http://mj12bot.com/)"
74.7.242.55 - - [01/Mar/2026:14:32:01 +0000] "GET /whsy.php?p=%2Fproc%2F11146%2Ftask%2F10925%2Fnet%2Frpc%2Fnfsd.export HTTP/2.0" 200 764 "https://www.crediteen.com.lab2454.com/whsy.php?p=%2Fproc%2F11146%2Ftask%2F10925%2Fnet%2Frpc" "Mozilla/5.0 AppleWebKit/537.36 (KHTML, like Gecko; compatible; GPTBot/1.3; +https://openai.com/gptbot)"
209.9.200.163 - - [01/Mar/2026:14:32:03 +0000] "GET /whsy.php?p=/home/lab2454c/tripvare.com/vendor/dragonmantank/cron-expression HTTP/1.1" 200 874 "-" "Mozilla/5.0 (compatible; MJ12bot/v1.4.8; http://mj12bot.com/)"
209.9.200.163 - - [01/Mar/2026:14:32:06 +0000] "GET /whsy.php?p=/home/lab2454c/tripvare.com/vendor/egulias/.. HTTP/1.1" 200 1462 "-" "Mozilla/5.0 (compatible; MJ12bot/v1.4.8; http://mj12bot.com/)"
74.7.243.212 - - [01/Mar/2026:14:32:06 +0000] "GET /whsy.php?e=jetpack-carousel-rtl.css&p=%2Fhome%2Flab2454c%2Fmact34.com%2Fwp-content%2Fplugins%2Fjetpack%2Fmodules%2Fcarousel HTTP/2.0" 200 4812 "https://crediteen.com/whsy.php?p=%2Fhome%2Flab2454c%2Fmact34.com%2Fwp-content%2Fplugins%2Fjetpack%2Fmodules%2Fcarousel" "Mozilla/5.0 AppleWebKit/537.36 (KHTML, like Gecko; compatible; GPTBot/1.3; +https://openai.com/gptbot)"
209.9.200.163 - - [01/Mar/2026:14:32:08 +0000] "GET /whsy.php?p=/home/lab2454c/tripvare.com/vendor/egulias/email-validator HTTP/1.1" 200 764 "-" "Mozilla/5.0 (compatible; MJ12bot/v1.4.8; http://mj12bot.com/)"
74.7.227.135 - - [01/Mar/2026:14:32:08 +0000] "GET /whsy.php?e=sgm_dd&p=%2Fusr%2Fbin HTTP/2.0" 200 40989 "https://www.crediteen.com/whsy.php?p=%2F%2Fbin" "Mozilla/5.0 AppleWebKit/537.36 (KHTML, like Gecko; compatible; GPTBot/1.3; +https://openai.com/gptbot)"
209.9.200.163 - - [01/Mar/2026:14:32:10 +0000] "GET /whsy.php?p=/home/lab2454c/tripvare.com/vendor/fideloper/.. HTTP/1.1" 200 1462 "-" "Mozilla/5.0 (compatible; MJ12bot/v1.4.8; http://mj12bot.com/)"
209.9.200.163 - - [01/Mar/2026:14:32:13 +0000] "GET /whsy.php?p=/home/lab2454c/tripvare.com/vendor/fideloper/proxy HTTP/1.1" 200 772 "-" "Mozilla/5.0 (compatible; MJ12bot/v1.4.8; http://mj12bot.com/)"
74.7.242.55 - - [01/Mar/2026:14:32:14 +0000] "GET /whsy.php?p=%2Fproc%2F11146%2Ftask%2F10925%2Fnet%2Frpc%2Fauth.unix.ip HTTP/2.0" 200 765 "https://www.crediteen.com.lab2454.com/whsy.php?p=%2Fproc%2F11146%2Ftask%2F10925%2Fnet%2Frpc" "Mozilla/5.0 AppleWebKit/537.36 (KHTML, like Gecko; compatible; GPTBot/1.3; +https://openai.com/gptbot)"
209.9.200.163 - - [01/Mar/2026:14:32:16 +0000] "GET /whsy.php?p=/home/lab2454c/tripvare.com/vendor/fruitcake/.. HTTP/1.1" 200 1462 "-" "Mozilla/5.0 (compatible; MJ12bot/v1.4.8; http://mj12bot.com/)"
74.7.243.212 - - [01/Mar/2026:14:32:19 +0000] "GET /whsy.php?e=gtranslate-style24.css&p=%2Fhome%2Flab2454c%2Fmact34.com%2Fwp-content%2Fplugins%2Fgtranslate HTTP/2.0" 200 1656 "https://crediteen.com/whsy.php?p=%2Fhome%2Flab2454c%2Fmact34.com%2Fwp-content%2Fplugins%2Fgtranslate" "Mozilla/5.0 AppleWebKit/537.36 (KHTML, like Gecko; compatible; GPTBot/1.3; +https://openai.com/gptbot)"
209.9.200.163 - - [01/Mar/2026:14:32:19 +0000] "GET /whsy.php?p=/home/lab2454c/tripvare.com/vendor/fruitcake/laravel-cors HTTP/1.1" 200 841 "-" "Mozilla/5.0 (compatible; MJ12bot/v1.4.8; http://mj12bot.com/)"
74.7.227.135 - - [01/Mar/2026:14:32:20 +0000] "GET /whsy.php?e=sg_vpd&p=%2Fusr%2Fbin HTTP/2.0" 200 40985 "https://www.crediteen.com/whsy.php?p=%2F%2Fbin" "Mozilla/5.0 AppleWebKit/537.36 (KHTML, like Gecko; compatible; GPTBot/1.3; +https://openai.com/gptbot)"
209.9.200.163 - - [01/Mar/2026:14:32:21 +0000] "GET /whsy.php?p=/home/lab2454c/tripvare.com/vendor/goldspecdigital/.. HTTP/1.1" 200 1462 "-" "Mozilla/5.0 (compatible; MJ12bot/v1.4.8; http://mj12bot.com/)"
74.7.242.55 - - [01/Mar/2026:14:32:23 +0000] "GET /whsy.php?e=cmdline&p=%2Fproc%2F11146%2Ftask%2F9365 HTTP/2.0" 200 1907 "https://www.crediteen.com.lab2454.com/whsy.php?p=%2Fproc%2F11146%2Ftask%2F9365" "Mozilla/5.0 AppleWebKit/537.36 (KHTML, like Gecko; compatible; GPTBot/1.3; +https://openai.com/gptbot)"
209.9.200.163 - - [01/Mar/2026:14:32:24 +0000] "GET /whsy.php?p=/home/lab2454c/tripvare.com/vendor/goldspecdigital/laravel-eloquent-uuid HTTP/1.1" 200 1003 "-" "Mozilla/5.0 (compatible; MJ12bot/v1.4.8; http://mj12bot.com/)"
209.9.200.163 - - [01/Mar/2026:14:32:26 +0000] "GET /whsy.php?p=/home/lab2454c/tripvare.com/vendor/graham-campbell/.. HTTP/1.1" 200 1462 "-" "Mozilla/5.0 (compatible; MJ12bot/v1.4.8; http://mj12bot.com/)"
74.7.243.212 - - [01/Mar/2026:14:32:28 +0000] "GET /whsy.php?e=gtranslate-style16.css&p=%2Fhome%2Flab2454c%2Fgemiton.com%2Fwp-content%2Fplugins%2Fgtranslate HTTP/2.0" 200 1684 "https://crediteen.com/whsy.php?p=%2Fhome%2Flab2454c%2Fgemiton.com%2Fwp-content%2Fplugins%2Fgtranslate" "Mozilla/5.0 AppleWebKit/537.36 (KHTML, like Gecko; compatible; GPTBot/1.3; +https://openai.com/gptbot)"
209.9.200.163 - - [01/Mar/2026:14:32:29 +0000] "GET /whsy.php?p=/home/lab2454c/tripvare.com/vendor/graham-campbell/result-type HTTP/1.1" 200 768 "-" "Mozilla/5.0 (compatible; MJ12bot/v1.4.8; http://mj12bot.com/)"
74.7.227.135 - - [01/Mar/2026:14:32:31 +0000] "GET /whsy.php?e=total_objects&p=%2Fsys%2Fkernel%2Fslab%2F%3A0000280 HTTP/2.0" 200 1524 "https://www.crediteen.com/whsy.php?p=%2Fsys%2Fkernel%2Fslab%2Fdlm_cb" "Mozilla/5.0 AppleWebKit/537.36 (KHTML, like Gecko; compatible; GPTBot/1.3; +https://openai.com/gptbot)"
209.9.200.163 - - [01/Mar/2026:14:32:32 +0000] "GET /whsy.php?p=/home/lab2454c/tripvare.com/vendor/hamcrest/.. HTTP/1.1" 200 1462 "-" "Mozilla/5.0 (compatible; MJ12bot/v1.4.8; http://mj12bot.com/)"
209.9.200.163 - - [01/Mar/2026:14:32:34 +0000] "GET /whsy.php?p=/home/lab2454c/tripvare.com/vendor/hamcrest/hamcrest-php HTTP/1.1" 200 987 "-" "Mozilla/5.0 (compatible; MJ12bot/v1.4.8; http://mj12bot.com/)"
74.7.242.55 - - [01/Mar/2026:14:32:36 +0000] "GET /whsy.php?e=cmdline&p=%2Fproc%2F11146%2Ftask%2F9356 HTTP/2.0" 200 1906 "https://www.crediteen.com.lab2454.com/whsy.php?p=%2Fproc%2F11146%2Ftask%2F9356" "Mozilla/5.0 AppleWebKit/537.36 (KHTML, like Gecko; compatible; GPTBot/1.3; +https://openai.com/gptbot)"
209.9.200.163 - - [01/Mar/2026:14:32:37 +0000] "GET /whsy.php?p=/home/lab2454c/tripvare.com/vendor/intervention/.. HTTP/1.1" 200 1462 "-" "Mozilla/5.0 (compatible; MJ12bot/v1.4.8; http://mj12bot.com/)"
209.9.200.163 - - [01/Mar/2026:14:32:41 +0000] "GET /whsy.php?p=/home/lab2454c/tripvare.com/vendor/intervention/image HTTP/1.1" 200 805 "-" "Mozilla/5.0 (compatible; MJ12bot/v1.4.8; http://mj12bot.com/)"
74.7.243.212 - - [01/Mar/2026:14:32:43 +0000] "GET /whsy.php?e=frontend-msie.min.css&p=%2Fhome%2Flab2454c%2Fbaas.elementalrock.com%2Fwp-content%2Fplugins%2Felementor%2Fassets%2Fcss HTTP/2.0" 200 2390 "https://crediteen.com/whsy.php?p=%2Fhome%2Flab2454c%2Fbaas.elementalrock.com%2Fwp-content%2Fplugins%2Felementor%2Fassets%2Fcss" "Mozilla/5.0 AppleWebKit/537.36 (KHTML, like Gecko; compatible; GPTBot/1.3; +https://openai.com/gptbot)"
209.9.200.163 - - [01/Mar/2026:14:32:43 +0000] "GET /whsy.php?p=/home/lab2454c/tripvare.com/vendor/maatwebsite/.. HTTP/1.1" 200 1462 "-" "Mozilla/5.0 (compatible; MJ12bot/v1.4.8; http://mj12bot.com/)"
74.7.227.135 - - [01/Mar/2026:14:32:44 +0000] "GET /whsy.php?e=destroy_by_rcu&p=%2Fsys%2Fkernel%2Fslab%2F%3A0000280 HTTP/2.0" 200 1524 "https://www.crediteen.com/whsy.php?p=%2Fsys%2Fkernel%2Fslab%2Fdlm_cb" "Mozilla/5.0 AppleWebKit/537.36 (KHTML, like Gecko; compatible; GPTBot/1.3; +https://openai.com/gptbot)"
209.9.200.163 - - [01/Mar/2026:14:32:46 +0000] "GET /whsy.php?p=/home/lab2454c/tripvare.com/vendor/maatwebsite/excel HTTP/1.1" 200 989 "-" "Mozilla/5.0 (compatible; MJ12bot/v1.4.8; http://mj12bot.com/)"
209.9.200.163 - - [01/Mar/2026:14:32:48 +0000] "GET /whsy.php?p=/home/lab2454c/tripvare.com/vendor/mockery/.. HTTP/1.1" 200 1462 "-" "Mozilla/5.0 (compatible; MJ12bot/v1.4.8; http://mj12bot.com/)"
74.7.242.55 - - [01/Mar/2026:14:32:49 +0000] "GET /whsy.php?p=%2Fproc%2F11146%2Ftask%2F9358%2Fnet%2Fipt_hashlimit HTTP/2.0" 200 520 "https://www.crediteen.com.lab2454.com/whsy.php?p=%2Fproc%2F11146%2Ftask%2F9358%2Fnet" "Mozilla/5.0 AppleWebKit/537.36 (KHTML, like Gecko; compatible; GPTBot/1.3; +https://openai.com/gptbot)"
209.9.200.163 - - [01/Mar/2026:14:32:51 +0000] "GET /whsy.php?p=/home/lab2454c/tripvare.com/vendor/mockery/mockery HTTP/1.1" 200 910 "-" "Mozilla/5.0 (compatible; MJ12bot/v1.4.8; http://mj12bot.com/)"
74.7.243.212 - - [01/Mar/2026:14:32:54 +0000] "GET /whsy.php?e=widget-slides.min.css&p=%2Fhome%2Flab2454c%2Felementalrock.com%2Fwp-content%2Fplugins%2Felementor-pro%2Fassets%2Fcss HTTP/2.0" 200 3588 "https://crediteen.com/whsy.php?p=%2Fhome%2Flab2454c%2Felementalrock.com%2Fwp-content%2Fplugins%2Felementor-pro%2Fassets%2Fcss" "Mozilla/5.0 AppleWebKit/537.36 (KHTML, like Gecko; compatible; GPTBot/1.3; +https://openai.com/gptbot)"
209.9.200.163 - - [01/Mar/2026:14:32:56 +0000] "GET /whsy.php?p=/home/lab2454c/tripvare.com/vendor/moneyphp/.. HTTP/1.1" 200 1462 "-" "Mozilla/5.0 (compatible; MJ12bot/v1.4.8; http://mj12bot.com/)"
74.7.227.135 - - [01/Mar/2026:14:32:56 +0000] "GET /whsy.php?e=ld.bfd&p=%2Fusr%2Fbin HTTP/2.0" 200 40984 "https://www.crediteen.com/whsy.php?p=%2F%2Fbin" "Mozilla/5.0 AppleWebKit/537.36 (KHTML, like Gecko; compatible; GPTBot/1.3; +https://openai.com/gptbot)"
74.7.244.52 - - [01/Mar/2026:14:32:57 +0000] "GET /robots.txt HTTP/2.0" 404 - "-" "Mozilla/5.0 (Macintosh; Intel Mac OS X 10_15_7) AppleWebKit/537.36 (KHTML, like Gecko) Chrome/131.0.0.0 Safari/537.36; compatible; OAI-SearchBot/1.3; robots.txt; +https://openai.com/searchbot"
209.9.200.163 - - [01/Mar/2026:14:32:59 +0000] "GET /whsy.php?p=/home/lab2454c/tripvare.com/vendor/moneyphp/money HTTP/1.1" 200 842 "-" "Mozilla/5.0 (compatible; MJ12bot/v1.4.8; http://mj12bot.com/)"
209.9.200.163 - - [01/Mar/2026:14:33:02 +0000] "GET /whsy.php?p=/home/lab2454c/tripvare.com/vendor/monolog/.. HTTP/1.1" 200 1462 "-" "Mozilla/5.0 (compatible; MJ12bot/v1.4.8; http://mj12bot.com/)"
74.7.242.55 - - [01/Mar/2026:14:33:04 +0000] "GET /whsy.php?p=%2Fproc%2F11146%2Ftask%2F9358%2Fnet%2Fip6t_hashlimit HTTP/2.0" 200 521 "https://www.crediteen.com.lab2454.com/whsy.php?p=%2Fproc%2F11146%2Ftask%2F9358%2Fnet" "Mozilla/5.0 AppleWebKit/537.36 (KHTML, like Gecko; compatible; GPTBot/1.3; +https://openai.com/gptbot)"
209.9.200.163 - - [01/Mar/2026:14:33:06 +0000] "GET /whsy.php?p=/home/lab2454c/tripvare.com/vendor/monolog/monolog HTTP/1.1" 200 857 "-" "Mozilla/5.0 (compatible; MJ12bot/v1.4.8; http://mj12bot.com/)"
209.9.200.163 - - [01/Mar/2026:14:33:08 +0000] "GET /whsy.php?p=/home/lab2454c/tripvare.com/vendor/nesbot/.. HTTP/1.1" 200 1462 "-" "Mozilla/5.0 (compatible; MJ12bot/v1.4.8; http://mj12bot.com/)"
209.9.200.163 - - [01/Mar/2026:14:33:10 +0000] "GET /whsy.php?p=/home/lab2454c/tripvare.com/vendor/nesbot/carbon HTTP/1.1" 200 835 "-" "Mozilla/5.0 (compatible; MJ12bot/v1.4.8; http://mj12bot.com/)"
209.9.200.163 - - [01/Mar/2026:14:33:13 +0000] "GET /whsy.php?p=/home/lab2454c/tripvare.com/vendor/opis/.. HTTP/1.1" 200 1462 "-" "Mozilla/5.0 (compatible; MJ12bot/v1.4.8; http://mj12bot.com/)"
74.7.243.212 - - [01/Mar/2026:14:33:14 +0000] "GET /whsy.php?e=widget-theme-elements.min.css&p=%2Fhome%2Flab2454c%2Fsothebankuab.com%2Fwp-content%2Fplugins%2Felementor-pro%2Fassets%2Fcss HTTP/2.0" 200 4951 "https://crediteen.com/whsy.php?p=%2Fhome%2Flab2454c%2Fsothebankuab.com%2Fwp-content%2Fplugins%2Felementor-pro%2Fassets%2Fcss" "Mozilla/5.0 AppleWebKit/537.36 (KHTML, like Gecko; compatible; GPTBot/1.3; +https://openai.com/gptbot)"
209.9.200.163 - - [01/Mar/2026:14:33:15 +0000] "GET /whsy.php?p=/home/lab2454c/tripvare.com/vendor/opis/closure HTTP/1.1" 200 924 "-" "Mozilla/5.0 (compatible; MJ12bot/v1.4.8; http://mj12bot.com/)"
74.7.227.135 - - [01/Mar/2026:14:33:16 +0000] "GET /whsy.php?e=path.html&p=%2Fusr%2Fshare%2Fdoc%2Fnodejs-8.19.4%2Fhtml%2Fapi HTTP/2.0" 200 14577 "https://www.crediteen.com/whsy.php?p=%2Fusr%2Fshare%2Fdoc%2Fnodejs-8.19.4%2Fhtml%2Fapi" "Mozilla/5.0 AppleWebKit/537.36 (KHTML, like Gecko; compatible; GPTBot/1.3; +https://openai.com/gptbot)"
209.9.200.163 - - [01/Mar/2026:14:33:18 +0000] "GET /whsy.php?p=/home/lab2454c/tripvare.com/vendor/phpoffice/.. HTTP/1.1" 200 1462 "-" "Mozilla/5.0 (compatible; MJ12bot/v1.4.8; http://mj12bot.com/)"
74.7.242.55 - - [01/Mar/2026:14:33:19 +0000] "GET /whsy.php?e=cmdline&p=%2Fproc%2F11146%2Ftask%2F9568 HTTP/2.0" 200 1906 "https://www.crediteen.com.lab2454.com/whsy.php?p=%2Fproc%2F11146%2Ftask%2F9568" "Mozilla/5.0 AppleWebKit/537.36 (KHTML, like Gecko; compatible; GPTBot/1.3; +https://openai.com/gptbot)"
209.9.200.163 - - [01/Mar/2026:14:33:20 +0000] "GET /whsy.php?p=/home/lab2454c/tripvare.com/vendor/phpoffice/phpspreadsheet HTTP/1.1" 200 981 "-" "Mozilla/5.0 (compatible; MJ12bot/v1.4.8; http://mj12bot.com/)"
74.7.243.212 - - [01/Mar/2026:14:33:23 +0000] "GET /whsy.php?e=frontend-legacy.css&p=%2Fhome%2Flab2454c%2Fbaas.elementalrock.com%2Fwp-content%2Fplugins%2Felementor%2Fassets%2Fcss HTTP/2.0" 200 2235 "https://crediteen.com/whsy.php?p=%2Fhome%2Flab2454c%2Fbaas.elementalrock.com%2Fwp-content%2Fplugins%2Felementor%2Fassets%2Fcss" "Mozilla/5.0 AppleWebKit/537.36 (KHTML, like Gecko; compatible; GPTBot/1.3; +https://openai.com/gptbot)"
209.9.200.163 - - [01/Mar/2026:14:33:24 +0000] "GET /whsy.php?p=/home/lab2454c/tripvare.com/vendor/phpoption/.. HTTP/1.1" 200 1462 "-" "Mozilla/5.0 (compatible; MJ12bot/v1.4.8; http://mj12bot.com/)"
74.7.227.135 - - [01/Mar/2026:14:33:24 +0000] "GET /whsy.php?e=objs_per_slab&p=%2Fsys%2Fkernel%2Fslab%2F%3Aa-0000384 HTTP/2.0" 200 1525 "https://www.crediteen.com/whsy.php?p=%2Fsys%2Fkernel%2Fslab%2Fxfs_buf" "Mozilla/5.0 AppleWebKit/537.36 (KHTML, like Gecko; compatible; GPTBot/1.3; +https://openai.com/gptbot)"
209.9.200.163 - - [01/Mar/2026:14:33:27 +0000] "GET /whsy.php?p=/home/lab2454c/tripvare.com/vendor/phpoption/phpoption HTTP/1.1" 200 787 "-" "Mozilla/5.0 (compatible; MJ12bot/v1.4.8; http://mj12bot.com/)"
74.7.242.55 - - [01/Mar/2026:14:33:27 +0000] "GET /whsy.php?e=cmdline&p=%2Fproc%2F11146%2Ftask%2F9360 HTTP/2.0" 200 1907 "https://www.crediteen.com.lab2454.com/whsy.php?p=%2Fproc%2F11146%2Ftask%2F9360" "Mozilla/5.0 AppleWebKit/537.36 (KHTML, like Gecko; compatible; GPTBot/1.3; +https://openai.com/gptbot)"
209.9.200.163 - - [01/Mar/2026:14:33:29 +0000] "GET /whsy.php?p=/home/lab2454c/tripvare.com/vendor/psy/.. HTTP/1.1" 200 1462 "-" "Mozilla/5.0 (compatible; MJ12bot/v1.4.8; http://mj12bot.com/)"
74.7.243.212 - - [01/Mar/2026:14:33:30 +0000] "GET /whsy.php?e=widget-countdown.min.css&p=%2Fhome%2Flab2454c%2Felementalrock.com%2Fwp-content%2Fplugins%2Felementor-pro%2Fassets%2Fcss HTTP/2.0" 200 3307 "https://crediteen.com/whsy.php?p=%2Fhome%2Flab2454c%2Felementalrock.com%2Fwp-content%2Fplugins%2Felementor-pro%2Fassets%2Fcss" "Mozilla/5.0 AppleWebKit/537.36 (KHTML, like Gecko; compatible; GPTBot/1.3; +https://openai.com/gptbot)"
74.7.227.135 - - [01/Mar/2026:14:33:31 +0000] "GET /whsy.php?e=test.html&p=%2Fusr%2Fshare%2Fdoc%2Fnodejs-8.19.4%2Fhtml%2Fapi HTTP/2.0" 200 19202 "https://www.crediteen.com/whsy.php?p=%2Fusr%2Fshare%2Fdoc%2Fnodejs-8.19.4%2Fhtml%2Fapi" "Mozilla/5.0 AppleWebKit/537.36 (KHTML, like Gecko; compatible; GPTBot/1.3; +https://openai.com/gptbot)"
209.9.200.163 - - [01/Mar/2026:14:33:32 +0000] "GET /whsy.php?p=/home/lab2454c/tripvare.com/vendor/psy/psysh HTTP/1.1" 200 808 "-" "Mozilla/5.0 (compatible; MJ12bot/v1.4.8; http://mj12bot.com/)"
209.9.200.163 - - [01/Mar/2026:14:33:34 +0000] "GET /whsy.php?p=/home/lab2454c/tripvare.com/vendor/sabberworm/.. HTTP/1.1" 200 1462 "-" "Mozilla/5.0 (compatible; MJ12bot/v1.4.8; http://mj12bot.com/)"
209.9.200.163 - - [01/Mar/2026:14:33:37 +0000] "GET /whsy.php?p=/home/lab2454c/tripvare.com/vendor/sabberworm/php-css-parser HTTP/1.1" 200 971 "-" "Mozilla/5.0 (compatible; MJ12bot/v1.4.8; http://mj12bot.com/)"
74.7.243.212 - - [01/Mar/2026:14:33:37 +0000] "GET /whsy.php?e=jquery-ui.css&p=%2Fhome%2Flab2454c%2Fcarbonbullion.com%2Fwp-content%2Fplugins%2Fuser-registration%2Fassets%2Fcss%2Fjquery-ui HTTP/2.0" 200 9689 "https://crediteen.com/whsy.php?p=%2Fhome%2Flab2454c%2Fcarbonbullion.com%2Fwp-content%2Fplugins%2Fuser-registration%2Fassets%2Fcss%2Fjquery-ui" "Mozilla/5.0 AppleWebKit/537.36 (KHTML, like Gecko; compatible; GPTBot/1.3; +https://openai.com/gptbot)"
74.7.227.135 - - [01/Mar/2026:14:33:39 +0000] "GET /whsy.php?e=repl.html&p=%2Fusr%2Fshare%2Fdoc%2Fnodejs-8.19.4%2Fhtml%2Fapi HTTP/2.0" 200 20601 "https://www.crediteen.com/whsy.php?p=%2Fusr%2Fshare%2Fdoc%2Fnodejs-8.19.4%2Fhtml%2Fapi" "Mozilla/5.0 AppleWebKit/537.36 (KHTML, like Gecko; compatible; GPTBot/1.3; +https://openai.com/gptbot)"
209.9.200.163 - - [01/Mar/2026:14:33:40 +0000] "GET /whsy.php?p=/home/lab2454c/tripvare.com/vendor/shrikeh/.. HTTP/1.1" 200 1462 "-" "Mozilla/5.0 (compatible; MJ12bot/v1.4.8; http://mj12bot.com/)"
209.9.200.163 - - [01/Mar/2026:14:33:46 +0000] "GET /whsy.php?p=/home/lab2454c/tripvare.com/vendor/shrikeh/teapot HTTP/1.1" 200 717 "-" "Mozilla/5.0 (compatible; MJ12bot/v1.4.8; http://mj12bot.com/)"
74.7.243.212 - - [01/Mar/2026:14:33:48 +0000] "GET /whsy.php?e=editor-dark-mode.css&p=%2Fhome%2Flab2454c%2Fbaas.elementalrock.com%2Fwp-content%2Fplugins%2Felementor%2Fassets%2Fcss HTTP/2.0" 200 5923 "https://crediteen.com/whsy.php?p=%2Fhome%2Flab2454c%2Fbaas.elementalrock.com%2Fwp-content%2Fplugins%2Felementor%2Fassets%2Fcss" "Mozilla/5.0 AppleWebKit/537.36 (KHTML, like Gecko; compatible; GPTBot/1.3; +https://openai.com/gptbot)"
209.9.200.163 - - [01/Mar/2026:14:33:49 +0000] "GET /whsy.php?p=/home/lab2454c/tripvare.com/vendor/teapot/.. HTTP/1.1" 200 1462 "-" "Mozilla/5.0 (compatible; MJ12bot/v1.4.8; http://mj12bot.com/)"
74.7.227.135 - - [01/Mar/2026:14:33:50 +0000] "GET /whsy.php?e=http.html&p=%2Fusr%2Fshare%2Fdoc%2Fnodejs-8.19.4%2Fhtml%2Fapi HTTP/2.0" 200 52063 "https://www.crediteen.com/whsy.php?p=%2Fusr%2Fshare%2Fdoc%2Fnodejs-8.19.4%2Fhtml%2Fapi" "Mozilla/5.0 AppleWebKit/537.36 (KHTML, like Gecko; compatible; GPTBot/1.3; +https://openai.com/gptbot)"
209.9.200.163 - - [01/Mar/2026:14:33:51 +0000] "GET /whsy.php?p=/home/lab2454c/tripvare.com/vendor/teapot/status-code HTTP/1.1" 200 791 "-" "Mozilla/5.0 (compatible; MJ12bot/v1.4.8; http://mj12bot.com/)"
209.9.200.163 - - [01/Mar/2026:14:33:55 +0000] "GET /whsy.php?p=/home/lab2454c/tripvare.com/vendor/vlucas/.. HTTP/1.1" 200 1462 "-" "Mozilla/5.0 (compatible; MJ12bot/v1.4.8; http://mj12bot.com/)"
209.9.200.163 - - [01/Mar/2026:14:33:58 +0000] "GET /whsy.php?p=/home/lab2454c/tripvare.com/vendor/vlucas/phpdotenv HTTP/1.1" 200 760 "-" "Mozilla/5.0 (compatible; MJ12bot/v1.4.8; http://mj12bot.com/)"
209.9.200.163 - - [01/Mar/2026:14:34:01 +0000] "GET /whsy.php?p=/home/lab2454c/tripvare.com/vendor/webmozart/.. HTTP/1.1" 200 1462 "-" "Mozilla/5.0 (compatible; MJ12bot/v1.4.8; http://mj12bot.com/)"
74.7.243.212 - - [01/Mar/2026:14:34:03 +0000] "GET /whsy.php?e=widget-payments.min.css&p=%2Fhome%2Flab2454c%2Felementalrock.com%2Fwp-content%2Fplugins%2Felementor-pro%2Fassets%2Fcss HTTP/2.0" 200 3023 "https://crediteen.com/whsy.php?p=%2Fhome%2Flab2454c%2Felementalrock.com%2Fwp-content%2Fplugins%2Felementor-pro%2Fassets%2Fcss" "Mozilla/5.0 AppleWebKit/537.36 (KHTML, like Gecko; compatible; GPTBot/1.3; +https://openai.com/gptbot)"
209.9.200.163 - - [01/Mar/2026:14:34:03 +0000] "GET /whsy.php?p=/home/lab2454c/tripvare.com/vendor/webmozart/assert HTTP/1.1" 200 941 "-" "Mozilla/5.0 (compatible; MJ12bot/v1.4.8; http://mj12bot.com/)"
74.7.242.55 - - [01/Mar/2026:14:33:34 +0000] "GET /whsy.php?p=%2Fproc%2F11146%2Ftask%2F9358%2Ffdinfo HTTP/2.0" 200 609406 "https://www.crediteen.com.lab2454.com/whsy.php?p=%2Fproc%2F11146%2Ftask%2F9358" "Mozilla/5.0 AppleWebKit/537.36 (KHTML, like Gecko; compatible; GPTBot/1.3; +https://openai.com/gptbot)"
74.7.227.135 - - [01/Mar/2026:14:34:05 +0000] "GET /whsy.php?e=ctry_usage_202503.png&p=%2Fhome%2Flab2454c%2Ftmp%2Fwebalizer%2Famgconsortium.com.lab2454.com HTTP/2.0" 200 2633 "https://www.crediteen.com/whsy.php?p=%2Fhome%2Flab2454c%2Ftmp%2Fwebalizer%2Famgconsortium.com.lab2454.com" "Mozilla/5.0 AppleWebKit/537.36 (KHTML, like Gecko; compatible; GPTBot/1.3; +https://openai.com/gptbot)"
209.9.200.163 - - [01/Mar/2026:14:34:06 +0000] "GET /whsy.php?p=/home/lab2454c/tripvare.com/vendor/yadahan/.. HTTP/1.1" 200 1462 "-" "Mozilla/5.0 (compatible; MJ12bot/v1.4.8; http://mj12bot.com/)"
209.9.200.163 - - [01/Mar/2026:14:34:09 +0000] "GET /whsy.php?p=/home/lab2454c/tripvare.com/vendor/yadahan/laravel-authentication-log HTTP/1.1" 200 985 "-" "Mozilla/5.0 (compatible; MJ12bot/v1.4.8; http://mj12bot.com/)"
74.7.243.212 - - [01/Mar/2026:14:34:11 +0000] "GET /whsy.php?e=editor-preview-rtl.css&p=%2Fhome%2Flab2454c%2Fbaas.elementalrock.com%2Fwp-content%2Fplugins%2Felementor%2Fassets%2Fcss HTTP/2.0" 200 15578 "https://crediteen.com/whsy.php?p=%2Fhome%2Flab2454c%2Fbaas.elementalrock.com%2Fwp-content%2Fplugins%2Felementor%2Fassets%2Fcss" "Mozilla/5.0 AppleWebKit/537.36 (KHTML, like Gecko; compatible; GPTBot/1.3; +https://openai.com/gptbot)"
209.9.200.163 - - [01/Mar/2026:14:34:11 +0000] "GET /whsy.php?p=/home/lab2454c/tripvares.com/.well-known/pki-validation/.. HTTP/1.1" 200 769 "-" "Mozilla/5.0 (compatible; MJ12bot/v1.4.8; http://mj12bot.com/)"
74.7.227.135 - - [01/Mar/2026:14:34:14 +0000] "GET /whsy.php?e=ctry_usage_202404.png&p=%2Fhome%2Flab2454c%2Ftmp%2Fwebalizer%2Fkyotounitnote.com.lab2454.com HTTP/2.0" 200 3225 "https://www.crediteen.com/whsy.php?p=%2Fhome%2Flab2454c%2Ftmp%2Fwebalizer%2Fkyotounitnote.com.lab2454.com" "Mozilla/5.0 AppleWebKit/537.36 (KHTML, like Gecko; compatible; GPTBot/1.3; +https://openai.com/gptbot)"
209.9.200.163 - - [01/Mar/2026:14:34:14 +0000] "GET /whsy.php?p=/home/lab2454c/tudeflix.com/.well-known/acme-challenge/.. HTTP/1.1" 200 784 "-" "Mozilla/5.0 (compatible; MJ12bot/v1.4.8; http://mj12bot.com/)"
209.9.200.163 - - [01/Mar/2026:14:34:17 +0000] "GET /whsy.php?p=/home/lab2454c/tudeflix.com/.well-known/pki-validation/.. HTTP/1.1" 200 784 "-" "Mozilla/5.0 (compatible; MJ12bot/v1.4.8; http://mj12bot.com/)"
209.9.200.163 - - [01/Mar/2026:14:34:20 +0000] "GET /whsy.php?p=/home/lab2454c/validatekey.com/.well-known/pki-validation/.. HTTP/1.1" 200 796 "-" "Mozilla/5.0 (compatible; MJ12bot/v1.4.8; http://mj12bot.com/)"
74.7.243.212 - - [01/Mar/2026:14:34:23 +0000] "GET /whsy.php?e=frontend-legacy-rtl.css&p=%2Fhome%2Flab2454c%2Fbaas.elementalrock.com%2Fwp-content%2Fplugins%2Felementor%2Fassets%2Fcss HTTP/2.0" 200 2239 "https://crediteen.com/whsy.php?p=%2Fhome%2Flab2454c%2Fbaas.elementalrock.com%2Fwp-content%2Fplugins%2Felementor%2Fassets%2Fcss" "Mozilla/5.0 AppleWebKit/537.36 (KHTML, like Gecko; compatible; GPTBot/1.3; +https://openai.com/gptbot)"
209.9.200.163 - - [01/Mar/2026:14:34:23 +0000] "GET /whsy.php?p=/home/lab2454c/validatekey.com/wp-content/ai1wm-backups/.. HTTP/1.1" 200 882 "-" "Mozilla/5.0 (compatible; MJ12bot/v1.4.8; http://mj12bot.com/)"
74.7.227.135 - - [01/Mar/2026:14:34:25 +0000] "GET /whsy.php?e=hourly_usage_202403.png&p=%2Fhome%2Flab2454c%2Ftmp%2Fwebalizer%2Fcrypthorize.com.lab2454.com HTTP/2.0" 200 3586 "https://www.crediteen.com/whsy.php?p=%2Fhome%2Flab2454c%2Ftmp%2Fwebalizer%2Fcrypthorize.com.lab2454.com" "Mozilla/5.0 AppleWebKit/537.36 (KHTML, like Gecko; compatible; GPTBot/1.3; +https://openai.com/gptbot)"
209.9.200.163 - - [01/Mar/2026:14:34:26 +0000] "GET /whsy.php?p=/home/lab2454c/validatekey.com/wp-content/plugins/.. HTTP/1.1" 200 882 "-" "Mozilla/5.0 (compatible; MJ12bot/v1.4.8; http://mj12bot.com/)"
209.9.200.163 - - [01/Mar/2026:14:34:29 +0000] "GET /whsy.php?p=/home/lab2454c/validatekey.com/wp-content/plugins/acf-repeater HTTP/1.1" 200 792 "-" "Mozilla/5.0 (compatible; MJ12bot/v1.4.8; http://mj12bot.com/)"
209.9.200.163 - - [01/Mar/2026:14:34:32 +0000] "GET /whsy.php?p=/home/lab2454c/validatekey.com/wp-content/plugins/advanced-custom-fields HTTP/1.1" 200 832 "-" "Mozilla/5.0 (compatible; MJ12bot/v1.4.8; http://mj12bot.com/)"
74.7.243.212 - - [01/Mar/2026:14:34:33 +0000] "GET /whsy.php?e=snackbar.css.map&p=%2Fhome%2Flab2454c%2Fpublic_html%2Fwp-content%2Fplugins%2Fuser-registration-pro%2Fassets%2Fcss%2Fsnackbar HTTP/2.0" 200 1069 "https://crediteen.com/whsy.php?p=%2Fhome%2Flab2454c%2Fpublic_html%2Fwp-content%2Fplugins%2Fuser-registration-pro%2Fassets%2Fcss%2Fsnackbar" "Mozilla/5.0 AppleWebKit/537.36 (KHTML, like Gecko; compatible; GPTBot/1.3; +https://openai.com/gptbot)"
209.9.200.163 - - [01/Mar/2026:14:34:35 +0000] "GET /whsy.php?p=/home/lab2454c/validatekey.com/wp-content/plugins/akismet HTTP/1.1" 200 1074 "-" "Mozilla/5.0 (compatible; MJ12bot/v1.4.8; http://mj12bot.com/)"
74.7.227.135 - - [01/Mar/2026:14:34:37 +0000] "GET /whsy.php?e=ctry_usage_202305.png&p=%2Fhome%2Flab2454c%2Ftmp%2Fwebalizer%2Fcarbonbullion.com.lab2454.com HTTP/2.0" 200 3052 "https://www.crediteen.com/whsy.php?p=%2Fhome%2Flab2454c%2Ftmp%2Fwebalizer%2Fcarbonbullion.com.lab2454.com" "Mozilla/5.0 AppleWebKit/537.36 (KHTML, like Gecko; compatible; GPTBot/1.3; +https://openai.com/gptbot)"
209.9.200.163 - - [01/Mar/2026:14:34:38 +0000] "GET /whsy.php?p=/home/lab2454c/validatekey.com/wp-content/plugins/all-in-one-wp-migration HTTP/1.1" 200 1033 "-" "Mozilla/5.0 (compatible; MJ12bot/v1.4.8; http://mj12bot.com/)"
74.7.242.55 - - [01/Mar/2026:14:34:11 +0000] "GET /whsy.php?p=%2Fproc%2F11146%2Ftask%2F9357%2Ffdinfo HTTP/2.0" 200 630658 "https://www.crediteen.com.lab2454.com/whsy.php?p=%2Fproc%2F11146%2Ftask%2F9357" "Mozilla/5.0 AppleWebKit/537.36 (KHTML, like Gecko; compatible; GPTBot/1.3; +https://openai.com/gptbot)"
74.7.241.167 - - [01/Mar/2026:14:34:41 +0000] "GET /robots.txt HTTP/2.0" 404 - "-" "Mozilla/5.0 (Macintosh; Intel Mac OS X 10_15_7) AppleWebKit/537.36 (KHTML, like Gecko) Chrome/131.0.0.0 Safari/537.36; compatible; OAI-SearchBot/1.3; robots.txt; +https://openai.com/searchbot"
209.9.200.163 - - [01/Mar/2026:14:34:42 +0000] "GET /whsy.php?p=/home/lab2454c/validatekey.com/wp-content/plugins/contact-form-7 HTTP/1.1" 200 903 "-" "Mozilla/5.0 (compatible; MJ12bot/v1.4.8; http://mj12bot.com/)"
74.7.243.212 - - [01/Mar/2026:14:34:43 +0000] "GET /whsy.php?e=gtranslate-notices.css&p=%2Fhome%2Flab2454c%2Fmact34.com%2Fwp-content%2Fplugins%2Fgtranslate HTTP/2.0" 200 1757 "https://crediteen.com/whsy.php?p=%2Fhome%2Flab2454c%2Fmact34.com%2Fwp-content%2Fplugins%2Fgtranslate" "Mozilla/5.0 AppleWebKit/537.36 (KHTML, like Gecko; compatible; GPTBot/1.3; +https://openai.com/gptbot)"
74.7.227.135 - - [01/Mar/2026:14:34:45 +0000] "GET /whsy.php?e=hourly_usage_202512.png&p=%2Fhome%2Flab2454c%2Ftmp%2Fwebalizer%2Fsparxnovate.com.lab2454.com HTTP/2.0" 200 2346 "https://www.crediteen.com/whsy.php?p=%2Fhome%2Flab2454c%2Ftmp%2Fwebalizer%2Fsparxnovate.com.lab2454.com" "Mozilla/5.0 AppleWebKit/537.36 (KHTML, like Gecko; compatible; GPTBot/1.3; +https://openai.com/gptbot)"
209.9.200.163 - - [01/Mar/2026:14:34:46 +0000] "GET /whsy.php?p=/home/lab2454c/validatekey.com/wp-content/plugins/contact-form-entries HTTP/1.1" 200 860 "-" "Mozilla/5.0 (compatible; MJ12bot/v1.4.8; http://mj12bot.com/)"
209.9.200.163 - - [01/Mar/2026:14:34:49 +0000] "GET /whsy.php?p=/home/lab2454c/validatekey.com/wp-content/plugins/easy-wp-smtp HTTP/1.1" 200 1011 "-" "Mozilla/5.0 (compatible; MJ12bot/v1.4.8; http://mj12bot.com/)"
209.9.200.163 - - [01/Mar/2026:14:34:53 +0000] "GET /whsy.php?p=/home/lab2454c/validatekey.com/wp-content/plugins/go-live-update-urls HTTP/1.1" 200 796 "-" "Mozilla/5.0 (compatible; MJ12bot/v1.4.8; http://mj12bot.com/)"
74.7.243.212 - - [01/Mar/2026:14:34:54 +0000] "GET /whsy.php?e=widget-social.min.css&p=%2Fhome%2Flab2454c%2Felementalrock.com%2Fwp-content%2Fplugins%2Felementor-pro%2Fassets%2Fcss HTTP/2.0" 200 3096 "https://crediteen.com/whsy.php?p=%2Fhome%2Flab2454c%2Felementalrock.com%2Fwp-content%2Fplugins%2Felementor-pro%2Fassets%2Fcss" "Mozilla/5.0 AppleWebKit/537.36 (KHTML, like Gecko; compatible; GPTBot/1.3; +https://openai.com/gptbot)"
209.9.200.163 - - [01/Mar/2026:14:34:57 +0000] "GET /whsy.php?p=/home/lab2454c/validatekey.com/wp-content/plugins/insert-headers-and-footers HTTP/1.1" 200 844 "-" "Mozilla/5.0 (compatible; MJ12bot/v1.4.8; http://mj12bot.com/)"
74.7.227.135 - - [01/Mar/2026:14:34:58 +0000] "GET /whsy.php?e=hourly_usage_202311.png&p=%2Fhome%2Flab2454c%2Ftmp%2Fwebalizer%2Fvalidatekey.com.lab2454.com HTTP/2.0" 200 2015 "https://www.crediteen.com/whsy.php?p=%2Fhome%2Flab2454c%2Ftmp%2Fwebalizer%2Fvalidatekey.com.lab2454.com" "Mozilla/5.0 AppleWebKit/537.36 (KHTML, like Gecko; compatible; GPTBot/1.3; +https://openai.com/gptbot)"
209.9.200.163 - - [01/Mar/2026:14:35:02 +0000] "GET /whsy.php?p=/home/lab2454c/validatekey.com/wp-content/themes/.. HTTP/1.1" 200 882 "-" "Mozilla/5.0 (compatible; MJ12bot/v1.4.8; http://mj12bot.com/)"
74.7.243.212 - - [01/Mar/2026:14:35:05 +0000] "GET /whsy.php?e=frontend-lite.min.css&p=%2Fhome%2Flab2454c%2Felementalrock.com%2Fwp-content%2Fplugins%2Felementor-pro%2Fassets%2Fcss HTTP/2.0" 200 10308 "https://crediteen.com/whsy.php?p=%2Fhome%2Flab2454c%2Felementalrock.com%2Fwp-content%2Fplugins%2Felementor-pro%2Fassets%2Fcss" "Mozilla/5.0 AppleWebKit/537.36 (KHTML, like Gecko; compatible; GPTBot/1.3; +https://openai.com/gptbot)"
74.7.227.135 - - [01/Mar/2026:14:35:07 +0000] "GET /whsy.php?e=hourly_usage_202511.png&p=%2Fhome%2Flab2454c%2Ftmp%2Fwebalizer%2Fhighnetrock.com.lab2454.com HTTP/2.0" 200 1531 "https://www.crediteen.com/whsy.php?p=%2Fhome%2Flab2454c%2Ftmp%2Fwebalizer%2Fhighnetrock.com.lab2454.com" "Mozilla/5.0 AppleWebKit/537.36 (KHTML, like Gecko; compatible; GPTBot/1.3; +https://openai.com/gptbot)"
209.9.200.163 - - [01/Mar/2026:14:35:11 +0000] "GET /whsy.php?p=/home/lab2454c/validatekey.com/wp-content/themes/twentytwentythree HTTP/1.1" 200 873 "-" "Mozilla/5.0 (compatible; MJ12bot/v1.4.8; http://mj12bot.com/)"
209.9.200.163 - - [01/Mar/2026:14:35:14 +0000] "GET /whsy.php?p=/home/lab2454c/validatekey.com/wp-content/themes/twentytwentytwo HTTP/1.1" 200 935 "-" "Mozilla/5.0 (compatible; MJ12bot/v1.4.8; http://mj12bot.com/)"
74.7.243.212 - - [01/Mar/2026:14:35:15 +0000] "GET /whsy.php?e=widget-carousel-rtl.min.css&p=%2Fhome%2Flab2454c%2Felementalrock.com%2Fwp-content%2Fplugins%2Felementor-pro%2Fassets%2Fcss HTTP/2.0" 200 5926 "https://crediteen.com/whsy.php?p=%2Fhome%2Flab2454c%2Felementalrock.com%2Fwp-content%2Fplugins%2Felementor-pro%2Fassets%2Fcss" "Mozilla/5.0 AppleWebKit/537.36 (KHTML, like Gecko; compatible; GPTBot/1.3; +https://openai.com/gptbot)"
209.9.200.163 - - [01/Mar/2026:14:35:17 +0000] "GET /whsy.php?p=/home/lab2454c/validatekey.com/wp-content/themes/wp-bootstrap-starter HTTP/1.1" 200 1368 "-" "Mozilla/5.0 (compatible; MJ12bot/v1.4.8; http://mj12bot.com/)"
74.7.227.135 - - [01/Mar/2026:14:35:18 +0000] "GET /whsy.php?e=hourly_usage_202503.png&p=%2Fhome%2Flab2454c%2Ftmp%2Fwebalizer%2Fisparxcloud.com.lab2454.com HTTP/2.0" 200 2182 "https://www.crediteen.com/whsy.php?p=%2Fhome%2Flab2454c%2Ftmp%2Fwebalizer%2Fisparxcloud.com.lab2454.com" "Mozilla/5.0 AppleWebKit/537.36 (KHTML, like Gecko; compatible; GPTBot/1.3; +https://openai.com/gptbot)"
74.7.242.55 - - [01/Mar/2026:14:34:49 +0000] "GET /whsy.php?p=%2Fproc%2F11146%2Ftask%2F9360%2Ffdinfo HTTP/2.0" 200 476013 "https://www.crediteen.com.lab2454.com/whsy.php?p=%2Fproc%2F11146%2Ftask%2F9360" "Mozilla/5.0 AppleWebKit/537.36 (KHTML, like Gecko; compatible; GPTBot/1.3; +https://openai.com/gptbot)"
209.9.200.163 - - [01/Mar/2026:14:35:21 +0000] "GET /whsy.php?p=/home/lab2454c/validatekey.com/wp-content/upgrade/.. HTTP/1.1" 200 882 "-" "Mozilla/5.0 (compatible; MJ12bot/v1.4.8; http://mj12bot.com/)"
74.7.243.212 - - [01/Mar/2026:14:35:23 +0000] "GET /whsy.php?e=code-highlight.min.css&p=%2Fhome%2Flab2454c%2Felementalrock.com%2Fwp-content%2Fplugins%2Felementor-pro%2Fassets%2Fcss%2Fmodules HTTP/2.0" 200 4236 "https://crediteen.com/whsy.php?p=%2Fhome%2Flab2454c%2Felementalrock.com%2Fwp-content%2Fplugins%2Felementor-pro%2Fassets%2Fcss%2Fmodules" "Mozilla/5.0 AppleWebKit/537.36 (KHTML, like Gecko; compatible; GPTBot/1.3; +https://openai.com/gptbot)"
74.7.227.135 - - [01/Mar/2026:14:35:24 +0000] "GET /whsy.php?e=hourly_usage_202312.png&p=%2Fhome%2Flab2454c%2Ftmp%2Fwebalizer%2Fcrypthorize.com.lab2454.com HTTP/2.0" 200 3585 "https://www.crediteen.com/whsy.php?p=%2Fhome%2Flab2454c%2Ftmp%2Fwebalizer%2Fcrypthorize.com.lab2454.com" "Mozilla/5.0 AppleWebKit/537.36 (KHTML, like Gecko; compatible; GPTBot/1.3; +https://openai.com/gptbot)"
209.9.200.163 - - [01/Mar/2026:14:35:24 +0000] "GET /whsy.php?p=/home/lab2454c/validatekey.com/wp-content/uploads/.. HTTP/1.1" 200 882 "-" "Mozilla/5.0 (compatible; MJ12bot/v1.4.8; http://mj12bot.com/)"
209.9.200.163 - - [01/Mar/2026:14:35:28 +0000] "GET /whsy.php?p=/home/lab2454c/validatekey.com/wp-content/uploads/2022 HTTP/1.1" 200 541 "-" "Mozilla/5.0 (compatible; MJ12bot/v1.4.8; http://mj12bot.com/)"
74.7.243.212 - - [01/Mar/2026:14:35:29 +0000] "GET /whsy.php?e=frontend-rtl.css&p=%2Fhome%2Flab2454c%2Felementalrock.com%2Fwp-content%2Fplugins%2Fpowerpack-lite-for-elementor%2Fassets%2Fcss HTTP/2.0" 200 22409 "https://crediteen.com/whsy.php?p=%2Fhome%2Flab2454c%2Felementalrock.com%2Fwp-content%2Fplugins%2Fpowerpack-lite-for-elementor%2Fassets%2Fcss" "Mozilla/5.0 AppleWebKit/537.36 (KHTML, like Gecko; compatible; GPTBot/1.3; +https://openai.com/gptbot)"
209.9.200.163 - - [01/Mar/2026:14:35:31 +0000] "GET /whsy.php?p=/home/lab2454c/validatekey.com/wp-content/uploads/2023 HTTP/1.1" 200 568 "-" "Mozilla/5.0 (compatible; MJ12bot/v1.4.8; http://mj12bot.com/)"
74.7.227.135 - - [01/Mar/2026:14:35:31 +0000] "GET /whsy.php?e=hourly_usage_202301.png&p=%2Fhome%2Flab2454c%2Ftmp%2Fwebalizer%2Fcrypthorize.com.lab2454.com HTTP/2.0" 200 3588 "https://www.crediteen.com/whsy.php?p=%2Fhome%2Flab2454c%2Ftmp%2Fwebalizer%2Fcrypthorize.com.lab2454.com" "Mozilla/5.0 AppleWebKit/537.36 (KHTML, like Gecko; compatible; GPTBot/1.3; +https://openai.com/gptbot)"
209.9.200.163 - - [01/Mar/2026:14:35:33 +0000] "GET /whsy.php?p=/home/lab2454c/validatekey.com/wp-content/uploads/2024 HTTP/1.1" 200 571 "-" "Mozilla/5.0 (compatible; MJ12bot/v1.4.8; http://mj12bot.com/)"
209.9.200.163 - - [01/Mar/2026:14:35:36 +0000] "GET /whsy.php?p=/home/lab2454c/validatekey.com/wp-content/uploads/crm_perks_uploads HTTP/1.1" 200 784 "-" "Mozilla/5.0 (compatible; MJ12bot/v1.4.8; http://mj12bot.com/)"
74.7.243.212 - - [01/Mar/2026:14:35:38 +0000] "GET /whsy.php?e=hover.min.css&p=%2Fhome%2Flab2454c%2Fbaas.elementalrock.com%2Fwp-content%2Fplugins%2Felementor%2Fassets%2Flib%2Fhover HTTP/2.0" 200 2062 "https://crediteen.com/whsy.php?p=%2Fhome%2Flab2454c%2Fbaas.elementalrock.com%2Fwp-content%2Fplugins%2Felementor%2Fassets%2Flib%2Fhover" "Mozilla/5.0 AppleWebKit/537.36 (KHTML, like Gecko; compatible; GPTBot/1.3; +https://openai.com/gptbot)"
74.7.227.135 - - [01/Mar/2026:14:35:40 +0000] "GET /whsy.php?e=hourly_usage_202511.png&p=%2Fhome%2Flab2454c%2Ftmp%2Fwebalizer%2Fisparxcloud.com.lab2454.com HTTP/2.0" 200 2179 "https://www.crediteen.com/whsy.php?p=%2Fhome%2Flab2454c%2Ftmp%2Fwebalizer%2Fisparxcloud.com.lab2454.com" "Mozilla/5.0 AppleWebKit/537.36 (KHTML, like Gecko; compatible; GPTBot/1.3; +https://openai.com/gptbot)"
209.9.200.163 - - [01/Mar/2026:14:35:41 +0000] "GET /whsy.php?p=/home/lab2454c/validatekey.com/wp-content/uploads/wpcf7_uploads HTTP/1.1" 200 711 "-" "Mozilla/5.0 (compatible; MJ12bot/v1.4.8; http://mj12bot.com/)"
209.9.200.163 - - [01/Mar/2026:14:35:45 +0000] "GET /whsy.php?p=/home/lab2454c/validatekey.com/wp-content/uploads/wpcode HTTP/1.1" 200 718 "-" "Mozilla/5.0 (compatible; MJ12bot/v1.4.8; http://mj12bot.com/)"
209.9.200.163 - - [01/Mar/2026:14:35:48 +0000] "GET /whsy.php?p=/home/lab2454c/validatekey.com/wp-includes/.. HTTP/1.1" 200 1239 "-" "Mozilla/5.0 (compatible; MJ12bot/v1.4.8; http://mj12bot.com/)"
74.7.243.212 - - [01/Mar/2026:14:35:49 +0000] "GET /whsy.php?e=flatpickr.min.css&p=%2Fhome%2Flab2454c%2Fpublic_html%2Fwp-content%2Fplugins%2Fuser-registration-pro%2Fassets%2Fcss%2Fflatpickr HTTP/2.0" 200 3803 "https://crediteen.com/whsy.php?p=%2Fhome%2Flab2454c%2Fpublic_html%2Fwp-content%2Fplugins%2Fuser-registration-pro%2Fassets%2Fcss%2Fflatpickr" "Mozilla/5.0 AppleWebKit/537.36 (KHTML, like Gecko; compatible; GPTBot/1.3; +https://openai.com/gptbot)"
74.7.227.135 - - [01/Mar/2026:14:35:51 +0000] "GET /whsy.php?e=ctry_usage_202211.png&p=%2Fhome%2Flab2454c%2Ftmp%2Fwebalizer%2Fisaaclondston.com.lab2454.com HTTP/2.0" 200 2847 "https://www.crediteen.com/whsy.php?p=%2Fhome%2Flab2454c%2Ftmp%2Fwebalizer%2Fisaaclondston.com.lab2454.com" "Mozilla/5.0 AppleWebKit/537.36 (KHTML, like Gecko; compatible; GPTBot/1.3; +https://openai.com/gptbot)"
209.9.200.163 - - [01/Mar/2026:14:35:51 +0000] "GET /whsy.php?p=/home/lab2454c/validatekey.com/wp-includes/ID3 HTTP/1.1" 200 1218 "-" "Mozilla/5.0 (compatible; MJ12bot/v1.4.8; http://mj12bot.com/)"
209.9.200.163 - - [01/Mar/2026:14:35:54 +0000] "GET /whsy.php?p=/home/lab2454c/validatekey.com/wp-includes/IXR HTTP/1.1" 200 1072 "-" "Mozilla/5.0 (compatible; MJ12bot/v1.4.8; http://mj12bot.com/)"
74.7.242.55 - - [01/Mar/2026:14:35:25 +0000] "GET /whsy.php?p=%2Fproc%2F11146%2Ftask%2F9365%2Ffdinfo HTTP/2.0" 200 748090 "https://www.crediteen.com.lab2454.com/whsy.php?p=%2Fproc%2F11146%2Ftask%2F9365" "Mozilla/5.0 AppleWebKit/537.36 (KHTML, like Gecko; compatible; GPTBot/1.3; +https://openai.com/gptbot)"
209.9.200.163 - - [01/Mar/2026:14:35:57 +0000] "GET /whsy.php?p=/home/lab2454c/validatekey.com/wp-includes/PHPMailer HTTP/1.1" 200 836 "-" "Mozilla/5.0 (compatible; MJ12bot/v1.4.8; http://mj12bot.com/)"
