74.7.243.212 - - [01/Mar/2026:15:14:35 +0000] "GET /whsy.php?p=%2Fhome%2Flab2454c%2Fadenbic.com%2Fwp-content%2Fplugins%2Fwordpress-seo%2Fsrc%2Fcontext HTTP/2.0" 200 740 "https://crediteen.com/whsy.php?p=%2Fhome%2Flab2454c%2Fadenbic.com%2Fwp-content%2Fplugins%2Fwordpress-seo%2Fsrc" "Mozilla/5.0 AppleWebKit/537.36 (KHTML, like Gecko; compatible; GPTBot/1.3; +https://openai.com/gptbot)"
74.7.227.135 - - [01/Mar/2026:15:14:37 +0000] "GET /whsy.php?e=permissions.php&p=%2Fhome%2Flab2454c%2Fvaultchip.com%2Fplatform%2Fplugins%2Flanguage%2Fconfig HTTP/2.0" 200 954 "https://www.crediteen.com/whsy.php?p=%2Fhome%2Flab2454c%2Fvaultchip.com%2Fplatform%2Fplugins%2Flanguage%2Fconfig" "Mozilla/5.0 AppleWebKit/537.36 (KHTML, like Gecko; compatible; GPTBot/1.3; +https://openai.com/gptbot)"
74.7.242.55 - - [01/Mar/2026:15:14:40 +0000] "GET /whsy.php?e=stack&p=%2Fproc%2F3624 HTTP/2.0" 200 1936 "https://www.crediteen.com.lab2454.com/whsy.php?p=%2Fproc%2F3624" "Mozilla/5.0 AppleWebKit/537.36 (KHTML, like Gecko; compatible; GPTBot/1.3; +https://openai.com/gptbot)"
74.7.243.212 - - [01/Mar/2026:15:14:41 +0000] "GET /whsy.php?p=%2Fhome%2Flab2454c%2Fadenbic.com%2Fwp-content%2Fplugins%2Fwordpress-seo%2Fsrc%2Factions HTTP/2.0" 200 870 "https://crediteen.com/whsy.php?p=%2Fhome%2Flab2454c%2Fadenbic.com%2Fwp-content%2Fplugins%2Fwordpress-seo%2Fsrc" "Mozilla/5.0 AppleWebKit/537.36 (KHTML, like Gecko; compatible; GPTBot/1.3; +https://openai.com/gptbot)"
74.7.242.55 - - [01/Mar/2026:15:14:45 +0000] "GET /whsy.php?e=statm&p=%2Fproc%2F3624 HTTP/2.0" 200 2032 "https://www.crediteen.com.lab2454.com/whsy.php?p=%2Fproc%2F3624" "Mozilla/5.0 AppleWebKit/537.36 (KHTML, like Gecko; compatible; GPTBot/1.3; +https://openai.com/gptbot)"
74.7.243.212 - - [01/Mar/2026:15:14:46 +0000] "GET /whsy.php?e=settings-custom-css.php&p=%2Fhome%2Flab2454c%2Ftransferwit.elementalrock.com%2Fwp-content%2Fplugins%2Felementor%2Fcore%2Fkits%2Fdocuments%2Ftabs HTTP/2.0" 200 1471 "https://crediteen.com/whsy.php?p=%2Fhome%2Flab2454c%2Ftransferwit.elementalrock.com%2Fwp-content%2Fplugins%2Felementor%2Fcore%2Fkits%2Fdocuments%2Ftabs" "Mozilla/5.0 AppleWebKit/537.36 (KHTML, like Gecko; compatible; GPTBot/1.3; +https://openai.com/gptbot)"
74.7.227.135 - - [01/Mar/2026:15:14:47 +0000] "GET /whsy.php?e=ResponseFactoryInterface.php&p=%2Fhome%2Flab2454c%2Fbancmils.com%2Fvendor%2Fpsr%2Fhttp-factory%2Fsrc HTTP/2.0" 200 1248 "https://www.crediteen.com/whsy.php?p=%2Fhome%2Flab2454c%2Fbancmils.com%2Fvendor%2Fpsr%2Fhttp-factory%2Fsrc" "Mozilla/5.0 AppleWebKit/537.36 (KHTML, like Gecko; compatible; GPTBot/1.3; +https://openai.com/gptbot)"
74.7.242.55 - - [01/Mar/2026:15:14:49 +0000] "GET /whsy.php?e=loginuid&p=%2Fproc%2F3624 HTTP/2.0" 200 2013 "https://www.crediteen.com.lab2454.com/whsy.php?p=%2Fproc%2F3624" "Mozilla/5.0 AppleWebKit/537.36 (KHTML, like Gecko; compatible; GPTBot/1.3; +https://openai.com/gptbot)"
74.7.243.212 - - [01/Mar/2026:15:14:50 +0000] "GET /whsy.php?p=%2Fhome%2Flab2454c%2Fcbcei.com%2Fwp-includes%2Fblocks%2Flist-item%2F.. HTTP/2.0" 200 3757 "https://crediteen.com/whsy.php?p=%2Fhome%2Flab2454c%2Fcbcei.com%2Fwp-includes%2Fblocks%2Flist-item" "Mozilla/5.0 AppleWebKit/537.36 (KHTML, like Gecko; compatible; GPTBot/1.3; +https://openai.com/gptbot)"
74.7.227.135 - - [01/Mar/2026:15:14:52 +0000] "GET /whsy.php?e=InputAwareInterface.php&p=%2Fhome%2Flab2454c%2Faficb.com%2Fvendor%2Fsymfony%2Fconsole%2FInput HTTP/2.0" 200 1364 "https://www.crediteen.com/whsy.php?p=%2Fhome%2Flab2454c%2Faficb.com%2Fvendor%2Fsymfony%2Fconsole%2FInput" "Mozilla/5.0 AppleWebKit/537.36 (KHTML, like Gecko; compatible; GPTBot/1.3; +https://openai.com/gptbot)"
74.7.242.55 - - [01/Mar/2026:15:14:54 +0000] "GET /whsy.php?e=wchan&p=%2Fproc%2F3624 HTTP/2.0" 200 2005 "https://www.crediteen.com.lab2454.com/whsy.php?p=%2Fproc%2F3624" "Mozilla/5.0 AppleWebKit/537.36 (KHTML, like Gecko; compatible; GPTBot/1.3; +https://openai.com/gptbot)"
74.7.243.212 - - [01/Mar/2026:15:14:55 +0000] "GET /whsy.php?p=%2Fhome%2Flab2454c%2Farchfort.com%2Fwp-includes%2FSimplePie%2Flibrary%2FSimplePie%2FDecode%2F.. HTTP/2.0" 200 1420 "https://crediteen.com/whsy.php?p=%2Fhome%2Flab2454c%2Farchfort.com%2Fwp-includes%2FSimplePie%2Flibrary%2FSimplePie%2FDecode%2FHTML%2F.." "Mozilla/5.0 AppleWebKit/537.36 (KHTML, like Gecko; compatible; GPTBot/1.3; +https://openai.com/gptbot)"
74.7.227.135 - - [01/Mar/2026:15:14:57 +0000] "GET /whsy.php?e=XmlFileLoader.php&p=%2Fhome%2Flab2454c%2Ftripvare.com%2Fbackup%2Fvendor%2Fsymfony%2Frouting%2FLoader HTTP/2.0" 200 4601 "https://www.crediteen.com/whsy.php?p=%2Fhome%2Flab2454c%2Ftripvare.com%2Fbackup%2Fvendor%2Fsymfony%2Frouting%2FLoader" "Mozilla/5.0 AppleWebKit/537.36 (KHTML, like Gecko; compatible; GPTBot/1.3; +https://openai.com/gptbot)"
74.7.242.55 - - [01/Mar/2026:15:14:59 +0000] "GET /whsy.php?e=sched&p=%2Fproc%2F3624 HTTP/2.0" 200 2462 "https://www.crediteen.com.lab2454.com/whsy.php?p=%2Fproc%2F3624" "Mozilla/5.0 AppleWebKit/537.36 (KHTML, like Gecko; compatible; GPTBot/1.3; +https://openai.com/gptbot)"
74.7.243.212 - - [01/Mar/2026:15:15:00 +0000] "GET /whsy.php?p=%2Fhome%2Flab2454c%2Fcaimegroup.com%2Fwp-includes%2FSimplePie%2Flibrary%2FSimplePie%2FHTTP%2F.. HTTP/2.0" 200 1427 "https://crediteen.com/whsy.php?p=%2Fhome%2Flab2454c%2Fcaimegroup.com%2Fwp-includes%2FSimplePie%2Flibrary%2FSimplePie%2FHTTP" "Mozilla/5.0 AppleWebKit/537.36 (KHTML, like Gecko; compatible; GPTBot/1.3; +https://openai.com/gptbot)"
74.7.227.135 - - [01/Mar/2026:15:15:01 +0000] "GET /whsy.php?e=QuestionHelper.php&p=%2Fhome%2Flab2454c%2Fbancmils.com%2Fvendor%2Fsymfony%2Fconsole%2FHelper HTTP/2.0" 200 6212 "https://www.crediteen.com/whsy.php?p=%2Fhome%2Flab2454c%2Fbancmils.com%2Fvendor%2Fsymfony%2Fconsole%2FHelper" "Mozilla/5.0 AppleWebKit/537.36 (KHTML, like Gecko; compatible; GPTBot/1.3; +https://openai.com/gptbot)"
74.7.242.55 - - [01/Mar/2026:15:15:03 +0000] "GET /whsy.php?e=smaps&p=%2Fproc%2F3624 HTTP/2.0" 200 2119 "https://www.crediteen.com.lab2454.com/whsy.php?p=%2Fproc%2F3624" "Mozilla/5.0 AppleWebKit/537.36 (KHTML, like Gecko; compatible; GPTBot/1.3; +https://openai.com/gptbot)"
74.7.243.212 - - [01/Mar/2026:15:15:04 +0000] "GET /whsy.php?p=%2Fhome%2Flab2454c%2Farchfort.com%2Fwp-includes%2FSimplePie%2Flibrary%2FSimplePie%2FContent%2F.. HTTP/2.0" 200 1420 "https://crediteen.com/whsy.php?p=%2Fhome%2Flab2454c%2Farchfort.com%2Fwp-includes%2FSimplePie%2Flibrary%2FSimplePie%2FContent%2FType%2F.." "Mozilla/5.0 AppleWebKit/537.36 (KHTML, like Gecko; compatible; GPTBot/1.3; +https://openai.com/gptbot)"
74.7.227.135 - - [01/Mar/2026:15:15:06 +0000] "GET /whsy.php?e=OutputInterface.php&p=%2Fhome%2Flab2454c%2Ftripvare.com%2Fvendor%2Fsymfony%2Fconsole%2FOutput HTTP/2.0" 200 1888 "https://www.crediteen.com/whsy.php?p=%2Fhome%2Flab2454c%2Ftripvare.com%2Fvendor%2Fsymfony%2Fconsole%2FOutput" "Mozilla/5.0 AppleWebKit/537.36 (KHTML, like Gecko; compatible; GPTBot/1.3; +https://openai.com/gptbot)"
74.7.242.55 - - [01/Mar/2026:15:15:08 +0000] "GET /whsy.php?e=stat&p=%2Fproc%2F3624 HTTP/2.0" 200 2131 "https://www.crediteen.com.lab2454.com/whsy.php?p=%2Fproc%2F3624" "Mozilla/5.0 AppleWebKit/537.36 (KHTML, like Gecko; compatible; GPTBot/1.3; +https://openai.com/gptbot)"
74.7.243.212 - - [01/Mar/2026:15:15:09 +0000] "GET /whsy.php?p=%2Fhome%2Flab2454c%2Fveritserv.com%2Fwp-includes%2FSimplePie%2Flibrary%2FSimplePie%2FDecode%2F.. HTTP/2.0" 200 1422 "https://crediteen.com/whsy.php?p=%2Fhome%2Flab2454c%2Fveritserv.com%2Fwp-includes%2FSimplePie%2Flibrary%2FSimplePie%2FDecode" "Mozilla/5.0 AppleWebKit/537.36 (KHTML, like Gecko; compatible; GPTBot/1.3; +https://openai.com/gptbot)"
74.7.227.135 - - [01/Mar/2026:15:15:11 +0000] "GET /whsy.php?e=toastMessage.blade.php&p=%2Fhome%2Flab2454c%2Ftripvare.com%2Fbackup%2Fresources%2Fviews%2Fvalidation HTTP/2.0" 200 1469 "https://www.crediteen.com/whsy.php?p=%2Fhome%2Flab2454c%2Ftripvare.com%2Fbackup%2Fresources%2Fviews%2Fvalidation" "Mozilla/5.0 AppleWebKit/537.36 (KHTML, like Gecko; compatible; GPTBot/1.3; +https://openai.com/gptbot)"
74.7.242.55 - - [01/Mar/2026:15:15:13 +0000] "GET /whsy.php?e=mountinfo&p=%2Fproc%2F3624 HTTP/2.0" 200 2989 "https://www.crediteen.com.lab2454.com/whsy.php?p=%2Fproc%2F3624" "Mozilla/5.0 AppleWebKit/537.36 (KHTML, like Gecko; compatible; GPTBot/1.3; +https://openai.com/gptbot)"
74.7.243.212 - - [01/Mar/2026:15:15:15 +0000] "GET /whsy.php?p=%2Fhome%2Flab2454c%2Ftripvare.com%2Fbackup%2Fvendor%2Fcloudinary-labs%2Fcloudinary-laravel%2Fsrc%2F.. HTTP/2.0" 200 1046 "https://crediteen.com/whsy.php?p=%2Fhome%2Flab2454c%2Ftripvare.com%2Fbackup%2Fvendor%2Fcloudinary-labs%2Fcloudinary-laravel%2Fsrc" "Mozilla/5.0 AppleWebKit/537.36 (KHTML, like Gecko; compatible; GPTBot/1.3; +https://openai.com/gptbot)"
74.7.227.135 - - [01/Mar/2026:15:15:17 +0000] "GET /whsy.php?e=TokenCollection.php&p=%2Fhome%2Flab2454c%2Ftripvare.com%2Fvendor%2Ftheseer%2Ftokenizer%2Fsrc HTTP/2.0" 200 1575 "https://www.crediteen.com/whsy.php?p=%2Fhome%2Flab2454c%2Ftripvare.com%2Fvendor%2Ftheseer%2Ftokenizer%2Fsrc" "Mozilla/5.0 AppleWebKit/537.36 (KHTML, like Gecko; compatible; GPTBot/1.3; +https://openai.com/gptbot)"
74.7.243.212 - - [01/Mar/2026:15:15:23 +0000] "GET /whsy.php?p=%2Fhome%2Flab2454c%2Fveritserv.com%2Fwp-includes%2FSimplePie%2Flibrary%2FSimplePie%2FCache%2F.. HTTP/2.0" 200 1422 "https://crediteen.com/whsy.php?p=%2Fhome%2Flab2454c%2Fveritserv.com%2Fwp-includes%2FSimplePie%2Flibrary%2FSimplePie%2FCache" "Mozilla/5.0 AppleWebKit/537.36 (KHTML, like Gecko; compatible; GPTBot/1.3; +https://openai.com/gptbot)"
74.7.227.135 - - [01/Mar/2026:15:15:27 +0000] "GET /whsy.php?e=WebhookReceived.php&p=%2Fhome%2Flab2454c%2Fomvstudio.com%2Fvendor%2Flaravel%2Fcashier%2Fsrc%2FEvents HTTP/2.0" 200 1066 "https://www.crediteen.com/whsy.php?p=%2Fhome%2Flab2454c%2Fomvstudio.com%2Fvendor%2Flaravel%2Fcashier%2Fsrc%2FEvents" "Mozilla/5.0 AppleWebKit/537.36 (KHTML, like Gecko; compatible; GPTBot/1.3; +https://openai.com/gptbot)"
74.7.243.212 - - [01/Mar/2026:15:15:34 +0000] "GET /whsy.php?p=%2Fhome%2Flab2454c%2Fpublic_html%2Fwp-includes%2FSimplePie%2Flibrary%2FSimplePie%2FContent%2F.. HTTP/2.0" 200 1420 "https://crediteen.com/whsy.php?p=%2Fhome%2Flab2454c%2Fpublic_html%2Fwp-includes%2FSimplePie%2Flibrary%2FSimplePie%2FContent" "Mozilla/5.0 AppleWebKit/537.36 (KHTML, like Gecko; compatible; GPTBot/1.3; +https://openai.com/gptbot)"
74.7.227.135 - - [01/Mar/2026:15:15:38 +0000] "GET /whsy.php?e=Signer.php&p=%2Fhome%2Flab2454c%2Fcostbloc.com%2Fvendor%2Flaravel%2Fserializable-closure%2Fsrc%2FContracts HTTP/2.0" 200 991 "https://www.crediteen.com/whsy.php?p=%2Fhome%2Flab2454c%2Fcostbloc.com%2Fvendor%2Flaravel%2Fserializable-closure%2Fsrc%2FContracts" "Mozilla/5.0 AppleWebKit/537.36 (KHTML, like Gecko; compatible; GPTBot/1.3; +https://openai.com/gptbot)"
74.7.243.212 - - [01/Mar/2026:15:15:45 +0000] "GET /whsy.php?p=%2Fhome%2Flab2454c%2Fadenbic.com%2Fwp-content%2Fplugins%2Fwordpress-seo%2Fsrc%2Fcontext%2F.. HTTP/2.0" 200 1158 "https://crediteen.com/whsy.php?p=%2Fhome%2Flab2454c%2Fadenbic.com%2Fwp-content%2Fplugins%2Fwordpress-seo%2Fsrc%2Fcontext" "Mozilla/5.0 AppleWebKit/537.36 (KHTML, like Gecko; compatible; GPTBot/1.3; +https://openai.com/gptbot)"
74.7.227.135 - - [01/Mar/2026:15:15:48 +0000] "GET /whsy.php?e=HelperInterface.php&p=%2Fhome%2Flab2454c%2Fbancmils.com%2Fvendor%2Fsymfony%2Fconsole%2FHelper HTTP/2.0" 200 1697 "https://www.crediteen.com/whsy.php?p=%2Fhome%2Flab2454c%2Fbancmils.com%2Fvendor%2Fsymfony%2Fconsole%2FHelper" "Mozilla/5.0 AppleWebKit/537.36 (KHTML, like Gecko; compatible; GPTBot/1.3; +https://openai.com/gptbot)"
74.7.242.55 - - [01/Mar/2026:15:15:21 +0000] "GET /whsy.php?p=%2Fproc%2F3624%2Ffdinfo HTTP/2.0" 200 700945 "https://www.crediteen.com.lab2454.com/whsy.php?p=%2Fproc%2F3624" "Mozilla/5.0 AppleWebKit/537.36 (KHTML, like Gecko; compatible; GPTBot/1.3; +https://openai.com/gptbot)"
74.7.243.212 - - [01/Mar/2026:15:15:55 +0000] "GET /whsy.php?p=%2Fhome%2Flab2454c%2Fadenbic.com%2Fwp-content%2Fplugins%2Fwordpress-seo%2Fsrc%2Factions%2F.. HTTP/2.0" 200 1158 "https://crediteen.com/whsy.php?p=%2Fhome%2Flab2454c%2Fadenbic.com%2Fwp-content%2Fplugins%2Fwordpress-seo%2Fsrc%2Factions" "Mozilla/5.0 AppleWebKit/537.36 (KHTML, like Gecko; compatible; GPTBot/1.3; +https://openai.com/gptbot)"
74.7.227.135 - - [01/Mar/2026:15:15:59 +0000] "GET /whsy.php?e=ClosureLoader.php&p=%2Fhome%2Flab2454c%2Ftripvare.com%2Fbackup%2Fvendor%2Fsymfony%2Frouting%2FLoader HTTP/2.0" 200 1598 "https://www.crediteen.com/whsy.php?p=%2Fhome%2Flab2454c%2Ftripvare.com%2Fbackup%2Fvendor%2Fsymfony%2Frouting%2FLoader" "Mozilla/5.0 AppleWebKit/537.36 (KHTML, like Gecko; compatible; GPTBot/1.3; +https://openai.com/gptbot)"
74.7.243.212 - - [01/Mar/2026:15:16:11 +0000] "GET /whsy.php?e=meta-tags-context.php&p=%2Fhome%2Flab2454c%2Fadenbic.com%2Fwp-content%2Fplugins%2Fwordpress-seo%2Fsrc%2Fcontext HTTP/2.0" 200 4941 "https://crediteen.com/whsy.php?p=%2Fhome%2Flab2454c%2Fadenbic.com%2Fwp-content%2Fplugins%2Fwordpress-seo%2Fsrc%2Fcontext" "Mozilla/5.0 AppleWebKit/537.36 (KHTML, like Gecko; compatible; GPTBot/1.3; +https://openai.com/gptbot)"
74.7.227.135 - - [01/Mar/2026:15:16:16 +0000] "GET /whsy.php?e=FilesystemWriter.php&p=%2Fhome%2Flab2454c%2Fcostbloc.com%2Fvendor%2Fleague%2Fflysystem%2Fsrc HTTP/2.0" 200 2611 "https://www.crediteen.com/whsy.php?p=%2Fhome%2Flab2454c%2Fcostbloc.com%2Fvendor%2Fleague%2Fflysystem%2Fsrc" "Mozilla/5.0 AppleWebKit/537.36 (KHTML, like Gecko; compatible; GPTBot/1.3; +https://openai.com/gptbot)"
74.7.243.212 - - [01/Mar/2026:15:16:24 +0000] "GET /whsy.php?e=servmask.eot&p=%2Fhome%2Flab2454c%2Fpublic_html%2Fwp-content%2Fplugins%2Fall-in-one-wp-migration-master%2Flib%2Fview%2Fassets%2Ffont HTTP/2.0" 200 918 "https://crediteen.com/whsy.php?p=%2Fhome%2Flab2454c%2Fpublic_html%2Fwp-content%2Fplugins%2Fall-in-one-wp-migration-master%2Flib%2Fview%2Fassets%2Ffont" "Mozilla/5.0 AppleWebKit/537.36 (KHTML, like Gecko; compatible; GPTBot/1.3; +https://openai.com/gptbot)"
74.7.227.135 - - [01/Mar/2026:15:16:28 +0000] "GET /whsy.php?e=SubscriptionItem.php&p=%2Fhome%2Flab2454c%2Fomvstudio.com%2Fvendor%2Flaravel%2Fcashier%2Fsrc HTTP/2.0" 200 2883 "https://www.crediteen.com/whsy.php?p=%2Fhome%2Flab2454c%2Fomvstudio.com%2Fvendor%2Flaravel%2Fcashier%2Fsrc" "Mozilla/5.0 AppleWebKit/537.36 (KHTML, like Gecko; compatible; GPTBot/1.3; +https://openai.com/gptbot)"
74.7.242.55 - - [01/Mar/2026:15:16:02 +0000] "GET /whsy.php?p=%2Fproc%2F3624%2Fmap_files HTTP/2.0" 200 723132 "https://www.crediteen.com.lab2454.com/whsy.php?p=%2Fproc%2F3624" "Mozilla/5.0 AppleWebKit/537.36 (KHTML, like Gecko; compatible; GPTBot/1.3; +https://openai.com/gptbot)"
74.7.241.167 - - [01/Mar/2026:15:16:32 +0000] "GET /robots.txt HTTP/2.0" 404 - "-" "Mozilla/5.0 (Macintosh; Intel Mac OS X 10_15_7) AppleWebKit/537.36 (KHTML, like Gecko) Chrome/131.0.0.0 Safari/537.36; compatible; OAI-SearchBot/1.3; robots.txt; +https://openai.com/searchbot"
74.7.243.212 - - [01/Mar/2026:15:16:33 +0000] "GET /whsy.php?e=servmask.ttf&p=%2Fhome%2Flab2454c%2Fpublic_html%2Fwp-content%2Fplugins%2Fall-in-one-wp-migration-master%2Flib%2Fview%2Fassets%2Ffont HTTP/2.0" 200 907 "https://crediteen.com/whsy.php?p=%2Fhome%2Flab2454c%2Fpublic_html%2Fwp-content%2Fplugins%2Fall-in-one-wp-migration-master%2Flib%2Fview%2Fassets%2Ffont" "Mozilla/5.0 AppleWebKit/537.36 (KHTML, like Gecko; compatible; GPTBot/1.3; +https://openai.com/gptbot)"
74.7.227.135 - - [01/Mar/2026:15:16:35 +0000] "GET /whsy.php?e=ResourceUsageFormatter.php&p=%2Fhome%2Flab2454c%2Ftripvare.com%2Fvendor%2Fphpunit%2Fphp-timer%2Fsrc HTTP/2.0" 200 1666 "https://www.crediteen.com/whsy.php?p=%2Fhome%2Flab2454c%2Ftripvare.com%2Fvendor%2Fphpunit%2Fphp-timer%2Fsrc" "Mozilla/5.0 AppleWebKit/537.36 (KHTML, like Gecko; compatible; GPTBot/1.3; +https://openai.com/gptbot)"
74.7.243.212 - - [01/Mar/2026:15:16:42 +0000] "GET /whsy.php?e=servmask.svg&p=%2Fhome%2Flab2454c%2Fpublic_html%2Fwp-content%2Fplugins%2Fall-in-one-wp-migration-master%2Flib%2Fview%2Fassets%2Ffont HTTP/2.0" 200 8282 "https://crediteen.com/whsy.php?p=%2Fhome%2Flab2454c%2Fpublic_html%2Fwp-content%2Fplugins%2Fall-in-one-wp-migration-master%2Flib%2Fview%2Fassets%2Ffont" "Mozilla/5.0 AppleWebKit/537.36 (KHTML, like Gecko; compatible; GPTBot/1.3; +https://openai.com/gptbot)"
74.7.227.135 - - [01/Mar/2026:15:16:48 +0000] "GET /whsy.php?e=OutOfMemoryError.php&p=%2Fhome%2Flab2454c%2Ftripvare.com%2Fvendor%2Fsymfony%2Ferror-handler%2FError HTTP/2.0" 200 1145 "https://www.crediteen.com/whsy.php?p=%2Fhome%2Flab2454c%2Ftripvare.com%2Fvendor%2Fsymfony%2Ferror-handler%2FError" "Mozilla/5.0 AppleWebKit/537.36 (KHTML, like Gecko; compatible; GPTBot/1.3; +https://openai.com/gptbot)"
74.7.243.212 - - [01/Mar/2026:15:16:53 +0000] "GET /whsy.php?e=servmask.woff&p=%2Fhome%2Flab2454c%2Fpublic_html%2Fwp-content%2Fplugins%2Fall-in-one-wp-migration-master%2Flib%2Fview%2Fassets%2Ffont HTTP/2.0" 200 919 "https://crediteen.com/whsy.php?p=%2Fhome%2Flab2454c%2Fpublic_html%2Fwp-content%2Fplugins%2Fall-in-one-wp-migration-master%2Flib%2Fview%2Fassets%2Ffont" "Mozilla/5.0 AppleWebKit/537.36 (KHTML, like Gecko; compatible; GPTBot/1.3; +https://openai.com/gptbot)"
74.7.227.135 - - [01/Mar/2026:15:16:58 +0000] "GET /whsy.php?e=WebhookHandled.php&p=%2Fhome%2Flab2454c%2Fomvstudio.com%2Fvendor%2Flaravel%2Fcashier%2Fsrc%2FEvents HTTP/2.0" 200 1054 "https://www.crediteen.com/whsy.php?p=%2Fhome%2Flab2454c%2Fomvstudio.com%2Fvendor%2Flaravel%2Fcashier%2Fsrc%2FEvents" "Mozilla/5.0 AppleWebKit/537.36 (KHTML, like Gecko; compatible; GPTBot/1.3; +https://openai.com/gptbot)"
74.7.243.212 - - [01/Mar/2026:15:17:07 +0000] "GET /whsy.php?p=%2Fhome%2Flab2454c%2Fcostbloc.net%2Fwp%2Fwp-content%2Fplugins%2Fakismet%2F_inc%2Ffonts HTTP/2.0" 200 738 "https://crediteen.com/whsy.php?p=%2Fhome%2Flab2454c%2Fcostbloc.net%2Fwp%2Fwp-content%2Fplugins%2Fakismet%2F_inc" "Mozilla/5.0 AppleWebKit/537.36 (KHTML, like Gecko; compatible; GPTBot/1.3; +https://openai.com/gptbot)"
74.7.242.55 - - [01/Mar/2026:15:16:39 +0000] "GET /whsy.php?p=%2Fproc%2F3624%2Ffd HTTP/2.0" 200 666655 "https://www.crediteen.com.lab2454.com/whsy.php?p=%2Fproc%2F3624" "Mozilla/5.0 AppleWebKit/537.36 (KHTML, like Gecko; compatible; GPTBot/1.3; +https://openai.com/gptbot)"
74.7.227.135 - - [01/Mar/2026:15:17:10 +0000] "GET /whsy.php?e=PhpFileLoader.php&p=%2Fhome%2Flab2454c%2Ftripvare.com%2Fbackup%2Fvendor%2Fsymfony%2Frouting%2FLoader HTTP/2.0" 200 2020 "https://www.crediteen.com/whsy.php?p=%2Fhome%2Flab2454c%2Ftripvare.com%2Fbackup%2Fvendor%2Fsymfony%2Frouting%2FLoader" "Mozilla/5.0 AppleWebKit/537.36 (KHTML, like Gecko; compatible; GPTBot/1.3; +https://openai.com/gptbot)"
74.7.243.212 - - [01/Mar/2026:15:17:15 +0000] "GET /whsy.php?e=list-table.php&p=%2Fhome%2Flab2454c%2Fisaaclondston.com%2Fwp-admin%2Fincludes HTTP/2.0" 200 5216 "https://crediteen.com/whsy.php?p=%2Fhome%2Flab2454c%2Fisaaclondston.com%2Fwp-admin%2Fincludes" "Mozilla/5.0 AppleWebKit/537.36 (KHTML, like Gecko; compatible; GPTBot/1.3; +https://openai.com/gptbot)"
74.7.227.135 - - [01/Mar/2026:15:17:20 +0000] "GET /whsy.php?e=OutOfMemoryError.php&p=%2Fhome%2Flab2454c%2Fcostbloc.com%2Fvendor%2Fsymfony%2Ferror-handler%2FError HTTP/2.0" 200 1145 "https://www.crediteen.com/whsy.php?p=%2Fhome%2Flab2454c%2Fcostbloc.com%2Fvendor%2Fsymfony%2Ferror-handler%2FError" "Mozilla/5.0 AppleWebKit/537.36 (KHTML, like Gecko; compatible; GPTBot/1.3; +https://openai.com/gptbot)"
74.7.243.212 - - [01/Mar/2026:15:17:27 +0000] "GET /whsy.php?e=index.php&p=%2Fhome%2Flab2454c%2Fspaxtac.com%2Fwp-content%2Fplugins%2Fpowerpack-lite-for-elementor HTTP/2.0" 200 1206 "https://crediteen.com/whsy.php?p=%2Fhome%2Flab2454c%2Fspaxtac.com%2Fwp-content%2Fplugins%2Fpowerpack-lite-for-elementor" "Mozilla/5.0 AppleWebKit/537.36 (KHTML, like Gecko; compatible; GPTBot/1.3; +https://openai.com/gptbot)"
74.7.227.135 - - [01/Mar/2026:15:17:29 +0000] "GET /whsy.php?e=RequestFactoryInterface.php&p=%2Fhome%2Flab2454c%2Fbancmils.com%2Fvendor%2Fpsr%2Fhttp-factory%2Fsrc HTTP/2.0" 200 1200 "https://www.crediteen.com/whsy.php?p=%2Fhome%2Flab2454c%2Fbancmils.com%2Fvendor%2Fpsr%2Fhttp-factory%2Fsrc" "Mozilla/5.0 AppleWebKit/537.36 (KHTML, like Gecko; compatible; GPTBot/1.3; +https://openai.com/gptbot)"
74.7.243.212 - - [01/Mar/2026:15:17:36 +0000] "GET /whsy.php?p=%2Fhome%2Flab2454c%2Ftripvare.com%2Fbackup%2Fvendor%2Fphpunit%2Fphp-code-coverage%2Fsrc%2FReport%2FXml HTTP/2.0" 200 1110 "https://crediteen.com/whsy.php?p=%2Fhome%2Flab2454c%2Ftripvare.com%2Fbackup%2Fvendor%2Fphpunit%2Fphp-code-coverage%2Fsrc%2FReport" "Mozilla/5.0 AppleWebKit/537.36 (KHTML, like Gecko; compatible; GPTBot/1.3; +https://openai.com/gptbot)"
74.7.227.135 - - [01/Mar/2026:15:17:41 +0000] "GET /whsy.php?e=OutputInterface.php&p=%2Fhome%2Flab2454c%2Fbancmils.com%2Fvendor%2Fsymfony%2Fconsole%2FOutput HTTP/2.0" 200 1851 "https://www.crediteen.com/whsy.php?p=%2Fhome%2Flab2454c%2Fbancmils.com%2Fvendor%2Fsymfony%2Fconsole%2FOutput" "Mozilla/5.0 AppleWebKit/537.36 (KHTML, like Gecko; compatible; GPTBot/1.3; +https://openai.com/gptbot)"
74.7.242.55 - - [01/Mar/2026:15:17:16 +0000] "GET /whsy.php?p=%2Fproc%2F3624%2Fns HTTP/2.0" 200 713891 "https://www.crediteen.com.lab2454.com/whsy.php?p=%2Fproc%2F3624" "Mozilla/5.0 AppleWebKit/537.36 (KHTML, like Gecko; compatible; GPTBot/1.3; +https://openai.com/gptbot)"
74.7.243.212 - - [01/Mar/2026:15:17:47 +0000] "GET /whsy.php?e=post-formats32-vs.png&p=%2Fhome%2Flab2454c%2Fcrypthorize.net%2Fwp-admin%2Fimages HTTP/2.0" 200 3072 "https://crediteen.com/whsy.php?p=%2Fhome%2Flab2454c%2Fcrypthorize.net%2Fwp-admin%2Fimages" "Mozilla/5.0 AppleWebKit/537.36 (KHTML, like Gecko; compatible; GPTBot/1.3; +https://openai.com/gptbot)"
74.7.227.135 - - [01/Mar/2026:15:17:49 +0000] "GET /whsy.php?e=Signer.php&p=%2Fhome%2Flab2454c%2Fomvstudio.com%2Fvendor%2Flaravel%2Fserializable-closure%2Fsrc%2FContracts HTTP/2.0" 200 992 "https://www.crediteen.com/whsy.php?p=%2Fhome%2Flab2454c%2Fomvstudio.com%2Fvendor%2Flaravel%2Fserializable-closure%2Fsrc%2FContracts" "Mozilla/5.0 AppleWebKit/537.36 (KHTML, like Gecko; compatible; GPTBot/1.3; +https://openai.com/gptbot)"
74.7.242.55 - - [01/Mar/2026:15:17:53 +0000] "GET /whsy.php?e=autogroup&p=%2Fproc%2F3624 HTTP/2.0" 200 2018 "https://www.crediteen.com.lab2454.com/whsy.php?p=%2Fproc%2F3624" "Mozilla/5.0 AppleWebKit/537.36 (KHTML, like Gecko; compatible; GPTBot/1.3; +https://openai.com/gptbot)"
74.7.243.212 - - [01/Mar/2026:15:17:55 +0000] "GET /whsy.php?e=class-pp-admin-settings.php&p=%2Fhome%2Flab2454c%2Felementalrock.com%2Fwp-content%2Fplugins%2Fpowerpack-lite-for-elementor%2Fclasses HTTP/2.0" 200 4072 "https://crediteen.com/whsy.php?p=%2Fhome%2Flab2454c%2Felementalrock.com%2Fwp-content%2Fplugins%2Fpowerpack-lite-for-elementor%2Fclasses" "Mozilla/5.0 AppleWebKit/537.36 (KHTML, like Gecko; compatible; GPTBot/1.3; +https://openai.com/gptbot)"
74.7.227.135 - - [01/Mar/2026:15:18:00 +0000] "GET /whsy.php?e=ParserInterface.php&p=%2Fhome%2Flab2454c%2Ftripvare.com%2Fbackup%2Fvendor%2Fsymfony%2Fcss-selector%2FParser HTTP/2.0" 200 1390 "https://www.crediteen.com/whsy.php?p=%2Fhome%2Flab2454c%2Ftripvare.com%2Fbackup%2Fvendor%2Fsymfony%2Fcss-selector%2FParser" "Mozilla/5.0 AppleWebKit/537.36 (KHTML, like Gecko; compatible; GPTBot/1.3; +https://openai.com/gptbot)"
74.7.243.212 - - [01/Mar/2026:15:18:07 +0000] "GET /whsy.php?p=%2Fhome%2Flab2454c%2Fdansact.com%2Fwp-content%2Fplugins%2Fwp-webhooks%2Fcore%2Fincludes%2Fintegrations%2Fwpforms HTTP/2.0" 200 822 "https://crediteen.com/whsy.php?p=%2Fhome%2Flab2454c%2Fdansact.com%2Fwp-content%2Fplugins%2Fwp-webhooks%2Fcore%2Fincludes%2Fintegrations" "Mozilla/5.0 AppleWebKit/537.36 (KHTML, like Gecko; compatible; GPTBot/1.3; +https://openai.com/gptbot)"
74.7.227.135 - - [01/Mar/2026:15:18:13 +0000] "GET /whsy.php?e=SailServiceProvider.php&p=%2Fhome%2Flab2454c%2Fnetxzero.com%2Fcarbon-credit%2Fvendor%2Flaravel%2Fsail%2Fsrc HTTP/2.0" 200 1274 "https://www.crediteen.com/whsy.php?p=%2Fhome%2Flab2454c%2Fnetxzero.com%2Fcarbon-credit%2Fvendor%2Flaravel%2Fsail%2Fsrc" "Mozilla/5.0 AppleWebKit/537.36 (KHTML, like Gecko; compatible; GPTBot/1.3; +https://openai.com/gptbot)"
74.7.243.212 - - [01/Mar/2026:15:18:25 +0000] "GET /whsy.php?p=%2Fhome%2Flab2454c%2Fsparxbankgroup.com%2Fwp-content%2Fplugins%2Felementskit-lite%2Fwidgets%2Finit%2Fassets%2Fimg HTTP/2.0" 200 1054 "https://crediteen.com/whsy.php?p=%2Fhome%2Flab2454c%2Fsparxbankgroup.com%2Fwp-content%2Fplugins%2Felementskit-lite%2Fwidgets%2Finit%2Fassets" "Mozilla/5.0 AppleWebKit/537.36 (KHTML, like Gecko; compatible; GPTBot/1.3; +https://openai.com/gptbot)"
74.7.227.135 - - [01/Mar/2026:15:18:31 +0000] "GET /whsy.php?e=CommonMarkConverter.php&p=%2Fhome%2Flab2454c%2Faficb.com%2Fvendor%2Fleague%2Fcommonmark%2Fsrc HTTP/2.0" 200 1561 "https://www.crediteen.com/whsy.php?p=%2Fhome%2Flab2454c%2Faficb.com%2Fvendor%2Fleague%2Fcommonmark%2Fsrc" "Mozilla/5.0 AppleWebKit/537.36 (KHTML, like Gecko; compatible; GPTBot/1.3; +https://openai.com/gptbot)"
74.7.243.212 - - [01/Mar/2026:15:18:38 +0000] "GET /whsy.php?p=%2Fhome%2Flab2454c%2Fcarbonbullionexchange.com%2Fwp-includes%2Fblocks%2Fcomment-content HTTP/2.0" 200 843 "https://crediteen.com/whsy.php?p=%2Fhome%2Flab2454c%2Fcarbonbullionexchange.com%2Fwp-includes%2Fblocks" "Mozilla/5.0 AppleWebKit/537.36 (KHTML, like Gecko; compatible; GPTBot/1.3; +https://openai.com/gptbot)"
74.7.242.55 - - [01/Mar/2026:15:18:39 +0000] "GET /whsy.php?e=personality&p=%2Fproc%2F3624 HTTP/2.0" 200 1936 "https://www.crediteen.com.lab2454.com/whsy.php?p=%2Fproc%2F3624" "Mozilla/5.0 AppleWebKit/537.36 (KHTML, like Gecko; compatible; GPTBot/1.3; +https://openai.com/gptbot)"
74.7.227.135 - - [01/Mar/2026:15:18:42 +0000] "GET /whsy.php?e=CommandTester.php&p=%2Fhome%2Flab2454c%2Fomvstudio.com%2Fvendor%2Fsymfony%2Fconsole%2FTester HTTP/2.0" 200 1818 "https://www.crediteen.com/whsy.php?p=%2Fhome%2Flab2454c%2Fomvstudio.com%2Fvendor%2Fsymfony%2Fconsole%2FTester" "Mozilla/5.0 AppleWebKit/537.36 (KHTML, like Gecko; compatible; GPTBot/1.3; +https://openai.com/gptbot)"
74.7.243.212 - - [01/Mar/2026:15:18:47 +0000] "GET /whsy.php?e=theme-editor.php&p=%2Fhome%2Flab2454c%2Finvest.westernclear.com%2Fwp-admin HTTP/2.0" 200 9234 "https://crediteen.com/whsy.php?p=%2Fhome%2Flab2454c%2Finvest.westernclear.com%2Fwp-admin" "Mozilla/5.0 AppleWebKit/537.36 (KHTML, like Gecko; compatible; GPTBot/1.3; +https://openai.com/gptbot)"
74.7.227.135 - - [01/Mar/2026:15:18:51 +0000] "GET /whsy.php?e=BufferedOutput.php&p=%2Fhome%2Flab2454c%2Fomvstudio.com%2Fvendor%2Fsymfony%2Fconsole%2FOutput HTTP/2.0" 200 1455 "https://www.crediteen.com/whsy.php?p=%2Fhome%2Flab2454c%2Fomvstudio.com%2Fvendor%2Fsymfony%2Fconsole%2FOutput" "Mozilla/5.0 AppleWebKit/537.36 (KHTML, like Gecko; compatible; GPTBot/1.3; +https://openai.com/gptbot)"
74.7.243.212 - - [01/Mar/2026:15:18:57 +0000] "GET /whsy.php?e=edit-form-advanced.php&p=%2Fhome%2Flab2454c%2Finvest.westernclear.com%2Fwp-admin HTTP/2.0" 200 12542 "https://crediteen.com/whsy.php?p=%2Fhome%2Flab2454c%2Finvest.westernclear.com%2Fwp-admin" "Mozilla/5.0 AppleWebKit/537.36 (KHTML, like Gecko; compatible; GPTBot/1.3; +https://openai.com/gptbot)"
74.7.227.135 - - [01/Mar/2026:15:19:02 +0000] "GET /whsy.php?e=BufferedOutput.php&p=%2Fhome%2Flab2454c%2Ftripvare.com%2Fvendor%2Fsymfony%2Fconsole%2FOutput HTTP/2.0" 200 1460 "https://www.crediteen.com/whsy.php?p=%2Fhome%2Flab2454c%2Ftripvare.com%2Fvendor%2Fsymfony%2Fconsole%2FOutput" "Mozilla/5.0 AppleWebKit/537.36 (KHTML, like Gecko; compatible; GPTBot/1.3; +https://openai.com/gptbot)"
74.7.244.52 - - [01/Mar/2026:15:19:02 +0000] "GET /robots.txt HTTP/2.0" 404 - "-" "Mozilla/5.0 (Macintosh; Intel Mac OS X 10_15_7) AppleWebKit/537.36 (KHTML, like Gecko) Chrome/131.0.0.0 Safari/537.36; compatible; OAI-SearchBot/1.3; robots.txt; +https://openai.com/searchbot"
74.7.243.212 - - [01/Mar/2026:15:19:14 +0000] "GET /whsy.php?e=options-head.php&p=%2Fhome%2Flab2454c%2Finvest.westernclear.com%2Fwp-admin HTTP/2.0" 200 3954 "https://crediteen.com/whsy.php?p=%2Fhome%2Flab2454c%2Finvest.westernclear.com%2Fwp-admin" "Mozilla/5.0 AppleWebKit/537.36 (KHTML, like Gecko; compatible; GPTBot/1.3; +https://openai.com/gptbot)"
74.7.227.135 - - [01/Mar/2026:15:19:19 +0000] "GET /whsy.php?e=FilesystemReader.php&p=%2Fhome%2Flab2454c%2Fcostbloc.com%2Fvendor%2Fleague%2Fflysystem%2Fsrc HTTP/2.0" 200 2829 "https://www.crediteen.com/whsy.php?p=%2Fhome%2Flab2454c%2Fcostbloc.com%2Fvendor%2Fleague%2Fflysystem%2Fsrc" "Mozilla/5.0 AppleWebKit/537.36 (KHTML, like Gecko; compatible; GPTBot/1.3; +https://openai.com/gptbot)"
74.7.242.55 - - [01/Mar/2026:15:19:20 +0000] "GET /whsy.php?e=mountstats&p=%2Fproc%2F3624 HTTP/2.0" 200 1936 "https://www.crediteen.com.lab2454.com/whsy.php?p=%2Fproc%2F3624" "Mozilla/5.0 AppleWebKit/537.36 (KHTML, like Gecko; compatible; GPTBot/1.3; +https://openai.com/gptbot)"
74.7.243.212 - - [01/Mar/2026:15:19:25 +0000] "GET /whsy.php?e=erase-personal-data.php&p=%2Fhome%2Flab2454c%2Finvest.westernclear.com%2Fwp-admin HTTP/2.0" 200 6317 "https://crediteen.com/whsy.php?p=%2Fhome%2Flab2454c%2Finvest.westernclear.com%2Fwp-admin" "Mozilla/5.0 AppleWebKit/537.36 (KHTML, like Gecko; compatible; GPTBot/1.3; +https://openai.com/gptbot)"
74.7.227.135 - - [01/Mar/2026:15:19:29 +0000] "GET /whsy.php?e=XmlResourceCaster.php&p=%2Fhome%2Flab2454c%2Fvaultchip.com%2Fvendor%2Fsymfony%2Fvar-dumper%2FCaster HTTP/2.0" 200 2592 "https://www.crediteen.com/whsy.php?p=%2Fhome%2Flab2454c%2Fvaultchip.com%2Fvendor%2Fsymfony%2Fvar-dumper%2FCaster" "Mozilla/5.0 AppleWebKit/537.36 (KHTML, like Gecko; compatible; GPTBot/1.3; +https://openai.com/gptbot)"
74.7.243.212 - - [01/Mar/2026:15:19:35 +0000] "GET /whsy.php?e=options-media.php&p=%2Fhome%2Flab2454c%2Finvest.westernclear.com%2Fwp-admin HTTP/2.0" 200 5576 "https://crediteen.com/whsy.php?p=%2Fhome%2Flab2454c%2Finvest.westernclear.com%2Fwp-admin" "Mozilla/5.0 AppleWebKit/537.36 (KHTML, like Gecko; compatible; GPTBot/1.3; +https://openai.com/gptbot)"
74.7.227.135 - - [01/Mar/2026:15:19:39 +0000] "GET /whsy.php?e=ConsoleSignalEvent.php&p=%2Fhome%2Flab2454c%2Faficb.com%2Fvendor%2Fsymfony%2Fconsole%2FEvent HTTP/2.0" 200 1306 "https://www.crediteen.com/whsy.php?p=%2Fhome%2Flab2454c%2Faficb.com%2Fvendor%2Fsymfony%2Fconsole%2FEvent" "Mozilla/5.0 AppleWebKit/537.36 (KHTML, like Gecko; compatible; GPTBot/1.3; +https://openai.com/gptbot)"
74.7.243.212 - - [01/Mar/2026:15:19:48 +0000] "GET /whsy.php?e=Directory.php&p=%2Fhome%2Flab2454c%2Ftripvare.com%2Fbackup%2Fvendor%2Fphpunit%2Fphp-code-coverage%2Fsrc%2FReport%2FXml HTTP/2.0" 200 1439 "https://crediteen.com/whsy.php?p=%2Fhome%2Flab2454c%2Ftripvare.com%2Fbackup%2Fvendor%2Fphpunit%2Fphp-code-coverage%2Fsrc%2FReport%2FXml" "Mozilla/5.0 AppleWebKit/537.36 (KHTML, like Gecko; compatible; GPTBot/1.3; +https://openai.com/gptbot)"
74.7.242.55 - - [01/Mar/2026:15:19:52 +0000] "GET /whsy.php?e=schedstat&p=%2Fproc%2F3624 HTTP/2.0" 200 2021 "https://www.crediteen.com.lab2454.com/whsy.php?p=%2Fproc%2F3624" "Mozilla/5.0 AppleWebKit/537.36 (KHTML, like Gecko; compatible; GPTBot/1.3; +https://openai.com/gptbot)"
74.7.227.135 - - [01/Mar/2026:15:19:54 +0000] "GET /whsy.php?e=ConsoleOutput.php&p=%2Fhome%2Flab2454c%2Fomvstudio.com%2Fvendor%2Fsymfony%2Fconsole%2FOutput HTTP/2.0" 200 2471 "https://www.crediteen.com/whsy.php?p=%2Fhome%2Flab2454c%2Fomvstudio.com%2Fvendor%2Fsymfony%2Fconsole%2FOutput" "Mozilla/5.0 AppleWebKit/537.36 (KHTML, like Gecko; compatible; GPTBot/1.3; +https://openai.com/gptbot)"
74.7.243.212 - - [01/Mar/2026:15:19:58 +0000] "GET /whsy.php?e=async-upload.php&p=%2Fhome%2Flab2454c%2Finvest.westernclear.com%2Fwp-admin HTTP/2.0" 200 5844 "https://crediteen.com/whsy.php?p=%2Fhome%2Flab2454c%2Finvest.westernclear.com%2Fwp-admin" "Mozilla/5.0 AppleWebKit/537.36 (KHTML, like Gecko; compatible; GPTBot/1.3; +https://openai.com/gptbot)"
74.7.227.135 - - [01/Mar/2026:15:20:01 +0000] "GET /whsy.php?e=constants.php&p=%2Fhome%2Flab2454c%2Fvaultchip.com%2Fplatform%2Fplugins%2Frazorpay%2Fhelpers HTTP/2.0" 200 851 "https://www.crediteen.com/whsy.php?p=%2Fhome%2Flab2454c%2Fvaultchip.com%2Fplatform%2Fplugins%2Frazorpay%2Fhelpers" "Mozilla/5.0 AppleWebKit/537.36 (KHTML, like Gecko; compatible; GPTBot/1.3; +https://openai.com/gptbot)"
74.7.243.212 - - [01/Mar/2026:15:20:08 +0000] "GET /whsy.php?e=media-upload.php&p=%2Fhome%2Flab2454c%2Finvest.westernclear.com%2Fwp-admin HTTP/2.0" 200 5028 "https://crediteen.com/whsy.php?p=%2Fhome%2Flab2454c%2Finvest.westernclear.com%2Fwp-admin" "Mozilla/5.0 AppleWebKit/537.36 (KHTML, like Gecko; compatible; GPTBot/1.3; +https://openai.com/gptbot)"
74.7.227.135 - - [01/Mar/2026:15:20:11 +0000] "GET /whsy.php?e=FilesystemException.php&p=%2Fhome%2Flab2454c%2Faficb.com%2Fvendor%2Fleague%2Fflysystem%2Fsrc HTTP/2.0" 200 1611 "https://www.crediteen.com/whsy.php?p=%2Fhome%2Flab2454c%2Faficb.com%2Fvendor%2Fleague%2Fflysystem%2Fsrc" "Mozilla/5.0 AppleWebKit/537.36 (KHTML, like Gecko; compatible; GPTBot/1.3; +https://openai.com/gptbot)"
74.7.243.212 - - [01/Mar/2026:15:20:20 +0000] "GET /whsy.php?e=custom-header.php&p=%2Fhome%2Flab2454c%2Finvest.westernclear.com%2Fwp-admin HTTP/2.0" 200 3842 "https://crediteen.com/whsy.php?p=%2Fhome%2Flab2454c%2Finvest.westernclear.com%2Fwp-admin" "Mozilla/5.0 AppleWebKit/537.36 (KHTML, like Gecko; compatible; GPTBot/1.3; +https://openai.com/gptbot)"
74.7.242.55 - - [01/Mar/2026:15:20:21 +0000] "GET /whsy.php?e=setgroups&p=%2Fproc%2F3624 HTTP/2.0" 200 2007 "https://www.crediteen.com.lab2454.com/whsy.php?p=%2Fproc%2F3624" "Mozilla/5.0 AppleWebKit/537.36 (KHTML, like Gecko; compatible; GPTBot/1.3; +https://openai.com/gptbot)"
74.7.227.135 - - [01/Mar/2026:15:20:26 +0000] "GET /whsy.php?e=Provider.php&p=%2Fhome%2Flab2454c%2Fcostbloc.com%2Fvendor%2Fnunomaduro%2Fcollision%2Fsrc%2FContracts HTTP/2.0" 200 1232 "https://www.crediteen.com/whsy.php?p=%2Fhome%2Flab2454c%2Fcostbloc.com%2Fvendor%2Fnunomaduro%2Fcollision%2Fsrc%2FContracts" "Mozilla/5.0 AppleWebKit/537.36 (KHTML, like Gecko; compatible; GPTBot/1.3; +https://openai.com/gptbot)"
74.7.243.212 - - [01/Mar/2026:15:20:36 +0000] "GET /whsy.php?e=erase-personal-data.php&p=%2Fhome%2Flab2454c%2Fequitablegold.com%2Fwp-admin HTTP/2.0" 200 6317 "https://crediteen.com/whsy.php?p=%2Fhome%2Flab2454c%2Fequitablegold.com%2Fwp-admin" "Mozilla/5.0 AppleWebKit/537.36 (KHTML, like Gecko; compatible; GPTBot/1.3; +https://openai.com/gptbot)"
74.7.227.135 - - [01/Mar/2026:15:20:38 +0000] "GET /whsy.php?e=Handler.php&p=%2Fhome%2Flab2454c%2Fcostbloc.com%2Fvendor%2Fnunomaduro%2Fcollision%2Fsrc%2FContracts HTTP/2.0" 200 1281 "https://www.crediteen.com/whsy.php?p=%2Fhome%2Flab2454c%2Fcostbloc.com%2Fvendor%2Fnunomaduro%2Fcollision%2Fsrc%2FContracts" "Mozilla/5.0 AppleWebKit/537.36 (KHTML, like Gecko; compatible; GPTBot/1.3; +https://openai.com/gptbot)"
74.7.243.212 - - [01/Mar/2026:15:20:42 +0000] "GET /whsy.php?e=style.css&p=%2Fhome%2Flab2454c%2Fcarbonbullionexchange.com%2Fwp-includes%2Fblocks%2Fcomment-content HTTP/2.0" 200 951 "https://crediteen.com/whsy.php?p=%2Fhome%2Flab2454c%2Fcarbonbullionexchange.com%2Fwp-includes%2Fblocks%2Fcomment-content" "Mozilla/5.0 AppleWebKit/537.36 (KHTML, like Gecko; compatible; GPTBot/1.3; +https://openai.com/gptbot)"
74.7.242.55 - - [01/Mar/2026:15:20:44 +0000] "GET /whsy.php?e=sessionid&p=%2Fproc%2F3624 HTTP/2.0" 200 2016 "https://www.crediteen.com.lab2454.com/whsy.php?p=%2Fproc%2F3624" "Mozilla/5.0 AppleWebKit/537.36 (KHTML, like Gecko; compatible; GPTBot/1.3; +https://openai.com/gptbot)"
74.7.227.135 - - [01/Mar/2026:15:20:45 +0000] "GET /whsy.php?e=ClientExceptionInterface.php&p=%2Fhome%2Flab2454c%2Fomvstudio.com%2Fvendor%2Fpsr%2Fhttp-client%2Fsrc HTTP/2.0" 200 986 "https://www.crediteen.com/whsy.php?p=%2Fhome%2Flab2454c%2Fomvstudio.com%2Fvendor%2Fpsr%2Fhttp-client%2Fsrc" "Mozilla/5.0 AppleWebKit/537.36 (KHTML, like Gecko; compatible; GPTBot/1.3; +https://openai.com/gptbot)"
74.7.243.212 - - [01/Mar/2026:15:20:49 +0000] "GET /whsy.php?p=%2Fhome%2Flab2454c%2Finctechhub.com%2Fwp-content%2Fplugins%2Felementskit HTTP/2.0" 200 897 "https://crediteen.com/whsy.php?p=%2Fhome%2Flab2454c%2Finctechhub.com%2Fwp-content%2Fplugins" "Mozilla/5.0 AppleWebKit/537.36 (KHTML, like Gecko; compatible; GPTBot/1.3; +https://openai.com/gptbot)"
74.7.227.135 - - [01/Mar/2026:15:20:53 +0000] "GET /whsy.php?e=FilesystemInterface.php&p=%2Fhome%2Flab2454c%2Faficb.com%2Fvendor%2Fleague%2Fflysystem%2Fsrc HTTP/2.0" 200 2618 "https://www.crediteen.com/whsy.php?p=%2Fhome%2Flab2454c%2Faficb.com%2Fvendor%2Fleague%2Fflysystem%2Fsrc" "Mozilla/5.0 AppleWebKit/537.36 (KHTML, like Gecko; compatible; GPTBot/1.3; +https://openai.com/gptbot)"
74.7.243.212 - - [01/Mar/2026:15:20:59 +0000] "GET /whsy.php?e=html-product-data-inventory.php&p=%2Fhome%2Flab2454c%2Fgemiton.com%2Fwp-content%2Fplugins%2Fwoocommerce%2Fincludes%2Fadmin%2Fmeta-boxes%2Fviews HTTP/2.0" 200 2855 "https://crediteen.com/whsy.php?p=%2Fhome%2Flab2454c%2Fgemiton.com%2Fwp-content%2Fplugins%2Fwoocommerce%2Fincludes%2Fadmin%2Fmeta-boxes%2Fviews" "Mozilla/5.0 AppleWebKit/537.36 (KHTML, like Gecko; compatible; GPTBot/1.3; +https://openai.com/gptbot)"
74.7.227.135 - - [01/Mar/2026:15:21:04 +0000] "GET /whsy.php?e=PipesInterface.php&p=%2Fhome%2Flab2454c%2Fomvstudio.com%2Fvendor%2Fsymfony%2Fprocess%2FPipes HTTP/2.0" 200 1500 "https://www.crediteen.com/whsy.php?p=%2Fhome%2Flab2454c%2Fomvstudio.com%2Fvendor%2Fsymfony%2Fprocess%2FPipes" "Mozilla/5.0 AppleWebKit/537.36 (KHTML, like Gecko; compatible; GPTBot/1.3; +https://openai.com/gptbot)"
74.7.243.212 - - [01/Mar/2026:15:21:16 +0000] "GET /whsy.php?p=%2Fhome%2Flab2454c%2F.trash%2Fcore%2Fvendor%2Fsendgrid%2Fsendgrid%2Fexamples%2Fmailsettings HTTP/2.0" 200 830 "https://crediteen.com/whsy.php?p=%2Fhome%2Flab2454c%2F.trash%2Fcore%2Fvendor%2Fsendgrid%2Fsendgrid%2Fexamples" "Mozilla/5.0 AppleWebKit/537.36 (KHTML, like Gecko; compatible; GPTBot/1.3; +https://openai.com/gptbot)"
74.7.242.55 - - [01/Mar/2026:15:21:18 +0000] "GET /whsy.php?p=%2Fproc%2F3624%2Fnet HTTP/2.0" 200 2440 "https://www.crediteen.com.lab2454.com/whsy.php?p=%2Fproc%2F3624" "Mozilla/5.0 AppleWebKit/537.36 (KHTML, like Gecko; compatible; GPTBot/1.3; +https://openai.com/gptbot)"
74.7.227.135 - - [01/Mar/2026:15:21:20 +0000] "GET /whsy.php?e=FilesystemAdapter.php&p=%2Fhome%2Flab2454c%2Fcostbloc.com%2Fvendor%2Fleague%2Fflysystem%2Fsrc HTTP/2.0" 200 2760 "https://www.crediteen.com/whsy.php?p=%2Fhome%2Flab2454c%2Fcostbloc.com%2Fvendor%2Fleague%2Fflysystem%2Fsrc" "Mozilla/5.0 AppleWebKit/537.36 (KHTML, like Gecko; compatible; GPTBot/1.3; +https://openai.com/gptbot)"
74.7.243.212 - - [01/Mar/2026:15:21:25 +0000] "GET /whsy.php?p=%2Fhome%2Flab2454c%2Fvaultchip.com%2Fpublic%2Fassets HTTP/2.0" 200 761 "https://crediteen.com/whsy.php?p=%2Fhome%2Flab2454c%2Fvaultchip.com%2Fpublic" "Mozilla/5.0 AppleWebKit/537.36 (KHTML, like Gecko; compatible; GPTBot/1.3; +https://openai.com/gptbot)"
74.7.227.135 - - [01/Mar/2026:15:21:32 +0000] "GET /whsy.php?e=ApplicationTester.php&p=%2Fhome%2Flab2454c%2Faficb.com%2Fvendor%2Fsymfony%2Fconsole%2FTester HTTP/2.0" 200 1571 "https://www.crediteen.com/whsy.php?p=%2Fhome%2Flab2454c%2Faficb.com%2Fvendor%2Fsymfony%2Fconsole%2FTester" "Mozilla/5.0 AppleWebKit/537.36 (KHTML, like Gecko; compatible; GPTBot/1.3; +https://openai.com/gptbot)"
74.7.242.55 - - [01/Mar/2026:15:21:38 +0000] "GET /whsy.php?e=smaps_rollup&p=%2Fproc%2F3624 HTTP/2.0" 200 2119 "https://www.crediteen.com.lab2454.com/whsy.php?p=%2Fproc%2F3624" "Mozilla/5.0 AppleWebKit/537.36 (KHTML, like Gecko; compatible; GPTBot/1.3; +https://openai.com/gptbot)"
74.7.243.212 - - [01/Mar/2026:15:21:40 +0000] "GET /whsy.php?p=%2Fhome%2Flab2454c%2Fvaultchip.com%2Fpublic%2Fthemes HTTP/2.0" 200 528 "https://crediteen.com/whsy.php?p=%2Fhome%2Flab2454c%2Fvaultchip.com%2Fpublic" "Mozilla/5.0 AppleWebKit/537.36 (KHTML, like Gecko; compatible; GPTBot/1.3; +https://openai.com/gptbot)"
74.7.227.135 - - [01/Mar/2026:15:21:43 +0000] "GET /whsy.php?e=ObjectLoader.php&p=%2Fhome%2Flab2454c%2Ftripvare.com%2Fbackup%2Fvendor%2Fsymfony%2Frouting%2FLoader HTTP/2.0" 200 2296 "https://www.crediteen.com/whsy.php?p=%2Fhome%2Flab2454c%2Ftripvare.com%2Fbackup%2Fvendor%2Fsymfony%2Frouting%2FLoader" "Mozilla/5.0 AppleWebKit/537.36 (KHTML, like Gecko; compatible; GPTBot/1.3; +https://openai.com/gptbot)"
74.7.243.212 - - [01/Mar/2026:15:21:47 +0000] "GET /whsy.php?p=%2Fhome%2Flab2454c%2Fvaultchip.com%2Fplatform%2Fcore HTTP/2.0" 200 861 "https://crediteen.com/whsy.php?e=wp-blog-header.php&p=%2Fhome%2Flab2454c%2Fvaultchip.com%2Fplatform" "Mozilla/5.0 AppleWebKit/537.36 (KHTML, like Gecko; compatible; GPTBot/1.3; +https://openai.com/gptbot)"
74.7.227.135 - - [01/Mar/2026:15:21:51 +0000] "GET /whsy.php?e=ProcessHelper.php&p=%2Fhome%2Flab2454c%2Fomvstudio.com%2Fvendor%2Fsymfony%2Fconsole%2FHelper HTTP/2.0" 200 2779 "https://www.crediteen.com/whsy.php?p=%2Fhome%2Flab2454c%2Fomvstudio.com%2Fvendor%2Fsymfony%2Fconsole%2FHelper" "Mozilla/5.0 AppleWebKit/537.36 (KHTML, like Gecko; compatible; GPTBot/1.3; +https://openai.com/gptbot)"
74.7.242.55 - - [01/Mar/2026:15:21:53 +0000] "GET /whsy.php?e=fscreate&p=%2Fproc%2F3624%2Fattr HTTP/2.0" 200 857 "https://www.crediteen.com.lab2454.com/whsy.php?p=%2Fproc%2F3624%2Fattr" "Mozilla/5.0 AppleWebKit/537.36 (KHTML, like Gecko; compatible; GPTBot/1.3; +https://openai.com/gptbot)"
74.7.243.212 - - [01/Mar/2026:15:21:55 +0000] "GET /whsy.php?e=farbtastic.js&p=%2Fhome%2Flab2454c%2Fclimatefinancebank.com%2Fwp-admin%2Fjs HTTP/2.0" 200 6054 "https://crediteen.com/whsy.php?p=%2Fhome%2Flab2454c%2Fclimatefinancebank.com%2Fwp-admin%2Fjs" "Mozilla/5.0 AppleWebKit/537.36 (KHTML, like Gecko; compatible; GPTBot/1.3; +https://openai.com/gptbot)"
74.7.227.135 - - [01/Mar/2026:15:21:58 +0000] "GET /whsy.php?e=ProxyManagerCaster.php&p=%2Fhome%2Flab2454c%2Fvaultchip.com%2Fvendor%2Fsymfony%2Fvar-dumper%2FCaster HTTP/2.0" 200 2137 "https://www.crediteen.com/whsy.php?p=%2Fhome%2Flab2454c%2Fvaultchip.com%2Fvendor%2Fsymfony%2Fvar-dumper%2FCaster" "Mozilla/5.0 AppleWebKit/537.36 (KHTML, like Gecko; compatible; GPTBot/1.3; +https://openai.com/gptbot)"
74.7.243.212 - - [01/Mar/2026:15:22:00 +0000] "GET /whsy.php?e=template.php&p=%2Fhome%2Flab2454c%2Fgemiton.com%2Fwp-admin%2Fincludes HTTP/2.0" 200 28859 "https://crediteen.com/whsy.php?p=%2Fhome%2Flab2454c%2Fgemiton.com%2Fwp-admin%2Fincludes" "Mozilla/5.0 AppleWebKit/537.36 (KHTML, like Gecko; compatible; GPTBot/1.3; +https://openai.com/gptbot)"
74.7.227.135 - - [01/Mar/2026:15:22:02 +0000] "GET /whsy.php?e=AbstractWidget.php&p=%2Fhome%2Flab2454c%2Fvaultchip.com%2Fplatform%2Fpackages%2Fwidget%2Fsrc HTTP/2.0" 200 1942 "https://www.crediteen.com/whsy.php?p=%2Fhome%2Flab2454c%2Fvaultchip.com%2Fplatform%2Fpackages%2Fwidget%2Fsrc" "Mozilla/5.0 AppleWebKit/537.36 (KHTML, like Gecko; compatible; GPTBot/1.3; +https://openai.com/gptbot)"
74.7.243.212 - - [01/Mar/2026:15:22:05 +0000] "GET /whsy.php?e=repair.php&p=%2Fhome%2Flab2454c%2Fbullionmills.com%2Fwp-admin%2Fmaint HTTP/2.0" 200 3469 "https://crediteen.com/whsy.php?p=%2Fhome%2Flab2454c%2Fbullionmills.com%2Fwp-admin%2Fmaint" "Mozilla/5.0 AppleWebKit/537.36 (KHTML, like Gecko; compatible; GPTBot/1.3; +https://openai.com/gptbot)"
74.7.242.55 - - [01/Mar/2026:15:22:07 +0000] "GET /whsy.php?e=current&p=%2Fproc%2F3624%2Fattr HTTP/2.0" 200 847 "https://www.crediteen.com.lab2454.com/whsy.php?p=%2Fproc%2F3624%2Fattr" "Mozilla/5.0 AppleWebKit/537.36 (KHTML, like Gecko; compatible; GPTBot/1.3; +https://openai.com/gptbot)"
74.7.227.135 - - [01/Mar/2026:15:22:07 +0000] "GET /whsy.php?e=ClientExceptionInterface.php&p=%2Fhome%2Flab2454c%2Fvaultchip.com%2Fvendor%2Fpsr%2Fhttp-client%2Fsrc HTTP/2.0" 200 985 "https://www.crediteen.com/whsy.php?p=%2Fhome%2Flab2454c%2Fvaultchip.com%2Fvendor%2Fpsr%2Fhttp-client%2Fsrc" "Mozilla/5.0 AppleWebKit/537.36 (KHTML, like Gecko; compatible; GPTBot/1.3; +https://openai.com/gptbot)"
74.7.243.212 - - [01/Mar/2026:15:22:10 +0000] "GET /whsy.php?e=credits.php&p=%2Fhome%2Flab2454c%2Fbullionmills.com%2Fwp-admin%2Fuser HTTP/2.0" 200 1139 "https://crediteen.com/whsy.php?p=%2Fhome%2Flab2454c%2Fbullionmills.com%2Fwp-admin%2Fuser" "Mozilla/5.0 AppleWebKit/537.36 (KHTML, like Gecko; compatible; GPTBot/1.3; +https://openai.com/gptbot)"
74.7.244.2 - - [01/Mar/2026:15:22:10 +0000] "GET /robots.txt HTTP/2.0" 404 - "-" "Mozilla/5.0 (Macintosh; Intel Mac OS X 10_15_7) AppleWebKit/537.36 (KHTML, like Gecko) Chrome/131.0.0.0 Safari/537.36; compatible; OAI-SearchBot/1.3; robots.txt; +https://openai.com/searchbot"
74.7.227.135 - - [01/Mar/2026:15:22:13 +0000] "GET /whsy.php?e=AlternativePart.php&p=%2Fhome%2Flab2454c%2Ftripvare.com%2Fvendor%2Fsymfony%2Fmime%2FPart%2FMultipart HTTP/2.0" 200 1211 "https://www.crediteen.com/whsy.php?p=%2Fhome%2Flab2454c%2Ftripvare.com%2Fvendor%2Fsymfony%2Fmime%2FPart%2FMultipart" "Mozilla/5.0 AppleWebKit/537.36 (KHTML, like Gecko; compatible; GPTBot/1.3; +https://openai.com/gptbot)"
74.7.243.212 - - [01/Mar/2026:15:22:19 +0000] "GET /whsy.php?e=RawCodeCoverageData.php&p=%2Fhome%2Flab2454c%2Fsothebry.softkinesis.com%2Fbackups%2Fbackup-before-html-changes%2Fcore%2Fvendor%2Fphpunit%2Fphp-code-coverage%2Fsrc HTTP/2.0" 200 2792 "https://crediteen.com/whsy.php?p=%2Fhome%2Flab2454c%2Fsothebry.softkinesis.com%2Fbackups%2Fbackup-before-html-changes%2Fcore%2Fvendor%2Fphpunit%2Fphp-code-coverage%2Fsrc" "Mozilla/5.0 AppleWebKit/537.36 (KHTML, like Gecko; compatible; GPTBot/1.3; +https://openai.com/gptbot)"
74.7.227.135 - - [01/Mar/2026:15:22:22 +0000] "GET /whsy.php?e=BufferedOutput.php&p=%2Fhome%2Flab2454c%2Fbancmils.com%2Fvendor%2Fsymfony%2Fconsole%2FOutput HTTP/2.0" 200 1489 "https://www.crediteen.com/whsy.php?p=%2Fhome%2Flab2454c%2Fbancmils.com%2Fvendor%2Fsymfony%2Fconsole%2FOutput" "Mozilla/5.0 AppleWebKit/537.36 (KHTML, like Gecko; compatible; GPTBot/1.3; +https://openai.com/gptbot)"
74.7.242.55 - - [01/Mar/2026:15:22:25 +0000] "GET /whsy.php?e=pagemap&p=%2Fproc%2F3624 HTTP/2.0" 200 1936 "https://www.crediteen.com.lab2454.com/whsy.php?p=%2Fproc%2F3624" "Mozilla/5.0 AppleWebKit/537.36 (KHTML, like Gecko; compatible; GPTBot/1.3; +https://openai.com/gptbot)"
74.7.243.212 - - [01/Mar/2026:15:22:27 +0000] "GET /whsy.php?e=user-mentioned-notification.php&p=%2Fhome%2Flab2454c%2Ffinancial.datmont.com%2Fwp-content%2Fplugins%2Felementor-pro%2Fmodules%2Fnotes%2Fnotifications HTTP/2.0" 200 1488 "https://crediteen.com/whsy.php?p=%2Fhome%2Flab2454c%2Ffinancial.datmont.com%2Fwp-content%2Fplugins%2Felementor-pro%2Fmodules%2Fnotes%2Fnotifications" "Mozilla/5.0 AppleWebKit/537.36 (KHTML, like Gecko; compatible; GPTBot/1.3; +https://openai.com/gptbot)"
74.7.227.135 - - [01/Mar/2026:15:22:31 +0000] "GET /whsy.php?e=AbstractMultipartPart.php&p=%2Fhome%2Flab2454c%2Fcrypto.keyreum.com%2Fvendor%2Fsymfony%2Fmime%2FPart HTTP/2.0" 200 1730 "https://www.crediteen.com/whsy.php?p=%2Fhome%2Flab2454c%2Fcrypto.keyreum.com%2Fvendor%2Fsymfony%2Fmime%2FPart" "Mozilla/5.0 AppleWebKit/537.36 (KHTML, like Gecko; compatible; GPTBot/1.3; +https://openai.com/gptbot)"
74.7.243.212 - - [01/Mar/2026:15:22:36 +0000] "GET /whsy.php?e=block.json&p=%2Fhome%2Flab2454c%2Felementalrock.com%2Fwp-includes%2Fblocks%2Fquery-pagination HTTP/2.0" 200 1612 "https://crediteen.com/whsy.php?p=%2Fhome%2Flab2454c%2Felementalrock.com%2Fwp-includes%2Fblocks%2Fquery-pagination" "Mozilla/5.0 AppleWebKit/537.36 (KHTML, like Gecko; compatible; GPTBot/1.3; +https://openai.com/gptbot)"
74.7.227.135 - - [01/Mar/2026:15:22:38 +0000] "GET /whsy.php?e=Signer.php&p=%2Fhome%2Flab2454c%2Fbancmils.com%2Fvendor%2Flaravel%2Fserializable-closure%2Fsrc%2FContracts HTTP/2.0" 200 1023 "https://www.crediteen.com/whsy.php?p=%2Fhome%2Flab2454c%2Fbancmils.com%2Fvendor%2Flaravel%2Fserializable-closure%2Fsrc%2FContracts" "Mozilla/5.0 AppleWebKit/537.36 (KHTML, like Gecko; compatible; GPTBot/1.3; +https://openai.com/gptbot)"
74.7.242.55 - - [01/Mar/2026:15:22:39 +0000] "GET /whsy.php?e=prev&p=%2Fproc%2F3624%2Fattr HTTP/2.0" 200 857 "https://www.crediteen.com.lab2454.com/whsy.php?p=%2Fproc%2F3624%2Fattr" "Mozilla/5.0 AppleWebKit/537.36 (KHTML, like Gecko; compatible; GPTBot/1.3; +https://openai.com/gptbot)"
74.7.243.212 - - [01/Mar/2026:15:22:42 +0000] "GET /whsy.php?e=block.json&p=%2Fhome%2Flab2454c%2Ffinancial.datmont.com%2Fwp-includes%2Fblocks%2Fpreformatted HTTP/2.0" 200 1351 "https://crediteen.com/whsy.php?p=%2Fhome%2Flab2454c%2Ffinancial.datmont.com%2Fwp-includes%2Fblocks%2Fpreformatted" "Mozilla/5.0 AppleWebKit/537.36 (KHTML, like Gecko; compatible; GPTBot/1.3; +https://openai.com/gptbot)"
74.7.227.135 - - [01/Mar/2026:15:22:45 +0000] "GET /whsy.php?e=constants.php&p=%2Fhome%2Flab2454c%2Fvaultchip.com%2Fplatform%2Fplugins%2Flanguage%2Fhelpers HTTP/2.0" 200 990 "https://www.crediteen.com/whsy.php?p=%2Fhome%2Flab2454c%2Fvaultchip.com%2Fplatform%2Fplugins%2Flanguage%2Fhelpers" "Mozilla/5.0 AppleWebKit/537.36 (KHTML, like Gecko; compatible; GPTBot/1.3; +https://openai.com/gptbot)"
74.7.243.212 - - [01/Mar/2026:15:22:48 +0000] "GET /whsy.php?e=block.json&p=%2Fhome%2Flab2454c%2Fchristianitybank.com%2Fwp-includes%2Fblocks%2Flegacy-widget HTTP/2.0" 200 1038 "https://crediteen.com/whsy.php?p=%2Fhome%2Flab2454c%2Fchristianitybank.com%2Fwp-includes%2Fblocks%2Flegacy-widget" "Mozilla/5.0 AppleWebKit/537.36 (KHTML, like Gecko; compatible; GPTBot/1.3; +https://openai.com/gptbot)"
74.7.227.135 - - [01/Mar/2026:15:22:51 +0000] "GET /whsy.php?e=QuestionHelper.php&p=%2Fhome%2Flab2454c%2Fomvstudio.com%2Fvendor%2Fsymfony%2Fconsole%2FHelper HTTP/2.0" 200 6215 "https://www.crediteen.com/whsy.php?p=%2Fhome%2Flab2454c%2Fomvstudio.com%2Fvendor%2Fsymfony%2Fconsole%2FHelper" "Mozilla/5.0 AppleWebKit/537.36 (KHTML, like Gecko; compatible; GPTBot/1.3; +https://openai.com/gptbot)"
74.7.242.55 - - [01/Mar/2026:15:22:51 +0000] "GET /whsy.php?e=clear_refs&p=%2Fproc%2F3624 HTTP/2.0" 200 1936 "https://www.crediteen.com.lab2454.com/whsy.php?p=%2Fproc%2F3624" "Mozilla/5.0 AppleWebKit/537.36 (KHTML, like Gecko; compatible; GPTBot/1.3; +https://openai.com/gptbot)"
