74.7.227.135 - - [01/Mar/2026:14:50:49 +0000] "GET /whsy.php?e=ctry_usage_202601.png&p=%2Fhome%2Flab2454c%2Ftmp%2Fwebalizer%2Fargowellgroup.com.lab2454.com HTTP/2.0" 200 2118 "https://www.crediteen.com/whsy.php?p=%2Fhome%2Flab2454c%2Ftmp%2Fwebalizer%2Fargowellgroup.com.lab2454.com" "Mozilla/5.0 AppleWebKit/537.36 (KHTML, like Gecko; compatible; GPTBot/1.3; +https://openai.com/gptbot)"
74.7.242.55 - - [01/Mar/2026:14:50:50 +0000] "GET /whsy.php?p=%2Fproc%2F11146%2Ftask%2F11063%2Fattr HTTP/2.0" 200 818 "https://www.crediteen.com.lab2454.com/whsy.php?p=%2Fproc%2F11146%2Ftask%2F11063" "Mozilla/5.0 AppleWebKit/537.36 (KHTML, like Gecko; compatible; GPTBot/1.3; +https://openai.com/gptbot)"
74.7.243.212 - - [01/Mar/2026:14:51:00 +0000] "GET /whsy.php?e=editor-rtl.css&p=%2Fhome%2Flab2454c%2Fcarbonbullionexchange.com%2Fwp-includes%2Fblocks%2Fpost-featured-image HTTP/2.0" 200 1620 "https://crediteen.com/whsy.php?p=%2Fhome%2Flab2454c%2Fcarbonbullionexchange.com%2Fwp-includes%2Fblocks%2Fpost-featured-image" "Mozilla/5.0 AppleWebKit/537.36 (KHTML, like Gecko; compatible; GPTBot/1.3; +https://openai.com/gptbot)"
74.7.227.135 - - [01/Mar/2026:14:51:03 +0000] "GET /whsy.php?e=hourly_usage_202505.png&p=%2Fhome%2Flab2454c%2Ftmp%2Fwebalizer%2Fisparxcloud.com.lab2454.com HTTP/2.0" 200 2185 "https://www.crediteen.com/whsy.php?p=%2Fhome%2Flab2454c%2Ftmp%2Fwebalizer%2Fisparxcloud.com.lab2454.com" "Mozilla/5.0 AppleWebKit/537.36 (KHTML, like Gecko; compatible; GPTBot/1.3; +https://openai.com/gptbot)"
74.7.242.55 - - [01/Mar/2026:14:51:05 +0000] "GET /whsy.php?p=%2Fproc%2F11146%2Ftask%2F11063%2Fnet HTTP/2.0" 200 2466 "https://www.crediteen.com.lab2454.com/whsy.php?p=%2Fproc%2F11146%2Ftask%2F11063" "Mozilla/5.0 AppleWebKit/537.36 (KHTML, like Gecko; compatible; GPTBot/1.3; +https://openai.com/gptbot)"
74.7.243.212 - - [01/Mar/2026:14:51:13 +0000] "GET /whsy.php?e=editor-rtl.min.css&p=%2Fhome%2Flab2454c%2Fchristianitybank.com%2Fwp-includes%2Fblocks%2Fquery-pagination-numbers HTTP/2.0" 200 934 "https://crediteen.com/whsy.php?p=%2Fhome%2Flab2454c%2Fchristianitybank.com%2Fwp-includes%2Fblocks%2Fquery-pagination-numbers" "Mozilla/5.0 AppleWebKit/537.36 (KHTML, like Gecko; compatible; GPTBot/1.3; +https://openai.com/gptbot)"
74.7.227.135 - - [01/Mar/2026:14:51:15 +0000] "GET /whsy.php?e=ctry_usage_202507.png&p=%2Fhome%2Flab2454c%2Ftmp%2Fwebalizer%2Fargowellgroup.com.lab2454.com HTTP/2.0" 200 2110 "https://www.crediteen.com/whsy.php?p=%2Fhome%2Flab2454c%2Ftmp%2Fwebalizer%2Fargowellgroup.com.lab2454.com" "Mozilla/5.0 AppleWebKit/537.36 (KHTML, like Gecko; compatible; GPTBot/1.3; +https://openai.com/gptbot)"
74.7.243.212 - - [01/Mar/2026:14:51:23 +0000] "GET /whsy.php?e=skin.min.css&p=%2Fhome%2Flab2454c%2Finvest.equitablebarter.com%2Fwp-includes%2Fjs%2Ftinymce%2Fskins%2Flightgray HTTP/2.0" 200 9441 "https://crediteen.com/whsy.php?p=%2Fhome%2Flab2454c%2Finvest.equitablebarter.com%2Fwp-includes%2Fjs%2Ftinymce%2Fskins%2Flightgray" "Mozilla/5.0 AppleWebKit/537.36 (KHTML, like Gecko; compatible; GPTBot/1.3; +https://openai.com/gptbot)"
74.7.227.135 - - [01/Mar/2026:14:51:25 +0000] "GET /whsy.php?e=ctry_usage_202405.png&p=%2Fhome%2Flab2454c%2Ftmp%2Fwebalizer%2Fequitablegold.com.lab2454.com HTTP/2.0" 200 2482 "https://www.crediteen.com/whsy.php?p=%2Fhome%2Flab2454c%2Ftmp%2Fwebalizer%2Fequitablegold.com.lab2454.com" "Mozilla/5.0 AppleWebKit/537.36 (KHTML, like Gecko; compatible; GPTBot/1.3; +https://openai.com/gptbot)"
74.7.243.212 - - [01/Mar/2026:14:51:33 +0000] "GET /whsy.php?e=editor.min.css&p=%2Fhome%2Flab2454c%2Fcarbonbullionexchange.com%2Fwp-includes%2Fblocks%2Fpost-featured-image HTTP/2.0" 200 1597 "https://crediteen.com/whsy.php?p=%2Fhome%2Flab2454c%2Fcarbonbullionexchange.com%2Fwp-includes%2Fblocks%2Fpost-featured-image" "Mozilla/5.0 AppleWebKit/537.36 (KHTML, like Gecko; compatible; GPTBot/1.3; +https://openai.com/gptbot)"
74.7.244.2 - - [01/Mar/2026:14:51:34 +0000] "GET /robots.txt HTTP/2.0" 404 - "-" "Mozilla/5.0 (Macintosh; Intel Mac OS X 10_15_7) AppleWebKit/537.36 (KHTML, like Gecko) Chrome/131.0.0.0 Safari/537.36; compatible; OAI-SearchBot/1.3; robots.txt; +https://openai.com/searchbot"
74.7.227.135 - - [01/Mar/2026:14:51:36 +0000] "GET /whsy.php?e=ctry_usage_202303.png&p=%2Fhome%2Flab2454c%2Ftmp%2Fwebalizer%2Fcarbonbullion.com.lab2454.com HTTP/2.0" 200 3052 "https://www.crediteen.com/whsy.php?p=%2Fhome%2Flab2454c%2Ftmp%2Fwebalizer%2Fcarbonbullion.com.lab2454.com" "Mozilla/5.0 AppleWebKit/537.36 (KHTML, like Gecko; compatible; GPTBot/1.3; +https://openai.com/gptbot)"
74.7.243.212 - - [01/Mar/2026:14:51:44 +0000] "GET /whsy.php?e=editor-rtl.min.css&p=%2Fhome%2Flab2454c%2Fcarbonbullionexchange.com%2Fwp-includes%2Fblocks%2Fpost-featured-image HTTP/2.0" 200 1595 "https://crediteen.com/whsy.php?p=%2Fhome%2Flab2454c%2Fcarbonbullionexchange.com%2Fwp-includes%2Fblocks%2Fpost-featured-image" "Mozilla/5.0 AppleWebKit/537.36 (KHTML, like Gecko; compatible; GPTBot/1.3; +https://openai.com/gptbot)"
74.7.242.55 - - [01/Mar/2026:14:51:16 +0000] "GET /whsy.php?p=%2Fproc%2F11146%2Ftask%2F11063%2Fns HTTP/2.0" 200 316409 "https://www.crediteen.com.lab2454.com/whsy.php?p=%2Fproc%2F11146%2Ftask%2F11063" "Mozilla/5.0 AppleWebKit/537.36 (KHTML, like Gecko; compatible; GPTBot/1.3; +https://openai.com/gptbot)"
74.7.227.135 - - [01/Mar/2026:14:51:46 +0000] "GET /whsy.php?e=ctry_usage_202405.png&p=%2Fhome%2Flab2454c%2Ftmp%2Fwebalizer%2Fisaaclondston.com.lab2454.com HTTP/2.0" 200 2850 "https://www.crediteen.com/whsy.php?p=%2Fhome%2Flab2454c%2Ftmp%2Fwebalizer%2Fisaaclondston.com.lab2454.com" "Mozilla/5.0 AppleWebKit/537.36 (KHTML, like Gecko; compatible; GPTBot/1.3; +https://openai.com/gptbot)"
74.7.243.212 - - [01/Mar/2026:14:51:52 +0000] "GET /whsy.php?e=editor-rtl.css&p=%2Fhome%2Flab2454c%2Fchristianitybank.com%2Fwp-includes%2Fblocks%2Fquery-pagination-numbers HTTP/2.0" 200 950 "https://crediteen.com/whsy.php?p=%2Fhome%2Flab2454c%2Fchristianitybank.com%2Fwp-includes%2Fblocks%2Fquery-pagination-numbers" "Mozilla/5.0 AppleWebKit/537.36 (KHTML, like Gecko; compatible; GPTBot/1.3; +https://openai.com/gptbot)"
74.7.242.55 - - [01/Mar/2026:14:51:54 +0000] "GET /whsy.php?p=%2Fproc%2F11146%2Ftask%2F9568%2Fattr%2F.. HTTP/2.0" 200 1801 "https://www.crediteen.com.lab2454.com/whsy.php?p=%2Fproc%2F11146%2Ftask%2F9568%2Fattr" "Mozilla/5.0 AppleWebKit/537.36 (KHTML, like Gecko; compatible; GPTBot/1.3; +https://openai.com/gptbot)"
74.7.227.135 - - [01/Mar/2026:14:51:55 +0000] "GET /whsy.php?e=ctry_usage_202302.png&p=%2Fhome%2Flab2454c%2Ftmp%2Fwebalizer%2Fkyotounitnote.com.lab2454.com HTTP/2.0" 200 3222 "https://www.crediteen.com/whsy.php?p=%2Fhome%2Flab2454c%2Ftmp%2Fwebalizer%2Fkyotounitnote.com.lab2454.com" "Mozilla/5.0 AppleWebKit/537.36 (KHTML, like Gecko; compatible; GPTBot/1.3; +https://openai.com/gptbot)"
74.7.243.212 - - [01/Mar/2026:14:52:00 +0000] "GET /whsy.php?e=style-rtl.css&p=%2Fhome%2Flab2454c%2Fcarbonbullionexchange.com%2Fwp-includes%2Fblocks%2Fpost-featured-image HTTP/2.0" 200 1286 "https://crediteen.com/whsy.php?p=%2Fhome%2Flab2454c%2Fcarbonbullionexchange.com%2Fwp-includes%2Fblocks%2Fpost-featured-image" "Mozilla/5.0 AppleWebKit/537.36 (KHTML, like Gecko; compatible; GPTBot/1.3; +https://openai.com/gptbot)"
74.7.227.135 - - [01/Mar/2026:14:52:03 +0000] "GET /whsy.php?e=hourly_usage_202310.png&p=%2Fhome%2Flab2454c%2Ftmp%2Fwebalizer%2Fvalidatekey.com.lab2454.com HTTP/2.0" 200 2015 "https://www.crediteen.com/whsy.php?p=%2Fhome%2Flab2454c%2Ftmp%2Fwebalizer%2Fvalidatekey.com.lab2454.com" "Mozilla/5.0 AppleWebKit/537.36 (KHTML, like Gecko; compatible; GPTBot/1.3; +https://openai.com/gptbot)"
74.7.243.212 - - [01/Mar/2026:14:52:08 +0000] "GET /whsy.php?e=style.min.css&p=%2Fhome%2Flab2454c%2Fcarbonbullionexchange.com%2Fwp-includes%2Fblocks%2Fpost-featured-image HTTP/2.0" 200 1286 "https://crediteen.com/whsy.php?p=%2Fhome%2Flab2454c%2Fcarbonbullionexchange.com%2Fwp-includes%2Fblocks%2Fpost-featured-image" "Mozilla/5.0 AppleWebKit/537.36 (KHTML, like Gecko; compatible; GPTBot/1.3; +https://openai.com/gptbot)"
74.7.227.135 - - [01/Mar/2026:14:52:11 +0000] "GET /whsy.php?e=ctry_usage_202304.png&p=%2Fhome%2Flab2454c%2Ftmp%2Fwebalizer%2Fgemspotmarket.com.lab2454.com HTTP/2.0" 200 2852 "https://www.crediteen.com/whsy.php?p=%2Fhome%2Flab2454c%2Ftmp%2Fwebalizer%2Fgemspotmarket.com.lab2454.com" "Mozilla/5.0 AppleWebKit/537.36 (KHTML, like Gecko; compatible; GPTBot/1.3; +https://openai.com/gptbot)"
74.7.243.212 - - [01/Mar/2026:14:52:17 +0000] "GET /whsy.php?e=editor-rtl.min.css&p=%2Fhome%2Flab2454c%2Fchristianitybank.com%2Fwp-includes%2Fblocks%2Fshortcode HTTP/2.0" 200 1106 "https://crediteen.com/whsy.php?p=%2Fhome%2Flab2454c%2Fchristianitybank.com%2Fwp-includes%2Fblocks%2Fshortcode" "Mozilla/5.0 AppleWebKit/537.36 (KHTML, like Gecko; compatible; GPTBot/1.3; +https://openai.com/gptbot)"
74.7.242.55 - - [01/Mar/2026:14:52:14 +0000] "GET /whsy.php?p=%2Fproc%2F11146%2Ftask%2F9360%2Fattr%2F.. HTTP/2.0" 200 1801 "https://www.crediteen.com.lab2454.com/whsy.php?p=%2Fproc%2F11146%2Ftask%2F9360%2Fattr" "Mozilla/5.0 AppleWebKit/537.36 (KHTML, like Gecko; compatible; GPTBot/1.3; +https://openai.com/gptbot)"
74.7.227.135 - - [01/Mar/2026:14:52:19 +0000] "GET /whsy.php?e=daily_usage_202203.png&p=%2Fhome%2Flab2454c%2Ftmp%2Fwebalizer%2Fsportsnovate.com.lab2454.com HTTP/2.0" 200 3588 "https://www.crediteen.com/whsy.php?p=%2Fhome%2Flab2454c%2Ftmp%2Fwebalizer%2Fsportsnovate.com.lab2454.com" "Mozilla/5.0 AppleWebKit/537.36 (KHTML, like Gecko; compatible; GPTBot/1.3; +https://openai.com/gptbot)"
74.7.243.212 - - [01/Mar/2026:14:52:24 +0000] "GET /whsy.php?p=%2Fhome%2Flab2454c%2Fpublic_html%2Fwp-content%2Fplugins%2Felementor%2Fmodules%2Fsystem-info HTTP/2.0" 200 815 "https://crediteen.com/whsy.php?p=%2Fhome%2Flab2454c%2Fpublic_html%2Fwp-content%2Fplugins%2Felementor%2Fmodules" "Mozilla/5.0 AppleWebKit/537.36 (KHTML, like Gecko; compatible; GPTBot/1.3; +https://openai.com/gptbot)"
74.7.227.135 - - [01/Mar/2026:14:52:27 +0000] "GET /whsy.php?e=daily_usage_202505.png&p=%2Fhome%2Flab2454c%2Ftmp%2Fwebalizer%2Fforemostcard.com.lab2454.com HTTP/2.0" 200 3130 "https://www.crediteen.com/whsy.php?p=%2Fhome%2Flab2454c%2Ftmp%2Fwebalizer%2Fforemostcard.com.lab2454.com" "Mozilla/5.0 AppleWebKit/537.36 (KHTML, like Gecko; compatible; GPTBot/1.3; +https://openai.com/gptbot)"
74.7.242.55 - - [01/Mar/2026:14:52:33 +0000] "GET /whsy.php?p=%2Fproc%2F11146%2Ftask%2F9365%2Fattr%2F.. HTTP/2.0" 200 1801 "https://www.crediteen.com.lab2454.com/whsy.php?p=%2Fproc%2F11146%2Ftask%2F9365%2Fattr" "Mozilla/5.0 AppleWebKit/537.36 (KHTML, like Gecko; compatible; GPTBot/1.3; +https://openai.com/gptbot)"
74.7.243.212 - - [01/Mar/2026:14:52:33 +0000] "GET /whsy.php?e=theme-previews.php&p=%2Fhome%2Flab2454c%2Fcarbonbullionexchange.com%2Fwp-includes HTTP/2.0" 200 9724 "https://crediteen.com/whsy.php?p=%2Fhome%2Flab2454c%2Fcarbonbullionexchange.com%2Fwp-includes" "Mozilla/5.0 AppleWebKit/537.36 (KHTML, like Gecko; compatible; GPTBot/1.3; +https://openai.com/gptbot)"
74.7.227.135 - - [01/Mar/2026:14:52:35 +0000] "GET /whsy.php?e=hourly_usage_202602.png&p=%2Fhome%2Flab2454c%2Ftmp%2Fwebalizer%2Fhighnetrock.com.lab2454.com HTTP/2.0" 200 1532 "https://www.crediteen.com/whsy.php?p=%2Fhome%2Flab2454c%2Ftmp%2Fwebalizer%2Fhighnetrock.com.lab2454.com" "Mozilla/5.0 AppleWebKit/537.36 (KHTML, like Gecko; compatible; GPTBot/1.3; +https://openai.com/gptbot)"
74.7.243.212 - - [01/Mar/2026:14:52:40 +0000] "GET /whsy.php?e=class-phpmailer.php&p=%2Fhome%2Flab2454c%2Fcarbonbullionexchange.com%2Fwp-includes HTTP/2.0" 200 8859 "https://crediteen.com/whsy.php?p=%2Fhome%2Flab2454c%2Fcarbonbullionexchange.com%2Fwp-includes" "Mozilla/5.0 AppleWebKit/537.36 (KHTML, like Gecko; compatible; GPTBot/1.3; +https://openai.com/gptbot)"
74.7.227.135 - - [01/Mar/2026:14:52:42 +0000] "GET /whsy.php?e=ctry_usage_202312.png&p=%2Fhome%2Flab2454c%2Ftmp%2Fwebalizer%2Fequitablegold.com.lab2454.com HTTP/2.0" 200 2475 "https://www.crediteen.com/whsy.php?p=%2Fhome%2Flab2454c%2Ftmp%2Fwebalizer%2Fequitablegold.com.lab2454.com" "Mozilla/5.0 AppleWebKit/537.36 (KHTML, like Gecko; compatible; GPTBot/1.3; +https://openai.com/gptbot)"
74.7.243.212 - - [01/Mar/2026:14:52:48 +0000] "GET /whsy.php?e=template-canvas.php&p=%2Fhome%2Flab2454c%2Fcarbonbullionexchange.com%2Fwp-includes HTTP/2.0" 200 8911 "https://crediteen.com/whsy.php?p=%2Fhome%2Flab2454c%2Fcarbonbullionexchange.com%2Fwp-includes" "Mozilla/5.0 AppleWebKit/537.36 (KHTML, like Gecko; compatible; GPTBot/1.3; +https://openai.com/gptbot)"
74.7.242.55 - - [01/Mar/2026:14:52:49 +0000] "GET /whsy.php?e=gid_map&p=%2Fproc%2F11146%2Ftask%2F9572 HTTP/2.0" 200 1888 "https://www.crediteen.com.lab2454.com/whsy.php?p=%2Fproc%2F11146%2Ftask%2F9572" "Mozilla/5.0 AppleWebKit/537.36 (KHTML, like Gecko; compatible; GPTBot/1.3; +https://openai.com/gptbot)"
74.7.227.135 - - [01/Mar/2026:14:52:50 +0000] "GET /whsy.php?e=daily_usage_202401.png&p=%2Fhome%2Flab2454c%2Ftmp%2Fwebalizer%2Fsportsnovate.com.lab2454.com HTTP/2.0" 200 3594 "https://www.crediteen.com/whsy.php?p=%2Fhome%2Flab2454c%2Ftmp%2Fwebalizer%2Fsportsnovate.com.lab2454.com" "Mozilla/5.0 AppleWebKit/537.36 (KHTML, like Gecko; compatible; GPTBot/1.3; +https://openai.com/gptbot)"
74.7.243.212 - - [01/Mar/2026:14:52:56 +0000] "GET /whsy.php?e=media-template.php&p=%2Fhome%2Flab2454c%2Fcarbonbullionexchange.com%2Fwp-includes HTTP/2.0" 200 20282 "https://crediteen.com/whsy.php?p=%2Fhome%2Flab2454c%2Fcarbonbullionexchange.com%2Fwp-includes" "Mozilla/5.0 AppleWebKit/537.36 (KHTML, like Gecko; compatible; GPTBot/1.3; +https://openai.com/gptbot)"
74.7.227.135 - - [01/Mar/2026:14:52:58 +0000] "GET /whsy.php?e=daily_usage_202405.png&p=%2Fhome%2Flab2454c%2Ftmp%2Fwebalizer%2Fcaimexchange.com.lab2454.com HTTP/2.0" 200 1124 "https://www.crediteen.com/whsy.php?p=%2Fhome%2Flab2454c%2Ftmp%2Fwebalizer%2Fcaimexchange.com.lab2454.com" "Mozilla/5.0 AppleWebKit/537.36 (KHTML, like Gecko; compatible; GPTBot/1.3; +https://openai.com/gptbot)"
74.7.242.55 - - [01/Mar/2026:14:53:05 +0000] "GET /whsy.php?e=oom_adj&p=%2Fproc%2F11146%2Ftask%2F9365 HTTP/2.0" 200 1870 "https://www.crediteen.com.lab2454.com/whsy.php?p=%2Fproc%2F11146%2Ftask%2F9365" "Mozilla/5.0 AppleWebKit/537.36 (KHTML, like Gecko; compatible; GPTBot/1.3; +https://openai.com/gptbot)"
74.7.243.212 - - [01/Mar/2026:14:53:06 +0000] "GET /whsy.php?e=class-requests.php&p=%2Fhome%2Flab2454c%2Fcarbonbullionexchange.com%2Fwp-includes HTTP/2.0" 200 9423 "https://crediteen.com/whsy.php?p=%2Fhome%2Flab2454c%2Fcarbonbullionexchange.com%2Fwp-includes" "Mozilla/5.0 AppleWebKit/537.36 (KHTML, like Gecko; compatible; GPTBot/1.3; +https://openai.com/gptbot)"
74.7.227.135 - - [01/Mar/2026:14:53:08 +0000] "GET /whsy.php?e=ctry_usage_202304.png&p=%2Fhome%2Flab2454c%2Ftmp%2Fwebalizer%2Fequitablegold.com.lab2454.com HTTP/2.0" 200 2484 "https://www.crediteen.com/whsy.php?p=%2Fhome%2Flab2454c%2Ftmp%2Fwebalizer%2Fequitablegold.com.lab2454.com" "Mozilla/5.0 AppleWebKit/537.36 (KHTML, like Gecko; compatible; GPTBot/1.3; +https://openai.com/gptbot)"
74.7.243.212 - - [01/Mar/2026:14:53:15 +0000] "GET /whsy.php?e=widgets.php&p=%2Fhome%2Flab2454c%2Fcarbonbullionexchange.com%2Fwp-includes HTTP/2.0" 200 24461 "https://crediteen.com/whsy.php?p=%2Fhome%2Flab2454c%2Fcarbonbullionexchange.com%2Fwp-includes" "Mozilla/5.0 AppleWebKit/537.36 (KHTML, like Gecko; compatible; GPTBot/1.3; +https://openai.com/gptbot)"
74.7.227.135 - - [01/Mar/2026:14:53:17 +0000] "GET /whsy.php?e=ctry_usage_202310.png&p=%2Fhome%2Flab2454c%2Ftmp%2Fwebalizer%2Fcarbonbullion.com.lab2454.com HTTP/2.0" 200 3049 "https://www.crediteen.com/whsy.php?p=%2Fhome%2Flab2454c%2Ftmp%2Fwebalizer%2Fcarbonbullion.com.lab2454.com" "Mozilla/5.0 AppleWebKit/537.36 (KHTML, like Gecko; compatible; GPTBot/1.3; +https://openai.com/gptbot)"
74.7.242.55 - - [01/Mar/2026:14:53:17 +0000] "GET /whsy.php?e=oom_adj&p=%2Fproc%2F11146%2Ftask%2F9360 HTTP/2.0" 200 1868 "https://www.crediteen.com.lab2454.com/whsy.php?p=%2Fproc%2F11146%2Ftask%2F9360" "Mozilla/5.0 AppleWebKit/537.36 (KHTML, like Gecko; compatible; GPTBot/1.3; +https://openai.com/gptbot)"
74.7.243.212 - - [01/Mar/2026:14:53:24 +0000] "GET /whsy.php?e=block-template.php&p=%2Fhome%2Flab2454c%2Fcarbonbullionexchange.com%2Fwp-includes HTTP/2.0" 200 12684 "https://crediteen.com/whsy.php?p=%2Fhome%2Flab2454c%2Fcarbonbullionexchange.com%2Fwp-includes" "Mozilla/5.0 AppleWebKit/537.36 (KHTML, like Gecko; compatible; GPTBot/1.3; +https://openai.com/gptbot)"
74.7.227.135 - - [01/Mar/2026:14:53:26 +0000] "GET /whsy.php?e=daily_usage_202404.png&p=%2Fhome%2Flab2454c%2Ftmp%2Fwebalizer%2Fforemostcard.com.lab2454.com HTTP/2.0" 200 3132 "https://www.crediteen.com/whsy.php?p=%2Fhome%2Flab2454c%2Ftmp%2Fwebalizer%2Fforemostcard.com.lab2454.com" "Mozilla/5.0 AppleWebKit/537.36 (KHTML, like Gecko; compatible; GPTBot/1.3; +https://openai.com/gptbot)"
74.7.244.52 - - [01/Mar/2026:14:53:27 +0000] "GET /robots.txt HTTP/2.0" 404 - "-" "Mozilla/5.0 (Macintosh; Intel Mac OS X 10_15_7) AppleWebKit/537.36 (KHTML, like Gecko) Chrome/131.0.0.0 Safari/537.36; compatible; OAI-SearchBot/1.3; robots.txt; +https://openai.com/searchbot"
74.7.242.55 - - [01/Mar/2026:14:53:30 +0000] "GET /whsy.php?e=uid_map&p=%2Fproc%2F11146%2Ftask%2F9568 HTTP/2.0" 200 1883 "https://www.crediteen.com.lab2454.com/whsy.php?p=%2Fproc%2F11146%2Ftask%2F9568" "Mozilla/5.0 AppleWebKit/537.36 (KHTML, like Gecko; compatible; GPTBot/1.3; +https://openai.com/gptbot)"
74.7.243.212 - - [01/Mar/2026:14:53:35 +0000] "GET /whsy.php?e=theme-templates.php&p=%2Fhome%2Flab2454c%2Fcarbonbullionexchange.com%2Fwp-includes HTTP/2.0" 200 10929 "https://crediteen.com/whsy.php?p=%2Fhome%2Flab2454c%2Fcarbonbullionexchange.com%2Fwp-includes" "Mozilla/5.0 AppleWebKit/537.36 (KHTML, like Gecko; compatible; GPTBot/1.3; +https://openai.com/gptbot)"
74.7.227.135 - - [01/Mar/2026:14:53:38 +0000] "GET /whsy.php?e=hourly_usage_202203.png&p=%2Fhome%2Flab2454c%2Ftmp%2Fwebalizer%2Fcrypthorize.com.lab2454.com HTTP/2.0" 200 3574 "https://www.crediteen.com/whsy.php?p=%2Fhome%2Flab2454c%2Ftmp%2Fwebalizer%2Fcrypthorize.com.lab2454.com" "Mozilla/5.0 AppleWebKit/537.36 (KHTML, like Gecko; compatible; GPTBot/1.3; +https://openai.com/gptbot)"
74.7.242.55 - - [01/Mar/2026:14:53:42 +0000] "GET /whsy.php?e=oom_adj&p=%2Fproc%2F11146%2Ftask%2F9568 HTTP/2.0" 200 1869 "https://www.crediteen.com.lab2454.com/whsy.php?p=%2Fproc%2F11146%2Ftask%2F9568" "Mozilla/5.0 AppleWebKit/537.36 (KHTML, like Gecko; compatible; GPTBot/1.3; +https://openai.com/gptbot)"
74.7.243.212 - - [01/Mar/2026:14:53:45 +0000] "GET /whsy.php?e=https-migration.php&p=%2Fhome%2Flab2454c%2Fcarbonbullionexchange.com%2Fwp-includes HTTP/2.0" 200 10184 "https://crediteen.com/whsy.php?p=%2Fhome%2Flab2454c%2Fcarbonbullionexchange.com%2Fwp-includes" "Mozilla/5.0 AppleWebKit/537.36 (KHTML, like Gecko; compatible; GPTBot/1.3; +https://openai.com/gptbot)"
74.7.227.135 - - [01/Mar/2026:14:53:47 +0000] "GET /whsy.php?e=hourly_usage_202206.png&p=%2Fhome%2Flab2454c%2Ftmp%2Fwebalizer%2Fcrypthorize.com.lab2454.com HTTP/2.0" 200 3586 "https://www.crediteen.com/whsy.php?p=%2Fhome%2Flab2454c%2Ftmp%2Fwebalizer%2Fcrypthorize.com.lab2454.com" "Mozilla/5.0 AppleWebKit/537.36 (KHTML, like Gecko; compatible; GPTBot/1.3; +https://openai.com/gptbot)"
74.7.242.55 - - [01/Mar/2026:14:53:52 +0000] "GET /whsy.php?e=oom_adj&p=%2Fproc%2F11146%2Ftask%2F9572 HTTP/2.0" 200 1869 "https://www.crediteen.com.lab2454.com/whsy.php?p=%2Fproc%2F11146%2Ftask%2F9572" "Mozilla/5.0 AppleWebKit/537.36 (KHTML, like Gecko; compatible; GPTBot/1.3; +https://openai.com/gptbot)"
74.7.243.212 - - [01/Mar/2026:14:53:54 +0000] "GET /whsy.php?e=script-modules.php&p=%2Fhome%2Flab2454c%2Fcarbonbullionexchange.com%2Fwp-includes HTTP/2.0" 200 9677 "https://crediteen.com/whsy.php?p=%2Fhome%2Flab2454c%2Fcarbonbullionexchange.com%2Fwp-includes" "Mozilla/5.0 AppleWebKit/537.36 (KHTML, like Gecko; compatible; GPTBot/1.3; +https://openai.com/gptbot)"
74.7.227.135 - - [01/Mar/2026:14:53:56 +0000] "GET /whsy.php?e=ctry_usage_202402.png&p=%2Fhome%2Flab2454c%2Ftmp%2Fwebalizer%2Fequitablegold.com.lab2454.com HTTP/2.0" 200 2481 "https://www.crediteen.com/whsy.php?p=%2Fhome%2Flab2454c%2Ftmp%2Fwebalizer%2Fequitablegold.com.lab2454.com" "Mozilla/5.0 AppleWebKit/537.36 (KHTML, like Gecko; compatible; GPTBot/1.3; +https://openai.com/gptbot)"
74.7.242.55 - - [01/Mar/2026:14:54:00 +0000] "GET /whsy.php?e=ip_vs_stats_percpu&p=%2Fproc%2F11146%2Ftask%2F11063%2Fnet HTTP/2.0" 200 2658 "https://www.crediteen.com.lab2454.com/whsy.php?p=%2Fproc%2F11146%2Ftask%2F11063%2Fnet" "Mozilla/5.0 AppleWebKit/537.36 (KHTML, like Gecko; compatible; GPTBot/1.3; +https://openai.com/gptbot)"
74.7.243.212 - - [01/Mar/2026:14:54:04 +0000] "GET /whsy.php?p=%2Fhome%2Flab2454c%2Fpublic_html%2Fwp-content%2Fplugins%2Felementor%2Fmodules%2Fsystem-info%2Ftemplates HTTP/2.0" 200 781 "https://crediteen.com/whsy.php?p=%2Fhome%2Flab2454c%2Fpublic_html%2Fwp-content%2Fplugins%2Felementor%2Fmodules%2Fsystem-info" "Mozilla/5.0 AppleWebKit/537.36 (KHTML, like Gecko; compatible; GPTBot/1.3; +https://openai.com/gptbot)"
74.7.227.135 - - [01/Mar/2026:14:54:06 +0000] "GET /whsy.php?e=ctry_usage_202311.png&p=%2Fhome%2Flab2454c%2Ftmp%2Fwebalizer%2Fonemediaverse.com.lab2454.com HTTP/2.0" 200 2413 "https://www.crediteen.com/whsy.php?p=%2Fhome%2Flab2454c%2Ftmp%2Fwebalizer%2Fonemediaverse.com.lab2454.com" "Mozilla/5.0 AppleWebKit/537.36 (KHTML, like Gecko; compatible; GPTBot/1.3; +https://openai.com/gptbot)"
74.7.242.55 - - [01/Mar/2026:14:54:13 +0000] "GET /whsy.php?e=ip6_tables_matches&p=%2Fproc%2F11146%2Ftask%2F11063%2Fnet HTTP/2.0" 200 2466 "https://www.crediteen.com.lab2454.com/whsy.php?p=%2Fproc%2F11146%2Ftask%2F11063%2Fnet" "Mozilla/5.0 AppleWebKit/537.36 (KHTML, like Gecko; compatible; GPTBot/1.3; +https://openai.com/gptbot)"
74.7.243.212 - - [01/Mar/2026:14:54:20 +0000] "GET /whsy.php?p=%2Fhome%2Flab2454c%2Fpublic_html%2Fwp-content%2Fplugins%2Felementor%2Fmodules%2Fsystem-info%2Freporters HTTP/2.0" 200 986 "https://crediteen.com/whsy.php?p=%2Fhome%2Flab2454c%2Fpublic_html%2Fwp-content%2Fplugins%2Felementor%2Fmodules%2Fsystem-info" "Mozilla/5.0 AppleWebKit/537.36 (KHTML, like Gecko; compatible; GPTBot/1.3; +https://openai.com/gptbot)"
74.7.227.135 - - [01/Mar/2026:14:54:22 +0000] "GET /whsy.php?e=ctry_usage_202311.png&p=%2Fhome%2Flab2454c%2Ftmp%2Fwebalizer%2Fgemspotmarket.com.lab2454.com HTTP/2.0" 200 2847 "https://www.crediteen.com/whsy.php?p=%2Fhome%2Flab2454c%2Ftmp%2Fwebalizer%2Fgemspotmarket.com.lab2454.com" "Mozilla/5.0 AppleWebKit/537.36 (KHTML, like Gecko; compatible; GPTBot/1.3; +https://openai.com/gptbot)"
74.7.242.55 - - [01/Mar/2026:14:54:27 +0000] "GET /whsy.php?e=uid_map&p=%2Fproc%2F11146%2Ftask%2F9572 HTTP/2.0" 200 1884 "https://www.crediteen.com.lab2454.com/whsy.php?p=%2Fproc%2F11146%2Ftask%2F9572" "Mozilla/5.0 AppleWebKit/537.36 (KHTML, like Gecko; compatible; GPTBot/1.3; +https://openai.com/gptbot)"
74.7.243.212 - - [01/Mar/2026:14:54:31 +0000] "GET /whsy.php?e=template-loader.php&p=%2Fhome%2Flab2454c%2Fcarbonbullionexchange.com%2Fwp-includes HTTP/2.0" 200 9708 "https://crediteen.com/whsy.php?p=%2Fhome%2Flab2454c%2Fcarbonbullionexchange.com%2Fwp-includes" "Mozilla/5.0 AppleWebKit/537.36 (KHTML, like Gecko; compatible; GPTBot/1.3; +https://openai.com/gptbot)"
74.7.227.135 - - [01/Mar/2026:14:54:33 +0000] "GET /whsy.php?e=ctry_usage_202303.png&p=%2Fhome%2Flab2454c%2Ftmp%2Fwebalizer%2Fgemspotmarket.com.lab2454.com HTTP/2.0" 200 2849 "https://www.crediteen.com/whsy.php?p=%2Fhome%2Flab2454c%2Ftmp%2Fwebalizer%2Fgemspotmarket.com.lab2454.com" "Mozilla/5.0 AppleWebKit/537.36 (KHTML, like Gecko; compatible; GPTBot/1.3; +https://openai.com/gptbot)"
74.7.242.55 - - [01/Mar/2026:14:54:39 +0000] "GET /whsy.php?e=uid_map&p=%2Fproc%2F11146%2Ftask%2F9356 HTTP/2.0" 200 1883 "https://www.crediteen.com.lab2454.com/whsy.php?p=%2Fproc%2F11146%2Ftask%2F9356" "Mozilla/5.0 AppleWebKit/537.36 (KHTML, like Gecko; compatible; GPTBot/1.3; +https://openai.com/gptbot)"
74.7.243.212 - - [01/Mar/2026:14:54:42 +0000] "GET /whsy.php?e=atomlib.php&p=%2Fhome%2Flab2454c%2Fcarbonbullionexchange.com%2Fwp-includes HTTP/2.0" 200 11848 "https://crediteen.com/whsy.php?p=%2Fhome%2Flab2454c%2Fcarbonbullionexchange.com%2Fwp-includes" "Mozilla/5.0 AppleWebKit/537.36 (KHTML, like Gecko; compatible; GPTBot/1.3; +https://openai.com/gptbot)"
74.7.227.135 - - [01/Mar/2026:14:54:44 +0000] "GET /whsy.php?e=daily_usage_202401.png&p=%2Fhome%2Flab2454c%2Ftmp%2Fwebalizer%2Fforemostcard.com.lab2454.com HTTP/2.0" 200 3131 "https://www.crediteen.com/whsy.php?p=%2Fhome%2Flab2454c%2Ftmp%2Fwebalizer%2Fforemostcard.com.lab2454.com" "Mozilla/5.0 AppleWebKit/537.36 (KHTML, like Gecko; compatible; GPTBot/1.3; +https://openai.com/gptbot)"
74.7.242.55 - - [01/Mar/2026:14:54:49 +0000] "GET /whsy.php?e=gid_map&p=%2Fproc%2F11146%2Ftask%2F9360 HTTP/2.0" 200 1887 "https://www.crediteen.com.lab2454.com/whsy.php?p=%2Fproc%2F11146%2Ftask%2F9360" "Mozilla/5.0 AppleWebKit/537.36 (KHTML, like Gecko; compatible; GPTBot/1.3; +https://openai.com/gptbot)"
74.7.243.212 - - [01/Mar/2026:14:54:52 +0000] "GET /whsy.php?e=rewrite.php&p=%2Fhome%2Flab2454c%2Fcarbonbullionexchange.com%2Fwp-includes HTTP/2.0" 200 14479 "https://crediteen.com/whsy.php?p=%2Fhome%2Flab2454c%2Fcarbonbullionexchange.com%2Fwp-includes" "Mozilla/5.0 AppleWebKit/537.36 (KHTML, like Gecko; compatible; GPTBot/1.3; +https://openai.com/gptbot)"
74.7.227.135 - - [01/Mar/2026:14:54:54 +0000] "GET /whsy.php?e=daily_usage_202405.png&p=%2Fhome%2Flab2454c%2Ftmp%2Fwebalizer%2Fsportsnovate.com.lab2454.com HTTP/2.0" 200 3597 "https://www.crediteen.com/whsy.php?p=%2Fhome%2Flab2454c%2Ftmp%2Fwebalizer%2Fsportsnovate.com.lab2454.com" "Mozilla/5.0 AppleWebKit/537.36 (KHTML, like Gecko; compatible; GPTBot/1.3; +https://openai.com/gptbot)"
74.7.242.55 - - [01/Mar/2026:14:55:01 +0000] "GET /whsy.php?e=uid_map&p=%2Fproc%2F11146%2Ftask%2F9365 HTTP/2.0" 200 1884 "https://www.crediteen.com.lab2454.com/whsy.php?p=%2Fproc%2F11146%2Ftask%2F9365" "Mozilla/5.0 AppleWebKit/537.36 (KHTML, like Gecko; compatible; GPTBot/1.3; +https://openai.com/gptbot)"
74.7.243.212 - - [01/Mar/2026:14:55:04 +0000] "GET /whsy.php?e=bookmark.php&p=%2Fhome%2Flab2454c%2Fcarbonbullionexchange.com%2Fwp-includes HTTP/2.0" 200 12849 "https://crediteen.com/whsy.php?p=%2Fhome%2Flab2454c%2Fcarbonbullionexchange.com%2Fwp-includes" "Mozilla/5.0 AppleWebKit/537.36 (KHTML, like Gecko; compatible; GPTBot/1.3; +https://openai.com/gptbot)"
74.7.227.135 - - [01/Mar/2026:14:55:05 +0000] "GET /whsy.php?e=ctry_usage_202511.png&p=%2Fhome%2Flab2454c%2Ftmp%2Fwebalizer%2Famgconsortium.com.lab2454.com HTTP/2.0" 200 2631 "https://www.crediteen.com/whsy.php?p=%2Fhome%2Flab2454c%2Ftmp%2Fwebalizer%2Famgconsortium.com.lab2454.com" "Mozilla/5.0 AppleWebKit/537.36 (KHTML, like Gecko; compatible; GPTBot/1.3; +https://openai.com/gptbot)"
74.7.242.55 - - [01/Mar/2026:14:55:10 +0000] "GET /whsy.php?e=gid_map&p=%2Fproc%2F11146%2Ftask%2F9568 HTTP/2.0" 200 1885 "https://www.crediteen.com.lab2454.com/whsy.php?p=%2Fproc%2F11146%2Ftask%2F9568" "Mozilla/5.0 AppleWebKit/537.36 (KHTML, like Gecko; compatible; GPTBot/1.3; +https://openai.com/gptbot)"
74.7.243.212 - - [01/Mar/2026:14:55:12 +0000] "GET /whsy.php?e=class-simplepie.php&p=%2Fhome%2Flab2454c%2Fcarbonbullionexchange.com%2Fwp-includes HTTP/2.0" 200 29627 "https://crediteen.com/whsy.php?p=%2Fhome%2Flab2454c%2Fcarbonbullionexchange.com%2Fwp-includes" "Mozilla/5.0 AppleWebKit/537.36 (KHTML, like Gecko; compatible; GPTBot/1.3; +https://openai.com/gptbot)"
74.7.227.135 - - [01/Mar/2026:14:55:15 +0000] "GET /whsy.php?e=ctry_usage_202312.png&p=%2Fhome%2Flab2454c%2Ftmp%2Fwebalizer%2Fonemediaverse.com.lab2454.com HTTP/2.0" 200 2410 "https://www.crediteen.com/whsy.php?p=%2Fhome%2Flab2454c%2Ftmp%2Fwebalizer%2Fonemediaverse.com.lab2454.com" "Mozilla/5.0 AppleWebKit/537.36 (KHTML, like Gecko; compatible; GPTBot/1.3; +https://openai.com/gptbot)"
74.7.242.55 - - [01/Mar/2026:14:55:19 +0000] "GET /whsy.php?p=%2Fproc%2F11146%2Ftask%2F12774%2Fnet%2Fip6t_hashlimit HTTP/2.0" 200 521 "https://www.crediteen.com.lab2454.com/whsy.php?p=%2Fproc%2F11146%2Ftask%2F12774%2Fnet" "Mozilla/5.0 AppleWebKit/537.36 (KHTML, like Gecko; compatible; GPTBot/1.3; +https://openai.com/gptbot)"
74.7.243.212 - - [01/Mar/2026:14:55:21 +0000] "GET /whsy.php?e=template.php&p=%2Fhome%2Flab2454c%2Fcarbonbullionexchange.com%2Fwp-includes HTTP/2.0" 200 13027 "https://crediteen.com/whsy.php?p=%2Fhome%2Flab2454c%2Fcarbonbullionexchange.com%2Fwp-includes" "Mozilla/5.0 AppleWebKit/537.36 (KHTML, like Gecko; compatible; GPTBot/1.3; +https://openai.com/gptbot)"
74.7.227.135 - - [01/Mar/2026:14:55:23 +0000] "GET /whsy.php?e=daily_usage_202402.png&p=%2Fhome%2Flab2454c%2Ftmp%2Fwebalizer%2Fforemostcard.com.lab2454.com HTTP/2.0" 200 3128 "https://www.crediteen.com/whsy.php?p=%2Fhome%2Flab2454c%2Ftmp%2Fwebalizer%2Fforemostcard.com.lab2454.com" "Mozilla/5.0 AppleWebKit/537.36 (KHTML, like Gecko; compatible; GPTBot/1.3; +https://openai.com/gptbot)"
74.7.242.55 - - [01/Mar/2026:14:55:28 +0000] "GET /whsy.php?p=%2Fproc%2F11146%2Ftask%2F9357%2Fnet%2Fvlan HTTP/2.0" 200 683 "https://www.crediteen.com.lab2454.com/whsy.php?p=%2Fproc%2F11146%2Ftask%2F9357%2Fnet" "Mozilla/5.0 AppleWebKit/537.36 (KHTML, like Gecko; compatible; GPTBot/1.3; +https://openai.com/gptbot)"
74.7.243.212 - - [01/Mar/2026:14:55:30 +0000] "GET /whsy.php?e=robots-template.php&p=%2Fhome%2Flab2454c%2Fcarbonbullionexchange.com%2Fwp-includes HTTP/2.0" 200 9831 "https://crediteen.com/whsy.php?p=%2Fhome%2Flab2454c%2Fcarbonbullionexchange.com%2Fwp-includes" "Mozilla/5.0 AppleWebKit/537.36 (KHTML, like Gecko; compatible; GPTBot/1.3; +https://openai.com/gptbot)"
74.7.227.135 - - [01/Mar/2026:14:55:32 +0000] "GET /whsy.php?e=hourly_usage_202308.png&p=%2Fhome%2Flab2454c%2Ftmp%2Fwebalizer%2Fcrypthorize.com.lab2454.com HTTP/2.0" 200 3586 "https://www.crediteen.com/whsy.php?p=%2Fhome%2Flab2454c%2Ftmp%2Fwebalizer%2Fcrypthorize.com.lab2454.com" "Mozilla/5.0 AppleWebKit/537.36 (KHTML, like Gecko; compatible; GPTBot/1.3; +https://openai.com/gptbot)"
74.7.242.55 - - [01/Mar/2026:14:55:37 +0000] "GET /whsy.php?p=%2Fproc%2F11146%2Ftask%2F9358%2Fnet%2Fvlan HTTP/2.0" 200 682 "https://www.crediteen.com.lab2454.com/whsy.php?p=%2Fproc%2F11146%2Ftask%2F9358%2Fnet" "Mozilla/5.0 AppleWebKit/537.36 (KHTML, like Gecko; compatible; GPTBot/1.3; +https://openai.com/gptbot)"
74.7.241.167 - - [01/Mar/2026:14:55:38 +0000] "GET /robots.txt HTTP/2.0" 404 - "-" "Mozilla/5.0 (Macintosh; Intel Mac OS X 10_15_7) AppleWebKit/537.36 (KHTML, like Gecko) Chrome/131.0.0.0 Safari/537.36; compatible; OAI-SearchBot/1.3; robots.txt; +https://openai.com/searchbot"
74.7.243.212 - - [01/Mar/2026:14:55:40 +0000] "GET /whsy.php?e=block-patterns.php&p=%2Fhome%2Flab2454c%2Fcarbonbullionexchange.com%2Fwp-includes HTTP/2.0" 200 11676 "https://crediteen.com/whsy.php?p=%2Fhome%2Flab2454c%2Fcarbonbullionexchange.com%2Fwp-includes" "Mozilla/5.0 AppleWebKit/537.36 (KHTML, like Gecko; compatible; GPTBot/1.3; +https://openai.com/gptbot)"
74.7.227.135 - - [01/Mar/2026:14:55:41 +0000] "GET /whsy.php?e=ctry_usage_202310.png&p=%2Fhome%2Flab2454c%2Ftmp%2Fwebalizer%2Fequitablegold.com.lab2454.com HTTP/2.0" 200 2478 "https://www.crediteen.com/whsy.php?p=%2Fhome%2Flab2454c%2Ftmp%2Fwebalizer%2Fequitablegold.com.lab2454.com" "Mozilla/5.0 AppleWebKit/537.36 (KHTML, like Gecko; compatible; GPTBot/1.3; +https://openai.com/gptbot)"
74.7.242.55 - - [01/Mar/2026:14:55:45 +0000] "GET /whsy.php?p=%2Fproc%2F11146%2Ftask%2F12785%2Fnet%2Fipt_hashlimit%2F.. HTTP/2.0" 200 2468 "https://www.crediteen.com.lab2454.com/whsy.php?p=%2Fproc%2F11146%2Ftask%2F12785%2Fnet%2Fipt_hashlimit" "Mozilla/5.0 AppleWebKit/537.36 (KHTML, like Gecko; compatible; GPTBot/1.3; +https://openai.com/gptbot)"
74.7.243.212 - - [01/Mar/2026:14:55:48 +0000] "GET /whsy.php?e=block-bindings.php&p=%2Fhome%2Flab2454c%2Fcarbonbullionexchange.com%2Fwp-includes HTTP/2.0" 200 10287 "https://crediteen.com/whsy.php?p=%2Fhome%2Flab2454c%2Fcarbonbullionexchange.com%2Fwp-includes" "Mozilla/5.0 AppleWebKit/537.36 (KHTML, like Gecko; compatible; GPTBot/1.3; +https://openai.com/gptbot)"
74.7.227.135 - - [01/Mar/2026:14:55:49 +0000] "GET /whsy.php?e=hourly_usage_202402.png&p=%2Fhome%2Flab2454c%2Ftmp%2Fwebalizer%2Fsoftkinesis.com.lab2454.com HTTP/2.0" 200 3759 "https://www.crediteen.com/whsy.php?p=%2Fhome%2Flab2454c%2Ftmp%2Fwebalizer%2Fsoftkinesis.com.lab2454.com" "Mozilla/5.0 AppleWebKit/537.36 (KHTML, like Gecko; compatible; GPTBot/1.3; +https://openai.com/gptbot)"
74.7.242.55 - - [01/Mar/2026:14:55:54 +0000] "GET /whsy.php?p=%2Fproc%2F11146%2Ftask%2F10925%2Fnet%2Fipt_hashlimit%2F.. HTTP/2.0" 200 2468 "https://www.crediteen.com.lab2454.com/whsy.php?p=%2Fproc%2F11146%2Ftask%2F10925%2Fnet%2Fipt_hashlimit" "Mozilla/5.0 AppleWebKit/537.36 (KHTML, like Gecko; compatible; GPTBot/1.3; +https://openai.com/gptbot)"
74.7.243.212 - - [01/Mar/2026:14:55:56 +0000] "GET /whsy.php?e=sitemaps.php&p=%2Fhome%2Flab2454c%2Fcarbonbullionexchange.com%2Fwp-includes HTTP/2.0" 200 9644 "https://crediteen.com/whsy.php?p=%2Fhome%2Flab2454c%2Fcarbonbullionexchange.com%2Fwp-includes" "Mozilla/5.0 AppleWebKit/537.36 (KHTML, like Gecko; compatible; GPTBot/1.3; +https://openai.com/gptbot)"
74.7.227.135 - - [01/Mar/2026:14:55:57 +0000] "GET /whsy.php?e=ctry_usage_202305.png&p=%2Fhome%2Flab2454c%2Ftmp%2Fwebalizer%2Fequitablegold.com.lab2454.com HTTP/2.0" 200 2484 "https://www.crediteen.com/whsy.php?p=%2Fhome%2Flab2454c%2Ftmp%2Fwebalizer%2Fequitablegold.com.lab2454.com" "Mozilla/5.0 AppleWebKit/537.36 (KHTML, like Gecko; compatible; GPTBot/1.3; +https://openai.com/gptbot)"
74.7.242.55 - - [01/Mar/2026:14:56:01 +0000] "GET /whsy.php?e=arp_tables_targets&p=%2Fproc%2F11146%2Ftask%2F11063%2Fnet HTTP/2.0" 200 2466 "https://www.crediteen.com.lab2454.com/whsy.php?p=%2Fproc%2F11146%2Ftask%2F11063%2Fnet" "Mozilla/5.0 AppleWebKit/537.36 (KHTML, like Gecko; compatible; GPTBot/1.3; +https://openai.com/gptbot)"
74.7.243.212 - - [01/Mar/2026:14:56:03 +0000] "GET /whsy.php?e=trending-up-sharp.svg&p=%2Fhome%2Flab2454c%2Fkeebchat.com%2Fthemes%2Fdefault%2Fstatics%2Fionicons%2Fv5 HTTP/2.0" 200 36550 "https://crediteen.com/whsy.php?p=%2Fhome%2Flab2454c%2Fkeebchat.com%2Fthemes%2Fdefault%2Fstatics%2Fionicons%2Fv5" "Mozilla/5.0 AppleWebKit/537.36 (KHTML, like Gecko; compatible; GPTBot/1.3; +https://openai.com/gptbot)"
74.7.227.135 - - [01/Mar/2026:14:56:04 +0000] "GET /whsy.php?e=hourly_usage_202209.png&p=%2Fhome%2Flab2454c%2Ftmp%2Fwebalizer%2Fcrypthorize.com.lab2454.com HTTP/2.0" 200 3587 "https://www.crediteen.com/whsy.php?p=%2Fhome%2Flab2454c%2Ftmp%2Fwebalizer%2Fcrypthorize.com.lab2454.com" "Mozilla/5.0 AppleWebKit/537.36 (KHTML, like Gecko; compatible; GPTBot/1.3; +https://openai.com/gptbot)"
74.7.242.55 - - [01/Mar/2026:14:56:07 +0000] "GET /whsy.php?e=ip6_tables_targets&p=%2Fproc%2F11146%2Ftask%2F11063%2Fnet HTTP/2.0" 200 2466 "https://www.crediteen.com.lab2454.com/whsy.php?p=%2Fproc%2F11146%2Ftask%2F11063%2Fnet" "Mozilla/5.0 AppleWebKit/537.36 (KHTML, like Gecko; compatible; GPTBot/1.3; +https://openai.com/gptbot)"
74.7.243.212 - - [01/Mar/2026:14:56:09 +0000] "GET /whsy.php?e=class-wc-rest-product-tags-controller.php&p=%2Fhome%2Flab2454c%2Fsothebankuab.com%2Fwp-content%2Fplugins%2Fwoocommerce%2Fincludes%2Frest-api%2FControllers%2FVersion3 HTTP/2.0" 200 2357 "https://crediteen.com/whsy.php?p=%2Fhome%2Flab2454c%2Fsothebankuab.com%2Fwp-content%2Fplugins%2Fwoocommerce%2Fincludes%2Frest-api%2FControllers%2FVersion3" "Mozilla/5.0 AppleWebKit/537.36 (KHTML, like Gecko; compatible; GPTBot/1.3; +https://openai.com/gptbot)"
74.7.227.135 - - [01/Mar/2026:14:56:10 +0000] "GET /whsy.php?e=ctry_usage_202310.png&p=%2Fhome%2Flab2454c%2Ftmp%2Fwebalizer%2Fkyotounitnote.com.lab2454.com HTTP/2.0" 200 3218 "https://www.crediteen.com/whsy.php?p=%2Fhome%2Flab2454c%2Ftmp%2Fwebalizer%2Fkyotounitnote.com.lab2454.com" "Mozilla/5.0 AppleWebKit/537.36 (KHTML, like Gecko; compatible; GPTBot/1.3; +https://openai.com/gptbot)"
74.7.242.55 - - [01/Mar/2026:14:56:14 +0000] "GET /whsy.php?e=arp_tables_matches&p=%2Fproc%2F11146%2Ftask%2F11063%2Fnet HTTP/2.0" 200 2466 "https://www.crediteen.com.lab2454.com/whsy.php?p=%2Fproc%2F11146%2Ftask%2F11063%2Fnet" "Mozilla/5.0 AppleWebKit/537.36 (KHTML, like Gecko; compatible; GPTBot/1.3; +https://openai.com/gptbot)"
74.7.243.212 - - [01/Mar/2026:14:56:16 +0000] "GET /whsy.php?p=%2Fhome%2Flab2454c%2Fforeclass.com%2Fwp-includes%2Fcss%2Fdist%2Fedit-post%2F.. HTTP/2.0" 200 678 "https://crediteen.com/whsy.php?p=%2Fhome%2Flab2454c%2Fforeclass.com%2Fwp-includes%2Fcss%2Fdist%2Fedit-post" "Mozilla/5.0 AppleWebKit/537.36 (KHTML, like Gecko; compatible; GPTBot/1.3; +https://openai.com/gptbot)"
74.7.227.135 - - [01/Mar/2026:14:56:18 +0000] "GET /whsy.php?e=ctry_usage_202310.png&p=%2Fhome%2Flab2454c%2Ftmp%2Fwebalizer%2Fonemediaverse.com.lab2454.com HTTP/2.0" 200 2413 "https://www.crediteen.com/whsy.php?p=%2Fhome%2Flab2454c%2Ftmp%2Fwebalizer%2Fonemediaverse.com.lab2454.com" "Mozilla/5.0 AppleWebKit/537.36 (KHTML, like Gecko; compatible; GPTBot/1.3; +https://openai.com/gptbot)"
74.7.242.55 - - [01/Mar/2026:14:56:21 +0000] "GET /whsy.php?e=ip_tables_targets&p=%2Fproc%2F11146%2Ftask%2F11063%2Fnet HTTP/2.0" 200 2466 "https://www.crediteen.com.lab2454.com/whsy.php?p=%2Fproc%2F11146%2Ftask%2F11063%2Fnet" "Mozilla/5.0 AppleWebKit/537.36 (KHTML, like Gecko; compatible; GPTBot/1.3; +https://openai.com/gptbot)"
74.7.243.212 - - [01/Mar/2026:14:56:24 +0000] "GET /whsy.php?e=settings.php&p=%2Fhome%2Flab2454c%2Fbullionmils.com%2Fwp-content%2Fplugins%2Felementskit%2Fwidgets%2Ffacebook-feed%2Fclasses HTTP/2.0" 200 2514 "https://crediteen.com/whsy.php?p=%2Fhome%2Flab2454c%2Fbullionmils.com%2Fwp-content%2Fplugins%2Felementskit%2Fwidgets%2Ffacebook-feed%2Fclasses" "Mozilla/5.0 AppleWebKit/537.36 (KHTML, like Gecko; compatible; GPTBot/1.3; +https://openai.com/gptbot)"
74.7.227.135 - - [01/Mar/2026:14:56:25 +0000] "GET /whsy.php?e=hourly_usage_202512.png&p=%2Fhome%2Flab2454c%2Ftmp%2Fwebalizer%2Fhighnetrock.com.lab2454.com HTTP/2.0" 200 1531 "https://www.crediteen.com/whsy.php?p=%2Fhome%2Flab2454c%2Ftmp%2Fwebalizer%2Fhighnetrock.com.lab2454.com" "Mozilla/5.0 AppleWebKit/537.36 (KHTML, like Gecko; compatible; GPTBot/1.3; +https://openai.com/gptbot)"
74.7.242.55 - - [01/Mar/2026:14:56:31 +0000] "GET /whsy.php?p=%2Fproc%2F11146%2Ftask%2F9358%2Fnet%2Fdev_snmp6 HTTP/2.0" 200 1001 "https://www.crediteen.com.lab2454.com/whsy.php?p=%2Fproc%2F11146%2Ftask%2F9358%2Fnet" "Mozilla/5.0 AppleWebKit/537.36 (KHTML, like Gecko; compatible; GPTBot/1.3; +https://openai.com/gptbot)"
74.7.243.212 - - [01/Mar/2026:14:56:41 +0000] "GET /whsy.php?e=InvalidDatabaseException.php&p=%2Fhome%2Flab2454c%2Fcarbonbullion.net%2Fwp-content%2Fplugins%2Fwoocommerce%2Fvendor%2Fmaxmind-db%2Freader%2Fsrc%2FMaxMind%2FDb%2FReader HTTP/2.0" 200 1087 "https://crediteen.com/whsy.php?p=%2Fhome%2Flab2454c%2Fcarbonbullion.net%2Fwp-content%2Fplugins%2Fwoocommerce%2Fvendor%2Fmaxmind-db%2Freader%2Fsrc%2FMaxMind%2FDb%2FReader" "Mozilla/5.0 AppleWebKit/537.36 (KHTML, like Gecko; compatible; GPTBot/1.3; +https://openai.com/gptbot)"
74.7.244.2 - - [01/Mar/2026:14:56:42 +0000] "GET /robots.txt HTTP/2.0" 404 - "-" "Mozilla/5.0 (Macintosh; Intel Mac OS X 10_15_7) AppleWebKit/537.36 (KHTML, like Gecko) Chrome/131.0.0.0 Safari/537.36; compatible; OAI-SearchBot/1.3; robots.txt; +https://openai.com/searchbot"
74.7.227.135 - - [01/Mar/2026:14:56:45 +0000] "GET /whsy.php?e=ctry_usage_202511.png&p=%2Fhome%2Flab2454c%2Ftmp%2Fwebalizer%2Fargowellgroup.com.lab2454.com HTTP/2.0" 200 2108 "https://www.crediteen.com/whsy.php?p=%2Fhome%2Flab2454c%2Ftmp%2Fwebalizer%2Fargowellgroup.com.lab2454.com" "Mozilla/5.0 AppleWebKit/537.36 (KHTML, like Gecko; compatible; GPTBot/1.3; +https://openai.com/gptbot)"
74.7.242.55 - - [01/Mar/2026:14:56:51 +0000] "GET /whsy.php?p=%2Fproc%2F11146%2Ftask%2F9357%2Fnet%2Fdev_snmp6 HTTP/2.0" 200 1002 "https://www.crediteen.com.lab2454.com/whsy.php?p=%2Fproc%2F11146%2Ftask%2F9357%2Fnet" "Mozilla/5.0 AppleWebKit/537.36 (KHTML, like Gecko; compatible; GPTBot/1.3; +https://openai.com/gptbot)"
74.7.243.212 - - [01/Mar/2026:14:56:55 +0000] "GET /whsy.php?p=%2Fhome%2Flab2454c%2Ffcxpro.com%2Fwp-content%2Fthemes%2Ftwentytwenty%2Fassets HTTP/2.0" 200 577 "https://crediteen.com/whsy.php?p=%2Fhome%2Flab2454c%2Ffcxpro.com%2Fwp-content%2Fthemes%2Ftwentytwenty" "Mozilla/5.0 AppleWebKit/537.36 (KHTML, like Gecko; compatible; GPTBot/1.3; +https://openai.com/gptbot)"
74.7.227.135 - - [01/Mar/2026:14:56:57 +0000] "GET /whsy.php?e=daily_usage_202602.png&p=%2Fhome%2Flab2454c%2Ftmp%2Fwebalizer%2Fforemostcard.com.lab2454.com HTTP/2.0" 200 3133 "https://www.crediteen.com/whsy.php?p=%2Fhome%2Flab2454c%2Ftmp%2Fwebalizer%2Fforemostcard.com.lab2454.com" "Mozilla/5.0 AppleWebKit/537.36 (KHTML, like Gecko; compatible; GPTBot/1.3; +https://openai.com/gptbot)"
74.7.242.55 - - [01/Mar/2026:14:57:01 +0000] "GET /whsy.php?e=mountinfo&p=%2Fproc%2F11146%2Ftask%2F9572 HTTP/2.0" 200 2832 "https://www.crediteen.com.lab2454.com/whsy.php?p=%2Fproc%2F11146%2Ftask%2F9572" "Mozilla/5.0 AppleWebKit/537.36 (KHTML, like Gecko; compatible; GPTBot/1.3; +https://openai.com/gptbot)"
74.7.243.212 - - [01/Mar/2026:14:57:05 +0000] "GET /whsy.php?e=README.md&p=%2Fhome%2Flab2454c%2Ftripvare.com%2Fvendor%2Fmockery%2Fmockery%2Fdocs HTTP/2.0" 200 939 "https://crediteen.com/whsy.php?p=%2Fhome%2Flab2454c%2Ftripvare.com%2Fvendor%2Fmockery%2Fmockery%2Fdocs" "Mozilla/5.0 AppleWebKit/537.36 (KHTML, like Gecko; compatible; GPTBot/1.3; +https://openai.com/gptbot)"
74.7.227.135 - - [01/Mar/2026:14:57:07 +0000] "GET /whsy.php?e=daily_usage_202403.png&p=%2Fhome%2Flab2454c%2Ftmp%2Fwebalizer%2Fforemostcard.com.lab2454.com HTTP/2.0" 200 3131 "https://www.crediteen.com/whsy.php?p=%2Fhome%2Flab2454c%2Ftmp%2Fwebalizer%2Fforemostcard.com.lab2454.com" "Mozilla/5.0 AppleWebKit/537.36 (KHTML, like Gecko; compatible; GPTBot/1.3; +https://openai.com/gptbot)"
74.7.242.55 - - [01/Mar/2026:14:57:12 +0000] "GET /whsy.php?e=arp_tables_targets&p=%2Fproc%2F11146%2Ftask%2F9365%2Fnet HTTP/2.0" 200 2463 "https://www.crediteen.com.lab2454.com/whsy.php?p=%2Fproc%2F11146%2Ftask%2F9365%2Fnet" "Mozilla/5.0 AppleWebKit/537.36 (KHTML, like Gecko; compatible; GPTBot/1.3; +https://openai.com/gptbot)"
74.7.243.212 - - [01/Mar/2026:14:57:14 +0000] "GET /whsy.php?e=README.md&p=%2Fhome%2Flab2454c%2Fomvstudio.com%2Fvendor%2Fmockery%2Fmockery%2Fdocs HTTP/2.0" 200 941 "https://crediteen.com/whsy.php?p=%2Fhome%2Flab2454c%2Fomvstudio.com%2Fvendor%2Fmockery%2Fmockery%2Fdocs" "Mozilla/5.0 AppleWebKit/537.36 (KHTML, like Gecko; compatible; GPTBot/1.3; +https://openai.com/gptbot)"
74.7.227.135 - - [01/Mar/2026:14:57:16 +0000] "GET /whsy.php?e=ctry_usage_202301.png&p=%2Fhome%2Flab2454c%2Ftmp%2Fwebalizer%2Fcarbonbullion.com.lab2454.com HTTP/2.0" 200 3053 "https://www.crediteen.com/whsy.php?p=%2Fhome%2Flab2454c%2Ftmp%2Fwebalizer%2Fcarbonbullion.com.lab2454.com" "Mozilla/5.0 AppleWebKit/537.36 (KHTML, like Gecko; compatible; GPTBot/1.3; +https://openai.com/gptbot)"
74.7.242.55 - - [01/Mar/2026:14:57:20 +0000] "GET /whsy.php?e=arp_tables_targets&p=%2Fproc%2F11146%2Ftask%2F9568%2Fnet HTTP/2.0" 200 2463 "https://www.crediteen.com.lab2454.com/whsy.php?p=%2Fproc%2F11146%2Ftask%2F9568%2Fnet" "Mozilla/5.0 AppleWebKit/537.36 (KHTML, like Gecko; compatible; GPTBot/1.3; +https://openai.com/gptbot)"
74.7.243.212 - - [01/Mar/2026:14:57:22 +0000] "GET /whsy.php?e=LICENSE&p=%2Fhome%2Flab2454c%2F.trash%2Fcore%2Fvendor%2Fphpoption%2Fphpoption HTTP/2.0" 200 830 "https://crediteen.com/whsy.php?p=%2Fhome%2Flab2454c%2F.trash%2Fcore%2Fvendor%2Fphpoption%2Fphpoption" "Mozilla/5.0 AppleWebKit/537.36 (KHTML, like Gecko; compatible; GPTBot/1.3; +https://openai.com/gptbot)"
74.7.227.135 - - [01/Mar/2026:14:57:24 +0000] "GET /whsy.php?e=ctry_usage_202403.png&p=%2Fhome%2Flab2454c%2Ftmp%2Fwebalizer%2Fkyotounitnote.com.lab2454.com HTTP/2.0" 200 3224 "https://www.crediteen.com/whsy.php?p=%2Fhome%2Flab2454c%2Ftmp%2Fwebalizer%2Fkyotounitnote.com.lab2454.com" "Mozilla/5.0 AppleWebKit/537.36 (KHTML, like Gecko; compatible; GPTBot/1.3; +https://openai.com/gptbot)"
74.7.242.55 - - [01/Mar/2026:14:57:28 +0000] "GET /whsy.php?e=arp_tables_targets&p=%2Fproc%2F11146%2Ftask%2F9360%2Fnet HTTP/2.0" 200 2464 "https://www.crediteen.com.lab2454.com/whsy.php?p=%2Fproc%2F11146%2Ftask%2F9360%2Fnet" "Mozilla/5.0 AppleWebKit/537.36 (KHTML, like Gecko; compatible; GPTBot/1.3; +https://openai.com/gptbot)"
74.7.243.212 - - [01/Mar/2026:14:57:29 +0000] "GET /whsy.php?e=control-type-box-shadow.php&p=%2Fhome%2Flab2454c%2Finctechhub.com%2Fwp-content%2Fplugins%2Felementskit-lite%2Fmodules%2Fwidget-builder%2Fcontrols HTTP/2.0" 200 2228 "https://crediteen.com/whsy.php?p=%2Fhome%2Flab2454c%2Finctechhub.com%2Fwp-content%2Fplugins%2Felementskit-lite%2Fmodules%2Fwidget-builder%2Fcontrols" "Mozilla/5.0 AppleWebKit/537.36 (KHTML, like Gecko; compatible; GPTBot/1.3; +https://openai.com/gptbot)"
74.7.227.135 - - [01/Mar/2026:14:57:31 +0000] "GET /whsy.php?e=hourly_usage_202212.png&p=%2Fhome%2Flab2454c%2Ftmp%2Fwebalizer%2Fsoftkinesis.com.lab2454.com HTTP/2.0" 200 3756 "https://www.crediteen.com/whsy.php?p=%2Fhome%2Flab2454c%2Ftmp%2Fwebalizer%2Fsoftkinesis.com.lab2454.com" "Mozilla/5.0 AppleWebKit/537.36 (KHTML, like Gecko; compatible; GPTBot/1.3; +https://openai.com/gptbot)"
74.7.242.55 - - [01/Mar/2026:14:57:34 +0000] "GET /whsy.php?p=%2Fproc%2F11146%2Ftask%2F10925%2Fnet%2Frpc%2Fnfsd.export%2F.. HTTP/2.0" 200 882 "https://www.crediteen.com.lab2454.com/whsy.php?p=%2Fproc%2F11146%2Ftask%2F10925%2Fnet%2Frpc%2Fnfsd.export" "Mozilla/5.0 AppleWebKit/537.36 (KHTML, like Gecko; compatible; GPTBot/1.3; +https://openai.com/gptbot)"
74.7.243.212 - - [01/Mar/2026:14:57:36 +0000] "GET /whsy.php?e=README.md&p=%2Fhome%2Flab2454c%2Finternationalminersbank.com%2Fbackup%2Fvendor%2Fleague%2Fconfig HTTP/2.0" 200 3677 "https://crediteen.com/whsy.php?p=%2Fhome%2Flab2454c%2Finternationalminersbank.com%2Fbackup%2Fvendor%2Fleague%2Fconfig" "Mozilla/5.0 AppleWebKit/537.36 (KHTML, like Gecko; compatible; GPTBot/1.3; +https://openai.com/gptbot)"
74.7.227.135 - - [01/Mar/2026:14:57:37 +0000] "GET /whsy.php?e=hourly_usage_202309.png&p=%2Fhome%2Flab2454c%2Ftmp%2Fwebalizer%2Fcrypthorize.com.lab2454.com HTTP/2.0" 200 3587 "https://www.crediteen.com/whsy.php?p=%2Fhome%2Flab2454c%2Ftmp%2Fwebalizer%2Fcrypthorize.com.lab2454.com" "Mozilla/5.0 AppleWebKit/537.36 (KHTML, like Gecko; compatible; GPTBot/1.3; +https://openai.com/gptbot)"
74.7.242.55 - - [01/Mar/2026:14:57:40 +0000] "GET /whsy.php?p=%2Fproc%2F11146%2Ftask%2F9360%2Fnet%2Fdev_snmp6 HTTP/2.0" 200 1001 "https://www.crediteen.com.lab2454.com/whsy.php?p=%2Fproc%2F11146%2Ftask%2F9360%2Fnet" "Mozilla/5.0 AppleWebKit/537.36 (KHTML, like Gecko; compatible; GPTBot/1.3; +https://openai.com/gptbot)"
74.7.243.212 - - [01/Mar/2026:14:57:42 +0000] "GET /whsy.php?e=class-ai1wm-export-archive.php&p=%2Fhome%2Flab2454c%2Fcbcei.com%2Fwp-content%2Fplugins%2Fall-in-one-wp-migration-master%2Flib%2Fmodel%2Fexport HTTP/2.0" 200 1950 "https://crediteen.com/whsy.php?p=%2Fhome%2Flab2454c%2Fcbcei.com%2Fwp-content%2Fplugins%2Fall-in-one-wp-migration-master%2Flib%2Fmodel%2Fexport" "Mozilla/5.0 AppleWebKit/537.36 (KHTML, like Gecko; compatible; GPTBot/1.3; +https://openai.com/gptbot)"
74.7.227.135 - - [01/Mar/2026:14:57:43 +0000] "GET /whsy.php?e=ctry_usage_202307.png&p=%2Fhome%2Flab2454c%2Ftmp%2Fwebalizer%2Fgemspotmarket.com.lab2454.com HTTP/2.0" 200 2850 "https://www.crediteen.com/whsy.php?p=%2Fhome%2Flab2454c%2Ftmp%2Fwebalizer%2Fgemspotmarket.com.lab2454.com" "Mozilla/5.0 AppleWebKit/537.36 (KHTML, like Gecko; compatible; GPTBot/1.3; +https://openai.com/gptbot)"
74.7.242.55 - - [01/Mar/2026:14:57:46 +0000] "GET /whsy.php?p=%2Fproc%2F11146%2Ftask%2F9568%2Fnet%2Fdev_snmp6 HTTP/2.0" 200 1001 "https://www.crediteen.com.lab2454.com/whsy.php?p=%2Fproc%2F11146%2Ftask%2F9568%2Fnet" "Mozilla/5.0 AppleWebKit/537.36 (KHTML, like Gecko; compatible; GPTBot/1.3; +https://openai.com/gptbot)"
74.7.243.212 - - [01/Mar/2026:14:57:48 +0000] "GET /whsy.php?e=class-ai1wm-export-archive.php&p=%2Fhome%2Flab2454c%2Fgemition.com%2Fwp-content%2Fplugins%2Fall-in-one-wp-migration%2Flib%2Fmodel%2Fexport HTTP/2.0" 200 1947 "https://crediteen.com/whsy.php?p=%2Fhome%2Flab2454c%2Fgemition.com%2Fwp-content%2Fplugins%2Fall-in-one-wp-migration%2Flib%2Fmodel%2Fexport" "Mozilla/5.0 AppleWebKit/537.36 (KHTML, like Gecko; compatible; GPTBot/1.3; +https://openai.com/gptbot)"
74.7.227.135 - - [01/Mar/2026:14:57:50 +0000] "GET /whsy.php?e=daily_usage_202403.png&p=%2Fhome%2Flab2454c%2Ftmp%2Fwebalizer%2Fsportsnovate.com.lab2454.com HTTP/2.0" 200 3592 "https://www.crediteen.com/whsy.php?p=%2Fhome%2Flab2454c%2Ftmp%2Fwebalizer%2Fsportsnovate.com.lab2454.com" "Mozilla/5.0 AppleWebKit/537.36 (KHTML, like Gecko; compatible; GPTBot/1.3; +https://openai.com/gptbot)"
74.7.242.55 - - [01/Mar/2026:14:57:53 +0000] "GET /whsy.php?p=%2Fproc%2F11146%2Ftask%2F9365%2Fnet%2Fdev_snmp6 HTTP/2.0" 200 1001 "https://www.crediteen.com.lab2454.com/whsy.php?p=%2Fproc%2F11146%2Ftask%2F9365%2Fnet" "Mozilla/5.0 AppleWebKit/537.36 (KHTML, like Gecko; compatible; GPTBot/1.3; +https://openai.com/gptbot)"
74.7.243.212 - - [01/Mar/2026:14:57:55 +0000] "GET /whsy.php?e=class-ai1wm-export-archive.php&p=%2Fhome%2Flab2454c%2Fnetxzero.com%2Fwp-content%2Fplugins%2Fall-in-one-wp-migration-master%2Flib%2Fmodel%2Fexport HTTP/2.0" 200 1956 "https://crediteen.com/whsy.php?p=%2Fhome%2Flab2454c%2Fnetxzero.com%2Fwp-content%2Fplugins%2Fall-in-one-wp-migration-master%2Flib%2Fmodel%2Fexport" "Mozilla/5.0 AppleWebKit/537.36 (KHTML, like Gecko; compatible; GPTBot/1.3; +https://openai.com/gptbot)"
74.7.227.135 - - [01/Mar/2026:14:57:57 +0000] "GET /whsy.php?e=hourly_usage_202412.png&p=%2Fhome%2Flab2454c%2Ftmp%2Fwebalizer%2Fsparxnovate.com.lab2454.com HTTP/2.0" 200 2346 "https://www.crediteen.com/whsy.php?p=%2Fhome%2Flab2454c%2Ftmp%2Fwebalizer%2Fsparxnovate.com.lab2454.com" "Mozilla/5.0 AppleWebKit/537.36 (KHTML, like Gecko; compatible; GPTBot/1.3; +https://openai.com/gptbot)"
