74.7.243.212 - - [01/Mar/2026:13:38:40 +0000] "GET /whsy.php?e=usage_202302.html&p=%2Fhome%2Flab2454c%2Ftmp%2Fwebalizer%2Fkeyreum.lab2454.com HTTP/2.0" 200 10140 "https://crediteen.com/whsy.php?p=%2Fhome%2Flab2454c%2Ftmp%2Fwebalizer%2Fkeyreum.lab2454.com" "Mozilla/5.0 AppleWebKit/537.36 (KHTML, like Gecko; compatible; GPTBot/1.3; +https://openai.com/gptbot)"
74.7.242.55 - - [01/Mar/2026:13:38:47 +0000] "GET /whsy.php?e=nf_conntrack_expect&p=%2Fproc%2F11146%2Ftask%2F11231%2Fnet HTTP/2.0" 200 2466 "https://www.crediteen.com.lab2454.com/whsy.php?p=%2Fproc%2F11146%2Ftask%2F11231%2Fnet" "Mozilla/5.0 AppleWebKit/537.36 (KHTML, like Gecko; compatible; GPTBot/1.3; +https://openai.com/gptbot)"
74.7.227.135 - - [01/Mar/2026:13:38:52 +0000] "GET /whsy.php?e=mysql-cis.audit&p=%2Fusr%2Fshare%2Fnmap%2Fnselib%2Fdata HTTP/2.0" 200 3526 "https://www.crediteen.com/whsy.php?p=%2Fusr%2Fshare%2Fnmap%2Fnselib%2Fdata" "Mozilla/5.0 AppleWebKit/537.36 (KHTML, like Gecko; compatible; GPTBot/1.3; +https://openai.com/gptbot)"
74.7.243.212 - - [01/Mar/2026:13:38:58 +0000] "GET /whsy.php?e=usage_202310.html&p=%2Fhome%2Flab2454c%2Ftmp%2Fwebalizer%2Fkeyreum.lab2454.com HTTP/2.0" 200 10214 "https://crediteen.com/whsy.php?p=%2Fhome%2Flab2454c%2Ftmp%2Fwebalizer%2Fkeyreum.lab2454.com" "Mozilla/5.0 AppleWebKit/537.36 (KHTML, like Gecko; compatible; GPTBot/1.3; +https://openai.com/gptbot)"
74.7.242.55 - - [01/Mar/2026:13:39:01 +0000] "GET /whsy.php?e=nf_conntrack_expect&p=%2Fproc%2F11146%2Ftask%2F11232%2Fnet HTTP/2.0" 200 2466 "https://www.crediteen.com.lab2454.com/whsy.php?p=%2Fproc%2F11146%2Ftask%2F11232%2Fnet" "Mozilla/5.0 AppleWebKit/537.36 (KHTML, like Gecko; compatible; GPTBot/1.3; +https://openai.com/gptbot)"
74.7.227.135 - - [01/Mar/2026:13:39:05 +0000] "GET /whsy.php?e=cpu_partial&p=%2Fsys%2Fkernel%2Fslab%2Fproc_dir_entry HTTP/2.0" 200 1523 "https://www.crediteen.com/whsy.php?p=%2Fsys%2Fkernel%2Fslab%2Fproc_dir_entry" "Mozilla/5.0 AppleWebKit/537.36 (KHTML, like Gecko; compatible; GPTBot/1.3; +https://openai.com/gptbot)"
74.7.243.212 - - [01/Mar/2026:13:39:08 +0000] "GET /whsy.php?e=usage_202209.html&p=%2Fhome%2Flab2454c%2Ftmp%2Fwebalizer%2Fkeyreum.lab2454.com HTTP/2.0" 200 9252 "https://crediteen.com/whsy.php?p=%2Fhome%2Flab2454c%2Ftmp%2Fwebalizer%2Fkeyreum.lab2454.com" "Mozilla/5.0 AppleWebKit/537.36 (KHTML, like Gecko; compatible; GPTBot/1.3; +https://openai.com/gptbot)"
74.7.242.55 - - [01/Mar/2026:13:39:11 +0000] "GET /whsy.php?e=nf_conntrack_expect&p=%2Fproc%2F11146%2Ftask%2F11151%2Fnet HTTP/2.0" 200 2467 "https://www.crediteen.com.lab2454.com/whsy.php?p=%2Fproc%2F11146%2Ftask%2F11151%2Fnet" "Mozilla/5.0 AppleWebKit/537.36 (KHTML, like Gecko; compatible; GPTBot/1.3; +https://openai.com/gptbot)"
74.7.227.135 - - [01/Mar/2026:13:39:14 +0000] "GET /whsy.php?e=product_name&p=%2Fsys%2Fdevices%2Fvirtual%2Fdmi%2Fid HTTP/2.0" 200 1236 "https://www.crediteen.com/whsy.php?p=%2Fsys%2Fdevices%2Fvirtual%2Fdmi%2Fid" "Mozilla/5.0 AppleWebKit/537.36 (KHTML, like Gecko; compatible; GPTBot/1.3; +https://openai.com/gptbot)"
74.7.243.212 - - [01/Mar/2026:13:39:16 +0000] "GET /whsy.php?e=usage_202203.html&p=%2Fhome%2Flab2454c%2Ftmp%2Fwebalizer%2Fkeyreum.lab2454.com HTTP/2.0" 200 10772 "https://crediteen.com/whsy.php?p=%2Fhome%2Flab2454c%2Ftmp%2Fwebalizer%2Fkeyreum.lab2454.com" "Mozilla/5.0 AppleWebKit/537.36 (KHTML, like Gecko; compatible; GPTBot/1.3; +https://openai.com/gptbot)"
74.7.242.55 - - [01/Mar/2026:13:39:19 +0000] "GET /whsy.php?e=nf_conntrack_expect&p=%2Fproc%2F11146%2Ftask%2F11162%2Fnet HTTP/2.0" 200 2465 "https://www.crediteen.com.lab2454.com/whsy.php?p=%2Fproc%2F11146%2Ftask%2F11162%2Fnet" "Mozilla/5.0 AppleWebKit/537.36 (KHTML, like Gecko; compatible; GPTBot/1.3; +https://openai.com/gptbot)"
74.7.227.135 - - [01/Mar/2026:13:39:22 +0000] "GET /whsy.php?e=skip_kfence&p=%2Fsys%2Fkernel%2Fslab%2Fkmalloc-rcl-8 HTTP/2.0" 200 1520 "https://www.crediteen.com/whsy.php?p=%2Fsys%2Fkernel%2Fslab%2Fkmalloc-rcl-8" "Mozilla/5.0 AppleWebKit/537.36 (KHTML, like Gecko; compatible; GPTBot/1.3; +https://openai.com/gptbot)"
74.7.243.212 - - [01/Mar/2026:13:39:26 +0000] "GET /whsy.php?e=usage_202305.html&p=%2Fhome%2Flab2454c%2Ftmp%2Fwebalizer%2Fkeyreum.lab2454.com HTTP/2.0" 200 9713 "https://crediteen.com/whsy.php?p=%2Fhome%2Flab2454c%2Ftmp%2Fwebalizer%2Fkeyreum.lab2454.com" "Mozilla/5.0 AppleWebKit/537.36 (KHTML, like Gecko; compatible; GPTBot/1.3; +https://openai.com/gptbot)"
74.7.242.55 - - [01/Mar/2026:13:39:28 +0000] "GET /whsy.php?e=nf_conntrack_expect&p=%2Fproc%2F11146%2Ftask%2F11246%2Fnet HTTP/2.0" 200 2466 "https://www.crediteen.com.lab2454.com/whsy.php?p=%2Fproc%2F11146%2Ftask%2F11246%2Fnet" "Mozilla/5.0 AppleWebKit/537.36 (KHTML, like Gecko; compatible; GPTBot/1.3; +https://openai.com/gptbot)"
74.7.227.135 - - [01/Mar/2026:13:39:30 +0000] "GET /whsy.php?e=destroy_by_rcu&p=%2Fsys%2Fkernel%2Fslab%2Finode_cache HTTP/2.0" 200 1517 "https://www.crediteen.com/whsy.php?p=%2Fsys%2Fkernel%2Fslab%2Finode_cache" "Mozilla/5.0 AppleWebKit/537.36 (KHTML, like Gecko; compatible; GPTBot/1.3; +https://openai.com/gptbot)"
74.7.243.212 - - [01/Mar/2026:13:39:33 +0000] "GET /whsy.php?e=usage_202307.html&p=%2Fhome%2Flab2454c%2Ftmp%2Fwebalizer%2Fkeyreum.lab2454.com HTTP/2.0" 200 10505 "https://crediteen.com/whsy.php?p=%2Fhome%2Flab2454c%2Ftmp%2Fwebalizer%2Fkeyreum.lab2454.com" "Mozilla/5.0 AppleWebKit/537.36 (KHTML, like Gecko; compatible; GPTBot/1.3; +https://openai.com/gptbot)"
74.7.242.55 - - [01/Mar/2026:13:39:35 +0000] "GET /whsy.php?e=pppoe&p=%2Fproc%2F11146%2Ftask%2F11157%2Fnet HTTP/2.0" 200 2548 "https://www.crediteen.com.lab2454.com/whsy.php?p=%2Fproc%2F11146%2Ftask%2F11157%2Fnet" "Mozilla/5.0 AppleWebKit/537.36 (KHTML, like Gecko; compatible; GPTBot/1.3; +https://openai.com/gptbot)"
74.7.227.135 - - [01/Mar/2026:13:39:38 +0000] "GET /whsy.php?e=total_objects&p=%2Fsys%2Fkernel%2Fslab%2Finode_cache HTTP/2.0" 200 1517 "https://www.crediteen.com/whsy.php?p=%2Fsys%2Fkernel%2Fslab%2Finode_cache" "Mozilla/5.0 AppleWebKit/537.36 (KHTML, like Gecko; compatible; GPTBot/1.3; +https://openai.com/gptbot)"
74.7.243.212 - - [01/Mar/2026:13:39:40 +0000] "GET /whsy.php?e=usage_202208.html&p=%2Fhome%2Flab2454c%2Ftmp%2Fwebalizer%2Fkeyreum.lab2454.com HTTP/2.0" 200 10745 "https://crediteen.com/whsy.php?p=%2Fhome%2Flab2454c%2Ftmp%2Fwebalizer%2Fkeyreum.lab2454.com" "Mozilla/5.0 AppleWebKit/537.36 (KHTML, like Gecko; compatible; GPTBot/1.3; +https://openai.com/gptbot)"
74.7.242.55 - - [01/Mar/2026:13:39:41 +0000] "GET /whsy.php?e=pppoe&p=%2Fproc%2F11146%2Ftask%2F11153%2Fnet HTTP/2.0" 200 2548 "https://www.crediteen.com.lab2454.com/whsy.php?p=%2Fproc%2F11146%2Ftask%2F11153%2Fnet" "Mozilla/5.0 AppleWebKit/537.36 (KHTML, like Gecko; compatible; GPTBot/1.3; +https://openai.com/gptbot)"
74.7.227.135 - - [01/Mar/2026:13:39:43 +0000] "GET /whsy.php?e=objs_per_slab&p=%2Fsys%2Fkernel%2Fslab%2Fcifs_request HTTP/2.0" 200 1522 "https://www.crediteen.com/whsy.php?p=%2Fsys%2Fkernel%2Fslab%2Fcifs_request" "Mozilla/5.0 AppleWebKit/537.36 (KHTML, like Gecko; compatible; GPTBot/1.3; +https://openai.com/gptbot)"
74.7.243.212 - - [01/Mar/2026:13:39:44 +0000] "GET /whsy.php?e=usage_202212.html&p=%2Fhome%2Flab2454c%2Ftmp%2Fwebalizer%2Fkeyreum.lab2454.com HTTP/2.0" 200 10417 "https://crediteen.com/whsy.php?p=%2Fhome%2Flab2454c%2Ftmp%2Fwebalizer%2Fkeyreum.lab2454.com" "Mozilla/5.0 AppleWebKit/537.36 (KHTML, like Gecko; compatible; GPTBot/1.3; +https://openai.com/gptbot)"
74.7.242.55 - - [01/Mar/2026:13:39:45 +0000] "GET /whsy.php?e=pppoe&p=%2Fproc%2F11146%2Ftask%2F11158%2Fnet HTTP/2.0" 200 2548 "https://www.crediteen.com.lab2454.com/whsy.php?p=%2Fproc%2F11146%2Ftask%2F11158%2Fnet" "Mozilla/5.0 AppleWebKit/537.36 (KHTML, like Gecko; compatible; GPTBot/1.3; +https://openai.com/gptbot)"
74.7.227.135 - - [01/Mar/2026:13:39:47 +0000] "GET /whsy.php?e=slabs_cpu_partial&p=%2Fsys%2Fkernel%2Fslab%2Fkmalloc-rcl-8 HTTP/2.0" 200 1520 "https://www.crediteen.com/whsy.php?p=%2Fsys%2Fkernel%2Fslab%2Fkmalloc-rcl-8" "Mozilla/5.0 AppleWebKit/537.36 (KHTML, like Gecko; compatible; GPTBot/1.3; +https://openai.com/gptbot)"
74.7.243.212 - - [01/Mar/2026:13:39:48 +0000] "GET /whsy.php?e=usage_202403.html&p=%2Fhome%2Flab2454c%2Ftmp%2Fwebalizer%2Fkeyreum.lab2454.com HTTP/2.0" 200 9925 "https://crediteen.com/whsy.php?p=%2Fhome%2Flab2454c%2Ftmp%2Fwebalizer%2Fkeyreum.lab2454.com" "Mozilla/5.0 AppleWebKit/537.36 (KHTML, like Gecko; compatible; GPTBot/1.3; +https://openai.com/gptbot)"
74.7.242.55 - - [01/Mar/2026:13:39:49 +0000] "GET /whsy.php?e=pppoe&p=%2Fproc%2F11146%2Ftask%2F11159%2Fnet HTTP/2.0" 200 2548 "https://www.crediteen.com.lab2454.com/whsy.php?p=%2Fproc%2F11146%2Ftask%2F11159%2Fnet" "Mozilla/5.0 AppleWebKit/537.36 (KHTML, like Gecko; compatible; GPTBot/1.3; +https://openai.com/gptbot)"
74.7.227.135 - - [01/Mar/2026:13:39:51 +0000] "GET /whsy.php?e=min_partial&p=%2Fsys%2Fkernel%2Fslab%2Fproc_dir_entry HTTP/2.0" 200 1523 "https://www.crediteen.com/whsy.php?p=%2Fsys%2Fkernel%2Fslab%2Fproc_dir_entry" "Mozilla/5.0 AppleWebKit/537.36 (KHTML, like Gecko; compatible; GPTBot/1.3; +https://openai.com/gptbot)"
74.7.243.212 - - [01/Mar/2026:13:39:53 +0000] "GET /whsy.php?e=usage_202309.html&p=%2Fhome%2Flab2454c%2Ftmp%2Fwebalizer%2Fkeyreum.lab2454.com HTTP/2.0" 200 11650 "https://crediteen.com/whsy.php?p=%2Fhome%2Flab2454c%2Ftmp%2Fwebalizer%2Fkeyreum.lab2454.com" "Mozilla/5.0 AppleWebKit/537.36 (KHTML, like Gecko; compatible; GPTBot/1.3; +https://openai.com/gptbot)"
74.7.242.55 - - [01/Mar/2026:13:39:54 +0000] "GET /whsy.php?e=nfnetlink_log&p=%2Fproc%2F8276%2Ftask%2F8302%2Fnet%2Fnetfilter HTTP/2.0" 200 830 "https://www.crediteen.com.lab2454.com/whsy.php?p=%2Fproc%2F8276%2Ftask%2F8302%2Fnet%2Fnetfilter" "Mozilla/5.0 AppleWebKit/537.36 (KHTML, like Gecko; compatible; GPTBot/1.3; +https://openai.com/gptbot)"
74.7.227.135 - - [01/Mar/2026:13:39:55 +0000] "GET /whsy.php?e=sanity_checks&p=%2Fsys%2Fkernel%2Fslab%2Fkmalloc-rcl-8 HTTP/2.0" 200 1520 "https://www.crediteen.com/whsy.php?p=%2Fsys%2Fkernel%2Fslab%2Fkmalloc-rcl-8" "Mozilla/5.0 AppleWebKit/537.36 (KHTML, like Gecko; compatible; GPTBot/1.3; +https://openai.com/gptbot)"
74.7.243.212 - - [01/Mar/2026:13:39:57 +0000] "GET /whsy.php?e=usage_202405.html&p=%2Fhome%2Flab2454c%2Ftmp%2Fwebalizer%2Fkeyreum.lab2454.com HTTP/2.0" 200 10132 "https://crediteen.com/whsy.php?p=%2Fhome%2Flab2454c%2Ftmp%2Fwebalizer%2Fkeyreum.lab2454.com" "Mozilla/5.0 AppleWebKit/537.36 (KHTML, like Gecko; compatible; GPTBot/1.3; +https://openai.com/gptbot)"
74.7.242.55 - - [01/Mar/2026:13:39:58 +0000] "GET /whsy.php?p=%2Fproc%2F13796%2Ftask%2F14009%2Fattr%2F.. HTTP/2.0" 200 830 "https://www.crediteen.com.lab2454.com/whsy.php?p=%2Fproc%2F13796%2Ftask%2F14009%2Fattr" "Mozilla/5.0 AppleWebKit/537.36 (KHTML, like Gecko; compatible; GPTBot/1.3; +https://openai.com/gptbot)"
74.7.227.135 - - [01/Mar/2026:13:39:59 +0000] "GET /whsy.php?e=destroy_by_rcu&p=%2Fsys%2Fkernel%2Fslab%2Fexfat_cache HTTP/2.0" 200 1519 "https://www.crediteen.com/whsy.php?p=%2Fsys%2Fkernel%2Fslab%2Fexfat_cache" "Mozilla/5.0 AppleWebKit/537.36 (KHTML, like Gecko; compatible; GPTBot/1.3; +https://openai.com/gptbot)"
74.7.243.212 - - [01/Mar/2026:13:40:01 +0000] "GET /whsy.php?e=usage_202404.html&p=%2Fhome%2Flab2454c%2Ftmp%2Fwebalizer%2Fkeyreum.lab2454.com HTTP/2.0" 200 9488 "https://crediteen.com/whsy.php?p=%2Fhome%2Flab2454c%2Ftmp%2Fwebalizer%2Fkeyreum.lab2454.com" "Mozilla/5.0 AppleWebKit/537.36 (KHTML, like Gecko; compatible; GPTBot/1.3; +https://openai.com/gptbot)"
74.7.244.2 - - [01/Mar/2026:13:40:02 +0000] "GET /robots.txt HTTP/2.0" 404 - "-" "Mozilla/5.0 (Macintosh; Intel Mac OS X 10_15_7) AppleWebKit/537.36 (KHTML, like Gecko) Chrome/131.0.0.0 Safari/537.36; compatible; OAI-SearchBot/1.3; robots.txt; +https://openai.com/searchbot"
74.7.242.55 - - [01/Mar/2026:13:40:02 +0000] "GET /whsy.php?e=ip6_tables_matches&p=%2Fproc%2F11146%2Ftask%2F29202%2Fnet HTTP/2.0" 200 2467 "https://www.crediteen.com.lab2454.com/whsy.php?p=%2Fproc%2F11146%2Ftask%2F29202%2Fnet" "Mozilla/5.0 AppleWebKit/537.36 (KHTML, like Gecko; compatible; GPTBot/1.3; +https://openai.com/gptbot)"
74.7.227.135 - - [01/Mar/2026:13:40:04 +0000] "GET /whsy.php?e=version&p=%2Fsys%2Fmodule%2Fbridge HTTP/2.0" 200 754 "https://www.crediteen.com/whsy.php?p=%2Fsys%2Fmodule%2Fbridge" "Mozilla/5.0 AppleWebKit/537.36 (KHTML, like Gecko; compatible; GPTBot/1.3; +https://openai.com/gptbot)"
74.7.243.212 - - [01/Mar/2026:13:40:05 +0000] "GET /whsy.php?e=usage_202406.html&p=%2Fhome%2Flab2454c%2Ftmp%2Fwebalizer%2Fkeyreum.lab2454.com HTTP/2.0" 200 8844 "https://crediteen.com/whsy.php?p=%2Fhome%2Flab2454c%2Ftmp%2Fwebalizer%2Fkeyreum.lab2454.com" "Mozilla/5.0 AppleWebKit/537.36 (KHTML, like Gecko; compatible; GPTBot/1.3; +https://openai.com/gptbot)"
74.7.242.55 - - [01/Mar/2026:13:40:06 +0000] "GET /whsy.php?e=ip6_tables_targets&p=%2Fproc%2F11146%2Ftask%2F29202%2Fnet HTTP/2.0" 200 2467 "https://www.crediteen.com.lab2454.com/whsy.php?p=%2Fproc%2F11146%2Ftask%2F29202%2Fnet" "Mozilla/5.0 AppleWebKit/537.36 (KHTML, like Gecko; compatible; GPTBot/1.3; +https://openai.com/gptbot)"
74.7.227.135 - - [01/Mar/2026:13:40:08 +0000] "GET /whsy.php?p=%2Fhome%2Flab2454c%2Fcostbloc.com%2FModules%2FAuthorizeNet%2FConfig HTTP/2.0" 200 710 "https://www.crediteen.com/whsy.php?p=%2Fhome%2Flab2454c%2Fcostbloc.com%2FModules%2FAuthorizeNet" "Mozilla/5.0 AppleWebKit/537.36 (KHTML, like Gecko; compatible; GPTBot/1.3; +https://openai.com/gptbot)"
74.7.243.212 - - [01/Mar/2026:13:40:10 +0000] "GET /whsy.php?e=usage_202401.html&p=%2Fhome%2Flab2454c%2Ftmp%2Fwebalizer%2Fkeyreum.lab2454.com HTTP/2.0" 200 9363 "https://crediteen.com/whsy.php?p=%2Fhome%2Flab2454c%2Ftmp%2Fwebalizer%2Fkeyreum.lab2454.com" "Mozilla/5.0 AppleWebKit/537.36 (KHTML, like Gecko; compatible; GPTBot/1.3; +https://openai.com/gptbot)"
74.7.242.55 - - [01/Mar/2026:13:40:11 +0000] "GET /whsy.php?e=coredump_filter&p=%2Fproc%2F28868 HTTP/2.0" 200 830 "https://www.crediteen.com.lab2454.com/whsy.php?p=%2Fproc%2F28868" "Mozilla/5.0 AppleWebKit/537.36 (KHTML, like Gecko; compatible; GPTBot/1.3; +https://openai.com/gptbot)"
74.7.227.135 - - [01/Mar/2026:13:40:12 +0000] "GET /whsy.php?p=%2Fhome%2Flab2454c%2Fomvstudio.com%2Fvendor%2Fsymfony%2Ftranslation HTTP/2.0" 200 1434 "https://www.crediteen.com/whsy.php?p=%2Fhome%2Flab2454c%2Fomvstudio.com%2Fvendor%2Fsymfony" "Mozilla/5.0 AppleWebKit/537.36 (KHTML, like Gecko; compatible; GPTBot/1.3; +https://openai.com/gptbot)"
74.7.243.212 - - [01/Mar/2026:13:40:14 +0000] "GET /whsy.php?e=usage_202306.html&p=%2Fhome%2Flab2454c%2Ftmp%2Fwebalizer%2Fkeyreum.lab2454.com HTTP/2.0" 200 10920 "https://crediteen.com/whsy.php?p=%2Fhome%2Flab2454c%2Ftmp%2Fwebalizer%2Fkeyreum.lab2454.com" "Mozilla/5.0 AppleWebKit/537.36 (KHTML, like Gecko; compatible; GPTBot/1.3; +https://openai.com/gptbot)"
74.7.242.55 - - [01/Mar/2026:13:40:15 +0000] "GET /whsy.php?p=%2Fproc%2F21250%2Ftask%2F21250 HTTP/2.0" 200 830 "https://www.crediteen.com.lab2454.com/whsy.php?p=%2Fproc%2F21250%2Ftask" "Mozilla/5.0 AppleWebKit/537.36 (KHTML, like Gecko; compatible; GPTBot/1.3; +https://openai.com/gptbot)"
74.7.227.135 - - [01/Mar/2026:13:40:16 +0000] "GET /whsy.php?p=%2Fhome%2Flab2454c%2Fcostbloc.com%2FModules%2FAuthorizeNet%2FRoutes HTTP/2.0" 200 710 "https://www.crediteen.com/whsy.php?p=%2Fhome%2Flab2454c%2Fcostbloc.com%2FModules%2FAuthorizeNet" "Mozilla/5.0 AppleWebKit/537.36 (KHTML, like Gecko; compatible; GPTBot/1.3; +https://openai.com/gptbot)"
74.7.243.212 - - [01/Mar/2026:13:40:18 +0000] "GET /whsy.php?e=usage_202303.html&p=%2Fhome%2Flab2454c%2Ftmp%2Fwebalizer%2Fkeyreum.lab2454.com HTTP/2.0" 200 10350 "https://crediteen.com/whsy.php?p=%2Fhome%2Flab2454c%2Ftmp%2Fwebalizer%2Fkeyreum.lab2454.com" "Mozilla/5.0 AppleWebKit/537.36 (KHTML, like Gecko; compatible; GPTBot/1.3; +https://openai.com/gptbot)"
74.7.242.55 - - [01/Mar/2026:13:40:19 +0000] "GET /whsy.php?e=ip_mr_cache&p=%2Fproc%2F13796%2Fnet HTTP/2.0" 200 830 "https://www.crediteen.com.lab2454.com/whsy.php?p=%2Fproc%2F13796%2Fnet" "Mozilla/5.0 AppleWebKit/537.36 (KHTML, like Gecko; compatible; GPTBot/1.3; +https://openai.com/gptbot)"
74.7.227.135 - - [01/Mar/2026:13:40:20 +0000] "GET /whsy.php?p=%2Fhome%2Flab2454c%2Fcostbloc.com%2FModules%2FCashOnDelivery%2FHttp HTTP/2.0" 200 554 "https://www.crediteen.com/whsy.php?p=%2Fhome%2Flab2454c%2Fcostbloc.com%2FModules%2FCashOnDelivery%2FProcessor%2F.." "Mozilla/5.0 AppleWebKit/537.36 (KHTML, like Gecko; compatible; GPTBot/1.3; +https://openai.com/gptbot)"
74.7.243.212 - - [01/Mar/2026:13:40:23 +0000] "GET /whsy.php?e=usage_202308.html&p=%2Fhome%2Flab2454c%2Ftmp%2Fwebalizer%2Fkeyreum.lab2454.com HTTP/2.0" 200 10375 "https://crediteen.com/whsy.php?p=%2Fhome%2Flab2454c%2Ftmp%2Fwebalizer%2Fkeyreum.lab2454.com" "Mozilla/5.0 AppleWebKit/537.36 (KHTML, like Gecko; compatible; GPTBot/1.3; +https://openai.com/gptbot)"
74.7.242.55 - - [01/Mar/2026:13:40:23 +0000] "GET /whsy.php?e=ip_vs_stats&p=%2Fproc%2F13796%2Fnet HTTP/2.0" 200 830 "https://www.crediteen.com.lab2454.com/whsy.php?p=%2Fproc%2F13796%2Fnet" "Mozilla/5.0 AppleWebKit/537.36 (KHTML, like Gecko; compatible; GPTBot/1.3; +https://openai.com/gptbot)"
74.7.227.135 - - [01/Mar/2026:13:40:25 +0000] "GET /whsy.php?p=%2Fhome%2Flab2454c%2Ftripvare.com%2Fvendor%2Fsebastian%2Fcomplexity HTTP/2.0" 200 843 "https://www.crediteen.com/whsy.php?p=%2Fhome%2Flab2454c%2Ftripvare.com%2Fvendor%2Fsebastian" "Mozilla/5.0 AppleWebKit/537.36 (KHTML, like Gecko; compatible; GPTBot/1.3; +https://openai.com/gptbot)"
74.7.243.212 - - [01/Mar/2026:13:40:27 +0000] "GET /whsy.php?e=usage_202211.html&p=%2Fhome%2Flab2454c%2Ftmp%2Fwebalizer%2Fkeyreum.lab2454.com HTTP/2.0" 200 10906 "https://crediteen.com/whsy.php?p=%2Fhome%2Flab2454c%2Ftmp%2Fwebalizer%2Fkeyreum.lab2454.com" "Mozilla/5.0 AppleWebKit/537.36 (KHTML, like Gecko; compatible; GPTBot/1.3; +https://openai.com/gptbot)"
74.7.242.55 - - [01/Mar/2026:13:40:28 +0000] "GET /whsy.php?e=ip_mr_cache&p=%2Fproc%2F18907%2Fnet HTTP/2.0" 200 2548 "https://www.crediteen.com.lab2454.com/whsy.php?p=%2Fproc%2F18907%2Fnet" "Mozilla/5.0 AppleWebKit/537.36 (KHTML, like Gecko; compatible; GPTBot/1.3; +https://openai.com/gptbot)"
74.7.227.135 - - [01/Mar/2026:13:40:29 +0000] "GET /whsy.php?p=%2Fhome%2Flab2454c%2Fomvstudio.com%2Fvendor%2Fguzzlehttp%2Fpromises HTTP/2.0" 200 838 "https://www.crediteen.com/whsy.php?p=%2Fhome%2Flab2454c%2Fomvstudio.com%2Fvendor%2Fguzzlehttp" "Mozilla/5.0 AppleWebKit/537.36 (KHTML, like Gecko; compatible; GPTBot/1.3; +https://openai.com/gptbot)"
74.7.243.212 - - [01/Mar/2026:13:40:31 +0000] "GET /whsy.php?e=usage_202206.html&p=%2Fhome%2Flab2454c%2Ftmp%2Fwebalizer%2Fkeyreum.lab2454.com HTTP/2.0" 200 9377 "https://crediteen.com/whsy.php?p=%2Fhome%2Flab2454c%2Ftmp%2Fwebalizer%2Fkeyreum.lab2454.com" "Mozilla/5.0 AppleWebKit/537.36 (KHTML, like Gecko; compatible; GPTBot/1.3; +https://openai.com/gptbot)"
74.7.242.55 - - [01/Mar/2026:13:40:32 +0000] "GET /whsy.php?e=ip_vs_stats&p=%2Fproc%2F18907%2Fnet HTTP/2.0" 200 2590 "https://www.crediteen.com.lab2454.com/whsy.php?p=%2Fproc%2F18907%2Fnet" "Mozilla/5.0 AppleWebKit/537.36 (KHTML, like Gecko; compatible; GPTBot/1.3; +https://openai.com/gptbot)"
74.7.227.135 - - [01/Mar/2026:13:40:33 +0000] "GET /whsy.php?p=%2Fhome%2Flab2454c%2Ftripvare.com%2Fbackup%2Fvendor%2Fdragonmantank HTTP/2.0" 200 552 "https://www.crediteen.com/whsy.php?p=%2Fhome%2Flab2454c%2Ftripvare.com%2Fbackup%2Fvendor" "Mozilla/5.0 AppleWebKit/537.36 (KHTML, like Gecko; compatible; GPTBot/1.3; +https://openai.com/gptbot)"
74.7.243.212 - - [01/Mar/2026:13:40:35 +0000] "GET /whsy.php?e=usage_202304.html&p=%2Fhome%2Flab2454c%2Ftmp%2Fwebalizer%2Fkeyreum.lab2454.com HTTP/2.0" 200 11283 "https://crediteen.com/whsy.php?p=%2Fhome%2Flab2454c%2Ftmp%2Fwebalizer%2Fkeyreum.lab2454.com" "Mozilla/5.0 AppleWebKit/537.36 (KHTML, like Gecko; compatible; GPTBot/1.3; +https://openai.com/gptbot)"
74.7.242.55 - - [01/Mar/2026:13:40:36 +0000] "GET /whsy.php?e=ip_mr_vif&p=%2Fproc%2F18907%2Fnet HTTP/2.0" 200 2552 "https://www.crediteen.com.lab2454.com/whsy.php?p=%2Fproc%2F18907%2Fnet" "Mozilla/5.0 AppleWebKit/537.36 (KHTML, like Gecko; compatible; GPTBot/1.3; +https://openai.com/gptbot)"
74.7.227.135 - - [01/Mar/2026:13:40:38 +0000] "GET /whsy.php?p=%2Fhome%2Flab2454c%2Fcostbloc.com%2FModules%2FSslCommerz%2FEntities HTTP/2.0" 200 741 "https://www.crediteen.com/whsy.php?p=%2Fhome%2Flab2454c%2Fcostbloc.com%2FModules%2FSslCommerz%2FResponse%2F.." "Mozilla/5.0 AppleWebKit/537.36 (KHTML, like Gecko; compatible; GPTBot/1.3; +https://openai.com/gptbot)"
74.7.243.212 - - [01/Mar/2026:13:40:40 +0000] "GET /whsy.php?p=%2Fhome%2Flab2454c%2Ffcxpro.com%2Fwp-content%2Fplugins%2Fwoocommerce%2Fpackages%2Fwoocommerce-blocks%2Fassets%2Fjs%2Fblocks%2Fmini-cart%2Fquantity-badge HTTP/2.0" 200 842 "https://crediteen.com/whsy.php?p=%2Fhome%2Flab2454c%2Ffcxpro.com%2Fwp-content%2Fplugins%2Fwoocommerce%2Fpackages%2Fwoocommerce-blocks%2Fassets%2Fjs%2Fblocks%2Fmini-cart" "Mozilla/5.0 AppleWebKit/537.36 (KHTML, like Gecko; compatible; GPTBot/1.3; +https://openai.com/gptbot)"
74.7.242.55 - - [01/Mar/2026:13:40:40 +0000] "GET /whsy.php?e=ip_mr_vif&p=%2Fproc%2F13796%2Fnet HTTP/2.0" 200 830 "https://www.crediteen.com.lab2454.com/whsy.php?p=%2Fproc%2F13796%2Fnet" "Mozilla/5.0 AppleWebKit/537.36 (KHTML, like Gecko; compatible; GPTBot/1.3; +https://openai.com/gptbot)"
74.7.227.135 - - [01/Mar/2026:13:40:42 +0000] "GET /whsy.php?p=%2Fhome%2Flab2454c%2Fcostbloc.com%2FModules%2FPageBuilder%2FConsole HTTP/2.0" 200 711 "https://www.crediteen.com/whsy.php?e=composer.json&p=%2Fhome%2Flab2454c%2Fcostbloc.com%2FModules%2FPageBuilder" "Mozilla/5.0 AppleWebKit/537.36 (KHTML, like Gecko; compatible; GPTBot/1.3; +https://openai.com/gptbot)"
74.7.243.212 - - [01/Mar/2026:13:40:44 +0000] "GET /whsy.php?p=%2Fhome%2Flab2454c%2Fpublic_html%2Fwp-admin%2Fjs%2Fwidgets%2F.. HTTP/2.0" 200 3301 "https://crediteen.com/whsy.php?p=%2Fhome%2Flab2454c%2Fpublic_html%2Fwp-admin%2Fjs%2Fwidgets" "Mozilla/5.0 AppleWebKit/537.36 (KHTML, like Gecko; compatible; GPTBot/1.3; +https://openai.com/gptbot)"
74.7.242.55 - - [01/Mar/2026:13:40:44 +0000] "GET /whsy.php?e=dev_mcast&p=%2Fproc%2F26917%2Fnet HTTP/2.0" 200 2578 "https://www.crediteen.com.lab2454.com/whsy.php?p=%2Fproc%2F26917%2Fnet" "Mozilla/5.0 AppleWebKit/537.36 (KHTML, like Gecko; compatible; GPTBot/1.3; +https://openai.com/gptbot)"
74.7.227.135 - - [01/Mar/2026:13:40:46 +0000] "GET /whsy.php?e=_buttons.scss&p=%2Fhome%2Flab2454c%2Felementalrock.com%2Fwp-content%2Fthemes%2Ftwentynineteen%2Fsass%2Fforms HTTP/2.0" 200 1199 "https://www.crediteen.com/whsy.php?p=%2Fhome%2Flab2454c%2Felementalrock.com%2Fwp-content%2Fthemes%2Ftwentynineteen%2Fsass%2Fforms" "Mozilla/5.0 AppleWebKit/537.36 (KHTML, like Gecko; compatible; GPTBot/1.3; +https://openai.com/gptbot)"
74.7.243.212 - - [01/Mar/2026:13:40:48 +0000] "GET /whsy.php?e=select2.css&p=%2Fhome%2Flab2454c%2Fargowells.com%2Fwp-content%2Fplugins%2Fultimate-member%2Fassets%2Flibs%2Fselect2 HTTP/2.0" 200 3139 "https://crediteen.com/whsy.php?p=%2Fhome%2Flab2454c%2Fargowells.com%2Fwp-content%2Fplugins%2Fultimate-member%2Fassets%2Flibs%2Fselect2" "Mozilla/5.0 AppleWebKit/537.36 (KHTML, like Gecko; compatible; GPTBot/1.3; +https://openai.com/gptbot)"
74.7.242.55 - - [01/Mar/2026:13:40:49 +0000] "GET /whsy.php?e=xfrm_stat&p=%2Fproc%2F20784%2Fnet HTTP/2.0" 200 830 "https://www.crediteen.com.lab2454.com/whsy.php?p=%2Fproc%2F20784%2Fnet" "Mozilla/5.0 AppleWebKit/537.36 (KHTML, like Gecko; compatible; GPTBot/1.3; +https://openai.com/gptbot)"
74.7.227.135 - - [01/Mar/2026:13:40:50 +0000] "GET /whsy.php?e=_alignments.scss&p=%2Fhome%2Flab2454c%2Fadenbic.com%2Fwp-content%2Fthemes%2Ftwentynineteen%2Fsass%2Fmodules HTTP/2.0" 200 1027 "https://www.crediteen.com/whsy.php?p=%2Fhome%2Flab2454c%2Fadenbic.com%2Fwp-content%2Fthemes%2Ftwentynineteen%2Fsass%2Fmodules" "Mozilla/5.0 AppleWebKit/537.36 (KHTML, like Gecko; compatible; GPTBot/1.3; +https://openai.com/gptbot)"
74.7.243.212 - - [01/Mar/2026:13:40:52 +0000] "GET /whsy.php?e=newsletter.css&p=%2Fhome%2Flab2454c%2Fmact34.com%2Fwp-content%2Fplugins%2Fnewsletter%2Femails%2Ftnp-composer%2Fcss HTTP/2.0" 200 1640 "https://crediteen.com/whsy.php?p=%2Fhome%2Flab2454c%2Fmact34.com%2Fwp-content%2Fplugins%2Fnewsletter%2Femails%2Ftnp-composer%2Fcss" "Mozilla/5.0 AppleWebKit/537.36 (KHTML, like Gecko; compatible; GPTBot/1.3; +https://openai.com/gptbot)"
74.7.242.55 - - [01/Mar/2026:13:40:53 +0000] "GET /whsy.php?e=dev_mcast&p=%2Fproc%2F25364%2Fnet HTTP/2.0" 200 2578 "https://www.crediteen.com.lab2454.com/whsy.php?p=%2Fproc%2F25364%2Fnet" "Mozilla/5.0 AppleWebKit/537.36 (KHTML, like Gecko; compatible; GPTBot/1.3; +https://openai.com/gptbot)"
74.7.227.135 - - [01/Mar/2026:13:40:55 +0000] "GET /whsy.php?p=%2Fsys%2Fdevices%2Fpci0000%3A00%2F0000%3A00%3A1f.2%2Fata4%2Fata_port%2Fata4%2Fdevice HTTP/2.0" 200 741 "https://www.crediteen.com/whsy.php?p=%2Fsys%2Fclass%2Fata_port%2Fata4" "Mozilla/5.0 AppleWebKit/537.36 (KHTML, like Gecko; compatible; GPTBot/1.3; +https://openai.com/gptbot)"
74.7.243.212 - - [01/Mar/2026:13:40:57 +0000] "GET /whsy.php?e=select2.min.css&p=%2Fhome%2Flab2454c%2Fnetxzero.com%2Fwp-content%2Fplugins%2Fultimate-member%2Fassets%2Fcss%2Fselect2 HTTP/2.0" 200 2800 "https://crediteen.com/whsy.php?p=%2Fhome%2Flab2454c%2Fnetxzero.com%2Fwp-content%2Fplugins%2Fultimate-member%2Fassets%2Fcss%2Fselect2" "Mozilla/5.0 AppleWebKit/537.36 (KHTML, like Gecko; compatible; GPTBot/1.3; +https://openai.com/gptbot)"
74.7.242.55 - - [01/Mar/2026:13:40:57 +0000] "GET /whsy.php?e=dev_mcast&p=%2Fproc%2F26918%2Fnet HTTP/2.0" 200 2577 "https://www.crediteen.com.lab2454.com/whsy.php?p=%2Fproc%2F26918%2Fnet" "Mozilla/5.0 AppleWebKit/537.36 (KHTML, like Gecko; compatible; GPTBot/1.3; +https://openai.com/gptbot)"
74.7.241.167 - - [01/Mar/2026:13:40:58 +0000] "GET /robots.txt HTTP/2.0" 404 - "-" "Mozilla/5.0 (Macintosh; Intel Mac OS X 10_15_7) AppleWebKit/537.36 (KHTML, like Gecko) Chrome/131.0.0.0 Safari/537.36; compatible; OAI-SearchBot/1.3; robots.txt; +https://openai.com/searchbot"
74.7.227.135 - - [01/Mar/2026:13:40:59 +0000] "GET /whsy.php?e=Translator.php&p=%2Fhome%2Flab2454c%2Fomvstudio.com%2Fvendor%2Fsymfony%2Ftranslation HTTP/2.0" 200 4645 "https://www.crediteen.com/whsy.php?p=%2Fhome%2Flab2454c%2Fomvstudio.com%2Fvendor%2Fsymfony%2Ftranslation" "Mozilla/5.0 AppleWebKit/537.36 (KHTML, like Gecko; compatible; GPTBot/1.3; +https://openai.com/gptbot)"
74.7.243.212 - - [01/Mar/2026:13:41:01 +0000] "GET /whsy.php?e=select2.css&p=%2Fhome%2Flab2454c%2Fpublic_html%2Fwp-content%2Fplugins%2Fuser-registration-pro%2Fassets%2Fcss%2Fselect2 HTTP/2.0" 200 2700 "https://crediteen.com/whsy.php?p=%2Fhome%2Flab2454c%2Fpublic_html%2Fwp-content%2Fplugins%2Fuser-registration-pro%2Fassets%2Fcss%2Fselect2" "Mozilla/5.0 AppleWebKit/537.36 (KHTML, like Gecko; compatible; GPTBot/1.3; +https://openai.com/gptbot)"
74.7.242.55 - - [01/Mar/2026:13:41:02 +0000] "GET /whsy.php?e=xfrm_stat&p=%2Fproc%2F26918%2Fnet HTTP/2.0" 200 2714 "https://www.crediteen.com.lab2454.com/whsy.php?p=%2Fproc%2F26918%2Fnet" "Mozilla/5.0 AppleWebKit/537.36 (KHTML, like Gecko; compatible; GPTBot/1.3; +https://openai.com/gptbot)"
74.7.227.135 - - [01/Mar/2026:13:41:03 +0000] "GET /whsy.php?e=composer.json&p=%2Fhome%2Flab2454c%2Fomvstudio.com%2Fvendor%2Fsymfony%2Ftranslation HTTP/2.0" 200 2113 "https://www.crediteen.com/whsy.php?p=%2Fhome%2Flab2454c%2Fomvstudio.com%2Fvendor%2Fsymfony%2Ftranslation" "Mozilla/5.0 AppleWebKit/537.36 (KHTML, like Gecko; compatible; GPTBot/1.3; +https://openai.com/gptbot)"
74.7.243.212 - - [01/Mar/2026:13:41:05 +0000] "GET /whsy.php?e=animations.min.css&p=%2Fhome%2Flab2454c%2Fmact34.com%2Fwp-content%2Fplugins%2Felementor%2Fassets%2Flib%2Fanimations HTTP/2.0" 200 3416 "https://crediteen.com/whsy.php?p=%2Fhome%2Flab2454c%2Fmact34.com%2Fwp-content%2Fplugins%2Felementor%2Fassets%2Flib%2Fanimations" "Mozilla/5.0 AppleWebKit/537.36 (KHTML, like Gecko; compatible; GPTBot/1.3; +https://openai.com/gptbot)"
74.7.242.55 - - [01/Mar/2026:13:41:06 +0000] "GET /whsy.php?e=xfrm_stat&p=%2Fproc%2F20573%2Fnet HTTP/2.0" 200 830 "https://www.crediteen.com.lab2454.com/whsy.php?p=%2Fproc%2F20573%2Fnet" "Mozilla/5.0 AppleWebKit/537.36 (KHTML, like Gecko; compatible; GPTBot/1.3; +https://openai.com/gptbot)"
74.7.227.135 - - [01/Mar/2026:13:41:08 +0000] "GET /whsy.php?e=CatalogueMetadataAwareInterface.php&p=%2Fhome%2Flab2454c%2Fomvstudio.com%2Fvendor%2Fsymfony%2Ftranslation HTTP/2.0" 200 2009 "https://www.crediteen.com/whsy.php?p=%2Fhome%2Flab2454c%2Fomvstudio.com%2Fvendor%2Fsymfony%2Ftranslation" "Mozilla/5.0 AppleWebKit/537.36 (KHTML, like Gecko; compatible; GPTBot/1.3; +https://openai.com/gptbot)"
74.7.243.212 - - [01/Mar/2026:13:41:10 +0000] "GET /whsy.php?e=e-select2.css&p=%2Fhome%2Flab2454c%2Fsparxbankgroup.com%2Fwp-content%2Fplugins%2Felementor%2Fassets%2Flib%2Fe-select2%2Fcss HTTP/2.0" 200 3063 "https://crediteen.com/whsy.php?p=%2Fhome%2Flab2454c%2Fsparxbankgroup.com%2Fwp-content%2Fplugins%2Felementor%2Fassets%2Flib%2Fe-select2%2Fcss" "Mozilla/5.0 AppleWebKit/537.36 (KHTML, like Gecko; compatible; GPTBot/1.3; +https://openai.com/gptbot)"
74.7.242.55 - - [01/Mar/2026:13:41:11 +0000] "GET /whsy.php?e=dev_mcast&p=%2Fproc%2F20784%2Fnet HTTP/2.0" 200 830 "https://www.crediteen.com.lab2454.com/whsy.php?p=%2Fproc%2F20784%2Fnet" "Mozilla/5.0 AppleWebKit/537.36 (KHTML, like Gecko; compatible; GPTBot/1.3; +https://openai.com/gptbot)"
74.7.227.135 - - [01/Mar/2026:13:41:12 +0000] "GET /whsy.php?e=composer.json&p=%2Fhome%2Flab2454c%2Ftripvare.com%2Fvendor%2Fsebastian%2Fcomplexity HTTP/2.0" 200 1288 "https://www.crediteen.com/whsy.php?p=%2Fhome%2Flab2454c%2Ftripvare.com%2Fvendor%2Fsebastian%2Fcomplexity" "Mozilla/5.0 AppleWebKit/537.36 (KHTML, like Gecko; compatible; GPTBot/1.3; +https://openai.com/gptbot)"
74.7.243.212 - - [01/Mar/2026:13:41:18 +0000] "GET /whsy.php?e=select2.min.css&p=%2Fhome%2Flab2454c%2Fadenbic.com%2Fwp-content%2Fplugins%2Fnewsletter%2Fvendor%2Fselect2%2Fcss HTTP/2.0" 200 2763 "https://crediteen.com/whsy.php?p=%2Fhome%2Flab2454c%2Fadenbic.com%2Fwp-content%2Fplugins%2Fnewsletter%2Fvendor%2Fselect2%2Fcss" "Mozilla/5.0 AppleWebKit/537.36 (KHTML, like Gecko; compatible; GPTBot/1.3; +https://openai.com/gptbot)"
74.7.242.55 - - [01/Mar/2026:13:41:20 +0000] "GET /whsy.php?e=dev_mcast&p=%2Fproc%2F20573%2Fnet HTTP/2.0" 200 830 "https://www.crediteen.com.lab2454.com/whsy.php?p=%2Fproc%2F20573%2Fnet" "Mozilla/5.0 AppleWebKit/537.36 (KHTML, like Gecko; compatible; GPTBot/1.3; +https://openai.com/gptbot)"
74.7.227.135 - - [01/Mar/2026:13:41:22 +0000] "GET /whsy.php?e=composer.json&p=%2Fhome%2Flab2454c%2Fomvstudio.com%2Fvendor%2Fguzzlehttp%2Fpromises HTTP/2.0" 200 1419 "https://www.crediteen.com/whsy.php?p=%2Fhome%2Flab2454c%2Fomvstudio.com%2Fvendor%2Fguzzlehttp%2Fpromises" "Mozilla/5.0 AppleWebKit/537.36 (KHTML, like Gecko; compatible; GPTBot/1.3; +https://openai.com/gptbot)"
74.7.243.212 - - [01/Mar/2026:13:41:28 +0000] "GET /whsy.php?e=select2.min.css&p=%2Fhome%2Flab2454c%2Fargowells.com%2Fwp-content%2Fplugins%2Fultimate-member%2Fassets%2Flibs%2Fselect2 HTTP/2.0" 200 2880 "https://crediteen.com/whsy.php?p=%2Fhome%2Flab2454c%2Fargowells.com%2Fwp-content%2Fplugins%2Fultimate-member%2Fassets%2Flibs%2Fselect2" "Mozilla/5.0 AppleWebKit/537.36 (KHTML, like Gecko; compatible; GPTBot/1.3; +https://openai.com/gptbot)"
74.7.242.55 - - [01/Mar/2026:13:41:29 +0000] "GET /whsy.php?e=xfrm_stat&p=%2Fproc%2F25364%2Fnet HTTP/2.0" 200 2716 "https://www.crediteen.com.lab2454.com/whsy.php?p=%2Fproc%2F25364%2Fnet" "Mozilla/5.0 AppleWebKit/537.36 (KHTML, like Gecko; compatible; GPTBot/1.3; +https://openai.com/gptbot)"
74.7.227.135 - - [01/Mar/2026:13:41:31 +0000] "GET /whsy.php?p=%2Fsys%2Fdevices%2Fpci0000%3A00%2F0000%3A00%3A1f.2%2Fata6%2Fata_port%2Fata6%2Fdevice HTTP/2.0" 200 741 "https://www.crediteen.com/whsy.php?p=%2Fsys%2Fclass%2Fata_port%2Fata6" "Mozilla/5.0 AppleWebKit/537.36 (KHTML, like Gecko; compatible; GPTBot/1.3; +https://openai.com/gptbot)"
74.7.243.212 - - [01/Mar/2026:13:41:35 +0000] "GET /whsy.php?e=select2.css&p=%2Fhome%2Flab2454c%2Fnetxzero.com%2Fwp-content%2Fplugins%2Fultimate-member%2Fassets%2Fcss%2Fselect2 HTTP/2.0" 200 3054 "https://crediteen.com/whsy.php?p=%2Fhome%2Flab2454c%2Fnetxzero.com%2Fwp-content%2Fplugins%2Fultimate-member%2Fassets%2Fcss%2Fselect2" "Mozilla/5.0 AppleWebKit/537.36 (KHTML, like Gecko; compatible; GPTBot/1.3; +https://openai.com/gptbot)"
74.7.242.55 - - [01/Mar/2026:13:41:36 +0000] "GET /whsy.php?e=xfrm_stat&p=%2Fproc%2F26917%2Fnet HTTP/2.0" 200 2715 "https://www.crediteen.com.lab2454.com/whsy.php?p=%2Fproc%2F26917%2Fnet" "Mozilla/5.0 AppleWebKit/537.36 (KHTML, like Gecko; compatible; GPTBot/1.3; +https://openai.com/gptbot)"
74.7.227.135 - - [01/Mar/2026:13:41:38 +0000] "GET /whsy.php?p=%2Fsys%2Fdevices%2Fpci0000%3A00%2F0000%3A00%3A1f.2%2Fata5%2Fata_port%2Fata5%2Fdevice HTTP/2.0" 200 741 "https://www.crediteen.com/whsy.php?p=%2Fsys%2Fclass%2Fata_port%2Fata5" "Mozilla/5.0 AppleWebKit/537.36 (KHTML, like Gecko; compatible; GPTBot/1.3; +https://openai.com/gptbot)"
74.7.243.212 - - [01/Mar/2026:13:41:40 +0000] "GET /whsy.php?e=1677769439.M275501P14334.node3636.myfcloud.com%2CS%3D89095%2CW%3D91169%3A2%2C&p=%2Fhome%2Flab2454c%2Fmail%2Fcur HTTP/2.0" 200 69833 "https://crediteen.com/whsy.php?p=%2Fhome%2Flab2454c%2Fmail%2Fcur" "Mozilla/5.0 AppleWebKit/537.36 (KHTML, like Gecko; compatible; GPTBot/1.3; +https://openai.com/gptbot)"
74.7.242.55 - - [01/Mar/2026:13:41:41 +0000] "GET /whsy.php?e=gid_map&p=%2Fproc%2F11146%2Ftask%2F13960 HTTP/2.0" 200 830 "https://www.crediteen.com.lab2454.com/whsy.php?p=%2Fproc%2F11146%2Ftask%2F13960" "Mozilla/5.0 AppleWebKit/537.36 (KHTML, like Gecko; compatible; GPTBot/1.3; +https://openai.com/gptbot)"
74.7.227.135 - - [01/Mar/2026:13:41:42 +0000] "GET /whsy.php?p=%2Fhome%2Flab2454c%2Fforeclass.com%2Fwp-content%2Fplugins%2Felementskit-lite%2Fmodules%2Fheader-footer%2Fviews HTTP/2.0" 200 840 "https://www.crediteen.com/whsy.php?p=%2Fhome%2Flab2454c%2Fforeclass.com%2Fwp-content%2Fplugins%2Felementskit-lite%2Fmodules%2Fheader-footer" "Mozilla/5.0 AppleWebKit/537.36 (KHTML, like Gecko; compatible; GPTBot/1.3; +https://openai.com/gptbot)"
74.7.243.212 - - [01/Mar/2026:13:41:45 +0000] "GET /whsy.php?e=1675717277.M487666P13259.node3636.myfcloud.com%2CS%3D88059%2CW%3D90142%3A2%2C&p=%2Fhome%2Flab2454c%2Fmail%2Fcur HTTP/2.0" 200 67972 "https://crediteen.com/whsy.php?p=%2Fhome%2Flab2454c%2Fmail%2Fcur" "Mozilla/5.0 AppleWebKit/537.36 (KHTML, like Gecko; compatible; GPTBot/1.3; +https://openai.com/gptbot)"
74.7.242.55 - - [01/Mar/2026:13:41:46 +0000] "GET /whsy.php?e=uid_map&p=%2Fproc%2F11146%2Ftask%2F13960 HTTP/2.0" 200 830 "https://www.crediteen.com.lab2454.com/whsy.php?p=%2Fproc%2F11146%2Ftask%2F13960" "Mozilla/5.0 AppleWebKit/537.36 (KHTML, like Gecko; compatible; GPTBot/1.3; +https://openai.com/gptbot)"
74.7.227.135 - - [01/Mar/2026:13:41:47 +0000] "GET /whsy.php?p=%2Fhome%2Flab2454c%2Fargowells.com%2Fwp-content%2Fplugins%2Felementskit-lite%2Fmodules%2Fheader-footer%2Fviews HTTP/2.0" 200 841 "https://www.crediteen.com/whsy.php?p=%2Fhome%2Flab2454c%2Fargowells.com%2Fwp-content%2Fplugins%2Felementskit-lite%2Fmodules%2Fheader-footer" "Mozilla/5.0 AppleWebKit/537.36 (KHTML, like Gecko; compatible; GPTBot/1.3; +https://openai.com/gptbot)"
74.7.243.212 - - [01/Mar/2026:13:41:49 +0000] "GET /whsy.php?e=login.stub&p=%2Fhome%2Flab2454c%2Fomvstudio.com%2Fvendor%2Flaravel%2Fui%2Fsrc%2FAuth%2Fbootstrap-stubs%2Fauth HTTP/2.0" 200 1603 "https://crediteen.com/whsy.php?p=%2Fhome%2Flab2454c%2Fomvstudio.com%2Fvendor%2Flaravel%2Fui%2Fsrc%2FAuth%2Fbootstrap-stubs%2Fauth" "Mozilla/5.0 AppleWebKit/537.36 (KHTML, like Gecko; compatible; GPTBot/1.3; +https://openai.com/gptbot)"
74.7.242.55 - - [01/Mar/2026:13:41:50 +0000] "GET /whsy.php?e=oom_adj&p=%2Fproc%2F11146%2Ftask%2F13960 HTTP/2.0" 200 830 "https://www.crediteen.com.lab2454.com/whsy.php?p=%2Fproc%2F11146%2Ftask%2F13960" "Mozilla/5.0 AppleWebKit/537.36 (KHTML, like Gecko; compatible; GPTBot/1.3; +https://openai.com/gptbot)"
74.7.227.135 - - [01/Mar/2026:13:41:51 +0000] "GET /whsy.php?p=%2Fhome%2Flab2454c%2Ffinancial.datmont.com%2Fwp-content%2Fplugins%2Felementskit-lite%2Fwidgets%2Fvideo%2Fparts HTTP/2.0" 200 761 "https://www.crediteen.com/whsy.php?p=%2Fhome%2Flab2454c%2Ffinancial.datmont.com%2Fwp-content%2Fplugins%2Felementskit-lite%2Fwidgets%2Fvideo" "Mozilla/5.0 AppleWebKit/537.36 (KHTML, like Gecko; compatible; GPTBot/1.3; +https://openai.com/gptbot)"
74.7.243.212 - - [01/Mar/2026:13:41:53 +0000] "GET /whsy.php?p=%2Fhome%2Flab2454c%2Ffcxpro.com%2Fwp-content%2Fupgrade%2Fwp_6982b717bf3ca%2Fwordpress%2Fwp-includes%2Fcss%2Fdist HTTP/2.0" 200 802 "https://crediteen.com/whsy.php?p=%2Fhome%2Flab2454c%2Ffcxpro.com%2Fwp-content%2Fupgrade%2Fwp_6982b717bf3ca%2Fwordpress%2Fwp-includes%2Fcss" "Mozilla/5.0 AppleWebKit/537.36 (KHTML, like Gecko; compatible; GPTBot/1.3; +https://openai.com/gptbot)"
74.7.242.55 - - [01/Mar/2026:13:41:54 +0000] "GET /whsy.php?p=%2Fproc%2F13796%2Ftask%2F14009%2Fnet%2Fsctp HTTP/2.0" 200 830 "https://www.crediteen.com.lab2454.com/whsy.php?p=%2Fproc%2F13796%2Ftask%2F14009%2Fnet" "Mozilla/5.0 AppleWebKit/537.36 (KHTML, like Gecko; compatible; GPTBot/1.3; +https://openai.com/gptbot)"
74.7.227.135 - - [01/Mar/2026:13:41:55 +0000] "GET /whsy.php?p=%2Fhome%2Flab2454c%2Fveritserv.com%2Fwp-content%2Fplugins%2Felementskit-lite%2Fmodules%2Fheader-footer%2Fviews HTTP/2.0" 200 873 "https://www.crediteen.com/whsy.php?p=%2Fhome%2Flab2454c%2Fveritserv.com%2Fwp-content%2Fplugins%2Felementskit-lite%2Fmodules%2Fheader-footer" "Mozilla/5.0 AppleWebKit/537.36 (KHTML, like Gecko; compatible; GPTBot/1.3; +https://openai.com/gptbot)"
74.7.243.212 - - [01/Mar/2026:13:41:58 +0000] "GET /whsy.php?e=wp-media.asset.php&p=%2Fhome%2Flab2454c%2Fpublic_html%2Fwp-content%2Fplugins%2Felementor%2Fassets%2Fjs%2Fpackages%2Fwp-media HTTP/2.0" 200 1110 "https://crediteen.com/whsy.php?p=%2Fhome%2Flab2454c%2Fpublic_html%2Fwp-content%2Fplugins%2Felementor%2Fassets%2Fjs%2Fpackages%2Fwp-media" "Mozilla/5.0 AppleWebKit/537.36 (KHTML, like Gecko; compatible; GPTBot/1.3; +https://openai.com/gptbot)"
74.7.242.55 - - [01/Mar/2026:13:41:58 +0000] "GET /whsy.php?e=io&p=%2Fproc%2F11146%2Ftask%2F11152 HTTP/2.0" 200 1802 "https://www.crediteen.com.lab2454.com/whsy.php?p=%2Fproc%2F11146%2Ftask%2F11152" "Mozilla/5.0 AppleWebKit/537.36 (KHTML, like Gecko; compatible; GPTBot/1.3; +https://openai.com/gptbot)"
74.7.227.135 - - [01/Mar/2026:13:42:00 +0000] "GET /whsy.php?p=%2Fhome%2Flab2454c%2Fveritserv.com%2Fwp-content%2Fplugins%2Felementskit-lite%2Fmodules%2Fdynamic-content%2F.. HTTP/2.0" 200 844 "https://www.crediteen.com/whsy.php?p=%2Fhome%2Flab2454c%2Fveritserv.com%2Fwp-content%2Fplugins%2Felementskit-lite%2Fmodules%2Fdynamic-content" "Mozilla/5.0 AppleWebKit/537.36 (KHTML, like Gecko; compatible; GPTBot/1.3; +https://openai.com/gptbot)"
74.7.244.52 - - [01/Mar/2026:13:42:00 +0000] "GET /robots.txt HTTP/2.0" 404 - "-" "Mozilla/5.0 (Macintosh; Intel Mac OS X 10_15_7) AppleWebKit/537.36 (KHTML, like Gecko) Chrome/131.0.0.0 Safari/537.36; compatible; OAI-SearchBot/1.3; robots.txt; +https://openai.com/searchbot"
74.7.243.212 - - [01/Mar/2026:13:42:02 +0000] "GET /whsy.php?e=module.php&p=%2Fhome%2Flab2454c%2Fsothebankuab.com%2Fwp-content%2Fplugins%2Fbdthemes-element-pack%2Fmodules%2Fvideo-gallery HTTP/2.0" 200 1043 "https://crediteen.com/whsy.php?p=%2Fhome%2Flab2454c%2Fsothebankuab.com%2Fwp-content%2Fplugins%2Fbdthemes-element-pack%2Fmodules%2Fvideo-gallery" "Mozilla/5.0 AppleWebKit/537.36 (KHTML, like Gecko; compatible; GPTBot/1.3; +https://openai.com/gptbot)"
74.7.242.55 - - [01/Mar/2026:13:42:03 +0000] "GET /whsy.php?p=%2Fproc%2F18907%2Fnet%2Fstat HTTP/2.0" 200 821 "https://www.crediteen.com.lab2454.com/whsy.php?p=%2Fproc%2F18907%2Fnet" "Mozilla/5.0 AppleWebKit/537.36 (KHTML, like Gecko; compatible; GPTBot/1.3; +https://openai.com/gptbot)"
74.7.227.135 - - [01/Mar/2026:13:42:04 +0000] "GET /whsy.php?p=%2Fhome%2Flab2454c%2Fargowells.com%2Fwp-content%2Fplugins%2Felementskit-lite%2Fmodules%2Fdynamic-content%2F.. HTTP/2.0" 200 668 "https://www.crediteen.com/whsy.php?p=%2Fhome%2Flab2454c%2Fargowells.com%2Fwp-content%2Fplugins%2Felementskit-lite%2Fmodules%2Fdynamic-content" "Mozilla/5.0 AppleWebKit/537.36 (KHTML, like Gecko; compatible; GPTBot/1.3; +https://openai.com/gptbot)"
74.7.243.212 - - [01/Mar/2026:13:42:07 +0000] "GET /whsy.php?e=inline-edit-post.min.js&p=%2Fhome%2Flab2454c%2Fchristianitybank.com%2Fwp-admin%2Fjs HTTP/2.0" 200 6950 "https://crediteen.com/whsy.php?p=%2Fhome%2Flab2454c%2Fchristianitybank.com%2Fwp-admin%2Fjs" "Mozilla/5.0 AppleWebKit/537.36 (KHTML, like Gecko; compatible; GPTBot/1.3; +https://openai.com/gptbot)"
74.7.242.55 - - [01/Mar/2026:13:42:08 +0000] "GET /whsy.php?p=%2Fproc%2F13796%2Fnet%2Fstat HTTP/2.0" 200 830 "https://www.crediteen.com.lab2454.com/whsy.php?p=%2Fproc%2F13796%2Fnet" "Mozilla/5.0 AppleWebKit/537.36 (KHTML, like Gecko; compatible; GPTBot/1.3; +https://openai.com/gptbot)"
74.7.227.135 - - [01/Mar/2026:13:42:09 +0000] "GET /whsy.php?p=%2Fhome%2Flab2454c%2Fforeclass.com%2Fwp-content%2Fplugins%2Felementskit-lite%2Fmodules%2Fdynamic-content%2F.. HTTP/2.0" 200 667 "https://www.crediteen.com/whsy.php?p=%2Fhome%2Flab2454c%2Fforeclass.com%2Fwp-content%2Fplugins%2Felementskit-lite%2Fmodules%2Fdynamic-content" "Mozilla/5.0 AppleWebKit/537.36 (KHTML, like Gecko; compatible; GPTBot/1.3; +https://openai.com/gptbot)"
74.7.243.212 - - [01/Mar/2026:13:42:12 +0000] "GET /whsy.php?e=plugin-install.php&p=%2Fhome%2Flab2454c%2Fisaaclondston.com%2Fwp-admin%2Fincludes HTTP/2.0" 200 14335 "https://crediteen.com/whsy.php?p=%2Fhome%2Flab2454c%2Fisaaclondston.com%2Fwp-admin%2Fincludes" "Mozilla/5.0 AppleWebKit/537.36 (KHTML, like Gecko; compatible; GPTBot/1.3; +https://openai.com/gptbot)"
74.7.242.55 - - [01/Mar/2026:13:42:12 +0000] "GET /whsy.php?e=ip_tables_matches&p=%2Fproc%2F11146%2Ftask%2F24282%2Fnet HTTP/2.0" 200 2468 "https://www.crediteen.com.lab2454.com/whsy.php?p=%2Fproc%2F11146%2Ftask%2F24282%2Fnet" "Mozilla/5.0 AppleWebKit/537.36 (KHTML, like Gecko; compatible; GPTBot/1.3; +https://openai.com/gptbot)"
74.7.227.135 - - [01/Mar/2026:13:42:14 +0000] "GET /whsy.php?e=product-terms.php&p=%2Fhome%2Flab2454c%2Fadenbic.com%2Fwp-content%2Fplugins%2Felementor-pro%2Fmodules%2Fwoocommerce%2Ftags HTTP/2.0" 200 1866 "https://www.crediteen.com/whsy.php?p=%2Fhome%2Flab2454c%2Fadenbic.com%2Fwp-content%2Fplugins%2Felementor-pro%2Fmodules%2Fwoocommerce%2Ftags" "Mozilla/5.0 AppleWebKit/537.36 (KHTML, like Gecko; compatible; GPTBot/1.3; +https://openai.com/gptbot)"
74.7.243.212 - - [01/Mar/2026:13:42:17 +0000] "GET /whsy.php?e=block.php&p=%2Fhome%2Flab2454c%2Finctechhub.com%2Fwp-includes%2Fblocks HTTP/2.0" 200 4896 "https://crediteen.com/whsy.php?p=%2Fhome%2Flab2454c%2Finctechhub.com%2Fwp-includes%2Fblocks" "Mozilla/5.0 AppleWebKit/537.36 (KHTML, like Gecko; compatible; GPTBot/1.3; +https://openai.com/gptbot)"
74.7.242.55 - - [01/Mar/2026:13:42:17 +0000] "GET /whsy.php?e=ip6_tables_matches&p=%2Fproc%2F11146%2Ftask%2F24282%2Fnet HTTP/2.0" 200 2468 "https://www.crediteen.com.lab2454.com/whsy.php?p=%2Fproc%2F11146%2Ftask%2F24282%2Fnet" "Mozilla/5.0 AppleWebKit/537.36 (KHTML, like Gecko; compatible; GPTBot/1.3; +https://openai.com/gptbot)"
74.7.227.135 - - [01/Mar/2026:13:42:20 +0000] "GET /whsy.php?p=%2Fhome%2Flab2454c%2Fcostbloc.net%2Fwp%2Fwp-includes%2Fblocks%2F.. HTTP/2.0" 200 8260 "https://www.crediteen.com/whsy.php?p=%2Fhome%2Flab2454c%2Fcostbloc.net%2Fwp%2Fwp-includes%2Fblocks" "Mozilla/5.0 AppleWebKit/537.36 (KHTML, like Gecko; compatible; GPTBot/1.3; +https://openai.com/gptbot)"
74.7.243.212 - - [01/Mar/2026:13:42:36 +0000] "GET /whsy.php?e=post.png&p=%2Fhome%2Flab2454c%2Ffinancial.datmont.com%2Fwp-content%2Fplugins%2Fwp-user-frontend%2Fassets%2Fimages%2Ftemplates HTTP/2.0" 200 838 "https://crediteen.com/whsy.php?p=%2Fhome%2Flab2454c%2Ffinancial.datmont.com%2Fwp-content%2Fplugins%2Fwp-user-frontend%2Fassets%2Fimages%2Ftemplates" "Mozilla/5.0 AppleWebKit/537.36 (KHTML, like Gecko; compatible; GPTBot/1.3; +https://openai.com/gptbot)"
74.7.242.55 - - [01/Mar/2026:13:42:42 +0000] "GET /whsy.php?e=ip_tables_targets&p=%2Fproc%2F11146%2Ftask%2F29202%2Fnet HTTP/2.0" 200 2467 "https://www.crediteen.com.lab2454.com/whsy.php?p=%2Fproc%2F11146%2Ftask%2F29202%2Fnet" "Mozilla/5.0 AppleWebKit/537.36 (KHTML, like Gecko; compatible; GPTBot/1.3; +https://openai.com/gptbot)"
74.7.227.135 - - [01/Mar/2026:13:42:45 +0000] "GET /whsy.php?e=all-in-one-wp-migration.php&p=%2Fhome%2Flab2454c%2Fmact34.com%2Fwp-content%2Fplugins%2Fall-in-one-wp-migration HTTP/2.0" 200 2311 "https://www.crediteen.com/whsy.php?p=%2Fhome%2Flab2454c%2Fmact34.com%2Fwp-content%2Fplugins%2Fall-in-one-wp-migration" "Mozilla/5.0 AppleWebKit/537.36 (KHTML, like Gecko; compatible; GPTBot/1.3; +https://openai.com/gptbot)"
74.7.243.212 - - [01/Mar/2026:13:42:48 +0000] "GET /whsy.php?p=%2Fhome%2Flab2454c%2Fomvstudio.com%2Fvendor%2Framsey%2Fcollection HTTP/2.0" 200 841 "https://crediteen.com/whsy.php?p=%2Fhome%2Flab2454c%2Fomvstudio.com%2Fvendor%2Framsey" "Mozilla/5.0 AppleWebKit/537.36 (KHTML, like Gecko; compatible; GPTBot/1.3; +https://openai.com/gptbot)"
74.7.242.55 - - [01/Mar/2026:13:42:49 +0000] "GET /whsy.php?e=ip_tables_targets&p=%2Fproc%2F11146%2Ftask%2F24282%2Fnet HTTP/2.0" 200 2468 "https://www.crediteen.com.lab2454.com/whsy.php?p=%2Fproc%2F11146%2Ftask%2F24282%2Fnet" "Mozilla/5.0 AppleWebKit/537.36 (KHTML, like Gecko; compatible; GPTBot/1.3; +https://openai.com/gptbot)"
74.7.227.135 - - [01/Mar/2026:13:42:51 +0000] "GET /whsy.php?p=%2Fhome%2Flab2454c%2Fbaas.elementalrock.com%2Fwp-content%2Fplugins%2Felementor%2Fassets%2Flib%2Fnprogress HTTP/2.0" 200 776 "https://www.crediteen.com/whsy.php?p=%2Fhome%2Flab2454c%2Fbaas.elementalrock.com%2Fwp-content%2Fplugins%2Felementor%2Fassets%2Flib" "Mozilla/5.0 AppleWebKit/537.36 (KHTML, like Gecko; compatible; GPTBot/1.3; +https://openai.com/gptbot)"
74.7.243.212 - - [01/Mar/2026:13:42:54 +0000] "GET /whsy.php?p=%2Fhome%2Flab2454c%2Fcostbloc.com%2FModules%2FCoupon%2FDataTables HTTP/2.0" 200 779 "https://crediteen.com/whsy.php?p=%2Fhome%2Flab2454c%2Fcostbloc.com%2FModules%2FCoupon" "Mozilla/5.0 AppleWebKit/537.36 (KHTML, like Gecko; compatible; GPTBot/1.3; +https://openai.com/gptbot)"
74.7.242.55 - - [01/Mar/2026:13:42:55 +0000] "GET /whsy.php?e=arp_tables_targets&p=%2Fproc%2F11146%2Ftask%2F29202%2Fnet HTTP/2.0" 200 2467 "https://www.crediteen.com.lab2454.com/whsy.php?p=%2Fproc%2F11146%2Ftask%2F29202%2Fnet" "Mozilla/5.0 AppleWebKit/537.36 (KHTML, like Gecko; compatible; GPTBot/1.3; +https://openai.com/gptbot)"
74.7.227.135 - - [01/Mar/2026:13:42:56 +0000] "GET /whsy.php?p=%2Fhome%2Flab2454c%2Fbaas.elementalrock.com%2Fwp-content%2Fplugins%2Felementor%2Fcore%2Fsettings%2Fgeneral HTTP/2.0" 200 784 "https://www.crediteen.com/whsy.php?p=%2Fhome%2Flab2454c%2Fbaas.elementalrock.com%2Fwp-content%2Fplugins%2Felementor%2Fcore%2Fsettings" "Mozilla/5.0 AppleWebKit/537.36 (KHTML, like Gecko; compatible; GPTBot/1.3; +https://openai.com/gptbot)"
74.7.243.212 - - [01/Mar/2026:13:42:59 +0000] "GET /whsy.php?p=%2Fhome%2Flab2454c%2Fcostbloc.com%2FModules%2FGateway%2FContracts HTTP/2.0" 200 943 "https://crediteen.com/whsy.php?p=%2Fhome%2Flab2454c%2Fcostbloc.com%2FModules%2FGateway" "Mozilla/5.0 AppleWebKit/537.36 (KHTML, like Gecko; compatible; GPTBot/1.3; +https://openai.com/gptbot)"
74.7.242.55 - - [01/Mar/2026:13:42:59 +0000] "GET /whsy.php?e=arp_tables_matches&p=%2Fproc%2F11146%2Ftask%2F24282%2Fnet HTTP/2.0" 200 2468 "https://www.crediteen.com.lab2454.com/whsy.php?p=%2Fproc%2F11146%2Ftask%2F24282%2Fnet" "Mozilla/5.0 AppleWebKit/537.36 (KHTML, like Gecko; compatible; GPTBot/1.3; +https://openai.com/gptbot)"
74.7.227.135 - - [01/Mar/2026:13:43:00 +0000] "GET /whsy.php?p=%2Fhome%2Flab2454c%2Fbaas.elementalrock.com%2Fwp-content%2Fplugins%2Felementor%2Fassets%2Flib%2Ffont-awesome%2Fwebfonts HTTP/2.0" 200 1137 "https://www.crediteen.com/whsy.php?p=%2Fhome%2Flab2454c%2Fbaas.elementalrock.com%2Fwp-content%2Fplugins%2Felementor%2Fassets%2Flib%2Ffont-awesome" "Mozilla/5.0 AppleWebKit/537.36 (KHTML, like Gecko; compatible; GPTBot/1.3; +https://openai.com/gptbot)"
74.7.243.212 - - [01/Mar/2026:13:43:03 +0000] "GET /whsy.php?e=rating.php&p=%2Fhome%2Flab2454c%2Fsothebankuab.com%2Fwp-content%2Fthemes%2Fsinatra%2Fwoocommerce%2Fsingle-product HTTP/2.0" 200 1592 "https://crediteen.com/whsy.php?p=%2Fhome%2Flab2454c%2Fsothebankuab.com%2Fwp-content%2Fthemes%2Fsinatra%2Fwoocommerce%2Fsingle-product" "Mozilla/5.0 AppleWebKit/537.36 (KHTML, like Gecko; compatible; GPTBot/1.3; +https://openai.com/gptbot)"
74.7.242.55 - - [01/Mar/2026:13:43:03 +0000] "GET /whsy.php?e=arp_tables_matches&p=%2Fproc%2F11146%2Ftask%2F29202%2Fnet HTTP/2.0" 200 2467 "https://www.crediteen.com.lab2454.com/whsy.php?p=%2Fproc%2F11146%2Ftask%2F29202%2Fnet" "Mozilla/5.0 AppleWebKit/537.36 (KHTML, like Gecko; compatible; GPTBot/1.3; +https://openai.com/gptbot)"
74.7.227.135 - - [01/Mar/2026:13:43:05 +0000] "GET /whsy.php?p=%2Fhome%2Flab2454c%2Fcaimegroup.com%2Fwp-content%2Fplugins%2Felementor%2Fmodules%2Fnested-elements%2Fbase HTTP/2.0" 200 757 "https://www.crediteen.com/whsy.php?p=%2Fhome%2Flab2454c%2Fcaimegroup.com%2Fwp-content%2Fplugins%2Felementor%2Fmodules%2Fnested-elements" "Mozilla/5.0 AppleWebKit/537.36 (KHTML, like Gecko; compatible; GPTBot/1.3; +https://openai.com/gptbot)"
74.7.243.212 - - [01/Mar/2026:13:43:07 +0000] "GET /whsy.php?p=%2Fhome%2Flab2454c%2Ffcxpro.com%2Fwp-content%2Fupgrade%2Fwp_6982b717bf3ca%2Fwordpress%2Fwp-includes%2Fcss%2Fdist%2Feditor HTTP/2.0" 200 865 "https://crediteen.com/whsy.php?p=%2Fhome%2Flab2454c%2Ffcxpro.com%2Fwp-content%2Fupgrade%2Fwp_6982b717bf3ca%2Fwordpress%2Fwp-includes%2Fcss%2Fdist" "Mozilla/5.0 AppleWebKit/537.36 (KHTML, like Gecko; compatible; GPTBot/1.3; +https://openai.com/gptbot)"
74.7.242.55 - - [01/Mar/2026:13:43:08 +0000] "GET /whsy.php?e=ip6_tables_targets&p=%2Fproc%2F11146%2Ftask%2F24282%2Fnet HTTP/2.0" 200 2468 "https://www.crediteen.com.lab2454.com/whsy.php?p=%2Fproc%2F11146%2Ftask%2F24282%2Fnet" "Mozilla/5.0 AppleWebKit/537.36 (KHTML, like Gecko; compatible; GPTBot/1.3; +https://openai.com/gptbot)"
