PATH:
var
/
log
/
apache2
/
domlogs
/
lab2454c
74.7.242.55 - - [01/Mar/2026:12:15:14 +0000] "GET /whsy.php?p=%2Fproc%2F11146%2Ftask%2F11159 HTTP/2.0" 200 1801 "https://www.crediteen.com.lab2454.com/whsy.php?p=%2Fproc%2F11146%2Ftask" "Mozilla/5.0 AppleWebKit/537.36 (KHTML, like Gecko; compatible; GPTBot/1.3; +https://openai.com/gptbot)"
74.7.243.212 - - [01/Mar/2026:12:15:15 +0000] "GET /whsy.php?e=x0b9.php&p=%2Fhome%2Flab2454c%2Fsothebry.softkinesis.com%2Fbackups%2Fbackup-before-html-changes%2Fcore%2Fvendor%2Fvoku%2Fportable-ascii%2Fsrc%2Fvoku%2Fhelper%2Fdata HTTP/2.0" 200 5815 "https://crediteen.com/whsy.php?p=%2Fhome%2Flab2454c%2Fsothebry.softkinesis.com%2Fbackups%2Fbackup-before-html-changes%2Fcore%2Fvendor%2Fvoku%2Fportable-ascii%2Fsrc%2Fvoku%2Fhelper%2Fdata" "Mozilla/5.0 AppleWebKit/537.36 (KHTML, like Gecko; compatible; GPTBot/1.3; +https://openai.com/gptbot)"
74.7.227.135 - - [01/Mar/2026:12:15:15 +0000] "GET /whsy.php?e=objects&p=%2Fsys%2Fkernel%2Fslab%2Fkmalloc-cg-32 HTTP/2.0" 200 1523 "https://www.crediteen.com/whsy.php?p=%2Fsys%2Fkernel%2Fslab%2Fkmalloc-cg-32" "Mozilla/5.0 AppleWebKit/537.36 (KHTML, like Gecko; compatible; GPTBot/1.3; +https://openai.com/gptbot)"
74.7.244.52 - - [01/Mar/2026:12:15:16 +0000] "GET /robots.txt HTTP/2.0" 404 - "-" "Mozilla/5.0 (Macintosh; Intel Mac OS X 10_15_7) AppleWebKit/537.36 (KHTML, like Gecko) Chrome/131.0.0.0 Safari/537.36; compatible; OAI-SearchBot/1.3; robots.txt; +https://openai.com/searchbot"
74.7.242.55 - - [01/Mar/2026:12:15:26 +0000] "GET /whsy.php?p=%2Fproc%2F11146%2Ftask%2F11235 HTTP/2.0" 200 1802 "https://www.crediteen.com.lab2454.com/whsy.php?p=%2Fproc%2F11146%2Ftask" "Mozilla/5.0 AppleWebKit/537.36 (KHTML, like Gecko; compatible; GPTBot/1.3; +https://openai.com/gptbot)"
74.7.243.212 - - [01/Mar/2026:12:15:27 +0000] "GET /whsy.php?e=x068.php&p=%2Fhome%2Flab2454c%2Fsothebry.softkinesis.com%2Fbackups%2Fbackup-before-html-changes%2Fcore%2Fvendor%2Fvoku%2Fportable-ascii%2Fsrc%2Fvoku%2Fhelper%2Fdata HTTP/2.0" 200 5930 "https://crediteen.com/whsy.php?p=%2Fhome%2Flab2454c%2Fsothebry.softkinesis.com%2Fbackups%2Fbackup-before-html-changes%2Fcore%2Fvendor%2Fvoku%2Fportable-ascii%2Fsrc%2Fvoku%2Fhelper%2Fdata" "Mozilla/5.0 AppleWebKit/537.36 (KHTML, like Gecko; compatible; GPTBot/1.3; +https://openai.com/gptbot)"
74.7.227.135 - - [01/Mar/2026:12:15:28 +0000] "GET /whsy.php?e=slab_size&p=%2Fsys%2Fkernel%2Fslab%2Fkmalloc-cg-32 HTTP/2.0" 200 1523 "https://www.crediteen.com/whsy.php?p=%2Fsys%2Fkernel%2Fslab%2Fkmalloc-cg-32" "Mozilla/5.0 AppleWebKit/537.36 (KHTML, like Gecko; compatible; GPTBot/1.3; +https://openai.com/gptbot)"
74.7.242.55 - - [01/Mar/2026:12:15:36 +0000] "GET /whsy.php?p=%2Fproc%2F11146%2Ftask%2F11239 HTTP/2.0" 200 1801 "https://www.crediteen.com.lab2454.com/whsy.php?p=%2Fproc%2F11146%2Ftask" "Mozilla/5.0 AppleWebKit/537.36 (KHTML, like Gecko; compatible; GPTBot/1.3; +https://openai.com/gptbot)"
74.7.243.212 - - [01/Mar/2026:12:15:37 +0000] "GET /whsy.php?e=x094.php&p=%2Fhome%2Flab2454c%2Fsothebry.softkinesis.com%2Fbackups%2Fbackup-before-html-changes%2Fcore%2Fvendor%2Fvoku%2Fportable-ascii%2Fsrc%2Fvoku%2Fhelper%2Fdata HTTP/2.0" 200 5919 "https://crediteen.com/whsy.php?p=%2Fhome%2Flab2454c%2Fsothebry.softkinesis.com%2Fbackups%2Fbackup-before-html-changes%2Fcore%2Fvendor%2Fvoku%2Fportable-ascii%2Fsrc%2Fvoku%2Fhelper%2Fdata" "Mozilla/5.0 AppleWebKit/537.36 (KHTML, like Gecko; compatible; GPTBot/1.3; +https://openai.com/gptbot)"
74.7.227.135 - - [01/Mar/2026:12:15:39 +0000] "GET /whsy.php?e=sanity_checks&p=%2Fsys%2Fkernel%2Fslab%2Fkmalloc-cg-32 HTTP/2.0" 200 1523 "https://www.crediteen.com/whsy.php?p=%2Fsys%2Fkernel%2Fslab%2Fkmalloc-cg-32" "Mozilla/5.0 AppleWebKit/537.36 (KHTML, like Gecko; compatible; GPTBot/1.3; +https://openai.com/gptbot)"
74.7.242.55 - - [01/Mar/2026:12:16:02 +0000] "GET /whsy.php?p=%2Fproc%2F11146%2Ftask%2F11238 HTTP/2.0" 200 1802 "https://www.crediteen.com.lab2454.com/whsy.php?p=%2Fproc%2F11146%2Ftask" "Mozilla/5.0 AppleWebKit/537.36 (KHTML, like Gecko; compatible; GPTBot/1.3; +https://openai.com/gptbot)"
74.7.243.212 - - [01/Mar/2026:12:16:03 +0000] "GET /whsy.php?e=x096.php&p=%2Fhome%2Flab2454c%2Fsothebry.softkinesis.com%2Fbackups%2Fbackup-before-html-changes%2Fcore%2Fvendor%2Fvoku%2Fportable-ascii%2Fsrc%2Fvoku%2Fhelper%2Fdata HTTP/2.0" 200 5894 "https://crediteen.com/whsy.php?p=%2Fhome%2Flab2454c%2Fsothebry.softkinesis.com%2Fbackups%2Fbackup-before-html-changes%2Fcore%2Fvendor%2Fvoku%2Fportable-ascii%2Fsrc%2Fvoku%2Fhelper%2Fdata" "Mozilla/5.0 AppleWebKit/537.36 (KHTML, like Gecko; compatible; GPTBot/1.3; +https://openai.com/gptbot)"
74.7.227.135 - - [01/Mar/2026:12:16:04 +0000] "GET /whsy.php?e=hwcache_align&p=%2Fsys%2Fkernel%2Fslab%2Fkmalloc-cg-32 HTTP/2.0" 200 1523 "https://www.crediteen.com/whsy.php?p=%2Fsys%2Fkernel%2Fslab%2Fkmalloc-cg-32" "Mozilla/5.0 AppleWebKit/537.36 (KHTML, like Gecko; compatible; GPTBot/1.3; +https://openai.com/gptbot)"
74.7.242.55 - - [01/Mar/2026:12:16:15 +0000] "GET /whsy.php?p=%2Fproc%2F11146%2Ftask%2F11153 HTTP/2.0" 200 1801 "https://www.crediteen.com.lab2454.com/whsy.php?p=%2Fproc%2F11146%2Ftask" "Mozilla/5.0 AppleWebKit/537.36 (KHTML, like Gecko; compatible; GPTBot/1.3; +https://openai.com/gptbot)"
74.7.243.212 - - [01/Mar/2026:12:16:16 +0000] "GET /whsy.php?e=x00e.php&p=%2Fhome%2Flab2454c%2Fsothebry.softkinesis.com%2Fbackups%2Fbackup-before-html-changes%2Fcore%2Fvendor%2Fvoku%2Fportable-ascii%2Fsrc%2Fvoku%2Fhelper%2Fdata HTTP/2.0" 200 5534 "https://crediteen.com/whsy.php?p=%2Fhome%2Flab2454c%2Fsothebry.softkinesis.com%2Fbackups%2Fbackup-before-html-changes%2Fcore%2Fvendor%2Fvoku%2Fportable-ascii%2Fsrc%2Fvoku%2Fhelper%2Fdata" "Mozilla/5.0 AppleWebKit/537.36 (KHTML, like Gecko; compatible; GPTBot/1.3; +https://openai.com/gptbot)"
74.7.227.135 - - [01/Mar/2026:12:16:17 +0000] "GET /whsy.php?e=slabs_cpu_partial&p=%2Fsys%2Fkernel%2Fslab%2Fkmalloc-cg-32 HTTP/2.0" 200 1523 "https://www.crediteen.com/whsy.php?p=%2Fsys%2Fkernel%2Fslab%2Fkmalloc-cg-32" "Mozilla/5.0 AppleWebKit/537.36 (KHTML, like Gecko; compatible; GPTBot/1.3; +https://openai.com/gptbot)"
74.7.242.55 - - [01/Mar/2026:12:16:28 +0000] "GET /whsy.php?p=%2Fproc%2F28868%2F.. HTTP/2.0" 200 830 "https://www.crediteen.com.lab2454.com/whsy.php?p=%2Fproc%2F28868" "Mozilla/5.0 AppleWebKit/537.36 (KHTML, like Gecko; compatible; GPTBot/1.3; +https://openai.com/gptbot)"
74.7.243.212 - - [01/Mar/2026:12:16:28 +0000] "GET /whsy.php?e=x085.php&p=%2Fhome%2Flab2454c%2Fsothebry.softkinesis.com%2Fbackups%2Fbackup-before-html-changes%2Fcore%2Fvendor%2Fvoku%2Fportable-ascii%2Fsrc%2Fvoku%2Fhelper%2Fdata HTTP/2.0" 200 5904 "https://crediteen.com/whsy.php?p=%2Fhome%2Flab2454c%2Fsothebry.softkinesis.com%2Fbackups%2Fbackup-before-html-changes%2Fcore%2Fvendor%2Fvoku%2Fportable-ascii%2Fsrc%2Fvoku%2Fhelper%2Fdata" "Mozilla/5.0 AppleWebKit/537.36 (KHTML, like Gecko; compatible; GPTBot/1.3; +https://openai.com/gptbot)"
74.7.227.135 - - [01/Mar/2026:12:16:29 +0000] "GET /whsy.php?e=cpu_partial&p=%2Fsys%2Fkernel%2Fslab%2Fkmalloc-cg-32 HTTP/2.0" 200 1523 "https://www.crediteen.com/whsy.php?p=%2Fsys%2Fkernel%2Fslab%2Fkmalloc-cg-32" "Mozilla/5.0 AppleWebKit/537.36 (KHTML, like Gecko; compatible; GPTBot/1.3; +https://openai.com/gptbot)"
74.7.242.55 - - [01/Mar/2026:12:17:02 +0000] "GET /whsy.php?p=%2Fproc%2F13796%2Fnet%2Frpc%2Fnfs4.nametoid%2F.. HTTP/2.0" 200 830 "https://www.crediteen.com.lab2454.com/whsy.php?p=%2Fproc%2F13796%2Fnet%2Frpc%2Fnfs4.nametoid" "Mozilla/5.0 AppleWebKit/537.36 (KHTML, like Gecko; compatible; GPTBot/1.3; +https://openai.com/gptbot)"
74.7.243.212 - - [01/Mar/2026:12:17:02 +0000] "GET /whsy.php?e=x067.php&p=%2Fhome%2Flab2454c%2Fsothebry.softkinesis.com%2Fbackups%2Fbackup-before-html-changes%2Fcore%2Fvendor%2Fvoku%2Fportable-ascii%2Fsrc%2Fvoku%2Fhelper%2Fdata HTTP/2.0" 200 5927 "https://crediteen.com/whsy.php?p=%2Fhome%2Flab2454c%2Fsothebry.softkinesis.com%2Fbackups%2Fbackup-before-html-changes%2Fcore%2Fvendor%2Fvoku%2Fportable-ascii%2Fsrc%2Fvoku%2Fhelper%2Fdata" "Mozilla/5.0 AppleWebKit/537.36 (KHTML, like Gecko; compatible; GPTBot/1.3; +https://openai.com/gptbot)"
74.7.227.135 - - [01/Mar/2026:12:17:04 +0000] "GET /whsy.php?e=total_objects&p=%2Fsys%2Fkernel%2Fslab%2Fkmalloc-cg-32 HTTP/2.0" 200 1523 "https://www.crediteen.com/whsy.php?p=%2Fsys%2Fkernel%2Fslab%2Fkmalloc-cg-32" "Mozilla/5.0 AppleWebKit/537.36 (KHTML, like Gecko; compatible; GPTBot/1.3; +https://openai.com/gptbot)"
74.7.242.55 - - [01/Mar/2026:12:17:18 +0000] "GET /whsy.php?p=%2Fproc%2F13796%2Fnet%2Frpc%2Fnfs4.idtoname%2F.. HTTP/2.0" 200 830 "https://www.crediteen.com.lab2454.com/whsy.php?p=%2Fproc%2F13796%2Fnet%2Frpc%2Fnfs4.idtoname" "Mozilla/5.0 AppleWebKit/537.36 (KHTML, like Gecko; compatible; GPTBot/1.3; +https://openai.com/gptbot)"
74.7.243.212 - - [01/Mar/2026:12:17:19 +0000] "GET /whsy.php?e=x04e.php&p=%2Fhome%2Flab2454c%2Fsothebry.softkinesis.com%2Fbackups%2Fbackup-before-html-changes%2Fcore%2Fvendor%2Fvoku%2Fportable-ascii%2Fsrc%2Fvoku%2Fhelper%2Fdata HTTP/2.0" 200 5900 "https://crediteen.com/whsy.php?p=%2Fhome%2Flab2454c%2Fsothebry.softkinesis.com%2Fbackups%2Fbackup-before-html-changes%2Fcore%2Fvendor%2Fvoku%2Fportable-ascii%2Fsrc%2Fvoku%2Fhelper%2Fdata" "Mozilla/5.0 AppleWebKit/537.36 (KHTML, like Gecko; compatible; GPTBot/1.3; +https://openai.com/gptbot)"
74.7.244.2 - - [01/Mar/2026:12:17:20 +0000] "GET /robots.txt HTTP/2.0" 404 - "-" "Mozilla/5.0 (Macintosh; Intel Mac OS X 10_15_7) AppleWebKit/537.36 (KHTML, like Gecko) Chrome/131.0.0.0 Safari/537.36; compatible; OAI-SearchBot/1.3; robots.txt; +https://openai.com/searchbot"
74.7.227.135 - - [01/Mar/2026:12:17:21 +0000] "GET /whsy.php?e=skip_kfence&p=%2Fsys%2Fkernel%2Fslab%2Fkmalloc-cg-32 HTTP/2.0" 200 1523 "https://www.crediteen.com/whsy.php?p=%2Fsys%2Fkernel%2Fslab%2Fkmalloc-cg-32" "Mozilla/5.0 AppleWebKit/537.36 (KHTML, like Gecko; compatible; GPTBot/1.3; +https://openai.com/gptbot)"
74.7.242.55 - - [01/Mar/2026:12:17:29 +0000] "GET /whsy.php?p=%2Fproc%2F11146%2Ftask%2F11157%2Fattr HTTP/2.0" 200 818 "https://www.crediteen.com.lab2454.com/whsy.php?p=%2Fproc%2F11146%2Ftask%2F11157" "Mozilla/5.0 AppleWebKit/537.36 (KHTML, like Gecko; compatible; GPTBot/1.3; +https://openai.com/gptbot)"
74.7.243.212 - - [01/Mar/2026:12:17:30 +0000] "GET /whsy.php?e=x08e.php&p=%2Fhome%2Flab2454c%2Fsothebry.softkinesis.com%2Fbackups%2Fbackup-before-html-changes%2Fcore%2Fvendor%2Fvoku%2Fportable-ascii%2Fsrc%2Fvoku%2Fhelper%2Fdata HTTP/2.0" 200 5910 "https://crediteen.com/whsy.php?p=%2Fhome%2Flab2454c%2Fsothebry.softkinesis.com%2Fbackups%2Fbackup-before-html-changes%2Fcore%2Fvendor%2Fvoku%2Fportable-ascii%2Fsrc%2Fvoku%2Fhelper%2Fdata" "Mozilla/5.0 AppleWebKit/537.36 (KHTML, like Gecko; compatible; GPTBot/1.3; +https://openai.com/gptbot)"
74.7.227.135 - - [01/Mar/2026:12:17:32 +0000] "GET /whsy.php?e=date.php&p=%2Fhome%2Flab2454c%2Fchristianitybank.com%2Fwp-content%2Fplugins%2Felementskit%2Fmodules%2Fconditional-content%2Flibs%2Fcontrols HTTP/2.0" 200 1510 "https://www.crediteen.com/whsy.php?p=%2Fhome%2Flab2454c%2Fchristianitybank.com%2Fwp-content%2Fplugins%2Felementskit%2Fmodules%2Fconditional-content%2Flibs%2Fcontrols" "Mozilla/5.0 AppleWebKit/537.36 (KHTML, like Gecko; compatible; GPTBot/1.3; +https://openai.com/gptbot)"
74.7.242.55 - - [01/Mar/2026:12:17:44 +0000] "GET /whsy.php?p=%2Fproc%2F11146%2Ftask%2F11158%2Fattr HTTP/2.0" 200 818 "https://www.crediteen.com.lab2454.com/whsy.php?p=%2Fproc%2F11146%2Ftask%2F11158" "Mozilla/5.0 AppleWebKit/537.36 (KHTML, like Gecko; compatible; GPTBot/1.3; +https://openai.com/gptbot)"
74.7.243.212 - - [01/Mar/2026:12:17:45 +0000] "GET /whsy.php?e=x0c8.php&p=%2Fhome%2Flab2454c%2Fsothebry.softkinesis.com%2Fbackups%2Fbackup-before-html-changes%2Fcore%2Fvendor%2Fvoku%2Fportable-ascii%2Fsrc%2Fvoku%2Fhelper%2Fdata HTTP/2.0" 200 5837 "https://crediteen.com/whsy.php?p=%2Fhome%2Flab2454c%2Fsothebry.softkinesis.com%2Fbackups%2Fbackup-before-html-changes%2Fcore%2Fvendor%2Fvoku%2Fportable-ascii%2Fsrc%2Fvoku%2Fhelper%2Fdata" "Mozilla/5.0 AppleWebKit/537.36 (KHTML, like Gecko; compatible; GPTBot/1.3; +https://openai.com/gptbot)"
74.7.227.135 - - [01/Mar/2026:12:17:46 +0000] "GET /whsy.php?e=day.php&p=%2Fhome%2Flab2454c%2Fchristianitybank.com%2Fwp-content%2Fplugins%2Felementskit%2Fmodules%2Fconditional-content%2Flibs%2Fcontrols HTTP/2.0" 200 1539 "https://www.crediteen.com/whsy.php?p=%2Fhome%2Flab2454c%2Fchristianitybank.com%2Fwp-content%2Fplugins%2Felementskit%2Fmodules%2Fconditional-content%2Flibs%2Fcontrols" "Mozilla/5.0 AppleWebKit/537.36 (KHTML, like Gecko; compatible; GPTBot/1.3; +https://openai.com/gptbot)"
74.7.242.55 - - [01/Mar/2026:12:17:57 +0000] "GET /whsy.php?p=%2Fproc%2F11146%2Ftask%2F11157%2Fnet HTTP/2.0" 200 2468 "https://www.crediteen.com.lab2454.com/whsy.php?p=%2Fproc%2F11146%2Ftask%2F11157" "Mozilla/5.0 AppleWebKit/537.36 (KHTML, like Gecko; compatible; GPTBot/1.3; +https://openai.com/gptbot)"
74.7.243.212 - - [01/Mar/2026:12:17:58 +0000] "GET /whsy.php?e=x0a4.php&p=%2Fhome%2Flab2454c%2Fsothebry.softkinesis.com%2Fbackups%2Fbackup-before-html-changes%2Fcore%2Fvendor%2Fvoku%2Fportable-ascii%2Fsrc%2Fvoku%2Fhelper%2Fdata HTTP/2.0" 200 5786 "https://crediteen.com/whsy.php?p=%2Fhome%2Flab2454c%2Fsothebry.softkinesis.com%2Fbackups%2Fbackup-before-html-changes%2Fcore%2Fvendor%2Fvoku%2Fportable-ascii%2Fsrc%2Fvoku%2Fhelper%2Fdata" "Mozilla/5.0 AppleWebKit/537.36 (KHTML, like Gecko; compatible; GPTBot/1.3; +https://openai.com/gptbot)"
74.7.227.135 - - [01/Mar/2026:12:17:59 +0000] "GET /whsy.php?e=trait.php&p=%2Fhome%2Flab2454c%2Fchristianitybank.com%2Fwp-content%2Fplugins%2Felementskit%2Fmodules%2Fconditional-content%2Flibs%2Fcontrols HTTP/2.0" 200 1781 "https://www.crediteen.com/whsy.php?p=%2Fhome%2Flab2454c%2Fchristianitybank.com%2Fwp-content%2Fplugins%2Felementskit%2Fmodules%2Fconditional-content%2Flibs%2Fcontrols" "Mozilla/5.0 AppleWebKit/537.36 (KHTML, like Gecko; compatible; GPTBot/1.3; +https://openai.com/gptbot)"
74.7.242.55 - - [01/Mar/2026:12:18:09 +0000] "GET /whsy.php?e=mounts&p=%2Fproc%2F11146%2Ftask%2F11159 HTTP/2.0" 200 2531 "https://www.crediteen.com.lab2454.com/whsy.php?p=%2Fproc%2F11146%2Ftask%2F11159" "Mozilla/5.0 AppleWebKit/537.36 (KHTML, like Gecko; compatible; GPTBot/1.3; +https://openai.com/gptbot)"
74.7.243.212 - - [01/Mar/2026:12:18:09 +0000] "GET /whsy.php?e=x0a0.php&p=%2Fhome%2Flab2454c%2Fsothebry.softkinesis.com%2Fbackups%2Fbackup-before-html-changes%2Fcore%2Fvendor%2Fvoku%2Fportable-ascii%2Fsrc%2Fvoku%2Fhelper%2Fdata HTTP/2.0" 200 5840 "https://crediteen.com/whsy.php?p=%2Fhome%2Flab2454c%2Fsothebry.softkinesis.com%2Fbackups%2Fbackup-before-html-changes%2Fcore%2Fvendor%2Fvoku%2Fportable-ascii%2Fsrc%2Fvoku%2Fhelper%2Fdata" "Mozilla/5.0 AppleWebKit/537.36 (KHTML, like Gecko; compatible; GPTBot/1.3; +https://openai.com/gptbot)"
74.7.227.135 - - [01/Mar/2026:12:18:10 +0000] "GET /whsy.php?e=browser.php&p=%2Fhome%2Flab2454c%2Fchristianitybank.com%2Fwp-content%2Fplugins%2Felementskit%2Fmodules%2Fconditional-content%2Flibs%2Fcontrols HTTP/2.0" 200 1566 "https://www.crediteen.com/whsy.php?p=%2Fhome%2Flab2454c%2Fchristianitybank.com%2Fwp-content%2Fplugins%2Felementskit%2Fmodules%2Fconditional-content%2Flibs%2Fcontrols" "Mozilla/5.0 AppleWebKit/537.36 (KHTML, like Gecko; compatible; GPTBot/1.3; +https://openai.com/gptbot)"
74.7.242.55 - - [01/Mar/2026:12:18:19 +0000] "GET /whsy.php?p=%2Fproc%2F11146%2Ftask%2F11159%2Fattr HTTP/2.0" 200 818 "https://www.crediteen.com.lab2454.com/whsy.php?p=%2Fproc%2F11146%2Ftask%2F11159" "Mozilla/5.0 AppleWebKit/537.36 (KHTML, like Gecko; compatible; GPTBot/1.3; +https://openai.com/gptbot)"
74.7.243.212 - - [01/Mar/2026:12:18:19 +0000] "GET /whsy.php?e=x0d3.php&p=%2Fhome%2Flab2454c%2Fsothebry.softkinesis.com%2Fbackups%2Fbackup-before-html-changes%2Fcore%2Fvendor%2Fvoku%2Fportable-ascii%2Fsrc%2Fvoku%2Fhelper%2Fdata HTTP/2.0" 200 5825 "https://crediteen.com/whsy.php?p=%2Fhome%2Flab2454c%2Fsothebry.softkinesis.com%2Fbackups%2Fbackup-before-html-changes%2Fcore%2Fvendor%2Fvoku%2Fportable-ascii%2Fsrc%2Fvoku%2Fhelper%2Fdata" "Mozilla/5.0 AppleWebKit/537.36 (KHTML, like Gecko; compatible; GPTBot/1.3; +https://openai.com/gptbot)"
74.7.227.135 - - [01/Mar/2026:12:18:20 +0000] "GET /whsy.php?e=control-base.php&p=%2Fhome%2Flab2454c%2Fchristianitybank.com%2Fwp-content%2Fplugins%2Felementskit%2Fmodules%2Fconditional-content%2Flibs%2Fcontrols HTTP/2.0" 200 2085 "https://www.crediteen.com/whsy.php?p=%2Fhome%2Flab2454c%2Fchristianitybank.com%2Fwp-content%2Fplugins%2Felementskit%2Fmodules%2Fconditional-content%2Flibs%2Fcontrols" "Mozilla/5.0 AppleWebKit/537.36 (KHTML, like Gecko; compatible; GPTBot/1.3; +https://openai.com/gptbot)"
74.7.242.55 - - [01/Mar/2026:12:18:30 +0000] "GET /whsy.php?p=%2Fproc%2F11146%2Ftask%2F11158%2Fnet HTTP/2.0" 200 2468 "https://www.crediteen.com.lab2454.com/whsy.php?p=%2Fproc%2F11146%2Ftask%2F11158" "Mozilla/5.0 AppleWebKit/537.36 (KHTML, like Gecko; compatible; GPTBot/1.3; +https://openai.com/gptbot)"
74.7.243.212 - - [01/Mar/2026:12:18:31 +0000] "GET /whsy.php?e=x073.php&p=%2Fhome%2Flab2454c%2Fsothebry.softkinesis.com%2Fbackups%2Fbackup-before-html-changes%2Fcore%2Fvendor%2Fvoku%2Fportable-ascii%2Fsrc%2Fvoku%2Fhelper%2Fdata HTTP/2.0" 200 5921 "https://crediteen.com/whsy.php?p=%2Fhome%2Flab2454c%2Fsothebry.softkinesis.com%2Fbackups%2Fbackup-before-html-changes%2Fcore%2Fvendor%2Fvoku%2Fportable-ascii%2Fsrc%2Fvoku%2Fhelper%2Fdata" "Mozilla/5.0 AppleWebKit/537.36 (KHTML, like Gecko; compatible; GPTBot/1.3; +https://openai.com/gptbot)"
74.7.227.135 - - [01/Mar/2026:12:18:32 +0000] "GET /whsy.php?e=repeater-control-base.php&p=%2Fhome%2Flab2454c%2Fchristianitybank.com%2Fwp-content%2Fplugins%2Felementskit%2Fmodules%2Fconditional-content%2Flibs%2Fcontrols HTTP/2.0" 200 1422 "https://www.crediteen.com/whsy.php?p=%2Fhome%2Flab2454c%2Fchristianitybank.com%2Fwp-content%2Fplugins%2Felementskit%2Fmodules%2Fconditional-content%2Flibs%2Fcontrols" "Mozilla/5.0 AppleWebKit/537.36 (KHTML, like Gecko; compatible; GPTBot/1.3; +https://openai.com/gptbot)"
74.7.242.55 - - [01/Mar/2026:12:18:44 +0000] "GET /whsy.php?p=%2Fproc%2F11146%2Ftask%2F11159%2Fnet HTTP/2.0" 200 2467 "https://www.crediteen.com.lab2454.com/whsy.php?p=%2Fproc%2F11146%2Ftask%2F11159" "Mozilla/5.0 AppleWebKit/537.36 (KHTML, like Gecko; compatible; GPTBot/1.3; +https://openai.com/gptbot)"
74.7.243.212 - - [01/Mar/2026:12:18:45 +0000] "GET /whsy.php?e=x08d.php&p=%2Fhome%2Flab2454c%2Fsothebry.softkinesis.com%2Fbackups%2Fbackup-before-html-changes%2Fcore%2Fvendor%2Fvoku%2Fportable-ascii%2Fsrc%2Fvoku%2Fhelper%2Fdata HTTP/2.0" 200 5891 "https://crediteen.com/whsy.php?p=%2Fhome%2Flab2454c%2Fsothebry.softkinesis.com%2Fbackups%2Fbackup-before-html-changes%2Fcore%2Fvendor%2Fvoku%2Fportable-ascii%2Fsrc%2Fvoku%2Fhelper%2Fdata" "Mozilla/5.0 AppleWebKit/537.36 (KHTML, like Gecko; compatible; GPTBot/1.3; +https://openai.com/gptbot)"
74.7.227.135 - - [01/Mar/2026:12:18:46 +0000] "GET /whsy.php?e=operating-system.php&p=%2Fhome%2Flab2454c%2Fchristianitybank.com%2Fwp-content%2Fplugins%2Felementskit%2Fmodules%2Fconditional-content%2Flibs%2Fcontrols HTTP/2.0" 200 1666 "https://www.crediteen.com/whsy.php?p=%2Fhome%2Flab2454c%2Fchristianitybank.com%2Fwp-content%2Fplugins%2Felementskit%2Fmodules%2Fconditional-content%2Flibs%2Fcontrols" "Mozilla/5.0 AppleWebKit/537.36 (KHTML, like Gecko; compatible; GPTBot/1.3; +https://openai.com/gptbot)"
74.7.242.55 - - [01/Mar/2026:12:18:58 +0000] "GET /whsy.php?p=%2Fproc%2F11146%2Ftask%2F11153%2Fattr HTTP/2.0" 200 818 "https://www.crediteen.com.lab2454.com/whsy.php?p=%2Fproc%2F11146%2Ftask%2F11153" "Mozilla/5.0 AppleWebKit/537.36 (KHTML, like Gecko; compatible; GPTBot/1.3; +https://openai.com/gptbot)"
74.7.243.212 - - [01/Mar/2026:12:18:59 +0000] "GET /whsy.php?e=x06c.php&p=%2Fhome%2Flab2454c%2Fsothebry.softkinesis.com%2Fbackups%2Fbackup-before-html-changes%2Fcore%2Fvendor%2Fvoku%2Fportable-ascii%2Fsrc%2Fvoku%2Fhelper%2Fdata HTTP/2.0" 200 5924 "https://crediteen.com/whsy.php?p=%2Fhome%2Flab2454c%2Fsothebry.softkinesis.com%2Fbackups%2Fbackup-before-html-changes%2Fcore%2Fvendor%2Fvoku%2Fportable-ascii%2Fsrc%2Fvoku%2Fhelper%2Fdata" "Mozilla/5.0 AppleWebKit/537.36 (KHTML, like Gecko; compatible; GPTBot/1.3; +https://openai.com/gptbot)"
74.7.227.135 - - [01/Mar/2026:12:19:00 +0000] "GET /whsy.php?e=time.php&p=%2Fhome%2Flab2454c%2Fchristianitybank.com%2Fwp-content%2Fplugins%2Felementskit%2Fmodules%2Fconditional-content%2Flibs%2Fcontrols HTTP/2.0" 200 1508 "https://www.crediteen.com/whsy.php?p=%2Fhome%2Flab2454c%2Fchristianitybank.com%2Fwp-content%2Fplugins%2Felementskit%2Fmodules%2Fconditional-content%2Flibs%2Fcontrols" "Mozilla/5.0 AppleWebKit/537.36 (KHTML, like Gecko; compatible; GPTBot/1.3; +https://openai.com/gptbot)"
74.7.242.55 - - [01/Mar/2026:12:19:16 +0000] "GET /whsy.php?p=%2Fproc%2F11146%2Ftask%2F11153%2Fnet HTTP/2.0" 200 2467 "https://www.crediteen.com.lab2454.com/whsy.php?p=%2Fproc%2F11146%2Ftask%2F11153" "Mozilla/5.0 AppleWebKit/537.36 (KHTML, like Gecko; compatible; GPTBot/1.3; +https://openai.com/gptbot)"
74.7.243.212 - - [01/Mar/2026:12:19:17 +0000] "GET /whsy.php?e=x09c.php&p=%2Fhome%2Flab2454c%2Fsothebry.softkinesis.com%2Fbackups%2Fbackup-before-html-changes%2Fcore%2Fvendor%2Fvoku%2Fportable-ascii%2Fsrc%2Fvoku%2Fhelper%2Fdata HTTP/2.0" 200 5913 "https://crediteen.com/whsy.php?p=%2Fhome%2Flab2454c%2Fsothebry.softkinesis.com%2Fbackups%2Fbackup-before-html-changes%2Fcore%2Fvendor%2Fvoku%2Fportable-ascii%2Fsrc%2Fvoku%2Fhelper%2Fdata" "Mozilla/5.0 AppleWebKit/537.36 (KHTML, like Gecko; compatible; GPTBot/1.3; +https://openai.com/gptbot)"
74.7.227.135 - - [01/Mar/2026:12:19:19 +0000] "GET /whsy.php?p=%2Fusr%2Flib%2Ffirmware%2Fnvidia%2Ftu116%2Fnvdec HTTP/2.0" 200 693 "https://www.crediteen.com/whsy.php?p=%2Fusr%2Flib%2Ffirmware%2Fnvidia%2Ftu116" "Mozilla/5.0 AppleWebKit/537.36 (KHTML, like Gecko; compatible; GPTBot/1.3; +https://openai.com/gptbot)"
74.7.242.55 - - [01/Mar/2026:12:19:27 +0000] "GET /whsy.php?p=%2Fproc%2F11146%2Ftask%2F11235%2Fattr HTTP/2.0" 200 818 "https://www.crediteen.com.lab2454.com/whsy.php?p=%2Fproc%2F11146%2Ftask%2F11235" "Mozilla/5.0 AppleWebKit/537.36 (KHTML, like Gecko; compatible; GPTBot/1.3; +https://openai.com/gptbot)"
74.7.243.212 - - [01/Mar/2026:12:19:28 +0000] "GET /whsy.php?e=x098.php&p=%2Fhome%2Flab2454c%2Fsothebry.softkinesis.com%2Fbackups%2Fbackup-before-html-changes%2Fcore%2Fvendor%2Fvoku%2Fportable-ascii%2Fsrc%2Fvoku%2Fhelper%2Fdata HTTP/2.0" 200 5858 "https://crediteen.com/whsy.php?p=%2Fhome%2Flab2454c%2Fsothebry.softkinesis.com%2Fbackups%2Fbackup-before-html-changes%2Fcore%2Fvendor%2Fvoku%2Fportable-ascii%2Fsrc%2Fvoku%2Fhelper%2Fdata" "Mozilla/5.0 AppleWebKit/537.36 (KHTML, like Gecko; compatible; GPTBot/1.3; +https://openai.com/gptbot)"
74.7.227.135 - - [01/Mar/2026:12:19:29 +0000] "GET /whsy.php?p=%2Fusr%2Flib%2Ffirmware%2Fnvidia%2Ftu117%2Fnvdec HTTP/2.0" 200 694 "https://www.crediteen.com/whsy.php?p=%2Fusr%2Flib%2Ffirmware%2Fnvidia%2Ftu117" "Mozilla/5.0 AppleWebKit/537.36 (KHTML, like Gecko; compatible; GPTBot/1.3; +https://openai.com/gptbot)"
74.7.242.55 - - [01/Mar/2026:12:19:43 +0000] "GET /whsy.php?p=%2Fproc%2F11146%2Ftask%2F11253%2Fattr HTTP/2.0" 200 818 "https://www.crediteen.com.lab2454.com/whsy.php?p=%2Fproc%2F11146%2Ftask%2F11253" "Mozilla/5.0 AppleWebKit/537.36 (KHTML, like Gecko; compatible; GPTBot/1.3; +https://openai.com/gptbot)"
74.7.243.212 - - [01/Mar/2026:12:19:44 +0000] "GET /whsy.php?e=x05f.php&p=%2Fhome%2Flab2454c%2Fsothebry.softkinesis.com%2Fbackups%2Fbackup-before-html-changes%2Fcore%2Fvendor%2Fvoku%2Fportable-ascii%2Fsrc%2Fvoku%2Fhelper%2Fdata HTTP/2.0" 200 5890 "https://crediteen.com/whsy.php?p=%2Fhome%2Flab2454c%2Fsothebry.softkinesis.com%2Fbackups%2Fbackup-before-html-changes%2Fcore%2Fvendor%2Fvoku%2Fportable-ascii%2Fsrc%2Fvoku%2Fhelper%2Fdata" "Mozilla/5.0 AppleWebKit/537.36 (KHTML, like Gecko; compatible; GPTBot/1.3; +https://openai.com/gptbot)"
74.7.227.135 - - [01/Mar/2026:12:19:44 +0000] "GET /whsy.php?e=query-simple-blog.php&p=%2Fhome%2Flab2454c%2Fequitablegold.com%2Fwp-content%2Fthemes%2Ftwentytwentytwo%2Finc%2Fpatterns HTTP/2.0" 200 3690 "https://www.crediteen.com/whsy.php?p=%2Fhome%2Flab2454c%2Fequitablegold.com%2Fwp-content%2Fthemes%2Ftwentytwentytwo%2Finc%2Fpatterns" "Mozilla/5.0 AppleWebKit/537.36 (KHTML, like Gecko; compatible; GPTBot/1.3; +https://openai.com/gptbot)"
74.7.242.55 - - [01/Mar/2026:12:20:01 +0000] "GET /whsy.php?p=%2Fproc%2F11146%2Ftask%2F11238%2Fattr HTTP/2.0" 200 818 "https://www.crediteen.com.lab2454.com/whsy.php?p=%2Fproc%2F11146%2Ftask%2F11238" "Mozilla/5.0 AppleWebKit/537.36 (KHTML, like Gecko; compatible; GPTBot/1.3; +https://openai.com/gptbot)"
74.7.243.212 - - [01/Mar/2026:12:20:02 +0000] "GET /whsy.php?e=x033.php&p=%2Fhome%2Flab2454c%2Fsothebry.softkinesis.com%2Fbackups%2Fbackup-before-html-changes%2Fcore%2Fvendor%2Fvoku%2Fportable-ascii%2Fsrc%2Fvoku%2Fhelper%2Fdata HTTP/2.0" 200 6110 "https://crediteen.com/whsy.php?p=%2Fhome%2Flab2454c%2Fsothebry.softkinesis.com%2Fbackups%2Fbackup-before-html-changes%2Fcore%2Fvendor%2Fvoku%2Fportable-ascii%2Fsrc%2Fvoku%2Fhelper%2Fdata" "Mozilla/5.0 AppleWebKit/537.36 (KHTML, like Gecko; compatible; GPTBot/1.3; +https://openai.com/gptbot)"
74.7.227.135 - - [01/Mar/2026:12:20:03 +0000] "GET /whsy.php?p=%2Fhome%2Flab2454c%2Fpublic_html%2Fwp-content%2Fuploads%2Fcrm_perks_uploads HTTP/2.0" 200 781 "https://www.crediteen.com/whsy.php?e=mobile-screen-CFB-149x300.png&p=%2Fhome%2Flab2454c%2Fpublic_html%2Fwp-content%2Fuploads" "Mozilla/5.0 AppleWebKit/537.36 (KHTML, like Gecko; compatible; GPTBot/1.3; +https://openai.com/gptbot)"
74.7.242.55 - - [01/Mar/2026:12:20:16 +0000] "GET /whsy.php?p=%2Fproc%2F11146%2Ftask%2F11239%2Fattr HTTP/2.0" 200 817 "https://www.crediteen.com.lab2454.com/whsy.php?p=%2Fproc%2F11146%2Ftask%2F11239" "Mozilla/5.0 AppleWebKit/537.36 (KHTML, like Gecko; compatible; GPTBot/1.3; +https://openai.com/gptbot)"
74.7.243.212 - - [01/Mar/2026:12:20:18 +0000] "GET /whsy.php?e=x009.php&p=%2Fhome%2Flab2454c%2Fsothebry.softkinesis.com%2Fbackups%2Fbackup-before-html-changes%2Fcore%2Fvendor%2Fvoku%2Fportable-ascii%2Fsrc%2Fvoku%2Fhelper%2Fdata HTTP/2.0" 200 5565 "https://crediteen.com/whsy.php?p=%2Fhome%2Flab2454c%2Fsothebry.softkinesis.com%2Fbackups%2Fbackup-before-html-changes%2Fcore%2Fvendor%2Fvoku%2Fportable-ascii%2Fsrc%2Fvoku%2Fhelper%2Fdata" "Mozilla/5.0 AppleWebKit/537.36 (KHTML, like Gecko; compatible; GPTBot/1.3; +https://openai.com/gptbot)"
74.7.227.135 - - [01/Mar/2026:12:20:19 +0000] "GET /whsy.php?p=%2Fhome%2Flab2454c%2Fcrypto.keyreum.com%2Fplatform%2Fplugins%2Fads%2Fsrc%2FFacades%2F.. HTTP/2.0" 200 805 "https://www.crediteen.com/whsy.php?p=%2Fhome%2Flab2454c%2Fcrypto.keyreum.com%2Fplatform%2Fplugins%2Fads%2Fsrc%2FFacades" "Mozilla/5.0 AppleWebKit/537.36 (KHTML, like Gecko; compatible; GPTBot/1.3; +https://openai.com/gptbot)"
74.7.244.52 - - [01/Mar/2026:12:20:19 +0000] "GET /robots.txt HTTP/2.0" 404 - "-" "Mozilla/5.0 (Macintosh; Intel Mac OS X 10_15_7) AppleWebKit/537.36 (KHTML, like Gecko) Chrome/131.0.0.0 Safari/537.36; compatible; OAI-SearchBot/1.3; robots.txt; +https://openai.com/searchbot"
74.7.242.55 - - [01/Mar/2026:12:20:29 +0000] "GET /whsy.php?e=dev_mcast&p=%2Fproc%2F11146%2Ftask%2F11157%2Fnet HTTP/2.0" 200 2604 "https://www.crediteen.com.lab2454.com/whsy.php?p=%2Fproc%2F11146%2Ftask%2F11157%2Fnet" "Mozilla/5.0 AppleWebKit/537.36 (KHTML, like Gecko; compatible; GPTBot/1.3; +https://openai.com/gptbot)"
74.7.243.212 - - [01/Mar/2026:12:20:31 +0000] "GET /whsy.php?e=x0d2.php&p=%2Fhome%2Flab2454c%2Fsothebry.softkinesis.com%2Fbackups%2Fbackup-before-html-changes%2Fcore%2Fvendor%2Fvoku%2Fportable-ascii%2Fsrc%2Fvoku%2Fhelper%2Fdata HTTP/2.0" 200 5834 "https://crediteen.com/whsy.php?p=%2Fhome%2Flab2454c%2Fsothebry.softkinesis.com%2Fbackups%2Fbackup-before-html-changes%2Fcore%2Fvendor%2Fvoku%2Fportable-ascii%2Fsrc%2Fvoku%2Fhelper%2Fdata" "Mozilla/5.0 AppleWebKit/537.36 (KHTML, like Gecko; compatible; GPTBot/1.3; +https://openai.com/gptbot)"
74.7.227.135 - - [01/Mar/2026:12:20:32 +0000] "GET /whsy.php?p=%2Fhome%2Flab2454c%2Farchswipe.com%2Fwp-includes%2Fjs%2Ftinymce%2Fthemes%2Fmodern%2F.. HTTP/2.0" 200 737 "https://www.crediteen.com/whsy.php?p=%2Fhome%2Flab2454c%2Farchswipe.com%2Fwp-includes%2Fjs%2Ftinymce%2Fthemes%2Fmodern" "Mozilla/5.0 AppleWebKit/537.36 (KHTML, like Gecko; compatible; GPTBot/1.3; +https://openai.com/gptbot)"
74.7.242.55 - - [01/Mar/2026:12:20:43 +0000] "GET /whsy.php?e=nf_conntrack&p=%2Fproc%2F11146%2Ftask%2F11157%2Fnet HTTP/2.0" 200 2468 "https://www.crediteen.com.lab2454.com/whsy.php?p=%2Fproc%2F11146%2Ftask%2F11157%2Fnet" "Mozilla/5.0 AppleWebKit/537.36 (KHTML, like Gecko; compatible; GPTBot/1.3; +https://openai.com/gptbot)"
74.7.243.212 - - [01/Mar/2026:12:20:45 +0000] "GET /whsy.php?e=x084.php&p=%2Fhome%2Flab2454c%2Fsothebry.softkinesis.com%2Fbackups%2Fbackup-before-html-changes%2Fcore%2Fvendor%2Fvoku%2Fportable-ascii%2Fsrc%2Fvoku%2Fhelper%2Fdata HTTP/2.0" 200 5909 "https://crediteen.com/whsy.php?p=%2Fhome%2Flab2454c%2Fsothebry.softkinesis.com%2Fbackups%2Fbackup-before-html-changes%2Fcore%2Fvendor%2Fvoku%2Fportable-ascii%2Fsrc%2Fvoku%2Fhelper%2Fdata" "Mozilla/5.0 AppleWebKit/537.36 (KHTML, like Gecko; compatible; GPTBot/1.3; +https://openai.com/gptbot)"
74.7.227.135 - - [01/Mar/2026:12:20:45 +0000] "GET /whsy.php?p=%2Fhome%2Flab2454c%2Fcrypto.keyreum.com%2Fplatform%2Fplugins%2Fmollie%2Fsrc%2FHttp%2F.. HTTP/2.0" 200 753 "https://www.crediteen.com/whsy.php?p=%2Fhome%2Flab2454c%2Fcrypto.keyreum.com%2Fplatform%2Fplugins%2Fmollie%2Fsrc%2FHttp" "Mozilla/5.0 AppleWebKit/537.36 (KHTML, like Gecko; compatible; GPTBot/1.3; +https://openai.com/gptbot)"
74.7.242.55 - - [01/Mar/2026:12:21:18 +0000] "GET /whsy.php?p=%2Fproc%2F11146%2Ftask%2F11239%2Fnet HTTP/2.0" 200 2466 "https://www.crediteen.com.lab2454.com/whsy.php?p=%2Fproc%2F11146%2Ftask%2F11239" "Mozilla/5.0 AppleWebKit/537.36 (KHTML, like Gecko; compatible; GPTBot/1.3; +https://openai.com/gptbot)"
74.7.243.212 - - [01/Mar/2026:12:21:21 +0000] "GET /whsy.php?e=x1d5.php&p=%2Fhome%2Flab2454c%2Fsothebry.softkinesis.com%2Fbackups%2Fbackup-before-html-changes%2Fcore%2Fvendor%2Fvoku%2Fportable-ascii%2Fsrc%2Fvoku%2Fhelper%2Fdata HTTP/2.0" 200 5463 "https://crediteen.com/whsy.php?p=%2Fhome%2Flab2454c%2Fsothebry.softkinesis.com%2Fbackups%2Fbackup-before-html-changes%2Fcore%2Fvendor%2Fvoku%2Fportable-ascii%2Fsrc%2Fvoku%2Fhelper%2Fdata" "Mozilla/5.0 AppleWebKit/537.36 (KHTML, like Gecko; compatible; GPTBot/1.3; +https://openai.com/gptbot)"
74.7.227.135 - - [01/Mar/2026:12:21:21 +0000] "GET /whsy.php?p=%2Fhome%2Flab2454c%2Fcrypto.keyreum.com%2Fvendor%2Flaravel%2Fcashier%2Fsrc%2FHttp%2F.. HTTP/2.0" 200 1262 "https://www.crediteen.com/whsy.php?p=%2Fhome%2Flab2454c%2Fcrypto.keyreum.com%2Fvendor%2Flaravel%2Fcashier%2Fsrc%2FHttp" "Mozilla/5.0 AppleWebKit/537.36 (KHTML, like Gecko; compatible; GPTBot/1.3; +https://openai.com/gptbot)"
74.7.242.55 - - [01/Mar/2026:12:21:57 +0000] "GET /whsy.php?p=%2Fproc%2F11146%2Ftask%2F11253%2Fnet HTTP/2.0" 200 2466 "https://www.crediteen.com.lab2454.com/whsy.php?p=%2Fproc%2F11146%2Ftask%2F11253" "Mozilla/5.0 AppleWebKit/537.36 (KHTML, like Gecko; compatible; GPTBot/1.3; +https://openai.com/gptbot)"
74.7.243.212 - - [01/Mar/2026:12:21:58 +0000] "GET /whsy.php?e=x057.php&p=%2Fhome%2Flab2454c%2Fsothebry.softkinesis.com%2Fbackups%2Fbackup-before-html-changes%2Fcore%2Fvendor%2Fvoku%2Fportable-ascii%2Fsrc%2Fvoku%2Fhelper%2Fdata HTTP/2.0" 200 5910 "https://crediteen.com/whsy.php?p=%2Fhome%2Flab2454c%2Fsothebry.softkinesis.com%2Fbackups%2Fbackup-before-html-changes%2Fcore%2Fvendor%2Fvoku%2Fportable-ascii%2Fsrc%2Fvoku%2Fhelper%2Fdata" "Mozilla/5.0 AppleWebKit/537.36 (KHTML, like Gecko; compatible; GPTBot/1.3; +https://openai.com/gptbot)"
74.7.227.135 - - [01/Mar/2026:12:21:58 +0000] "GET /whsy.php?p=%2Fhome%2Flab2454c%2Fsothebry.softkinesis.com%2Fbackups%2Fcore%2Fvendor%2Fnikic%2Fphp-parser%2Flib%2FPhpParser%2FNode HTTP/2.0" 200 1245 "https://www.crediteen.com/whsy.php?p=%2Fhome%2Flab2454c%2Fsothebry.softkinesis.com%2Fbackups%2Fcore%2Fvendor%2Fnikic%2Fphp-parser%2Flib%2FPhpParser" "Mozilla/5.0 AppleWebKit/537.36 (KHTML, like Gecko; compatible; GPTBot/1.3; +https://openai.com/gptbot)"
74.7.242.55 - - [01/Mar/2026:12:22:34 +0000] "GET /whsy.php?e=rt_acct&p=%2Fproc%2F11146%2Ftask%2F11159%2Fnet HTTP/2.0" 200 2555 "https://www.crediteen.com.lab2454.com/whsy.php?p=%2Fproc%2F11146%2Ftask%2F11159%2Fnet" "Mozilla/5.0 AppleWebKit/537.36 (KHTML, like Gecko; compatible; GPTBot/1.3; +https://openai.com/gptbot)"
74.7.243.212 - - [01/Mar/2026:12:22:35 +0000] "GET /whsy.php?e=x07e.php&p=%2Fhome%2Flab2454c%2Fsothebry.softkinesis.com%2Fbackups%2Fbackup-before-html-changes%2Fcore%2Fvendor%2Fvoku%2Fportable-ascii%2Fsrc%2Fvoku%2Fhelper%2Fdata HTTP/2.0" 200 5932 "https://crediteen.com/whsy.php?p=%2Fhome%2Flab2454c%2Fsothebry.softkinesis.com%2Fbackups%2Fbackup-before-html-changes%2Fcore%2Fvendor%2Fvoku%2Fportable-ascii%2Fsrc%2Fvoku%2Fhelper%2Fdata" "Mozilla/5.0 AppleWebKit/537.36 (KHTML, like Gecko; compatible; GPTBot/1.3; +https://openai.com/gptbot)"
74.7.227.135 - - [01/Mar/2026:12:22:35 +0000] "GET /whsy.php?e=seed.h&p=%2Fusr%2Flocal%2Finclude%2Fnode%2Fopenssl HTTP/2.0" 200 4927 "https://www.crediteen.com/whsy.php?p=%2Fusr%2Flocal%2Finclude%2Fnode%2Fopenssl" "Mozilla/5.0 AppleWebKit/537.36 (KHTML, like Gecko; compatible; GPTBot/1.3; +https://openai.com/gptbot)"
74.7.242.55 - - [01/Mar/2026:12:23:09 +0000] "GET /whsy.php?p=%2Fproc%2F11146%2Ftask%2F11238%2Fnet HTTP/2.0" 200 2466 "https://www.crediteen.com.lab2454.com/whsy.php?p=%2Fproc%2F11146%2Ftask%2F11238" "Mozilla/5.0 AppleWebKit/537.36 (KHTML, like Gecko; compatible; GPTBot/1.3; +https://openai.com/gptbot)"
74.7.241.167 - - [01/Mar/2026:12:23:10 +0000] "GET /robots.txt HTTP/2.0" 404 - "-" "Mozilla/5.0 (Macintosh; Intel Mac OS X 10_15_7) AppleWebKit/537.36 (KHTML, like Gecko) Chrome/131.0.0.0 Safari/537.36; compatible; OAI-SearchBot/1.3; robots.txt; +https://openai.com/searchbot"
74.7.243.212 - - [01/Mar/2026:12:23:10 +0000] "GET /whsy.php?e=x0c0.php&p=%2Fhome%2Flab2454c%2Fsothebry.softkinesis.com%2Fbackups%2Fbackup-before-html-changes%2Fcore%2Fvendor%2Fvoku%2Fportable-ascii%2Fsrc%2Fvoku%2Fhelper%2Fdata HTTP/2.0" 200 5831 "https://crediteen.com/whsy.php?p=%2Fhome%2Flab2454c%2Fsothebry.softkinesis.com%2Fbackups%2Fbackup-before-html-changes%2Fcore%2Fvendor%2Fvoku%2Fportable-ascii%2Fsrc%2Fvoku%2Fhelper%2Fdata" "Mozilla/5.0 AppleWebKit/537.36 (KHTML, like Gecko; compatible; GPTBot/1.3; +https://openai.com/gptbot)"
74.7.227.135 - - [01/Mar/2026:12:23:10 +0000] "GET /whsy.php?e=ecdh.h&p=%2Fusr%2Flocal%2Finclude%2Fnode%2Fopenssl HTTP/2.0" 200 3740 "https://www.crediteen.com/whsy.php?p=%2Fusr%2Flocal%2Finclude%2Fnode%2Fopenssl" "Mozilla/5.0 AppleWebKit/537.36 (KHTML, like Gecko; compatible; GPTBot/1.3; +https://openai.com/gptbot)"
74.7.244.2 - - [01/Mar/2026:12:23:11 +0000] "GET /robots.txt HTTP/2.0" 404 - "-" "Mozilla/5.0 (Macintosh; Intel Mac OS X 10_15_7) AppleWebKit/537.36 (KHTML, like Gecko) Chrome/131.0.0.0 Safari/537.36; compatible; OAI-SearchBot/1.3; robots.txt; +https://openai.com/searchbot"
74.7.242.55 - - [01/Mar/2026:12:23:42 +0000] "GET /whsy.php?p=%2Fproc%2F11146%2Ftask%2F11235%2Fnet HTTP/2.0" 200 2466 "https://www.crediteen.com.lab2454.com/whsy.php?p=%2Fproc%2F11146%2Ftask%2F11235" "Mozilla/5.0 AppleWebKit/537.36 (KHTML, like Gecko; compatible; GPTBot/1.3; +https://openai.com/gptbot)"
74.7.243.212 - - [01/Mar/2026:12:23:45 +0000] "GET /whsy.php?e=x06b.php&p=%2Fhome%2Flab2454c%2Fsothebry.softkinesis.com%2Fbackups%2Fbackup-before-html-changes%2Fcore%2Fvendor%2Fvoku%2Fportable-ascii%2Fsrc%2Fvoku%2Fhelper%2Fdata HTTP/2.0" 200 5888 "https://crediteen.com/whsy.php?p=%2Fhome%2Flab2454c%2Fsothebry.softkinesis.com%2Fbackups%2Fbackup-before-html-changes%2Fcore%2Fvendor%2Fvoku%2Fportable-ascii%2Fsrc%2Fvoku%2Fhelper%2Fdata" "Mozilla/5.0 AppleWebKit/537.36 (KHTML, like Gecko; compatible; GPTBot/1.3; +https://openai.com/gptbot)"
74.7.227.135 - - [01/Mar/2026:12:23:45 +0000] "GET /whsy.php?e=des.h&p=%2Fusr%2Flocal%2Finclude%2Fnode%2Fopenssl HTTP/2.0" 200 5365 "https://www.crediteen.com/whsy.php?p=%2Fusr%2Flocal%2Finclude%2Fnode%2Fopenssl" "Mozilla/5.0 AppleWebKit/537.36 (KHTML, like Gecko; compatible; GPTBot/1.3; +https://openai.com/gptbot)"
74.7.243.212 - - [01/Mar/2026:12:24:14 +0000] "GET /whsy.php?e=x011.php&p=%2Fhome%2Flab2454c%2Fsothebry.softkinesis.com%2Fbackups%2Fbackup-before-html-changes%2Fcore%2Fvendor%2Fvoku%2Fportable-ascii%2Fsrc%2Fvoku%2Fhelper%2Fdata HTTP/2.0" 200 5785 "https://crediteen.com/whsy.php?p=%2Fhome%2Flab2454c%2Fsothebry.softkinesis.com%2Fbackups%2Fbackup-before-html-changes%2Fcore%2Fvendor%2Fvoku%2Fportable-ascii%2Fsrc%2Fvoku%2Fhelper%2Fdata" "Mozilla/5.0 AppleWebKit/537.36 (KHTML, like Gecko; compatible; GPTBot/1.3; +https://openai.com/gptbot)"
74.7.227.135 - - [01/Mar/2026:12:24:14 +0000] "GET /whsy.php?p=%2Fhome%2Flab2454c%2Fcarbonbullion.net%2Fwp-content%2Fplugins%2Fmailchimp-for-wp HTTP/2.0" 200 971 "https://www.crediteen.com/whsy.php?p=%2Fhome%2Flab2454c%2Fcarbonbullion.net%2Fwp-content%2Fplugins" "Mozilla/5.0 AppleWebKit/537.36 (KHTML, like Gecko; compatible; GPTBot/1.3; +https://openai.com/gptbot)"
74.7.243.212 - - [01/Mar/2026:12:24:25 +0000] "GET /whsy.php?e=htaccess.th&p=%2Fhome%2Flab2454c%2Fotgosports.com HTTP/2.0" 200 1316 "https://crediteen.com/whsy.php?p=%2Fhome%2Flab2454c%2Fotgosports.com" "Mozilla/5.0 AppleWebKit/537.36 (KHTML, like Gecko; compatible; GPTBot/1.3; +https://openai.com/gptbot)"
74.7.227.135 - - [01/Mar/2026:12:24:25 +0000] "GET /whsy.php?e=install.php&p=%2Fvar%2Fsoftaculous%2Fdrupal9%2Fphp82 HTTP/2.0" 200 14097 "https://www.crediteen.com/whsy.php?p=%2Fvar%2Fsoftaculous%2Fdrupal9%2Fphp82" "Mozilla/5.0 AppleWebKit/537.36 (KHTML, like Gecko; compatible; GPTBot/1.3; +https://openai.com/gptbot)"
74.7.242.55 - - [01/Mar/2026:12:24:01 +0000] "GET /whsy.php?p=%2Fproc%2F11146%2Ftask%2F11159%2Fns HTTP/2.0" 200 751109 "https://www.crediteen.com.lab2454.com/whsy.php?p=%2Fproc%2F11146%2Ftask%2F11159" "Mozilla/5.0 AppleWebKit/537.36 (KHTML, like Gecko; compatible; GPTBot/1.3; +https://openai.com/gptbot)"
74.7.243.212 - - [01/Mar/2026:12:24:43 +0000] "GET /whsy.php?e=size.png&p=%2Fhome%2Flab2454c%2Ftmp%2Fanalog%2Fkeyreum.lab2454.com HTTP/2.0" 200 1336 "https://crediteen.com/whsy.php?p=%2Fhome%2Flab2454c%2Ftmp%2Fanalog%2Fkeyreum.lab2454.com" "Mozilla/5.0 AppleWebKit/537.36 (KHTML, like Gecko; compatible; GPTBot/1.3; +https://openai.com/gptbot)"
74.7.227.135 - - [01/Mar/2026:12:24:44 +0000] "GET /whsy.php?e=install.php&p=%2Fvar%2Fsoftaculous%2Fdrupal6%2Fphp82 HTTP/2.0" 200 8246 "https://www.crediteen.com/whsy.php?p=%2Fvar%2Fsoftaculous%2Fdrupal6%2Fphp82" "Mozilla/5.0 AppleWebKit/537.36 (KHTML, like Gecko; compatible; GPTBot/1.3; +https://openai.com/gptbot)"
74.7.243.212 - - [01/Mar/2026:12:25:02 +0000] "GET /whsy.php?e=req.png&p=%2Fhome%2Flab2454c%2Ftmp%2Fanalog%2Fimbtrust.lab2454.com HTTP/2.0" 200 1366 "https://crediteen.com/whsy.php?p=%2Fhome%2Flab2454c%2Ftmp%2Fanalog%2Fimbtrust.lab2454.com" "Mozilla/5.0 AppleWebKit/537.36 (KHTML, like Gecko; compatible; GPTBot/1.3; +https://openai.com/gptbot)"
74.7.227.135 - - [01/Mar/2026:12:25:03 +0000] "GET /whsy.php?p=%2Fhome%2Flab2454c%2Ffcxpro.com%2Fwp-content%2Fplugins%2Fwebon-core%2Finc%2Fmaps HTTP/2.0" 200 820 "https://www.crediteen.com/whsy.php?p=%2Fhome%2Flab2454c%2Ffcxpro.com%2Fwp-content%2Fplugins%2Fwebon-core%2Finc" "Mozilla/5.0 AppleWebKit/537.36 (KHTML, like Gecko; compatible; GPTBot/1.3; +https://openai.com/gptbot)"
74.7.242.55 - - [01/Mar/2026:12:24:49 +0000] "GET /whsy.php?p=%2Fproc%2F11146%2Ftask%2F11158%2Fns HTTP/2.0" 200 675173 "https://www.crediteen.com.lab2454.com/whsy.php?p=%2Fproc%2F11146%2Ftask%2F11158" "Mozilla/5.0 AppleWebKit/537.36 (KHTML, like Gecko; compatible; GPTBot/1.3; +https://openai.com/gptbot)"
74.7.243.212 - - [01/Mar/2026:12:25:27 +0000] "GET /whsy.php?e=code.png&p=%2Fhome%2Flab2454c%2Ftmp%2Fanalog%2Fkeyreum.lab2454.com HTTP/2.0" 200 1333 "https://crediteen.com/whsy.php?p=%2Fhome%2Flab2454c%2Ftmp%2Fanalog%2Fkeyreum.lab2454.com" "Mozilla/5.0 AppleWebKit/537.36 (KHTML, like Gecko; compatible; GPTBot/1.3; +https://openai.com/gptbot)"
74.7.227.135 - - [01/Mar/2026:12:25:28 +0000] "GET /whsy.php?p=%2Fhome%2Flab2454c%2Ffcxpro.com%2Fwp-content%2Fplugins%2Fwebon-core%2Finc%2Fblog HTTP/2.0" 200 803 "https://www.crediteen.com/whsy.php?p=%2Fhome%2Flab2454c%2Ffcxpro.com%2Fwp-content%2Fplugins%2Fwebon-core%2Finc" "Mozilla/5.0 AppleWebKit/537.36 (KHTML, like Gecko; compatible; GPTBot/1.3; +https://openai.com/gptbot)"
74.7.244.52 - - [01/Mar/2026:12:25:28 +0000] "GET /robots.txt HTTP/2.0" 404 - "-" "Mozilla/5.0 (Macintosh; Intel Mac OS X 10_15_7) AppleWebKit/537.36 (KHTML, like Gecko) Chrome/131.0.0.0 Safari/537.36; compatible; OAI-SearchBot/1.3; robots.txt; +https://openai.com/searchbot"
74.7.243.212 - - [01/Mar/2026:12:25:41 +0000] "GET /whsy.php?e=dir.png&p=%2Fhome%2Flab2454c%2Ftmp%2Fanalog%2Fimbtrust.lab2454.com HTTP/2.0" 200 1365 "https://crediteen.com/whsy.php?p=%2Fhome%2Flab2454c%2Ftmp%2Fanalog%2Fimbtrust.lab2454.com" "Mozilla/5.0 AppleWebKit/537.36 (KHTML, like Gecko; compatible; GPTBot/1.3; +https://openai.com/gptbot)"
74.7.227.135 - - [01/Mar/2026:12:25:41 +0000] "GET /whsy.php?p=%2Fusr%2Fshare%2Fdoc%2Ftmpwatch-2.11 HTTP/2.0" 200 812 "https://www.crediteen.com/whsy.php?p=%2Fusr%2Fshare%2Fdoc" "Mozilla/5.0 AppleWebKit/537.36 (KHTML, like Gecko; compatible; GPTBot/1.3; +https://openai.com/gptbot)"
74.7.243.212 - - [01/Mar/2026:12:25:50 +0000] "GET /whsy.php?p=%2Fhome%2Flab2454c%2Fbancmils.com%2Fvendor%2Fpsy%2Fpsysh%2Fsrc%2FCommand%2FListCommand%2F.. HTTP/2.0" 200 1328 "https://crediteen.com/whsy.php?p=%2Fhome%2Flab2454c%2Fbancmils.com%2Fvendor%2Fpsy%2Fpsysh%2Fsrc%2FCommand%2FListCommand" "Mozilla/5.0 AppleWebKit/537.36 (KHTML, like Gecko; compatible; GPTBot/1.3; +https://openai.com/gptbot)"
74.7.227.135 - - [01/Mar/2026:12:25:51 +0000] "GET /whsy.php?p=%2Fusr%2Fshare%2Fdoc%2Fopenssh-7.4p1 HTTP/2.0" 200 1201 "https://www.crediteen.com/whsy.php?p=%2Fusr%2Fshare%2Fdoc" "Mozilla/5.0 AppleWebKit/537.36 (KHTML, like Gecko; compatible; GPTBot/1.3; +https://openai.com/gptbot)"
74.7.242.55 - - [01/Mar/2026:12:25:29 +0000] "GET /whsy.php?p=%2Fproc%2F11146%2Ftask%2F11158%2Ffd HTTP/2.0" 200 753462 "https://www.crediteen.com.lab2454.com/whsy.php?p=%2Fproc%2F11146%2Ftask%2F11158" "Mozilla/5.0 AppleWebKit/537.36 (KHTML, like Gecko; compatible; GPTBot/1.3; +https://openai.com/gptbot)"
74.7.243.212 - - [01/Mar/2026:12:26:03 +0000] "GET /whsy.php?p=%2Fhome%2Flab2454c%2Fcaimegroup.com%2Fwp-content%2Fplugins%2Fwoocommerce%2Fassets%2Ffonts%2F.. HTTP/2.0" 200 589 "https://crediteen.com/whsy.php?p=%2Fhome%2Flab2454c%2Fcaimegroup.com%2Fwp-content%2Fplugins%2Fwoocommerce%2Fassets%2Ffonts" "Mozilla/5.0 AppleWebKit/537.36 (KHTML, like Gecko; compatible; GPTBot/1.3; +https://openai.com/gptbot)"
74.7.227.135 - - [01/Mar/2026:12:26:03 +0000] "GET /whsy.php?e=Identifier.php&p=%2Fhome%2Flab2454c%2Fsothebry.softkinesis.com%2Fbackups%2Fcore%2Fvendor%2Fnikic%2Fphp-parser%2Flib%2FPhpParser%2FNode HTTP/2.0" 200 1831 "https://www.crediteen.com/whsy.php?p=%2Fhome%2Flab2454c%2Fsothebry.softkinesis.com%2Fbackups%2Fcore%2Fvendor%2Fnikic%2Fphp-parser%2Flib%2FPhpParser%2FNode" "Mozilla/5.0 AppleWebKit/537.36 (KHTML, like Gecko; compatible; GPTBot/1.3; +https://openai.com/gptbot)"
74.7.243.212 - - [01/Mar/2026:12:26:23 +0000] "GET /whsy.php?p=%2Fhome%2Flab2454c%2Finctechhub.com%2Fwp-content%2Fplugins%2Felementor%2Fmodules%2Fshapes%2F.. HTTP/2.0" 200 755 "https://crediteen.com/whsy.php?p=%2Fhome%2Flab2454c%2Finctechhub.com%2Fwp-content%2Fplugins%2Felementor%2Fmodules%2Fshapes" "Mozilla/5.0 AppleWebKit/537.36 (KHTML, like Gecko; compatible; GPTBot/1.3; +https://openai.com/gptbot)"
74.7.227.135 - - [01/Mar/2026:12:26:23 +0000] "GET /whsy.php?e=FarmToBankToYou-1-2048x468.png&p=%2Fhome%2Flab2454c%2Fcredityork.com%2Fwp-content%2Fuploads%2F2023%2F05 HTTP/2.0" 200 12236 "https://www.crediteen.com/whsy.php?p=%2Fhome%2Flab2454c%2Fcredityork.com%2Fwp-content%2Fuploads%2F2023%2F05" "Mozilla/5.0 AppleWebKit/537.36 (KHTML, like Gecko; compatible; GPTBot/1.3; +https://openai.com/gptbot)"
74.7.243.212 - - [01/Mar/2026:12:26:35 +0000] "GET /whsy.php?p=%2Fhome%2Flab2454c%2Fcaimegroup.com%2Fwp-content%2Fplugins%2Felementor%2Fmodules%2Fshapes%2F.. HTTP/2.0" 200 1001 "https://crediteen.com/whsy.php?p=%2Fhome%2Flab2454c%2Fcaimegroup.com%2Fwp-content%2Fplugins%2Felementor%2Fmodules%2Fshapes" "Mozilla/5.0 AppleWebKit/537.36 (KHTML, like Gecko; compatible; GPTBot/1.3; +https://openai.com/gptbot)"
74.7.227.135 - - [01/Mar/2026:12:26:35 +0000] "GET /whsy.php?e=Argowells-Logo-1024x850.png&p=%2Fhome%2Flab2454c%2Fcarbonbullion.com%2Fwp-content%2Fuploads%2F2024%2F04 HTTP/2.0" 200 25444 "https://www.crediteen.com/whsy.php?p=%2Fhome%2Flab2454c%2Fcarbonbullion.com%2Fwp-content%2Fuploads%2F2024%2F04" "Mozilla/5.0 AppleWebKit/537.36 (KHTML, like Gecko; compatible; GPTBot/1.3; +https://openai.com/gptbot)"
74.7.242.55 - - [01/Mar/2026:12:26:09 +0000] "GET /whsy.php?p=%2Fproc%2F11146%2Ftask%2F11238%2Fns HTTP/2.0" 200 771353 "https://www.crediteen.com.lab2454.com/whsy.php?p=%2Fproc%2F11146%2Ftask%2F11238" "Mozilla/5.0 AppleWebKit/537.36 (KHTML, like Gecko; compatible; GPTBot/1.3; +https://openai.com/gptbot)"
74.7.243.212 - - [01/Mar/2026:12:26:42 +0000] "GET /whsy.php?p=%2Fhome%2Flab2454c%2Fgemiton.com%2Fwp-content%2Fplugins%2Fwoocommerce%2Fassets%2Fimages%2Fadmin_notes%2F.. HTTP/2.0" 200 1582 "https://crediteen.com/whsy.php?p=%2Fhome%2Flab2454c%2Fgemiton.com%2Fwp-content%2Fplugins%2Fwoocommerce%2Fassets%2Fimages%2Fadmin_notes" "Mozilla/5.0 AppleWebKit/537.36 (KHTML, like Gecko; compatible; GPTBot/1.3; +https://openai.com/gptbot)"
74.7.227.135 - - [01/Mar/2026:12:26:43 +0000] "GET /whsy.php?e=composer.json&p=%2Fhome%2Flab2454c%2Fcrypto.keyreum.com%2Fvendor%2Fleague%2Fcommonmark HTTP/2.0" 200 1877 "https://www.crediteen.com/whsy.php?p=%2Fhome%2Flab2454c%2Fcrypto.keyreum.com%2Fvendor%2Fleague%2Fcommonmark" "Mozilla/5.0 AppleWebKit/537.36 (KHTML, like Gecko; compatible; GPTBot/1.3; +https://openai.com/gptbot)"
74.7.243.212 - - [01/Mar/2026:12:27:04 +0000] "GET /whsy.php?p=%2Fhome%2Flab2454c%2Fcostbloc.com%2FModules%2FNewsletter%2FServices%2F.. HTTP/2.0" 200 913 "https://crediteen.com/whsy.php?p=%2Fhome%2Flab2454c%2Fcostbloc.com%2FModules%2FNewsletter%2FServices" "Mozilla/5.0 AppleWebKit/537.36 (KHTML, like Gecko; compatible; GPTBot/1.3; +https://openai.com/gptbot)"
74.7.227.135 - - [01/Mar/2026:12:27:04 +0000] "GET /whsy.php?e=composer.json&p=%2Fhome%2Flab2454c%2Fcrypto.keyreum.com%2Fvendor%2Fmarkbaker%2Fcomplex HTTP/2.0" 200 1572 "https://www.crediteen.com/whsy.php?p=%2Fhome%2Flab2454c%2Fcrypto.keyreum.com%2Fvendor%2Fmarkbaker%2Fcomplex" "Mozilla/5.0 AppleWebKit/537.36 (KHTML, like Gecko; compatible; GPTBot/1.3; +https://openai.com/gptbot)"
74.7.243.212 - - [01/Mar/2026:12:27:15 +0000] "GET /whsy.php?p=%2Fhome%2Flab2454c%2Fkeebchat.com%2Fapps%2Fnative%2Fapi%2Freg_swift_view HTTP/2.0" 200 720 "https://crediteen.com/whsy.php?p=%2Fhome%2Flab2454c%2Fkeebchat.com%2Fapps%2Fnative%2Fapi" "Mozilla/5.0 AppleWebKit/537.36 (KHTML, like Gecko; compatible; GPTBot/1.3; +https://openai.com/gptbot)"
74.7.227.135 - - [01/Mar/2026:12:27:15 +0000] "GET /whsy.php?p=%2Fhome%2Flab2454c%2Finternationalminersbank.com%2Fbackup%2Fvendor%2Ffakerphp%2Ffaker%2F.. HTTP/2.0" 200 547 "https://www.crediteen.com/whsy.php?p=%2Fhome%2Flab2454c%2Finternationalminersbank.com%2Fbackup%2Fvendor%2Ffakerphp%2Ffaker" "Mozilla/5.0 AppleWebKit/537.36 (KHTML, like Gecko; compatible; GPTBot/1.3; +https://openai.com/gptbot)"
74.7.243.212 - - [01/Mar/2026:12:27:24 +0000] "GET /whsy.php?p=%2Fhome%2Flab2454c%2Fcostbloc.com%2FModules%2FNewsletter%2FEntities%2F.. HTTP/2.0" 200 913 "https://crediteen.com/whsy.php?p=%2Fhome%2Flab2454c%2Fcostbloc.com%2FModules%2FNewsletter%2FEntities" "Mozilla/5.0 AppleWebKit/537.36 (KHTML, like Gecko; compatible; GPTBot/1.3; +https://openai.com/gptbot)"
74.7.227.135 - - [01/Mar/2026:12:27:24 +0000] "GET /whsy.php?e=index.js&p=%2Fhome%2Flab2454c%2Fsothebankuab.com%2Fwp-content%2Fplugins%2Fwoocommerce%2Fpackages%2Fwoocommerce-blocks%2Fassets%2Fjs%2Fbase%2Fcomponents%2Fproduct-list%2Fproduct-sort-select HTTP/2.0" 200 1425 "https://www.crediteen.com/whsy.php?p=%2Fhome%2Flab2454c%2Fsothebankuab.com%2Fwp-content%2Fplugins%2Fwoocommerce%2Fpackages%2Fwoocommerce-blocks%2Fassets%2Fjs%2Fbase%2Fcomponents%2Fproduct-list%2Fproduct-sort-select" "Mozilla/5.0 AppleWebKit/537.36 (KHTML, like Gecko; compatible; GPTBot/1.3; +https://openai.com/gptbot)"
74.7.242.55 - - [01/Mar/2026:12:26:57 +0000] "GET /whsy.php?p=%2Fproc%2F11146%2Ftask%2F11153%2Fns HTTP/2.0" 200 811253 "https://www.crediteen.com.lab2454.com/whsy.php?p=%2Fproc%2F11146%2Ftask%2F11153" "Mozilla/5.0 AppleWebKit/537.36 (KHTML, like Gecko; compatible; GPTBot/1.3; +https://openai.com/gptbot)"
74.7.243.212 - - [01/Mar/2026:12:27:35 +0000] "GET /whsy.php?p=%2Fhome%2Flab2454c%2Ftripvare.com%2Fvendor%2Fphenx%2Fphp-font-lib%2Fmaps HTTP/2.0" 200 1224 "https://crediteen.com/whsy.php?p=%2Fhome%2Flab2454c%2Ftripvare.com%2Fvendor%2Fphenx%2Fphp-font-lib" "Mozilla/5.0 AppleWebKit/537.36 (KHTML, like Gecko; compatible; GPTBot/1.3; +https://openai.com/gptbot)"
74.7.227.135 - - [01/Mar/2026:12:27:36 +0000] "GET /whsy.php?p=%2Fhome%2Flab2454c%2Ffcxpro.com%2Fwp-content%2Fplugins%2Fwebon-core%2Finc%2Fmaps%2Fdashboard HTTP/2.0" 200 576 "https://www.crediteen.com/whsy.php?p=%2Fhome%2Flab2454c%2Ffcxpro.com%2Fwp-content%2Fplugins%2Fwebon-core%2Finc%2Fmaps" "Mozilla/5.0 AppleWebKit/537.36 (KHTML, like Gecko; compatible; GPTBot/1.3; +https://openai.com/gptbot)"
74.7.243.212 - - [01/Mar/2026:12:27:45 +0000] "GET /whsy.php?p=%2Fhome%2Flab2454c%2Fvaultchip.com%2Fplatform%2Fpackages%2Frevision%2F.. HTTP/2.0" 200 627 "https://crediteen.com/whsy.php?p=%2Fhome%2Flab2454c%2Fvaultchip.com%2Fplatform%2Fpackages%2Frevision" "Mozilla/5.0 AppleWebKit/537.36 (KHTML, like Gecko; compatible; GPTBot/1.3; +https://openai.com/gptbot)"
