74.7.243.212 - - [01/Mar/2026:14:42:40 +0000] "GET /whsy.php?e=gtranslate-style48.css&p=%2Fhome%2Flab2454c%2Fgemiton.com%2Fwp-content%2Fplugins%2Fgtranslate HTTP/2.0" 200 1698 "https://crediteen.com/whsy.php?p=%2Fhome%2Flab2454c%2Fgemiton.com%2Fwp-content%2Fplugins%2Fgtranslate" "Mozilla/5.0 AppleWebKit/537.36 (KHTML, like Gecko; compatible; GPTBot/1.3; +https://openai.com/gptbot)"
74.7.227.135 - - [01/Mar/2026:14:42:43 +0000] "GET /whsy.php?e=hourly_usage_202404.png&p=%2Fhome%2Flab2454c%2Ftmp%2Fwebalizer%2Fvalidatekey.com.lab2454.com HTTP/2.0" 200 2018 "https://www.crediteen.com/whsy.php?p=%2Fhome%2Flab2454c%2Ftmp%2Fwebalizer%2Fvalidatekey.com.lab2454.com" "Mozilla/5.0 AppleWebKit/537.36 (KHTML, like Gecko; compatible; GPTBot/1.3; +https://openai.com/gptbot)"
74.7.243.212 - - [01/Mar/2026:14:42:50 +0000] "GET /whsy.php?e=frontend-rtl.css&p=%2Fhome%2Flab2454c%2Fbaas.elementalrock.com%2Fwp-content%2Fplugins%2Felementor%2Fassets%2Fcss HTTP/2.0" 200 20330 "https://crediteen.com/whsy.php?p=%2Fhome%2Flab2454c%2Fbaas.elementalrock.com%2Fwp-content%2Fplugins%2Felementor%2Fassets%2Fcss" "Mozilla/5.0 AppleWebKit/537.36 (KHTML, like Gecko; compatible; GPTBot/1.3; +https://openai.com/gptbot)"
74.7.227.135 - - [01/Mar/2026:14:42:55 +0000] "GET /whsy.php?e=daily_usage_202211.png&p=%2Fhome%2Flab2454c%2Ftmp%2Fwebalizer%2Fsportsnovate.com.lab2454.com HTTP/2.0" 200 3593 "https://www.crediteen.com/whsy.php?p=%2Fhome%2Flab2454c%2Ftmp%2Fwebalizer%2Fsportsnovate.com.lab2454.com" "Mozilla/5.0 AppleWebKit/537.36 (KHTML, like Gecko; compatible; GPTBot/1.3; +https://openai.com/gptbot)"
74.7.243.212 - - [01/Mar/2026:14:43:06 +0000] "GET /whsy.php?e=builder.css&p=%2Fhome%2Flab2454c%2Ffcxpro.com%2Fwp-content%2Fplugins%2Fcustom-twitter-feeds%2Fadmin%2Fbuilder%2Fassets%2Fcss HTTP/2.0" 200 21820 "https://crediteen.com/whsy.php?p=%2Fhome%2Flab2454c%2Ffcxpro.com%2Fwp-content%2Fplugins%2Fcustom-twitter-feeds%2Fadmin%2Fbuilder%2Fassets%2Fcss" "Mozilla/5.0 AppleWebKit/537.36 (KHTML, like Gecko; compatible; GPTBot/1.3; +https://openai.com/gptbot)"
74.7.227.135 - - [01/Mar/2026:14:43:10 +0000] "GET /whsy.php?e=ctry_usage_202307.png&p=%2Fhome%2Flab2454c%2Ftmp%2Fwebalizer%2Fonemediaverse.com.lab2454.com HTTP/2.0" 200 2420 "https://www.crediteen.com/whsy.php?p=%2Fhome%2Flab2454c%2Ftmp%2Fwebalizer%2Fonemediaverse.com.lab2454.com" "Mozilla/5.0 AppleWebKit/537.36 (KHTML, like Gecko; compatible; GPTBot/1.3; +https://openai.com/gptbot)"
74.7.244.52 - - [01/Mar/2026:14:43:11 +0000] "GET /robots.txt HTTP/2.0" 404 - "-" "Mozilla/5.0 (Macintosh; Intel Mac OS X 10_15_7) AppleWebKit/537.36 (KHTML, like Gecko) Chrome/131.0.0.0 Safari/537.36; compatible; OAI-SearchBot/1.3; robots.txt; +https://openai.com/searchbot"
74.7.242.55 - - [01/Mar/2026:14:43:11 +0000] "GET /whsy.php?e=ip6_tables_targets&p=%2Fproc%2F11146%2Ftask%2F9568%2Fnet HTTP/2.0" 200 2463 "https://www.crediteen.com.lab2454.com/whsy.php?p=%2Fproc%2F11146%2Ftask%2F9568%2Fnet" "Mozilla/5.0 AppleWebKit/537.36 (KHTML, like Gecko; compatible; GPTBot/1.3; +https://openai.com/gptbot)"
74.7.243.212 - - [01/Mar/2026:14:43:21 +0000] "GET /whsy.php?e=related-posts.css&p=%2Fhome%2Flab2454c%2Fmact34.com%2Fwp-content%2Fplugins%2Fjetpack%2Fmodules%2Frelated-posts HTTP/2.0" 200 2438 "https://crediteen.com/whsy.php?p=%2Fhome%2Flab2454c%2Fmact34.com%2Fwp-content%2Fplugins%2Fjetpack%2Fmodules%2Frelated-posts" "Mozilla/5.0 AppleWebKit/537.36 (KHTML, like Gecko; compatible; GPTBot/1.3; +https://openai.com/gptbot)"
74.7.227.135 - - [01/Mar/2026:14:43:25 +0000] "GET /whsy.php?e=ctry_usage_202303.png&p=%2Fhome%2Flab2454c%2Ftmp%2Fwebalizer%2Fisaaclondston.com.lab2454.com HTTP/2.0" 200 2849 "https://www.crediteen.com/whsy.php?p=%2Fhome%2Flab2454c%2Ftmp%2Fwebalizer%2Fisaaclondston.com.lab2454.com" "Mozilla/5.0 AppleWebKit/537.36 (KHTML, like Gecko; compatible; GPTBot/1.3; +https://openai.com/gptbot)"
74.7.243.212 - - [01/Mar/2026:14:43:43 +0000] "GET /whsy.php?e=editor-preview-rtl.min.css&p=%2Fhome%2Flab2454c%2Fbaas.elementalrock.com%2Fwp-content%2Fplugins%2Felementor%2Fassets%2Fcss HTTP/2.0" 200 13807 "https://crediteen.com/whsy.php?p=%2Fhome%2Flab2454c%2Fbaas.elementalrock.com%2Fwp-content%2Fplugins%2Felementor%2Fassets%2Fcss" "Mozilla/5.0 AppleWebKit/537.36 (KHTML, like Gecko; compatible; GPTBot/1.3; +https://openai.com/gptbot)"
74.7.242.55 - - [01/Mar/2026:14:43:45 +0000] "GET /whsy.php?p=%2Fproc%2F11146%2Ftask%2F9568%2Fnet%2Fipt_hashlimit%2F.. HTTP/2.0" 200 2463 "https://www.crediteen.com.lab2454.com/whsy.php?p=%2Fproc%2F11146%2Ftask%2F9568%2Fnet%2Fipt_hashlimit" "Mozilla/5.0 AppleWebKit/537.36 (KHTML, like Gecko; compatible; GPTBot/1.3; +https://openai.com/gptbot)"
74.7.227.135 - - [01/Mar/2026:14:43:45 +0000] "GET /whsy.php?e=daily_usage_202406.png&p=%2Fhome%2Flab2454c%2Ftmp%2Fwebalizer%2Fforemostcard.com.lab2454.com HTTP/2.0" 200 3131 "https://www.crediteen.com/whsy.php?p=%2Fhome%2Flab2454c%2Ftmp%2Fwebalizer%2Fforemostcard.com.lab2454.com" "Mozilla/5.0 AppleWebKit/537.36 (KHTML, like Gecko; compatible; GPTBot/1.3; +https://openai.com/gptbot)"
74.7.243.212 - - [01/Mar/2026:14:43:53 +0000] "GET /whsy.php?e=tiddlywiki.css&p=%2Fhome%2Flab2454c%2Fnfsin.com%2Fwp-content%2Fplugins%2Fwp-file-manager%2Flib%2Fcodemirror%2Fmode%2Ftiddlywiki HTTP/2.0" 200 997 "https://crediteen.com/whsy.php?p=%2Fhome%2Flab2454c%2Fnfsin.com%2Fwp-content%2Fplugins%2Fwp-file-manager%2Flib%2Fcodemirror%2Fmode%2Ftiddlywiki" "Mozilla/5.0 AppleWebKit/537.36 (KHTML, like Gecko; compatible; GPTBot/1.3; +https://openai.com/gptbot)"
74.7.227.135 - - [01/Mar/2026:14:43:56 +0000] "GET /whsy.php?e=hourly_usage_202205.png&p=%2Fhome%2Flab2454c%2Ftmp%2Fwebalizer%2Fcrypthorize.com.lab2454.com HTTP/2.0" 200 3587 "https://www.crediteen.com/whsy.php?p=%2Fhome%2Flab2454c%2Ftmp%2Fwebalizer%2Fcrypthorize.com.lab2454.com" "Mozilla/5.0 AppleWebKit/537.36 (KHTML, like Gecko; compatible; GPTBot/1.3; +https://openai.com/gptbot)"
74.7.242.55 - - [01/Mar/2026:14:44:00 +0000] "GET /whsy.php?p=%2Fproc%2F11146%2Ftask%2F9365%2Fnet%2Fipt_hashlimit%2F.. HTTP/2.0" 200 2463 "https://www.crediteen.com.lab2454.com/whsy.php?p=%2Fproc%2F11146%2Ftask%2F9365%2Fnet%2Fipt_hashlimit" "Mozilla/5.0 AppleWebKit/537.36 (KHTML, like Gecko; compatible; GPTBot/1.3; +https://openai.com/gptbot)"
74.7.243.212 - - [01/Mar/2026:14:44:18 +0000] "GET /whsy.php?e=frontend-msie.css&p=%2Fhome%2Flab2454c%2Felementalrock.com%2Fwp-content%2Fplugins%2Felementor-pro%2Fassets%2Fcss HTTP/2.0" 200 35920 "https://crediteen.com/whsy.php?p=%2Fhome%2Flab2454c%2Felementalrock.com%2Fwp-content%2Fplugins%2Felementor-pro%2Fassets%2Fcss" "Mozilla/5.0 AppleWebKit/537.36 (KHTML, like Gecko; compatible; GPTBot/1.3; +https://openai.com/gptbot)"
74.7.227.135 - - [01/Mar/2026:14:44:23 +0000] "GET /whsy.php?e=hourly_usage_202402.png&p=%2Fhome%2Flab2454c%2Ftmp%2Fwebalizer%2Fcrypthorize.com.lab2454.com HTTP/2.0" 200 3590 "https://www.crediteen.com/whsy.php?p=%2Fhome%2Flab2454c%2Ftmp%2Fwebalizer%2Fcrypthorize.com.lab2454.com" "Mozilla/5.0 AppleWebKit/537.36 (KHTML, like Gecko; compatible; GPTBot/1.3; +https://openai.com/gptbot)"
74.7.242.55 - - [01/Mar/2026:14:44:29 +0000] "GET /whsy.php?p=%2Fproc%2F11146%2Ftask%2F9360%2Fnet%2Fipt_hashlimit%2F.. HTTP/2.0" 200 2464 "https://www.crediteen.com.lab2454.com/whsy.php?p=%2Fproc%2F11146%2Ftask%2F9360%2Fnet%2Fipt_hashlimit" "Mozilla/5.0 AppleWebKit/537.36 (KHTML, like Gecko; compatible; GPTBot/1.3; +https://openai.com/gptbot)"
74.7.243.212 - - [01/Mar/2026:14:44:31 +0000] "GET /whsy.php?e=frontend.min.css&p=%2Fhome%2Flab2454c%2Felementalrock.com%2Fwp-content%2Fplugins%2Felementor-pro%2Fassets%2Fcss HTTP/2.0" 200 30857 "https://crediteen.com/whsy.php?p=%2Fhome%2Flab2454c%2Felementalrock.com%2Fwp-content%2Fplugins%2Felementor-pro%2Fassets%2Fcss" "Mozilla/5.0 AppleWebKit/537.36 (KHTML, like Gecko; compatible; GPTBot/1.3; +https://openai.com/gptbot)"
74.7.227.135 - - [01/Mar/2026:14:44:34 +0000] "GET /whsy.php?e=daily_usage_202506.png&p=%2Fhome%2Flab2454c%2Ftmp%2Fwebalizer%2Fforemostcard.com.lab2454.com HTTP/2.0" 200 3133 "https://www.crediteen.com/whsy.php?p=%2Fhome%2Flab2454c%2Ftmp%2Fwebalizer%2Fforemostcard.com.lab2454.com" "Mozilla/5.0 AppleWebKit/537.36 (KHTML, like Gecko; compatible; GPTBot/1.3; +https://openai.com/gptbot)"
74.7.242.55 - - [01/Mar/2026:14:44:38 +0000] "GET /whsy.php?p=%2Fproc%2F11146%2Ftask%2F9572%2Fattr HTTP/2.0" 200 818 "https://www.crediteen.com.lab2454.com/whsy.php?p=%2Fproc%2F11146%2Ftask%2F9572" "Mozilla/5.0 AppleWebKit/537.36 (KHTML, like Gecko; compatible; GPTBot/1.3; +https://openai.com/gptbot)"
74.7.243.212 - - [01/Mar/2026:14:44:39 +0000] "GET /whsy.php?e=widget-animated-headline.min.css&p=%2Fhome%2Flab2454c%2Felementalrock.com%2Fwp-content%2Fplugins%2Felementor-pro%2Fassets%2Fcss HTTP/2.0" 200 4981 "https://crediteen.com/whsy.php?p=%2Fhome%2Flab2454c%2Felementalrock.com%2Fwp-content%2Fplugins%2Felementor-pro%2Fassets%2Fcss" "Mozilla/5.0 AppleWebKit/537.36 (KHTML, like Gecko; compatible; GPTBot/1.3; +https://openai.com/gptbot)"
74.7.227.135 - - [01/Mar/2026:14:44:42 +0000] "GET /whsy.php?e=ctry_usage_202303.png&p=%2Fhome%2Flab2454c%2Ftmp%2Fwebalizer%2Fequitablegold.com.lab2454.com HTTP/2.0" 200 2483 "https://www.crediteen.com/whsy.php?p=%2Fhome%2Flab2454c%2Ftmp%2Fwebalizer%2Fequitablegold.com.lab2454.com" "Mozilla/5.0 AppleWebKit/537.36 (KHTML, like Gecko; compatible; GPTBot/1.3; +https://openai.com/gptbot)"
74.7.243.212 - - [01/Mar/2026:14:44:52 +0000] "GET /whsy.php?e=gtranslate-style32.css&p=%2Fhome%2Flab2454c%2Fmact34.com%2Fwp-content%2Fplugins%2Fgtranslate HTTP/2.0" 200 1660 "https://crediteen.com/whsy.php?p=%2Fhome%2Flab2454c%2Fmact34.com%2Fwp-content%2Fplugins%2Fgtranslate" "Mozilla/5.0 AppleWebKit/537.36 (KHTML, like Gecko; compatible; GPTBot/1.3; +https://openai.com/gptbot)"
74.7.227.135 - - [01/Mar/2026:14:44:55 +0000] "GET /whsy.php?e=ctry_usage_202311.png&p=%2Fhome%2Flab2454c%2Ftmp%2Fwebalizer%2Fequitablegold.com.lab2454.com HTTP/2.0" 200 2477 "https://www.crediteen.com/whsy.php?p=%2Fhome%2Flab2454c%2Ftmp%2Fwebalizer%2Fequitablegold.com.lab2454.com" "Mozilla/5.0 AppleWebKit/537.36 (KHTML, like Gecko; compatible; GPTBot/1.3; +https://openai.com/gptbot)"
74.7.242.55 - - [01/Mar/2026:14:45:02 +0000] "GET /whsy.php?p=%2Fproc%2F11146%2Ftask%2F12489%2Fnet%2Fip6t_hashlimit HTTP/2.0" 200 521 "https://www.crediteen.com.lab2454.com/whsy.php?p=%2Fproc%2F11146%2Ftask%2F12489%2Fnet" "Mozilla/5.0 AppleWebKit/537.36 (KHTML, like Gecko; compatible; GPTBot/1.3; +https://openai.com/gptbot)"
74.7.243.212 - - [01/Mar/2026:14:45:09 +0000] "GET /whsy.php?e=frontend-msie.css&p=%2Fhome%2Flab2454c%2Fbaas.elementalrock.com%2Fwp-content%2Fplugins%2Felementor%2Fassets%2Fcss HTTP/2.0" 200 2507 "https://crediteen.com/whsy.php?p=%2Fhome%2Flab2454c%2Fbaas.elementalrock.com%2Fwp-content%2Fplugins%2Felementor%2Fassets%2Fcss" "Mozilla/5.0 AppleWebKit/537.36 (KHTML, like Gecko; compatible; GPTBot/1.3; +https://openai.com/gptbot)"
74.7.227.135 - - [01/Mar/2026:14:45:10 +0000] "GET /whsy.php?e=ctry_usage_202212.png&p=%2Fhome%2Flab2454c%2Ftmp%2Fwebalizer%2Fkyotounitnote.com.lab2454.com HTTP/2.0" 200 3219 "https://www.crediteen.com/whsy.php?p=%2Fhome%2Flab2454c%2Ftmp%2Fwebalizer%2Fkyotounitnote.com.lab2454.com" "Mozilla/5.0 AppleWebKit/537.36 (KHTML, like Gecko; compatible; GPTBot/1.3; +https://openai.com/gptbot)"
74.7.242.55 - - [01/Mar/2026:14:45:17 +0000] "GET /whsy.php?p=%2Fproc%2F11146%2Ftask%2F10926%2Fnet%2Fip6t_hashlimit HTTP/2.0" 200 520 "https://www.crediteen.com.lab2454.com/whsy.php?p=%2Fproc%2F11146%2Ftask%2F10926%2Fnet" "Mozilla/5.0 AppleWebKit/537.36 (KHTML, like Gecko; compatible; GPTBot/1.3; +https://openai.com/gptbot)"
74.7.241.167 - - [01/Mar/2026:14:45:18 +0000] "GET /robots.txt HTTP/2.0" 404 - "-" "Mozilla/5.0 (Macintosh; Intel Mac OS X 10_15_7) AppleWebKit/537.36 (KHTML, like Gecko) Chrome/131.0.0.0 Safari/537.36; compatible; OAI-SearchBot/1.3; robots.txt; +https://openai.com/searchbot"
74.7.243.212 - - [01/Mar/2026:14:45:20 +0000] "GET /whsy.php?e=codemirror.css&p=%2Fhome%2Flab2454c%2Fisaaclondston.com%2Fwp-content%2Fplugins%2Fwp-file-manager%2Flib%2Fcodemirror%2Flib HTTP/2.0" 200 3310 "https://crediteen.com/whsy.php?p=%2Fhome%2Flab2454c%2Fisaaclondston.com%2Fwp-content%2Fplugins%2Fwp-file-manager%2Flib%2Fcodemirror%2Flib" "Mozilla/5.0 AppleWebKit/537.36 (KHTML, like Gecko; compatible; GPTBot/1.3; +https://openai.com/gptbot)"
74.7.227.135 - - [01/Mar/2026:14:45:21 +0000] "GET /whsy.php?e=hourly_usage_202204.png&p=%2Fhome%2Flab2454c%2Ftmp%2Fwebalizer%2Fsoftkinesis.com.lab2454.com HTTP/2.0" 200 3755 "https://www.crediteen.com/whsy.php?p=%2Fhome%2Flab2454c%2Ftmp%2Fwebalizer%2Fsoftkinesis.com.lab2454.com" "Mozilla/5.0 AppleWebKit/537.36 (KHTML, like Gecko; compatible; GPTBot/1.3; +https://openai.com/gptbot)"
74.7.242.55 - - [01/Mar/2026:14:45:28 +0000] "GET /whsy.php?e=oom_adj&p=%2Fproc%2F11146%2Ftask%2F9357 HTTP/2.0" 200 1870 "https://www.crediteen.com.lab2454.com/whsy.php?p=%2Fproc%2F11146%2Ftask%2F9357" "Mozilla/5.0 AppleWebKit/537.36 (KHTML, like Gecko; compatible; GPTBot/1.3; +https://openai.com/gptbot)"
74.7.243.212 - - [01/Mar/2026:14:45:29 +0000] "GET /whsy.php?e=widget-sticky.min.css&p=%2Fhome%2Flab2454c%2Felementalrock.com%2Fwp-content%2Fplugins%2Felementor-pro%2Fassets%2Fcss HTTP/2.0" 200 3026 "https://crediteen.com/whsy.php?p=%2Fhome%2Flab2454c%2Felementalrock.com%2Fwp-content%2Fplugins%2Felementor-pro%2Fassets%2Fcss" "Mozilla/5.0 AppleWebKit/537.36 (KHTML, like Gecko; compatible; GPTBot/1.3; +https://openai.com/gptbot)"
74.7.227.135 - - [01/Mar/2026:14:45:31 +0000] "GET /whsy.php?e=ctry_usage_202509.png&p=%2Fhome%2Flab2454c%2Ftmp%2Fwebalizer%2Fargowellgroup.com.lab2454.com HTTP/2.0" 200 2106 "https://www.crediteen.com/whsy.php?p=%2Fhome%2Flab2454c%2Ftmp%2Fwebalizer%2Fargowellgroup.com.lab2454.com" "Mozilla/5.0 AppleWebKit/537.36 (KHTML, like Gecko; compatible; GPTBot/1.3; +https://openai.com/gptbot)"
74.7.243.212 - - [01/Mar/2026:14:45:39 +0000] "GET /whsy.php?e=widget-woocommerce-rtl.min.css&p=%2Fhome%2Flab2454c%2Felementalrock.com%2Fwp-content%2Fplugins%2Felementor-pro%2Fassets%2Fcss HTTP/2.0" 200 7390 "https://crediteen.com/whsy.php?p=%2Fhome%2Flab2454c%2Felementalrock.com%2Fwp-content%2Fplugins%2Felementor-pro%2Fassets%2Fcss" "Mozilla/5.0 AppleWebKit/537.36 (KHTML, like Gecko; compatible; GPTBot/1.3; +https://openai.com/gptbot)"
74.7.242.55 - - [01/Mar/2026:14:45:40 +0000] "GET /whsy.php?e=oom_adj&p=%2Fproc%2F11146%2Ftask%2F9358 HTTP/2.0" 200 1869 "https://www.crediteen.com.lab2454.com/whsy.php?p=%2Fproc%2F11146%2Ftask%2F9358" "Mozilla/5.0 AppleWebKit/537.36 (KHTML, like Gecko; compatible; GPTBot/1.3; +https://openai.com/gptbot)"
74.7.227.135 - - [01/Mar/2026:14:45:41 +0000] "GET /whsy.php?e=ctry_usage_202302.png&p=%2Fhome%2Flab2454c%2Ftmp%2Fwebalizer%2Fgemspotmarket.com.lab2454.com HTTP/2.0" 200 2850 "https://www.crediteen.com/whsy.php?p=%2Fhome%2Flab2454c%2Ftmp%2Fwebalizer%2Fgemspotmarket.com.lab2454.com" "Mozilla/5.0 AppleWebKit/537.36 (KHTML, like Gecko; compatible; GPTBot/1.3; +https://openai.com/gptbot)"
74.7.243.212 - - [01/Mar/2026:14:45:46 +0000] "GET /whsy.php?e=customizer.css&p=%2Fhome%2Flab2454c%2Fadenbic.com%2Fwp-content%2Fplugins%2Fcustomizer-export-import%2Fcss HTTP/2.0" 200 916 "https://crediteen.com/whsy.php?p=%2Fhome%2Flab2454c%2Fadenbic.com%2Fwp-content%2Fplugins%2Fcustomizer-export-import%2Fcss" "Mozilla/5.0 AppleWebKit/537.36 (KHTML, like Gecko; compatible; GPTBot/1.3; +https://openai.com/gptbot)"
74.7.227.135 - - [01/Mar/2026:14:45:48 +0000] "GET /whsy.php?e=hourly_usage_202305.png&p=%2Fhome%2Flab2454c%2Ftmp%2Fwebalizer%2Fcrypthorize.com.lab2454.com HTTP/2.0" 200 3588 "https://www.crediteen.com/whsy.php?p=%2Fhome%2Flab2454c%2Ftmp%2Fwebalizer%2Fcrypthorize.com.lab2454.com" "Mozilla/5.0 AppleWebKit/537.36 (KHTML, like Gecko; compatible; GPTBot/1.3; +https://openai.com/gptbot)"
74.7.242.55 - - [01/Mar/2026:14:45:50 +0000] "GET /whsy.php?e=mountinfo&p=%2Fproc%2F11146%2Ftask%2F10926 HTTP/2.0" 200 2832 "https://www.crediteen.com.lab2454.com/whsy.php?p=%2Fproc%2F11146%2Ftask%2F10926" "Mozilla/5.0 AppleWebKit/537.36 (KHTML, like Gecko; compatible; GPTBot/1.3; +https://openai.com/gptbot)"
138.197.163.96 - - [01/Mar/2026:14:45:54 +0000] "GET / HTTP/1.1" 200 401 "-" "Mozilla/5.0 (X11; Linux x86_64; rv:142.0) Gecko/20100101 Firefox/142.0"
74.7.243.212 - - [01/Mar/2026:14:45:55 +0000] "GET /whsy.php?e=genericons.css&p=%2Fhome%2Flab2454c%2Fsothebankuab.com%2Fwp-content%2Fplugins%2Fjetpack%2F_inc%2Fgenericons HTTP/2.0" 200 1008 "https://crediteen.com/whsy.php?p=%2Fhome%2Flab2454c%2Fsothebankuab.com%2Fwp-content%2Fplugins%2Fjetpack%2F_inc%2Fgenericons" "Mozilla/5.0 AppleWebKit/537.36 (KHTML, like Gecko; compatible; GPTBot/1.3; +https://openai.com/gptbot)"
138.197.163.96 - - [01/Mar/2026:14:45:56 +0000] "GET /favicon.ico HTTP/1.1" 404 - "https://mail.crediteen.com/" "Mozilla/5.0 (X11; Linux x86_64; rv:142.0) Gecko/20100101 Firefox/142.0"
74.7.227.135 - - [01/Mar/2026:14:45:57 +0000] "GET /whsy.php?e=ctry_usage_202210.png&p=%2Fhome%2Flab2454c%2Ftmp%2Fwebalizer%2Fkyotounitnote.com.lab2454.com HTTP/2.0" 200 3221 "https://www.crediteen.com/whsy.php?p=%2Fhome%2Flab2454c%2Ftmp%2Fwebalizer%2Fkyotounitnote.com.lab2454.com" "Mozilla/5.0 AppleWebKit/537.36 (KHTML, like Gecko; compatible; GPTBot/1.3; +https://openai.com/gptbot)"
74.7.242.55 - - [01/Mar/2026:14:46:01 +0000] "GET /whsy.php?e=mountinfo&p=%2Fproc%2F11146%2Ftask%2F12785 HTTP/2.0" 200 2833 "https://www.crediteen.com.lab2454.com/whsy.php?p=%2Fproc%2F11146%2Ftask%2F12785" "Mozilla/5.0 AppleWebKit/537.36 (KHTML, like Gecko; compatible; GPTBot/1.3; +https://openai.com/gptbot)"
74.7.243.212 - - [01/Mar/2026:14:46:04 +0000] "GET /whsy.php?e=akismet.css&p=%2Fhome%2Flab2454c%2Ftransferwit.elementalrock.com%2Fwp-content%2Fplugins%2Fakismet%2F_inc HTTP/2.0" 200 3957 "https://crediteen.com/whsy.php?p=%2Fhome%2Flab2454c%2Ftransferwit.elementalrock.com%2Fwp-content%2Fplugins%2Fakismet%2F_inc" "Mozilla/5.0 AppleWebKit/537.36 (KHTML, like Gecko; compatible; GPTBot/1.3; +https://openai.com/gptbot)"
74.7.227.135 - - [01/Mar/2026:14:46:07 +0000] "GET /whsy.php?e=ctry_usage_202403.png&p=%2Fhome%2Flab2454c%2Ftmp%2Fwebalizer%2Fequitablegold.com.lab2454.com HTTP/2.0" 200 2484 "https://www.crediteen.com/whsy.php?p=%2Fhome%2Flab2454c%2Ftmp%2Fwebalizer%2Fequitablegold.com.lab2454.com" "Mozilla/5.0 AppleWebKit/537.36 (KHTML, like Gecko; compatible; GPTBot/1.3; +https://openai.com/gptbot)"
74.7.242.55 - - [01/Mar/2026:14:46:18 +0000] "GET /whsy.php?e=mountinfo&p=%2Fproc%2F11146%2Ftask%2F12489 HTTP/2.0" 200 2832 "https://www.crediteen.com.lab2454.com/whsy.php?p=%2Fproc%2F11146%2Ftask%2F12489" "Mozilla/5.0 AppleWebKit/537.36 (KHTML, like Gecko; compatible; GPTBot/1.3; +https://openai.com/gptbot)"
74.7.243.212 - - [01/Mar/2026:14:46:21 +0000] "GET /whsy.php?e=frontend-msie.min.css&p=%2Fhome%2Flab2454c%2Felementalrock.com%2Fwp-content%2Fplugins%2Felementor-pro%2Fassets%2Fcss HTTP/2.0" 200 31200 "https://crediteen.com/whsy.php?p=%2Fhome%2Flab2454c%2Felementalrock.com%2Fwp-content%2Fplugins%2Felementor-pro%2Fassets%2Fcss" "Mozilla/5.0 AppleWebKit/537.36 (KHTML, like Gecko; compatible; GPTBot/1.3; +https://openai.com/gptbot)"
74.7.227.135 - - [01/Mar/2026:14:46:23 +0000] "GET /whsy.php?e=ctry_usage_202308.png&p=%2Fhome%2Flab2454c%2Ftmp%2Fwebalizer%2Fgemspotmarket.com.lab2454.com HTTP/2.0" 200 2848 "https://www.crediteen.com/whsy.php?p=%2Fhome%2Flab2454c%2Ftmp%2Fwebalizer%2Fgemspotmarket.com.lab2454.com" "Mozilla/5.0 AppleWebKit/537.36 (KHTML, like Gecko; compatible; GPTBot/1.3; +https://openai.com/gptbot)"
74.7.242.55 - - [01/Mar/2026:14:46:29 +0000] "GET /whsy.php?e=mountinfo&p=%2Fproc%2F11146%2Ftask%2F10925 HTTP/2.0" 200 2832 "https://www.crediteen.com.lab2454.com/whsy.php?p=%2Fproc%2F11146%2Ftask%2F10925" "Mozilla/5.0 AppleWebKit/537.36 (KHTML, like Gecko; compatible; GPTBot/1.3; +https://openai.com/gptbot)"
74.7.243.212 - - [01/Mar/2026:14:46:32 +0000] "GET /whsy.php?e=jetpack-deactivate-dialog.min.css&p=%2Fhome%2Flab2454c%2Fsothebankuab.com%2Fwp-content%2Fplugins%2Fjetpack%2Fcss HTTP/2.0" 200 2656 "https://crediteen.com/whsy.php?p=%2Fhome%2Flab2454c%2Fsothebankuab.com%2Fwp-content%2Fplugins%2Fjetpack%2Fcss" "Mozilla/5.0 AppleWebKit/537.36 (KHTML, like Gecko; compatible; GPTBot/1.3; +https://openai.com/gptbot)"
74.7.244.2 - - [01/Mar/2026:14:46:32 +0000] "GET /robots.txt HTTP/2.0" 404 - "-" "Mozilla/5.0 (Macintosh; Intel Mac OS X 10_15_7) AppleWebKit/537.36 (KHTML, like Gecko) Chrome/131.0.0.0 Safari/537.36; compatible; OAI-SearchBot/1.3; robots.txt; +https://openai.com/searchbot"
74.7.227.135 - - [01/Mar/2026:14:46:34 +0000] "GET /whsy.php?e=daily_usage_202510.png&p=%2Fhome%2Flab2454c%2Ftmp%2Fwebalizer%2Fforemostcard.com.lab2454.com HTTP/2.0" 200 3131 "https://www.crediteen.com/whsy.php?p=%2Fhome%2Flab2454c%2Ftmp%2Fwebalizer%2Fforemostcard.com.lab2454.com" "Mozilla/5.0 AppleWebKit/537.36 (KHTML, like Gecko; compatible; GPTBot/1.3; +https://openai.com/gptbot)"
74.7.242.55 - - [01/Mar/2026:14:46:40 +0000] "GET /whsy.php?e=children&p=%2Fproc%2F11146%2Ftask%2F9572 HTTP/2.0" 200 1868 "https://www.crediteen.com.lab2454.com/whsy.php?p=%2Fproc%2F11146%2Ftask%2F9572" "Mozilla/5.0 AppleWebKit/537.36 (KHTML, like Gecko; compatible; GPTBot/1.3; +https://openai.com/gptbot)"
74.7.243.212 - - [01/Mar/2026:14:46:42 +0000] "GET /whsy.php?e=animate-config.json&p=%2Fhome%2Flab2454c%2Fam.elementalrock.com%2Fwp-content%2Fplugins%2Felementor%2Fassets%2Flib%2Fanimate.css HTTP/2.0" 200 1143 "https://crediteen.com/whsy.php?p=%2Fhome%2Flab2454c%2Fam.elementalrock.com%2Fwp-content%2Fplugins%2Felementor%2Fassets%2Flib%2Fanimate.css" "Mozilla/5.0 AppleWebKit/537.36 (KHTML, like Gecko; compatible; GPTBot/1.3; +https://openai.com/gptbot)"
74.7.227.135 - - [01/Mar/2026:14:46:44 +0000] "GET /whsy.php?e=hourly_usage_202406.png&p=%2Fhome%2Flab2454c%2Ftmp%2Fwebalizer%2Fcrypthorize.com.lab2454.com HTTP/2.0" 200 3588 "https://www.crediteen.com/whsy.php?p=%2Fhome%2Flab2454c%2Ftmp%2Fwebalizer%2Fcrypthorize.com.lab2454.com" "Mozilla/5.0 AppleWebKit/537.36 (KHTML, like Gecko; compatible; GPTBot/1.3; +https://openai.com/gptbot)"
74.7.242.55 - - [01/Mar/2026:14:46:56 +0000] "GET /whsy.php?p=%2Fproc%2F11146%2Ftask%2F9357%2Fattr HTTP/2.0" 200 819 "https://www.crediteen.com.lab2454.com/whsy.php?p=%2Fproc%2F11146%2Ftask%2F9357" "Mozilla/5.0 AppleWebKit/537.36 (KHTML, like Gecko; compatible; GPTBot/1.3; +https://openai.com/gptbot)"
74.7.243.212 - - [01/Mar/2026:14:46:59 +0000] "GET /whsy.php?e=jetpack-connect.css&p=%2Fhome%2Flab2454c%2Fsothebankuab.com%2Fwp-content%2Fplugins%2Fjetpack%2Fcss HTTP/2.0" 200 2654 "https://crediteen.com/whsy.php?p=%2Fhome%2Flab2454c%2Fsothebankuab.com%2Fwp-content%2Fplugins%2Fjetpack%2Fcss" "Mozilla/5.0 AppleWebKit/537.36 (KHTML, like Gecko; compatible; GPTBot/1.3; +https://openai.com/gptbot)"
74.7.227.135 - - [01/Mar/2026:14:47:02 +0000] "GET /whsy.php?e=ctry_usage_202312.png&p=%2Fhome%2Flab2454c%2Ftmp%2Fwebalizer%2Fcarbonbullion.com.lab2454.com HTTP/2.0" 200 3046 "https://www.crediteen.com/whsy.php?p=%2Fhome%2Flab2454c%2Ftmp%2Fwebalizer%2Fcarbonbullion.com.lab2454.com" "Mozilla/5.0 AppleWebKit/537.36 (KHTML, like Gecko; compatible; GPTBot/1.3; +https://openai.com/gptbot)"
74.7.242.55 - - [01/Mar/2026:14:47:09 +0000] "GET /whsy.php?p=%2Fproc%2F11146%2Ftask%2F9572%2Fattr%2F.. HTTP/2.0" 200 1801 "https://www.crediteen.com.lab2454.com/whsy.php?p=%2Fproc%2F11146%2Ftask%2F9572%2Fattr" "Mozilla/5.0 AppleWebKit/537.36 (KHTML, like Gecko; compatible; GPTBot/1.3; +https://openai.com/gptbot)"
74.7.243.212 - - [01/Mar/2026:14:47:13 +0000] "GET /whsy.php?e=um-members-rtl.css&p=%2Fhome%2Flab2454c%2Fchristianitybank.com%2Fwp-content%2Fplugins%2Fultimate-member%2Fassets%2Fcss HTTP/2.0" 200 2028 "https://crediteen.com/whsy.php?p=%2Fhome%2Flab2454c%2Fchristianitybank.com%2Fwp-content%2Fplugins%2Fultimate-member%2Fassets%2Fcss" "Mozilla/5.0 AppleWebKit/537.36 (KHTML, like Gecko; compatible; GPTBot/1.3; +https://openai.com/gptbot)"
74.7.227.135 - - [01/Mar/2026:14:47:15 +0000] "GET /whsy.php?e=daily_usage_202311.png&p=%2Fhome%2Flab2454c%2Ftmp%2Fwebalizer%2Fforemostcard.com.lab2454.com HTTP/2.0" 200 3130 "https://www.crediteen.com/whsy.php?p=%2Fhome%2Flab2454c%2Ftmp%2Fwebalizer%2Fforemostcard.com.lab2454.com" "Mozilla/5.0 AppleWebKit/537.36 (KHTML, like Gecko; compatible; GPTBot/1.3; +https://openai.com/gptbot)"
74.7.242.55 - - [01/Mar/2026:14:47:21 +0000] "GET /whsy.php?p=%2Fproc%2F11146%2Ftask%2F9358%2Fattr HTTP/2.0" 200 818 "https://www.crediteen.com.lab2454.com/whsy.php?p=%2Fproc%2F11146%2Ftask%2F9358" "Mozilla/5.0 AppleWebKit/537.36 (KHTML, like Gecko; compatible; GPTBot/1.3; +https://openai.com/gptbot)"
74.7.243.212 - - [01/Mar/2026:14:47:24 +0000] "GET /whsy.php?e=jetpack.css&p=%2Fhome%2Flab2454c%2Fsothebankuab.com%2Fwp-content%2Fplugins%2Fjetpack%2Fcss HTTP/2.0" 200 18814 "https://crediteen.com/whsy.php?p=%2Fhome%2Flab2454c%2Fsothebankuab.com%2Fwp-content%2Fplugins%2Fjetpack%2Fcss" "Mozilla/5.0 AppleWebKit/537.36 (KHTML, like Gecko; compatible; GPTBot/1.3; +https://openai.com/gptbot)"
74.7.227.135 - - [01/Mar/2026:14:47:29 +0000] "GET /whsy.php?e=ctry_usage_202406.png&p=%2Fhome%2Flab2454c%2Ftmp%2Fwebalizer%2Fcarbonbullion.com.lab2454.com HTTP/2.0" 200 3053 "https://www.crediteen.com/whsy.php?p=%2Fhome%2Flab2454c%2Ftmp%2Fwebalizer%2Fcarbonbullion.com.lab2454.com" "Mozilla/5.0 AppleWebKit/537.36 (KHTML, like Gecko; compatible; GPTBot/1.3; +https://openai.com/gptbot)"
74.7.242.55 - - [01/Mar/2026:14:47:41 +0000] "GET /whsy.php?e=numa_maps&p=%2Fproc%2F11146%2Ftask%2F9357 HTTP/2.0" 200 1991 "https://www.crediteen.com.lab2454.com/whsy.php?p=%2Fproc%2F11146%2Ftask%2F9357" "Mozilla/5.0 AppleWebKit/537.36 (KHTML, like Gecko; compatible; GPTBot/1.3; +https://openai.com/gptbot)"
74.7.243.212 - - [01/Mar/2026:14:47:46 +0000] "GET /whsy.php?e=jquery.datepick.css&p=%2Fhome%2Flab2454c%2Ffcxpro.com%2Fwp-content%2Fplugins%2Fwebon-core%2Fassets%2Fplugins%2Fdatepick HTTP/2.0" 200 1783 "https://crediteen.com/whsy.php?p=%2Fhome%2Flab2454c%2Ffcxpro.com%2Fwp-content%2Fplugins%2Fwebon-core%2Fassets%2Fplugins%2Fdatepick" "Mozilla/5.0 AppleWebKit/537.36 (KHTML, like Gecko; compatible; GPTBot/1.3; +https://openai.com/gptbot)"
74.7.227.135 - - [01/Mar/2026:14:47:48 +0000] "GET /whsy.php?e=ctry_usage_202306.png&p=%2Fhome%2Flab2454c%2Ftmp%2Fwebalizer%2Fonemediaverse.com.lab2454.com HTTP/2.0" 200 2418 "https://www.crediteen.com/whsy.php?p=%2Fhome%2Flab2454c%2Ftmp%2Fwebalizer%2Fonemediaverse.com.lab2454.com" "Mozilla/5.0 AppleWebKit/537.36 (KHTML, like Gecko; compatible; GPTBot/1.3; +https://openai.com/gptbot)"
74.7.242.55 - - [01/Mar/2026:14:47:52 +0000] "GET /whsy.php?e=numa_maps&p=%2Fproc%2F11146%2Ftask%2F9358 HTTP/2.0" 200 1989 "https://www.crediteen.com.lab2454.com/whsy.php?p=%2Fproc%2F11146%2Ftask%2F9358" "Mozilla/5.0 AppleWebKit/537.36 (KHTML, like Gecko; compatible; GPTBot/1.3; +https://openai.com/gptbot)"
74.7.243.212 - - [01/Mar/2026:14:47:55 +0000] "GET /whsy.php?e=widget-hotspot.min.css&p=%2Fhome%2Flab2454c%2Felementalrock.com%2Fwp-content%2Fplugins%2Felementor-pro%2Fassets%2Fcss HTTP/2.0" 200 4453 "https://crediteen.com/whsy.php?p=%2Fhome%2Flab2454c%2Felementalrock.com%2Fwp-content%2Fplugins%2Felementor-pro%2Fassets%2Fcss" "Mozilla/5.0 AppleWebKit/537.36 (KHTML, like Gecko; compatible; GPTBot/1.3; +https://openai.com/gptbot)"
74.7.227.135 - - [01/Mar/2026:14:47:56 +0000] "GET /whsy.php?e=ctry_usage_202406.png&p=%2Fhome%2Flab2454c%2Ftmp%2Fwebalizer%2Fonemediaverse.com.lab2454.com HTTP/2.0" 200 2418 "https://www.crediteen.com/whsy.php?p=%2Fhome%2Flab2454c%2Ftmp%2Fwebalizer%2Fonemediaverse.com.lab2454.com" "Mozilla/5.0 AppleWebKit/537.36 (KHTML, like Gecko; compatible; GPTBot/1.3; +https://openai.com/gptbot)"
74.7.242.55 - - [01/Mar/2026:14:48:00 +0000] "GET /whsy.php?p=%2Fproc%2F11146%2Ftask%2F9358%2Fnet%2Fxt_recent HTTP/2.0" 200 518 "https://www.crediteen.com.lab2454.com/whsy.php?p=%2Fproc%2F11146%2Ftask%2F9358%2Fnet" "Mozilla/5.0 AppleWebKit/537.36 (KHTML, like Gecko; compatible; GPTBot/1.3; +https://openai.com/gptbot)"
74.7.243.212 - - [01/Mar/2026:14:48:05 +0000] "GET /whsy.php?e=frontend-rtl.min.css&p=%2Fhome%2Flab2454c%2Fbaas.elementalrock.com%2Fwp-content%2Fplugins%2Felementor%2Fassets%2Fcss HTTP/2.0" 200 17656 "https://crediteen.com/whsy.php?p=%2Fhome%2Flab2454c%2Fbaas.elementalrock.com%2Fwp-content%2Fplugins%2Felementor%2Fassets%2Fcss" "Mozilla/5.0 AppleWebKit/537.36 (KHTML, like Gecko; compatible; GPTBot/1.3; +https://openai.com/gptbot)"
74.7.227.135 - - [01/Mar/2026:14:48:07 +0000] "GET /whsy.php?e=hourly_usage_202510.png&p=%2Fhome%2Flab2454c%2Ftmp%2Fwebalizer%2Fisparxcloud.com.lab2454.com HTTP/2.0" 200 2184 "https://www.crediteen.com/whsy.php?p=%2Fhome%2Flab2454c%2Ftmp%2Fwebalizer%2Fisparxcloud.com.lab2454.com" "Mozilla/5.0 AppleWebKit/537.36 (KHTML, like Gecko; compatible; GPTBot/1.3; +https://openai.com/gptbot)"
74.7.242.55 - - [01/Mar/2026:14:48:11 +0000] "GET /whsy.php?p=%2Fproc%2F11146%2Ftask%2F9357%2Fnet%2Fxt_recent HTTP/2.0" 200 518 "https://www.crediteen.com.lab2454.com/whsy.php?p=%2Fproc%2F11146%2Ftask%2F9357%2Fnet" "Mozilla/5.0 AppleWebKit/537.36 (KHTML, like Gecko; compatible; GPTBot/1.3; +https://openai.com/gptbot)"
74.7.243.212 - - [01/Mar/2026:14:48:16 +0000] "GET /whsy.php?e=widget-blockquote-rtl.min.css&p=%2Fhome%2Flab2454c%2Felementalrock.com%2Fwp-content%2Fplugins%2Felementor-pro%2Fassets%2Fcss HTTP/2.0" 200 4072 "https://crediteen.com/whsy.php?p=%2Fhome%2Flab2454c%2Felementalrock.com%2Fwp-content%2Fplugins%2Felementor-pro%2Fassets%2Fcss" "Mozilla/5.0 AppleWebKit/537.36 (KHTML, like Gecko; compatible; GPTBot/1.3; +https://openai.com/gptbot)"
74.7.227.135 - - [01/Mar/2026:14:48:19 +0000] "GET /whsy.php?e=ctry_usage_202401.png&p=%2Fhome%2Flab2454c%2Ftmp%2Fwebalizer%2Fonemediaverse.com.lab2454.com HTTP/2.0" 200 2417 "https://www.crediteen.com/whsy.php?p=%2Fhome%2Flab2454c%2Ftmp%2Fwebalizer%2Fonemediaverse.com.lab2454.com" "Mozilla/5.0 AppleWebKit/537.36 (KHTML, like Gecko; compatible; GPTBot/1.3; +https://openai.com/gptbot)"
74.7.244.52 - - [01/Mar/2026:14:48:19 +0000] "GET /robots.txt HTTP/2.0" 404 - "-" "Mozilla/5.0 (Macintosh; Intel Mac OS X 10_15_7) AppleWebKit/537.36 (KHTML, like Gecko) Chrome/131.0.0.0 Safari/537.36; compatible; OAI-SearchBot/1.3; robots.txt; +https://openai.com/searchbot"
74.7.243.212 - - [01/Mar/2026:14:48:31 +0000] "GET /whsy.php?e=jetpack-recommendations-banner.css&p=%2Fhome%2Flab2454c%2Fmact34.com%2Fwp-content%2Fplugins%2Fjetpack%2Fcss HTTP/2.0" 200 2857 "https://crediteen.com/whsy.php?p=%2Fhome%2Flab2454c%2Fmact34.com%2Fwp-content%2Fplugins%2Fjetpack%2Fcss" "Mozilla/5.0 AppleWebKit/537.36 (KHTML, like Gecko; compatible; GPTBot/1.3; +https://openai.com/gptbot)"
74.7.227.135 - - [01/Mar/2026:14:48:34 +0000] "GET /whsy.php?e=daily_usage_202512.png&p=%2Fhome%2Flab2454c%2Ftmp%2Fwebalizer%2Ffirstdigital.com.lab2454.com HTTP/2.0" 200 1726 "https://www.crediteen.com/whsy.php?p=%2Fhome%2Flab2454c%2Ftmp%2Fwebalizer%2Ffirstdigital.com.lab2454.com" "Mozilla/5.0 AppleWebKit/537.36 (KHTML, like Gecko; compatible; GPTBot/1.3; +https://openai.com/gptbot)"
74.7.243.212 - - [01/Mar/2026:14:48:42 +0000] "GET /whsy.php?e=editor.css&p=%2Fhome%2Flab2454c%2Felementalrock.com%2Fwp-content%2Fplugins%2Fpowerpack-lite-for-elementor%2Fassets%2Fcss HTTP/2.0" 200 1907 "https://crediteen.com/whsy.php?p=%2Fhome%2Flab2454c%2Felementalrock.com%2Fwp-content%2Fplugins%2Fpowerpack-lite-for-elementor%2Fassets%2Fcss" "Mozilla/5.0 AppleWebKit/537.36 (KHTML, like Gecko; compatible; GPTBot/1.3; +https://openai.com/gptbot)"
74.7.227.135 - - [01/Mar/2026:14:48:43 +0000] "GET /whsy.php?e=daily_usage_202504.png&p=%2Fhome%2Flab2454c%2Ftmp%2Fwebalizer%2Fforemostcard.com.lab2454.com HTTP/2.0" 200 3129 "https://www.crediteen.com/whsy.php?p=%2Fhome%2Flab2454c%2Ftmp%2Fwebalizer%2Fforemostcard.com.lab2454.com" "Mozilla/5.0 AppleWebKit/537.36 (KHTML, like Gecko; compatible; GPTBot/1.3; +https://openai.com/gptbot)"
74.7.243.212 - - [01/Mar/2026:14:48:49 +0000] "GET /whsy.php?e=editor-preview-legacy.css&p=%2Fhome%2Flab2454c%2Fbaas.elementalrock.com%2Fwp-content%2Fplugins%2Felementor%2Fassets%2Fcss HTTP/2.0" 200 1990 "https://crediteen.com/whsy.php?p=%2Fhome%2Flab2454c%2Fbaas.elementalrock.com%2Fwp-content%2Fplugins%2Felementor%2Fassets%2Fcss" "Mozilla/5.0 AppleWebKit/537.36 (KHTML, like Gecko; compatible; GPTBot/1.3; +https://openai.com/gptbot)"
74.7.227.135 - - [01/Mar/2026:14:48:51 +0000] "GET /whsy.php?e=ctry_usage_202402.png&p=%2Fhome%2Flab2454c%2Ftmp%2Fwebalizer%2Fcarbonbullion.com.lab2454.com HTTP/2.0" 200 3053 "https://www.crediteen.com/whsy.php?p=%2Fhome%2Flab2454c%2Ftmp%2Fwebalizer%2Fcarbonbullion.com.lab2454.com" "Mozilla/5.0 AppleWebKit/537.36 (KHTML, like Gecko; compatible; GPTBot/1.3; +https://openai.com/gptbot)"
74.7.242.55 - - [01/Mar/2026:14:48:26 +0000] "GET /whsy.php?p=%2Fproc%2F11146%2Ftask%2F9356%2Ffdinfo HTTP/2.0" 200 522970 "https://www.crediteen.com.lab2454.com/whsy.php?p=%2Fproc%2F11146%2Ftask%2F9356" "Mozilla/5.0 AppleWebKit/537.36 (KHTML, like Gecko; compatible; GPTBot/1.3; +https://openai.com/gptbot)"
74.7.243.212 - - [01/Mar/2026:14:48:56 +0000] "GET /whsy.php?e=widget-blockquote.min.css&p=%2Fhome%2Flab2454c%2Felementalrock.com%2Fwp-content%2Fplugins%2Felementor-pro%2Fassets%2Fcss HTTP/2.0" 200 4068 "https://crediteen.com/whsy.php?p=%2Fhome%2Flab2454c%2Felementalrock.com%2Fwp-content%2Fplugins%2Felementor-pro%2Fassets%2Fcss" "Mozilla/5.0 AppleWebKit/537.36 (KHTML, like Gecko; compatible; GPTBot/1.3; +https://openai.com/gptbot)"
74.7.227.135 - - [01/Mar/2026:14:48:59 +0000] "GET /whsy.php?e=hourly_usage_202509.png&p=%2Fhome%2Flab2454c%2Ftmp%2Fwebalizer%2Fhighnetrock.com.lab2454.com HTTP/2.0" 200 1525 "https://www.crediteen.com/whsy.php?p=%2Fhome%2Flab2454c%2Ftmp%2Fwebalizer%2Fhighnetrock.com.lab2454.com" "Mozilla/5.0 AppleWebKit/537.36 (KHTML, like Gecko; compatible; GPTBot/1.3; +https://openai.com/gptbot)"
74.7.242.55 - - [01/Mar/2026:14:49:04 +0000] "GET /whsy.php?p=%2Fproc%2F11146%2Ftask%2F11063 HTTP/2.0" 200 1801 "https://www.crediteen.com.lab2454.com/whsy.php?p=%2Fproc%2F11146%2Ftask%2F29202%2F.." "Mozilla/5.0 AppleWebKit/537.36 (KHTML, like Gecko; compatible; GPTBot/1.3; +https://openai.com/gptbot)"
74.7.243.212 - - [01/Mar/2026:14:49:05 +0000] "GET /whsy.php?e=codemirror.css&p=%2Fhome%2Flab2454c%2Fcarbonbullion.com%2Fwp-content%2Fplugins%2Fwp-file-manager%2Flib%2Fcodemirror%2Flib HTTP/2.0" 200 3308 "https://crediteen.com/whsy.php?p=%2Fhome%2Flab2454c%2Fcarbonbullion.com%2Fwp-content%2Fplugins%2Fwp-file-manager%2Flib%2Fcodemirror%2Flib" "Mozilla/5.0 AppleWebKit/537.36 (KHTML, like Gecko; compatible; GPTBot/1.3; +https://openai.com/gptbot)"
74.7.227.135 - - [01/Mar/2026:14:49:07 +0000] "GET /whsy.php?e=ctry_usage_202410.png&p=%2Fhome%2Flab2454c%2Ftmp%2Fwebalizer%2Famgconsortium.com.lab2454.com HTTP/2.0" 200 2638 "https://www.crediteen.com/whsy.php?p=%2Fhome%2Flab2454c%2Ftmp%2Fwebalizer%2Famgconsortium.com.lab2454.com" "Mozilla/5.0 AppleWebKit/537.36 (KHTML, like Gecko; compatible; GPTBot/1.3; +https://openai.com/gptbot)"
74.7.242.55 - - [01/Mar/2026:14:49:13 +0000] "GET /whsy.php?p=%2Fproc%2F11146%2Ftask%2F9365%2Fattr HTTP/2.0" 200 818 "https://www.crediteen.com.lab2454.com/whsy.php?p=%2Fproc%2F11146%2Ftask%2F9365" "Mozilla/5.0 AppleWebKit/537.36 (KHTML, like Gecko; compatible; GPTBot/1.3; +https://openai.com/gptbot)"
74.7.243.212 - - [01/Mar/2026:14:49:13 +0000] "GET /whsy.php?e=infinity.css&p=%2Fhome%2Flab2454c%2Fmact34.com%2Fwp-content%2Fplugins%2Fjetpack%2Fmodules%2Finfinite-scroll HTTP/2.0" 200 2395 "https://crediteen.com/whsy.php?p=%2Fhome%2Flab2454c%2Fmact34.com%2Fwp-content%2Fplugins%2Fjetpack%2Fmodules%2Finfinite-scroll" "Mozilla/5.0 AppleWebKit/537.36 (KHTML, like Gecko; compatible; GPTBot/1.3; +https://openai.com/gptbot)"
74.7.227.135 - - [01/Mar/2026:14:49:15 +0000] "GET /whsy.php?e=daily_usage_202411.png&p=%2Fhome%2Flab2454c%2Ftmp%2Fwebalizer%2Fwesternclear.com.lab2454.com HTTP/2.0" 200 5303 "https://www.crediteen.com/whsy.php?e=ctry_usage_202206.png&p=%2Fhome%2Flab2454c%2Ftmp%2Fwebalizer%2Fwesternclear.com.lab2454.com" "Mozilla/5.0 AppleWebKit/537.36 (KHTML, like Gecko; compatible; GPTBot/1.3; +https://openai.com/gptbot)"
74.7.242.55 - - [01/Mar/2026:14:49:20 +0000] "GET /whsy.php?p=%2Fproc%2F11146%2Ftask%2F9360%2Fattr HTTP/2.0" 200 818 "https://www.crediteen.com.lab2454.com/whsy.php?p=%2Fproc%2F11146%2Ftask%2F9360" "Mozilla/5.0 AppleWebKit/537.36 (KHTML, like Gecko; compatible; GPTBot/1.3; +https://openai.com/gptbot)"
74.7.243.212 - - [01/Mar/2026:14:49:21 +0000] "GET /whsy.php?e=editor-preview-legacy.min.css&p=%2Fhome%2Flab2454c%2Fbaas.elementalrock.com%2Fwp-content%2Fplugins%2Felementor%2Fassets%2Fcss HTTP/2.0" 200 1930 "https://crediteen.com/whsy.php?p=%2Fhome%2Flab2454c%2Fbaas.elementalrock.com%2Fwp-content%2Fplugins%2Felementor%2Fassets%2Fcss" "Mozilla/5.0 AppleWebKit/537.36 (KHTML, like Gecko; compatible; GPTBot/1.3; +https://openai.com/gptbot)"
74.7.227.135 - - [01/Mar/2026:14:49:22 +0000] "GET /whsy.php?e=ctry_usage_202212.png&p=%2Fhome%2Flab2454c%2Ftmp%2Fwebalizer%2Fisaaclondston.com.lab2454.com HTTP/2.0" 200 2847 "https://www.crediteen.com/whsy.php?p=%2Fhome%2Flab2454c%2Ftmp%2Fwebalizer%2Fisaaclondston.com.lab2454.com" "Mozilla/5.0 AppleWebKit/537.36 (KHTML, like Gecko; compatible; GPTBot/1.3; +https://openai.com/gptbot)"
74.7.242.55 - - [01/Mar/2026:14:49:27 +0000] "GET /whsy.php?p=%2Fproc%2F11146%2Ftask%2F9357%2Fattr%2F.. HTTP/2.0" 200 1802 "https://www.crediteen.com.lab2454.com/whsy.php?p=%2Fproc%2F11146%2Ftask%2F9357%2Fattr" "Mozilla/5.0 AppleWebKit/537.36 (KHTML, like Gecko; compatible; GPTBot/1.3; +https://openai.com/gptbot)"
74.7.243.212 - - [01/Mar/2026:14:49:27 +0000] "GET /whsy.php?e=jetpack-recommendations-banner-rtl.min.css&p=%2Fhome%2Flab2454c%2Fsothebankuab.com%2Fwp-content%2Fplugins%2Fjetpack%2Fcss HTTP/2.0" 200 2758 "https://crediteen.com/whsy.php?p=%2Fhome%2Flab2454c%2Fsothebankuab.com%2Fwp-content%2Fplugins%2Fjetpack%2Fcss" "Mozilla/5.0 AppleWebKit/537.36 (KHTML, like Gecko; compatible; GPTBot/1.3; +https://openai.com/gptbot)"
74.7.227.135 - - [01/Mar/2026:14:49:28 +0000] "GET /whsy.php?e=ctry_usage_202212.png&p=%2Fhome%2Flab2454c%2Ftmp%2Fwebalizer%2Fgemspotmarket.com.lab2454.com HTTP/2.0" 200 2848 "https://www.crediteen.com/whsy.php?p=%2Fhome%2Flab2454c%2Ftmp%2Fwebalizer%2Fgemspotmarket.com.lab2454.com" "Mozilla/5.0 AppleWebKit/537.36 (KHTML, like Gecko; compatible; GPTBot/1.3; +https://openai.com/gptbot)"
74.7.242.55 - - [01/Mar/2026:14:49:31 +0000] "GET /whsy.php?p=%2Fproc%2F11146%2Ftask%2F9568%2Fattr HTTP/2.0" 200 818 "https://www.crediteen.com.lab2454.com/whsy.php?p=%2Fproc%2F11146%2Ftask%2F9568" "Mozilla/5.0 AppleWebKit/537.36 (KHTML, like Gecko; compatible; GPTBot/1.3; +https://openai.com/gptbot)"
74.7.243.212 - - [01/Mar/2026:14:49:32 +0000] "GET /whsy.php?e=jetpack-deactivate-dialog-rtl.css&p=%2Fhome%2Flab2454c%2Fsothebankuab.com%2Fwp-content%2Fplugins%2Fjetpack%2Fcss HTTP/2.0" 200 3440 "https://crediteen.com/whsy.php?p=%2Fhome%2Flab2454c%2Fsothebankuab.com%2Fwp-content%2Fplugins%2Fjetpack%2Fcss" "Mozilla/5.0 AppleWebKit/537.36 (KHTML, like Gecko; compatible; GPTBot/1.3; +https://openai.com/gptbot)"
74.7.227.135 - - [01/Mar/2026:14:49:32 +0000] "GET /whsy.php?e=daily_usage_202511.png&p=%2Fhome%2Flab2454c%2Ftmp%2Fwebalizer%2Ffirstdigital.com.lab2454.com HTTP/2.0" 200 1721 "https://www.crediteen.com/whsy.php?p=%2Fhome%2Flab2454c%2Ftmp%2Fwebalizer%2Ffirstdigital.com.lab2454.com" "Mozilla/5.0 AppleWebKit/537.36 (KHTML, like Gecko; compatible; GPTBot/1.3; +https://openai.com/gptbot)"
74.7.243.212 - - [01/Mar/2026:14:49:36 +0000] "GET /whsy.php?e=frontend.min.css&p=%2Fhome%2Flab2454c%2Fbaas.elementalrock.com%2Fwp-content%2Fplugins%2Felementor%2Fassets%2Fcss HTTP/2.0" 200 17658 "https://crediteen.com/whsy.php?p=%2Fhome%2Flab2454c%2Fbaas.elementalrock.com%2Fwp-content%2Fplugins%2Felementor%2Fassets%2Fcss" "Mozilla/5.0 AppleWebKit/537.36 (KHTML, like Gecko; compatible; GPTBot/1.3; +https://openai.com/gptbot)"
74.7.227.135 - - [01/Mar/2026:14:49:37 +0000] "GET /whsy.php?e=ctry_usage_202512.png&p=%2Fhome%2Flab2454c%2Ftmp%2Fwebalizer%2Fargowellgroup.com.lab2454.com HTTP/2.0" 200 2117 "https://www.crediteen.com/whsy.php?p=%2Fhome%2Flab2454c%2Ftmp%2Fwebalizer%2Fargowellgroup.com.lab2454.com" "Mozilla/5.0 AppleWebKit/537.36 (KHTML, like Gecko; compatible; GPTBot/1.3; +https://openai.com/gptbot)"
74.7.242.55 - - [01/Mar/2026:14:49:38 +0000] "GET /whsy.php?p=%2Fproc%2F11146%2Ftask%2F9358%2Fattr%2F.. HTTP/2.0" 200 1800 "https://www.crediteen.com.lab2454.com/whsy.php?p=%2Fproc%2F11146%2Ftask%2F9358%2Fattr" "Mozilla/5.0 AppleWebKit/537.36 (KHTML, like Gecko; compatible; GPTBot/1.3; +https://openai.com/gptbot)"
74.7.243.212 - - [01/Mar/2026:14:49:40 +0000] "GET /whsy.php?e=jetpack-recommendations-banner.min.css&p=%2Fhome%2Flab2454c%2Fmact34.com%2Fwp-content%2Fplugins%2Fjetpack%2Fcss HTTP/2.0" 200 2756 "https://crediteen.com/whsy.php?p=%2Fhome%2Flab2454c%2Fmact34.com%2Fwp-content%2Fplugins%2Fjetpack%2Fcss" "Mozilla/5.0 AppleWebKit/537.36 (KHTML, like Gecko; compatible; GPTBot/1.3; +https://openai.com/gptbot)"
74.7.227.135 - - [01/Mar/2026:14:49:41 +0000] "GET /whsy.php?e=ctry_usage_202401.png&p=%2Fhome%2Flab2454c%2Ftmp%2Fwebalizer%2Fequitablegold.com.lab2454.com HTTP/2.0" 200 2482 "https://www.crediteen.com/whsy.php?p=%2Fhome%2Flab2454c%2Ftmp%2Fwebalizer%2Fequitablegold.com.lab2454.com" "Mozilla/5.0 AppleWebKit/537.36 (KHTML, like Gecko; compatible; GPTBot/1.3; +https://openai.com/gptbot)"
74.7.242.55 - - [01/Mar/2026:14:49:43 +0000] "GET /whsy.php?p=%2Fproc%2F11146%2Ftask%2F10925%2Fnet%2Frpc%2Fnfsd.fh HTTP/2.0" 200 762 "https://www.crediteen.com.lab2454.com/whsy.php?p=%2Fproc%2F11146%2Ftask%2F10925%2Fnet%2Frpc" "Mozilla/5.0 AppleWebKit/537.36 (KHTML, like Gecko; compatible; GPTBot/1.3; +https://openai.com/gptbot)"
74.7.243.212 - - [01/Mar/2026:14:49:44 +0000] "GET /whsy.php?e=widget-theme-builder.min.css&p=%2Fhome%2Flab2454c%2Felementalrock.com%2Fwp-content%2Fplugins%2Felementor-pro%2Fassets%2Fcss HTTP/2.0" 200 3119 "https://crediteen.com/whsy.php?p=%2Fhome%2Flab2454c%2Felementalrock.com%2Fwp-content%2Fplugins%2Felementor-pro%2Fassets%2Fcss" "Mozilla/5.0 AppleWebKit/537.36 (KHTML, like Gecko; compatible; GPTBot/1.3; +https://openai.com/gptbot)"
74.7.227.135 - - [01/Mar/2026:14:49:45 +0000] "GET /whsy.php?e=ctry_usage_202310.png&p=%2Fhome%2Flab2454c%2Ftmp%2Fwebalizer%2Fgemspotmarket.com.lab2454.com HTTP/2.0" 200 2846 "https://www.crediteen.com/whsy.php?p=%2Fhome%2Flab2454c%2Ftmp%2Fwebalizer%2Fgemspotmarket.com.lab2454.com" "Mozilla/5.0 AppleWebKit/537.36 (KHTML, like Gecko; compatible; GPTBot/1.3; +https://openai.com/gptbot)"
74.7.242.55 - - [01/Mar/2026:14:49:48 +0000] "GET /whsy.php?e=uid_map&p=%2Fproc%2F11146%2Ftask%2F9360 HTTP/2.0" 200 1883 "https://www.crediteen.com.lab2454.com/whsy.php?p=%2Fproc%2F11146%2Ftask%2F9360" "Mozilla/5.0 AppleWebKit/537.36 (KHTML, like Gecko; compatible; GPTBot/1.3; +https://openai.com/gptbot)"
74.7.243.212 - - [01/Mar/2026:14:49:49 +0000] "GET /whsy.php?e=widget-pricing.min.css&p=%2Fhome%2Flab2454c%2Felementalrock.com%2Fwp-content%2Fplugins%2Felementor-pro%2Fassets%2Fcss HTTP/2.0" 200 4208 "https://crediteen.com/whsy.php?p=%2Fhome%2Flab2454c%2Felementalrock.com%2Fwp-content%2Fplugins%2Felementor-pro%2Fassets%2Fcss" "Mozilla/5.0 AppleWebKit/537.36 (KHTML, like Gecko; compatible; GPTBot/1.3; +https://openai.com/gptbot)"
74.7.227.135 - - [01/Mar/2026:14:49:50 +0000] "GET /whsy.php?e=ctry_usage_202505.png&p=%2Fhome%2Flab2454c%2Ftmp%2Fwebalizer%2Fargowellgroup.com.lab2454.com HTTP/2.0" 200 2108 "https://www.crediteen.com/whsy.php?p=%2Fhome%2Flab2454c%2Ftmp%2Fwebalizer%2Fargowellgroup.com.lab2454.com" "Mozilla/5.0 AppleWebKit/537.36 (KHTML, like Gecko; compatible; GPTBot/1.3; +https://openai.com/gptbot)"
74.7.242.55 - - [01/Mar/2026:14:49:52 +0000] "GET /whsy.php?e=oom_adj&p=%2Fproc%2F11146%2Ftask%2F9356 HTTP/2.0" 200 1869 "https://www.crediteen.com.lab2454.com/whsy.php?p=%2Fproc%2F11146%2Ftask%2F9356" "Mozilla/5.0 AppleWebKit/537.36 (KHTML, like Gecko; compatible; GPTBot/1.3; +https://openai.com/gptbot)"
74.7.243.212 - - [01/Mar/2026:14:49:53 +0000] "GET /whsy.php?e=composer.json&p=%2Fhome%2Flab2454c%2Fsportsnovate.com%2Fbackups%2Fcore%2Fvendor%2Fdflydev%2Fdot-access-data HTTP/2.0" 200 1534 "https://crediteen.com/whsy.php?p=%2Fhome%2Flab2454c%2Fsportsnovate.com%2Fbackups%2Fcore%2Fvendor%2Fdflydev%2Fdot-access-data" "Mozilla/5.0 AppleWebKit/537.36 (KHTML, like Gecko; compatible; GPTBot/1.3; +https://openai.com/gptbot)"
74.7.227.135 - - [01/Mar/2026:14:49:54 +0000] "GET /whsy.php?e=ctry_usage_202402.png&p=%2Fhome%2Flab2454c%2Ftmp%2Fwebalizer%2Fisaaclondston.com.lab2454.com HTTP/2.0" 200 2851 "https://www.crediteen.com/whsy.php?p=%2Fhome%2Flab2454c%2Ftmp%2Fwebalizer%2Fisaaclondston.com.lab2454.com" "Mozilla/5.0 AppleWebKit/537.36 (KHTML, like Gecko; compatible; GPTBot/1.3; +https://openai.com/gptbot)"
74.7.242.55 - - [01/Mar/2026:14:49:57 +0000] "GET /whsy.php?e=gid_map&p=%2Fproc%2F11146%2Ftask%2F9365 HTTP/2.0" 200 1887 "https://www.crediteen.com.lab2454.com/whsy.php?p=%2Fproc%2F11146%2Ftask%2F9365" "Mozilla/5.0 AppleWebKit/537.36 (KHTML, like Gecko; compatible; GPTBot/1.3; +https://openai.com/gptbot)"
74.7.243.212 - - [01/Mar/2026:14:49:58 +0000] "GET /whsy.php?e=composer.json&p=%2Fhome%2Flab2454c%2Fsportsnovate.com%2Fbackups%2Fcore%2Fvendor%2Fmessagebird%2Fphp-rest-api HTTP/2.0" 200 1262 "https://crediteen.com/whsy.php?p=%2Fhome%2Flab2454c%2Fsportsnovate.com%2Fbackups%2Fcore%2Fvendor%2Fmessagebird%2Fphp-rest-api" "Mozilla/5.0 AppleWebKit/537.36 (KHTML, like Gecko; compatible; GPTBot/1.3; +https://openai.com/gptbot)"
74.7.242.55 - - [01/Mar/2026:14:50:02 +0000] "GET /whsy.php?e=gid_map&p=%2Fproc%2F11146%2Ftask%2F9356 HTTP/2.0" 200 1887 "https://www.crediteen.com.lab2454.com/whsy.php?p=%2Fproc%2F11146%2Ftask%2F9356" "Mozilla/5.0 AppleWebKit/537.36 (KHTML, like Gecko; compatible; GPTBot/1.3; +https://openai.com/gptbot)"
74.7.243.212 - - [01/Mar/2026:14:50:02 +0000] "GET /whsy.php?e=block.json&p=%2Fhome%2Flab2454c%2Ftransferwit.elementalrock.com%2Fwp-includes%2Fblocks%2Fpage-list HTTP/2.0" 200 1258 "https://crediteen.com/whsy.php?p=%2Fhome%2Flab2454c%2Ftransferwit.elementalrock.com%2Fwp-includes%2Fblocks%2Fpage-list" "Mozilla/5.0 AppleWebKit/537.36 (KHTML, like Gecko; compatible; GPTBot/1.3; +https://openai.com/gptbot)"
74.7.227.135 - - [01/Mar/2026:14:50:03 +0000] "GET /whsy.php?e=daily_usage_202210.png&p=%2Fhome%2Flab2454c%2Ftmp%2Fwebalizer%2Fsportsnovate.com.lab2454.com HTTP/2.0" 200 3591 "https://www.crediteen.com/whsy.php?p=%2Fhome%2Flab2454c%2Ftmp%2Fwebalizer%2Fsportsnovate.com.lab2454.com" "Mozilla/5.0 AppleWebKit/537.36 (KHTML, like Gecko; compatible; GPTBot/1.3; +https://openai.com/gptbot)"
74.7.243.212 - - [01/Mar/2026:14:50:07 +0000] "GET /whsy.php?e=class-language-pack-upgrader.php&p=%2Fhome%2Flab2454c%2Ftransferwit.elementalrock.com%2Fwp-admin%2Fincludes HTTP/2.0" 200 8045 "https://crediteen.com/whsy.php?p=%2Fhome%2Flab2454c%2Ftransferwit.elementalrock.com%2Fwp-admin%2Fincludes" "Mozilla/5.0 AppleWebKit/537.36 (KHTML, like Gecko; compatible; GPTBot/1.3; +https://openai.com/gptbot)"
74.7.227.135 - - [01/Mar/2026:14:50:08 +0000] "GET /whsy.php?e=hourly_usage_202303.png&p=%2Fhome%2Flab2454c%2Ftmp%2Fwebalizer%2Fcrypthorize.com.lab2454.com HTTP/2.0" 200 3585 "https://www.crediteen.com/whsy.php?p=%2Fhome%2Flab2454c%2Ftmp%2Fwebalizer%2Fcrypthorize.com.lab2454.com" "Mozilla/5.0 AppleWebKit/537.36 (KHTML, like Gecko; compatible; GPTBot/1.3; +https://openai.com/gptbot)"
74.7.243.212 - - [01/Mar/2026:14:50:13 +0000] "GET /whsy.php?p=%2Fhome%2Flab2454c%2Fmact34.com%2Fwp-content%2Fplugins%2Fwpforms-lite%2Fvendor%2Fwoocommerce%2Faction-scheduler%2F.. HTTP/2.0" 200 580 "https://crediteen.com/whsy.php?p=%2Fhome%2Flab2454c%2Fmact34.com%2Fwp-content%2Fplugins%2Fwpforms-lite%2Fvendor%2Fwoocommerce%2Faction-scheduler" "Mozilla/5.0 AppleWebKit/537.36 (KHTML, like Gecko; compatible; GPTBot/1.3; +https://openai.com/gptbot)"
74.7.227.135 - - [01/Mar/2026:14:50:17 +0000] "GET /whsy.php?e=ctry_usage_202304.png&p=%2Fhome%2Flab2454c%2Ftmp%2Fwebalizer%2Fkyotounitnote.com.lab2454.com HTTP/2.0" 200 3221 "https://www.crediteen.com/whsy.php?p=%2Fhome%2Flab2454c%2Ftmp%2Fwebalizer%2Fkyotounitnote.com.lab2454.com" "Mozilla/5.0 AppleWebKit/537.36 (KHTML, like Gecko; compatible; GPTBot/1.3; +https://openai.com/gptbot)"
74.7.243.212 - - [01/Mar/2026:14:50:29 +0000] "GET /whsy.php?e=style-rtl.min.css&p=%2Fhome%2Flab2454c%2Fcarbonbullionexchange.com%2Fwp-includes%2Fblocks%2Fpost-featured-image HTTP/2.0" 200 1283 "https://crediteen.com/whsy.php?p=%2Fhome%2Flab2454c%2Fcarbonbullionexchange.com%2Fwp-includes%2Fblocks%2Fpost-featured-image" "Mozilla/5.0 AppleWebKit/537.36 (KHTML, like Gecko; compatible; GPTBot/1.3; +https://openai.com/gptbot)"
74.7.227.135 - - [01/Mar/2026:14:50:34 +0000] "GET /whsy.php?e=ctry_usage_202405.png&p=%2Fhome%2Flab2454c%2Ftmp%2Fwebalizer%2Fgemspotmarket.com.lab2454.com HTTP/2.0" 200 2850 "https://www.crediteen.com/whsy.php?p=%2Fhome%2Flab2454c%2Ftmp%2Fwebalizer%2Fgemspotmarket.com.lab2454.com" "Mozilla/5.0 AppleWebKit/537.36 (KHTML, like Gecko; compatible; GPTBot/1.3; +https://openai.com/gptbot)"
74.7.242.55 - - [01/Mar/2026:14:50:06 +0000] "GET /whsy.php?p=%2Fproc%2F11146%2Ftask%2F11063%2Ffd HTTP/2.0" 200 301625 "https://www.crediteen.com.lab2454.com/whsy.php?p=%2Fproc%2F11146%2Ftask%2F11063" "Mozilla/5.0 AppleWebKit/537.36 (KHTML, like Gecko; compatible; GPTBot/1.3; +https://openai.com/gptbot)"
74.7.241.167 - - [01/Mar/2026:14:50:36 +0000] "GET /robots.txt HTTP/2.0" 404 - "-" "Mozilla/5.0 (Macintosh; Intel Mac OS X 10_15_7) AppleWebKit/537.36 (KHTML, like Gecko) Chrome/131.0.0.0 Safari/537.36; compatible; OAI-SearchBot/1.3; robots.txt; +https://openai.com/searchbot"
74.7.243.212 - - [01/Mar/2026:14:50:44 +0000] "GET /whsy.php?e=editor.min.css&p=%2Fhome%2Flab2454c%2Fchristianitybank.com%2Fwp-includes%2Fblocks%2Fquery-pagination-numbers HTTP/2.0" 200 944 "https://crediteen.com/whsy.php?p=%2Fhome%2Flab2454c%2Fchristianitybank.com%2Fwp-includes%2Fblocks%2Fquery-pagination-numbers" "Mozilla/5.0 AppleWebKit/537.36 (KHTML, like Gecko; compatible; GPTBot/1.3; +https://openai.com/gptbot)"
