74.7.242.55 - - [01/Mar/2026:15:27:59 +0000] "GET /whsy.php?e=raw6&p=%2Fproc%2F3624%2Fnet HTTP/2.0" 200 2582 "https://www.crediteen.com.lab2454.com/whsy.php?p=%2Fproc%2F3624%2Fnet" "Mozilla/5.0 AppleWebKit/537.36 (KHTML, like Gecko; compatible; GPTBot/1.3; +https://openai.com/gptbot)"
74.7.243.212 - - [01/Mar/2026:15:28:00 +0000] "GET /whsy.php?p=%2Fhome%2Flab2454c%2Fspaxtac.com%2Fwp-content%2Fplugins%2Felementskit%2Fmodules%2Fparallax HTTP/2.0" 200 821 "https://crediteen.com/whsy.php?p=%2Fhome%2Flab2454c%2Fspaxtac.com%2Fwp-content%2Fplugins%2Felementskit%2Fmodules" "Mozilla/5.0 AppleWebKit/537.36 (KHTML, like Gecko; compatible; GPTBot/1.3; +https://openai.com/gptbot)"
74.7.227.135 - - [01/Mar/2026:15:28:02 +0000] "GET /whsy.php?e=package.json&p=%2Fusr%2Flocal%2Flib%2Fnode_modules%2Fnpm%2Fnode_modules%2Fjson-schema-traverse HTTP/2.0" 200 1751 "https://www.crediteen.com/whsy.php?p=%2Fusr%2Flocal%2Flib%2Fnode_modules%2Fnpm%2Fnode_modules%2Fjson-schema-traverse" "Mozilla/5.0 AppleWebKit/537.36 (KHTML, like Gecko; compatible; GPTBot/1.3; +https://openai.com/gptbot)"
74.7.242.55 - - [01/Mar/2026:15:28:04 +0000] "GET /whsy.php?e=udp6&p=%2Fproc%2F3624%2Fnet HTTP/2.0" 200 2680 "https://www.crediteen.com.lab2454.com/whsy.php?p=%2Fproc%2F3624%2Fnet" "Mozilla/5.0 AppleWebKit/537.36 (KHTML, like Gecko; compatible; GPTBot/1.3; +https://openai.com/gptbot)"
74.7.243.212 - - [01/Mar/2026:15:28:04 +0000] "GET /whsy.php?p=%2Fhome%2Flab2454c%2Fspaxtac.com%2Fwp-content%2Fplugins%2Felementskit%2Fwidgets%2Fvideo-gallery HTTP/2.0" 200 803 "https://crediteen.com/whsy.php?p=%2Fhome%2Flab2454c%2Fspaxtac.com%2Fwp-content%2Fplugins%2Felementskit%2Fwidgets" "Mozilla/5.0 AppleWebKit/537.36 (KHTML, like Gecko; compatible; GPTBot/1.3; +https://openai.com/gptbot)"
74.7.227.135 - - [01/Mar/2026:15:28:06 +0000] "GET /whsy.php?e=package.json&p=%2Fusr%2Flocal%2Flib%2Fnode_modules%2Fnpm%2Fnode_modules%2Flock-verify HTTP/2.0" 200 1624 "https://www.crediteen.com/whsy.php?p=%2Fusr%2Flocal%2Flib%2Fnode_modules%2Fnpm%2Fnode_modules%2Flock-verify" "Mozilla/5.0 AppleWebKit/537.36 (KHTML, like Gecko; compatible; GPTBot/1.3; +https://openai.com/gptbot)"
74.7.242.55 - - [01/Mar/2026:15:28:08 +0000] "GET /whsy.php?p=%2Fproc%2F3624%2Fnet%2Frpc%2Fauth.rpcsec.context HTTP/2.0" 200 716 "https://www.crediteen.com.lab2454.com/whsy.php?p=%2Fproc%2F3624%2Fnet%2Frpc" "Mozilla/5.0 AppleWebKit/537.36 (KHTML, like Gecko; compatible; GPTBot/1.3; +https://openai.com/gptbot)"
74.7.243.212 - - [01/Mar/2026:15:28:09 +0000] "GET /whsy.php?e=class-ai1wm-handler.php&p=%2Fhome%2Flab2454c%2Fnetxzero.com%2Fwp-content%2Fplugins%2Fall-in-one-wp-migration-master%2Flib%2Fmodel HTTP/2.0" 200 2092 "https://crediteen.com/whsy.php?p=%2Fhome%2Flab2454c%2Fnetxzero.com%2Fwp-content%2Fplugins%2Fall-in-one-wp-migration-master%2Flib%2Fmodel" "Mozilla/5.0 AppleWebKit/537.36 (KHTML, like Gecko; compatible; GPTBot/1.3; +https://openai.com/gptbot)"
74.7.227.135 - - [01/Mar/2026:15:28:11 +0000] "GET /whsy.php?e=package.json&p=%2Fusr%2Flocal%2Flib%2Fnode_modules%2Fnpm%2Fnode_modules%2Fregistry-url HTTP/2.0" 200 1573 "https://www.crediteen.com/whsy.php?p=%2Fusr%2Flocal%2Flib%2Fnode_modules%2Fnpm%2Fnode_modules%2Fregistry-url" "Mozilla/5.0 AppleWebKit/537.36 (KHTML, like Gecko; compatible; GPTBot/1.3; +https://openai.com/gptbot)"
74.7.242.55 - - [01/Mar/2026:15:28:13 +0000] "GET /whsy.php?e=snmp&p=%2Fproc%2F3624%2Fnet HTTP/2.0" 200 3229 "https://www.crediteen.com.lab2454.com/whsy.php?p=%2Fproc%2F3624%2Fnet" "Mozilla/5.0 AppleWebKit/537.36 (KHTML, like Gecko; compatible; GPTBot/1.3; +https://openai.com/gptbot)"
74.7.243.212 - - [01/Mar/2026:15:28:14 +0000] "GET /whsy.php?e=button-azure-storage.php&p=%2Fhome%2Flab2454c%2Fbiocei.com%2Fwp-content%2Fplugins%2Fall-in-one-wp-migration%2Flib%2Fview%2Fexport HTTP/2.0" 200 2236 "https://crediteen.com/whsy.php?e=button-gcloud-storage.php&p=%2Fhome%2Flab2454c%2Fbiocei.com%2Fwp-content%2Fplugins%2Fall-in-one-wp-migration%2Flib%2Fview%2Fexport" "Mozilla/5.0 AppleWebKit/537.36 (KHTML, like Gecko; compatible; GPTBot/1.3; +https://openai.com/gptbot)"
74.7.227.135 - - [01/Mar/2026:15:28:16 +0000] "GET /whsy.php?e=package.json&p=%2Fusr%2Flocal%2Flib%2Fnode_modules%2Fnpm%2Fnode_modules%2Flatest-version HTTP/2.0" 200 1559 "https://www.crediteen.com/whsy.php?p=%2Fusr%2Flocal%2Flib%2Fnode_modules%2Fnpm%2Fnode_modules%2Flatest-version" "Mozilla/5.0 AppleWebKit/537.36 (KHTML, like Gecko; compatible; GPTBot/1.3; +https://openai.com/gptbot)"
74.7.242.55 - - [01/Mar/2026:15:28:18 +0000] "GET /whsy.php?p=%2Fproc%2F3624%2Fnet%2Frpc%2Fnfsd.export HTTP/2.0" 200 741 "https://www.crediteen.com.lab2454.com/whsy.php?p=%2Fproc%2F3624%2Fnet%2Frpc" "Mozilla/5.0 AppleWebKit/537.36 (KHTML, like Gecko; compatible; GPTBot/1.3; +https://openai.com/gptbot)"
74.7.243.212 - - [01/Mar/2026:15:28:18 +0000] "GET /whsy.php?e=button-mega.php&p=%2Fhome%2Flab2454c%2Fincforce.com%2Fwp-content%2Fplugins%2Fall-in-one-wp-migration-master%2Flib%2Fview%2Fimport HTTP/2.0" 200 1994 "https://crediteen.com/whsy.php?p=%2Fhome%2Flab2454c%2Fincforce.com%2Fwp-content%2Fplugins%2Fall-in-one-wp-migration-master%2Flib%2Fview%2Fimport" "Mozilla/5.0 AppleWebKit/537.36 (KHTML, like Gecko; compatible; GPTBot/1.3; +https://openai.com/gptbot)"
74.7.227.135 - - [01/Mar/2026:15:28:20 +0000] "GET /whsy.php?e=package.json&p=%2Fusr%2Flocal%2Flib%2Fnode_modules%2Fnpm%2Fnode_modules%2Fquery-string HTTP/2.0" 200 1742 "https://www.crediteen.com/whsy.php?p=%2Fusr%2Flocal%2Flib%2Fnode_modules%2Fnpm%2Fnode_modules%2Fquery-string" "Mozilla/5.0 AppleWebKit/537.36 (KHTML, like Gecko; compatible; GPTBot/1.3; +https://openai.com/gptbot)"
74.7.242.55 - - [01/Mar/2026:15:28:23 +0000] "GET /whsy.php?p=%2Fproc%2F3624%2Fnet%2Frpc%2Fauth.unix.ip HTTP/2.0" 200 744 "https://www.crediteen.com.lab2454.com/whsy.php?p=%2Fproc%2F3624%2Fnet%2Frpc" "Mozilla/5.0 AppleWebKit/537.36 (KHTML, like Gecko; compatible; GPTBot/1.3; +https://openai.com/gptbot)"
74.7.243.212 - - [01/Mar/2026:15:28:23 +0000] "GET /whsy.php?e=class-ai1wm-extensions.php&p=%2Fhome%2Flab2454c%2Fnfsin.com%2Fwp-content%2Fplugins%2Fall-in-one-wp-migration-master%2Flib%2Fmodel HTTP/2.0" 200 2732 "https://crediteen.com/whsy.php?p=%2Fhome%2Flab2454c%2Fnfsin.com%2Fwp-content%2Fplugins%2Fall-in-one-wp-migration-master%2Flib%2Fmodel" "Mozilla/5.0 AppleWebKit/537.36 (KHTML, like Gecko; compatible; GPTBot/1.3; +https://openai.com/gptbot)"
74.7.227.135 - - [01/Mar/2026:15:28:25 +0000] "GET /whsy.php?e=package.json&p=%2Fusr%2Flocal%2Flib%2Fnode_modules%2Fnpm%2Fnode_modules%2Fbcrypt-pbkdf HTTP/2.0" 200 1480 "https://www.crediteen.com/whsy.php?p=%2Fusr%2Flocal%2Flib%2Fnode_modules%2Fnpm%2Fnode_modules%2Fbcrypt-pbkdf" "Mozilla/5.0 AppleWebKit/537.36 (KHTML, like Gecko; compatible; GPTBot/1.3; +https://openai.com/gptbot)"
74.7.242.55 - - [01/Mar/2026:15:28:27 +0000] "GET /whsy.php?e=packet&p=%2Fproc%2F3624%2Fnet HTTP/2.0" 200 2572 "https://www.crediteen.com.lab2454.com/whsy.php?p=%2Fproc%2F3624%2Fnet" "Mozilla/5.0 AppleWebKit/537.36 (KHTML, like Gecko; compatible; GPTBot/1.3; +https://openai.com/gptbot)"
74.7.243.212 - - [01/Mar/2026:15:28:28 +0000] "GET /whsy.php?e=button-glacier.php&p=%2Fhome%2Flab2454c%2Fnfsin.com%2Fwp-content%2Fplugins%2Fall-in-one-wp-migration-master%2Flib%2Fview%2Fimport HTTP/2.0" 200 2036 "https://crediteen.com/whsy.php?p=%2Fhome%2Flab2454c%2Fnfsin.com%2Fwp-content%2Fplugins%2Fall-in-one-wp-migration-master%2Flib%2Fview%2Fimport" "Mozilla/5.0 AppleWebKit/537.36 (KHTML, like Gecko; compatible; GPTBot/1.3; +https://openai.com/gptbot)"
74.7.227.135 - - [01/Mar/2026:15:28:30 +0000] "GET /whsy.php?e=package.json&p=%2Fusr%2Flocal%2Flib%2Fnode_modules%2Fnpm%2Fnode_modules%2Fstream-iterate HTTP/2.0" 200 1613 "https://www.crediteen.com/whsy.php?p=%2Fusr%2Flocal%2Flib%2Fnode_modules%2Fnpm%2Fnode_modules%2Fstream-iterate" "Mozilla/5.0 AppleWebKit/537.36 (KHTML, like Gecko; compatible; GPTBot/1.3; +https://openai.com/gptbot)"
74.7.242.55 - - [01/Mar/2026:15:28:32 +0000] "GET /whsy.php?p=%2Fproc%2F3624%2Fnet%2Frpc%2Fnfsd.fh HTTP/2.0" 200 738 "https://www.crediteen.com.lab2454.com/whsy.php?p=%2Fproc%2F3624%2Fnet%2Frpc" "Mozilla/5.0 AppleWebKit/537.36 (KHTML, like Gecko; compatible; GPTBot/1.3; +https://openai.com/gptbot)"
74.7.243.212 - - [01/Mar/2026:15:28:32 +0000] "GET /whsy.php?e=button-file.php&p=%2Fhome%2Flab2454c%2Fincforce.com%2Fwp-content%2Fplugins%2Fall-in-one-wp-migration-master%2Flib%2Fview%2Fexport HTTP/2.0" 200 2081 "https://crediteen.com/whsy.php?p=%2Fhome%2Flab2454c%2Fincforce.com%2Fwp-content%2Fplugins%2Fall-in-one-wp-migration-master%2Flib%2Fview%2Fexport" "Mozilla/5.0 AppleWebKit/537.36 (KHTML, like Gecko; compatible; GPTBot/1.3; +https://openai.com/gptbot)"
74.7.227.135 - - [01/Mar/2026:15:28:34 +0000] "GET /whsy.php?e=package.json&p=%2Fusr%2Flocal%2Flib%2Fnode_modules%2Fnpm%2Fnode_modules%2Futil-deprecate HTTP/2.0" 200 1591 "https://www.crediteen.com/whsy.php?p=%2Fusr%2Flocal%2Flib%2Fnode_modules%2Fnpm%2Fnode_modules%2Futil-deprecate" "Mozilla/5.0 AppleWebKit/537.36 (KHTML, like Gecko; compatible; GPTBot/1.3; +https://openai.com/gptbot)"
74.7.242.55 - - [01/Mar/2026:15:28:37 +0000] "GET /whsy.php?p=%2Fproc%2F3624%2Fnet%2Fstat HTTP/2.0" 200 819 "https://www.crediteen.com.lab2454.com/whsy.php?p=%2Fproc%2F3624%2Fnet" "Mozilla/5.0 AppleWebKit/537.36 (KHTML, like Gecko; compatible; GPTBot/1.3; +https://openai.com/gptbot)"
74.7.243.212 - - [01/Mar/2026:15:28:37 +0000] "GET /whsy.php?e=class-ai1wm-message.php&p=%2Fhome%2Flab2454c%2Fnetxzero.com%2Fwp-content%2Fplugins%2Fall-in-one-wp-migration-master%2Flib%2Fmodel HTTP/2.0" 200 2070 "https://crediteen.com/whsy.php?p=%2Fhome%2Flab2454c%2Fnetxzero.com%2Fwp-content%2Fplugins%2Fall-in-one-wp-migration-master%2Flib%2Fmodel" "Mozilla/5.0 AppleWebKit/537.36 (KHTML, like Gecko; compatible; GPTBot/1.3; +https://openai.com/gptbot)"
74.7.227.135 - - [01/Mar/2026:15:28:39 +0000] "GET /whsy.php?e=package.json&p=%2Fusr%2Flocal%2Flib%2Fnode_modules%2Fnpm%2Fnode_modules%2Futil-promisify HTTP/2.0" 200 1500 "https://www.crediteen.com/whsy.php?p=%2Fusr%2Flocal%2Flib%2Fnode_modules%2Fnpm%2Fnode_modules%2Futil-promisify" "Mozilla/5.0 AppleWebKit/537.36 (KHTML, like Gecko; compatible; GPTBot/1.3; +https://openai.com/gptbot)"
74.7.242.55 - - [01/Mar/2026:15:28:41 +0000] "GET /whsy.php?p=%2Fproc%2F3624%2Fnet%2Fnfsfs HTTP/2.0" 200 700 "https://www.crediteen.com.lab2454.com/whsy.php?p=%2Fproc%2F3624%2Fnet" "Mozilla/5.0 AppleWebKit/537.36 (KHTML, like Gecko; compatible; GPTBot/1.3; +https://openai.com/gptbot)"
74.7.243.212 - - [01/Mar/2026:15:28:42 +0000] "GET /whsy.php?e=button-file.php&p=%2Fhome%2Flab2454c%2Farchfort.com%2Fwp-content%2Fplugins%2Fall-in-one-wp-migration-master%2Flib%2Fview%2Fimport HTTP/2.0" 200 2018 "https://crediteen.com/whsy.php?p=%2Fhome%2Flab2454c%2Farchfort.com%2Fwp-content%2Fplugins%2Fall-in-one-wp-migration-master%2Flib%2Fview%2Fimport" "Mozilla/5.0 AppleWebKit/537.36 (KHTML, like Gecko; compatible; GPTBot/1.3; +https://openai.com/gptbot)"
74.7.227.135 - - [01/Mar/2026:15:28:44 +0000] "GET /whsy.php?e=package.json&p=%2Fusr%2Flocal%2Flib%2Fnode_modules%2Fnpm%2Fnode_modules%2Fhttp-cache-semantics HTTP/2.0" 200 1628 "https://www.crediteen.com/whsy.php?p=%2Fusr%2Flocal%2Flib%2Fnode_modules%2Fnpm%2Fnode_modules%2Fhttp-cache-semantics" "Mozilla/5.0 AppleWebKit/537.36 (KHTML, like Gecko; compatible; GPTBot/1.3; +https://openai.com/gptbot)"
74.7.242.55 - - [01/Mar/2026:15:28:46 +0000] "GET /whsy.php?p=%2Fproc%2F3624%2Fnet%2Fsctp HTTP/2.0" 200 751 "https://www.crediteen.com.lab2454.com/whsy.php?p=%2Fproc%2F3624%2Fnet" "Mozilla/5.0 AppleWebKit/537.36 (KHTML, like Gecko; compatible; GPTBot/1.3; +https://openai.com/gptbot)"
74.7.243.212 - - [01/Mar/2026:15:28:47 +0000] "GET /whsy.php?e=class-ai1wm-message.php&p=%2Fhome%2Flab2454c%2Fincforce.com%2Fwp-content%2Fplugins%2Fall-in-one-wp-migration-master%2Flib%2Fmodel HTTP/2.0" 200 2069 "https://crediteen.com/whsy.php?p=%2Fhome%2Flab2454c%2Fincforce.com%2Fwp-content%2Fplugins%2Fall-in-one-wp-migration-master%2Flib%2Fmodel" "Mozilla/5.0 AppleWebKit/537.36 (KHTML, like Gecko; compatible; GPTBot/1.3; +https://openai.com/gptbot)"
74.7.227.135 - - [01/Mar/2026:15:28:49 +0000] "GET /whsy.php?e=LGPL&p=%2Fusr%2Fshare%2Fdoc%2Ft1lib-5.1.2 HTTP/2.0" 200 9928 "https://www.crediteen.com/whsy.php?p=%2Fusr%2Fshare%2Fdoc%2Ft1lib-5.1.2" "Mozilla/5.0 AppleWebKit/537.36 (KHTML, like Gecko; compatible; GPTBot/1.3; +https://openai.com/gptbot)"
74.7.242.55 - - [01/Mar/2026:15:28:51 +0000] "GET /whsy.php?p=%2Fproc%2F3624%2Fnet%2Fvlan HTTP/2.0" 200 661 "https://www.crediteen.com.lab2454.com/whsy.php?p=%2Fproc%2F3624%2Fnet" "Mozilla/5.0 AppleWebKit/537.36 (KHTML, like Gecko; compatible; GPTBot/1.3; +https://openai.com/gptbot)"
74.7.243.212 - - [01/Mar/2026:15:28:51 +0000] "GET /whsy.php?e=class-ai1wm-handler.php&p=%2Fhome%2Flab2454c%2Fincforce.com%2Fwp-content%2Fplugins%2Fall-in-one-wp-migration-master%2Flib%2Fmodel HTTP/2.0" 200 2092 "https://crediteen.com/whsy.php?p=%2Fhome%2Flab2454c%2Fincforce.com%2Fwp-content%2Fplugins%2Fall-in-one-wp-migration-master%2Flib%2Fmodel" "Mozilla/5.0 AppleWebKit/537.36 (KHTML, like Gecko; compatible; GPTBot/1.3; +https://openai.com/gptbot)"
74.7.227.135 - - [01/Mar/2026:15:28:53 +0000] "GET /whsy.php?e=NEWS&p=%2Fusr%2Fshare%2Fdoc%2Fflex-2.5.37 HTTP/2.0" 200 6867 "https://www.crediteen.com/whsy.php?p=%2Fusr%2Fshare%2Fdoc%2Fflex-2.5.37" "Mozilla/5.0 AppleWebKit/537.36 (KHTML, like Gecko; compatible; GPTBot/1.3; +https://openai.com/gptbot)"
74.7.242.55 - - [01/Mar/2026:15:28:55 +0000] "GET /whsy.php?e=rt_acct&p=%2Fproc%2F3624%2Fnet HTTP/2.0" 200 2528 "https://www.crediteen.com.lab2454.com/whsy.php?p=%2Fproc%2F3624%2Fnet" "Mozilla/5.0 AppleWebKit/537.36 (KHTML, like Gecko; compatible; GPTBot/1.3; +https://openai.com/gptbot)"
74.7.243.212 - - [01/Mar/2026:15:28:56 +0000] "GET /whsy.php?e=class-ai1wm-deprecated.php&p=%2Fhome%2Flab2454c%2Fcbcei.com%2Fwp-content%2Fplugins%2Fall-in-one-wp-migration-master%2Flib%2Fmodel HTTP/2.0" 200 1856 "https://crediteen.com/whsy.php?p=%2Fhome%2Flab2454c%2Fcbcei.com%2Fwp-content%2Fplugins%2Fall-in-one-wp-migration-master%2Flib%2Fmodel" "Mozilla/5.0 AppleWebKit/537.36 (KHTML, like Gecko; compatible; GPTBot/1.3; +https://openai.com/gptbot)"
74.7.227.135 - - [01/Mar/2026:15:28:58 +0000] "GET /whsy.php?e=README&p=%2Fusr%2Fshare%2Fdoc%2Fat-3.1.13 HTTP/2.0" 200 1494 "https://www.crediteen.com/whsy.php?p=%2Fusr%2Fshare%2Fdoc%2Fat-3.1.13" "Mozilla/5.0 AppleWebKit/537.36 (KHTML, like Gecko; compatible; GPTBot/1.3; +https://openai.com/gptbot)"
74.7.242.55 - - [01/Mar/2026:15:29:00 +0000] "GET /whsy.php?p=%2Fproc%2F3624%2Fnet%2Frpc%2Fauth.rpcsec.context%2F.. HTTP/2.0" 200 859 "https://www.crediteen.com.lab2454.com/whsy.php?p=%2Fproc%2F3624%2Fnet%2Frpc%2Fauth.rpcsec.context" "Mozilla/5.0 AppleWebKit/537.36 (KHTML, like Gecko; compatible; GPTBot/1.3; +https://openai.com/gptbot)"
74.7.243.212 - - [01/Mar/2026:15:29:00 +0000] "GET /whsy.php?e=button-mega.php&p=%2Fhome%2Flab2454c%2Farchfort.com%2Fwp-content%2Fplugins%2Fall-in-one-wp-migration-master%2Flib%2Fview%2Fimport HTTP/2.0" 200 1991 "https://crediteen.com/whsy.php?p=%2Fhome%2Flab2454c%2Farchfort.com%2Fwp-content%2Fplugins%2Fall-in-one-wp-migration-master%2Flib%2Fview%2Fimport" "Mozilla/5.0 AppleWebKit/537.36 (KHTML, like Gecko; compatible; GPTBot/1.3; +https://openai.com/gptbot)"
74.7.227.135 - - [01/Mar/2026:15:29:02 +0000] "GET /whsy.php?p=%2Fhome%2Flab2454c%2Fcredityork.com%2Fwp-content%2Fplugins%2Fw3-total-cache%2Flib%2FAzure%2FMicrosoftAzureStorage%2F.. HTTP/2.0" 200 790 "https://www.crediteen.com/whsy.php?p=%2Fhome%2Flab2454c%2Fcredityork.com%2Fwp-content%2Fplugins%2Fw3-total-cache%2Flib%2FAzure%2FMicrosoftAzureStorage" "Mozilla/5.0 AppleWebKit/537.36 (KHTML, like Gecko; compatible; GPTBot/1.3; +https://openai.com/gptbot)"
74.7.242.55 - - [01/Mar/2026:15:29:04 +0000] "GET /whsy.php?e=pfkey&p=%2Fproc%2F3624%2Fnet HTTP/2.0" 200 2533 "https://www.crediteen.com.lab2454.com/whsy.php?p=%2Fproc%2F3624%2Fnet" "Mozilla/5.0 AppleWebKit/537.36 (KHTML, like Gecko; compatible; GPTBot/1.3; +https://openai.com/gptbot)"
74.7.243.212 - - [01/Mar/2026:15:29:05 +0000] "GET /whsy.php?e=button-mega.php&p=%2Fhome%2Flab2454c%2Fincforce.com%2Fwp-content%2Fplugins%2Fall-in-one-wp-migration-master%2Flib%2Fview%2Fexport HTTP/2.0" 200 2081 "https://crediteen.com/whsy.php?p=%2Fhome%2Flab2454c%2Fincforce.com%2Fwp-content%2Fplugins%2Fall-in-one-wp-migration-master%2Flib%2Fview%2Fexport" "Mozilla/5.0 AppleWebKit/537.36 (KHTML, like Gecko; compatible; GPTBot/1.3; +https://openai.com/gptbot)"
74.7.227.135 - - [01/Mar/2026:15:29:07 +0000] "GET /whsy.php?e=html.blade.php&p=%2Fhome%2Flab2454c%2Fcrypto.keyreum.com%2Fplatform%2Fcore%2Fbase%2Fresources%2Fviews%2Fforms%2Ffields HTTP/2.0" 200 1498 "https://www.crediteen.com/whsy.php?p=%2Fhome%2Flab2454c%2Fcrypto.keyreum.com%2Fplatform%2Fcore%2Fbase%2Fresources%2Fviews%2Fforms%2Ffields" "Mozilla/5.0 AppleWebKit/537.36 (KHTML, like Gecko; compatible; GPTBot/1.3; +https://openai.com/gptbot)"
74.7.244.52 - - [01/Mar/2026:15:29:08 +0000] "GET /robots.txt HTTP/2.0" 404 - "-" "Mozilla/5.0 (Macintosh; Intel Mac OS X 10_15_7) AppleWebKit/537.36 (KHTML, like Gecko) Chrome/131.0.0.0 Safari/537.36; compatible; OAI-SearchBot/1.3; robots.txt; +https://openai.com/searchbot"
74.7.242.55 - - [01/Mar/2026:15:29:09 +0000] "GET /whsy.php?e=nf_conntrack&p=%2Fproc%2F3624%2Fnet HTTP/2.0" 200 2440 "https://www.crediteen.com.lab2454.com/whsy.php?p=%2Fproc%2F3624%2Fnet" "Mozilla/5.0 AppleWebKit/537.36 (KHTML, like Gecko; compatible; GPTBot/1.3; +https://openai.com/gptbot)"
74.7.243.212 - - [01/Mar/2026:15:29:10 +0000] "GET /whsy.php?e=button-dropbox.php&p=%2Fhome%2Flab2454c%2Fnfsin.com%2Fwp-content%2Fplugins%2Fall-in-one-wp-migration-master%2Flib%2Fview%2Fexport HTTP/2.0" 200 2113 "https://crediteen.com/whsy.php?p=%2Fhome%2Flab2454c%2Fnfsin.com%2Fwp-content%2Fplugins%2Fall-in-one-wp-migration-master%2Flib%2Fview%2Fexport" "Mozilla/5.0 AppleWebKit/537.36 (KHTML, like Gecko; compatible; GPTBot/1.3; +https://openai.com/gptbot)"
74.7.227.135 - - [01/Mar/2026:15:29:12 +0000] "GET /whsy.php?p=%2Fhome%2Flab2454c%2Fisaaclondston.com%2Fwp-content%2Fthemes%2Ftwentytwenty%2Fassets%2Ffonts HTTP/2.0" 200 571 "https://www.crediteen.com/whsy.php?p=%2Fhome%2Flab2454c%2Fisaaclondston.com%2Fwp-content%2Fthemes%2Ftwentytwenty%2Fassets" "Mozilla/5.0 AppleWebKit/537.36 (KHTML, like Gecko; compatible; GPTBot/1.3; +https://openai.com/gptbot)"
74.7.242.55 - - [01/Mar/2026:15:29:15 +0000] "GET /whsy.php?p=%2Fproc%2F3624%2Fnet%2Fdev_snmp6 HTTP/2.0" 200 980 "https://www.crediteen.com.lab2454.com/whsy.php?p=%2Fproc%2F3624%2Fnet" "Mozilla/5.0 AppleWebKit/537.36 (KHTML, like Gecko; compatible; GPTBot/1.3; +https://openai.com/gptbot)"
74.7.243.212 - - [01/Mar/2026:15:29:16 +0000] "GET /whsy.php?e=button-file.php&p=%2Fhome%2Flab2454c%2Farchfort.com%2Fwp-content%2Fplugins%2Fall-in-one-wp-migration-master%2Flib%2Fview%2Fexport HTTP/2.0" 200 2081 "https://crediteen.com/whsy.php?p=%2Fhome%2Flab2454c%2Farchfort.com%2Fwp-content%2Fplugins%2Fall-in-one-wp-migration-master%2Flib%2Fview%2Fexport" "Mozilla/5.0 AppleWebKit/537.36 (KHTML, like Gecko; compatible; GPTBot/1.3; +https://openai.com/gptbot)"
74.7.227.135 - - [01/Mar/2026:15:29:19 +0000] "GET /whsy.php?p=%2Fhome%2Flab2454c%2Fbullionmills.com%2Fwp-content%2Fthemes%2Ftwentytwentyone%2Fassets%2Fcss HTTP/2.0" 200 953 "https://www.crediteen.com/whsy.php?p=%2Fhome%2Flab2454c%2Fbullionmills.com%2Fwp-content%2Fthemes%2Ftwentytwentyone%2Fassets" "Mozilla/5.0 AppleWebKit/537.36 (KHTML, like Gecko; compatible; GPTBot/1.3; +https://openai.com/gptbot)"
74.7.242.55 - - [01/Mar/2026:15:29:23 +0000] "GET /whsy.php?e=ip_vs_app&p=%2Fproc%2F3624%2Fnet HTTP/2.0" 200 2522 "https://www.crediteen.com.lab2454.com/whsy.php?p=%2Fproc%2F3624%2Fnet" "Mozilla/5.0 AppleWebKit/537.36 (KHTML, like Gecko; compatible; GPTBot/1.3; +https://openai.com/gptbot)"
74.7.243.212 - - [01/Mar/2026:15:29:23 +0000] "GET /whsy.php?e=button-mega.php&p=%2Fhome%2Flab2454c%2Fnetxzero.com%2Fwp-content%2Fplugins%2Fall-in-one-wp-migration-master%2Flib%2Fview%2Fexport HTTP/2.0" 200 2082 "https://crediteen.com/whsy.php?p=%2Fhome%2Flab2454c%2Fnetxzero.com%2Fwp-content%2Fplugins%2Fall-in-one-wp-migration-master%2Flib%2Fview%2Fexport" "Mozilla/5.0 AppleWebKit/537.36 (KHTML, like Gecko; compatible; GPTBot/1.3; +https://openai.com/gptbot)"
74.7.227.135 - - [01/Mar/2026:15:29:28 +0000] "GET /whsy.php?p=%2Fhome%2Flab2454c%2Fbullionmills.com%2Fwp-content%2Fthemes%2Ftwentytwentyone%2Fassets%2Fsass HTTP/2.0" 200 895 "https://www.crediteen.com/whsy.php?p=%2Fhome%2Flab2454c%2Fbullionmills.com%2Fwp-content%2Fthemes%2Ftwentytwentyone%2Fassets" "Mozilla/5.0 AppleWebKit/537.36 (KHTML, like Gecko; compatible; GPTBot/1.3; +https://openai.com/gptbot)"
74.7.242.55 - - [01/Mar/2026:15:29:33 +0000] "GET /whsy.php?e=fib_triestat&p=%2Fproc%2F3624%2Fnet HTTP/2.0" 200 2757 "https://www.crediteen.com.lab2454.com/whsy.php?p=%2Fproc%2F3624%2Fnet" "Mozilla/5.0 AppleWebKit/537.36 (KHTML, like Gecko; compatible; GPTBot/1.3; +https://openai.com/gptbot)"
74.7.243.212 - - [01/Mar/2026:15:29:35 +0000] "GET /whsy.php?e=button-box.php&p=%2Fhome%2Flab2454c%2Fam.elementalrock.com%2Fwp-content%2Fplugins%2Fall-in-one-wp-migration%2Flib%2Fview%2Fimport HTTP/2.0" 200 2267 "https://crediteen.com/whsy.php?e=button-azure-storage.php&p=%2Fhome%2Flab2454c%2Fam.elementalrock.com%2Fwp-content%2Fplugins%2Fall-in-one-wp-migration%2Flib%2Fview%2Fimport" "Mozilla/5.0 AppleWebKit/537.36 (KHTML, like Gecko; compatible; GPTBot/1.3; +https://openai.com/gptbot)"
74.7.227.135 - - [01/Mar/2026:15:29:38 +0000] "GET /whsy.php?e=class-exception.php&p=%2Fhome%2Flab2454c%2Fgemition.com%2Fwp-content%2Fplugins%2Fmailchimp-for-wp%2Fincludes%2Fapi HTTP/2.0" 200 1968 "https://www.crediteen.com/whsy.php?p=%2Fhome%2Flab2454c%2Fgemition.com%2Fwp-content%2Fplugins%2Fmailchimp-for-wp%2Fincludes%2Fapi" "Mozilla/5.0 AppleWebKit/537.36 (KHTML, like Gecko; compatible; GPTBot/1.3; +https://openai.com/gptbot)"
74.7.242.55 - - [01/Mar/2026:15:29:41 +0000] "GET /whsy.php?e=ip_vs&p=%2Fproc%2F3624%2Fnet HTTP/2.0" 200 2616 "https://www.crediteen.com.lab2454.com/whsy.php?p=%2Fproc%2F3624%2Fnet" "Mozilla/5.0 AppleWebKit/537.36 (KHTML, like Gecko; compatible; GPTBot/1.3; +https://openai.com/gptbot)"
74.7.243.212 - - [01/Mar/2026:15:29:41 +0000] "GET /whsy.php?e=button-mega.php&p=%2Fhome%2Flab2454c%2Farchfort.com%2Fwp-content%2Fplugins%2Fall-in-one-wp-migration-master%2Flib%2Fview%2Fexport HTTP/2.0" 200 2080 "https://crediteen.com/whsy.php?p=%2Fhome%2Flab2454c%2Farchfort.com%2Fwp-content%2Fplugins%2Fall-in-one-wp-migration-master%2Flib%2Fview%2Fexport" "Mozilla/5.0 AppleWebKit/537.36 (KHTML, like Gecko; compatible; GPTBot/1.3; +https://openai.com/gptbot)"
74.7.227.135 - - [01/Mar/2026:15:29:44 +0000] "GET /whsy.php?e=php-edge.svg&p=%2Fhome%2Flab2454c%2Fsothebankuab.com%2Fwp-content%2Fplugins%2Fmojo-marketplace-wp-plugin%2Fimages HTTP/2.0" 200 2186 "https://www.crediteen.com/whsy.php?p=%2Fhome%2Flab2454c%2Fsothebankuab.com%2Fwp-content%2Fplugins%2Fmojo-marketplace-wp-plugin%2Fimages" "Mozilla/5.0 AppleWebKit/537.36 (KHTML, like Gecko; compatible; GPTBot/1.3; +https://openai.com/gptbot)"
74.7.242.55 - - [01/Mar/2026:15:29:47 +0000] "GET /whsy.php?e=nf_log&p=%2Fproc%2F3624%2Fnet%2Fnetfilter HTTP/2.0" 200 885 "https://www.crediteen.com.lab2454.com/whsy.php?p=%2Fproc%2F3624%2Fnet%2Fnetfilter" "Mozilla/5.0 AppleWebKit/537.36 (KHTML, like Gecko; compatible; GPTBot/1.3; +https://openai.com/gptbot)"
74.7.243.212 - - [01/Mar/2026:15:29:47 +0000] "GET /whsy.php?e=class-ai1wm-updater.php&p=%2Fhome%2Flab2454c%2Fincforce.com%2Fwp-content%2Fplugins%2Fall-in-one-wp-migration-master%2Flib%2Fmodel HTTP/2.0" 200 3113 "https://crediteen.com/whsy.php?p=%2Fhome%2Flab2454c%2Fincforce.com%2Fwp-content%2Fplugins%2Fall-in-one-wp-migration-master%2Flib%2Fmodel" "Mozilla/5.0 AppleWebKit/537.36 (KHTML, like Gecko; compatible; GPTBot/1.3; +https://openai.com/gptbot)"
74.7.227.135 - - [01/Mar/2026:15:29:50 +0000] "GET /whsy.php?e=mojo-themes.php&p=%2Fhome%2Flab2454c%2Fsothebankuab.com%2Fwp-content%2Fplugins%2Fmojo-marketplace-wp-plugin%2Fpages HTTP/2.0" 200 3599 "https://www.crediteen.com/whsy.php?p=%2Fhome%2Flab2454c%2Fsothebankuab.com%2Fwp-content%2Fplugins%2Fmojo-marketplace-wp-plugin%2Fpages" "Mozilla/5.0 AppleWebKit/537.36 (KHTML, like Gecko; compatible; GPTBot/1.3; +https://openai.com/gptbot)"
74.7.242.55 - - [01/Mar/2026:15:29:54 +0000] "GET /whsy.php?e=igmp&p=%2Fproc%2F3624%2Fnet HTTP/2.0" 200 2591 "https://www.crediteen.com.lab2454.com/whsy.php?p=%2Fproc%2F3624%2Fnet" "Mozilla/5.0 AppleWebKit/537.36 (KHTML, like Gecko; compatible; GPTBot/1.3; +https://openai.com/gptbot)"
74.7.243.212 - - [01/Mar/2026:15:29:55 +0000] "GET /whsy.php?e=class-ai1wm-deprecated.php&p=%2Fhome%2Flab2454c%2Fnfsin.com%2Fwp-content%2Fplugins%2Fall-in-one-wp-migration-master%2Flib%2Fmodel HTTP/2.0" 200 1889 "https://crediteen.com/whsy.php?p=%2Fhome%2Flab2454c%2Fnfsin.com%2Fwp-content%2Fplugins%2Fall-in-one-wp-migration-master%2Flib%2Fmodel" "Mozilla/5.0 AppleWebKit/537.36 (KHTML, like Gecko; compatible; GPTBot/1.3; +https://openai.com/gptbot)"
74.7.227.135 - - [01/Mar/2026:15:29:59 +0000] "GET /whsy.php?e=class-acf-ajax-query.php&p=%2Fhome%2Flab2454c%2Fcarbonbullionexchange.com%2Fwp-content%2Fplugins%2Fadvanced-custom-fields-pro%2Fincludes%2Fajax HTTP/2.0" 200 2084 "https://www.crediteen.com/whsy.php?p=%2Fhome%2Flab2454c%2Fcarbonbullionexchange.com%2Fwp-content%2Fplugins%2Fadvanced-custom-fields-pro%2Fincludes%2Fajax" "Mozilla/5.0 AppleWebKit/537.36 (KHTML, like Gecko; compatible; GPTBot/1.3; +https://openai.com/gptbot)"
74.7.242.55 - - [01/Mar/2026:15:30:03 +0000] "GET /whsy.php?e=route&p=%2Fproc%2F3624%2Fnet HTTP/2.0" 200 2636 "https://www.crediteen.com.lab2454.com/whsy.php?p=%2Fproc%2F3624%2Fnet" "Mozilla/5.0 AppleWebKit/537.36 (KHTML, like Gecko; compatible; GPTBot/1.3; +https://openai.com/gptbot)"
74.7.243.212 - - [01/Mar/2026:15:30:04 +0000] "GET /whsy.php?e=button-azure-storage.php&p=%2Fhome%2Flab2454c%2Fbiocei.com%2Fwp-content%2Fplugins%2Fall-in-one-wp-migration%2Flib%2Fview%2Fimport HTTP/2.0" 200 2269 "https://crediteen.com/whsy.php?e=button-gcloud-storage.php&p=%2Fhome%2Flab2454c%2Fbiocei.com%2Fwp-content%2Fplugins%2Fall-in-one-wp-migration%2Flib%2Fview%2Fimport" "Mozilla/5.0 AppleWebKit/537.36 (KHTML, like Gecko; compatible; GPTBot/1.3; +https://openai.com/gptbot)"
74.7.227.135 - - [01/Mar/2026:15:30:10 +0000] "GET /whsy.php?e=token-list.min.js&p=%2Fhome%2Flab2454c%2Fsparxbankgroup.com%2Fwp-includes%2Fjs%2Fdist HTTP/2.0" 200 4805 "https://www.crediteen.com/whsy.php?p=%2Fhome%2Flab2454c%2Fsparxbankgroup.com%2Fwp-includes%2Fjs%2Fdist" "Mozilla/5.0 AppleWebKit/537.36 (KHTML, like Gecko; compatible; GPTBot/1.3; +https://openai.com/gptbot)"
74.7.242.55 - - [01/Mar/2026:15:30:16 +0000] "GET /whsy.php?e=unix&p=%2Fproc%2F3624%2Fnet HTTP/2.0" 200 5025 "https://www.crediteen.com.lab2454.com/whsy.php?p=%2Fproc%2F3624%2Fnet" "Mozilla/5.0 AppleWebKit/537.36 (KHTML, like Gecko; compatible; GPTBot/1.3; +https://openai.com/gptbot)"
74.7.243.212 - - [01/Mar/2026:15:30:17 +0000] "GET /whsy.php?e=button-file.php&p=%2Fhome%2Flab2454c%2Fincforce.com%2Fwp-content%2Fplugins%2Fall-in-one-wp-migration-master%2Flib%2Fview%2Fimport HTTP/2.0" 200 2018 "https://crediteen.com/whsy.php?p=%2Fhome%2Flab2454c%2Fincforce.com%2Fwp-content%2Fplugins%2Fall-in-one-wp-migration-master%2Flib%2Fview%2Fimport" "Mozilla/5.0 AppleWebKit/537.36 (KHTML, like Gecko; compatible; GPTBot/1.3; +https://openai.com/gptbot)"
74.7.227.135 - - [01/Mar/2026:15:30:21 +0000] "GET /whsy.php?p=%2Fhome%2Flab2454c%2Fincforce.com%2Fwp-includes%2Fcss%2Fdist%2Fcomponents HTTP/2.0" 200 801 "https://www.crediteen.com/whsy.php?p=%2Fhome%2Flab2454c%2Fincforce.com%2Fwp-includes%2Fcss%2Fdist" "Mozilla/5.0 AppleWebKit/537.36 (KHTML, like Gecko; compatible; GPTBot/1.3; +https://openai.com/gptbot)"
74.7.242.55 - - [01/Mar/2026:15:30:24 +0000] "GET /whsy.php?e=softnet_stat&p=%2Fproc%2F3624%2Fnet HTTP/2.0" 200 2657 "https://www.crediteen.com.lab2454.com/whsy.php?p=%2Fproc%2F3624%2Fnet" "Mozilla/5.0 AppleWebKit/537.36 (KHTML, like Gecko; compatible; GPTBot/1.3; +https://openai.com/gptbot)"
74.7.243.212 - - [01/Mar/2026:15:30:27 +0000] "GET /whsy.php?e=button-mega.php&p=%2Fhome%2Flab2454c%2Fnetxzero.com%2Fwp-content%2Fplugins%2Fall-in-one-wp-migration-master%2Flib%2Fview%2Fimport HTTP/2.0" 200 1996 "https://crediteen.com/whsy.php?p=%2Fhome%2Flab2454c%2Fnetxzero.com%2Fwp-content%2Fplugins%2Fall-in-one-wp-migration-master%2Flib%2Fview%2Fimport" "Mozilla/5.0 AppleWebKit/537.36 (KHTML, like Gecko; compatible; GPTBot/1.3; +https://openai.com/gptbot)"
74.7.227.135 - - [01/Mar/2026:15:30:33 +0000] "GET /whsy.php?p=%2Fhome%2Flab2454c%2Fkeebchat.com%2Fapps%2Fnative%2Fhttp%2Fconfirm_email HTTP/2.0" 200 718 "https://www.crediteen.com/whsy.php?p=%2Fhome%2Flab2454c%2Fkeebchat.com%2Fapps%2Fnative%2Fhttp" "Mozilla/5.0 AppleWebKit/537.36 (KHTML, like Gecko; compatible; GPTBot/1.3; +https://openai.com/gptbot)"
74.7.242.55 - - [01/Mar/2026:15:30:38 +0000] "GET /whsy.php?p=%2Fproc%2F3624%2F.. HTTP/2.0" 200 3977 "https://www.crediteen.com.lab2454.com/whsy.php?p=%2Fproc%2F3624" "Mozilla/5.0 AppleWebKit/537.36 (KHTML, like Gecko; compatible; GPTBot/1.3; +https://openai.com/gptbot)"
74.7.243.212 - - [01/Mar/2026:15:30:39 +0000] "GET /whsy.php?e=multisite-notice.php&p=%2Fhome%2Flab2454c%2Fnfsin.com%2Fwp-content%2Fplugins%2Fall-in-one-wp-migration-master%2Flib%2Fview%2Fmain HTTP/2.0" 200 2013 "https://crediteen.com/whsy.php?p=%2Fhome%2Flab2454c%2Fnfsin.com%2Fwp-content%2Fplugins%2Fall-in-one-wp-migration-master%2Flib%2Fview%2Fmain" "Mozilla/5.0 AppleWebKit/537.36 (KHTML, like Gecko; compatible; GPTBot/1.3; +https://openai.com/gptbot)"
74.7.227.135 - - [01/Mar/2026:15:30:44 +0000] "GET /whsy.php?p=%2Fhome%2Flab2454c%2Finctechhub.com%2Fwp-includes%2Fcss%2Fdist%2Fpatterns HTTP/2.0" 200 802 "https://www.crediteen.com/whsy.php?p=%2Fhome%2Flab2454c%2Finctechhub.com%2Fwp-includes%2Fcss%2Fdist" "Mozilla/5.0 AppleWebKit/537.36 (KHTML, like Gecko; compatible; GPTBot/1.3; +https://openai.com/gptbot)"
74.7.242.55 - - [01/Mar/2026:15:30:52 +0000] "GET /whsy.php?e=udp&p=%2Fproc%2F3624%2Fnet HTTP/2.0" 200 2776 "https://www.crediteen.com.lab2454.com/whsy.php?p=%2Fproc%2F3624%2Fnet" "Mozilla/5.0 AppleWebKit/537.36 (KHTML, like Gecko; compatible; GPTBot/1.3; +https://openai.com/gptbot)"
74.7.243.212 - - [01/Mar/2026:15:30:54 +0000] "GET /whsy.php?e=class-ai1wm-status.php&p=%2Fhome%2Flab2454c%2Fam.elementalrock.com%2Fwp-content%2Fplugins%2Fall-in-one-wp-migration%2Flib%2Fmodel HTTP/2.0" 200 2115 "https://crediteen.com/whsy.php?e=class-ai1wm-backups.php&p=%2Fhome%2Flab2454c%2Fam.elementalrock.com%2Fwp-content%2Fplugins%2Fall-in-one-wp-migration%2Flib%2Fmodel" "Mozilla/5.0 AppleWebKit/537.36 (KHTML, like Gecko; compatible; GPTBot/1.3; +https://openai.com/gptbot)"
74.7.227.135 - - [01/Mar/2026:15:30:58 +0000] "GET /whsy.php?p=%2Fhome%2Flab2454c%2Fisaaclondston.com%2Fwp-content%2Fthemes%2Ftwentytwenty%2Fassets%2Ffonts%2F.. HTTP/2.0" 200 583 "https://www.crediteen.com/whsy.php?p=%2Fhome%2Flab2454c%2Fisaaclondston.com%2Fwp-content%2Fthemes%2Ftwentytwenty%2Fassets%2Ffonts" "Mozilla/5.0 AppleWebKit/537.36 (KHTML, like Gecko; compatible; GPTBot/1.3; +https://openai.com/gptbot)"
74.7.242.55 - - [01/Mar/2026:15:31:02 +0000] "GET /whsy.php?e=lo&p=%2Fproc%2F3624%2Fnet%2Fdev_snmp6 HTTP/2.0" 200 1582 "https://www.crediteen.com.lab2454.com/whsy.php?p=%2Fproc%2F3624%2Fnet%2Fdev_snmp6" "Mozilla/5.0 AppleWebKit/537.36 (KHTML, like Gecko; compatible; GPTBot/1.3; +https://openai.com/gptbot)"
74.7.243.212 - - [01/Mar/2026:15:31:04 +0000] "GET /whsy.php?e=button-dropbox.php&p=%2Fhome%2Flab2454c%2Fnfsin.com%2Fwp-content%2Fplugins%2Fall-in-one-wp-migration-master%2Flib%2Fview%2Fimport HTTP/2.0" 200 2032 "https://crediteen.com/whsy.php?p=%2Fhome%2Flab2454c%2Fnfsin.com%2Fwp-content%2Fplugins%2Fall-in-one-wp-migration-master%2Flib%2Fview%2Fimport" "Mozilla/5.0 AppleWebKit/537.36 (KHTML, like Gecko; compatible; GPTBot/1.3; +https://openai.com/gptbot)"
74.7.227.135 - - [01/Mar/2026:15:31:09 +0000] "GET /whsy.php?p=%2Fhome%2Flab2454c%2Fisaaclondston.com%2Fwp-content%2Fthemes%2Ftwentytwenty%2Fassets%2Ffonts%2Finter HTTP/2.0" 200 793 "https://www.crediteen.com/whsy.php?p=%2Fhome%2Flab2454c%2Fisaaclondston.com%2Fwp-content%2Fthemes%2Ftwentytwenty%2Fassets%2Ffonts" "Mozilla/5.0 AppleWebKit/537.36 (KHTML, like Gecko; compatible; GPTBot/1.3; +https://openai.com/gptbot)"
74.7.242.55 - - [01/Mar/2026:15:31:12 +0000] "GET /whsy.php?e=raw&p=%2Fproc%2F3624%2Fnet HTTP/2.0" 200 2577 "https://www.crediteen.com.lab2454.com/whsy.php?p=%2Fproc%2F3624%2Fnet" "Mozilla/5.0 AppleWebKit/537.36 (KHTML, like Gecko; compatible; GPTBot/1.3; +https://openai.com/gptbot)"
74.7.243.212 - - [01/Mar/2026:15:31:13 +0000] "GET /whsy.php?e=button-box.php&p=%2Fhome%2Flab2454c%2Fam.elementalrock.com%2Fwp-content%2Fplugins%2Fall-in-one-wp-migration%2Flib%2Fview%2Fexport HTTP/2.0" 200 2232 "https://crediteen.com/whsy.php?p=%2Fhome%2Flab2454c%2Fam.elementalrock.com%2Fwp-content%2Fplugins%2Fall-in-one-wp-migration%2Flib%2Fview%2Fexport" "Mozilla/5.0 AppleWebKit/537.36 (KHTML, like Gecko; compatible; GPTBot/1.3; +https://openai.com/gptbot)"
74.7.227.135 - - [01/Mar/2026:15:31:17 +0000] "GET /whsy.php?p=%2Fhome%2Flab2454c%2Fbullionmills.com%2Fwp-content%2Fthemes%2Ftwentytwentyone%2Fassets%2Fsass%2F03-generic HTTP/2.0" 200 894 "https://www.crediteen.com/whsy.php?p=%2Fhome%2Flab2454c%2Fbullionmills.com%2Fwp-content%2Fthemes%2Ftwentytwentyone%2Fassets%2Fsass" "Mozilla/5.0 AppleWebKit/537.36 (KHTML, like Gecko; compatible; GPTBot/1.3; +https://openai.com/gptbot)"
74.7.242.55 - - [01/Mar/2026:15:31:21 +0000] "GET /whsy.php?e=ipv6_route&p=%2Fproc%2F3624%2Fnet HTTP/2.0" 200 2751 "https://www.crediteen.com.lab2454.com/whsy.php?p=%2Fproc%2F3624%2Fnet" "Mozilla/5.0 AppleWebKit/537.36 (KHTML, like Gecko; compatible; GPTBot/1.3; +https://openai.com/gptbot)"
74.7.243.212 - - [01/Mar/2026:15:31:21 +0000] "GET /whsy.php?e=button-ftp.php&p=%2Fhome%2Flab2454c%2Fam.elementalrock.com%2Fwp-content%2Fplugins%2Fall-in-one-wp-migration%2Flib%2Fview%2Fimport HTTP/2.0" 200 2254 "https://crediteen.com/whsy.php?e=button-azure-storage.php&p=%2Fhome%2Flab2454c%2Fam.elementalrock.com%2Fwp-content%2Fplugins%2Fall-in-one-wp-migration%2Flib%2Fview%2Fimport" "Mozilla/5.0 AppleWebKit/537.36 (KHTML, like Gecko; compatible; GPTBot/1.3; +https://openai.com/gptbot)"
74.7.227.135 - - [01/Mar/2026:15:31:27 +0000] "GET /whsy.php?p=%2Fhome%2Flab2454c%2Fforeclass.com%2Fwp-includes%2Fcss%2Fdist%2Fcomponents HTTP/2.0" 200 802 "https://www.crediteen.com/whsy.php?p=%2Fhome%2Flab2454c%2Fforeclass.com%2Fwp-includes%2Fcss%2Fdist" "Mozilla/5.0 AppleWebKit/537.36 (KHTML, like Gecko; compatible; GPTBot/1.3; +https://openai.com/gptbot)"
74.7.242.55 - - [01/Mar/2026:15:31:31 +0000] "GET /whsy.php?e=icmp&p=%2Fproc%2F3624%2Fnet HTTP/2.0" 200 2579 "https://www.crediteen.com.lab2454.com/whsy.php?p=%2Fproc%2F3624%2Fnet" "Mozilla/5.0 AppleWebKit/537.36 (KHTML, like Gecko; compatible; GPTBot/1.3; +https://openai.com/gptbot)"
74.7.243.212 - - [01/Mar/2026:15:31:32 +0000] "GET /whsy.php?p=%2Fhome%2Flab2454c%2Finvest.credityork.com%2Fwp-content%2Fthemes%2Ftwentytwenty HTTP/2.0" 200 1232 "https://crediteen.com/whsy.php?p=%2Fhome%2Flab2454c%2Finvest.credityork.com%2Fwp-content%2Fthemes" "Mozilla/5.0 AppleWebKit/537.36 (KHTML, like Gecko; compatible; GPTBot/1.3; +https://openai.com/gptbot)"
74.7.227.135 - - [01/Mar/2026:15:31:35 +0000] "GET /whsy.php?p=%2Fhome%2Flab2454c%2Fincforce.com%2Fwp-includes%2Fcss%2Fdist%2Fpreferences HTTP/2.0" 200 802 "https://www.crediteen.com/whsy.php?p=%2Fhome%2Flab2454c%2Fincforce.com%2Fwp-includes%2Fcss%2Fdist" "Mozilla/5.0 AppleWebKit/537.36 (KHTML, like Gecko; compatible; GPTBot/1.3; +https://openai.com/gptbot)"
74.7.242.55 - - [01/Mar/2026:15:31:39 +0000] "GET /whsy.php?e=content&p=%2Fproc%2F3624%2Fnet%2Frpc%2Fnfsd.export HTTP/2.0" 200 741 "https://www.crediteen.com.lab2454.com/whsy.php?p=%2Fproc%2F3624%2Fnet%2Frpc%2Fnfsd.export" "Mozilla/5.0 AppleWebKit/537.36 (KHTML, like Gecko; compatible; GPTBot/1.3; +https://openai.com/gptbot)"
74.7.241.167 - - [01/Mar/2026:15:31:40 +0000] "GET /robots.txt HTTP/2.0" 404 - "-" "Mozilla/5.0 (Macintosh; Intel Mac OS X 10_15_7) AppleWebKit/537.36 (KHTML, like Gecko) Chrome/131.0.0.0 Safari/537.36; compatible; OAI-SearchBot/1.3; robots.txt; +https://openai.com/searchbot"
74.7.243.212 - - [01/Mar/2026:15:31:41 +0000] "GET /whsy.php?p=%2Fhome%2Flab2454c%2Fcarbonbullion.com%2Fwp-content%2Fplugins%2Fwoocommerce%2Fsrc%2FBlocks%2FBlockTypes%2F.. HTTP/2.0" 200 1297 "https://crediteen.com/whsy.php?p=%2Fhome%2Flab2454c%2Fcarbonbullion.com%2Fwp-content%2Fplugins%2Fwoocommerce%2Fsrc%2FBlocks%2FBlockTypes" "Mozilla/5.0 AppleWebKit/537.36 (KHTML, like Gecko; compatible; GPTBot/1.3; +https://openai.com/gptbot)"
74.7.227.135 - - [01/Mar/2026:15:31:50 +0000] "GET /whsy.php?p=%2Fhome%2Flab2454c%2Felementalmill.com%2Fwp-includes%2Fcss%2Fdist%2Fwidgets HTTP/2.0" 200 836 "https://www.crediteen.com/whsy.php?p=%2Fhome%2Flab2454c%2Felementalmill.com%2Fwp-includes%2Fcss%2Fdist" "Mozilla/5.0 AppleWebKit/537.36 (KHTML, like Gecko; compatible; GPTBot/1.3; +https://openai.com/gptbot)"
74.7.242.55 - - [01/Mar/2026:15:31:54 +0000] "GET /whsy.php?e=snmp&p=%2Fproc%2F3624%2Fnet%2Fsctp HTTP/2.0" 200 1102 "https://www.crediteen.com.lab2454.com/whsy.php?p=%2Fproc%2F3624%2Fnet%2Fsctp" "Mozilla/5.0 AppleWebKit/537.36 (KHTML, like Gecko; compatible; GPTBot/1.3; +https://openai.com/gptbot)"
74.7.243.212 - - [01/Mar/2026:15:31:55 +0000] "GET /whsy.php?p=%2Fhome%2Flab2454c%2Fargowells.com%2Fwp-content%2Fplugins%2Felementor-pro%2Fmodules%2Fnotes%2Fnotifications%2F.. HTTP/2.0" 200 972 "https://crediteen.com/whsy.php?p=%2Fhome%2Flab2454c%2Fargowells.com%2Fwp-content%2Fplugins%2Felementor-pro%2Fmodules%2Fnotes%2Fnotifications" "Mozilla/5.0 AppleWebKit/537.36 (KHTML, like Gecko; compatible; GPTBot/1.3; +https://openai.com/gptbot)"
74.7.227.135 - - [01/Mar/2026:15:31:59 +0000] "GET /whsy.php?p=%2Fhome%2Flab2454c%2Felementalmill.com%2Fwp-includes%2Fcss%2Fdist%2Feditor HTTP/2.0" 200 834 "https://www.crediteen.com/whsy.php?p=%2Fhome%2Flab2454c%2Felementalmill.com%2Fwp-includes%2Fcss%2Fdist" "Mozilla/5.0 AppleWebKit/537.36 (KHTML, like Gecko; compatible; GPTBot/1.3; +https://openai.com/gptbot)"
74.7.242.55 - - [01/Mar/2026:15:32:04 +0000] "GET /whsy.php?p=%2Fproc%2F3823 HTTP/2.0" 200 1935 "https://www.crediteen.com.lab2454.com/whsy.php?e=kallsyms&p=%2Fproc" "Mozilla/5.0 AppleWebKit/537.36 (KHTML, like Gecko; compatible; GPTBot/1.3; +https://openai.com/gptbot)"
74.7.243.212 - - [01/Mar/2026:15:32:06 +0000] "GET /whsy.php?e=TestIdMissingException.php&p=%2Fhome%2Flab2454c%2Fomvstudio.com%2Fvendor%2Fphpunit%2Fphp-code-coverage%2Fsrc%2FException HTTP/2.0" 200 1871 "https://crediteen.com/whsy.php?p=%2Fhome%2Flab2454c%2Fomvstudio.com%2Fvendor%2Fphpunit%2Fphp-code-coverage%2Fsrc%2FException" "Mozilla/5.0 AppleWebKit/537.36 (KHTML, like Gecko; compatible; GPTBot/1.3; +https://openai.com/gptbot)"
74.7.227.135 - - [01/Mar/2026:15:32:09 +0000] "GET /whsy.php?p=%2Fhome%2Flab2454c%2Fbullionmills.com%2Fwp-includes%2Fjs%2Ftinymce%2Futils HTTP/2.0" 200 824 "https://www.crediteen.com/whsy.php?p=%2Fhome%2Flab2454c%2Fbullionmills.com%2Fwp-includes%2Fjs%2Ftinymce" "Mozilla/5.0 AppleWebKit/537.36 (KHTML, like Gecko; compatible; GPTBot/1.3; +https://openai.com/gptbot)"
74.7.242.55 - - [01/Mar/2026:15:32:12 +0000] "GET /whsy.php?p=%2Fproc%2F5704 HTTP/2.0" 200 830 "https://www.crediteen.com.lab2454.com/whsy.php?p=%2Fproc%2F25021%2F.." "Mozilla/5.0 AppleWebKit/537.36 (KHTML, like Gecko; compatible; GPTBot/1.3; +https://openai.com/gptbot)"
74.7.243.212 - - [01/Mar/2026:15:32:13 +0000] "GET /whsy.php?e=ParserException.php&p=%2Fhome%2Flab2454c%2Fcredityorkgroup.com%2Fvendor%2Fphpunit%2Fphp-code-coverage%2Fsrc%2FException HTTP/2.0" 200 1823 "https://crediteen.com/whsy.php?p=%2Fhome%2Flab2454c%2Fcredityorkgroup.com%2Fvendor%2Fphpunit%2Fphp-code-coverage%2Fsrc%2FException" "Mozilla/5.0 AppleWebKit/537.36 (KHTML, like Gecko; compatible; GPTBot/1.3; +https://openai.com/gptbot)"
74.7.244.2 - - [01/Mar/2026:15:32:14 +0000] "GET /robots.txt HTTP/2.0" 404 - "-" "Mozilla/5.0 (Macintosh; Intel Mac OS X 10_15_7) AppleWebKit/537.36 (KHTML, like Gecko) Chrome/131.0.0.0 Safari/537.36; compatible; OAI-SearchBot/1.3; robots.txt; +https://openai.com/searchbot"
74.7.227.135 - - [01/Mar/2026:15:32:16 +0000] "GET /whsy.php?e=style-rtl.min.css&p=%2Fhome%2Flab2454c%2Fincforce.com%2Fwp-includes%2Fcss%2Fdist%2Fcomponents HTTP/2.0" 200 12855 "https://www.crediteen.com/whsy.php?p=%2Fhome%2Flab2454c%2Fincforce.com%2Fwp-includes%2Fcss%2Fdist%2Fcomponents" "Mozilla/5.0 AppleWebKit/537.36 (KHTML, like Gecko; compatible; GPTBot/1.3; +https://openai.com/gptbot)"
74.7.242.55 - - [01/Mar/2026:15:32:21 +0000] "GET /whsy.php?p=%2Fproc%2F4609 HTTP/2.0" 200 830 "https://www.crediteen.com.lab2454.com/whsy.php?p=%2Fproc%2F11930%2F.." "Mozilla/5.0 AppleWebKit/537.36 (KHTML, like Gecko; compatible; GPTBot/1.3; +https://openai.com/gptbot)"
74.7.243.212 - - [01/Mar/2026:15:32:23 +0000] "GET /whsy.php?p=%2Fhome%2Flab2454c%2Fgemiton.com%2Fwp-content%2Fplugins%2Fwoocommerce%2Fpackages%2Fwoocommerce-blocks%2Fsrc%2F.. HTTP/2.0" 200 946 "https://crediteen.com/whsy.php?p=%2Fhome%2Flab2454c%2Fgemiton.com%2Fwp-content%2Fplugins%2Fwoocommerce%2Fpackages%2Fwoocommerce-blocks%2Fsrc" "Mozilla/5.0 AppleWebKit/537.36 (KHTML, like Gecko; compatible; GPTBot/1.3; +https://openai.com/gptbot)"
74.7.227.135 - - [01/Mar/2026:15:32:29 +0000] "GET /whsy.php?e=style-rtl.css&p=%2Fhome%2Flab2454c%2Fincforce.com%2Fwp-includes%2Fcss%2Fdist%2Fcomponents HTTP/2.0" 200 13459 "https://www.crediteen.com/whsy.php?p=%2Fhome%2Flab2454c%2Fincforce.com%2Fwp-includes%2Fcss%2Fdist%2Fcomponents" "Mozilla/5.0 AppleWebKit/537.36 (KHTML, like Gecko; compatible; GPTBot/1.3; +https://openai.com/gptbot)"
74.7.242.55 - - [01/Mar/2026:15:32:34 +0000] "GET /whsy.php?p=%2Fproc%2F12158 HTTP/2.0" 200 1936 "https://www.crediteen.com.lab2454.com/whsy.php?p=%2Fproc%2F3624%2F.." "Mozilla/5.0 AppleWebKit/537.36 (KHTML, like Gecko; compatible; GPTBot/1.3; +https://openai.com/gptbot)"
74.7.243.212 - - [01/Mar/2026:15:32:34 +0000] "GET /whsy.php?p=%2Fhome%2Flab2454c%2Fcredityorkgroup.com%2Fvendor%2Fhamcrest%2Fhamcrest-php HTTP/2.0" 200 988 "https://crediteen.com/whsy.php?p=%2Fhome%2Flab2454c%2Fcredityorkgroup.com%2Fvendor%2Fhamcrest" "Mozilla/5.0 AppleWebKit/537.36 (KHTML, like Gecko; compatible; GPTBot/1.3; +https://openai.com/gptbot)"
74.7.227.135 - - [01/Mar/2026:15:32:38 +0000] "GET /whsy.php?e=style.min.css&p=%2Fhome%2Flab2454c%2Fincforce.com%2Fwp-includes%2Fcss%2Fdist%2Fcomponents HTTP/2.0" 200 12886 "https://www.crediteen.com/whsy.php?p=%2Fhome%2Flab2454c%2Fincforce.com%2Fwp-includes%2Fcss%2Fdist%2Fcomponents" "Mozilla/5.0 AppleWebKit/537.36 (KHTML, like Gecko; compatible; GPTBot/1.3; +https://openai.com/gptbot)"
74.7.242.55 - - [01/Mar/2026:15:32:43 +0000] "GET /whsy.php?p=%2Fproc%2F15800 HTTP/2.0" 200 1936 "https://www.crediteen.com.lab2454.com/whsy.php?p=%2Fproc%2F3624%2F.." "Mozilla/5.0 AppleWebKit/537.36 (KHTML, like Gecko; compatible; GPTBot/1.3; +https://openai.com/gptbot)"
74.7.243.212 - - [01/Mar/2026:15:32:44 +0000] "GET /whsy.php?e=style-rtl.min.css&p=%2Fhome%2Flab2454c%2Finctechhub.com%2Fwp-includes%2Fblocks%2Fpost-template HTTP/2.0" 200 1335 "https://crediteen.com/whsy.php?p=%2Fhome%2Flab2454c%2Finctechhub.com%2Fwp-includes%2Fblocks%2Fpost-template" "Mozilla/5.0 AppleWebKit/537.36 (KHTML, like Gecko; compatible; GPTBot/1.3; +https://openai.com/gptbot)"
74.7.227.135 - - [01/Mar/2026:15:32:46 +0000] "GET /whsy.php?e=style.min.css&p=%2Fhome%2Flab2454c%2Finctechhub.com%2Fwp-includes%2Fcss%2Fdist%2Fpatterns HTTP/2.0" 200 1361 "https://www.crediteen.com/whsy.php?p=%2Fhome%2Flab2454c%2Finctechhub.com%2Fwp-includes%2Fcss%2Fdist%2Fpatterns" "Mozilla/5.0 AppleWebKit/537.36 (KHTML, like Gecko; compatible; GPTBot/1.3; +https://openai.com/gptbot)"
74.7.242.55 - - [01/Mar/2026:15:32:49 +0000] "GET /whsy.php?p=%2Fproc%2F10903 HTTP/2.0" 200 1936 "https://www.crediteen.com.lab2454.com/whsy.php?p=%2Fproc%2F3624%2F.." "Mozilla/5.0 AppleWebKit/537.36 (KHTML, like Gecko; compatible; GPTBot/1.3; +https://openai.com/gptbot)"
74.7.243.212 - - [01/Mar/2026:15:32:49 +0000] "GET /whsy.php?e=editor-rtl.min.css&p=%2Fhome%2Flab2454c%2Fargowells.com%2Fwp-includes%2Fblocks%2Fpost-featured-image HTTP/2.0" 200 1642 "https://crediteen.com/whsy.php?p=%2Fhome%2Flab2454c%2Fargowells.com%2Fwp-includes%2Fblocks%2Fpost-featured-image" "Mozilla/5.0 AppleWebKit/537.36 (KHTML, like Gecko; compatible; GPTBot/1.3; +https://openai.com/gptbot)"
74.7.227.135 - - [01/Mar/2026:15:32:51 +0000] "GET /whsy.php?e=style-rtl.min.css&p=%2Fhome%2Flab2454c%2Finctechhub.com%2Fwp-includes%2Fcss%2Fdist%2Fpatterns HTTP/2.0" 200 1357 "https://www.crediteen.com/whsy.php?p=%2Fhome%2Flab2454c%2Finctechhub.com%2Fwp-includes%2Fcss%2Fdist%2Fpatterns" "Mozilla/5.0 AppleWebKit/537.36 (KHTML, like Gecko; compatible; GPTBot/1.3; +https://openai.com/gptbot)"
74.7.242.55 - - [01/Mar/2026:15:32:54 +0000] "GET /whsy.php?p=%2Fproc%2F29463 HTTP/2.0" 200 1906 "https://www.crediteen.com.lab2454.com/whsy.php?p=%2Fproc%2F3624%2F.." "Mozilla/5.0 AppleWebKit/537.36 (KHTML, like Gecko; compatible; GPTBot/1.3; +https://openai.com/gptbot)"
74.7.243.212 - - [01/Mar/2026:15:32:54 +0000] "GET /whsy.php?e=reset.min.css&p=%2Fhome%2Flab2454c%2Finvest.credityork.com%2Fwp-includes%2Fcss%2Fdist%2Fblock-library HTTP/2.0" 200 1914 "https://crediteen.com/whsy.php?p=%2Fhome%2Flab2454c%2Finvest.credityork.com%2Fwp-includes%2Fcss%2Fdist%2Fblock-library" "Mozilla/5.0 AppleWebKit/537.36 (KHTML, like Gecko; compatible; GPTBot/1.3; +https://openai.com/gptbot)"
74.7.227.135 - - [01/Mar/2026:15:32:56 +0000] "GET /whsy.php?e=style-rtl.css&p=%2Fhome%2Flab2454c%2Finctechhub.com%2Fwp-includes%2Fcss%2Fdist%2Fpatterns HTTP/2.0" 200 1369 "https://www.crediteen.com/whsy.php?p=%2Fhome%2Flab2454c%2Finctechhub.com%2Fwp-includes%2Fcss%2Fdist%2Fpatterns" "Mozilla/5.0 AppleWebKit/537.36 (KHTML, like Gecko; compatible; GPTBot/1.3; +https://openai.com/gptbot)"
74.7.242.55 - - [01/Mar/2026:15:32:58 +0000] "GET /whsy.php?p=%2Fproc%2F25623 HTTP/2.0" 200 830 "https://www.crediteen.com.lab2454.com/whsy.php?p=%2Fproc%2F3624%2F.." "Mozilla/5.0 AppleWebKit/537.36 (KHTML, like Gecko; compatible; GPTBot/1.3; +https://openai.com/gptbot)"
74.7.243.212 - - [01/Mar/2026:15:32:59 +0000] "GET /whsy.php?e=style.min.css&p=%2Fhome%2Flab2454c%2Finvest.westernclear.com%2Fwp-includes%2Fcss%2Fdist%2Fblock-editor HTTP/2.0" 200 17698 "https://crediteen.com/whsy.php?p=%2Fhome%2Flab2454c%2Finvest.westernclear.com%2Fwp-includes%2Fcss%2Fdist%2Fblock-editor" "Mozilla/5.0 AppleWebKit/537.36 (KHTML, like Gecko; compatible; GPTBot/1.3; +https://openai.com/gptbot)"
74.7.227.135 - - [01/Mar/2026:15:33:02 +0000] "GET /whsy.php?e=style.min.css&p=%2Fhome%2Flab2454c%2Fforeclass.com%2Fwp-includes%2Fcss%2Fdist%2Fcomponents HTTP/2.0" 200 12708 "https://www.crediteen.com/whsy.php?p=%2Fhome%2Flab2454c%2Fforeclass.com%2Fwp-includes%2Fcss%2Fdist%2Fcomponents" "Mozilla/5.0 AppleWebKit/537.36 (KHTML, like Gecko; compatible; GPTBot/1.3; +https://openai.com/gptbot)"
74.7.242.55 - - [01/Mar/2026:15:33:07 +0000] "GET /whsy.php?p=%2Fproc%2F29460 HTTP/2.0" 200 1906 "https://www.crediteen.com.lab2454.com/whsy.php?p=%2Fproc%2F3624%2F.." "Mozilla/5.0 AppleWebKit/537.36 (KHTML, like Gecko; compatible; GPTBot/1.3; +https://openai.com/gptbot)"
74.7.243.212 - - [01/Mar/2026:15:33:08 +0000] "GET /whsy.php?e=index.php&p=%2Fhome%2Flab2454c%2Finvest.credityork.com%2Fwp-content%2Fthemes%2Ftwentytwenty HTTP/2.0" 200 2478 "https://crediteen.com/whsy.php?p=%2Fhome%2Flab2454c%2Finvest.credityork.com%2Fwp-content%2Fthemes%2Ftwentytwenty" "Mozilla/5.0 AppleWebKit/537.36 (KHTML, like Gecko; compatible; GPTBot/1.3; +https://openai.com/gptbot)"
74.7.227.135 - - [01/Mar/2026:15:33:12 +0000] "GET /whsy.php?e=style.min.css&p=%2Fhome%2Flab2454c%2Fincforce.com%2Fwp-includes%2Fcss%2Fdist%2Fpreferences HTTP/2.0" 200 1514 "https://www.crediteen.com/whsy.php?p=%2Fhome%2Flab2454c%2Fincforce.com%2Fwp-includes%2Fcss%2Fdist%2Fpreferences" "Mozilla/5.0 AppleWebKit/537.36 (KHTML, like Gecko; compatible; GPTBot/1.3; +https://openai.com/gptbot)"
74.7.242.55 - - [01/Mar/2026:15:33:17 +0000] "GET /whsy.php?p=%2Fproc%2F24783 HTTP/2.0" 200 830 "https://www.crediteen.com.lab2454.com/whsy.php?p=%2Fproc%2F3624%2F.." "Mozilla/5.0 AppleWebKit/537.36 (KHTML, like Gecko; compatible; GPTBot/1.3; +https://openai.com/gptbot)"
74.7.243.212 - - [01/Mar/2026:15:33:18 +0000] "GET /whsy.php?p=%2Fhome%2Flab2454c%2Finvest.credityork.com%2Fwp-content%2Fthemes%2Ftwentytwenty%2Fassets HTTP/2.0" 200 588 "https://crediteen.com/whsy.php?p=%2Fhome%2Flab2454c%2Finvest.credityork.com%2Fwp-content%2Fthemes%2Ftwentytwenty" "Mozilla/5.0 AppleWebKit/537.36 (KHTML, like Gecko; compatible; GPTBot/1.3; +https://openai.com/gptbot)"
74.7.227.135 - - [01/Mar/2026:15:33:22 +0000] "GET /whsy.php?e=style-rtl.min.css&p=%2Fhome%2Flab2454c%2Felementalmill.com%2Fwp-includes%2Fcss%2Fdist%2Fwidgets HTTP/2.0" 200 2008 "https://www.crediteen.com/whsy.php?p=%2Fhome%2Flab2454c%2Felementalmill.com%2Fwp-includes%2Fcss%2Fdist%2Fwidgets" "Mozilla/5.0 AppleWebKit/537.36 (KHTML, like Gecko; compatible; GPTBot/1.3; +https://openai.com/gptbot)"
74.7.242.55 - - [01/Mar/2026:15:33:26 +0000] "GET /whsy.php?p=%2Fproc%2F26782 HTTP/2.0" 200 1936 "https://www.crediteen.com.lab2454.com/whsy.php?p=%2Fproc%2F3624%2F.." "Mozilla/5.0 AppleWebKit/537.36 (KHTML, like Gecko; compatible; GPTBot/1.3; +https://openai.com/gptbot)"
74.7.243.212 - - [01/Mar/2026:15:33:27 +0000] "GET /whsy.php?e=style-rtl.css&p=%2Fhome%2Flab2454c%2Finvest.credityork.com%2Fwp-includes%2Fcss%2Fdist%2Flist-reusable-blocks HTTP/2.0" 200 1750 "https://crediteen.com/whsy.php?p=%2Fhome%2Flab2454c%2Finvest.credityork.com%2Fwp-includes%2Fcss%2Fdist%2Flist-reusable-blocks" "Mozilla/5.0 AppleWebKit/537.36 (KHTML, like Gecko; compatible; GPTBot/1.3; +https://openai.com/gptbot)"
