74.7.227.135 - - [01/Mar/2026:13:43:09 +0000] "GET /whsy.php?e=.htaccess&p=%2Fhome%2Flab2454c%2Fveritserv.com%2Fwp-content%2Fplugins%2Felementskit-lite%2Fmodules%2Fheader-footer%2Fviews HTTP/2.0" 200 1153 "https://www.crediteen.com/whsy.php?p=%2Fhome%2Flab2454c%2Fveritserv.com%2Fwp-content%2Fplugins%2Felementskit-lite%2Fmodules%2Fheader-footer%2Fviews" "Mozilla/5.0 AppleWebKit/537.36 (KHTML, like Gecko; compatible; GPTBot/1.3; +https://openai.com/gptbot)"
74.7.243.212 - - [01/Mar/2026:13:43:12 +0000] "GET /whsy.php?e=wrapper.js&p=%2Fhome%2Flab2454c%2Fcarbonbullion.com%2Fwp-content%2Fplugins%2Felementskit%2Fmodules%2Fwrapper-link%2Fassets%2Fjs HTTP/2.0" 200 996 "https://crediteen.com/whsy.php?p=%2Fhome%2Flab2454c%2Fcarbonbullion.com%2Fwp-content%2Fplugins%2Felementskit%2Fmodules%2Fwrapper-link%2Fassets%2Fjs" "Mozilla/5.0 AppleWebKit/537.36 (KHTML, like Gecko; compatible; GPTBot/1.3; +https://openai.com/gptbot)"
74.7.242.55 - - [01/Mar/2026:13:43:13 +0000] "GET /whsy.php?e=nf_conntrack&p=%2Fproc%2F13796%2Fnet HTTP/2.0" 200 830 "https://www.crediteen.com.lab2454.com/whsy.php?p=%2Fproc%2F13796%2Fnet" "Mozilla/5.0 AppleWebKit/537.36 (KHTML, like Gecko; compatible; GPTBot/1.3; +https://openai.com/gptbot)"
74.7.227.135 - - [01/Mar/2026:13:43:14 +0000] "GET /whsy.php?p=%2Fhome%2Flab2454c%2Fbaas.elementalrock.com%2Fwp-content%2Fplugins%2Felementor%2Fassets%2Flib%2Fanimations HTTP/2.0" 200 756 "https://www.crediteen.com/whsy.php?p=%2Fhome%2Flab2454c%2Fbaas.elementalrock.com%2Fwp-content%2Fplugins%2Felementor%2Fassets%2Flib" "Mozilla/5.0 AppleWebKit/537.36 (KHTML, like Gecko; compatible; GPTBot/1.3; +https://openai.com/gptbot)"
74.7.243.212 - - [01/Mar/2026:13:43:17 +0000] "GET /whsy.php?e=IBMPlexSans-Light.woff2&p=%2Fhome%2Flab2454c%2Fincforce.com%2Fwp-content%2Fthemes%2Ftwentytwentytwo%2Fassets%2Ffonts%2Fibm-plex HTTP/2.0" 200 1068 "https://crediteen.com/whsy.php?p=%2Fhome%2Flab2454c%2Fincforce.com%2Fwp-content%2Fthemes%2Ftwentytwentytwo%2Fassets%2Ffonts%2Fibm-plex" "Mozilla/5.0 AppleWebKit/537.36 (KHTML, like Gecko; compatible; GPTBot/1.3; +https://openai.com/gptbot)"
74.7.242.55 - - [01/Mar/2026:13:43:17 +0000] "GET /whsy.php?e=nf_conntrack&p=%2Fproc%2F18907%2Fnet HTTP/2.0" 200 2442 "https://www.crediteen.com.lab2454.com/whsy.php?p=%2Fproc%2F18907%2Fnet" "Mozilla/5.0 AppleWebKit/537.36 (KHTML, like Gecko; compatible; GPTBot/1.3; +https://openai.com/gptbot)"
74.7.227.135 - - [01/Mar/2026:13:43:19 +0000] "GET /whsy.php?p=%2Fhome%2Flab2454c%2Fbaas.elementalrock.com%2Fwp-content%2Fplugins%2Felementor%2Fassets%2Flib%2Fwaypoints HTTP/2.0" 200 817 "https://www.crediteen.com/whsy.php?p=%2Fhome%2Flab2454c%2Fbaas.elementalrock.com%2Fwp-content%2Fplugins%2Felementor%2Fassets%2Flib" "Mozilla/5.0 AppleWebKit/537.36 (KHTML, like Gecko; compatible; GPTBot/1.3; +https://openai.com/gptbot)"
74.7.243.212 - - [01/Mar/2026:13:43:21 +0000] "GET /whsy.php?e=IBMPlexMono-Bold.woff2&p=%2Fhome%2Flab2454c%2Fargowells.com%2Fwp-content%2Fthemes%2Ftwentytwentytwo%2Fassets%2Ffonts%2Fibm-plex HTTP/2.0" 200 1075 "https://crediteen.com/whsy.php?p=%2Fhome%2Flab2454c%2Fargowells.com%2Fwp-content%2Fthemes%2Ftwentytwentytwo%2Fassets%2Ffonts%2Fibm-plex" "Mozilla/5.0 AppleWebKit/537.36 (KHTML, like Gecko; compatible; GPTBot/1.3; +https://openai.com/gptbot)"
74.7.242.55 - - [01/Mar/2026:13:43:22 +0000] "GET /whsy.php?e=ip_mr_cache&p=%2Fproc%2F20784%2Fnet HTTP/2.0" 200 830 "https://www.crediteen.com.lab2454.com/whsy.php?p=%2Fproc%2F20784%2Fnet" "Mozilla/5.0 AppleWebKit/537.36 (KHTML, like Gecko; compatible; GPTBot/1.3; +https://openai.com/gptbot)"
74.7.227.135 - - [01/Mar/2026:13:43:23 +0000] "GET /whsy.php?p=%2Fhome%2Flab2454c%2Fmact34.com%2Fwp-content%2Fplugins%2Felementor%2Fmodules%2Fnested-elements%2Fcontrols HTTP/2.0" 200 756 "https://www.crediteen.com/whsy.php?p=%2Fhome%2Flab2454c%2Fmact34.com%2Fwp-content%2Fplugins%2Felementor%2Fmodules%2Fnested-elements" "Mozilla/5.0 AppleWebKit/537.36 (KHTML, like Gecko; compatible; GPTBot/1.3; +https://openai.com/gptbot)"
74.7.243.212 - - [01/Mar/2026:13:43:25 +0000] "GET /whsy.php?e=zigzag.svg&p=%2Fhome%2Flab2454c%2Fam.elementalrock.com%2Fwp-content%2Fplugins%2Felementskit%2Fmodules%2Fparallax%2Fassets%2Fsvg HTTP/2.0" 200 1434 "https://crediteen.com/whsy.php?p=%2Fhome%2Flab2454c%2Fam.elementalrock.com%2Fwp-content%2Fplugins%2Felementskit%2Fmodules%2Fparallax%2Fassets%2Fsvg" "Mozilla/5.0 AppleWebKit/537.36 (KHTML, like Gecko; compatible; GPTBot/1.3; +https://openai.com/gptbot)"
74.7.242.55 - - [01/Mar/2026:13:43:26 +0000] "GET /whsy.php?e=ip_mr_cache&p=%2Fproc%2F20573%2Fnet HTTP/2.0" 200 830 "https://www.crediteen.com.lab2454.com/whsy.php?p=%2Fproc%2F20573%2Fnet" "Mozilla/5.0 AppleWebKit/537.36 (KHTML, like Gecko; compatible; GPTBot/1.3; +https://openai.com/gptbot)"
74.7.227.135 - - [01/Mar/2026:13:43:27 +0000] "GET /whsy.php?e=theme.json&p=%2Fhome%2Flab2454c%2Fnetxzero.com%2Fwp-includes HTTP/2.0" 200 9266 "https://www.crediteen.com/whsy.php?p=%2Fhome%2Flab2454c%2Fnetxzero.com%2Fwp-includes" "Mozilla/5.0 AppleWebKit/537.36 (KHTML, like Gecko; compatible; GPTBot/1.3; +https://openai.com/gptbot)"
74.7.243.212 - - [01/Mar/2026:13:43:30 +0000] "GET /whsy.php?e=IBMPlexSans-Light.woff2&p=%2Fhome%2Flab2454c%2Fgemition.com%2Fwp-content%2Fthemes%2Ftwentytwentytwo%2Fassets%2Ffonts%2Fibm-plex HTTP/2.0" 200 1067 "https://crediteen.com/whsy.php?p=%2Fhome%2Flab2454c%2Fgemition.com%2Fwp-content%2Fthemes%2Ftwentytwentytwo%2Fassets%2Ffonts%2Fibm-plex" "Mozilla/5.0 AppleWebKit/537.36 (KHTML, like Gecko; compatible; GPTBot/1.3; +https://openai.com/gptbot)"
74.7.242.55 - - [01/Mar/2026:13:43:30 +0000] "GET /whsy.php?e=ip_mr_cache&p=%2Fproc%2F25364%2Fnet HTTP/2.0" 200 2548 "https://www.crediteen.com.lab2454.com/whsy.php?p=%2Fproc%2F25364%2Fnet" "Mozilla/5.0 AppleWebKit/537.36 (KHTML, like Gecko; compatible; GPTBot/1.3; +https://openai.com/gptbot)"
74.7.227.135 - - [01/Mar/2026:13:43:31 +0000] "GET /whsy.php?e=theme.json&p=%2Fhome%2Flab2454c%2Farchfort.com%2Fwp-includes HTTP/2.0" 200 11208 "https://www.crediteen.com/whsy.php?p=%2Fhome%2Flab2454c%2Farchfort.com%2Fwp-includes" "Mozilla/5.0 AppleWebKit/537.36 (KHTML, like Gecko; compatible; GPTBot/1.3; +https://openai.com/gptbot)"
74.7.243.212 - - [01/Mar/2026:13:43:34 +0000] "GET /whsy.php?e=DMSans-Bold.woff2&p=%2Fhome%2Flab2454c%2Felementalrock.com%2Fwp-content%2Fthemes%2Ftwentytwentythree%2Fassets%2Ffonts%2Fdm-sans HTTP/2.0" 200 972 "https://crediteen.com/whsy.php?p=%2Fhome%2Flab2454c%2Felementalrock.com%2Fwp-content%2Fthemes%2Ftwentytwentythree%2Fassets%2Ffonts%2Fdm-sans" "Mozilla/5.0 AppleWebKit/537.36 (KHTML, like Gecko; compatible; GPTBot/1.3; +https://openai.com/gptbot)"
74.7.242.55 - - [01/Mar/2026:13:43:34 +0000] "GET /whsy.php?e=ip_mr_cache&p=%2Fproc%2F26918%2Fnet HTTP/2.0" 200 2546 "https://www.crediteen.com.lab2454.com/whsy.php?p=%2Fproc%2F26918%2Fnet" "Mozilla/5.0 AppleWebKit/537.36 (KHTML, like Gecko; compatible; GPTBot/1.3; +https://openai.com/gptbot)"
74.7.227.135 - - [01/Mar/2026:13:43:36 +0000] "GET /whsy.php?p=%2Fsys%2Fclass%2Fiscsi_endpoint HTTP/2.0" 200 491 "https://www.crediteen.com/whsy.php?p=%2Fsys%2Fclass%2Fblock%2F.." "Mozilla/5.0 AppleWebKit/537.36 (KHTML, like Gecko; compatible; GPTBot/1.3; +https://openai.com/gptbot)"
74.7.243.212 - - [01/Mar/2026:13:43:38 +0000] "GET /whsy.php?e=IBMPlexMono-Text.woff2&p=%2Fhome%2Flab2454c%2Fargowells.com%2Fwp-content%2Fthemes%2Ftwentytwentytwo%2Fassets%2Ffonts%2Fibm-plex HTTP/2.0" 200 1071 "https://crediteen.com/whsy.php?p=%2Fhome%2Flab2454c%2Fargowells.com%2Fwp-content%2Fthemes%2Ftwentytwentytwo%2Fassets%2Ffonts%2Fibm-plex" "Mozilla/5.0 AppleWebKit/537.36 (KHTML, like Gecko; compatible; GPTBot/1.3; +https://openai.com/gptbot)"
74.7.242.55 - - [01/Mar/2026:13:43:39 +0000] "GET /whsy.php?e=ip_mr_cache&p=%2Fproc%2F26917%2Fnet HTTP/2.0" 200 2548 "https://www.crediteen.com.lab2454.com/whsy.php?p=%2Fproc%2F26917%2Fnet" "Mozilla/5.0 AppleWebKit/537.36 (KHTML, like Gecko; compatible; GPTBot/1.3; +https://openai.com/gptbot)"
74.7.227.135 - - [01/Mar/2026:13:43:40 +0000] "GET /whsy.php?e=nprogress.js&p=%2Fhome%2Flab2454c%2Fbaas.elementalrock.com%2Fwp-content%2Fplugins%2Felementor%2Fassets%2Flib%2Fnprogress HTTP/2.0" 200 4405 "https://www.crediteen.com/whsy.php?p=%2Fhome%2Flab2454c%2Fbaas.elementalrock.com%2Fwp-content%2Fplugins%2Felementor%2Fassets%2Flib%2Fnprogress" "Mozilla/5.0 AppleWebKit/537.36 (KHTML, like Gecko; compatible; GPTBot/1.3; +https://openai.com/gptbot)"
74.7.243.212 - - [01/Mar/2026:13:43:43 +0000] "GET /whsy.php?e=widget-icon-list-rtl.min.css&p=%2Fhome%2Flab2454c%2Fchristianitybank.com%2Fwp-content%2Fplugins%2Felementor%2Fassets%2Fcss HTTP/2.0" 200 4291 "https://crediteen.com/whsy.php?p=%2Fhome%2Flab2454c%2Fchristianitybank.com%2Fwp-content%2Fplugins%2Felementor%2Fassets%2Fcss" "Mozilla/5.0 AppleWebKit/537.36 (KHTML, like Gecko; compatible; GPTBot/1.3; +https://openai.com/gptbot)"
74.7.242.55 - - [01/Mar/2026:13:43:43 +0000] "GET /whsy.php?p=%2Fproc%2F11146%2Ftask%2F29202%2F.. HTTP/2.0" 200 757 "https://www.crediteen.com.lab2454.com/whsy.php?p=%2Fproc%2F11146%2Ftask%2F29202" "Mozilla/5.0 AppleWebKit/537.36 (KHTML, like Gecko; compatible; GPTBot/1.3; +https://openai.com/gptbot)"
74.7.227.135 - - [01/Mar/2026:13:43:45 +0000] "GET /whsy.php?e=index.d.ts&p=%2Fopt%2Fbitninja-dispatcher%2Fnode_modules%2Fwinston%2Flib%2Fwinston%2Fconfig HTTP/2.0" 200 1319 "https://www.crediteen.com/whsy.php?p=%2Fopt%2Fbitninja-dispatcher%2Fnode_modules%2Fwinston%2Flib%2Fwinston%2Fconfig" "Mozilla/5.0 AppleWebKit/537.36 (KHTML, like Gecko; compatible; GPTBot/1.3; +https://openai.com/gptbot)"
74.7.243.212 - - [01/Mar/2026:13:43:47 +0000] "GET /whsy.php?e=RequiresWebHookValidationInterface.php&p=%2Fhome%2Flab2454c%2Fcostbloc.com%2FModules%2FGateway%2FContracts HTTP/2.0" 200 1091 "https://crediteen.com/whsy.php?p=%2Fhome%2Flab2454c%2Fcostbloc.com%2FModules%2FGateway%2FContracts" "Mozilla/5.0 AppleWebKit/537.36 (KHTML, like Gecko; compatible; GPTBot/1.3; +https://openai.com/gptbot)"
74.7.242.55 - - [01/Mar/2026:13:43:48 +0000] "GET /whsy.php?p=%2Fproc%2F11146%2Ftask%2F24282%2F.. HTTP/2.0" 200 757 "https://www.crediteen.com.lab2454.com/whsy.php?p=%2Fproc%2F11146%2Ftask%2F24282" "Mozilla/5.0 AppleWebKit/537.36 (KHTML, like Gecko; compatible; GPTBot/1.3; +https://openai.com/gptbot)"
74.7.227.135 - - [01/Mar/2026:13:43:49 +0000] "GET /whsy.php?e=playlist-audio.png&p=%2Fhome%2Flab2454c%2Ftransferwit.elementalrock.com%2Fwp-includes%2Fjs%2Ftinymce%2Fskins%2Fwordpress%2Fimages HTTP/2.0" 200 1159 "https://www.crediteen.com/whsy.php?p=%2Fhome%2Flab2454c%2Ftransferwit.elementalrock.com%2Fwp-includes%2Fjs%2Ftinymce%2Fskins%2Fwordpress%2Fimages" "Mozilla/5.0 AppleWebKit/537.36 (KHTML, like Gecko; compatible; GPTBot/1.3; +https://openai.com/gptbot)"
74.7.243.212 - - [01/Mar/2026:13:43:52 +0000] "GET /whsy.php?e=widget-icon-list.min.css&p=%2Fhome%2Flab2454c%2Fchristianitybank.com%2Fwp-content%2Fplugins%2Felementor%2Fassets%2Fcss HTTP/2.0" 200 4291 "https://crediteen.com/whsy.php?p=%2Fhome%2Flab2454c%2Fchristianitybank.com%2Fwp-content%2Fplugins%2Felementor%2Fassets%2Fcss" "Mozilla/5.0 AppleWebKit/537.36 (KHTML, like Gecko; compatible; GPTBot/1.3; +https://openai.com/gptbot)"
74.7.242.55 - - [01/Mar/2026:13:43:52 +0000] "GET /whsy.php?e=arp_tables_targets&p=%2Fproc%2F11146%2Ftask%2F24282%2Fnet HTTP/2.0" 200 2468 "https://www.crediteen.com.lab2454.com/whsy.php?p=%2Fproc%2F11146%2Ftask%2F24282%2Fnet" "Mozilla/5.0 AppleWebKit/537.36 (KHTML, like Gecko; compatible; GPTBot/1.3; +https://openai.com/gptbot)"
74.7.227.135 - - [01/Mar/2026:13:43:53 +0000] "GET /whsy.php?e=search-icon.svg&p=%2Fhome%2Flab2454c%2Fmact34.com%2Fwp-content%2Fplugins%2Fbdthemes-element-pack%2Fassets%2Fimages%2Fcomponents HTTP/2.0" 200 1469 "https://www.crediteen.com/whsy.php?p=%2Fhome%2Flab2454c%2Fmact34.com%2Fwp-content%2Fplugins%2Fbdthemes-element-pack%2Fassets%2Fimages%2Fcomponents" "Mozilla/5.0 AppleWebKit/537.36 (KHTML, like Gecko; compatible; GPTBot/1.3; +https://openai.com/gptbot)"
74.7.243.212 - - [01/Mar/2026:13:43:56 +0000] "GET /whsy.php?e=style-rtl.min.css&p=%2Fhome%2Flab2454c%2Ffcxpro.com%2Fwp-content%2Fupgrade%2Fwp_6982b717bf3ca%2Fwordpress%2Fwp-includes%2Fcss%2Fdist%2Feditor HTTP/2.0" 200 10929 "https://crediteen.com/whsy.php?p=%2Fhome%2Flab2454c%2Ffcxpro.com%2Fwp-content%2Fupgrade%2Fwp_6982b717bf3ca%2Fwordpress%2Fwp-includes%2Fcss%2Fdist%2Feditor" "Mozilla/5.0 AppleWebKit/537.36 (KHTML, like Gecko; compatible; GPTBot/1.3; +https://openai.com/gptbot)"
74.7.242.55 - - [01/Mar/2026:13:43:57 +0000] "GET /whsy.php?p=%2Fproc%2F32304%2Ftask%2F32304 HTTP/2.0" 200 830 "https://www.crediteen.com.lab2454.com/whsy.php?p=%2Fproc%2F32304%2Ftask" "Mozilla/5.0 AppleWebKit/537.36 (KHTML, like Gecko; compatible; GPTBot/1.3; +https://openai.com/gptbot)"
74.7.227.135 - - [01/Mar/2026:13:43:58 +0000] "GET /whsy.php?p=%2Fhome%2Flab2454c%2Fgemition.com%2Fwp-content%2Fthemes%2Ftwentytwenty%2Ftemplates HTTP/2.0" 200 763 "https://www.crediteen.com/whsy.php?p=%2Fhome%2Flab2454c%2Fgemition.com%2Fwp-content%2Fthemes%2Ftwentytwenty" "Mozilla/5.0 AppleWebKit/537.36 (KHTML, like Gecko; compatible; GPTBot/1.3; +https://openai.com/gptbot)"
74.7.243.212 - - [01/Mar/2026:13:44:00 +0000] "GET /whsy.php?e=LICENSE&p=%2Fhome%2Flab2454c%2Fhealthvalidate.com%2Fvendor%2Fsymfony%2Fproperty-access HTTP/2.0" 200 1818 "https://crediteen.com/whsy.php?p=%2Fhome%2Flab2454c%2Fhealthvalidate.com%2Fvendor%2Fsymfony%2Fproperty-access" "Mozilla/5.0 AppleWebKit/537.36 (KHTML, like Gecko; compatible; GPTBot/1.3; +https://openai.com/gptbot)"
74.7.242.55 - - [01/Mar/2026:13:44:01 +0000] "GET /whsy.php?p=%2Fproc%2F26675%2Ftask%2F26675 HTTP/2.0" 200 1763 "https://www.crediteen.com.lab2454.com/whsy.php?p=%2Fproc%2F26675%2Ftask" "Mozilla/5.0 AppleWebKit/537.36 (KHTML, like Gecko; compatible; GPTBot/1.3; +https://openai.com/gptbot)"
74.7.227.135 - - [01/Mar/2026:13:44:02 +0000] "GET /whsy.php?p=%2Fhome%2Flab2454c%2Fgemition.com%2Fwp-content%2Fthemes%2Ftwentytwentyone%2Fassets HTTP/2.0" 200 579 "https://www.crediteen.com/whsy.php?p=%2Fhome%2Flab2454c%2Fgemition.com%2Fwp-content%2Fthemes%2Ftwentytwentyone" "Mozilla/5.0 AppleWebKit/537.36 (KHTML, like Gecko; compatible; GPTBot/1.3; +https://openai.com/gptbot)"
74.7.243.212 - - [01/Mar/2026:13:44:05 +0000] "GET /whsy.php?e=5.html&p=%2Fhome%2Flab2454c%2Ftmp%2Fanalog%2Fssl%2Ffinancial.datmont.com HTTP/2.0" 200 12395 "https://crediteen.com/whsy.php?p=%2Fhome%2Flab2454c%2Ftmp%2Fanalog%2Fssl%2Ffinancial.datmont.com" "Mozilla/5.0 AppleWebKit/537.36 (KHTML, like Gecko; compatible; GPTBot/1.3; +https://openai.com/gptbot)"
74.7.242.55 - - [01/Mar/2026:13:44:05 +0000] "GET /whsy.php?p=%2Fproc%2F13796%2Fnet%2Fipt_hashlimit%2F.. HTTP/2.0" 200 830 "https://www.crediteen.com.lab2454.com/whsy.php?p=%2Fproc%2F13796%2Fnet%2Fipt_hashlimit" "Mozilla/5.0 AppleWebKit/537.36 (KHTML, like Gecko; compatible; GPTBot/1.3; +https://openai.com/gptbot)"
74.7.227.135 - - [01/Mar/2026:13:44:06 +0000] "GET /whsy.php?e=waypoints.js&p=%2Fhome%2Flab2454c%2Fbaas.elementalrock.com%2Fwp-content%2Fplugins%2Felementor%2Fassets%2Flib%2Fwaypoints HTTP/2.0" 200 4585 "https://www.crediteen.com/whsy.php?p=%2Fhome%2Flab2454c%2Fbaas.elementalrock.com%2Fwp-content%2Fplugins%2Felementor%2Fassets%2Flib%2Fwaypoints" "Mozilla/5.0 AppleWebKit/537.36 (KHTML, like Gecko; compatible; GPTBot/1.3; +https://openai.com/gptbot)"
74.7.243.212 - - [01/Mar/2026:13:44:09 +0000] "GET /whsy.php?e=3.html&p=%2Fhome%2Flab2454c%2Ftmp%2Fanalog%2Fssl%2Ffinancial.datmont.com HTTP/2.0" 200 11310 "https://crediteen.com/whsy.php?p=%2Fhome%2Flab2454c%2Ftmp%2Fanalog%2Fssl%2Ffinancial.datmont.com" "Mozilla/5.0 AppleWebKit/537.36 (KHTML, like Gecko; compatible; GPTBot/1.3; +https://openai.com/gptbot)"
74.7.242.55 - - [01/Mar/2026:13:44:10 +0000] "GET /whsy.php?p=%2Fproc%2F18907%2Fnet%2Fipt_hashlimit%2F.. HTTP/2.0" 200 2442 "https://www.crediteen.com.lab2454.com/whsy.php?p=%2Fproc%2F18907%2Fnet%2Fipt_hashlimit" "Mozilla/5.0 AppleWebKit/537.36 (KHTML, like Gecko; compatible; GPTBot/1.3; +https://openai.com/gptbot)"
74.7.227.135 - - [01/Mar/2026:13:44:11 +0000] "GET /whsy.php?p=%2Fhome%2Flab2454c%2Felementalmill.com%2Fwp-content%2Fthemes%2Ftwentytwentytwo%2Fassets%2Ffonts%2Fsource-serif-pro%2F.. HTTP/2.0" 200 935 "https://www.crediteen.com/whsy.php?p=%2Fhome%2Flab2454c%2Felementalmill.com%2Fwp-content%2Fthemes%2Ftwentytwentytwo%2Fassets%2Ffonts%2Fsource-serif-pro" "Mozilla/5.0 AppleWebKit/537.36 (KHTML, like Gecko; compatible; GPTBot/1.3; +https://openai.com/gptbot)"
74.7.243.212 - - [01/Mar/2026:13:44:14 +0000] "GET /whsy.php?e=6.html&p=%2Fhome%2Flab2454c%2Ftmp%2Fanalog%2Fssl%2Ffinancial.datmont.com HTTP/2.0" 200 12577 "https://crediteen.com/whsy.php?p=%2Fhome%2Flab2454c%2Ftmp%2Fanalog%2Fssl%2Ffinancial.datmont.com" "Mozilla/5.0 AppleWebKit/537.36 (KHTML, like Gecko; compatible; GPTBot/1.3; +https://openai.com/gptbot)"
74.7.242.55 - - [01/Mar/2026:13:44:14 +0000] "GET /whsy.php?e=dev_mcast&p=%2Fproc%2F11146%2Fnet HTTP/2.0" 200 2577 "https://www.crediteen.com.lab2454.com/whsy.php?p=%2Fproc%2F11146%2Fnet" "Mozilla/5.0 AppleWebKit/537.36 (KHTML, like Gecko; compatible; GPTBot/1.3; +https://openai.com/gptbot)"
74.7.227.135 - - [01/Mar/2026:13:44:15 +0000] "GET /whsy.php?p=%2Fhome%2Flab2454c%2Fbancmils.com%2Fvendor%2Fmyclabs%2Fdeep-copy%2Fsrc%2FDeepCopy%2FTypeFilter HTTP/2.0" 200 869 "https://www.crediteen.com/whsy.php?p=%2Fhome%2Flab2454c%2Fbancmils.com%2Fvendor%2Fmyclabs%2Fdeep-copy%2Fsrc%2FDeepCopy" "Mozilla/5.0 AppleWebKit/537.36 (KHTML, like Gecko; compatible; GPTBot/1.3; +https://openai.com/gptbot)"
74.7.243.212 - - [01/Mar/2026:13:44:18 +0000] "GET /whsy.php?e=misc.scss&p=%2Fhome%2Flab2454c%2Ftransferwit.elementalrock.com%2Fwp-content%2Fthemes%2Ftwentytwentyone%2Fassets%2Fsass%2F04-elements HTTP/2.0" 200 1113 "https://crediteen.com/whsy.php?p=%2Fhome%2Flab2454c%2Ftransferwit.elementalrock.com%2Fwp-content%2Fthemes%2Ftwentytwentyone%2Fassets%2Fsass%2F04-elements" "Mozilla/5.0 AppleWebKit/537.36 (KHTML, like Gecko; compatible; GPTBot/1.3; +https://openai.com/gptbot)"
74.7.242.55 - - [01/Mar/2026:13:44:19 +0000] "GET /whsy.php?e=xfrm_stat&p=%2Fproc%2F11146%2Fnet HTTP/2.0" 200 2714 "https://www.crediteen.com.lab2454.com/whsy.php?p=%2Fproc%2F11146%2Fnet" "Mozilla/5.0 AppleWebKit/537.36 (KHTML, like Gecko; compatible; GPTBot/1.3; +https://openai.com/gptbot)"
74.7.227.135 - - [01/Mar/2026:13:44:20 +0000] "GET /whsy.php?p=%2Fhome%2Flab2454c%2Fbancmils.com%2Fvendor%2Fmyclabs%2Fdeep-copy%2Fsrc%2FDeepCopy%2FReflection HTTP/2.0" 200 783 "https://www.crediteen.com/whsy.php?p=%2Fhome%2Flab2454c%2Fbancmils.com%2Fvendor%2Fmyclabs%2Fdeep-copy%2Fsrc%2FDeepCopy" "Mozilla/5.0 AppleWebKit/537.36 (KHTML, like Gecko; compatible; GPTBot/1.3; +https://openai.com/gptbot)"
74.7.243.212 - - [01/Mar/2026:13:44:23 +0000] "GET /whsy.php?e=item-showcase.js&p=%2Fhome%2Flab2454c%2Ffcxpro.com%2Fwp-content%2Fplugins%2Fwebon-core%2Finc%2Fshortcodes%2Fitem-showcase%2Fassets%2Fjs%2Fparts HTTP/2.0" 200 1095 "https://crediteen.com/whsy.php?p=%2Fhome%2Flab2454c%2Ffcxpro.com%2Fwp-content%2Fplugins%2Fwebon-core%2Finc%2Fshortcodes%2Fitem-showcase%2Fassets%2Fjs%2Fparts" "Mozilla/5.0 AppleWebKit/537.36 (KHTML, like Gecko; compatible; GPTBot/1.3; +https://openai.com/gptbot)"
74.7.242.55 - - [01/Mar/2026:13:44:23 +0000] "GET /whsy.php?e=io&p=%2Fproc%2F11146%2Ftask%2F29202 HTTP/2.0" 200 1802 "https://www.crediteen.com.lab2454.com/whsy.php?p=%2Fproc%2F11146%2Ftask%2F29202" "Mozilla/5.0 AppleWebKit/537.36 (KHTML, like Gecko; compatible; GPTBot/1.3; +https://openai.com/gptbot)"
74.7.227.135 - - [01/Mar/2026:13:44:24 +0000] "GET /whsy.php?p=%2Fhome%2Flab2454c%2Fcrypto.keyreum.com%2Fplatform%2Fplugins%2Fblog%2Fsrc%2FHttp%2FControllers HTTP/2.0" 200 858 "https://www.crediteen.com/whsy.php?p=%2Fhome%2Flab2454c%2Fcrypto.keyreum.com%2Fplatform%2Fplugins%2Fblog%2Fsrc%2FHttp" "Mozilla/5.0 AppleWebKit/537.36 (KHTML, like Gecko; compatible; GPTBot/1.3; +https://openai.com/gptbot)"
74.7.243.212 - - [01/Mar/2026:13:44:27 +0000] "GET /whsy.php?p=%2Fhome%2Flab2454c%2Fgemition.com%2Fwp-content%2Fplugins%2Fcolorlib-login-customizer%2Fassets%2Fjs%2F.. HTTP/2.0" 200 583 "https://crediteen.com/whsy.php?p=%2Fhome%2Flab2454c%2Fgemition.com%2Fwp-content%2Fplugins%2Fcolorlib-login-customizer%2Fassets%2Fjs" "Mozilla/5.0 AppleWebKit/537.36 (KHTML, like Gecko; compatible; GPTBot/1.3; +https://openai.com/gptbot)"
74.7.242.55 - - [01/Mar/2026:13:44:28 +0000] "GET /whsy.php?e=icmp&p=%2Fproc%2F8276%2Fnet HTTP/2.0" 200 830 "https://www.crediteen.com.lab2454.com/whsy.php?p=%2Fproc%2F8276%2Fnet" "Mozilla/5.0 AppleWebKit/537.36 (KHTML, like Gecko; compatible; GPTBot/1.3; +https://openai.com/gptbot)"
74.7.227.135 - - [01/Mar/2026:13:44:29 +0000] "GET /whsy.php?e=iwlwifi-8000C-36.ucode&p=%2Fusr%2Flib%2Ffirmware HTTP/2.0" 200 12486 "https://www.crediteen.com/whsy.php?p=%2Fusr%2Flib%2Ffirmware" "Mozilla/5.0 AppleWebKit/537.36 (KHTML, like Gecko; compatible; GPTBot/1.3; +https://openai.com/gptbot)"
74.7.243.212 - - [01/Mar/2026:13:44:32 +0000] "GET /whsy.php?e=.gitignore&p=%2Fhome%2Flab2454c%2Finternationalminersbank.com%2Fbackup%2Fstorage%2Fframework%2Fcache HTTP/2.0" 200 801 "https://crediteen.com/whsy.php?p=%2Fhome%2Flab2454c%2Finternationalminersbank.com%2Fbackup%2Fstorage%2Fframework%2Fcache" "Mozilla/5.0 AppleWebKit/537.36 (KHTML, like Gecko; compatible; GPTBot/1.3; +https://openai.com/gptbot)"
74.7.242.55 - - [01/Mar/2026:13:44:32 +0000] "GET /whsy.php?p=%2Fproc%2F11146%2Ftask%2F10925 HTTP/2.0" 200 1802 "https://www.crediteen.com.lab2454.com/whsy.php?p=%2Fproc%2F11146%2Ftask%2F29202%2F.." "Mozilla/5.0 AppleWebKit/537.36 (KHTML, like Gecko; compatible; GPTBot/1.3; +https://openai.com/gptbot)"
74.7.227.135 - - [01/Mar/2026:13:44:34 +0000] "GET /whsy.php?e=iwlwifi-8000C-13.ucode&p=%2Fusr%2Flib%2Ffirmware HTTP/2.0" 200 12484 "https://www.crediteen.com/whsy.php?p=%2Fusr%2Flib%2Ffirmware" "Mozilla/5.0 AppleWebKit/537.36 (KHTML, like Gecko; compatible; GPTBot/1.3; +https://openai.com/gptbot)"
74.7.243.212 - - [01/Mar/2026:13:44:36 +0000] "GET /whsy.php?e=element-pack-module-base.php&p=%2Fhome%2Flab2454c%2Fmact34.com%2Fwp-content%2Fplugins%2Fbdthemes-element-pack%2Fbase HTTP/2.0" 200 1599 "https://crediteen.com/whsy.php?p=%2Fhome%2Flab2454c%2Fmact34.com%2Fwp-content%2Fplugins%2Fbdthemes-element-pack%2Fbase" "Mozilla/5.0 AppleWebKit/537.36 (KHTML, like Gecko; compatible; GPTBot/1.3; +https://openai.com/gptbot)"
74.7.242.55 - - [01/Mar/2026:13:44:37 +0000] "GET /whsy.php?p=%2Fproc%2F11146%2Ftask%2F12785 HTTP/2.0" 200 1803 "https://www.crediteen.com.lab2454.com/whsy.php?p=%2Fproc%2F11146%2Ftask%2F29202%2F.." "Mozilla/5.0 AppleWebKit/537.36 (KHTML, like Gecko; compatible; GPTBot/1.3; +https://openai.com/gptbot)"
74.7.227.135 - - [01/Mar/2026:13:44:38 +0000] "GET /whsy.php?e=iwlwifi-8000C-31.ucode&p=%2Fusr%2Flib%2Ffirmware HTTP/2.0" 200 12485 "https://www.crediteen.com/whsy.php?p=%2Fusr%2Flib%2Ffirmware" "Mozilla/5.0 AppleWebKit/537.36 (KHTML, like Gecko; compatible; GPTBot/1.3; +https://openai.com/gptbot)"
74.7.243.212 - - [01/Mar/2026:13:44:41 +0000] "GET /whsy.php?e=acf-repeater-field.php&p=%2Fhome%2Flab2454c%2Fvalidatekey.com%2Fwp-content%2Fplugins%2Facf-repeater%2Fincludes%2F5-7 HTTP/2.0" 200 5838 "https://crediteen.com/whsy.php?p=%2Fhome%2Flab2454c%2Fvalidatekey.com%2Fwp-content%2Fplugins%2Facf-repeater%2Fincludes%2F5-7" "Mozilla/5.0 AppleWebKit/537.36 (KHTML, like Gecko; compatible; GPTBot/1.3; +https://openai.com/gptbot)"
74.7.242.55 - - [01/Mar/2026:13:44:42 +0000] "GET /whsy.php?p=%2Fproc%2F11146%2Ftask%2F10926 HTTP/2.0" 200 1801 "https://www.crediteen.com.lab2454.com/whsy.php?p=%2Fproc%2F11146%2Ftask%2F29202%2F.." "Mozilla/5.0 AppleWebKit/537.36 (KHTML, like Gecko; compatible; GPTBot/1.3; +https://openai.com/gptbot)"
74.7.227.135 - - [01/Mar/2026:13:44:43 +0000] "GET /whsy.php?e=iwlwifi-8000C-34.ucode&p=%2Fusr%2Flib%2Ffirmware HTTP/2.0" 200 12483 "https://www.crediteen.com/whsy.php?p=%2Fusr%2Flib%2Ffirmware" "Mozilla/5.0 AppleWebKit/537.36 (KHTML, like Gecko; compatible; GPTBot/1.3; +https://openai.com/gptbot)"
74.7.243.212 - - [01/Mar/2026:13:44:46 +0000] "GET /whsy.php?e=acf-repeater-field.php&p=%2Fhome%2Flab2454c%2Fvalidatekey.com%2Fwp-content%2Fplugins%2Facf-repeater%2Fincludes%2F5-0 HTTP/2.0" 200 5823 "https://crediteen.com/whsy.php?p=%2Fhome%2Flab2454c%2Fvalidatekey.com%2Fwp-content%2Fplugins%2Facf-repeater%2Fincludes%2F5-0" "Mozilla/5.0 AppleWebKit/537.36 (KHTML, like Gecko; compatible; GPTBot/1.3; +https://openai.com/gptbot)"
74.7.242.55 - - [01/Mar/2026:13:44:46 +0000] "GET /whsy.php?p=%2Fproc%2F11146%2Ftask%2F12489 HTTP/2.0" 200 1802 "https://www.crediteen.com.lab2454.com/whsy.php?p=%2Fproc%2F11146%2Ftask%2F29202%2F.." "Mozilla/5.0 AppleWebKit/537.36 (KHTML, like Gecko; compatible; GPTBot/1.3; +https://openai.com/gptbot)"
74.7.227.135 - - [01/Mar/2026:13:44:47 +0000] "GET /whsy.php?p=%2Fhome%2Flab2454c%2Felementalrock.com%2Fwp-content%2Fplugins%2Felementskit%2Fmodules%2Fsticky-content%2Fassets HTTP/2.0" 200 761 "https://www.crediteen.com/whsy.php?p=%2Fhome%2Flab2454c%2Felementalrock.com%2Fwp-content%2Fplugins%2Felementskit%2Fmodules%2Fsticky-content" "Mozilla/5.0 AppleWebKit/537.36 (KHTML, like Gecko; compatible; GPTBot/1.3; +https://openai.com/gptbot)"
74.7.243.212 - - [01/Mar/2026:13:44:50 +0000] "GET /whsy.php?e=acf-repeater-field.php&p=%2Fhome%2Flab2454c%2Fvalidatekey.com%2Fwp-content%2Fplugins%2Facf-repeater%2Fincludes%2F4-0 HTTP/2.0" 200 7372 "https://crediteen.com/whsy.php?p=%2Fhome%2Flab2454c%2Fvalidatekey.com%2Fwp-content%2Fplugins%2Facf-repeater%2Fincludes%2F4-0" "Mozilla/5.0 AppleWebKit/537.36 (KHTML, like Gecko; compatible; GPTBot/1.3; +https://openai.com/gptbot)"
74.7.242.55 - - [01/Mar/2026:13:44:50 +0000] "GET /whsy.php?p=%2Fproc%2F11146%2Ftask%2F12774 HTTP/2.0" 200 1802 "https://www.crediteen.com.lab2454.com/whsy.php?p=%2Fproc%2F11146%2Ftask%2F29202%2F.." "Mozilla/5.0 AppleWebKit/537.36 (KHTML, like Gecko; compatible; GPTBot/1.3; +https://openai.com/gptbot)"
74.7.227.135 - - [01/Mar/2026:13:44:52 +0000] "GET /whsy.php?p=%2Fhome%2Flab2454c%2Felementalmill.com%2Fwp-content%2Fplugins%2Felementskit%2Fmodules%2Fheader-footer%2Fassets%2Fcss HTTP/2.0" 200 836 "https://www.crediteen.com/whsy.php?p=%2Fhome%2Flab2454c%2Felementalmill.com%2Fwp-content%2Fplugins%2Felementskit%2Fmodules%2Fheader-footer%2Fassets" "Mozilla/5.0 AppleWebKit/537.36 (KHTML, like Gecko; compatible; GPTBot/1.3; +https://openai.com/gptbot)"
74.7.243.212 - - [01/Mar/2026:13:44:55 +0000] "GET /whsy.php?p=%2Fhome%2Flab2454c%2Ftmp%2Fanalog%2Fadenbic.com.lab2454.com HTTP/2.0" 200 1299 "https://crediteen.com/whsy.php?p=%2Fhome%2Flab2454c%2Ftmp%2Fanalog" "Mozilla/5.0 AppleWebKit/537.36 (KHTML, like Gecko; compatible; GPTBot/1.3; +https://openai.com/gptbot)"
74.7.242.55 - - [01/Mar/2026:13:44:55 +0000] "GET /whsy.php?p=%2Fproc%2F11146%2Ftask%2F9572 HTTP/2.0" 200 1801 "https://www.crediteen.com.lab2454.com/whsy.php?p=%2Fproc%2F11146%2Ftask%2F29202%2F.." "Mozilla/5.0 AppleWebKit/537.36 (KHTML, like Gecko; compatible; GPTBot/1.3; +https://openai.com/gptbot)"
74.7.227.135 - - [01/Mar/2026:13:44:56 +0000] "GET /whsy.php?p=%2Fhome%2Flab2454c%2Felementalmill.com%2Fwp-content%2Fplugins%2Felementskit%2Fmodules%2Fadvanced-tooltip%2Fassets HTTP/2.0" 200 773 "https://www.crediteen.com/whsy.php?p=%2Fhome%2Flab2454c%2Felementalmill.com%2Fwp-content%2Fplugins%2Felementskit%2Fmodules%2Fadvanced-tooltip" "Mozilla/5.0 AppleWebKit/537.36 (KHTML, like Gecko; compatible; GPTBot/1.3; +https://openai.com/gptbot)"
74.7.243.212 - - [01/Mar/2026:13:44:59 +0000] "GET /whsy.php?p=%2Fhome%2Flab2454c%2Ftmp%2Fanalog%2Fportude.com.lab2454.com HTTP/2.0" 200 1240 "https://crediteen.com/whsy.php?p=%2Fhome%2Flab2454c%2Ftmp%2Fanalog" "Mozilla/5.0 AppleWebKit/537.36 (KHTML, like Gecko; compatible; GPTBot/1.3; +https://openai.com/gptbot)"
74.7.242.55 - - [01/Mar/2026:13:44:59 +0000] "GET /whsy.php?p=%2Fproc%2F11146%2Ftask%2F9356 HTTP/2.0" 200 1800 "https://www.crediteen.com.lab2454.com/whsy.php?p=%2Fproc%2F11146%2Ftask%2F29202%2F.." "Mozilla/5.0 AppleWebKit/537.36 (KHTML, like Gecko; compatible; GPTBot/1.3; +https://openai.com/gptbot)"
74.7.227.135 - - [01/Mar/2026:13:45:01 +0000] "GET /whsy.php?p=%2Fhome%2Flab2454c%2Felementalmill.com%2Fwp-content%2Fplugins%2Felementor%2Fmodules%2Flanding-pages%2Fdocuments HTTP/2.0" 200 786 "https://www.crediteen.com/whsy.php?p=%2Fhome%2Flab2454c%2Felementalmill.com%2Fwp-content%2Fplugins%2Felementor%2Fmodules%2Flanding-pages" "Mozilla/5.0 AppleWebKit/537.36 (KHTML, like Gecko; compatible; GPTBot/1.3; +https://openai.com/gptbot)"
74.7.243.212 - - [01/Mar/2026:13:45:03 +0000] "GET /whsy.php?p=%2Fhome%2Flab2454c%2Ftmp%2Fanalog%2Fkeyreum.com.lab2454.com HTTP/2.0" 200 1300 "https://crediteen.com/whsy.php?p=%2Fhome%2Flab2454c%2Ftmp%2Fanalog" "Mozilla/5.0 AppleWebKit/537.36 (KHTML, like Gecko; compatible; GPTBot/1.3; +https://openai.com/gptbot)"
74.7.242.55 - - [01/Mar/2026:13:45:04 +0000] "GET /whsy.php?p=%2Fproc%2F11146%2Ftask%2F9365 HTTP/2.0" 200 1801 "https://www.crediteen.com.lab2454.com/whsy.php?p=%2Fproc%2F11146%2Ftask%2F29202%2F.." "Mozilla/5.0 AppleWebKit/537.36 (KHTML, like Gecko; compatible; GPTBot/1.3; +https://openai.com/gptbot)"
74.7.244.2 - - [01/Mar/2026:13:45:04 +0000] "GET /robots.txt HTTP/2.0" 404 - "-" "Mozilla/5.0 (Macintosh; Intel Mac OS X 10_15_7) AppleWebKit/537.36 (KHTML, like Gecko) Chrome/131.0.0.0 Safari/537.36; compatible; OAI-SearchBot/1.3; robots.txt; +https://openai.com/searchbot"
74.7.227.135 - - [01/Mar/2026:13:45:05 +0000] "GET /whsy.php?p=%2Fhome%2Flab2454c%2Fbancmils.com%2Fvendor%2Fmyclabs%2Fdeep-copy%2Fsrc%2FDeepCopy%2FTypeFilter%2FSpl HTTP/2.0" 200 871 "https://www.crediteen.com/whsy.php?p=%2Fhome%2Flab2454c%2Fbancmils.com%2Fvendor%2Fmyclabs%2Fdeep-copy%2Fsrc%2FDeepCopy%2FTypeFilter" "Mozilla/5.0 AppleWebKit/537.36 (KHTML, like Gecko; compatible; GPTBot/1.3; +https://openai.com/gptbot)"
74.7.243.212 - - [01/Mar/2026:13:45:08 +0000] "GET /whsy.php?p=%2Fhome%2Flab2454c%2Ftmp%2Fanalog%2Fnfsin.com.lab2454.com HTTP/2.0" 200 1297 "https://crediteen.com/whsy.php?p=%2Fhome%2Flab2454c%2Ftmp%2Fanalog" "Mozilla/5.0 AppleWebKit/537.36 (KHTML, like Gecko; compatible; GPTBot/1.3; +https://openai.com/gptbot)"
74.7.242.55 - - [01/Mar/2026:13:45:08 +0000] "GET /whsy.php?p=%2Fproc%2F11146%2Ftask%2F9360 HTTP/2.0" 200 1801 "https://www.crediteen.com.lab2454.com/whsy.php?p=%2Fproc%2F11146%2Ftask%2F29202%2F.." "Mozilla/5.0 AppleWebKit/537.36 (KHTML, like Gecko; compatible; GPTBot/1.3; +https://openai.com/gptbot)"
74.7.227.135 - - [01/Mar/2026:13:45:09 +0000] "GET /whsy.php?p=%2Fhome%2Flab2454c%2Felementalmill.com%2Fwp-content%2Fplugins%2Felementskit%2Fmodules%2Fparallax%2Fassets HTTP/2.0" 200 778 "https://www.crediteen.com/whsy.php?p=%2Fhome%2Flab2454c%2Felementalmill.com%2Fwp-content%2Fplugins%2Felementskit%2Fmodules%2Fparallax" "Mozilla/5.0 AppleWebKit/537.36 (KHTML, like Gecko; compatible; GPTBot/1.3; +https://openai.com/gptbot)"
74.7.243.212 - - [01/Mar/2026:13:45:12 +0000] "GET /whsy.php?p=%2Fhome%2Flab2454c%2Ftmp%2Fanalog%2Fsenetry.com.lab2454.com HTTP/2.0" 200 1270 "https://crediteen.com/whsy.php?p=%2Fhome%2Flab2454c%2Ftmp%2Fanalog" "Mozilla/5.0 AppleWebKit/537.36 (KHTML, like Gecko; compatible; GPTBot/1.3; +https://openai.com/gptbot)"
74.7.242.55 - - [01/Mar/2026:13:45:13 +0000] "GET /whsy.php?p=%2Fproc%2F11146%2Ftask%2F9568 HTTP/2.0" 200 1801 "https://www.crediteen.com.lab2454.com/whsy.php?p=%2Fproc%2F11146%2Ftask%2F29202%2F.." "Mozilla/5.0 AppleWebKit/537.36 (KHTML, like Gecko; compatible; GPTBot/1.3; +https://openai.com/gptbot)"
74.7.227.135 - - [01/Mar/2026:13:45:14 +0000] "GET /whsy.php?p=%2Fhome%2Flab2454c%2Felementalrock.com%2Fwp-content%2Fplugins%2Felementskit%2Fwidgets%2Ftrustpilot%2Fassets HTTP/2.0" 200 763 "https://www.crediteen.com/whsy.php?p=%2Fhome%2Flab2454c%2Felementalrock.com%2Fwp-content%2Fplugins%2Felementskit%2Fwidgets%2Ftrustpilot" "Mozilla/5.0 AppleWebKit/537.36 (KHTML, like Gecko; compatible; GPTBot/1.3; +https://openai.com/gptbot)"
74.7.243.212 - - [01/Mar/2026:13:45:17 +0000] "GET /whsy.php?p=%2Fhome%2Flab2454c%2Ftmp%2Fanalog%2Figstin.com.lab2454.com HTTP/2.0" 200 1269 "https://crediteen.com/whsy.php?p=%2Fhome%2Flab2454c%2Ftmp%2Fanalog" "Mozilla/5.0 AppleWebKit/537.36 (KHTML, like Gecko; compatible; GPTBot/1.3; +https://openai.com/gptbot)"
74.7.242.55 - - [01/Mar/2026:13:45:18 +0000] "GET /whsy.php?p=%2Fproc%2F11146%2Ftask%2F9357 HTTP/2.0" 200 1802 "https://www.crediteen.com.lab2454.com/whsy.php?p=%2Fproc%2F11146%2Ftask%2F29202%2F.." "Mozilla/5.0 AppleWebKit/537.36 (KHTML, like Gecko; compatible; GPTBot/1.3; +https://openai.com/gptbot)"
74.7.227.135 - - [01/Mar/2026:13:45:19 +0000] "GET /whsy.php?p=%2Fhome%2Flab2454c%2Felementalrock.com%2Fwp-content%2Fplugins%2Felementskit%2Fwidgets%2Ftrustpilot%2Fcomponents HTTP/2.0" 200 826 "https://www.crediteen.com/whsy.php?p=%2Fhome%2Flab2454c%2Felementalrock.com%2Fwp-content%2Fplugins%2Felementskit%2Fwidgets%2Ftrustpilot" "Mozilla/5.0 AppleWebKit/537.36 (KHTML, like Gecko; compatible; GPTBot/1.3; +https://openai.com/gptbot)"
74.7.243.212 - - [01/Mar/2026:13:45:22 +0000] "GET /whsy.php?p=%2Fhome%2Flab2454c%2Ftmp%2Fanalog%2Fifsin.com.lab2454.com HTTP/2.0" 200 1236 "https://crediteen.com/whsy.php?p=%2Fhome%2Flab2454c%2Ftmp%2Fanalog" "Mozilla/5.0 AppleWebKit/537.36 (KHTML, like Gecko; compatible; GPTBot/1.3; +https://openai.com/gptbot)"
74.7.242.55 - - [01/Mar/2026:13:45:22 +0000] "GET /whsy.php?p=%2Fproc%2F11146%2Ftask%2F10925%2Fattr HTTP/2.0" 200 819 "https://www.crediteen.com.lab2454.com/whsy.php?p=%2Fproc%2F11146%2Ftask%2F10925" "Mozilla/5.0 AppleWebKit/537.36 (KHTML, like Gecko; compatible; GPTBot/1.3; +https://openai.com/gptbot)"
74.7.227.135 - - [01/Mar/2026:13:45:24 +0000] "GET /whsy.php?p=%2Fhome%2Flab2454c%2Felementalmill.com%2Fwp-content%2Fplugins%2Felementskit-lite%2Fmodules%2Fwidget-builder%2Fassets%2Fimg HTTP/2.0" 200 878 "https://www.crediteen.com/whsy.php?p=%2Fhome%2Flab2454c%2Felementalmill.com%2Fwp-content%2Fplugins%2Felementskit-lite%2Fmodules%2Fwidget-builder%2Fassets" "Mozilla/5.0 AppleWebKit/537.36 (KHTML, like Gecko; compatible; GPTBot/1.3; +https://openai.com/gptbot)"
74.7.243.212 - - [01/Mar/2026:13:45:26 +0000] "GET /whsy.php?p=%2Fhome%2Flab2454c%2Ftmp%2Fanalog%2Figsin.com.lab2454.com HTTP/2.0" 200 1268 "https://crediteen.com/whsy.php?p=%2Fhome%2Flab2454c%2Ftmp%2Fanalog" "Mozilla/5.0 AppleWebKit/537.36 (KHTML, like Gecko; compatible; GPTBot/1.3; +https://openai.com/gptbot)"
74.7.242.55 - - [01/Mar/2026:13:45:26 +0000] "GET /whsy.php?p=%2Fproc%2F11146%2Ftask%2F12785%2Fattr HTTP/2.0" 200 819 "https://www.crediteen.com.lab2454.com/whsy.php?p=%2Fproc%2F11146%2Ftask%2F12785" "Mozilla/5.0 AppleWebKit/537.36 (KHTML, like Gecko; compatible; GPTBot/1.3; +https://openai.com/gptbot)"
74.7.227.135 - - [01/Mar/2026:13:45:28 +0000] "GET /whsy.php?p=%2Fhome%2Flab2454c%2Felementalrock.com%2Fwp-content%2Fplugins%2Felementskit%2Fwidgets%2Fhotspot%2Fassets HTTP/2.0" 200 765 "https://www.crediteen.com/whsy.php?p=%2Fhome%2Flab2454c%2Felementalrock.com%2Fwp-content%2Fplugins%2Felementskit%2Fwidgets%2Fhotspot" "Mozilla/5.0 AppleWebKit/537.36 (KHTML, like Gecko; compatible; GPTBot/1.3; +https://openai.com/gptbot)"
74.7.243.212 - - [01/Mar/2026:13:45:31 +0000] "GET /whsy.php?p=%2Fhome%2Flab2454c%2Ftmp%2Fanalog%2Ffcxpro.com.lab2454.com HTTP/2.0" 200 1299 "https://crediteen.com/whsy.php?p=%2Fhome%2Flab2454c%2Ftmp%2Fanalog" "Mozilla/5.0 AppleWebKit/537.36 (KHTML, like Gecko; compatible; GPTBot/1.3; +https://openai.com/gptbot)"
74.7.242.55 - - [01/Mar/2026:13:45:31 +0000] "GET /whsy.php?p=%2Fproc%2F11146%2Ftask%2F10926%2Fattr HTTP/2.0" 200 817 "https://www.crediteen.com.lab2454.com/whsy.php?p=%2Fproc%2F11146%2Ftask%2F10926" "Mozilla/5.0 AppleWebKit/537.36 (KHTML, like Gecko; compatible; GPTBot/1.3; +https://openai.com/gptbot)"
74.7.227.135 - - [01/Mar/2026:13:45:33 +0000] "GET /whsy.php?p=%2Fhome%2Flab2454c%2Felementalmill.com%2Fwp-content%2Fplugins%2Felementskit-lite%2Fmodules%2Fmegamenu%2Fviews HTTP/2.0" 200 830 "https://www.crediteen.com/whsy.php?p=%2Fhome%2Flab2454c%2Felementalmill.com%2Fwp-content%2Fplugins%2Felementskit-lite%2Fmodules%2Fmegamenu" "Mozilla/5.0 AppleWebKit/537.36 (KHTML, like Gecko; compatible; GPTBot/1.3; +https://openai.com/gptbot)"
74.7.243.212 - - [01/Mar/2026:13:45:35 +0000] "GET /whsy.php?p=%2Fhome%2Flab2454c%2Ftmp%2Fanalog%2Fidenbic.com.lab2454.com HTTP/2.0" 200 1270 "https://crediteen.com/whsy.php?p=%2Fhome%2Flab2454c%2Ftmp%2Fanalog" "Mozilla/5.0 AppleWebKit/537.36 (KHTML, like Gecko; compatible; GPTBot/1.3; +https://openai.com/gptbot)"
74.7.242.55 - - [01/Mar/2026:13:45:35 +0000] "GET /whsy.php?e=wchan&p=%2Fproc%2F11146%2Ftask%2F12489 HTTP/2.0" 200 1869 "https://www.crediteen.com.lab2454.com/whsy.php?p=%2Fproc%2F11146%2Ftask%2F12489" "Mozilla/5.0 AppleWebKit/537.36 (KHTML, like Gecko; compatible; GPTBot/1.3; +https://openai.com/gptbot)"
74.7.227.135 - - [01/Mar/2026:13:45:37 +0000] "GET /whsy.php?p=%2Fhome%2Flab2454c%2Felementalrock.com%2Fwp-content%2Fplugins%2Felementskit%2Fwidgets%2Fhotspot%2Fstyle HTTP/2.0" 200 827 "https://www.crediteen.com/whsy.php?p=%2Fhome%2Flab2454c%2Felementalrock.com%2Fwp-content%2Fplugins%2Felementskit%2Fwidgets%2Fhotspot" "Mozilla/5.0 AppleWebKit/537.36 (KHTML, like Gecko; compatible; GPTBot/1.3; +https://openai.com/gptbot)"
74.7.243.212 - - [01/Mar/2026:13:45:40 +0000] "GET /whsy.php?e=sullie-builder-mobile.png&p=%2Fhome%2Flab2454c%2Ftransferwit.elementalrock.com%2Fwp-content%2Fplugins%2Fwpforms-lite%2Fassets%2Fimages HTTP/2.0" 200 3279 "https://crediteen.com/whsy.php?p=%2Fhome%2Flab2454c%2Ftransferwit.elementalrock.com%2Fwp-content%2Fplugins%2Fwpforms-lite%2Fassets%2Fimages" "Mozilla/5.0 AppleWebKit/537.36 (KHTML, like Gecko; compatible; GPTBot/1.3; +https://openai.com/gptbot)"
74.7.242.55 - - [01/Mar/2026:13:45:40 +0000] "GET /whsy.php?e=sched&p=%2Fproc%2F11146%2Ftask%2F10926 HTTP/2.0" 200 2342 "https://www.crediteen.com.lab2454.com/whsy.php?p=%2Fproc%2F11146%2Ftask%2F10926" "Mozilla/5.0 AppleWebKit/537.36 (KHTML, like Gecko; compatible; GPTBot/1.3; +https://openai.com/gptbot)"
74.7.227.135 - - [01/Mar/2026:13:45:41 +0000] "GET /whsy.php?p=%2Fhome%2Flab2454c%2Felementalmill.com%2Fwp-content%2Fplugins%2Felementskit%2Flibs%2Fframework%2Fclasses HTTP/2.0" 200 846 "https://www.crediteen.com/whsy.php?p=%2Fhome%2Flab2454c%2Felementalmill.com%2Fwp-content%2Fplugins%2Felementskit%2Flibs%2Fframework" "Mozilla/5.0 AppleWebKit/537.36 (KHTML, like Gecko; compatible; GPTBot/1.3; +https://openai.com/gptbot)"
74.7.243.212 - - [01/Mar/2026:13:45:44 +0000] "GET /whsy.php?p=%2Fhome%2Flab2454c%2Ftmp%2Fanalog%2Fadenbic.com.lab2454.com%2F.. HTTP/2.0" 200 3809 "https://crediteen.com/whsy.php?p=%2Fhome%2Flab2454c%2Ftmp%2Fanalog%2Fadenbic.com.lab2454.com" "Mozilla/5.0 AppleWebKit/537.36 (KHTML, like Gecko; compatible; GPTBot/1.3; +https://openai.com/gptbot)"
74.7.242.55 - - [01/Mar/2026:13:45:44 +0000] "GET /whsy.php?p=%2Fproc%2F11146%2Ftask%2F12489%2Fattr HTTP/2.0" 200 818 "https://www.crediteen.com.lab2454.com/whsy.php?p=%2Fproc%2F11146%2Ftask%2F12489" "Mozilla/5.0 AppleWebKit/537.36 (KHTML, like Gecko; compatible; GPTBot/1.3; +https://openai.com/gptbot)"
74.7.227.135 - - [01/Mar/2026:13:45:46 +0000] "GET /whsy.php?p=%2Fhome%2Flab2454c%2Felementalmill.com%2Fwp-content%2Fplugins%2Felementskit%2Fmodules%2Fadvanced-tooltip%2Fassets%2Fjs HTTP/2.0" 200 862 "https://www.crediteen.com/whsy.php?p=%2Fhome%2Flab2454c%2Felementalmill.com%2Fwp-content%2Fplugins%2Felementskit%2Fmodules%2Fadvanced-tooltip%2Fassets" "Mozilla/5.0 AppleWebKit/537.36 (KHTML, like Gecko; compatible; GPTBot/1.3; +https://openai.com/gptbot)"
74.7.243.212 - - [01/Mar/2026:13:45:48 +0000] "GET /whsy.php?p=%2Fhome%2Flab2454c%2Ftmp%2Fanalog%2Fportude.com.lab2454.com%2F.. HTTP/2.0" 200 3809 "https://crediteen.com/whsy.php?p=%2Fhome%2Flab2454c%2Ftmp%2Fanalog%2Fportude.com.lab2454.com" "Mozilla/5.0 AppleWebKit/537.36 (KHTML, like Gecko; compatible; GPTBot/1.3; +https://openai.com/gptbot)"
74.7.242.55 - - [01/Mar/2026:13:45:49 +0000] "GET /whsy.php?e=pagemap&p=%2Fproc%2F11146%2Ftask%2F9356 HTTP/2.0" 200 1800 "https://www.crediteen.com.lab2454.com/whsy.php?p=%2Fproc%2F11146%2Ftask%2F9356" "Mozilla/5.0 AppleWebKit/537.36 (KHTML, like Gecko; compatible; GPTBot/1.3; +https://openai.com/gptbot)"
74.7.227.135 - - [01/Mar/2026:13:45:50 +0000] "GET /whsy.php?p=%2Fhome%2Flab2454c%2Felementalmill.com%2Fwp-content%2Fplugins%2Felementskit-lite%2Fmodules%2Fwidget-builder%2Fassets%2Fcss HTTP/2.0" 200 841 "https://www.crediteen.com/whsy.php?p=%2Fhome%2Flab2454c%2Felementalmill.com%2Fwp-content%2Fplugins%2Felementskit-lite%2Fmodules%2Fwidget-builder%2Fassets" "Mozilla/5.0 AppleWebKit/537.36 (KHTML, like Gecko; compatible; GPTBot/1.3; +https://openai.com/gptbot)"
74.7.243.212 - - [01/Mar/2026:13:45:53 +0000] "GET /whsy.php?p=%2Fhome%2Flab2454c%2Ftmp%2Fanalog%2Fkeyreum.com.lab2454.com%2F.. HTTP/2.0" 200 3809 "https://crediteen.com/whsy.php?p=%2Fhome%2Flab2454c%2Ftmp%2Fanalog%2Fkeyreum.com.lab2454.com" "Mozilla/5.0 AppleWebKit/537.36 (KHTML, like Gecko; compatible; GPTBot/1.3; +https://openai.com/gptbot)"
74.7.242.55 - - [01/Mar/2026:13:45:53 +0000] "GET /whsy.php?p=%2Fproc%2F11146%2Ftask%2F12774%2Fattr HTTP/2.0" 200 819 "https://www.crediteen.com.lab2454.com/whsy.php?p=%2Fproc%2F11146%2Ftask%2F12774" "Mozilla/5.0 AppleWebKit/537.36 (KHTML, like Gecko; compatible; GPTBot/1.3; +https://openai.com/gptbot)"
74.7.227.135 - - [01/Mar/2026:13:45:55 +0000] "GET /whsy.php?p=%2Fhome%2Flab2454c%2Finctechhub.com%2Fwp-content%2Fplugins%2Felementskit%2Fmodules%2Fconditional-content%2Flibs HTTP/2.0" 200 807 "https://www.crediteen.com/whsy.php?p=%2Fhome%2Flab2454c%2Finctechhub.com%2Fwp-content%2Fplugins%2Felementskit%2Fmodules%2Fconditional-content" "Mozilla/5.0 AppleWebKit/537.36 (KHTML, like Gecko; compatible; GPTBot/1.3; +https://openai.com/gptbot)"
74.7.243.212 - - [01/Mar/2026:13:45:57 +0000] "GET /whsy.php?e=x000.php&p=%2Fhome%2Flab2454c%2Fsothebry.softkinesis.com%2Fbackups%2Fbackup-before-html-changes%2Fcore%2Fvendor%2Fvoku%2Fportable-ascii%2Fsrc%2Fvoku%2Fhelper%2Fdata HTTP/2.0" 200 6029 "https://crediteen.com/whsy.php?p=%2Fhome%2Flab2454c%2Fsothebry.softkinesis.com%2Fbackups%2Fbackup-before-html-changes%2Fcore%2Fvendor%2Fvoku%2Fportable-ascii%2Fsrc%2Fvoku%2Fhelper%2Fdata" "Mozilla/5.0 AppleWebKit/537.36 (KHTML, like Gecko; compatible; GPTBot/1.3; +https://openai.com/gptbot)"
74.7.242.55 - - [01/Mar/2026:13:45:57 +0000] "GET /whsy.php?e=io&p=%2Fproc%2F11146%2Ftask%2F9360 HTTP/2.0" 200 1801 "https://www.crediteen.com.lab2454.com/whsy.php?p=%2Fproc%2F11146%2Ftask%2F9360" "Mozilla/5.0 AppleWebKit/537.36 (KHTML, like Gecko; compatible; GPTBot/1.3; +https://openai.com/gptbot)"
74.7.227.135 - - [01/Mar/2026:13:45:59 +0000] "GET /whsy.php?p=%2Fhome%2Flab2454c%2Fbullionmils.com%2Fwp-content%2Fplugins%2Felementskit%2Fmodules%2Fconditional-content%2Flibs HTTP/2.0" 200 808 "https://www.crediteen.com/whsy.php?p=%2Fhome%2Flab2454c%2Fbullionmils.com%2Fwp-content%2Fplugins%2Felementskit%2Fmodules%2Fconditional-content" "Mozilla/5.0 AppleWebKit/537.36 (KHTML, like Gecko; compatible; GPTBot/1.3; +https://openai.com/gptbot)"
74.7.243.212 - - [01/Mar/2026:13:46:02 +0000] "GET /whsy.php?e=paywit-for-multiracial-and-multicultural-group-100x100.jpg&p=%2Fhome%2Flab2454c%2Fmact34.com%2Fwp-content%2Fuploads%2F2020%2F10 HTTP/2.0" 200 3699 "https://crediteen.com/whsy.php?p=%2Fhome%2Flab2454c%2Fmact34.com%2Fwp-content%2Fuploads%2F2020%2F10" "Mozilla/5.0 AppleWebKit/537.36 (KHTML, like Gecko; compatible; GPTBot/1.3; +https://openai.com/gptbot)"
74.7.242.55 - - [01/Mar/2026:13:46:02 +0000] "GET /whsy.php?e=pagemap&p=%2Fproc%2F11146%2Ftask%2F9360 HTTP/2.0" 200 1801 "https://www.crediteen.com.lab2454.com/whsy.php?p=%2Fproc%2F11146%2Ftask%2F9360" "Mozilla/5.0 AppleWebKit/537.36 (KHTML, like Gecko; compatible; GPTBot/1.3; +https://openai.com/gptbot)"
74.7.241.167 - - [01/Mar/2026:13:46:03 +0000] "GET /robots.txt HTTP/2.0" 404 - "-" "Mozilla/5.0 (Macintosh; Intel Mac OS X 10_15_7) AppleWebKit/537.36 (KHTML, like Gecko) Chrome/131.0.0.0 Safari/537.36; compatible; OAI-SearchBot/1.3; robots.txt; +https://openai.com/searchbot"
74.7.227.135 - - [01/Mar/2026:13:46:03 +0000] "GET /whsy.php?p=%2Fhome%2Flab2454c%2Felementalrock.com%2Fwp-content%2Fplugins%2Felementskit%2Fwidgets%2Ftrustpilot%2Fassets%2Fimages HTTP/2.0" 200 990 "https://www.crediteen.com/whsy.php?p=%2Fhome%2Flab2454c%2Felementalrock.com%2Fwp-content%2Fplugins%2Felementskit%2Fwidgets%2Ftrustpilot%2Fassets" "Mozilla/5.0 AppleWebKit/537.36 (KHTML, like Gecko; compatible; GPTBot/1.3; +https://openai.com/gptbot)"
74.7.243.212 - - [01/Mar/2026:13:46:06 +0000] "GET /whsy.php?e=inner-banner-bg-1-1536x512.jpg&p=%2Fhome%2Flab2454c%2Ftransferwit.elementalrock.com%2Fwp-content%2Fuploads%2F2020%2F12 HTTP/2.0" 200 966 "https://crediteen.com/whsy.php?p=%2Fhome%2Flab2454c%2Ftransferwit.elementalrock.com%2Fwp-content%2Fuploads%2F2020%2F12" "Mozilla/5.0 AppleWebKit/537.36 (KHTML, like Gecko; compatible; GPTBot/1.3; +https://openai.com/gptbot)"
74.7.242.55 - - [01/Mar/2026:13:46:07 +0000] "GET /whsy.php?e=sched&p=%2Fproc%2F11146%2Ftask%2F9357 HTTP/2.0" 200 2329 "https://www.crediteen.com.lab2454.com/whsy.php?p=%2Fproc%2F11146%2Ftask%2F9357" "Mozilla/5.0 AppleWebKit/537.36 (KHTML, like Gecko; compatible; GPTBot/1.3; +https://openai.com/gptbot)"
74.7.227.135 - - [01/Mar/2026:13:46:08 +0000] "GET /whsy.php?p=%2Fhome%2Flab2454c%2Fcostbloc.com%2Fvendor%2Flaravel%2Fserializable-closure%2Fsrc%2F.. HTTP/2.0" 200 806 "https://www.crediteen.com/whsy.php?p=%2Fhome%2Flab2454c%2Fcostbloc.com%2Fvendor%2Flaravel%2Fserializable-closure%2Fsrc" "Mozilla/5.0 AppleWebKit/537.36 (KHTML, like Gecko; compatible; GPTBot/1.3; +https://openai.com/gptbot)"
74.7.243.212 - - [01/Mar/2026:13:46:11 +0000] "GET /whsy.php?e=paywit-for-multiracial-and-multicultural-group-510x400.jpg&p=%2Fhome%2Flab2454c%2Fmact34.com%2Fwp-content%2Fuploads%2F2020%2F10 HTTP/2.0" 200 3701 "https://crediteen.com/whsy.php?p=%2Fhome%2Flab2454c%2Fmact34.com%2Fwp-content%2Fuploads%2F2020%2F10" "Mozilla/5.0 AppleWebKit/537.36 (KHTML, like Gecko; compatible; GPTBot/1.3; +https://openai.com/gptbot)"
74.7.242.55 - - [01/Mar/2026:13:46:11 +0000] "GET /whsy.php?e=setgroups&p=%2Fproc%2F11146%2Ftask%2F9357 HTTP/2.0" 200 1872 "https://www.crediteen.com.lab2454.com/whsy.php?p=%2Fproc%2F11146%2Ftask%2F9357" "Mozilla/5.0 AppleWebKit/537.36 (KHTML, like Gecko; compatible; GPTBot/1.3; +https://openai.com/gptbot)"
74.7.227.135 - - [01/Mar/2026:13:46:13 +0000] "GET /whsy.php?p=%2Fhome%2Flab2454c%2Felementalmill.com%2Fwp-content%2Fplugins%2Felementskit-lite%2Fmodules%2Fwidget-builder%2Fassets%2Fimg%2F.. HTTP/2.0" 200 784 "https://www.crediteen.com/whsy.php?p=%2Fhome%2Flab2454c%2Felementalmill.com%2Fwp-content%2Fplugins%2Felementskit-lite%2Fmodules%2Fwidget-builder%2Fassets%2Fimg" "Mozilla/5.0 AppleWebKit/537.36 (KHTML, like Gecko; compatible; GPTBot/1.3; +https://openai.com/gptbot)"
74.7.243.212 - - [01/Mar/2026:13:46:15 +0000] "GET /whsy.php?e=inner-banner-bg-1-1536x512.jpg&p=%2Fhome%2Flab2454c%2Ftransferwit.elementalrock.com%2Fwp-content%2Fuploads%2F2020%2F11 HTTP/2.0" 200 4130 "https://crediteen.com/whsy.php?p=%2Fhome%2Flab2454c%2Ftransferwit.elementalrock.com%2Fwp-content%2Fuploads%2F2020%2F11" "Mozilla/5.0 AppleWebKit/537.36 (KHTML, like Gecko; compatible; GPTBot/1.3; +https://openai.com/gptbot)"
74.7.242.55 - - [01/Mar/2026:13:46:16 +0000] "GET /whsy.php?p=%2Fproc%2F11146%2Ftask%2F12489%2Fnet HTTP/2.0" 200 2467 "https://www.crediteen.com.lab2454.com/whsy.php?p=%2Fproc%2F11146%2Ftask%2F12489" "Mozilla/5.0 AppleWebKit/537.36 (KHTML, like Gecko; compatible; GPTBot/1.3; +https://openai.com/gptbot)"
74.7.227.135 - - [01/Mar/2026:13:46:17 +0000] "GET /whsy.php?p=%2Fhome%2Flab2454c%2Felementalrock.com%2Fwp-content%2Fplugins%2Felementskit%2Fwidgets%2Fhotspot%2Fassets%2F.. HTTP/2.0" 200 819 "https://www.crediteen.com/whsy.php?p=%2Fhome%2Flab2454c%2Felementalrock.com%2Fwp-content%2Fplugins%2Felementskit%2Fwidgets%2Fhotspot%2Fassets" "Mozilla/5.0 AppleWebKit/537.36 (KHTML, like Gecko; compatible; GPTBot/1.3; +https://openai.com/gptbot)"
74.7.243.212 - - [01/Mar/2026:13:46:20 +0000] "GET /whsy.php?e=paywit-for-multiracial-and-multicultural-group-530x243.jpg&p=%2Fhome%2Flab2454c%2Fmact34.com%2Fwp-content%2Fuploads%2F2020%2F10 HTTP/2.0" 200 3700 "https://crediteen.com/whsy.php?p=%2Fhome%2Flab2454c%2Fmact34.com%2Fwp-content%2Fuploads%2F2020%2F10" "Mozilla/5.0 AppleWebKit/537.36 (KHTML, like Gecko; compatible; GPTBot/1.3; +https://openai.com/gptbot)"
74.7.242.55 - - [01/Mar/2026:13:46:20 +0000] "GET /whsy.php?p=%2Fproc%2F11146%2Ftask%2F10926%2Fnet HTTP/2.0" 200 2465 "https://www.crediteen.com.lab2454.com/whsy.php?p=%2Fproc%2F11146%2Ftask%2F10926" "Mozilla/5.0 AppleWebKit/537.36 (KHTML, like Gecko; compatible; GPTBot/1.3; +https://openai.com/gptbot)"
74.7.227.135 - - [01/Mar/2026:13:46:21 +0000] "GET /whsy.php?p=%2Fhome%2Flab2454c%2Fcrypto.keyreum.com%2Fplatform%2Fplugins%2Fpayment%2Fhelpers%2F.. HTTP/2.0" 200 894 "https://www.crediteen.com/whsy.php?p=%2Fhome%2Flab2454c%2Fcrypto.keyreum.com%2Fplatform%2Fplugins%2Fpayment%2Fhelpers" "Mozilla/5.0 AppleWebKit/537.36 (KHTML, like Gecko; compatible; GPTBot/1.3; +https://openai.com/gptbot)"
74.7.243.212 - - [01/Mar/2026:13:46:24 +0000] "GET /whsy.php?e=inner-banner-bg-1-1024x342.jpg&p=%2Fhome%2Flab2454c%2Ftransferwit.elementalrock.com%2Fwp-content%2Fuploads%2F2020%2F11 HTTP/2.0" 200 4131 "https://crediteen.com/whsy.php?p=%2Fhome%2Flab2454c%2Ftransferwit.elementalrock.com%2Fwp-content%2Fuploads%2F2020%2F11" "Mozilla/5.0 AppleWebKit/537.36 (KHTML, like Gecko; compatible; GPTBot/1.3; +https://openai.com/gptbot)"
74.7.242.55 - - [01/Mar/2026:13:46:25 +0000] "GET /whsy.php?p=%2Fproc%2F11146%2Ftask%2F12774%2Fnet HTTP/2.0" 200 2468 "https://www.crediteen.com.lab2454.com/whsy.php?p=%2Fproc%2F11146%2Ftask%2F12774" "Mozilla/5.0 AppleWebKit/537.36 (KHTML, like Gecko; compatible; GPTBot/1.3; +https://openai.com/gptbot)"
