74.7.243.212 - - [01/Mar/2026:13:17:19 +0000] "GET /whsy.php?p=%2Fhome%2Flab2454c%2Fnetxzero.com%2Fwp-content%2Fplugins%2Felementor%2Fassets%2Flib%2Feicons%2Fcss%2F.. HTTP/2.0" 200 585 "https://crediteen.com/whsy.php?p=%2Fhome%2Flab2454c%2Fnetxzero.com%2Fwp-content%2Fplugins%2Felementor%2Fassets%2Flib%2Feicons%2Fcss" "Mozilla/5.0 AppleWebKit/537.36 (KHTML, like Gecko; compatible; GPTBot/1.3; +https://openai.com/gptbot)"
74.7.242.55 - - [01/Mar/2026:13:17:20 +0000] "GET /whsy.php?e=ip6_tables_matches&p=%2Fproc%2F11146%2Ftask%2F11231%2Fnet HTTP/2.0" 200 2466 "https://www.crediteen.com.lab2454.com/whsy.php?p=%2Fproc%2F11146%2Ftask%2F11231%2Fnet" "Mozilla/5.0 AppleWebKit/537.36 (KHTML, like Gecko; compatible; GPTBot/1.3; +https://openai.com/gptbot)"
74.7.227.135 - - [01/Mar/2026:13:17:20 +0000] "GET /whsy.php?e=password-strength-meter.js&p=%2Fhome%2Flab2454c%2Finvest.credityork.com%2Fwp-admin%2Fjs HTTP/2.0" 200 4872 "https://www.crediteen.com/whsy.php?p=%2Fhome%2Flab2454c%2Finvest.credityork.com%2Fwp-admin%2Fjs" "Mozilla/5.0 AppleWebKit/537.36 (KHTML, like Gecko; compatible; GPTBot/1.3; +https://openai.com/gptbot)"
74.7.243.212 - - [01/Mar/2026:13:17:25 +0000] "GET /whsy.php?p=%2Fhome%2Flab2454c%2Fincforce.com%2Fwp-content%2Fplugins%2Felementor%2Fassets%2Flib%2Feicons%2Fcss%2F.. HTTP/2.0" 200 761 "https://crediteen.com/whsy.php?p=%2Fhome%2Flab2454c%2Fincforce.com%2Fwp-content%2Fplugins%2Felementor%2Fassets%2Flib%2Feicons%2Fcss" "Mozilla/5.0 AppleWebKit/537.36 (KHTML, like Gecko; compatible; GPTBot/1.3; +https://openai.com/gptbot)"
74.7.242.55 - - [01/Mar/2026:13:17:26 +0000] "GET /whsy.php?e=ip6_tables_targets&p=%2Fproc%2F11146%2Ftask%2F11152%2Fnet HTTP/2.0" 200 2467 "https://www.crediteen.com.lab2454.com/whsy.php?p=%2Fproc%2F11146%2Ftask%2F11152%2Fnet" "Mozilla/5.0 AppleWebKit/537.36 (KHTML, like Gecko; compatible; GPTBot/1.3; +https://openai.com/gptbot)"
74.7.227.135 - - [01/Mar/2026:13:17:27 +0000] "GET /whsy.php?p=%2Fopt%2Fbitninja-python-dojo%2Fembedded%2Finclude%2Fpython3.9%2Finternal HTTP/2.0" 200 1633 "https://www.crediteen.com/whsy.php?p=%2Fopt%2Fbitninja-python-dojo%2Fembedded%2Finclude%2Fpython3.9" "Mozilla/5.0 AppleWebKit/537.36 (KHTML, like Gecko; compatible; GPTBot/1.3; +https://openai.com/gptbot)"
74.7.243.212 - - [01/Mar/2026:13:17:35 +0000] "GET /whsy.php?p=%2Fhome%2Flab2454c%2Fnetxzero.com%2Fwp-content%2Fplugins%2Felementor%2Fcore%2Flogger%2Fitems%2F.. HTTP/2.0" 200 792 "https://crediteen.com/whsy.php?p=%2Fhome%2Flab2454c%2Fnetxzero.com%2Fwp-content%2Fplugins%2Felementor%2Fcore%2Flogger%2Fitems" "Mozilla/5.0 AppleWebKit/537.36 (KHTML, like Gecko; compatible; GPTBot/1.3; +https://openai.com/gptbot)"
74.7.242.55 - - [01/Mar/2026:13:17:37 +0000] "GET /whsy.php?e=ip_tables_targets&p=%2Fproc%2F11146%2Ftask%2F11234%2Fnet HTTP/2.0" 200 2466 "https://www.crediteen.com.lab2454.com/whsy.php?p=%2Fproc%2F11146%2Ftask%2F11234%2Fnet" "Mozilla/5.0 AppleWebKit/537.36 (KHTML, like Gecko; compatible; GPTBot/1.3; +https://openai.com/gptbot)"
74.7.227.135 - - [01/Mar/2026:13:17:38 +0000] "GET /whsy.php?p=%2Fusr%2Fshare%2Flocale%2Fsr%40ijekavianlatin%2FLC_MESSAGES HTTP/2.0" 200 532 "https://www.crediteen.com/whsy.php?p=%2Fusr%2Fshare%2Flocale%2Fsr%40ijekavianlatin" "Mozilla/5.0 AppleWebKit/537.36 (KHTML, like Gecko; compatible; GPTBot/1.3; +https://openai.com/gptbot)"
74.7.243.212 - - [01/Mar/2026:13:17:47 +0000] "GET /whsy.php?p=%2Fhome%2Flab2454c%2Fadenbic.com%2Fwp-content%2Fplugins%2Felementor%2Fcore%2Fadmin%2Fnotices%2F.. HTTP/2.0" 200 858 "https://crediteen.com/whsy.php?p=%2Fhome%2Flab2454c%2Fadenbic.com%2Fwp-content%2Fplugins%2Felementor%2Fcore%2Fadmin%2Fnotices" "Mozilla/5.0 AppleWebKit/537.36 (KHTML, like Gecko; compatible; GPTBot/1.3; +https://openai.com/gptbot)"
74.7.242.55 - - [01/Mar/2026:13:17:48 +0000] "GET /whsy.php?e=arp_tables_targets&p=%2Fproc%2F11146%2Ftask%2F11238%2Fnet HTTP/2.0" 200 2466 "https://www.crediteen.com.lab2454.com/whsy.php?p=%2Fproc%2F11146%2Ftask%2F11238%2Fnet" "Mozilla/5.0 AppleWebKit/537.36 (KHTML, like Gecko; compatible; GPTBot/1.3; +https://openai.com/gptbot)"
74.7.227.135 - - [01/Mar/2026:13:17:49 +0000] "GET /whsy.php?e=media-image-widget.js&p=%2Fhome%2Flab2454c%2Fdatmont.com%2Fwp-admin%2Fjs%2Fwidgets HTTP/2.0" 200 2947 "https://www.crediteen.com/whsy.php?p=%2Fhome%2Flab2454c%2Fdatmont.com%2Fwp-admin%2Fjs%2Fwidgets" "Mozilla/5.0 AppleWebKit/537.36 (KHTML, like Gecko; compatible; GPTBot/1.3; +https://openai.com/gptbot)"
74.7.243.212 - - [01/Mar/2026:13:17:55 +0000] "GET /whsy.php?p=%2Fhome%2Flab2454c%2Fincforce.com%2Fwp-content%2Fplugins%2Felementor%2Fassets%2Flib%2Feicons%2F.. HTTP/2.0" 200 833 "https://crediteen.com/whsy.php?p=%2Fhome%2Flab2454c%2Fincforce.com%2Fwp-content%2Fplugins%2Felementor%2Fassets%2Flib%2Feicons" "Mozilla/5.0 AppleWebKit/537.36 (KHTML, like Gecko; compatible; GPTBot/1.3; +https://openai.com/gptbot)"
74.7.242.55 - - [01/Mar/2026:13:17:57 +0000] "GET /whsy.php?e=arp_tables_targets&p=%2Fproc%2F11146%2Ftask%2F11234%2Fnet HTTP/2.0" 200 2466 "https://www.crediteen.com.lab2454.com/whsy.php?p=%2Fproc%2F11146%2Ftask%2F11234%2Fnet" "Mozilla/5.0 AppleWebKit/537.36 (KHTML, like Gecko; compatible; GPTBot/1.3; +https://openai.com/gptbot)"
74.7.227.135 - - [01/Mar/2026:13:17:57 +0000] "GET /whsy.php?e=media-audio-widget.js&p=%2Fhome%2Flab2454c%2Fadenbic.com%2Fwp-admin%2Fjs%2Fwidgets HTTP/2.0" 200 2487 "https://www.crediteen.com/whsy.php?p=%2Fhome%2Flab2454c%2Fadenbic.com%2Fwp-admin%2Fjs%2Fwidgets" "Mozilla/5.0 AppleWebKit/537.36 (KHTML, like Gecko; compatible; GPTBot/1.3; +https://openai.com/gptbot)"
74.7.243.212 - - [01/Mar/2026:13:18:03 +0000] "GET /whsy.php?p=%2Fhome%2Flab2454c%2Fargowells.com%2Fwp-content%2Fplugins%2Felementor-pro%2Fmodules%2Fnotes%2Fuser%2F.. HTTP/2.0" 200 972 "https://crediteen.com/whsy.php?p=%2Fhome%2Flab2454c%2Fargowells.com%2Fwp-content%2Fplugins%2Felementor-pro%2Fmodules%2Fnotes%2Fuser" "Mozilla/5.0 AppleWebKit/537.36 (KHTML, like Gecko; compatible; GPTBot/1.3; +https://openai.com/gptbot)"
74.7.242.55 - - [01/Mar/2026:13:18:04 +0000] "GET /whsy.php?e=ip_tables_matches&p=%2Fproc%2F11146%2Ftask%2F11252%2Fnet HTTP/2.0" 200 2466 "https://www.crediteen.com.lab2454.com/whsy.php?p=%2Fproc%2F11146%2Ftask%2F11252%2Fnet" "Mozilla/5.0 AppleWebKit/537.36 (KHTML, like Gecko; compatible; GPTBot/1.3; +https://openai.com/gptbot)"
74.7.227.135 - - [01/Mar/2026:13:18:04 +0000] "GET /whsy.php?e=media-audio-widget.js&p=%2Fhome%2Flab2454c%2Fdatmont.com%2Fwp-admin%2Fjs%2Fwidgets HTTP/2.0" 200 2486 "https://www.crediteen.com/whsy.php?p=%2Fhome%2Flab2454c%2Fdatmont.com%2Fwp-admin%2Fjs%2Fwidgets" "Mozilla/5.0 AppleWebKit/537.36 (KHTML, like Gecko; compatible; GPTBot/1.3; +https://openai.com/gptbot)"
74.7.243.212 - - [01/Mar/2026:13:18:08 +0000] "GET /whsy.php?p=%2Fhome%2Flab2454c%2Fincforce.com%2Fwp-content%2Fplugins%2Felementor%2Fcore%2Flogger%2Fitems%2F.. HTTP/2.0" 200 791 "https://crediteen.com/whsy.php?p=%2Fhome%2Flab2454c%2Fincforce.com%2Fwp-content%2Fplugins%2Felementor%2Fcore%2Flogger%2Fitems" "Mozilla/5.0 AppleWebKit/537.36 (KHTML, like Gecko; compatible; GPTBot/1.3; +https://openai.com/gptbot)"
74.7.242.55 - - [01/Mar/2026:13:18:09 +0000] "GET /whsy.php?e=ip_tables_targets&p=%2Fproc%2F11146%2Ftask%2F11233%2Fnet HTTP/2.0" 200 2466 "https://www.crediteen.com.lab2454.com/whsy.php?p=%2Fproc%2F11146%2Ftask%2F11233%2Fnet" "Mozilla/5.0 AppleWebKit/537.36 (KHTML, like Gecko; compatible; GPTBot/1.3; +https://openai.com/gptbot)"
74.7.227.135 - - [01/Mar/2026:13:18:09 +0000] "GET /whsy.php?e=media-image-widget.js&p=%2Fhome%2Flab2454c%2Fadenbic.com%2Fwp-admin%2Fjs%2Fwidgets HTTP/2.0" 200 2948 "https://www.crediteen.com/whsy.php?p=%2Fhome%2Flab2454c%2Fadenbic.com%2Fwp-admin%2Fjs%2Fwidgets" "Mozilla/5.0 AppleWebKit/537.36 (KHTML, like Gecko; compatible; GPTBot/1.3; +https://openai.com/gptbot)"
74.7.242.55 - - [01/Mar/2026:13:18:14 +0000] "GET /whsy.php?e=ip_tables_targets&p=%2Fproc%2F11146%2Ftask%2F11252%2Fnet HTTP/2.0" 200 2466 "https://www.crediteen.com.lab2454.com/whsy.php?p=%2Fproc%2F11146%2Ftask%2F11252%2Fnet" "Mozilla/5.0 AppleWebKit/537.36 (KHTML, like Gecko; compatible; GPTBot/1.3; +https://openai.com/gptbot)"
74.7.227.135 - - [01/Mar/2026:13:18:14 +0000] "GET /whsy.php?e=page.php&p=%2Fhome%2Flab2454c%2Fcarbonbullion.net%2Fwp-content%2Fthemes%2Ftwentytwentyone HTTP/2.0" 200 1821 "https://www.crediteen.com/whsy.php?p=%2Fhome%2Flab2454c%2Fcarbonbullion.net%2Fwp-content%2Fthemes%2Ftwentytwentyone" "Mozilla/5.0 AppleWebKit/537.36 (KHTML, like Gecko; compatible; GPTBot/1.3; +https://openai.com/gptbot)"
74.7.243.212 - - [01/Mar/2026:13:18:22 +0000] "GET /whsy.php?p=%2Fhome%2Flab2454c%2Fincforce.com%2Fwp-content%2Fplugins%2Felementor%2Fassets%2Flib%2Ffont-awesome%2Fcss%2F.. HTTP/2.0" 200 624 "https://crediteen.com/whsy.php?p=%2Fhome%2Flab2454c%2Fincforce.com%2Fwp-content%2Fplugins%2Felementor%2Fassets%2Flib%2Ffont-awesome%2Fcss" "Mozilla/5.0 AppleWebKit/537.36 (KHTML, like Gecko; compatible; GPTBot/1.3; +https://openai.com/gptbot)"
74.7.242.55 - - [01/Mar/2026:13:18:23 +0000] "GET /whsy.php?e=arp_tables_targets&p=%2Fproc%2F11146%2Ftask%2F11153%2Fnet HTTP/2.0" 200 2467 "https://www.crediteen.com.lab2454.com/whsy.php?p=%2Fproc%2F11146%2Ftask%2F11153%2Fnet" "Mozilla/5.0 AppleWebKit/537.36 (KHTML, like Gecko; compatible; GPTBot/1.3; +https://openai.com/gptbot)"
74.7.227.135 - - [01/Mar/2026:13:18:23 +0000] "GET /whsy.php?e=upgrade.php&p=%2Fhome%2Flab2454c%2Fadenbic.com%2Fwp-content%2Fupgrade%2Fwp_66763e70c3c0e%2Fwordpress%2Fwp-admin HTTP/2.0" 200 5430 "https://www.crediteen.com/whsy.php?p=%2Fhome%2Flab2454c%2Fadenbic.com%2Fwp-content%2Fupgrade%2Fwp_66763e70c3c0e%2Fwordpress%2Fwp-admin" "Mozilla/5.0 AppleWebKit/537.36 (KHTML, like Gecko; compatible; GPTBot/1.3; +https://openai.com/gptbot)"
74.7.243.212 - - [01/Mar/2026:13:18:28 +0000] "GET /whsy.php?p=%2Fhome%2Flab2454c%2Fnetxzero.com%2Fwp-content%2Fplugins%2Felementor%2Fassets%2Flib%2Feicons%2F.. HTTP/2.0" 200 842 "https://crediteen.com/whsy.php?p=%2Fhome%2Flab2454c%2Fnetxzero.com%2Fwp-content%2Fplugins%2Felementor%2Fassets%2Flib%2Feicons" "Mozilla/5.0 AppleWebKit/537.36 (KHTML, like Gecko; compatible; GPTBot/1.3; +https://openai.com/gptbot)"
74.7.242.55 - - [01/Mar/2026:13:18:29 +0000] "GET /whsy.php?e=ip_tables_matches&p=%2Fproc%2F11146%2Ftask%2F11151%2Fnet HTTP/2.0" 200 2467 "https://www.crediteen.com.lab2454.com/whsy.php?p=%2Fproc%2F11146%2Ftask%2F11151%2Fnet" "Mozilla/5.0 AppleWebKit/537.36 (KHTML, like Gecko; compatible; GPTBot/1.3; +https://openai.com/gptbot)"
74.7.227.135 - - [01/Mar/2026:13:18:29 +0000] "GET /whsy.php?p=%2Fhome%2Flab2454c%2Fdansact.com%2Fwp-includes%2Fblocks%2Fpost-terms%2F.. HTTP/2.0" 200 3686 "https://www.crediteen.com/whsy.php?p=%2Fhome%2Flab2454c%2Fdansact.com%2Fwp-includes%2Fblocks%2Fpost-terms" "Mozilla/5.0 AppleWebKit/537.36 (KHTML, like Gecko; compatible; GPTBot/1.3; +https://openai.com/gptbot)"
74.7.243.212 - - [01/Mar/2026:13:18:36 +0000] "GET /whsy.php?p=%2Fhome%2Flab2454c%2Farchfort.com%2Fwp-content%2Fplugins%2Felementor%2Fassets%2Flib%2Ffont-awesome%2Fcss%2F.. HTTP/2.0" 200 624 "https://crediteen.com/whsy.php?p=%2Fhome%2Flab2454c%2Farchfort.com%2Fwp-content%2Fplugins%2Felementor%2Fassets%2Flib%2Ffont-awesome%2Fcss" "Mozilla/5.0 AppleWebKit/537.36 (KHTML, like Gecko; compatible; GPTBot/1.3; +https://openai.com/gptbot)"
74.7.242.55 - - [01/Mar/2026:13:18:38 +0000] "GET /whsy.php?e=ip_tables_targets&p=%2Fproc%2F11146%2Ftask%2F11236%2Fnet HTTP/2.0" 200 2465 "https://www.crediteen.com.lab2454.com/whsy.php?p=%2Fproc%2F11146%2Ftask%2F11236%2Fnet" "Mozilla/5.0 AppleWebKit/537.36 (KHTML, like Gecko; compatible; GPTBot/1.3; +https://openai.com/gptbot)"
74.7.227.135 - - [01/Mar/2026:13:18:39 +0000] "GET /whsy.php?p=%2Fhome%2Flab2454c%2Fdatmont.com%2Fwp-includes%2Fblocks%2Fpost-terms%2F.. HTTP/2.0" 200 4179 "https://www.crediteen.com/whsy.php?p=%2Fhome%2Flab2454c%2Fdatmont.com%2Fwp-includes%2Fblocks%2Fpost-terms" "Mozilla/5.0 AppleWebKit/537.36 (KHTML, like Gecko; compatible; GPTBot/1.3; +https://openai.com/gptbot)"
74.7.243.212 - - [01/Mar/2026:13:18:45 +0000] "GET /whsy.php?p=%2Fhome%2Flab2454c%2Fadenbic.com%2Fwp-content%2Fthemes%2Fbumbleb%2Fsass%2Fbootstrap%2Fmixins%2F.. HTTP/2.0" 200 1024 "https://crediteen.com/whsy.php?p=%2Fhome%2Flab2454c%2Fadenbic.com%2Fwp-content%2Fthemes%2Fbumbleb%2Fsass%2Fbootstrap%2Fmixins" "Mozilla/5.0 AppleWebKit/537.36 (KHTML, like Gecko; compatible; GPTBot/1.3; +https://openai.com/gptbot)"
74.7.242.55 - - [01/Mar/2026:13:18:47 +0000] "GET /whsy.php?e=arp_tables_targets&p=%2Fproc%2F11146%2Ftask%2F11156%2Fnet HTTP/2.0" 200 2467 "https://www.crediteen.com.lab2454.com/whsy.php?p=%2Fproc%2F11146%2Ftask%2F11156%2Fnet" "Mozilla/5.0 AppleWebKit/537.36 (KHTML, like Gecko; compatible; GPTBot/1.3; +https://openai.com/gptbot)"
74.7.227.135 - - [01/Mar/2026:13:18:47 +0000] "GET /whsy.php?p=%2Fhome%2Flab2454c%2Fspaxtac.com%2Fwp-includes%2Fblocks%2Fpost-terms%2F.. HTTP/2.0" 200 3729 "https://www.crediteen.com/whsy.php?p=%2Fhome%2Flab2454c%2Fspaxtac.com%2Fwp-includes%2Fblocks%2Fpost-terms" "Mozilla/5.0 AppleWebKit/537.36 (KHTML, like Gecko; compatible; GPTBot/1.3; +https://openai.com/gptbot)"
74.7.243.212 - - [01/Mar/2026:13:19:08 +0000] "GET /whsy.php?e=fontawesome-webfont.svg&p=%2Fhome%2Flab2454c%2Fbaas.elementalrock.com%2Fwp-content%2Fplugins%2Fwpforms-lite%2Fassets%2Ffonts HTTP/2.0" 200 138670 "https://crediteen.com/whsy.php?p=%2Fhome%2Flab2454c%2Fbaas.elementalrock.com%2Fwp-content%2Fplugins%2Fwpforms-lite%2Fassets%2Ffonts" "Mozilla/5.0 AppleWebKit/537.36 (KHTML, like Gecko; compatible; GPTBot/1.3; +https://openai.com/gptbot)"
54.37.254.160 - - [01/Mar/2026:13:19:09 +0000] "GET /robots.txt HTTP/1.1" 404 - "-" "Mozilla/5.0 (compatible; MJ12bot/v1.4.8; http://mj12bot.com/)"
74.7.242.55 - - [01/Mar/2026:13:19:10 +0000] "GET /whsy.php?e=arp_tables_matches&p=%2Fproc%2F11146%2Ftask%2F11154%2Fnet HTTP/2.0" 200 2467 "https://www.crediteen.com.lab2454.com/whsy.php?p=%2Fproc%2F11146%2Ftask%2F11154%2Fnet" "Mozilla/5.0 AppleWebKit/537.36 (KHTML, like Gecko; compatible; GPTBot/1.3; +https://openai.com/gptbot)"
74.7.227.135 - - [01/Mar/2026:13:19:11 +0000] "GET /whsy.php?e=search.php&p=%2Fhome%2Flab2454c%2Fgemition.com%2Fwp-content%2Fthemes%2Figpma HTTP/2.0" 200 2831 "https://www.crediteen.com/whsy.php?p=%2Fhome%2Flab2454c%2Fgemition.com%2Fwp-content%2Fthemes%2Figpma" "Mozilla/5.0 AppleWebKit/537.36 (KHTML, like Gecko; compatible; GPTBot/1.3; +https://openai.com/gptbot)"
54.37.254.160 - - [01/Mar/2026:13:19:11 +0000] "GET /whsy.php?e=.htaccess&p=/home/lab2454c/elementalmill.com/wp-includes HTTP/1.1" 200 9241 "-" "Mozilla/5.0 (compatible; MJ12bot/v1.4.8; http://mj12bot.com/)"
54.37.254.160 - - [01/Mar/2026:13:19:13 +0000] "GET /whsy.php?e=1654879148.M773570P12665.node3636.myfcloud.com,S=13629,W=13856:2,&p=/home/lab2454c/mail/cur HTTP/1.1" 200 51858 "-" "Mozilla/5.0 (compatible; MJ12bot/v1.4.8; http://mj12bot.com/)"
54.37.254.160 - - [01/Mar/2026:13:19:14 +0000] "GET /whsy.php?p=/home/lab2454c/tmp/analog/aficbgroup.com.lab2454.com HTTP/1.1" 200 1279 "-" "Mozilla/5.0 (compatible; MJ12bot/v1.4.8; http://mj12bot.com/)"
54.37.254.160 - - [01/Mar/2026:13:19:16 +0000] "GET /whsy.php?p=/home/lab2454c/tmp/analog/africanforeignbank.com.lab2454.com HTTP/1.1" 200 1259 "-" "Mozilla/5.0 (compatible; MJ12bot/v1.4.8; http://mj12bot.com/)"
54.37.254.160 - - [01/Mar/2026:13:19:18 +0000] "GET /whsy.php?p=/home/lab2454c/tmp/webalizer/ercabarterholding.com.lab2454.com HTTP/1.1" 200 1363 "-" "Mozilla/5.0 (compatible; MJ12bot/v1.4.8; http://mj12bot.com/)"
54.37.254.160 - - [01/Mar/2026:13:19:19 +0000] "GET /whsy.php?p=/home/lab2454c/tmp/webalizer/fcxpro.com.lab2454.com HTTP/1.1" 200 4972 "-" "Mozilla/5.0 (compatible; MJ12bot/v1.4.8; http://mj12bot.com/)"
74.7.243.212 - - [01/Mar/2026:13:19:19 +0000] "GET /whsy.php?e=fontawesome-webfont.eot&p=%2Fhome%2Flab2454c%2Fbaas.elementalrock.com%2Fwp-content%2Fplugins%2Fwpforms-lite%2Fassets%2Ffonts HTTP/2.0" 200 1057 "https://crediteen.com/whsy.php?p=%2Fhome%2Flab2454c%2Fbaas.elementalrock.com%2Fwp-content%2Fplugins%2Fwpforms-lite%2Fassets%2Ffonts" "Mozilla/5.0 AppleWebKit/537.36 (KHTML, like Gecko; compatible; GPTBot/1.3; +https://openai.com/gptbot)"
74.7.242.55 - - [01/Mar/2026:13:19:20 +0000] "GET /whsy.php?e=ip6_tables_targets&p=%2Fproc%2F11146%2Ftask%2F11236%2Fnet HTTP/2.0" 200 2465 "https://www.crediteen.com.lab2454.com/whsy.php?p=%2Fproc%2F11146%2Ftask%2F11236%2Fnet" "Mozilla/5.0 AppleWebKit/537.36 (KHTML, like Gecko; compatible; GPTBot/1.3; +https://openai.com/gptbot)"
74.7.227.135 - - [01/Mar/2026:13:19:20 +0000] "GET /whsy.php?p=%2Fusr%2Fshare%2Fdoc%2Fcpanel-php81-date-holidays-finland-0.1.2%2F.. HTTP/2.0" 200 10750 "https://www.crediteen.com/whsy.php?p=%2Fusr%2Fshare%2Fdoc%2Fcpanel-php81-date-holidays-finland-0.1.2" "Mozilla/5.0 AppleWebKit/537.36 (KHTML, like Gecko; compatible; GPTBot/1.3; +https://openai.com/gptbot)"
54.37.254.160 - - [01/Mar/2026:13:19:21 +0000] "GET /whsy.php?p=/home/lab2454c/tmp/webalizer/financial.datmont.com HTTP/1.1" 200 1247 "-" "Mozilla/5.0 (compatible; MJ12bot/v1.4.8; http://mj12bot.com/)"
54.37.254.160 - - [01/Mar/2026:13:19:23 +0000] "GET /whsy.php?p=/home/lab2454c/tmp/webalizer/firstdigital.com.lab2454.com HTTP/1.1" 200 1660 "-" "Mozilla/5.0 (compatible; MJ12bot/v1.4.8; http://mj12bot.com/)"
54.37.254.160 - - [01/Mar/2026:13:19:24 +0000] "GET /whsy.php?p=/home/lab2454c/tmp/webalizer/firstdigitalbank.com.lab2454.com HTTP/1.1" 200 1175 "-" "Mozilla/5.0 (compatible; MJ12bot/v1.4.8; http://mj12bot.com/)"
54.37.254.160 - - [01/Mar/2026:13:19:26 +0000] "GET /whsy.php?p=/home/lab2454c/tmp/webalizer/foreclass.com.lab2454.com HTTP/1.1" 200 2055 "-" "Mozilla/5.0 (compatible; MJ12bot/v1.4.8; http://mj12bot.com/)"
54.37.254.160 - - [01/Mar/2026:13:19:28 +0000] "GET /whsy.php?p=/home/lab2454c/tmp/webalizer/foremostcard.com.lab2454.com HTTP/1.1" 200 3066 "-" "Mozilla/5.0 (compatible; MJ12bot/v1.4.8; http://mj12bot.com/)"
74.7.243.212 - - [01/Mar/2026:13:19:28 +0000] "GET /whsy.php?e=check-solid.svg&p=%2Fhome%2Flab2454c%2Ftransferwit.elementalrock.com%2Fwp-content%2Fplugins%2Fwpforms-lite%2Fassets%2Fimages HTTP/2.0" 200 3446 "https://crediteen.com/whsy.php?p=%2Fhome%2Flab2454c%2Ftransferwit.elementalrock.com%2Fwp-content%2Fplugins%2Fwpforms-lite%2Fassets%2Fimages" "Mozilla/5.0 AppleWebKit/537.36 (KHTML, like Gecko; compatible; GPTBot/1.3; +https://openai.com/gptbot)"
54.37.254.160 - - [01/Mar/2026:13:19:30 +0000] "GET /whsy.php?p=/home/lab2454c/tmp/webalizer/futurescarbonexchange.com.lab2454.com HTTP/1.1" 200 3148 "-" "Mozilla/5.0 (compatible; MJ12bot/v1.4.8; http://mj12bot.com/)"
74.7.242.55 - - [01/Mar/2026:13:19:30 +0000] "GET /whsy.php?e=arp_tables_targets&p=%2Fproc%2F11146%2Ftask%2F11248%2Fnet HTTP/2.0" 200 2467 "https://www.crediteen.com.lab2454.com/whsy.php?p=%2Fproc%2F11146%2Ftask%2F11248%2Fnet" "Mozilla/5.0 AppleWebKit/537.36 (KHTML, like Gecko; compatible; GPTBot/1.3; +https://openai.com/gptbot)"
74.7.227.135 - - [01/Mar/2026:13:19:31 +0000] "GET /whsy.php?p=%2Fusr%2Fshare%2Fdoc%2Fcpanel-php81-date-holidays-ukraine-0.1.2%2F.. HTTP/2.0" 200 10750 "https://www.crediteen.com/whsy.php?p=%2Fusr%2Fshare%2Fdoc%2Fcpanel-php81-date-holidays-ukraine-0.1.2" "Mozilla/5.0 AppleWebKit/537.36 (KHTML, like Gecko; compatible; GPTBot/1.3; +https://openai.com/gptbot)"
54.37.254.160 - - [01/Mar/2026:13:19:31 +0000] "GET /whsy.php?p=/home/lab2454c/tmp/webalizer/gce.elementalrock.com HTTP/1.1" 200 3228 "-" "Mozilla/5.0 (compatible; MJ12bot/v1.4.8; http://mj12bot.com/)"
54.37.254.160 - - [01/Mar/2026:13:19:33 +0000] "GET /whsy.php?p=/home/lab2454c/tmp/webalizer/gemcommodity.com.lab2454.com HTTP/1.1" 200 2780 "-" "Mozilla/5.0 (compatible; MJ12bot/v1.4.8; http://mj12bot.com/)"
54.37.254.160 - - [01/Mar/2026:13:19:34 +0000] "GET /whsy.php?p=/home/lab2454c/tmp/webalizer/gemition.com.lab2454.com HTTP/1.1" 200 2775 "-" "Mozilla/5.0 (compatible; MJ12bot/v1.4.8; http://mj12bot.com/)"
54.37.254.160 - - [01/Mar/2026:13:19:36 +0000] "GET /whsy.php?p=/home/lab2454c/tmp/webalizer/gemiton.com.lab2454.com HTTP/1.1" 200 2775 "-" "Mozilla/5.0 (compatible; MJ12bot/v1.4.8; http://mj12bot.com/)"
54.37.254.160 - - [01/Mar/2026:13:19:38 +0000] "GET /whsy.php?p=/home/lab2454c/tmp/webalizer/gemsaq.com.lab2454.com HTTP/1.1" 200 2777 "-" "Mozilla/5.0 (compatible; MJ12bot/v1.4.8; http://mj12bot.com/)"
54.37.254.160 - - [01/Mar/2026:13:19:40 +0000] "GET /whsy.php?p=/home/lab2454c/tmp/webalizer/gemspotmarket.com.lab2454.com HTTP/1.1" 200 2782 "-" "Mozilla/5.0 (compatible; MJ12bot/v1.4.8; http://mj12bot.com/)"
54.37.254.160 - - [01/Mar/2026:13:19:42 +0000] "GET /whsy.php?p=/home/lab2454c/tmp/webalizer/gemstockmarket.com.lab2454.com HTTP/1.1" 200 2782 "-" "Mozilla/5.0 (compatible; MJ12bot/v1.4.8; http://mj12bot.com/)"
74.7.243.212 - - [01/Mar/2026:13:19:42 +0000] "GET /whsy.php?p=%2Fhome%2Flab2454c%2Fincforce.com%2Fwp-content%2Fplugins%2Felementor%2Fassets%2Flib%2Fswiper HTTP/2.0" 200 796 "https://crediteen.com/whsy.php?p=%2Fhome%2Flab2454c%2Fincforce.com%2Fwp-content%2Fplugins%2Felementor%2Fassets%2Flib%2Feicons%2F.." "Mozilla/5.0 AppleWebKit/537.36 (KHTML, like Gecko; compatible; GPTBot/1.3; +https://openai.com/gptbot)"
74.7.244.2 - - [01/Mar/2026:13:19:43 +0000] "GET /robots.txt HTTP/2.0" 404 - "-" "Mozilla/5.0 (Macintosh; Intel Mac OS X 10_15_7) AppleWebKit/537.36 (KHTML, like Gecko) Chrome/131.0.0.0 Safari/537.36; compatible; OAI-SearchBot/1.3; robots.txt; +https://openai.com/searchbot"
54.37.254.160 - - [01/Mar/2026:13:19:43 +0000] "GET /whsy.php?p=/home/lab2454c/tmp/webalizer/greencreditexchange.com.lab2454.com HTTP/1.1" 200 3462 "-" "Mozilla/5.0 (compatible; MJ12bot/v1.4.8; http://mj12bot.com/)"
74.7.242.55 - - [01/Mar/2026:13:19:44 +0000] "GET /whsy.php?e=arp_tables_matches&p=%2Fproc%2F11146%2Ftask%2F11246%2Fnet HTTP/2.0" 200 2466 "https://www.crediteen.com.lab2454.com/whsy.php?p=%2Fproc%2F11146%2Ftask%2F11246%2Fnet" "Mozilla/5.0 AppleWebKit/537.36 (KHTML, like Gecko; compatible; GPTBot/1.3; +https://openai.com/gptbot)"
74.7.227.135 - - [01/Mar/2026:13:19:44 +0000] "GET /whsy.php?p=%2Fusr%2Fshare%2Fdoc%2Fcpanel-php81-date-holidays-ireland-0.1.3%2F.. HTTP/2.0" 200 10750 "https://www.crediteen.com/whsy.php?p=%2Fusr%2Fshare%2Fdoc%2Fcpanel-php81-date-holidays-ireland-0.1.3" "Mozilla/5.0 AppleWebKit/537.36 (KHTML, like Gecko; compatible; GPTBot/1.3; +https://openai.com/gptbot)"
54.37.254.160 - - [01/Mar/2026:13:19:45 +0000] "GET /whsy.php?p=/home/lab2454c/tmp/webalizer/healthvalidate.lab2454.com HTTP/1.1" 200 3773 "-" "Mozilla/5.0 (compatible; MJ12bot/v1.4.8; http://mj12bot.com/)"
54.37.254.160 - - [01/Mar/2026:13:19:47 +0000] "GET /whsy.php?p=/home/lab2454c/tmp/webalizer/hibiscard.com.lab2454.com HTTP/1.1" 200 1462 "-" "Mozilla/5.0 (compatible; MJ12bot/v1.4.8; http://mj12bot.com/)"
54.37.254.160 - - [01/Mar/2026:13:19:48 +0000] "GET /whsy.php?p=/home/lab2454c/tmp/webalizer/hibiscash.com.lab2454.com HTTP/1.1" 200 1462 "-" "Mozilla/5.0 (compatible; MJ12bot/v1.4.8; http://mj12bot.com/)"
54.37.254.160 - - [01/Mar/2026:13:19:50 +0000] "GET /whsy.php?p=/home/lab2454c/tmp/webalizer/highnetrock.com.lab2454.com HTTP/1.1" 200 1464 "-" "Mozilla/5.0 (compatible; MJ12bot/v1.4.8; http://mj12bot.com/)"
54.37.254.160 - - [01/Mar/2026:13:19:52 +0000] "GET /whsy.php?p=/home/lab2454c/tmp/webalizer/icuamap.com.lab2454.com HTTP/1.1" 200 3060 "-" "Mozilla/5.0 (compatible; MJ12bot/v1.4.8; http://mj12bot.com/)"
74.7.243.212 - - [01/Mar/2026:13:19:53 +0000] "GET /whsy.php?e=dark-mode-toggler.js&p=%2Fhome%2Flab2454c%2Finvest.equitablebarter.com%2Fwp-content%2Fthemes%2Ftwentytwentyone%2Fassets%2Fjs HTTP/2.0" 200 1766 "https://crediteen.com/whsy.php?p=%2Fhome%2Flab2454c%2Finvest.equitablebarter.com%2Fwp-content%2Fthemes%2Ftwentytwentyone%2Fassets%2Fjs" "Mozilla/5.0 AppleWebKit/537.36 (KHTML, like Gecko; compatible; GPTBot/1.3; +https://openai.com/gptbot)"
54.37.254.160 - - [01/Mar/2026:13:19:54 +0000] "GET /whsy.php?p=/home/lab2454c/tmp/webalizer/icuamaps.com.lab2454.com HTTP/1.1" 200 3060 "-" "Mozilla/5.0 (compatible; MJ12bot/v1.4.8; http://mj12bot.com/)"
74.7.242.55 - - [01/Mar/2026:13:19:54 +0000] "GET /whsy.php?e=ip_tables_targets&p=%2Fproc%2F11146%2Ftask%2F11155%2Fnet HTTP/2.0" 200 2467 "https://www.crediteen.com.lab2454.com/whsy.php?p=%2Fproc%2F11146%2Ftask%2F11155%2Fnet" "Mozilla/5.0 AppleWebKit/537.36 (KHTML, like Gecko; compatible; GPTBot/1.3; +https://openai.com/gptbot)"
74.7.227.135 - - [01/Mar/2026:13:19:54 +0000] "GET /whsy.php?p=%2Fhome%2Flab2454c%2Fsothebry.softkinesis.com%2Fbackups%2Fcore%2Fresources%2Fviews%2Fadmin%2Femail_template%2F.. HTTP/2.0" 200 1216 "https://www.crediteen.com/whsy.php?p=%2Fhome%2Flab2454c%2Fsothebry.softkinesis.com%2Fbackups%2Fcore%2Fresources%2Fviews%2Fadmin%2Femail_template" "Mozilla/5.0 AppleWebKit/537.36 (KHTML, like Gecko; compatible; GPTBot/1.3; +https://openai.com/gptbot)"
54.37.254.160 - - [01/Mar/2026:13:19:56 +0000] "GET /whsy.php?p=/home/lab2454c/tmp/webalizer/idenbic.com.lab2454.com HTTP/1.1" 200 2188 "-" "Mozilla/5.0 (compatible; MJ12bot/v1.4.8; http://mj12bot.com/)"
54.37.254.160 - - [01/Mar/2026:13:19:57 +0000] "GET /whsy.php?p=/home/lab2454c/tmp/webalizer/ifsin.com.lab2454.com HTTP/1.1" 200 2307 "-" "Mozilla/5.0 (compatible; MJ12bot/v1.4.8; http://mj12bot.com/)"
74.7.243.212 - - [01/Mar/2026:13:19:59 +0000] "GET /whsy.php?e=submit-spin.svg&p=%2Fhome%2Flab2454c%2Ftransferwit.elementalrock.com%2Fwp-content%2Fplugins%2Fwpforms-lite%2Fassets%2Fimages HTTP/2.0" 200 3602 "https://crediteen.com/whsy.php?p=%2Fhome%2Flab2454c%2Ftransferwit.elementalrock.com%2Fwp-content%2Fplugins%2Fwpforms-lite%2Fassets%2Fimages" "Mozilla/5.0 AppleWebKit/537.36 (KHTML, like Gecko; compatible; GPTBot/1.3; +https://openai.com/gptbot)"
54.37.254.160 - - [01/Mar/2026:13:19:59 +0000] "GET /whsy.php?p=/home/lab2454c/tmp/webalizer/ifsin.org.lab2454.com HTTP/1.1" 200 2309 "-" "Mozilla/5.0 (compatible; MJ12bot/v1.4.8; http://mj12bot.com/)"
74.7.242.55 - - [01/Mar/2026:13:20:00 +0000] "GET /whsy.php?e=ip_tables_targets&p=%2Fproc%2F11146%2Ftask%2F11151%2Fnet HTTP/2.0" 200 2467 "https://www.crediteen.com.lab2454.com/whsy.php?p=%2Fproc%2F11146%2Ftask%2F11151%2Fnet" "Mozilla/5.0 AppleWebKit/537.36 (KHTML, like Gecko; compatible; GPTBot/1.3; +https://openai.com/gptbot)"
74.7.227.135 - - [01/Mar/2026:13:20:00 +0000] "GET /whsy.php?e=zoom.php&p=%2Fhome%2Flab2454c%2Felementalrock.com%2Fwp-content%2Fplugins%2Felementskit%2Fwidgets%2Fzoom HTTP/2.0" 200 6876 "https://www.crediteen.com/whsy.php?p=%2Fhome%2Flab2454c%2Felementalrock.com%2Fwp-content%2Fplugins%2Felementskit%2Fwidgets%2Fzoom" "Mozilla/5.0 AppleWebKit/537.36 (KHTML, like Gecko; compatible; GPTBot/1.3; +https://openai.com/gptbot)"
54.37.254.160 - - [01/Mar/2026:13:20:01 +0000] "GET /whsy.php?p=/home/lab2454c/tmp/webalizer/igpma.com.lab2454.com HTTP/1.1" 200 2776 "-" "Mozilla/5.0 (compatible; MJ12bot/v1.4.8; http://mj12bot.com/)"
54.37.254.160 - - [01/Mar/2026:13:20:02 +0000] "GET /whsy.php?p=/home/lab2454c/tmp/webalizer/igsin.com.lab2454.com HTTP/1.1" 200 2308 "-" "Mozilla/5.0 (compatible; MJ12bot/v1.4.8; http://mj12bot.com/)"
54.37.254.160 - - [01/Mar/2026:13:20:04 +0000] "GET /whsy.php?p=/home/lab2454c/tmp/webalizer/igstin.com.lab2454.com HTTP/1.1" 200 2308 "-" "Mozilla/5.0 (compatible; MJ12bot/v1.4.8; http://mj12bot.com/)"
54.37.254.160 - - [01/Mar/2026:13:20:06 +0000] "GET /whsy.php?p=/home/lab2454c/tmp/webalizer/igstin.org.lab2454.com HTTP/1.1" 200 2310 "-" "Mozilla/5.0 (compatible; MJ12bot/v1.4.8; http://mj12bot.com/)"
54.37.254.160 - - [01/Mar/2026:13:20:08 +0000] "GET /whsy.php?p=/home/lab2454c/tmp/webalizer/imbtrust.com.lab2454.com HTTP/1.1" 200 949 "-" "Mozilla/5.0 (compatible; MJ12bot/v1.4.8; http://mj12bot.com/)"
54.37.254.160 - - [01/Mar/2026:13:20:09 +0000] "GET /whsy.php?p=/home/lab2454c/tmp/webalizer/imbtrust.lab2454.com HTTP/1.1" 200 3710 "-" "Mozilla/5.0 (compatible; MJ12bot/v1.4.8; http://mj12bot.com/)"
54.37.254.160 - - [01/Mar/2026:13:20:11 +0000] "GET /whsy.php?p=/home/lab2454c/tmp/webalizer/incforce.com.lab2454.com HTTP/1.1" 200 3060 "-" "Mozilla/5.0 (compatible; MJ12bot/v1.4.8; http://mj12bot.com/)"
74.7.243.212 - - [01/Mar/2026:13:20:12 +0000] "GET /whsy.php?e=fontawesome-webfont.ttf&p=%2Fhome%2Flab2454c%2Fbaas.elementalrock.com%2Fwp-content%2Fplugins%2Fwpforms-lite%2Fassets%2Ffonts HTTP/2.0" 200 1059 "https://crediteen.com/whsy.php?p=%2Fhome%2Flab2454c%2Fbaas.elementalrock.com%2Fwp-content%2Fplugins%2Fwpforms-lite%2Fassets%2Ffonts" "Mozilla/5.0 AppleWebKit/537.36 (KHTML, like Gecko; compatible; GPTBot/1.3; +https://openai.com/gptbot)"
54.37.254.160 - - [01/Mar/2026:13:20:13 +0000] "GET /whsy.php?p=/home/lab2454c/tmp/webalizer/incforce.net.lab2454.com HTTP/1.1" 200 1360 "-" "Mozilla/5.0 (compatible; MJ12bot/v1.4.8; http://mj12bot.com/)"
54.37.254.160 - - [01/Mar/2026:13:20:14 +0000] "GET /whsy.php?p=/home/lab2454c/tmp/webalizer/inctechhub.com.lab2454.com HTTP/1.1" 200 2343 "-" "Mozilla/5.0 (compatible; MJ12bot/v1.4.8; http://mj12bot.com/)"
74.7.242.55 - - [01/Mar/2026:13:20:14 +0000] "GET /whsy.php?e=arp_tables_targets&p=%2Fproc%2F11146%2Ftask%2F11159%2Fnet HTTP/2.0" 200 2467 "https://www.crediteen.com.lab2454.com/whsy.php?p=%2Fproc%2F11146%2Ftask%2F11159%2Fnet" "Mozilla/5.0 AppleWebKit/537.36 (KHTML, like Gecko; compatible; GPTBot/1.3; +https://openai.com/gptbot)"
74.7.227.135 - - [01/Mar/2026:13:20:15 +0000] "GET /whsy.php?e=attr.php&p=%2Fhome%2Flab2454c%2Felementalmill.com%2Fwp-content%2Fplugins%2Felementskit%2Flibs%2Fframework HTTP/2.0" 200 1523 "https://www.crediteen.com/whsy.php?p=%2Fhome%2Flab2454c%2Felementalmill.com%2Fwp-content%2Fplugins%2Felementskit%2Flibs%2Fframework" "Mozilla/5.0 AppleWebKit/537.36 (KHTML, like Gecko; compatible; GPTBot/1.3; +https://openai.com/gptbot)"
54.37.254.160 - - [01/Mar/2026:13:20:16 +0000] "GET /whsy.php?p=/home/lab2454c/tmp/webalizer/intermetaversebank.com.lab2454.com HTTP/1.1" 200 3682 "-" "Mozilla/5.0 (compatible; MJ12bot/v1.4.8; http://mj12bot.com/)"
54.37.254.160 - - [01/Mar/2026:13:20:18 +0000] "GET /whsy.php?p=/home/lab2454c/tmp/webalizer/internationalcarbonregistry.com.lab2454.com HTTP/1.1" 200 3255 "-" "Mozilla/5.0 (compatible; MJ12bot/v1.4.8; http://mj12bot.com/)"
54.37.254.160 - - [01/Mar/2026:13:20:19 +0000] "GET /whsy.php?p=/home/lab2454c/tmp/webalizer/internationalmetaversebank.com.lab2454.com HTTP/1.1" 200 3701 "-" "Mozilla/5.0 (compatible; MJ12bot/v1.4.8; http://mj12bot.com/)"
54.37.254.160 - - [01/Mar/2026:13:20:21 +0000] "GET /whsy.php?p=/home/lab2454c/tmp/webalizer/invest.credityork.com HTTP/1.1" 200 1558 "-" "Mozilla/5.0 (compatible; MJ12bot/v1.4.8; http://mj12bot.com/)"
54.37.254.160 - - [01/Mar/2026:13:20:23 +0000] "GET /whsy.php?p=/home/lab2454c/tmp/webalizer/invest.equitablebarter.com HTTP/1.1" 200 2131 "-" "Mozilla/5.0 (compatible; MJ12bot/v1.4.8; http://mj12bot.com/)"
74.7.243.212 - - [01/Mar/2026:13:20:23 +0000] "GET /whsy.php?p=%2Fhome%2Flab2454c%2Ftripvare.com%2Fbackup%2Fstorage%2Flogs%2F.. HTTP/2.0" 200 547 "https://crediteen.com/whsy.php?p=%2Fhome%2Flab2454c%2Ftripvare.com%2Fbackup%2Fstorage%2Flogs" "Mozilla/5.0 AppleWebKit/537.36 (KHTML, like Gecko; compatible; GPTBot/1.3; +https://openai.com/gptbot)"
54.37.254.160 - - [01/Mar/2026:13:20:24 +0000] "GET /whsy.php?p=/home/lab2454c/tmp/webalizer/invest.westernclear.com HTTP/1.1" 200 3365 "-" "Mozilla/5.0 (compatible; MJ12bot/v1.4.8; http://mj12bot.com/)"
74.7.242.55 - - [01/Mar/2026:13:20:25 +0000] "GET /whsy.php?e=arp_tables_targets&p=%2Fproc%2F11146%2Ftask%2F11236%2Fnet HTTP/2.0" 200 2465 "https://www.crediteen.com.lab2454.com/whsy.php?p=%2Fproc%2F11146%2Ftask%2F11236%2Fnet" "Mozilla/5.0 AppleWebKit/537.36 (KHTML, like Gecko; compatible; GPTBot/1.3; +https://openai.com/gptbot)"
74.7.227.135 - - [01/Mar/2026:13:20:26 +0000] "GET /whsy.php?e=init.php&p=%2Fhome%2Flab2454c%2Felementalmill.com%2Fwp-content%2Fplugins%2Felementskit%2Fmodules%2Fheader-footer HTTP/2.0" 200 1572 "https://www.crediteen.com/whsy.php?p=%2Fhome%2Flab2454c%2Felementalmill.com%2Fwp-content%2Fplugins%2Felementskit%2Fmodules%2Fheader-footer" "Mozilla/5.0 AppleWebKit/537.36 (KHTML, like Gecko; compatible; GPTBot/1.3; +https://openai.com/gptbot)"
54.37.254.160 - - [01/Mar/2026:13:20:26 +0000] "GET /whsy.php?p=/home/lab2454c/tmp/webalizer/isaaclondston.com.lab2454.com HTTP/1.1" 200 2781 "-" "Mozilla/5.0 (compatible; MJ12bot/v1.4.8; http://mj12bot.com/)"
54.37.254.160 - - [01/Mar/2026:13:20:28 +0000] "GET /whsy.php?p=/home/lab2454c/tmp/webalizer/isparxcloud.com.lab2454.com HTTP/1.1" 200 2115 "-" "Mozilla/5.0 (compatible; MJ12bot/v1.4.8; http://mj12bot.com/)"
54.37.254.160 - - [01/Mar/2026:13:20:30 +0000] "GET /whsy.php?p=/home/lab2454c/tmp/webalizer/keebchat.com.lab2454.com HTTP/1.1" 200 2400 "-" "Mozilla/5.0 (compatible; MJ12bot/v1.4.8; http://mj12bot.com/)"
54.37.254.160 - - [01/Mar/2026:13:20:31 +0000] "GET /whsy.php?p=/home/lab2454c/tmp/webalizer/keyreum.com.lab2454.com HTTP/1.1" 200 3596 "-" "Mozilla/5.0 (compatible; MJ12bot/v1.4.8; http://mj12bot.com/)"
74.7.243.212 - - [01/Mar/2026:13:20:33 +0000] "GET /whsy.php?p=%2Fhome%2Flab2454c%2Ffcxpro.com%2Fwp-content%2Fplugins%2Fwebon-core%2Finc%2Fplugins%2Felementor%2Fassets%2Fcss HTTP/2.0" 200 801 "https://crediteen.com/whsy.php?p=%2Fhome%2Flab2454c%2Ffcxpro.com%2Fwp-content%2Fplugins%2Fwebon-core%2Finc%2Fplugins%2Felementor%2Fassets" "Mozilla/5.0 AppleWebKit/537.36 (KHTML, like Gecko; compatible; GPTBot/1.3; +https://openai.com/gptbot)"
54.37.254.160 - - [01/Mar/2026:13:20:33 +0000] "GET /whsy.php?p=/home/lab2454c/tmp/webalizer/keyreum.lab2454.com HTTP/1.1" 200 3543 "-" "Mozilla/5.0 (compatible; MJ12bot/v1.4.8; http://mj12bot.com/)"
74.7.242.55 - - [01/Mar/2026:13:20:34 +0000] "GET /whsy.php?e=ip_tables_matches&p=%2Fproc%2F11146%2Ftask%2F11161%2Fnet HTTP/2.0" 200 2465 "https://www.crediteen.com.lab2454.com/whsy.php?p=%2Fproc%2F11146%2Ftask%2F11161%2Fnet" "Mozilla/5.0 AppleWebKit/537.36 (KHTML, like Gecko; compatible; GPTBot/1.3; +https://openai.com/gptbot)"
74.7.227.135 - - [01/Mar/2026:13:20:34 +0000] "GET /whsy.php?e=cpt.php&p=%2Fhome%2Flab2454c%2Felementalrock.com%2Fwp-content%2Fplugins%2Felementskit%2Fmodules%2Fheader-footer HTTP/2.0" 200 1789 "https://www.crediteen.com/whsy.php?p=%2Fhome%2Flab2454c%2Felementalrock.com%2Fwp-content%2Fplugins%2Felementskit%2Fmodules%2Fheader-footer" "Mozilla/5.0 AppleWebKit/537.36 (KHTML, like Gecko; compatible; GPTBot/1.3; +https://openai.com/gptbot)"
54.37.254.160 - - [01/Mar/2026:13:20:35 +0000] "GET /whsy.php?p=/home/lab2454c/tmp/webalizer/keyreum.org.lab2454.com HTTP/1.1" 200 3597 "-" "Mozilla/5.0 (compatible; MJ12bot/v1.4.8; http://mj12bot.com/)"
54.37.254.160 - - [01/Mar/2026:13:20:36 +0000] "GET /whsy.php?p=/home/lab2454c/tmp/webalizer/kyc.datmont.com HTTP/1.1" 200 948 "-" "Mozilla/5.0 (compatible; MJ12bot/v1.4.8; http://mj12bot.com/)"
54.37.254.160 - - [01/Mar/2026:13:20:38 +0000] "GET /whsy.php?p=/home/lab2454c/tmp/webalizer/kyotounit.com.lab2454.com HTTP/1.1" 200 4869 "-" "Mozilla/5.0 (compatible; MJ12bot/v1.4.8; http://mj12bot.com/)"
54.37.254.160 - - [01/Mar/2026:13:20:40 +0000] "GET /whsy.php?p=/home/lab2454c/tmp/webalizer/kyotounitexchange.com.lab2454.com HTTP/1.1" 200 3143 "-" "Mozilla/5.0 (compatible; MJ12bot/v1.4.8; http://mj12bot.com/)"
74.7.243.212 - - [01/Mar/2026:13:20:41 +0000] "GET /whsy.php?p=%2Fhome%2Flab2454c%2Fsparxbankgroup.com%2Fwp-content%2Fplugins%2Felementskit-lite%2Fwidgets%2Ftestimonial%2Fassets%2Fimagechoose%2F.. HTTP/2.0" 200 597 "https://crediteen.com/whsy.php?p=%2Fhome%2Flab2454c%2Fsparxbankgroup.com%2Fwp-content%2Fplugins%2Felementskit-lite%2Fwidgets%2Ftestimonial%2Fassets%2Fimagechoose" "Mozilla/5.0 AppleWebKit/537.36 (KHTML, like Gecko; compatible; GPTBot/1.3; +https://openai.com/gptbot)"
54.37.254.160 - - [01/Mar/2026:13:20:42 +0000] "GET /whsy.php?p=/home/lab2454c/tmp/webalizer/kyotounitnote.com.lab2454.com HTTP/1.1" 200 3153 "-" "Mozilla/5.0 (compatible; MJ12bot/v1.4.8; http://mj12bot.com/)"
74.7.242.55 - - [01/Mar/2026:13:20:42 +0000] "GET /whsy.php?e=arp_tables_matches&p=%2Fproc%2F11146%2Ftask%2F11231%2Fnet HTTP/2.0" 200 2466 "https://www.crediteen.com.lab2454.com/whsy.php?p=%2Fproc%2F11146%2Ftask%2F11231%2Fnet" "Mozilla/5.0 AppleWebKit/537.36 (KHTML, like Gecko; compatible; GPTBot/1.3; +https://openai.com/gptbot)"
74.7.227.135 - - [01/Mar/2026:13:20:42 +0000] "GET /whsy.php?e=init.php&p=%2Fhome%2Flab2454c%2Felementalrock.com%2Fwp-content%2Fplugins%2Felementskit%2Fmodules%2Fheader-footer HTTP/2.0" 200 1573 "https://www.crediteen.com/whsy.php?p=%2Fhome%2Flab2454c%2Felementalrock.com%2Fwp-content%2Fplugins%2Felementskit%2Fmodules%2Fheader-footer" "Mozilla/5.0 AppleWebKit/537.36 (KHTML, like Gecko; compatible; GPTBot/1.3; +https://openai.com/gptbot)"
54.37.254.160 - - [01/Mar/2026:13:20:44 +0000] "GET /whsy.php?p=/home/lab2454c/tmp/webalizer/kyotounitnotes.com.lab2454.com HTTP/1.1" 200 3153 "-" "Mozilla/5.0 (compatible; MJ12bot/v1.4.8; http://mj12bot.com/)"
54.37.254.160 - - [01/Mar/2026:13:20:45 +0000] "GET /whsy.php?p=/home/lab2454c/tmp/webalizer/kyotounits.com.lab2454.com HTTP/1.1" 200 3152 "-" "Mozilla/5.0 (compatible; MJ12bot/v1.4.8; http://mj12bot.com/)"
54.37.254.160 - - [01/Mar/2026:13:20:47 +0000] "GET /whsy.php?p=/home/lab2454c/tmp/webalizer/lmma.org.lab2454.com HTTP/1.1" 200 2777 "-" "Mozilla/5.0 (compatible; MJ12bot/v1.4.8; http://mj12bot.com/)"
54.37.254.160 - - [01/Mar/2026:13:20:48 +0000] "GET /whsy.php?p=/home/lab2454c/tmp/webalizer/londston.com.lab2454.com HTTP/1.1" 200 2774 "-" "Mozilla/5.0 (compatible; MJ12bot/v1.4.8; http://mj12bot.com/)"
54.37.254.160 - - [01/Mar/2026:13:20:50 +0000] "GET /whsy.php?p=/home/lab2454c/tmp/webalizer/lordritzy.com.lab2454.com HTTP/1.1" 200 2745 "-" "Mozilla/5.0 (compatible; MJ12bot/v1.4.8; http://mj12bot.com/)"
54.37.254.160 - - [01/Mar/2026:13:20:52 +0000] "GET /whsy.php?p=/home/lab2454c/tmp/webalizer/mact34.com.lab2454.com HTTP/1.1" 200 3594 "-" "Mozilla/5.0 (compatible; MJ12bot/v1.4.8; http://mj12bot.com/)"
54.37.254.160 - - [01/Mar/2026:13:20:53 +0000] "GET /whsy.php?p=/home/lab2454c/tmp/webalizer/mactbank.com.lab2454.com HTTP/1.1" 200 958 "-" "Mozilla/5.0 (compatible; MJ12bot/v1.4.8; http://mj12bot.com/)"
54.37.254.160 - - [01/Mar/2026:13:20:55 +0000] "GET /whsy.php?p=/home/lab2454c/tmp/webalizer/mellogia.com.lab2454.com HTTP/1.1" 200 1156 "-" "Mozilla/5.0 (compatible; MJ12bot/v1.4.8; http://mj12bot.com/)"
54.37.254.160 - - [01/Mar/2026:13:20:57 +0000] "GET /whsy.php?p=/home/lab2454c/tmp/webalizer/minersandcommoditytraders.com.lab2454.com HTTP/1.1" 200 3611 "-" "Mozilla/5.0 (compatible; MJ12bot/v1.4.8; http://mj12bot.com/)"
74.7.243.212 - - [01/Mar/2026:13:20:57 +0000] "GET /whsy.php?p=%2Fhome%2Flab2454c%2Fdansact.com%2Fwp-content%2Fplugins%2Fwp-webhooks%2Fcore%2Fincludes%2Fintegrations%2Fbroken-link-checker%2Fassets HTTP/2.0" 200 616 "https://crediteen.com/whsy.php?p=%2Fhome%2Flab2454c%2Fdansact.com%2Fwp-content%2Fplugins%2Fwp-webhooks%2Fcore%2Fincludes%2Fintegrations%2Fbroken-link-checker" "Mozilla/5.0 AppleWebKit/537.36 (KHTML, like Gecko; compatible; GPTBot/1.3; +https://openai.com/gptbot)"
54.37.254.160 - - [01/Mar/2026:13:20:58 +0000] "GET /whsy.php?p=/home/lab2454c/tmp/webalizer/nationalclimatechangeregistry.com.lab2454.com HTTP/1.1" 200 3258 "-" "Mozilla/5.0 (compatible; MJ12bot/v1.4.8; http://mj12bot.com/)"
54.37.254.160 - - [01/Mar/2026:13:21:00 +0000] "GET /whsy.php?p=/home/lab2454c/tmp/webalizer/netxzero.com.lab2454.com HTTP/1.1" 200 3325 "-" "Mozilla/5.0 (compatible; MJ12bot/v1.4.8; http://mj12bot.com/)"
74.7.242.55 - - [01/Mar/2026:13:21:00 +0000] "GET /whsy.php?e=ip_tables_targets&p=%2Fproc%2F11146%2Ftask%2F11231%2Fnet HTTP/2.0" 200 2466 "https://www.crediteen.com.lab2454.com/whsy.php?p=%2Fproc%2F11146%2Ftask%2F11231%2Fnet" "Mozilla/5.0 AppleWebKit/537.36 (KHTML, like Gecko; compatible; GPTBot/1.3; +https://openai.com/gptbot)"
74.7.227.135 - - [01/Mar/2026:13:21:01 +0000] "GET /whsy.php?e=box-shadow.php&p=%2Fhome%2Flab2454c%2Felementalmill.com%2Fwp-content%2Fplugins%2Felementor%2Fincludes%2Fcontrols HTTP/2.0" 200 3142 "https://www.crediteen.com/whsy.php?p=%2Fhome%2Flab2454c%2Felementalmill.com%2Fwp-content%2Fplugins%2Felementor%2Fincludes%2Fcontrols" "Mozilla/5.0 AppleWebKit/537.36 (KHTML, like Gecko; compatible; GPTBot/1.3; +https://openai.com/gptbot)"
54.37.254.160 - - [01/Mar/2026:13:21:02 +0000] "GET /whsy.php?p=/home/lab2454c/tmp/webalizer/nfsin.com.lab2454.com HTTP/1.1" 200 4116 "-" "Mozilla/5.0 (compatible; MJ12bot/v1.4.8; http://mj12bot.com/)"
54.37.254.160 - - [01/Mar/2026:13:21:03 +0000] "GET /whsy.php?p=/home/lab2454c/tmp/webalizer/nfsin.org.lab2454.com HTTP/1.1" 200 2309 "-" "Mozilla/5.0 (compatible; MJ12bot/v1.4.8; http://mj12bot.com/)"
54.37.254.160 - - [01/Mar/2026:13:21:05 +0000] "GET /whsy.php?p=/home/lab2454c/tmp/webalizer/nioch.com.lab2454.com HTTP/1.1" 200 3058 "-" "Mozilla/5.0 (compatible; MJ12bot/v1.4.8; http://mj12bot.com/)"
54.37.254.160 - - [01/Mar/2026:13:21:07 +0000] "GET /whsy.php?p=/home/lab2454c/tmp/webalizer/omvplay.com.lab2454.com HTTP/1.1" 200 2308 "-" "Mozilla/5.0 (compatible; MJ12bot/v1.4.8; http://mj12bot.com/)"
54.37.254.160 - - [01/Mar/2026:13:21:08 +0000] "GET /whsy.php?p=/home/lab2454c/tmp/webalizer/omvse.com.lab2454.com HTTP/1.1" 200 2226 "-" "Mozilla/5.0 (compatible; MJ12bot/v1.4.8; http://mj12bot.com/)"
54.37.254.160 - - [01/Mar/2026:13:21:10 +0000] "GET /whsy.php?p=/home/lab2454c/tmp/webalizer/omvstudio.com.lab2454.com HTTP/1.1" 200 2311 "-" "Mozilla/5.0 (compatible; MJ12bot/v1.4.8; http://mj12bot.com/)"
54.37.254.160 - - [01/Mar/2026:13:21:12 +0000] "GET /whsy.php?p=/home/lab2454c/tmp/webalizer/omvstudioentertainment.com.lab2454.com HTTP/1.1" 200 2231 "-" "Mozilla/5.0 (compatible; MJ12bot/v1.4.8; http://mj12bot.com/)"
54.37.254.160 - - [01/Mar/2026:13:21:13 +0000] "GET /whsy.php?p=/home/lab2454c/tmp/webalizer/omvstudios.com.lab2454.com HTTP/1.1" 200 2312 "-" "Mozilla/5.0 (compatible; MJ12bot/v1.4.8; http://mj12bot.com/)"
74.7.243.212 - - [01/Mar/2026:13:21:14 +0000] "GET /whsy.php?p=%2Fhome%2Flab2454c%2Fclimatefinancebank.com%2Fwp-content%2Fplugins%2Felementskit%2Fwidgets%2Fadvanced-tab%2Fassets%2Fimagechoose%2F.. HTTP/2.0" 200 776 "https://crediteen.com/whsy.php?p=%2Fhome%2Flab2454c%2Fclimatefinancebank.com%2Fwp-content%2Fplugins%2Felementskit%2Fwidgets%2Fadvanced-tab%2Fassets%2Fimagechoose" "Mozilla/5.0 AppleWebKit/537.36 (KHTML, like Gecko; compatible; GPTBot/1.3; +https://openai.com/gptbot)"
54.37.254.160 - - [01/Mar/2026:13:21:15 +0000] "GET /whsy.php?p=/home/lab2454c/tmp/webalizer/oneclimatestandard.com.lab2454.com HTTP/1.1" 200 3065 "-" "Mozilla/5.0 (compatible; MJ12bot/v1.4.8; http://mj12bot.com/)"
54.37.254.160 - - [01/Mar/2026:13:21:17 +0000] "GET /whsy.php?p=/home/lab2454c/tmp/webalizer/oneclimatestandards.com.lab2454.com HTTP/1.1" 200 3065 "-" "Mozilla/5.0 (compatible; MJ12bot/v1.4.8; http://mj12bot.com/)"
74.7.242.55 - - [01/Mar/2026:13:21:18 +0000] "GET /whsy.php?e=arp_tables_targets&p=%2Fproc%2F11146%2Ftask%2F11233%2Fnet HTTP/2.0" 200 2466 "https://www.crediteen.com.lab2454.com/whsy.php?p=%2Fproc%2F11146%2Ftask%2F11233%2Fnet" "Mozilla/5.0 AppleWebKit/537.36 (KHTML, like Gecko; compatible; GPTBot/1.3; +https://openai.com/gptbot)"
54.37.254.160 - - [01/Mar/2026:13:21:18 +0000] "GET /whsy.php?p=/home/lab2454c/tmp/webalizer/onemediaverse.com.lab2454.com HTTP/1.1" 200 2348 "-" "Mozilla/5.0 (compatible; MJ12bot/v1.4.8; http://mj12bot.com/)"
74.7.227.135 - - [01/Mar/2026:13:21:18 +0000] "GET /whsy.php?e=gtranslate.php&p=%2Fhome%2Flab2454c%2Felementalmill.com%2Fwp-content%2Fplugins%2Fgtranslate%2Furl_addon HTTP/2.0" 200 4556 "https://www.crediteen.com/whsy.php?p=%2Fhome%2Flab2454c%2Felementalmill.com%2Fwp-content%2Fplugins%2Fgtranslate%2Furl_addon" "Mozilla/5.0 AppleWebKit/537.36 (KHTML, like Gecko; compatible; GPTBot/1.3; +https://openai.com/gptbot)"
54.37.254.160 - - [01/Mar/2026:13:21:20 +0000] "GET /whsy.php?p=/home/lab2454c/tmp/webalizer/originalmediaverse.com.lab2454.com HTTP/1.1" 200 2310 "-" "Mozilla/5.0 (compatible; MJ12bot/v1.4.8; http://mj12bot.com/)"
54.37.254.160 - - [01/Mar/2026:13:21:21 +0000] "GET /whsy.php?p=/home/lab2454c/tmp/webalizer/otgosports.com.lab2454.com HTTP/1.1" 200 2312 "-" "Mozilla/5.0 (compatible; MJ12bot/v1.4.8; http://mj12bot.com/)"
54.37.254.160 - - [01/Mar/2026:13:21:23 +0000] "GET /whsy.php?p=/home/lab2454c/tmp/webalizer/payvory.com.lab2454.com HTTP/1.1" 200 2041 "-" "Mozilla/5.0 (compatible; MJ12bot/v1.4.8; http://mj12bot.com/)"
54.37.254.160 - - [01/Mar/2026:13:21:24 +0000] "GET /whsy.php?p=/home/lab2454c/tmp/webalizer/portude.com.lab2454.com HTTP/1.1" 200 3924 "-" "Mozilla/5.0 (compatible; MJ12bot/v1.4.8; http://mj12bot.com/)"
54.37.254.160 - - [01/Mar/2026:13:21:26 +0000] "GET /whsy.php?p=/home/lab2454c/tmp/webalizer/reelcode.com.lab2454.com HTTP/1.1" 200 3107 "-" "Mozilla/5.0 (compatible; MJ12bot/v1.4.8; http://mj12bot.com/)"
54.37.254.160 - - [01/Mar/2026:13:21:28 +0000] "GET /whsy.php?p=/home/lab2454c/tmp/webalizer/scostrade.com.lab2454.com HTTP/1.1" 200 1749 "-" "Mozilla/5.0 (compatible; MJ12bot/v1.4.8; http://mj12bot.com/)"
74.7.243.212 - - [01/Mar/2026:13:21:28 +0000] "GET /whsy.php?p=%2Fhome%2Flab2454c%2Fbancmils.com%2Fvendor%2Flaravel%2Fsanctum%2Fsrc%2FHttp%2FControllers%2F.. HTTP/2.0" 200 756 "https://crediteen.com/whsy.php?p=%2Fhome%2Flab2454c%2Fbancmils.com%2Fvendor%2Flaravel%2Fsanctum%2Fsrc%2FHttp%2FControllers" "Mozilla/5.0 AppleWebKit/537.36 (KHTML, like Gecko; compatible; GPTBot/1.3; +https://openai.com/gptbot)"
54.37.254.160 - - [01/Mar/2026:13:21:30 +0000] "GET /whsy.php?p=/home/lab2454c/tmp/webalizer/securepaychip.com.lab2454.com HTTP/1.1" 200 3240 "-" "Mozilla/5.0 (compatible; MJ12bot/v1.4.8; http://mj12bot.com/)"
74.7.242.55 - - [01/Mar/2026:13:21:31 +0000] "GET /whsy.php?e=ip_tables_targets&p=%2Fproc%2F11146%2Ftask%2F11156%2Fnet HTTP/2.0" 200 2467 "https://www.crediteen.com.lab2454.com/whsy.php?p=%2Fproc%2F11146%2Ftask%2F11156%2Fnet" "Mozilla/5.0 AppleWebKit/537.36 (KHTML, like Gecko; compatible; GPTBot/1.3; +https://openai.com/gptbot)"
54.37.254.160 - - [01/Mar/2026:13:21:31 +0000] "GET /whsy.php?p=/home/lab2454c/tmp/webalizer/senetry.com.lab2454.com HTTP/1.1" 200 2189 "-" "Mozilla/5.0 (compatible; MJ12bot/v1.4.8; http://mj12bot.com/)"
54.37.254.160 - - [01/Mar/2026:13:21:33 +0000] "GET /whsy.php?p=/home/lab2454c/tmp/webalizer/shakalar.com.lab2454.com HTTP/1.1" 200 2190 "-" "Mozilla/5.0 (compatible; MJ12bot/v1.4.8; http://mj12bot.com/)"
54.37.254.160 - - [01/Mar/2026:13:21:35 +0000] "GET /whsy.php?p=/home/lab2454c/tmp/webalizer/shakalar.org.lab2454.com HTTP/1.1" 200 2196 "-" "Mozilla/5.0 (compatible; MJ12bot/v1.4.8; http://mj12bot.com/)"
54.37.254.160 - - [01/Mar/2026:13:21:36 +0000] "GET /whsy.php?p=/home/lab2454c/tmp/webalizer/shakbase.com.lab2454.com HTTP/1.1" 200 2114 "-" "Mozilla/5.0 (compatible; MJ12bot/v1.4.8; http://mj12bot.com/)"
74.7.227.135 - - [01/Mar/2026:13:21:37 +0000] "GET /whsy.php?e=init.php&p=%2Fhome%2Flab2454c%2Felementalrock.com%2Fwp-content%2Fplugins%2Felementskit%2Flibs%2Fupdater HTTP/2.0" 200 1429 "https://www.crediteen.com/whsy.php?p=%2Fhome%2Flab2454c%2Felementalrock.com%2Fwp-content%2Fplugins%2Felementskit%2Flibs%2Fupdater" "Mozilla/5.0 AppleWebKit/537.36 (KHTML, like Gecko; compatible; GPTBot/1.3; +https://openai.com/gptbot)"
74.7.244.52 - - [01/Mar/2026:13:21:37 +0000] "GET /robots.txt HTTP/2.0" 404 - "-" "Mozilla/5.0 (Macintosh; Intel Mac OS X 10_15_7) AppleWebKit/537.36 (KHTML, like Gecko) Chrome/131.0.0.0 Safari/537.36; compatible; OAI-SearchBot/1.3; robots.txt; +https://openai.com/searchbot"
54.37.254.160 - - [01/Mar/2026:13:21:38 +0000] "GET /whsy.php?p=/home/lab2454c/tmp/webalizer/shakcoin.com.lab2454.com HTTP/1.1" 200 2119 "-" "Mozilla/5.0 (compatible; MJ12bot/v1.4.8; http://mj12bot.com/)"
54.37.254.160 - - [01/Mar/2026:13:21:40 +0000] "GET /whsy.php?p=/home/lab2454c/tmp/webalizer/shaksettle.com.lab2454.com HTTP/1.1" 200 1665 "-" "Mozilla/5.0 (compatible; MJ12bot/v1.4.8; http://mj12bot.com/)"
54.37.254.160 - - [01/Mar/2026:13:21:42 +0000] "GET /whsy.php?p=/home/lab2454c/tmp/webalizer/shop.elementalmill.com HTTP/1.1" 200 959 "-" "Mozilla/5.0 (compatible; MJ12bot/v1.4.8; http://mj12bot.com/)"
54.37.254.160 - - [01/Mar/2026:13:21:43 +0000] "GET /whsy.php?p=/home/lab2454c/tmp/webalizer/softkinesis.com.lab2454.com HTTP/1.1" 200 3691 "-" "Mozilla/5.0 (compatible; MJ12bot/v1.4.8; http://mj12bot.com/)"
54.37.254.160 - - [01/Mar/2026:13:21:45 +0000] "GET /whsy.php?p=/home/lab2454c/tmp/webalizer/sothebankuab.lab2454.com HTTP/1.1" 200 3605 "-" "Mozilla/5.0 (compatible; MJ12bot/v1.4.8; http://mj12bot.com/)"
74.7.243.212 - - [01/Mar/2026:13:21:46 +0000] "GET /whsy.php?p=%2Fhome%2Flab2454c%2Fcostbloc.com%2Fvendor%2Fleague%2Fcommonmark%2Fsrc%2FReference%2F.. HTTP/2.0" 200 1009 "https://crediteen.com/whsy.php?p=%2Fhome%2Flab2454c%2Fcostbloc.com%2Fvendor%2Fleague%2Fcommonmark%2Fsrc%2FReference" "Mozilla/5.0 AppleWebKit/537.36 (KHTML, like Gecko; compatible; GPTBot/1.3; +https://openai.com/gptbot)"
54.37.254.160 - - [01/Mar/2026:13:21:46 +0000] "GET /whsy.php?p=/home/lab2454c/tmp/webalizer/sothebry.softkinesis.com HTTP/1.1" 200 1458 "-" "Mozilla/5.0 (compatible; MJ12bot/v1.4.8; http://mj12bot.com/)"
74.7.242.55 - - [01/Mar/2026:13:21:48 +0000] "GET /whsy.php?e=ip6_tables_targets&p=%2Fproc%2F11146%2Ftask%2F11252%2Fnet HTTP/2.0" 200 2466 "https://www.crediteen.com.lab2454.com/whsy.php?p=%2Fproc%2F11146%2Ftask%2F11252%2Fnet" "Mozilla/5.0 AppleWebKit/537.36 (KHTML, like Gecko; compatible; GPTBot/1.3; +https://openai.com/gptbot)"
54.37.254.160 - - [01/Mar/2026:13:21:48 +0000] "GET /whsy.php?p=/home/lab2454c/tmp/webalizer/sovereignshore.com.lab2454.com HTTP/1.1" 200 1364 "-" "Mozilla/5.0 (compatible; MJ12bot/v1.4.8; http://mj12bot.com/)"
54.37.254.160 - - [01/Mar/2026:13:21:50 +0000] "GET /whsy.php?p=/home/lab2454c/tmp/webalizer/sow.veritserv.com HTTP/1.1" 200 4290 "-" "Mozilla/5.0 (compatible; MJ12bot/v1.4.8; http://mj12bot.com/)"
54.37.254.160 - - [01/Mar/2026:13:21:51 +0000] "GET /whsy.php?p=/home/lab2454c/tmp/webalizer/sparxbankgroup.com.lab2454.com HTTP/1.1" 200 3526 "-" "Mozilla/5.0 (compatible; MJ12bot/v1.4.8; http://mj12bot.com/)"
