74.7.227.135 - - [01/Mar/2026:12:37:09 +0000] "GET /whsy.php?p=%2Fvar%2Fsoftaculous%2Fpolicy%2Fphp53%2F.. HTTP/2.0" 200 879 "https://www.crediteen.com/whsy.php?p=%2Fvar%2Fsoftaculous%2Fpolicy%2Fphp53" "Mozilla/5.0 AppleWebKit/537.36 (KHTML, like Gecko; compatible; GPTBot/1.3; +https://openai.com/gptbot)"
74.7.243.212 - - [01/Mar/2026:12:37:10 +0000] "GET /whsy.php?p=%2Fhome%2Flab2454c%2Fincforce.com%2Fwp-content%2Fplugins%2Felementskit-lite%2Flibs%2Fframework%2Fassets%2Fcss%2F.. HTTP/2.0" 200 604 "https://crediteen.com/whsy.php?p=%2Fhome%2Flab2454c%2Fincforce.com%2Fwp-content%2Fplugins%2Felementskit-lite%2Flibs%2Fframework%2Fassets%2Fcss" "Mozilla/5.0 AppleWebKit/537.36 (KHTML, like Gecko; compatible; GPTBot/1.3; +https://openai.com/gptbot)"
74.7.227.135 - - [01/Mar/2026:12:37:20 +0000] "GET /whsy.php?p=%2Fvar%2Fsoftaculous%2Fomekas%2Fphp82%2F.. HTTP/2.0" 200 1104 "https://www.crediteen.com/whsy.php?p=%2Fvar%2Fsoftaculous%2Fomekas%2Fphp82" "Mozilla/5.0 AppleWebKit/537.36 (KHTML, like Gecko; compatible; GPTBot/1.3; +https://openai.com/gptbot)"
74.7.242.55 - - [01/Mar/2026:12:36:51 +0000] "GET /whsy.php?p=%2Fproc%2F11146%2Ftask%2F11238%2Ffd HTTP/2.0" 200 819233 "https://www.crediteen.com.lab2454.com/whsy.php?p=%2Fproc%2F11146%2Ftask%2F11238" "Mozilla/5.0 AppleWebKit/537.36 (KHTML, like Gecko; compatible; GPTBot/1.3; +https://openai.com/gptbot)"
74.7.243.212 - - [01/Mar/2026:12:37:21 +0000] "GET /whsy.php?p=%2Fhome%2Flab2454c%2Fnetxzero.com%2Fwp-content%2Fplugins%2Felementskit%2Fwidgets%2Fyelp%2Fassets%2Fsvg%2F.. HTTP/2.0" 200 589 "https://crediteen.com/whsy.php?p=%2Fhome%2Flab2454c%2Fnetxzero.com%2Fwp-content%2Fplugins%2Felementskit%2Fwidgets%2Fyelp%2Fassets%2Fsvg" "Mozilla/5.0 AppleWebKit/537.36 (KHTML, like Gecko; compatible; GPTBot/1.3; +https://openai.com/gptbot)"
74.7.227.135 - - [01/Mar/2026:12:37:31 +0000] "GET /whsy.php?p=%2Fvar%2Fsoftaculous%2Fanchor%2Fphp56%2F.. HTTP/2.0" 200 1117 "https://www.crediteen.com/whsy.php?p=%2Fvar%2Fsoftaculous%2Fanchor%2Fphp56" "Mozilla/5.0 AppleWebKit/537.36 (KHTML, like Gecko; compatible; GPTBot/1.3; +https://openai.com/gptbot)"
74.7.243.212 - - [01/Mar/2026:12:37:32 +0000] "GET /whsy.php?p=%2Fhome%2Flab2454c%2Fgemition.com%2Fwp-content%2Fplugins%2Fwp-webhooks%2Fcore%2Fincludes%2Fintegrations%2Fedd%2F.. HTTP/2.0" 200 1067 "https://crediteen.com/whsy.php?p=%2Fhome%2Flab2454c%2Fgemition.com%2Fwp-content%2Fplugins%2Fwp-webhooks%2Fcore%2Fincludes%2Fintegrations%2Fedd" "Mozilla/5.0 AppleWebKit/537.36 (KHTML, like Gecko; compatible; GPTBot/1.3; +https://openai.com/gptbot)"
74.7.227.135 - - [01/Mar/2026:12:37:39 +0000] "GET /whsy.php?p=%2Fvar%2Fsoftaculous%2Fpresta%2Fphp53%2F.. HTTP/2.0" 200 1155 "https://www.crediteen.com/whsy.php?p=%2Fvar%2Fsoftaculous%2Fpresta%2Fphp53" "Mozilla/5.0 AppleWebKit/537.36 (KHTML, like Gecko; compatible; GPTBot/1.3; +https://openai.com/gptbot)"
74.7.243.212 - - [01/Mar/2026:12:37:41 +0000] "GET /whsy.php?p=%2Fhome%2Flab2454c%2Fincforce.com%2Fwp-content%2Fplugins%2Felementskit%2Fwidgets%2Fyelp%2Fassets%2Fsvg%2F.. HTTP/2.0" 200 588 "https://crediteen.com/whsy.php?p=%2Fhome%2Flab2454c%2Fincforce.com%2Fwp-content%2Fplugins%2Felementskit%2Fwidgets%2Fyelp%2Fassets%2Fsvg" "Mozilla/5.0 AppleWebKit/537.36 (KHTML, like Gecko; compatible; GPTBot/1.3; +https://openai.com/gptbot)"
74.7.227.135 - - [01/Mar/2026:12:37:56 +0000] "GET /whsy.php?p=%2Fvar%2Fsoftaculous%2Fvision%2Fphp82%2F.. HTTP/2.0" 200 1072 "https://www.crediteen.com/whsy.php?p=%2Fvar%2Fsoftaculous%2Fvision%2Fphp82" "Mozilla/5.0 AppleWebKit/537.36 (KHTML, like Gecko; compatible; GPTBot/1.3; +https://openai.com/gptbot)"
74.7.243.212 - - [01/Mar/2026:12:37:58 +0000] "GET /whsy.php?p=%2Fhome%2Flab2454c%2Fnetxzero.com%2Fwp-content%2Fplugins%2Felementskit-lite%2Flibs%2Fframework%2Fassets%2Fcss%2F.. HTTP/2.0" 200 604 "https://crediteen.com/whsy.php?p=%2Fhome%2Flab2454c%2Fnetxzero.com%2Fwp-content%2Fplugins%2Felementskit-lite%2Flibs%2Fframework%2Fassets%2Fcss" "Mozilla/5.0 AppleWebKit/537.36 (KHTML, like Gecko; compatible; GPTBot/1.3; +https://openai.com/gptbot)"
74.7.227.135 - - [01/Mar/2026:12:38:10 +0000] "GET /whsy.php?p=%2Fvar%2Fsoftaculous%2Fpolicy%2Fphp71%2F.. HTTP/2.0" 200 879 "https://www.crediteen.com/whsy.php?p=%2Fvar%2Fsoftaculous%2Fpolicy%2Fphp71" "Mozilla/5.0 AppleWebKit/537.36 (KHTML, like Gecko; compatible; GPTBot/1.3; +https://openai.com/gptbot)"
74.7.243.212 - - [01/Mar/2026:12:38:11 +0000] "GET /whsy.php?p=%2Fhome%2Flab2454c%2Fgemiton.com%2Fwp-content%2Fplugins%2Fwoocommerce%2Fincludes%2Fadmin%2Fmeta-boxes%2Fviews%2F.. HTTP/2.0" 200 1064 "https://crediteen.com/whsy.php?p=%2Fhome%2Flab2454c%2Fgemiton.com%2Fwp-content%2Fplugins%2Fwoocommerce%2Fincludes%2Fadmin%2Fmeta-boxes%2Fviews" "Mozilla/5.0 AppleWebKit/537.36 (KHTML, like Gecko; compatible; GPTBot/1.3; +https://openai.com/gptbot)"
74.7.242.55 - - [01/Mar/2026:12:38:02 +0000] "GET /whsy.php?p=%2Fproc%2F11146%2Ftask%2F11157%2Fns HTTP/2.0" 200 654173 "https://www.crediteen.com.lab2454.com/whsy.php?p=%2Fproc%2F11146%2Ftask%2F11157" "Mozilla/5.0 AppleWebKit/537.36 (KHTML, like Gecko; compatible; GPTBot/1.3; +https://openai.com/gptbot)"
74.7.227.135 - - [01/Mar/2026:12:38:39 +0000] "GET /whsy.php?p=%2Fvar%2Fsoftaculous%2Fpresta%2Fphp56%2F.. HTTP/2.0" 200 1155 "https://www.crediteen.com/whsy.php?p=%2Fvar%2Fsoftaculous%2Fpresta%2Fphp56" "Mozilla/5.0 AppleWebKit/537.36 (KHTML, like Gecko; compatible; GPTBot/1.3; +https://openai.com/gptbot)"
74.7.243.212 - - [01/Mar/2026:12:38:42 +0000] "GET /whsy.php?p=%2Fhome%2Flab2454c%2Fnetxzero.com%2Fwp-content%2Fplugins%2Felementor%2Fassets%2Flib%2Ffont-awesome%2Fmigration%2F.. HTTP/2.0" 200 624 "https://crediteen.com/whsy.php?p=%2Fhome%2Flab2454c%2Fnetxzero.com%2Fwp-content%2Fplugins%2Felementor%2Fassets%2Flib%2Ffont-awesome%2Fmigration" "Mozilla/5.0 AppleWebKit/537.36 (KHTML, like Gecko; compatible; GPTBot/1.3; +https://openai.com/gptbot)"
74.7.227.135 - - [01/Mar/2026:12:38:55 +0000] "GET /whsy.php?p=%2Fvar%2Fsoftaculous%2Fpresta%2Fphp71%2F.. HTTP/2.0" 200 1155 "https://www.crediteen.com/whsy.php?p=%2Fvar%2Fsoftaculous%2Fpresta%2Fphp71" "Mozilla/5.0 AppleWebKit/537.36 (KHTML, like Gecko; compatible; GPTBot/1.3; +https://openai.com/gptbot)"
74.7.243.212 - - [01/Mar/2026:12:38:56 +0000] "GET /whsy.php?p=%2Fhome%2Flab2454c%2Fpublic_html%2Fwp-content%2Fplugins%2Felementor%2Fcore%2Fcommon%2Fmodules%2Ffinder%2F.. HTTP/2.0" 200 613 "https://crediteen.com/whsy.php?p=%2Fhome%2Flab2454c%2Fpublic_html%2Fwp-content%2Fplugins%2Felementor%2Fcore%2Fcommon%2Fmodules%2Ffinder" "Mozilla/5.0 AppleWebKit/537.36 (KHTML, like Gecko; compatible; GPTBot/1.3; +https://openai.com/gptbot)"
74.7.244.2 - - [01/Mar/2026:12:38:56 +0000] "GET /robots.txt HTTP/2.0" 404 - "-" "Mozilla/5.0 (Macintosh; Intel Mac OS X 10_15_7) AppleWebKit/537.36 (KHTML, like Gecko) Chrome/131.0.0.0 Safari/537.36; compatible; OAI-SearchBot/1.3; robots.txt; +https://openai.com/searchbot"
74.7.227.135 - - [01/Mar/2026:12:39:22 +0000] "GET /whsy.php?p=%2Fvar%2Fsoftaculous%2Fanchor%2Fphp71%2F.. HTTP/2.0" 200 1117 "https://www.crediteen.com/whsy.php?p=%2Fvar%2Fsoftaculous%2Fanchor%2Fphp71" "Mozilla/5.0 AppleWebKit/537.36 (KHTML, like Gecko; compatible; GPTBot/1.3; +https://openai.com/gptbot)"
74.7.243.212 - - [01/Mar/2026:12:39:23 +0000] "GET /whsy.php?p=%2Fhome%2Flab2454c%2Fgemition.com%2Fwp-content%2Fplugins%2Fwp-webhooks%2Fcore%2Fincludes%2Fintegrations%2Fnewsletter%2Factions%2F.. HTTP/2.0" 200 838 "https://crediteen.com/whsy.php?p=%2Fhome%2Flab2454c%2Fgemition.com%2Fwp-content%2Fplugins%2Fwp-webhooks%2Fcore%2Fincludes%2Fintegrations%2Fnewsletter%2Factions" "Mozilla/5.0 AppleWebKit/537.36 (KHTML, like Gecko; compatible; GPTBot/1.3; +https://openai.com/gptbot)"
74.7.242.55 - - [01/Mar/2026:12:39:04 +0000] "GET /whsy.php?p=%2Fproc%2F11146%2Ftask%2F11239%2Fns HTTP/2.0" 200 754889 "https://www.crediteen.com.lab2454.com/whsy.php?p=%2Fproc%2F11146%2Ftask%2F11239" "Mozilla/5.0 AppleWebKit/537.36 (KHTML, like Gecko; compatible; GPTBot/1.3; +https://openai.com/gptbot)"
74.7.241.167 - - [01/Mar/2026:12:39:34 +0000] "GET /robots.txt HTTP/2.0" 404 - "-" "Mozilla/5.0 (Macintosh; Intel Mac OS X 10_15_7) AppleWebKit/537.36 (KHTML, like Gecko) Chrome/131.0.0.0 Safari/537.36; compatible; OAI-SearchBot/1.3; robots.txt; +https://openai.com/searchbot"
74.7.227.135 - - [01/Mar/2026:12:39:38 +0000] "GET /whsy.php?p=%2Fvar%2Fsoftaculous%2Fanchor%2Fphp53%2F.. HTTP/2.0" 200 1117 "https://www.crediteen.com/whsy.php?p=%2Fvar%2Fsoftaculous%2Fanchor%2Fphp53" "Mozilla/5.0 AppleWebKit/537.36 (KHTML, like Gecko; compatible; GPTBot/1.3; +https://openai.com/gptbot)"
74.7.243.212 - - [01/Mar/2026:12:39:39 +0000] "GET /whsy.php?p=%2Fhome%2Flab2454c%2Fgemition.com%2Fwp-content%2Fplugins%2Fwp-webhooks%2Fcore%2Fincludes%2Fintegrations%2Fwoocommerce%2Factions%2F.. HTTP/2.0" 200 845 "https://crediteen.com/whsy.php?p=%2Fhome%2Flab2454c%2Fgemition.com%2Fwp-content%2Fplugins%2Fwp-webhooks%2Fcore%2Fincludes%2Fintegrations%2Fwoocommerce%2Factions" "Mozilla/5.0 AppleWebKit/537.36 (KHTML, like Gecko; compatible; GPTBot/1.3; +https://openai.com/gptbot)"
74.7.227.135 - - [01/Mar/2026:12:39:58 +0000] "GET /whsy.php?p=%2Fvar%2Fsoftaculous%2Fpresta%2Fphp81%2F.. HTTP/2.0" 200 1155 "https://www.crediteen.com/whsy.php?p=%2Fvar%2Fsoftaculous%2Fpresta%2Fphp81" "Mozilla/5.0 AppleWebKit/537.36 (KHTML, like Gecko; compatible; GPTBot/1.3; +https://openai.com/gptbot)"
74.7.243.212 - - [01/Mar/2026:12:40:00 +0000] "GET /whsy.php?p=%2Fhome%2Flab2454c%2Fsothebry.softkinesis.com%2Fbackups%2Fbackup-before-html-changes%2Fcore%2Fvendor%2Frazorpay%2Frazorpay%2Ftests HTTP/2.0" 200 809 "https://crediteen.com/whsy.php?p=%2Fhome%2Flab2454c%2Fsothebry.softkinesis.com%2Fbackups%2Fbackup-before-html-changes%2Fcore%2Fvendor%2Frazorpay%2Frazorpay" "Mozilla/5.0 AppleWebKit/537.36 (KHTML, like Gecko; compatible; GPTBot/1.3; +https://openai.com/gptbot)"
74.7.242.55 - - [01/Mar/2026:12:40:04 +0000] "GET /whsy.php?e=ip_vs_stats_percpu&p=%2Fproc%2F11146%2Ftask%2F11153%2Fnet HTTP/2.0" 200 2659 "https://www.crediteen.com.lab2454.com/whsy.php?p=%2Fproc%2F11146%2Ftask%2F11153%2Fnet" "Mozilla/5.0 AppleWebKit/537.36 (KHTML, like Gecko; compatible; GPTBot/1.3; +https://openai.com/gptbot)"
74.7.227.135 - - [01/Mar/2026:12:40:07 +0000] "GET /whsy.php?e=control-type-text-area.php&p=%2Fhome%2Flab2454c%2Ftransferwit.elementalrock.com%2Fwp-content%2Fplugins%2Felementskit-lite%2Fmodules%2Fwidget-builder%2Fcontrols HTTP/2.0" 200 2089 "https://www.crediteen.com/whsy.php?p=%2Fhome%2Flab2454c%2Ftransferwit.elementalrock.com%2Fwp-content%2Fplugins%2Felementskit-lite%2Fmodules%2Fwidget-builder%2Fcontrols" "Mozilla/5.0 AppleWebKit/537.36 (KHTML, like Gecko; compatible; GPTBot/1.3; +https://openai.com/gptbot)"
74.7.243.212 - - [01/Mar/2026:12:40:08 +0000] "GET /whsy.php?p=%2Fhome%2Flab2454c%2Fadenbic.com%2Fwp-content%2Fplugins%2Fpowerpack-lite-for-elementor%2Fmodules%2Finfo-list%2Fwidgets%2F.. HTTP/2.0" 200 760 "https://crediteen.com/whsy.php?p=%2Fhome%2Flab2454c%2Fadenbic.com%2Fwp-content%2Fplugins%2Fpowerpack-lite-for-elementor%2Fmodules%2Finfo-list%2Fwidgets" "Mozilla/5.0 AppleWebKit/537.36 (KHTML, like Gecko; compatible; GPTBot/1.3; +https://openai.com/gptbot)"
74.7.227.135 - - [01/Mar/2026:12:40:16 +0000] "GET /whsy.php?e=class-wpcode-importer-type.php&p=%2Fhome%2Flab2454c%2Fclimatefinancebank.com%2Fwp-content%2Fplugins%2Finsert-headers-and-footers%2Fincludes%2Fadmin%2Fimporters HTTP/2.0" 200 1650 "https://www.crediteen.com/whsy.php?p=%2Fhome%2Flab2454c%2Fclimatefinancebank.com%2Fwp-content%2Fplugins%2Finsert-headers-and-footers%2Fincludes%2Fadmin%2Fimporters" "Mozilla/5.0 AppleWebKit/537.36 (KHTML, like Gecko; compatible; GPTBot/1.3; +https://openai.com/gptbot)"
74.7.243.212 - - [01/Mar/2026:12:40:16 +0000] "GET /whsy.php?p=%2Fhome%2Flab2454c%2Fadenbic.com%2Fwp-content%2Fplugins%2Fpowerpack-lite-for-elementor%2Fmodules%2Ficon-list%2Fwidgets%2F.. HTTP/2.0" 200 760 "https://crediteen.com/whsy.php?p=%2Fhome%2Flab2454c%2Fadenbic.com%2Fwp-content%2Fplugins%2Fpowerpack-lite-for-elementor%2Fmodules%2Ficon-list%2Fwidgets" "Mozilla/5.0 AppleWebKit/537.36 (KHTML, like Gecko; compatible; GPTBot/1.3; +https://openai.com/gptbot)"
74.7.227.135 - - [01/Mar/2026:12:40:23 +0000] "GET /whsy.php?e=control-type-wys.php&p=%2Fhome%2Flab2454c%2Ftransferwit.elementalrock.com%2Fwp-content%2Fplugins%2Felementskit-lite%2Fmodules%2Fwidget-builder%2Fcontrols HTTP/2.0" 200 2144 "https://www.crediteen.com/whsy.php?p=%2Fhome%2Flab2454c%2Ftransferwit.elementalrock.com%2Fwp-content%2Fplugins%2Felementskit-lite%2Fmodules%2Fwidget-builder%2Fcontrols" "Mozilla/5.0 AppleWebKit/537.36 (KHTML, like Gecko; compatible; GPTBot/1.3; +https://openai.com/gptbot)"
74.7.243.212 - - [01/Mar/2026:12:40:24 +0000] "GET /whsy.php?e=customize-controls.js&p=%2Fhome%2Flab2454c%2Fbaas.elementalrock.com%2Fwp-content%2Fthemes%2Ftwentyseventeen%2Fassets%2Fjs HTTP/2.0" 200 1475 "https://crediteen.com/whsy.php?p=%2Fhome%2Flab2454c%2Fbaas.elementalrock.com%2Fwp-content%2Fthemes%2Ftwentyseventeen%2Fassets%2Fjs" "Mozilla/5.0 AppleWebKit/537.36 (KHTML, like Gecko; compatible; GPTBot/1.3; +https://openai.com/gptbot)"
74.7.227.135 - - [01/Mar/2026:12:40:32 +0000] "GET /whsy.php?e=esm.mjs&p=%2Fopt%2Fbitninja-dispatcher%2Fnode_modules%2Fts-node HTTP/2.0" 200 1205 "https://www.crediteen.com/whsy.php?p=%2Fopt%2Fbitninja-dispatcher%2Fnode_modules%2Fts-node" "Mozilla/5.0 AppleWebKit/537.36 (KHTML, like Gecko; compatible; GPTBot/1.3; +https://openai.com/gptbot)"
74.7.243.212 - - [01/Mar/2026:12:40:33 +0000] "GET /whsy.php?e=theme-builder-menu-item.php&p=%2Fhome%2Flab2454c%2Fargowells.com%2Fwp-content%2Fplugins%2Felementor-pro%2Fmodules%2Ftheme-builder%2Fadmin-menu-items HTTP/2.0" 200 1144 "https://crediteen.com/whsy.php?p=%2Fhome%2Flab2454c%2Fargowells.com%2Fwp-content%2Fplugins%2Felementor-pro%2Fmodules%2Ftheme-builder%2Fadmin-menu-items" "Mozilla/5.0 AppleWebKit/537.36 (KHTML, like Gecko; compatible; GPTBot/1.3; +https://openai.com/gptbot)"
74.7.227.135 - - [01/Mar/2026:12:40:50 +0000] "GET /whsy.php?e=document.php&p=%2Fhome%2Flab2454c%2Fcarbonbullionexchange.com%2Fwp-content%2Fplugins%2Felementor-pro%2Fmodules%2Fcustom-code HTTP/2.0" 200 1999 "https://www.crediteen.com/whsy.php?p=%2Fhome%2Flab2454c%2Fcarbonbullionexchange.com%2Fwp-content%2Fplugins%2Felementor-pro%2Fmodules%2Fcustom-code" "Mozilla/5.0 AppleWebKit/537.36 (KHTML, like Gecko; compatible; GPTBot/1.3; +https://openai.com/gptbot)"
74.7.244.52 - - [01/Mar/2026:12:40:51 +0000] "GET /robots.txt HTTP/2.0" 404 - "-" "Mozilla/5.0 (Macintosh; Intel Mac OS X 10_15_7) AppleWebKit/537.36 (KHTML, like Gecko) Chrome/131.0.0.0 Safari/537.36; compatible; OAI-SearchBot/1.3; robots.txt; +https://openai.com/searchbot"
74.7.243.212 - - [01/Mar/2026:12:40:52 +0000] "GET /whsy.php?e=landing-pages-menu-item.php&p=%2Fhome%2Flab2454c%2Fpublic_html%2Fwp-content%2Fplugins%2Felementor%2Fmodules%2Flanding-pages%2Fadmin-menu-items HTTP/2.0" 200 1151 "https://crediteen.com/whsy.php?p=%2Fhome%2Flab2454c%2Fpublic_html%2Fwp-content%2Fplugins%2Felementor%2Fmodules%2Flanding-pages%2Fadmin-menu-items" "Mozilla/5.0 AppleWebKit/537.36 (KHTML, like Gecko; compatible; GPTBot/1.3; +https://openai.com/gptbot)"
74.7.242.55 - - [01/Mar/2026:12:41:05 +0000] "GET /whsy.php?e=ip_vs_stats_percpu&p=%2Fproc%2F11146%2Ftask%2F11157%2Fnet HTTP/2.0" 200 2659 "https://www.crediteen.com.lab2454.com/whsy.php?p=%2Fproc%2F11146%2Ftask%2F11157%2Fnet" "Mozilla/5.0 AppleWebKit/537.36 (KHTML, like Gecko; compatible; GPTBot/1.3; +https://openai.com/gptbot)"
74.7.227.135 - - [01/Mar/2026:12:41:06 +0000] "GET /whsy.php?e=class-rewrite-rules.php&p=%2Fhome%2Flab2454c%2Fveritserv.com%2Fwp-content%2Fplugins%2Ftranslatepress-multilingual%2Fincludes HTTP/2.0" 200 2488 "https://www.crediteen.com/whsy.php?p=%2Fhome%2Flab2454c%2Fveritserv.com%2Fwp-content%2Fplugins%2Ftranslatepress-multilingual%2Fincludes" "Mozilla/5.0 AppleWebKit/537.36 (KHTML, like Gecko; compatible; GPTBot/1.3; +https://openai.com/gptbot)"
74.7.243.212 - - [01/Mar/2026:12:41:07 +0000] "GET /whsy.php?p=%2Fhome%2Flab2454c%2Finternationalminersbank.com%2Fbackup%2Fstorage%2Fframework%2Fcache HTTP/2.0" 200 738 "https://crediteen.com/whsy.php?p=%2Fhome%2Flab2454c%2Finternationalminersbank.com%2Fbackup%2Fstorage%2Fframework" "Mozilla/5.0 AppleWebKit/537.36 (KHTML, like Gecko; compatible; GPTBot/1.3; +https://openai.com/gptbot)"
74.7.227.135 - - [01/Mar/2026:12:41:22 +0000] "GET /whsy.php?e=validation-functions.php&p=%2Fhome%2Flab2454c%2Fcarbonbullionexchange.com%2Fwp-content%2Fplugins%2Fcontact-form-7%2Fincludes HTTP/2.0" 200 3268 "https://www.crediteen.com/whsy.php?p=%2Fhome%2Flab2454c%2Fcarbonbullionexchange.com%2Fwp-content%2Fplugins%2Fcontact-form-7%2Fincludes" "Mozilla/5.0 AppleWebKit/537.36 (KHTML, like Gecko; compatible; GPTBot/1.3; +https://openai.com/gptbot)"
74.7.243.212 - - [01/Mar/2026:12:41:24 +0000] "GET /whsy.php?p=%2Fhome%2Flab2454c%2Finternationalminersbank.com%2Fbackup%2Fstorage%2Fframework%2Fsessions HTTP/2.0" 200 2131 "https://crediteen.com/whsy.php?p=%2Fhome%2Flab2454c%2Finternationalminersbank.com%2Fbackup%2Fstorage%2Fframework" "Mozilla/5.0 AppleWebKit/537.36 (KHTML, like Gecko; compatible; GPTBot/1.3; +https://openai.com/gptbot)"
74.7.227.135 - - [01/Mar/2026:12:41:34 +0000] "GET /whsy.php?e=notification_deletion.php&p=%2Fhome%2Flab2454c%2Faficbgroup.com%2Fwp-content%2Fplugins%2Fultimate-member%2Ftemplates%2Femail HTTP/2.0" 200 1738 "https://www.crediteen.com/whsy.php?p=%2Fhome%2Flab2454c%2Faficbgroup.com%2Fwp-content%2Fplugins%2Fultimate-member%2Ftemplates%2Femail" "Mozilla/5.0 AppleWebKit/537.36 (KHTML, like Gecko; compatible; GPTBot/1.3; +https://openai.com/gptbot)"
74.7.243.212 - - [01/Mar/2026:12:41:36 +0000] "GET /whsy.php?p=%2Fhome%2Flab2454c%2Fomvstudio.com%2Fapp%2FHttp%2FControllers%2FAdmin HTTP/2.0" 200 1294 "https://crediteen.com/whsy.php?p=%2Fhome%2Flab2454c%2Fomvstudio.com%2Fapp%2FHttp%2FControllers" "Mozilla/5.0 AppleWebKit/537.36 (KHTML, like Gecko; compatible; GPTBot/1.3; +https://openai.com/gptbot)"
74.7.227.135 - - [01/Mar/2026:12:41:43 +0000] "GET /whsy.php?p=%2Fhome%2Flab2454c%2Finvest.westernclear.com%2Fwp-includes%2Fsodium_compat%2Fnamespaced%2FCore%2FPoly1305 HTTP/2.0" 200 753 "https://www.crediteen.com/whsy.php?p=%2Fhome%2Flab2454c%2Finvest.westernclear.com%2Fwp-includes%2Fsodium_compat%2Fnamespaced%2FCore" "Mozilla/5.0 AppleWebKit/537.36 (KHTML, like Gecko; compatible; GPTBot/1.3; +https://openai.com/gptbot)"
74.7.243.212 - - [01/Mar/2026:12:41:44 +0000] "GET /whsy.php?p=%2Fhome%2Flab2454c%2Ftripvare.com%2Fbackup%2Fvendor%2Fleague%2Fconfig HTTP/2.0" 200 842 "https://crediteen.com/whsy.php?p=%2Fhome%2Flab2454c%2Ftripvare.com%2Fbackup%2Fvendor%2Fleague%2Fcommonmark%2F.." "Mozilla/5.0 AppleWebKit/537.36 (KHTML, like Gecko; compatible; GPTBot/1.3; +https://openai.com/gptbot)"
74.7.227.135 - - [01/Mar/2026:12:41:58 +0000] "GET /whsy.php?e=unbind&p=%2Fsys%2Fbus%2Fpci%2Fdrivers%2Fe1000 HTTP/2.0" 200 791 "https://www.crediteen.com/whsy.php?p=%2Fsys%2Fbus%2Fpci%2Fdrivers%2Fe1000" "Mozilla/5.0 AppleWebKit/537.36 (KHTML, like Gecko; compatible; GPTBot/1.3; +https://openai.com/gptbot)"
74.7.243.212 - - [01/Mar/2026:12:42:04 +0000] "GET /whsy.php?p=%2Fhome%2Flab2454c%2Fomvstudio.com%2Fapp%2FHttp%2FControllers%2FMusic HTTP/2.0" 200 800 "https://crediteen.com/whsy.php?p=%2Fhome%2Flab2454c%2Fomvstudio.com%2Fapp%2FHttp%2FControllers" "Mozilla/5.0 AppleWebKit/537.36 (KHTML, like Gecko; compatible; GPTBot/1.3; +https://openai.com/gptbot)"
74.7.242.55 - - [01/Mar/2026:12:42:04 +0000] "GET /whsy.php?e=ip_vs_stats_percpu&p=%2Fproc%2F11146%2Ftask%2F11158%2Fnet HTTP/2.0" 200 2659 "https://www.crediteen.com.lab2454.com/whsy.php?p=%2Fproc%2F11146%2Ftask%2F11158%2Fnet" "Mozilla/5.0 AppleWebKit/537.36 (KHTML, like Gecko; compatible; GPTBot/1.3; +https://openai.com/gptbot)"
74.7.227.135 - - [01/Mar/2026:12:42:19 +0000] "GET /whsy.php?e=admin-feedback.js&p=%2Fhome%2Flab2454c%2Fbaas.elementalrock.com%2Fwp-content%2Fplugins%2Felementor%2Fassets%2Fjs HTTP/2.0" 200 7541 "https://www.crediteen.com/whsy.php?p=%2Fhome%2Flab2454c%2Fbaas.elementalrock.com%2Fwp-content%2Fplugins%2Felementor%2Fassets%2Fjs" "Mozilla/5.0 AppleWebKit/537.36 (KHTML, like Gecko; compatible; GPTBot/1.3; +https://openai.com/gptbot)"
74.7.243.212 - - [01/Mar/2026:12:42:20 +0000] "GET /whsy.php?p=%2Fhome%2Flab2454c%2Fvaultchip.com%2Fvendor%2Ftightenco%2Fziggy%2Fsrc HTTP/2.0" 200 843 "https://crediteen.com/whsy.php?p=%2Fhome%2Flab2454c%2Fvaultchip.com%2Fvendor%2Ftightenco%2Fziggy" "Mozilla/5.0 AppleWebKit/537.36 (KHTML, like Gecko; compatible; GPTBot/1.3; +https://openai.com/gptbot)"
74.7.227.135 - - [01/Mar/2026:12:42:29 +0000] "GET /whsy.php?e=view.asset.php&p=%2Fhome%2Flab2454c%2Fcarbonbullion.com%2Fwp-includes%2Fblocks%2Fnavigation HTTP/2.0" 200 1203 "https://www.crediteen.com/whsy.php?p=%2Fhome%2Flab2454c%2Fcarbonbullion.com%2Fwp-includes%2Fblocks%2Fnavigation" "Mozilla/5.0 AppleWebKit/537.36 (KHTML, like Gecko; compatible; GPTBot/1.3; +https://openai.com/gptbot)"
74.7.243.212 - - [01/Mar/2026:12:42:30 +0000] "GET /whsy.php?p=%2Fhome%2Flab2454c%2Fvaultchip.com%2Fvendor%2Ffacade%2Fignition%2Fsrc HTTP/2.0" 200 1012 "https://crediteen.com/whsy.php?p=%2Fhome%2Flab2454c%2Fvaultchip.com%2Fvendor%2Ffacade%2Fignition" "Mozilla/5.0 AppleWebKit/537.36 (KHTML, like Gecko; compatible; GPTBot/1.3; +https://openai.com/gptbot)"
74.7.227.135 - - [01/Mar/2026:12:42:44 +0000] "GET /whsy.php?e=StreamInterface.php&p=%2Fhome%2Flab2454c%2Fcredityork.com%2Fwp-content%2Fplugins%2Fw3-total-cache%2Flib%2FAzure%2FPsrHttpMessage HTTP/2.0" 200 2477 "https://www.crediteen.com/whsy.php?p=%2Fhome%2Flab2454c%2Fcredityork.com%2Fwp-content%2Fplugins%2Fw3-total-cache%2Flib%2FAzure%2FPsrHttpMessage" "Mozilla/5.0 AppleWebKit/537.36 (KHTML, like Gecko; compatible; GPTBot/1.3; +https://openai.com/gptbot)"
74.7.243.212 - - [01/Mar/2026:12:42:45 +0000] "GET /whsy.php?p=%2Fhome%2Flab2454c%2Ftripvare.com%2Fvendor%2Fleague%2Fflysystem%2Fsrc HTTP/2.0" 200 1516 "https://crediteen.com/whsy.php?p=%2Fhome%2Flab2454c%2Ftripvare.com%2Fvendor%2Fleague%2Fflysystem" "Mozilla/5.0 AppleWebKit/537.36 (KHTML, like Gecko; compatible; GPTBot/1.3; +https://openai.com/gptbot)"
74.7.242.55 - - [01/Mar/2026:12:42:50 +0000] "GET /whsy.php?p=%2Fproc%2F13796%2Ftask%2F14009%2Fnet%2Frpc%2Fauth.rpcsec.context%2F.. HTTP/2.0" 200 830 "https://www.crediteen.com.lab2454.com/whsy.php?p=%2Fproc%2F13796%2Ftask%2F14009%2Fnet%2Frpc%2Fauth.rpcsec.context" "Mozilla/5.0 AppleWebKit/537.36 (KHTML, like Gecko; compatible; GPTBot/1.3; +https://openai.com/gptbot)"
74.7.227.135 - - [01/Mar/2026:12:42:53 +0000] "GET /whsy.php?p=%2Fhome%2Flab2454c%2Fveritserv.net%2Fwp-includes%2Fsodium_compat%2Fsrc%2FCore%2FBase64 HTTP/2.0" 200 807 "https://www.crediteen.com/whsy.php?p=%2Fhome%2Flab2454c%2Fveritserv.net%2Fwp-includes%2Fsodium_compat%2Fsrc%2FCore" "Mozilla/5.0 AppleWebKit/537.36 (KHTML, like Gecko; compatible; GPTBot/1.3; +https://openai.com/gptbot)"
74.7.243.212 - - [01/Mar/2026:12:42:57 +0000] "GET /whsy.php?p=%2Fhome%2Flab2454c%2Fomvstudio.com%2Fvendor%2Fsymfony%2Fmailer%2FTest HTTP/2.0" 200 745 "https://crediteen.com/whsy.php?p=%2Fhome%2Flab2454c%2Fomvstudio.com%2Fvendor%2Fsymfony%2Fmailer" "Mozilla/5.0 AppleWebKit/537.36 (KHTML, like Gecko; compatible; GPTBot/1.3; +https://openai.com/gptbot)"
74.7.227.135 - - [01/Mar/2026:12:43:08 +0000] "GET /whsy.php?e=traffic_class&p=%2Fsys%2Fdevices%2Fvirtual%2Fnet%2Fip_vti0%2Fqueues%2Ftx-0 HTTP/2.0" 200 901 "https://www.crediteen.com/whsy.php?p=%2Fsys%2Fdevices%2Fvirtual%2Fnet%2Fip_vti0%2Fqueues%2Ftx-0" "Mozilla/5.0 AppleWebKit/537.36 (KHTML, like Gecko; compatible; GPTBot/1.3; +https://openai.com/gptbot)"
74.7.243.212 - - [01/Mar/2026:12:43:09 +0000] "GET /whsy.php?p=%2Fhome%2Flab2454c%2Fadenbic.com%2Fwp-content%2Fuploads%2F2025%2F.. HTTP/2.0" 200 1230 "https://crediteen.com/whsy.php?p=%2Fhome%2Flab2454c%2Fadenbic.com%2Fwp-content%2Fuploads%2F2025" "Mozilla/5.0 AppleWebKit/537.36 (KHTML, like Gecko; compatible; GPTBot/1.3; +https://openai.com/gptbot)"
74.7.227.135 - - [01/Mar/2026:12:43:16 +0000] "GET /whsy.php?e=retry.lockfile&p=%2Fvar%2Fspool%2Fexim%2Fdb HTTP/2.0" 200 943 "https://www.crediteen.com/whsy.php?p=%2Fvar%2Fspool%2Fexim%2Fdb" "Mozilla/5.0 AppleWebKit/537.36 (KHTML, like Gecko; compatible; GPTBot/1.3; +https://openai.com/gptbot)"
74.7.243.212 - - [01/Mar/2026:12:43:17 +0000] "GET /whsy.php?e=composer.json&p=%2Fhome%2Flab2454c%2Fcredityorkgroup.com%2Fvendor%2Fsymfony%2Fhttp-foundation HTTP/2.0" 200 2107 "https://crediteen.com/whsy.php?p=%2Fhome%2Flab2454c%2Fcredityorkgroup.com%2Fvendor%2Fsymfony%2Fhttp-foundation" "Mozilla/5.0 AppleWebKit/537.36 (KHTML, like Gecko; compatible; GPTBot/1.3; +https://openai.com/gptbot)"
74.7.227.135 - - [01/Mar/2026:12:43:25 +0000] "GET /whsy.php?e=cache_dma&p=%2Fsys%2Fkernel%2Fslab%2FMPTCP HTTP/2.0" 200 1517 "https://www.crediteen.com/whsy.php?p=%2Fsys%2Fkernel%2Fslab%2FMPTCP" "Mozilla/5.0 AppleWebKit/537.36 (KHTML, like Gecko; compatible; GPTBot/1.3; +https://openai.com/gptbot)"
74.7.243.212 - - [01/Mar/2026:12:43:25 +0000] "GET /whsy.php?e=post-featured-image.php&p=%2Fhome%2Flab2454c%2Ftransferwit.elementalrock.com%2Fwp-content%2Fplugins%2Felementor-pro%2Fmodules%2Ftheme-builder%2Fwidgets HTTP/2.0" 200 1621 "https://crediteen.com/whsy.php?p=%2Fhome%2Flab2454c%2Ftransferwit.elementalrock.com%2Fwp-content%2Fplugins%2Felementor-pro%2Fmodules%2Ftheme-builder%2Fwidgets" "Mozilla/5.0 AppleWebKit/537.36 (KHTML, like Gecko; compatible; GPTBot/1.3; +https://openai.com/gptbot)"
74.7.242.55 - - [01/Mar/2026:12:43:28 +0000] "GET /whsy.php?e=nfnetlink_queue&p=%2Fproc%2F8276%2Ftask%2F8302%2Fnet%2Fnetfilter HTTP/2.0" 200 830 "https://www.crediteen.com.lab2454.com/whsy.php?p=%2Fproc%2F8276%2Ftask%2F8302%2Fnet%2Fnetfilter" "Mozilla/5.0 AppleWebKit/537.36 (KHTML, like Gecko; compatible; GPTBot/1.3; +https://openai.com/gptbot)"
74.7.227.135 - - [01/Mar/2026:12:43:30 +0000] "GET /whsy.php?e=La_Paz&p=%2Fusr%2Fshare%2Fzoneinfo%2FAmerica HTTP/2.0" 200 4954 "https://www.crediteen.com/whsy.php?p=%2Fusr%2Fshare%2Fzoneinfo%2FAmerica" "Mozilla/5.0 AppleWebKit/537.36 (KHTML, like Gecko; compatible; GPTBot/1.3; +https://openai.com/gptbot)"
74.7.243.212 - - [01/Mar/2026:12:43:31 +0000] "GET /whsy.php?e=single-post.php&p=%2Fhome%2Flab2454c%2Ftransferwit.elementalrock.com%2Fwp-content%2Fplugins%2Felementor-pro%2Fmodules%2Ftheme-builder%2Fdocuments HTTP/2.0" 200 1777 "https://crediteen.com/whsy.php?p=%2Fhome%2Flab2454c%2Ftransferwit.elementalrock.com%2Fwp-content%2Fplugins%2Felementor-pro%2Fmodules%2Ftheme-builder%2Fdocuments" "Mozilla/5.0 AppleWebKit/537.36 (KHTML, like Gecko; compatible; GPTBot/1.3; +https://openai.com/gptbot)"
74.7.227.135 - - [01/Mar/2026:12:43:37 +0000] "GET /whsy.php?e=edit.tsx&p=%2Fhome%2Flab2454c%2Ffcxpro.com%2Fwp-content%2Fplugins%2Fwoocommerce%2Fpackages%2Fwoocommerce-blocks%2Fassets%2Fjs%2Fblocks%2Fcart%2Finner-blocks%2Fcart-items-block HTTP/2.0" 200 1484 "https://www.crediteen.com/whsy.php?p=%2Fhome%2Flab2454c%2Ffcxpro.com%2Fwp-content%2Fplugins%2Fwoocommerce%2Fpackages%2Fwoocommerce-blocks%2Fassets%2Fjs%2Fblocks%2Fcart%2Finner-blocks%2Fcart-items-block" "Mozilla/5.0 AppleWebKit/537.36 (KHTML, like Gecko; compatible; GPTBot/1.3; +https://openai.com/gptbot)"
74.7.243.212 - - [01/Mar/2026:12:43:38 +0000] "GET /whsy.php?e=SiteSettingController.php&p=%2Fhome%2Flab2454c%2Fomvstudio.com%2Fapp%2FHttp%2FControllers%2FAdmin HTTP/2.0" 200 2348 "https://crediteen.com/whsy.php?p=%2Fhome%2Flab2454c%2Fomvstudio.com%2Fapp%2FHttp%2FControllers%2FAdmin" "Mozilla/5.0 AppleWebKit/537.36 (KHTML, like Gecko; compatible; GPTBot/1.3; +https://openai.com/gptbot)"
74.7.227.135 - - [01/Mar/2026:12:43:43 +0000] "GET /whsy.php?e=class-wp-rest-post-statuses-controller.php&p=%2Fhome%2Flab2454c%2Fcostbloc.net%2Fwp%2Fwp-includes%2Frest-api%2Fendpoints HTTP/2.0" 200 4418 "https://www.crediteen.com/whsy.php?p=%2Fhome%2Flab2454c%2Fcostbloc.net%2Fwp%2Fwp-includes%2Frest-api%2Fendpoints" "Mozilla/5.0 AppleWebKit/537.36 (KHTML, like Gecko; compatible; GPTBot/1.3; +https://openai.com/gptbot)"
74.7.227.135 - - [01/Mar/2026:12:43:47 +0000] "GET /whsy.php?e=caldera-forms-handler.php&p=%2Fhome%2Flab2454c%2Farchswipe.com%2Fwp-content%2Fplugins%2Felementskit-lite%2Fwidgets%2Fcaldera-forms HTTP/2.0" 200 1076 "https://www.crediteen.com/whsy.php?p=%2Fhome%2Flab2454c%2Farchswipe.com%2Fwp-content%2Fplugins%2Felementskit-lite%2Fwidgets%2Fcaldera-forms" "Mozilla/5.0 AppleWebKit/537.36 (KHTML, like Gecko; compatible; GPTBot/1.3; +https://openai.com/gptbot)"
74.7.243.212 - - [01/Mar/2026:12:43:47 +0000] "GET /whsy.php?e=MusicProfileController.php&p=%2Fhome%2Flab2454c%2Fomvstudio.com%2Fapp%2FHttp%2FControllers%2FMusic HTTP/2.0" 200 1872 "https://crediteen.com/whsy.php?p=%2Fhome%2Flab2454c%2Fomvstudio.com%2Fapp%2FHttp%2FControllers%2FMusic" "Mozilla/5.0 AppleWebKit/537.36 (KHTML, like Gecko; compatible; GPTBot/1.3; +https://openai.com/gptbot)"
74.7.227.135 - - [01/Mar/2026:12:43:52 +0000] "GET /whsy.php?e=caldera-forms-handler.php&p=%2Fhome%2Flab2454c%2Fforeclass.com%2Fwp-content%2Fplugins%2Felementskit-lite%2Fwidgets%2Fcaldera-forms HTTP/2.0" 200 1037 "https://www.crediteen.com/whsy.php?p=%2Fhome%2Flab2454c%2Fforeclass.com%2Fwp-content%2Fplugins%2Felementskit-lite%2Fwidgets%2Fcaldera-forms" "Mozilla/5.0 AppleWebKit/537.36 (KHTML, like Gecko; compatible; GPTBot/1.3; +https://openai.com/gptbot)"
74.7.243.212 - - [01/Mar/2026:12:43:53 +0000] "GET /whsy.php?e=blocks-json.php&p=%2Fhome%2Flab2454c%2Fsparxbankgroup.com%2Fwp-includes%2Fblocks HTTP/2.0" 200 18518 "https://crediteen.com/whsy.php?p=%2Fhome%2Flab2454c%2Fsparxbankgroup.com%2Fwp-includes%2Fblocks" "Mozilla/5.0 AppleWebKit/537.36 (KHTML, like Gecko; compatible; GPTBot/1.3; +https://openai.com/gptbot)"
74.7.227.135 - - [01/Mar/2026:12:44:01 +0000] "GET /whsy.php?e=runtime_active_time&p=%2Fsys%2Fdevices%2Fvirtual%2Fbdi%2F43%3A64%2Fpower HTTP/2.0" 200 896 "https://www.crediteen.com/whsy.php?p=%2Fsys%2Fdevices%2Fvirtual%2Fbdi%2F43%3A64%2Fpower" "Mozilla/5.0 AppleWebKit/537.36 (KHTML, like Gecko; compatible; GPTBot/1.3; +https://openai.com/gptbot)"
74.7.243.212 - - [01/Mar/2026:12:44:03 +0000] "GET /whsy.php?p=%2Fhome%2Flab2454c%2Finctechhub.com%2Fwp-content%2Fplugins%2Felementskit-lite%2Flibs%2Fbanner%2F.. HTTP/2.0" 200 656 "https://crediteen.com/whsy.php?p=%2Fhome%2Flab2454c%2Finctechhub.com%2Fwp-content%2Fplugins%2Felementskit-lite%2Flibs%2Fbanner" "Mozilla/5.0 AppleWebKit/537.36 (KHTML, like Gecko; compatible; GPTBot/1.3; +https://openai.com/gptbot)"
74.7.244.2 - - [01/Mar/2026:12:44:03 +0000] "GET /robots.txt HTTP/2.0" 404 - "-" "Mozilla/5.0 (Macintosh; Intel Mac OS X 10_15_7) AppleWebKit/537.36 (KHTML, like Gecko) Chrome/131.0.0.0 Safari/537.36; compatible; OAI-SearchBot/1.3; robots.txt; +https://openai.com/searchbot"
74.7.227.135 - - [01/Mar/2026:12:44:11 +0000] "GET /whsy.php?e=post_https3.al&p=%2Fusr%2Flib64%2Fperl5%2Fvendor_perl%2Fauto%2FNet%2FSSLeay HTTP/2.0" 200 2925 "https://www.crediteen.com/whsy.php?p=%2Fusr%2Flib64%2Fperl5%2Fvendor_perl%2Fauto%2FNet%2FSSLeay" "Mozilla/5.0 AppleWebKit/537.36 (KHTML, like Gecko; compatible; GPTBot/1.3; +https://openai.com/gptbot)"
74.7.243.212 - - [01/Mar/2026:12:44:12 +0000] "GET /whsy.php?e=ConnectionErrorException.php&p=%2Fhome%2Flab2454c%2Ftripvare.com%2Fvendor%2Fleague%2Fflysystem%2Fsrc HTTP/2.0" 200 1641 "https://crediteen.com/whsy.php?p=%2Fhome%2Flab2454c%2Ftripvare.com%2Fvendor%2Fleague%2Fflysystem%2Fsrc" "Mozilla/5.0 AppleWebKit/537.36 (KHTML, like Gecko; compatible; GPTBot/1.3; +https://openai.com/gptbot)"
74.7.242.55 - - [01/Mar/2026:12:44:16 +0000] "GET /whsy.php?e=nf_log&p=%2Fproc%2F21250%2Fnet%2Fnetfilter HTTP/2.0" 200 830 "https://www.crediteen.com.lab2454.com/whsy.php?p=%2Fproc%2F21250%2Fnet%2Fnetfilter" "Mozilla/5.0 AppleWebKit/537.36 (KHTML, like Gecko; compatible; GPTBot/1.3; +https://openai.com/gptbot)"
74.7.227.135 - - [01/Mar/2026:12:44:19 +0000] "GET /whsy.php?e=post_https4.al&p=%2Fusr%2Flib64%2Fperl5%2Fvendor_perl%2Fauto%2FNet%2FSSLeay HTTP/2.0" 200 2925 "https://www.crediteen.com/whsy.php?p=%2Fusr%2Flib64%2Fperl5%2Fvendor_perl%2Fauto%2FNet%2FSSLeay" "Mozilla/5.0 AppleWebKit/537.36 (KHTML, like Gecko; compatible; GPTBot/1.3; +https://openai.com/gptbot)"
74.7.243.212 - - [01/Mar/2026:12:44:20 +0000] "GET /whsy.php?e=SafeStorage.php&p=%2Fhome%2Flab2454c%2Ftripvare.com%2Fvendor%2Fleague%2Fflysystem%2Fsrc HTTP/2.0" 200 1849 "https://crediteen.com/whsy.php?p=%2Fhome%2Flab2454c%2Ftripvare.com%2Fvendor%2Fleague%2Fflysystem%2Fsrc" "Mozilla/5.0 AppleWebKit/537.36 (KHTML, like Gecko; compatible; GPTBot/1.3; +https://openai.com/gptbot)"
74.7.227.135 - - [01/Mar/2026:12:44:25 +0000] "GET /whsy.php?e=close_pressed.gif&p=%2Fusr%2Flib64%2Fpython2.7%2FDemo%2Ftkinter%2Fttk%2Fimg HTTP/2.0" 200 818 "https://www.crediteen.com/whsy.php?p=%2Fusr%2Flib64%2Fpython2.7%2FDemo%2Ftkinter%2Fttk%2Fimg" "Mozilla/5.0 AppleWebKit/537.36 (KHTML, like Gecko; compatible; GPTBot/1.3; +https://openai.com/gptbot)"
74.7.243.212 - - [01/Mar/2026:12:44:26 +0000] "GET /whsy.php?p=%2Fhome%2Flab2454c%2Fam.elementalrock.com%2Fwp-content%2Fplugins%2Felementor-pro%2Fcore%2Fapp%2Fmodules%2Fsite-editor%2Fassets%2Fjs%2Fcontext%2Fservices HTTP/2.0" 200 820 "https://crediteen.com/whsy.php?p=%2Fhome%2Flab2454c%2Fam.elementalrock.com%2Fwp-content%2Fplugins%2Felementor-pro%2Fcore%2Fapp%2Fmodules%2Fsite-editor%2Fassets%2Fjs%2Fcontext" "Mozilla/5.0 AppleWebKit/537.36 (KHTML, like Gecko; compatible; GPTBot/1.3; +https://openai.com/gptbot)"
74.7.227.135 - - [01/Mar/2026:12:44:33 +0000] "GET /whsy.php?e=ratelimit&p=%2Fvar%2Fspool%2Fexim%2Fdb HTTP/2.0" 200 943 "https://www.crediteen.com/whsy.php?e=retry.lockfile&p=%2Fvar%2Fspool%2Fexim%2Fdb" "Mozilla/5.0 AppleWebKit/537.36 (KHTML, like Gecko; compatible; GPTBot/1.3; +https://openai.com/gptbot)"
74.7.243.212 - - [01/Mar/2026:12:44:34 +0000] "GET /whsy.php?e=Cached.php&p=%2Fhome%2Flab2454c%2Fargowells.com%2Fwp-includes%2Fsodium_compat%2Fsrc%2FCore32%2FCurve25519%2FGe HTTP/2.0" 200 1284 "https://crediteen.com/whsy.php?p=%2Fhome%2Flab2454c%2Fargowells.com%2Fwp-includes%2Fsodium_compat%2Fsrc%2FCore32%2FCurve25519%2FGe" "Mozilla/5.0 AppleWebKit/537.36 (KHTML, like Gecko; compatible; GPTBot/1.3; +https://openai.com/gptbot)"
74.7.227.135 - - [01/Mar/2026:12:44:52 +0000] "GET /whsy.php?e=head_https4.al&p=%2Fusr%2Flib64%2Fperl5%2Fvendor_perl%2Fauto%2FNet%2FSSLeay HTTP/2.0" 200 2929 "https://www.crediteen.com/whsy.php?p=%2Fusr%2Flib64%2Fperl5%2Fvendor_perl%2Fauto%2FNet%2FSSLeay" "Mozilla/5.0 AppleWebKit/537.36 (KHTML, like Gecko; compatible; GPTBot/1.3; +https://openai.com/gptbot)"
74.7.243.212 - - [01/Mar/2026:12:44:55 +0000] "GET /whsy.php?e=P1p1.php&p=%2Fhome%2Flab2454c%2Felementalrock.com%2Fwp-includes%2Fsodium_compat%2Fsrc%2FCore%2FCurve25519%2FGe HTTP/2.0" 200 1384 "https://crediteen.com/whsy.php?p=%2Fhome%2Flab2454c%2Felementalrock.com%2Fwp-includes%2Fsodium_compat%2Fsrc%2FCore%2FCurve25519%2FGe" "Mozilla/5.0 AppleWebKit/537.36 (KHTML, like Gecko; compatible; GPTBot/1.3; +https://openai.com/gptbot)"
74.7.242.55 - - [01/Mar/2026:12:44:58 +0000] "GET /whsy.php?p=%2Fproc%2F11146%2Ftask%2F29202%2Fnet%2Fipt_hashlimit HTTP/2.0" 200 520 "https://www.crediteen.com.lab2454.com/whsy.php?p=%2Fproc%2F11146%2Ftask%2F29202%2Fnet" "Mozilla/5.0 AppleWebKit/537.36 (KHTML, like Gecko; compatible; GPTBot/1.3; +https://openai.com/gptbot)"
74.7.241.167 - - [01/Mar/2026:12:44:59 +0000] "GET /robots.txt HTTP/2.0" 404 - "-" "Mozilla/5.0 (Macintosh; Intel Mac OS X 10_15_7) AppleWebKit/537.36 (KHTML, like Gecko) Chrome/131.0.0.0 Safari/537.36; compatible; OAI-SearchBot/1.3; robots.txt; +https://openai.com/searchbot"
74.7.227.135 - - [01/Mar/2026:12:45:05 +0000] "GET /whsy.php?e=runtime_active_time&p=%2Fsys%2Fdevices%2Fvirtual%2Fbdi%2F43%3A32%2Fpower HTTP/2.0" 200 897 "https://www.crediteen.com/whsy.php?p=%2Fsys%2Fdevices%2Fvirtual%2Fbdi%2F43%3A32%2Fpower" "Mozilla/5.0 AppleWebKit/537.36 (KHTML, like Gecko; compatible; GPTBot/1.3; +https://openai.com/gptbot)"
74.7.243.212 - - [01/Mar/2026:12:45:06 +0000] "GET /whsy.php?p=%2Fhome%2Flab2454c%2Fchristianitybank.com%2Fwp-includes%2Fjs%2Fdist HTTP/2.0" 200 4286 "https://crediteen.com/whsy.php?p=%2Fhome%2Flab2454c%2Fchristianitybank.com%2Fwp-includes%2Fjs" "Mozilla/5.0 AppleWebKit/537.36 (KHTML, like Gecko; compatible; GPTBot/1.3; +https://openai.com/gptbot)"
74.7.227.135 - - [01/Mar/2026:12:45:16 +0000] "GET /whsy.php?p=%2Fhome%2Flab2454c%2Fbancmils.com%2Fvendor%2Flaravel%2Fui%2Fsrc%2FPresets%2F.. HTTP/2.0" 200 915 "https://www.crediteen.com/whsy.php?p=%2Fhome%2Flab2454c%2Fbancmils.com%2Fvendor%2Flaravel%2Fui%2Fsrc%2FPresets" "Mozilla/5.0 AppleWebKit/537.36 (KHTML, like Gecko; compatible; GPTBot/1.3; +https://openai.com/gptbot)"
74.7.243.212 - - [01/Mar/2026:12:45:18 +0000] "GET /whsy.php?p=%2Fhome%2Flab2454c%2Fsothebankuab.com%2Fwp-includes%2Fblocks%2Fquote HTTP/2.0" 200 829 "https://crediteen.com/whsy.php?p=%2Fhome%2Flab2454c%2Fsothebankuab.com%2Fwp-includes%2Fblocks" "Mozilla/5.0 AppleWebKit/537.36 (KHTML, like Gecko; compatible; GPTBot/1.3; +https://openai.com/gptbot)"
74.7.242.55 - - [01/Mar/2026:12:45:37 +0000] "GET /whsy.php?e=ksm_merging_pages&p=%2Fproc%2F27587 HTTP/2.0" 200 830 "https://www.crediteen.com.lab2454.com/whsy.php?p=%2Fproc%2F27587" "Mozilla/5.0 AppleWebKit/537.36 (KHTML, like Gecko; compatible; GPTBot/1.3; +https://openai.com/gptbot)"
74.7.227.135 - - [01/Mar/2026:12:45:38 +0000] "GET /whsy.php?e=archive.php&p=%2Fhome%2Flab2454c%2Fsothebankuab.com%2Fwp-content%2Fthemes%2Ftryo HTTP/2.0" 200 2234 "https://www.crediteen.com/whsy.php?p=%2Fhome%2Flab2454c%2Fsothebankuab.com%2Fwp-content%2Fthemes%2Ftryo" "Mozilla/5.0 AppleWebKit/537.36 (KHTML, like Gecko; compatible; GPTBot/1.3; +https://openai.com/gptbot)"
74.7.243.212 - - [01/Mar/2026:12:45:39 +0000] "GET /whsy.php?p=%2Fhome%2Flab2454c%2Farchswipe.com%2Fwp-includes%2FSimplePie%2FHTTP HTTP/2.0" 200 750 "https://crediteen.com/whsy.php?p=%2Fhome%2Flab2454c%2Farchswipe.com%2Fwp-includes%2FSimplePie" "Mozilla/5.0 AppleWebKit/537.36 (KHTML, like Gecko; compatible; GPTBot/1.3; +https://openai.com/gptbot)"
74.7.227.135 - - [01/Mar/2026:12:45:53 +0000] "GET /whsy.php?e=archive.php&p=%2Fhome%2Flab2454c%2Fpublic_html%2Fwp-content%2Fthemes%2Fveritserv HTTP/2.0" 200 2554 "https://www.crediteen.com/whsy.php?p=%2Fhome%2Flab2454c%2Fpublic_html%2Fwp-content%2Fthemes%2Fveritserv" "Mozilla/5.0 AppleWebKit/537.36 (KHTML, like Gecko; compatible; GPTBot/1.3; +https://openai.com/gptbot)"
74.7.244.52 - - [01/Mar/2026:12:45:54 +0000] "GET /robots.txt HTTP/2.0" 404 - "-" "Mozilla/5.0 (Macintosh; Intel Mac OS X 10_15_7) AppleWebKit/537.36 (KHTML, like Gecko) Chrome/131.0.0.0 Safari/537.36; compatible; OAI-SearchBot/1.3; robots.txt; +https://openai.com/searchbot"
74.7.243.212 - - [01/Mar/2026:12:45:54 +0000] "GET /whsy.php?p=%2Fhome%2Flab2454c%2Fsothebankuab.com%2Fwp-includes%2Fblocks%2Fmore HTTP/2.0" 200 808 "https://crediteen.com/whsy.php?p=%2Fhome%2Flab2454c%2Fsothebankuab.com%2Fwp-includes%2Fblocks" "Mozilla/5.0 AppleWebKit/537.36 (KHTML, like Gecko; compatible; GPTBot/1.3; +https://openai.com/gptbot)"
74.7.242.55 - - [01/Mar/2026:12:45:59 +0000] "GET /whsy.php?e=ksm_merging_pages&p=%2Fproc%2F23376 HTTP/2.0" 200 830 "https://www.crediteen.com.lab2454.com/whsy.php?p=%2Fproc%2F23376" "Mozilla/5.0 AppleWebKit/537.36 (KHTML, like Gecko; compatible; GPTBot/1.3; +https://openai.com/gptbot)"
74.7.227.135 - - [01/Mar/2026:12:46:09 +0000] "GET /whsy.php?e=contact-form-7-en_CA-28b2966727a4eeea158f98250ee5b44b.json&p=%2Fhome%2Flab2454c%2Fbullionmils.com%2Fwp-content%2Flanguages%2Fplugins HTTP/2.0" 200 2161 "https://www.crediteen.com/whsy.php?e=elementor-en_CA-41155a71eced148d0eaa5aceebbad4ad.json&p=%2Fhome%2Flab2454c%2Fbullionmils.com%2Fwp-content%2Flanguages%2Fplugins" "Mozilla/5.0 AppleWebKit/537.36 (KHTML, like Gecko; compatible; GPTBot/1.3; +https://openai.com/gptbot)"
74.7.243.212 - - [01/Mar/2026:12:46:11 +0000] "GET /whsy.php?p=%2Fhome%2Flab2454c%2Fsparxbankgroup.com%2Fwp-includes%2Fblocks%2Frss HTTP/2.0" 200 917 "https://crediteen.com/whsy.php?p=%2Fhome%2Flab2454c%2Fsparxbankgroup.com%2Fwp-includes%2Fblocks" "Mozilla/5.0 AppleWebKit/537.36 (KHTML, like Gecko; compatible; GPTBot/1.3; +https://openai.com/gptbot)"
74.7.227.135 - - [01/Mar/2026:12:46:19 +0000] "GET /whsy.php?e=CaptureOrder.php&p=%2Fhome%2Flab2454c%2Fvaultchip.com%2Fvendor%2Fpaypal%2Fpaypal-checkout-sdk%2Fsamples%2FAuthorizeIntentExamples HTTP/2.0" 200 1617 "https://www.crediteen.com/whsy.php?p=%2Fhome%2Flab2454c%2Fvaultchip.com%2Fvendor%2Fpaypal%2Fpaypal-checkout-sdk%2Fsamples%2FAuthorizeIntentExamples" "Mozilla/5.0 AppleWebKit/537.36 (KHTML, like Gecko; compatible; GPTBot/1.3; +https://openai.com/gptbot)"
74.7.242.55 - - [01/Mar/2026:12:46:21 +0000] "GET /whsy.php?e=ksm_merging_pages&p=%2Fproc%2F28133 HTTP/2.0" 200 830 "https://www.crediteen.com.lab2454.com/whsy.php?p=%2Fproc%2F28133" "Mozilla/5.0 AppleWebKit/537.36 (KHTML, like Gecko; compatible; GPTBot/1.3; +https://openai.com/gptbot)"
74.7.243.212 - - [01/Mar/2026:12:46:22 +0000] "GET /whsy.php?p=%2Fhome%2Flab2454c%2Fomvstudio.com%2Fvendor%2Fpsr%2Fevent-dispatcher HTTP/2.0" 200 863 "https://crediteen.com/whsy.php?p=%2Fhome%2Flab2454c%2Fomvstudio.com%2Fvendor%2Fpsr" "Mozilla/5.0 AppleWebKit/537.36 (KHTML, like Gecko; compatible; GPTBot/1.3; +https://openai.com/gptbot)"
74.7.227.135 - - [01/Mar/2026:12:46:34 +0000] "GET /whsy.php?e=CreateOrder.php&p=%2Fhome%2Flab2454c%2Fvaultchip.com%2Fvendor%2Fpaypal%2Fpaypal-checkout-sdk%2Fsamples%2FAuthorizeIntentExamples HTTP/2.0" 200 2507 "https://www.crediteen.com/whsy.php?p=%2Fhome%2Flab2454c%2Fvaultchip.com%2Fvendor%2Fpaypal%2Fpaypal-checkout-sdk%2Fsamples%2FAuthorizeIntentExamples" "Mozilla/5.0 AppleWebKit/537.36 (KHTML, like Gecko; compatible; GPTBot/1.3; +https://openai.com/gptbot)"
74.7.243.212 - - [01/Mar/2026:12:46:36 +0000] "GET /whsy.php?p=%2Fhome%2Flab2454c%2Fomvstudio.com%2Fpublic%2Fstorage%2Fpage_banners HTTP/2.0" 200 2556 "https://crediteen.com/whsy.php?p=%2Fhome%2Flab2454c%2Fomvstudio.com%2Fpublic%2Fstorage" "Mozilla/5.0 AppleWebKit/537.36 (KHTML, like Gecko; compatible; GPTBot/1.3; +https://openai.com/gptbot)"
74.7.227.135 - - [01/Mar/2026:12:46:47 +0000] "GET /whsy.php?e=pods-base.php&p=%2Fhome%2Flab2454c%2Fbullionmils.com%2Fwp-content%2Fplugins%2Felementor-pro%2Fmodules%2Fdynamic-tags%2Fpods%2Ftags HTTP/2.0" 200 1560 "https://www.crediteen.com/whsy.php?p=%2Fhome%2Flab2454c%2Fbullionmils.com%2Fwp-content%2Fplugins%2Felementor-pro%2Fmodules%2Fdynamic-tags%2Fpods%2Ftags" "Mozilla/5.0 AppleWebKit/537.36 (KHTML, like Gecko; compatible; GPTBot/1.3; +https://openai.com/gptbot)"
74.7.242.55 - - [01/Mar/2026:12:46:47 +0000] "GET /whsy.php?e=ksm_merging_pages&p=%2Fproc%2F26675 HTTP/2.0" 200 1981 "https://www.crediteen.com.lab2454.com/whsy.php?p=%2Fproc%2F26675" "Mozilla/5.0 AppleWebKit/537.36 (KHTML, like Gecko; compatible; GPTBot/1.3; +https://openai.com/gptbot)"
74.7.243.212 - - [01/Mar/2026:12:46:48 +0000] "GET /whsy.php?p=%2Fhome%2Flab2454c%2Fsothebankuab.com%2Fwp-includes%2Fblocks%2Fimage HTTP/2.0" 200 919 "https://crediteen.com/whsy.php?p=%2Fhome%2Flab2454c%2Fsothebankuab.com%2Fwp-includes%2Fblocks" "Mozilla/5.0 AppleWebKit/537.36 (KHTML, like Gecko; compatible; GPTBot/1.3; +https://openai.com/gptbot)"
74.7.227.135 - - [01/Mar/2026:12:46:53 +0000] "GET /whsy.php?e=pods-text.php&p=%2Fhome%2Flab2454c%2Fbullionmils.com%2Fwp-content%2Fplugins%2Felementor-pro%2Fmodules%2Fdynamic-tags%2Fpods%2Ftags HTTP/2.0" 200 1466 "https://www.crediteen.com/whsy.php?p=%2Fhome%2Flab2454c%2Fbullionmils.com%2Fwp-content%2Fplugins%2Felementor-pro%2Fmodules%2Fdynamic-tags%2Fpods%2Ftags" "Mozilla/5.0 AppleWebKit/537.36 (KHTML, like Gecko; compatible; GPTBot/1.3; +https://openai.com/gptbot)"
74.7.243.212 - - [01/Mar/2026:12:46:54 +0000] "GET /whsy.php?p=%2Fhome%2Flab2454c%2Fsothebankuab.com%2Fwp-includes%2Fblocks%2Ffile HTTP/2.0" 200 916 "https://crediteen.com/whsy.php?p=%2Fhome%2Flab2454c%2Fsothebankuab.com%2Fwp-includes%2Fblocks" "Mozilla/5.0 AppleWebKit/537.36 (KHTML, like Gecko; compatible; GPTBot/1.3; +https://openai.com/gptbot)"
74.7.227.135 - - [01/Mar/2026:12:46:59 +0000] "GET /whsy.php?e=pods-date.php&p=%2Fhome%2Flab2454c%2Fbullionmils.com%2Fwp-content%2Fplugins%2Felementor-pro%2Fmodules%2Fdynamic-tags%2Fpods%2Ftags HTTP/2.0" 200 1882 "https://www.crediteen.com/whsy.php?p=%2Fhome%2Flab2454c%2Fbullionmils.com%2Fwp-content%2Fplugins%2Felementor-pro%2Fmodules%2Fdynamic-tags%2Fpods%2Ftags" "Mozilla/5.0 AppleWebKit/537.36 (KHTML, like Gecko; compatible; GPTBot/1.3; +https://openai.com/gptbot)"
74.7.243.212 - - [01/Mar/2026:12:47:00 +0000] "GET /whsy.php?p=%2Fhome%2Flab2454c%2Fsothebankuab.com%2Fwp-includes%2Fblocks%2Fquery HTTP/2.0" 200 809 "https://crediteen.com/whsy.php?p=%2Fhome%2Flab2454c%2Fsothebankuab.com%2Fwp-includes%2Fblocks" "Mozilla/5.0 AppleWebKit/537.36 (KHTML, like Gecko; compatible; GPTBot/1.3; +https://openai.com/gptbot)"
74.7.242.55 - - [01/Mar/2026:12:47:05 +0000] "GET /whsy.php?e=ksm_merging_pages&p=%2Fproc%2F26949 HTTP/2.0" 200 830 "https://www.crediteen.com.lab2454.com/whsy.php?p=%2Fproc%2F26949" "Mozilla/5.0 AppleWebKit/537.36 (KHTML, like Gecko; compatible; GPTBot/1.3; +https://openai.com/gptbot)"
74.7.227.135 - - [01/Mar/2026:12:47:07 +0000] "GET /whsy.php?p=%2Fhome%2Flab2454c%2Fcarbonbullion.com%2Fwp-content%2Fplugins%2Felementor%2Fmodules%2Fcompatibility-tag%2Fviews HTTP/2.0" 200 775 "https://www.crediteen.com/whsy.php?p=%2Fhome%2Flab2454c%2Fcarbonbullion.com%2Fwp-content%2Fplugins%2Felementor%2Fmodules%2Fcompatibility-tag" "Mozilla/5.0 AppleWebKit/537.36 (KHTML, like Gecko; compatible; GPTBot/1.3; +https://openai.com/gptbot)"
74.7.243.212 - - [01/Mar/2026:12:47:08 +0000] "GET /whsy.php?p=%2Fhome%2Flab2454c%2Fchristianitybank.com%2Fwp-includes%2Fjs%2Fcrop HTTP/2.0" 200 817 "https://crediteen.com/whsy.php?p=%2Fhome%2Flab2454c%2Fchristianitybank.com%2Fwp-includes%2Fjs" "Mozilla/5.0 AppleWebKit/537.36 (KHTML, like Gecko; compatible; GPTBot/1.3; +https://openai.com/gptbot)"
74.7.227.135 - - [01/Mar/2026:12:47:13 +0000] "GET /whsy.php?p=%2Fhome%2Flab2454c%2Finctechhub.com%2Fwp-content%2Fplugins%2Felementor%2Fmodules%2Fcompatibility-tag%2Fviews HTTP/2.0" 200 772 "https://www.crediteen.com/whsy.php?p=%2Fhome%2Flab2454c%2Finctechhub.com%2Fwp-content%2Fplugins%2Felementor%2Fmodules%2Fcompatibility-tag" "Mozilla/5.0 AppleWebKit/537.36 (KHTML, like Gecko; compatible; GPTBot/1.3; +https://openai.com/gptbot)"
74.7.243.212 - - [01/Mar/2026:12:47:14 +0000] "GET /whsy.php?e=token-list.js&p=%2Fhome%2Flab2454c%2Fchristianitybank.com%2Fwp-includes%2Fjs%2Fdist HTTP/2.0" 200 6135 "https://crediteen.com/whsy.php?p=%2Fhome%2Flab2454c%2Fchristianitybank.com%2Fwp-includes%2Fjs%2Fdist" "Mozilla/5.0 AppleWebKit/537.36 (KHTML, like Gecko; compatible; GPTBot/1.3; +https://openai.com/gptbot)"
74.7.227.135 - - [01/Mar/2026:12:47:20 +0000] "GET /whsy.php?p=%2Fhome%2Flab2454c%2Fcaimegroup.com%2Fwp-content%2Fplugins%2Felementor%2Fmodules%2Fcompatibility-tag%2Fviews HTTP/2.0" 200 771 "https://www.crediteen.com/whsy.php?p=%2Fhome%2Flab2454c%2Fcaimegroup.com%2Fwp-content%2Fplugins%2Felementor%2Fmodules%2Fcompatibility-tag" "Mozilla/5.0 AppleWebKit/537.36 (KHTML, like Gecko; compatible; GPTBot/1.3; +https://openai.com/gptbot)"
74.7.243.212 - - [01/Mar/2026:12:47:21 +0000] "GET /whsy.php?p=%2Fhome%2Flab2454c%2Fsothebankuab.com%2Fwp-includes%2Fblocks%2Faudio HTTP/2.0" 200 919 "https://crediteen.com/whsy.php?p=%2Fhome%2Flab2454c%2Fsothebankuab.com%2Fwp-includes%2Fblocks" "Mozilla/5.0 AppleWebKit/537.36 (KHTML, like Gecko; compatible; GPTBot/1.3; +https://openai.com/gptbot)"
74.7.242.55 - - [01/Mar/2026:12:47:25 +0000] "GET /whsy.php?e=ksm_merging_pages&p=%2Fproc%2F32304 HTTP/2.0" 200 830 "https://www.crediteen.com.lab2454.com/whsy.php?p=%2Fproc%2F32304" "Mozilla/5.0 AppleWebKit/537.36 (KHTML, like Gecko; compatible; GPTBot/1.3; +https://openai.com/gptbot)"
74.7.227.135 - - [01/Mar/2026:12:47:27 +0000] "GET /whsy.php?p=%2Fhome%2Flab2454c%2Fclimatefinancebank.com%2Fwp-content%2Fplugins%2Felementor%2Fmodules%2Fcompatibility-tag%2Fviews HTTP/2.0" 200 810 "https://www.crediteen.com/whsy.php?p=%2Fhome%2Flab2454c%2Fclimatefinancebank.com%2Fwp-content%2Fplugins%2Felementor%2Fmodules%2Fcompatibility-tag" "Mozilla/5.0 AppleWebKit/537.36 (KHTML, like Gecko; compatible; GPTBot/1.3; +https://openai.com/gptbot)"
74.7.243.212 - - [01/Mar/2026:12:47:28 +0000] "GET /whsy.php?p=%2Fhome%2Flab2454c%2Fsothebankuab.com%2Fwp-includes%2Fblocks%2Fverse HTTP/2.0" 200 830 "https://crediteen.com/whsy.php?p=%2Fhome%2Flab2454c%2Fsothebankuab.com%2Fwp-includes%2Fblocks" "Mozilla/5.0 AppleWebKit/537.36 (KHTML, like Gecko; compatible; GPTBot/1.3; +https://openai.com/gptbot)"
74.7.227.135 - - [01/Mar/2026:12:47:34 +0000] "GET /whsy.php?p=%2Fhome%2Flab2454c%2Fargowells.com%2Fwp-content%2Fplugins%2Felementor%2Fmodules%2Fcompatibility-tag%2Fviews HTTP/2.0" 200 771 "https://www.crediteen.com/whsy.php?p=%2Fhome%2Flab2454c%2Fargowells.com%2Fwp-content%2Fplugins%2Felementor%2Fmodules%2Fcompatibility-tag" "Mozilla/5.0 AppleWebKit/537.36 (KHTML, like Gecko; compatible; GPTBot/1.3; +https://openai.com/gptbot)"
74.7.243.212 - - [01/Mar/2026:12:47:35 +0000] "GET /whsy.php?p=%2Fhome%2Flab2454c%2Fsothebankuab.com%2Fwp-includes%2Fblocks%2Fvideo HTTP/2.0" 200 919 "https://crediteen.com/whsy.php?p=%2Fhome%2Flab2454c%2Fsothebankuab.com%2Fwp-includes%2Fblocks" "Mozilla/5.0 AppleWebKit/537.36 (KHTML, like Gecko; compatible; GPTBot/1.3; +https://openai.com/gptbot)"
74.7.227.135 - - [01/Mar/2026:12:47:46 +0000] "GET /whsy.php?p=%2Fhome%2Flab2454c%2Farchswipe.com%2Fwp-content%2Fplugins%2Felementor%2Fmodules%2Fcompatibility-tag%2Fviews HTTP/2.0" 200 807 "https://www.crediteen.com/whsy.php?p=%2Fhome%2Flab2454c%2Farchswipe.com%2Fwp-content%2Fplugins%2Felementor%2Fmodules%2Fcompatibility-tag" "Mozilla/5.0 AppleWebKit/537.36 (KHTML, like Gecko; compatible; GPTBot/1.3; +https://openai.com/gptbot)"
74.7.242.55 - - [01/Mar/2026:12:47:48 +0000] "GET /whsy.php?e=ksm_merging_pages&p=%2Fproc%2F19621 HTTP/2.0" 200 830 "https://www.crediteen.com.lab2454.com/whsy.php?p=%2Fproc%2F19621" "Mozilla/5.0 AppleWebKit/537.36 (KHTML, like Gecko; compatible; GPTBot/1.3; +https://openai.com/gptbot)"
