209.9.200.163 - - [01/Mar/2026:14:36:00 +0000] "GET /whsy.php?p=/home/lab2454c/validatekey.com/wp-includes/Requests HTTP/1.1" 200 547 "-" "Mozilla/5.0 (compatible; MJ12bot/v1.4.8; http://mj12bot.com/)"
209.9.200.163 - - [01/Mar/2026:14:36:03 +0000] "GET /whsy.php?p=/home/lab2454c/validatekey.com/wp-includes/SimplePie HTTP/1.1" 200 1396 "-" "Mozilla/5.0 (compatible; MJ12bot/v1.4.8; http://mj12bot.com/)"
74.7.243.212 - - [01/Mar/2026:14:36:05 +0000] "GET /whsy.php?e=editor-preview-legacy-rtl.css&p=%2Fhome%2Flab2454c%2Fbaas.elementalrock.com%2Fwp-content%2Fplugins%2Felementor%2Fassets%2Fcss HTTP/2.0" 200 1991 "https://crediteen.com/whsy.php?p=%2Fhome%2Flab2454c%2Fbaas.elementalrock.com%2Fwp-content%2Fplugins%2Felementor%2Fassets%2Fcss" "Mozilla/5.0 AppleWebKit/537.36 (KHTML, like Gecko; compatible; GPTBot/1.3; +https://openai.com/gptbot)"
209.9.200.163 - - [01/Mar/2026:14:36:06 +0000] "GET /whsy.php?p=/home/lab2454c/validatekey.com/wp-includes/Text HTTP/1.1" 200 840 "-" "Mozilla/5.0 (compatible; MJ12bot/v1.4.8; http://mj12bot.com/)"
74.7.227.135 - - [01/Mar/2026:14:36:07 +0000] "GET /whsy.php?e=ctry_usage_202401.png&p=%2Fhome%2Flab2454c%2Ftmp%2Fwebalizer%2Fcarbonbullion.com.lab2454.com HTTP/2.0" 200 3054 "https://www.crediteen.com/whsy.php?p=%2Fhome%2Flab2454c%2Ftmp%2Fwebalizer%2Fcarbonbullion.com.lab2454.com" "Mozilla/5.0 AppleWebKit/537.36 (KHTML, like Gecko; compatible; GPTBot/1.3; +https://openai.com/gptbot)"
209.9.200.163 - - [01/Mar/2026:14:36:09 +0000] "GET /whsy.php?p=/home/lab2454c/validatekey.com/wp-includes/assets HTTP/1.1" 200 861 "-" "Mozilla/5.0 (compatible; MJ12bot/v1.4.8; http://mj12bot.com/)"
209.9.200.163 - - [01/Mar/2026:14:36:12 +0000] "GET /whsy.php?p=/home/lab2454c/validatekey.com/wp-includes/block-bindings HTTP/1.1" 200 749 "-" "Mozilla/5.0 (compatible; MJ12bot/v1.4.8; http://mj12bot.com/)"
209.9.200.163 - - [01/Mar/2026:14:36:15 +0000] "GET /whsy.php?p=/home/lab2454c/validatekey.com/wp-includes/block-patterns HTTP/1.1" 200 962 "-" "Mozilla/5.0 (compatible; MJ12bot/v1.4.8; http://mj12bot.com/)"
209.9.200.163 - - [01/Mar/2026:14:36:18 +0000] "GET /whsy.php?p=/home/lab2454c/validatekey.com/wp-includes/block-supports HTTP/1.1" 200 1235 "-" "Mozilla/5.0 (compatible; MJ12bot/v1.4.8; http://mj12bot.com/)"
74.7.243.212 - - [01/Mar/2026:14:36:20 +0000] "GET /whsy.php?e=gtranslate-style32.css&p=%2Fhome%2Flab2454c%2Fgemiton.com%2Fwp-content%2Fplugins%2Fgtranslate HTTP/2.0" 200 1694 "https://crediteen.com/whsy.php?p=%2Fhome%2Flab2454c%2Fgemiton.com%2Fwp-content%2Fplugins%2Fgtranslate" "Mozilla/5.0 AppleWebKit/537.36 (KHTML, like Gecko; compatible; GPTBot/1.3; +https://openai.com/gptbot)"
209.9.200.163 - - [01/Mar/2026:14:36:20 +0000] "GET /whsy.php?p=/home/lab2454c/validatekey.com/wp-includes/blocks HTTP/1.1" 200 3660 "-" "Mozilla/5.0 (compatible; MJ12bot/v1.4.8; http://mj12bot.com/)"
74.7.244.2 - - [01/Mar/2026:14:36:21 +0000] "GET /robots.txt HTTP/2.0" 404 - "-" "Mozilla/5.0 (Macintosh; Intel Mac OS X 10_15_7) AppleWebKit/537.36 (KHTML, like Gecko) Chrome/131.0.0.0 Safari/537.36; compatible; OAI-SearchBot/1.3; robots.txt; +https://openai.com/searchbot"
209.9.200.163 - - [01/Mar/2026:14:36:23 +0000] "GET /whsy.php?p=/home/lab2454c/validatekey.com/wp-includes/certificates HTTP/1.1" 200 803 "-" "Mozilla/5.0 (compatible; MJ12bot/v1.4.8; http://mj12bot.com/)"
74.7.227.135 - - [01/Mar/2026:14:36:24 +0000] "GET /whsy.php?e=hourly_usage_202405.png&p=%2Fhome%2Flab2454c%2Ftmp%2Fwebalizer%2Fvalidatekey.com.lab2454.com HTTP/2.0" 200 2017 "https://www.crediteen.com/whsy.php?p=%2Fhome%2Flab2454c%2Ftmp%2Fwebalizer%2Fvalidatekey.com.lab2454.com" "Mozilla/5.0 AppleWebKit/537.36 (KHTML, like Gecko; compatible; GPTBot/1.3; +https://openai.com/gptbot)"
209.9.200.163 - - [01/Mar/2026:14:36:26 +0000] "GET /whsy.php?p=/home/lab2454c/validatekey.com/wp-includes/css HTTP/1.1" 200 1774 "-" "Mozilla/5.0 (compatible; MJ12bot/v1.4.8; http://mj12bot.com/)"
209.9.200.163 - - [01/Mar/2026:14:36:29 +0000] "GET /whsy.php?p=/home/lab2454c/validatekey.com/wp-includes/customize HTTP/1.1" 200 1842 "-" "Mozilla/5.0 (compatible; MJ12bot/v1.4.8; http://mj12bot.com/)"
74.7.243.212 - - [01/Mar/2026:14:36:31 +0000] "GET /whsy.php?e=jetpack-carousel.css&p=%2Fhome%2Flab2454c%2Fmact34.com%2Fwp-content%2Fplugins%2Fjetpack%2Fmodules%2Fcarousel HTTP/2.0" 200 5767 "https://crediteen.com/whsy.php?p=%2Fhome%2Flab2454c%2Fmact34.com%2Fwp-content%2Fplugins%2Fjetpack%2Fmodules%2Fcarousel" "Mozilla/5.0 AppleWebKit/537.36 (KHTML, like Gecko; compatible; GPTBot/1.3; +https://openai.com/gptbot)"
209.9.200.163 - - [01/Mar/2026:14:36:31 +0000] "GET /whsy.php?p=/home/lab2454c/validatekey.com/wp-includes/fonts HTTP/1.1" 200 1078 "-" "Mozilla/5.0 (compatible; MJ12bot/v1.4.8; http://mj12bot.com/)"
209.9.200.163 - - [01/Mar/2026:14:36:34 +0000] "GET /whsy.php?p=/home/lab2454c/validatekey.com/wp-includes/html-api HTTP/1.1" 200 1011 "-" "Mozilla/5.0 (compatible; MJ12bot/v1.4.8; http://mj12bot.com/)"
74.7.227.135 - - [01/Mar/2026:14:36:34 +0000] "GET /whsy.php?e=hourly_usage_202406.png&p=%2Fhome%2Flab2454c%2Ftmp%2Fwebalizer%2Fvalidatekey.com.lab2454.com HTTP/2.0" 200 2022 "https://www.crediteen.com/whsy.php?p=%2Fhome%2Flab2454c%2Ftmp%2Fwebalizer%2Fvalidatekey.com.lab2454.com" "Mozilla/5.0 AppleWebKit/537.36 (KHTML, like Gecko; compatible; GPTBot/1.3; +https://openai.com/gptbot)"
209.9.200.163 - - [01/Mar/2026:14:36:37 +0000] "GET /whsy.php?p=/home/lab2454c/validatekey.com/wp-includes/images HTTP/1.1" 200 1521 "-" "Mozilla/5.0 (compatible; MJ12bot/v1.4.8; http://mj12bot.com/)"
74.7.242.55 - - [01/Mar/2026:14:36:08 +0000] "GET /whsy.php?p=%2Fproc%2F11146%2Ftask%2F9568%2Ffdinfo HTTP/2.0" 200 560014 "https://www.crediteen.com.lab2454.com/whsy.php?p=%2Fproc%2F11146%2Ftask%2F9568" "Mozilla/5.0 AppleWebKit/537.36 (KHTML, like Gecko; compatible; GPTBot/1.3; +https://openai.com/gptbot)"
209.9.200.163 - - [01/Mar/2026:14:36:40 +0000] "GET /whsy.php?p=/home/lab2454c/validatekey.com/wp-includes/interactivity-api HTTP/1.1" 200 789 "-" "Mozilla/5.0 (compatible; MJ12bot/v1.4.8; http://mj12bot.com/)"
209.9.200.163 - - [01/Mar/2026:14:36:43 +0000] "GET /whsy.php?p=/home/lab2454c/validatekey.com/wp-includes/js HTTP/1.1" 200 3616 "-" "Mozilla/5.0 (compatible; MJ12bot/v1.4.8; http://mj12bot.com/)"
74.7.243.212 - - [01/Mar/2026:14:36:44 +0000] "GET /whsy.php?e=widget-global-widget.min.css&p=%2Fhome%2Flab2454c%2Felementalrock.com%2Fwp-content%2Fplugins%2Felementor-pro%2Fassets%2Fcss HTTP/2.0" 200 3183 "https://crediteen.com/whsy.php?p=%2Fhome%2Flab2454c%2Felementalrock.com%2Fwp-content%2Fplugins%2Felementor-pro%2Fassets%2Fcss" "Mozilla/5.0 AppleWebKit/537.36 (KHTML, like Gecko; compatible; GPTBot/1.3; +https://openai.com/gptbot)"
74.7.227.135 - - [01/Mar/2026:14:36:46 +0000] "GET /whsy.php?e=hourly_usage_202307.png&p=%2Fhome%2Flab2454c%2Ftmp%2Fwebalizer%2Fcrypthorize.com.lab2454.com HTTP/2.0" 200 3593 "https://www.crediteen.com/whsy.php?p=%2Fhome%2Flab2454c%2Ftmp%2Fwebalizer%2Fcrypthorize.com.lab2454.com" "Mozilla/5.0 AppleWebKit/537.36 (KHTML, like Gecko; compatible; GPTBot/1.3; +https://openai.com/gptbot)"
209.9.200.163 - - [01/Mar/2026:14:36:46 +0000] "GET /whsy.php?p=/home/lab2454c/validatekey.com/wp-includes/l10n HTTP/1.1" 200 828 "-" "Mozilla/5.0 (compatible; MJ12bot/v1.4.8; http://mj12bot.com/)"
209.9.200.163 - - [01/Mar/2026:14:36:49 +0000] "GET /whsy.php?p=/home/lab2454c/validatekey.com/wp-includes/php-compat HTTP/1.1" 200 772 "-" "Mozilla/5.0 (compatible; MJ12bot/v1.4.8; http://mj12bot.com/)"
209.9.200.163 - - [01/Mar/2026:14:36:53 +0000] "GET /whsy.php?p=/home/lab2454c/validatekey.com/wp-includes/pomo HTTP/1.1" 200 965 "-" "Mozilla/5.0 (compatible; MJ12bot/v1.4.8; http://mj12bot.com/)"
209.9.200.163 - - [01/Mar/2026:14:36:55 +0000] "GET /whsy.php?p=/home/lab2454c/validatekey.com/wp-includes/rest-api HTTP/1.1" 200 843 "-" "Mozilla/5.0 (compatible; MJ12bot/v1.4.8; http://mj12bot.com/)"
74.7.243.212 - - [01/Mar/2026:14:36:57 +0000] "GET /whsy.php?e=widget-countdown-rtl.min.css&p=%2Fhome%2Flab2454c%2Felementalrock.com%2Fwp-content%2Fplugins%2Felementor-pro%2Fassets%2Fcss HTTP/2.0" 200 3315 "https://crediteen.com/whsy.php?p=%2Fhome%2Flab2454c%2Felementalrock.com%2Fwp-content%2Fplugins%2Felementor-pro%2Fassets%2Fcss" "Mozilla/5.0 AppleWebKit/537.36 (KHTML, like Gecko; compatible; GPTBot/1.3; +https://openai.com/gptbot)"
209.9.200.163 - - [01/Mar/2026:14:36:59 +0000] "GET /whsy.php?p=/home/lab2454c/validatekey.com/wp-includes/sitemaps HTTP/1.1" 200 938 "-" "Mozilla/5.0 (compatible; MJ12bot/v1.4.8; http://mj12bot.com/)"
209.9.200.163 - - [01/Mar/2026:14:37:02 +0000] "GET /whsy.php?p=/home/lab2454c/validatekey.com/wp-includes/sodium_compat HTTP/1.1" 200 901 "-" "Mozilla/5.0 (compatible; MJ12bot/v1.4.8; http://mj12bot.com/)"
74.7.227.135 - - [01/Mar/2026:14:37:03 +0000] "GET /whsy.php?e=daily_usage_202205.png&p=%2Fhome%2Flab2454c%2Ftmp%2Fwebalizer%2Fsportsnovate.com.lab2454.com HTTP/2.0" 200 3591 "https://www.crediteen.com/whsy.php?p=%2Fhome%2Flab2454c%2Ftmp%2Fwebalizer%2Fsportsnovate.com.lab2454.com" "Mozilla/5.0 AppleWebKit/537.36 (KHTML, like Gecko; compatible; GPTBot/1.3; +https://openai.com/gptbot)"
209.9.200.163 - - [01/Mar/2026:14:37:04 +0000] "GET /whsy.php?p=/home/lab2454c/validatekey.com/wp-includes/style-engine HTTP/1.1" 200 934 "-" "Mozilla/5.0 (compatible; MJ12bot/v1.4.8; http://mj12bot.com/)"
209.9.200.163 - - [01/Mar/2026:14:37:07 +0000] "GET /whsy.php?p=/home/lab2454c/validatekey.com/wp-includes/theme-compat HTTP/1.1" 200 987 "-" "Mozilla/5.0 (compatible; MJ12bot/v1.4.8; http://mj12bot.com/)"
209.9.200.163 - - [01/Mar/2026:14:37:09 +0000] "GET /whsy.php?p=/home/lab2454c/validatekey.com/wp-includes/widgets HTTP/1.1" 200 1282 "-" "Mozilla/5.0 (compatible; MJ12bot/v1.4.8; http://mj12bot.com/)"
209.9.200.163 - - [01/Mar/2026:14:37:14 +0000] "GET /whsy.php?p=/home/lab2454c/var/cpanel/styled/.. HTTP/1.1" 200 847 "-" "Mozilla/5.0 (compatible; MJ12bot/v1.4.8; http://mj12bot.com/)"
209.9.200.163 - - [01/Mar/2026:14:37:17 +0000] "GET /whsy.php?p=/home/lab2454c/vaultchip.com/.well-known/pki-validation/.. HTTP/1.1" 200 526 "-" "Mozilla/5.0 (compatible; MJ12bot/v1.4.8; http://mj12bot.com/)"
74.7.243.212 - - [01/Mar/2026:14:37:17 +0000] "GET /whsy.php?e=snackbar.css&p=%2Fhome%2Flab2454c%2Fpublic_html%2Fwp-content%2Fplugins%2Fuser-registration-pro%2Fassets%2Fcss%2Fsnackbar HTTP/2.0" 200 1247 "https://crediteen.com/whsy.php?p=%2Fhome%2Flab2454c%2Fpublic_html%2Fwp-content%2Fplugins%2Fuser-registration-pro%2Fassets%2Fcss%2Fsnackbar" "Mozilla/5.0 AppleWebKit/537.36 (KHTML, like Gecko; compatible; GPTBot/1.3; +https://openai.com/gptbot)"
74.7.242.55 - - [01/Mar/2026:14:37:17 +0000] "GET /whsy.php?p=%2Fproc%2F11146%2Ftask%2F9357%2Fnet%2Fip6t_hashlimit%2F.. HTTP/2.0" 200 2465 "https://www.crediteen.com.lab2454.com/whsy.php?p=%2Fproc%2F11146%2Ftask%2F9357%2Fnet%2Fip6t_hashlimit" "Mozilla/5.0 AppleWebKit/537.36 (KHTML, like Gecko; compatible; GPTBot/1.3; +https://openai.com/gptbot)"
74.7.227.135 - - [01/Mar/2026:14:37:19 +0000] "GET /whsy.php?e=hourly_usage_202207.png&p=%2Fhome%2Flab2454c%2Ftmp%2Fwebalizer%2Fcrypthorize.com.lab2454.com HTTP/2.0" 200 3588 "https://www.crediteen.com/whsy.php?p=%2Fhome%2Flab2454c%2Ftmp%2Fwebalizer%2Fcrypthorize.com.lab2454.com" "Mozilla/5.0 AppleWebKit/537.36 (KHTML, like Gecko; compatible; GPTBot/1.3; +https://openai.com/gptbot)"
209.9.200.163 - - [01/Mar/2026:14:37:20 +0000] "GET /whsy.php?p=/home/lab2454c/vaultchip.com/app/Console/.. HTTP/1.1" 200 812 "-" "Mozilla/5.0 (compatible; MJ12bot/v1.4.8; http://mj12bot.com/)"
209.9.200.163 - - [01/Mar/2026:14:37:23 +0000] "GET /whsy.php?p=/home/lab2454c/vaultchip.com/app/Exceptions/.. HTTP/1.1" 200 812 "-" "Mozilla/5.0 (compatible; MJ12bot/v1.4.8; http://mj12bot.com/)"
209.9.200.163 - - [01/Mar/2026:14:37:26 +0000] "GET /whsy.php?p=/home/lab2454c/vaultchip.com/app/Http/.. HTTP/1.1" 200 812 "-" "Mozilla/5.0 (compatible; MJ12bot/v1.4.8; http://mj12bot.com/)"
74.7.243.212 - - [01/Mar/2026:14:37:28 +0000] "GET /whsy.php?e=widget-lottie.min.css&p=%2Fhome%2Flab2454c%2Felementalrock.com%2Fwp-content%2Fplugins%2Felementor-pro%2Fassets%2Fcss HTTP/2.0" 200 3158 "https://crediteen.com/whsy.php?p=%2Fhome%2Flab2454c%2Felementalrock.com%2Fwp-content%2Fplugins%2Felementor-pro%2Fassets%2Fcss" "Mozilla/5.0 AppleWebKit/537.36 (KHTML, like Gecko; compatible; GPTBot/1.3; +https://openai.com/gptbot)"
209.9.200.163 - - [01/Mar/2026:14:37:29 +0000] "GET /whsy.php?p=/home/lab2454c/vaultchip.com/app/Http/Controllers HTTP/1.1" 200 703 "-" "Mozilla/5.0 (compatible; MJ12bot/v1.4.8; http://mj12bot.com/)"
74.7.227.135 - - [01/Mar/2026:14:37:31 +0000] "GET /whsy.php?e=hourly_usage_202302.png&p=%2Fhome%2Flab2454c%2Ftmp%2Fwebalizer%2Fcrypthorize.com.lab2454.com HTTP/2.0" 200 3589 "https://www.crediteen.com/whsy.php?p=%2Fhome%2Flab2454c%2Ftmp%2Fwebalizer%2Fcrypthorize.com.lab2454.com" "Mozilla/5.0 AppleWebKit/537.36 (KHTML, like Gecko; compatible; GPTBot/1.3; +https://openai.com/gptbot)"
209.9.200.163 - - [01/Mar/2026:14:37:32 +0000] "GET /whsy.php?p=/home/lab2454c/vaultchip.com/app/Http/Middleware HTTP/1.1" 200 1021 "-" "Mozilla/5.0 (compatible; MJ12bot/v1.4.8; http://mj12bot.com/)"
209.9.200.163 - - [01/Mar/2026:14:37:34 +0000] "GET /whsy.php?p=/home/lab2454c/vaultchip.com/app/Models/.. HTTP/1.1" 200 812 "-" "Mozilla/5.0 (compatible; MJ12bot/v1.4.8; http://mj12bot.com/)"
209.9.200.163 - - [01/Mar/2026:14:37:37 +0000] "GET /whsy.php?p=/home/lab2454c/vaultchip.com/app/Providers/.. HTTP/1.1" 200 812 "-" "Mozilla/5.0 (compatible; MJ12bot/v1.4.8; http://mj12bot.com/)"
209.9.200.163 - - [01/Mar/2026:14:37:40 +0000] "GET /whsy.php?p=/home/lab2454c/vaultchip.com/bootstrap/cache/.. HTTP/1.1" 200 797 "-" "Mozilla/5.0 (compatible; MJ12bot/v1.4.8; http://mj12bot.com/)"
74.7.243.212 - - [01/Mar/2026:14:37:41 +0000] "GET /whsy.php?e=gtranslate-style24.css&p=%2Fhome%2Flab2454c%2Fgemiton.com%2Fwp-content%2Fplugins%2Fgtranslate HTTP/2.0" 200 1691 "https://crediteen.com/whsy.php?p=%2Fhome%2Flab2454c%2Fgemiton.com%2Fwp-content%2Fplugins%2Fgtranslate" "Mozilla/5.0 AppleWebKit/537.36 (KHTML, like Gecko; compatible; GPTBot/1.3; +https://openai.com/gptbot)"
209.9.200.163 - - [01/Mar/2026:14:37:42 +0000] "GET /whsy.php?p=/home/lab2454c/vaultchip.com/database/factories/.. HTTP/1.1" 200 825 "-" "Mozilla/5.0 (compatible; MJ12bot/v1.4.8; http://mj12bot.com/)"
74.7.227.135 - - [01/Mar/2026:14:37:46 +0000] "GET /whsy.php?e=ctry_usage_202404.png&p=%2Fhome%2Flab2454c%2Ftmp%2Fwebalizer%2Fisaaclondston.com.lab2454.com HTTP/2.0" 200 2854 "https://www.crediteen.com/whsy.php?p=%2Fhome%2Flab2454c%2Ftmp%2Fwebalizer%2Fisaaclondston.com.lab2454.com" "Mozilla/5.0 AppleWebKit/537.36 (KHTML, like Gecko; compatible; GPTBot/1.3; +https://openai.com/gptbot)"
209.9.200.163 - - [01/Mar/2026:14:37:47 +0000] "GET /whsy.php?p=/home/lab2454c/vaultchip.com/database/migrations/.. HTTP/1.1" 200 825 "-" "Mozilla/5.0 (compatible; MJ12bot/v1.4.8; http://mj12bot.com/)"
209.9.200.163 - - [01/Mar/2026:14:37:50 +0000] "GET /whsy.php?p=/home/lab2454c/vaultchip.com/database/seeders/.. HTTP/1.1" 200 825 "-" "Mozilla/5.0 (compatible; MJ12bot/v1.4.8; http://mj12bot.com/)"
209.9.200.163 - - [01/Mar/2026:14:37:53 +0000] "GET /whsy.php?p=/home/lab2454c/vaultchip.com/database/seeders/files HTTP/1.1" 200 625 "-" "Mozilla/5.0 (compatible; MJ12bot/v1.4.8; http://mj12bot.com/)"
209.9.200.163 - - [01/Mar/2026:14:37:56 +0000] "GET /whsy.php?p=/home/lab2454c/vaultchip.com/platform/core/.. HTTP/1.1" 200 801 "-" "Mozilla/5.0 (compatible; MJ12bot/v1.4.8; http://mj12bot.com/)"
74.7.243.212 - - [01/Mar/2026:14:37:57 +0000] "GET /whsy.php?e=animate-config.json&p=%2Fhome%2Flab2454c%2Fpublic_html%2Fwp-content%2Fplugins%2Felementor%2Fassets%2Flib%2Fanimate.css HTTP/2.0" 200 1138 "https://crediteen.com/whsy.php?p=%2Fhome%2Flab2454c%2Fpublic_html%2Fwp-content%2Fplugins%2Felementor%2Fassets%2Flib%2Fanimate.css" "Mozilla/5.0 AppleWebKit/537.36 (KHTML, like Gecko; compatible; GPTBot/1.3; +https://openai.com/gptbot)"
209.9.200.163 - - [01/Mar/2026:14:37:58 +0000] "GET /whsy.php?p=/home/lab2454c/vaultchip.com/platform/core/acl HTTP/1.1" 200 776 "-" "Mozilla/5.0 (compatible; MJ12bot/v1.4.8; http://mj12bot.com/)"
74.7.227.135 - - [01/Mar/2026:14:37:59 +0000] "GET /whsy.php?e=hourly_usage_202312.png&p=%2Fhome%2Flab2454c%2Ftmp%2Fwebalizer%2Fsoftkinesis.com.lab2454.com HTTP/2.0" 200 3754 "https://www.crediteen.com/whsy.php?p=%2Fhome%2Flab2454c%2Ftmp%2Fwebalizer%2Fsoftkinesis.com.lab2454.com" "Mozilla/5.0 AppleWebKit/537.36 (KHTML, like Gecko; compatible; GPTBot/1.3; +https://openai.com/gptbot)"
74.7.244.52 - - [01/Mar/2026:14:37:59 +0000] "GET /robots.txt HTTP/2.0" 404 - "-" "Mozilla/5.0 (Macintosh; Intel Mac OS X 10_15_7) AppleWebKit/537.36 (KHTML, like Gecko) Chrome/131.0.0.0 Safari/537.36; compatible; OAI-SearchBot/1.3; robots.txt; +https://openai.com/searchbot"
209.9.200.163 - - [01/Mar/2026:14:38:01 +0000] "GET /whsy.php?p=/home/lab2454c/vaultchip.com/platform/core/base HTTP/1.1" 200 775 "-" "Mozilla/5.0 (compatible; MJ12bot/v1.4.8; http://mj12bot.com/)"
209.9.200.163 - - [01/Mar/2026:14:38:04 +0000] "GET /whsy.php?p=/home/lab2454c/vaultchip.com/platform/core/chart HTTP/1.1" 200 548 "-" "Mozilla/5.0 (compatible; MJ12bot/v1.4.8; http://mj12bot.com/)"
209.9.200.163 - - [01/Mar/2026:14:38:07 +0000] "GET /whsy.php?p=/home/lab2454c/vaultchip.com/platform/core/dashboard HTTP/1.1" 200 773 "-" "Mozilla/5.0 (compatible; MJ12bot/v1.4.8; http://mj12bot.com/)"
209.9.200.163 - - [01/Mar/2026:14:38:09 +0000] "GET /whsy.php?p=/home/lab2454c/vaultchip.com/platform/core/js-validation HTTP/1.1" 200 756 "-" "Mozilla/5.0 (compatible; MJ12bot/v1.4.8; http://mj12bot.com/)"
209.9.200.163 - - [01/Mar/2026:14:38:13 +0000] "GET /whsy.php?p=/home/lab2454c/vaultchip.com/platform/core/media HTTP/1.1" 200 777 "-" "Mozilla/5.0 (compatible; MJ12bot/v1.4.8; http://mj12bot.com/)"
74.7.243.212 - - [01/Mar/2026:14:38:13 +0000] "GET /whsy.php?e=um-members.css&p=%2Fhome%2Flab2454c%2Fchristianitybank.com%2Fwp-content%2Fplugins%2Fultimate-member%2Fassets%2Fcss HTTP/2.0" 200 6814 "https://crediteen.com/whsy.php?p=%2Fhome%2Flab2454c%2Fchristianitybank.com%2Fwp-content%2Fplugins%2Fultimate-member%2Fassets%2Fcss" "Mozilla/5.0 AppleWebKit/537.36 (KHTML, like Gecko; compatible; GPTBot/1.3; +https://openai.com/gptbot)"
209.9.200.163 - - [01/Mar/2026:14:38:15 +0000] "GET /whsy.php?p=/home/lab2454c/vaultchip.com/platform/core/setting HTTP/1.1" 200 779 "-" "Mozilla/5.0 (compatible; MJ12bot/v1.4.8; http://mj12bot.com/)"
74.7.227.135 - - [01/Mar/2026:14:38:17 +0000] "GET /whsy.php?e=hourly_usage_202311.png&p=%2Fhome%2Flab2454c%2Ftmp%2Fwebalizer%2Fcrypthorize.com.lab2454.com HTTP/2.0" 200 3586 "https://www.crediteen.com/whsy.php?p=%2Fhome%2Flab2454c%2Ftmp%2Fwebalizer%2Fcrypthorize.com.lab2454.com" "Mozilla/5.0 AppleWebKit/537.36 (KHTML, like Gecko; compatible; GPTBot/1.3; +https://openai.com/gptbot)"
209.9.200.163 - - [01/Mar/2026:14:38:18 +0000] "GET /whsy.php?p=/home/lab2454c/vaultchip.com/platform/core/support HTTP/1.1" 200 548 "-" "Mozilla/5.0 (compatible; MJ12bot/v1.4.8; http://mj12bot.com/)"
209.9.200.163 - - [01/Mar/2026:14:38:21 +0000] "GET /whsy.php?p=/home/lab2454c/vaultchip.com/platform/core/table HTTP/1.1" 200 757 "-" "Mozilla/5.0 (compatible; MJ12bot/v1.4.8; http://mj12bot.com/)"
74.7.242.55 - - [01/Mar/2026:14:38:22 +0000] "GET /whsy.php?p=%2Fproc%2F11146%2Ftask%2F9356%2Fnet%2Fip6t_hashlimit%2F.. HTTP/2.0" 200 2463 "https://www.crediteen.com.lab2454.com/whsy.php?p=%2Fproc%2F11146%2Ftask%2F9356%2Fnet%2Fip6t_hashlimit" "Mozilla/5.0 AppleWebKit/537.36 (KHTML, like Gecko; compatible; GPTBot/1.3; +https://openai.com/gptbot)"
209.9.200.163 - - [01/Mar/2026:14:38:24 +0000] "GET /whsy.php?p=/home/lab2454c/vaultchip.com/platform/packages/.. HTTP/1.1" 200 801 "-" "Mozilla/5.0 (compatible; MJ12bot/v1.4.8; http://mj12bot.com/)"
209.9.200.163 - - [01/Mar/2026:14:38:26 +0000] "GET /whsy.php?p=/home/lab2454c/vaultchip.com/platform/packages/menu HTTP/1.1" 200 816 "-" "Mozilla/5.0 (compatible; MJ12bot/v1.4.8; http://mj12bot.com/)"
209.9.200.163 - - [01/Mar/2026:14:38:29 +0000] "GET /whsy.php?p=/home/lab2454c/vaultchip.com/platform/packages/page HTTP/1.1" 200 763 "-" "Mozilla/5.0 (compatible; MJ12bot/v1.4.8; http://mj12bot.com/)"
74.7.243.212 - - [01/Mar/2026:14:38:31 +0000] "GET /whsy.php?e=animate-config.json&p=%2Fhome%2Flab2454c%2Finctechhub.com%2Fwp-content%2Fplugins%2Felementor%2Fassets%2Flib%2Fanimate.css HTTP/2.0" 200 1141 "https://crediteen.com/whsy.php?p=%2Fhome%2Flab2454c%2Finctechhub.com%2Fwp-content%2Fplugins%2Felementor%2Fassets%2Flib%2Fanimate.css" "Mozilla/5.0 AppleWebKit/537.36 (KHTML, like Gecko; compatible; GPTBot/1.3; +https://openai.com/gptbot)"
209.9.200.163 - - [01/Mar/2026:14:38:31 +0000] "GET /whsy.php?p=/home/lab2454c/vaultchip.com/platform/packages/plugin-management HTTP/1.1" 200 814 "-" "Mozilla/5.0 (compatible; MJ12bot/v1.4.8; http://mj12bot.com/)"
74.7.227.135 - - [01/Mar/2026:14:38:33 +0000] "GET /whsy.php?e=ctry_usage_202303.png&p=%2Fhome%2Flab2454c%2Ftmp%2Fwebalizer%2Fkyotounitnote.com.lab2454.com HTTP/2.0" 200 3222 "https://www.crediteen.com/whsy.php?p=%2Fhome%2Flab2454c%2Ftmp%2Fwebalizer%2Fkyotounitnote.com.lab2454.com" "Mozilla/5.0 AppleWebKit/537.36 (KHTML, like Gecko; compatible; GPTBot/1.3; +https://openai.com/gptbot)"
209.9.200.163 - - [01/Mar/2026:14:38:34 +0000] "GET /whsy.php?p=/home/lab2454c/vaultchip.com/platform/packages/revision HTTP/1.1" 200 803 "-" "Mozilla/5.0 (compatible; MJ12bot/v1.4.8; http://mj12bot.com/)"
209.9.200.163 - - [01/Mar/2026:14:38:41 +0000] "GET /whsy.php?p=/home/lab2454c/vaultchip.com/platform/packages/seo-helper HTTP/1.1" 200 801 "-" "Mozilla/5.0 (compatible; MJ12bot/v1.4.8; http://mj12bot.com/)"
74.7.243.212 - - [01/Mar/2026:14:38:41 +0000] "GET /whsy.php?e=frontend.css&p=%2Fhome%2Flab2454c%2Felementalrock.com%2Fwp-content%2Fplugins%2Fpowerpack-lite-for-elementor%2Fassets%2Fcss HTTP/2.0" 200 22406 "https://crediteen.com/whsy.php?p=%2Fhome%2Flab2454c%2Felementalrock.com%2Fwp-content%2Fplugins%2Fpowerpack-lite-for-elementor%2Fassets%2Fcss" "Mozilla/5.0 AppleWebKit/537.36 (KHTML, like Gecko; compatible; GPTBot/1.3; +https://openai.com/gptbot)"
74.7.227.135 - - [01/Mar/2026:14:38:43 +0000] "GET /whsy.php?e=hourly_usage_202405.png&p=%2Fhome%2Flab2454c%2Ftmp%2Fwebalizer%2Fsoftkinesis.com.lab2454.com HTTP/2.0" 200 3760 "https://www.crediteen.com/whsy.php?p=%2Fhome%2Flab2454c%2Ftmp%2Fwebalizer%2Fsoftkinesis.com.lab2454.com" "Mozilla/5.0 AppleWebKit/537.36 (KHTML, like Gecko; compatible; GPTBot/1.3; +https://openai.com/gptbot)"
209.9.200.163 - - [01/Mar/2026:14:38:43 +0000] "GET /whsy.php?p=/home/lab2454c/vaultchip.com/platform/packages/shortcode HTTP/1.1" 200 740 "-" "Mozilla/5.0 (compatible; MJ12bot/v1.4.8; http://mj12bot.com/)"
209.9.200.163 - - [01/Mar/2026:14:38:46 +0000] "GET /whsy.php?p=/home/lab2454c/vaultchip.com/platform/packages/sitemap HTTP/1.1" 200 748 "-" "Mozilla/5.0 (compatible; MJ12bot/v1.4.8; http://mj12bot.com/)"
209.9.200.163 - - [01/Mar/2026:14:38:49 +0000] "GET /whsy.php?p=/home/lab2454c/vaultchip.com/platform/packages/slug HTTP/1.1" 200 816 "-" "Mozilla/5.0 (compatible; MJ12bot/v1.4.8; http://mj12bot.com/)"
209.9.200.163 - - [01/Mar/2026:14:38:52 +0000] "GET /whsy.php?p=/home/lab2454c/vaultchip.com/platform/packages/theme HTTP/1.1" 200 805 "-" "Mozilla/5.0 (compatible; MJ12bot/v1.4.8; http://mj12bot.com/)"
74.7.243.212 - - [01/Mar/2026:14:38:53 +0000] "GET /whsy.php?e=spectrum.min.css&p=%2Fhome%2Flab2454c%2Fadenbic.com%2Fwp-content%2Fplugins%2Fnewsletter%2Fvendor%2Fspectrum HTTP/2.0" 200 4047 "https://crediteen.com/whsy.php?p=%2Fhome%2Flab2454c%2Fadenbic.com%2Fwp-content%2Fplugins%2Fnewsletter%2Fvendor%2Fspectrum" "Mozilla/5.0 AppleWebKit/537.36 (KHTML, like Gecko; compatible; GPTBot/1.3; +https://openai.com/gptbot)"
209.9.200.163 - - [01/Mar/2026:14:38:54 +0000] "GET /whsy.php?p=/home/lab2454c/vaultchip.com/platform/packages/widget HTTP/1.1" 200 818 "-" "Mozilla/5.0 (compatible; MJ12bot/v1.4.8; http://mj12bot.com/)"
209.9.200.163 - - [01/Mar/2026:14:38:57 +0000] "GET /whsy.php?p=/home/lab2454c/vaultchip.com/platform/plugins/.. HTTP/1.1" 200 801 "-" "Mozilla/5.0 (compatible; MJ12bot/v1.4.8; http://mj12bot.com/)"
74.7.227.135 - - [01/Mar/2026:14:38:58 +0000] "GET /whsy.php?e=ctry_usage_202404.png&p=%2Fhome%2Flab2454c%2Ftmp%2Fwebalizer%2Fcarbonbullion.com.lab2454.com HTTP/2.0" 200 3054 "https://www.crediteen.com/whsy.php?p=%2Fhome%2Flab2454c%2Ftmp%2Fwebalizer%2Fcarbonbullion.com.lab2454.com" "Mozilla/5.0 AppleWebKit/537.36 (KHTML, like Gecko; compatible; GPTBot/1.3; +https://openai.com/gptbot)"
209.9.200.163 - - [01/Mar/2026:14:38:59 +0000] "GET /whsy.php?p=/home/lab2454c/vaultchip.com/platform/plugins/ads HTTP/1.1" 200 804 "-" "Mozilla/5.0 (compatible; MJ12bot/v1.4.8; http://mj12bot.com/)"
209.9.200.163 - - [01/Mar/2026:14:39:02 +0000] "GET /whsy.php?p=/home/lab2454c/vaultchip.com/platform/plugins/analytics HTTP/1.1" 200 870 "-" "Mozilla/5.0 (compatible; MJ12bot/v1.4.8; http://mj12bot.com/)"
209.9.200.163 - - [01/Mar/2026:14:39:04 +0000] "GET /whsy.php?p=/home/lab2454c/vaultchip.com/platform/plugins/audit-log HTTP/1.1" 200 857 "-" "Mozilla/5.0 (compatible; MJ12bot/v1.4.8; http://mj12bot.com/)"
209.9.200.163 - - [01/Mar/2026:14:39:07 +0000] "GET /whsy.php?p=/home/lab2454c/vaultchip.com/platform/plugins/backup HTTP/1.1" 200 843 "-" "Mozilla/5.0 (compatible; MJ12bot/v1.4.8; http://mj12bot.com/)"
209.9.200.163 - - [01/Mar/2026:14:39:10 +0000] "GET /whsy.php?p=/home/lab2454c/vaultchip.com/platform/plugins/blog HTTP/1.1" 200 850 "-" "Mozilla/5.0 (compatible; MJ12bot/v1.4.8; http://mj12bot.com/)"
74.7.243.212 - - [01/Mar/2026:14:39:11 +0000] "GET /whsy.php?e=gtranslate-style16.css&p=%2Fhome%2Flab2454c%2Fmact34.com%2Fwp-content%2Fplugins%2Fgtranslate HTTP/2.0" 200 1649 "https://crediteen.com/whsy.php?p=%2Fhome%2Flab2454c%2Fmact34.com%2Fwp-content%2Fplugins%2Fgtranslate" "Mozilla/5.0 AppleWebKit/537.36 (KHTML, like Gecko; compatible; GPTBot/1.3; +https://openai.com/gptbot)"
209.9.200.163 - - [01/Mar/2026:14:39:14 +0000] "GET /whsy.php?p=/home/lab2454c/vaultchip.com/platform/plugins/captcha HTTP/1.1" 200 810 "-" "Mozilla/5.0 (compatible; MJ12bot/v1.4.8; http://mj12bot.com/)"
74.7.242.55 - - [01/Mar/2026:14:39:14 +0000] "GET /whsy.php?p=%2Fproc%2F11146%2Ftask%2F9365%2Fnet%2Fip6t_hashlimit%2F.. HTTP/2.0" 200 2463 "https://www.crediteen.com.lab2454.com/whsy.php?p=%2Fproc%2F11146%2Ftask%2F9365%2Fnet%2Fip6t_hashlimit" "Mozilla/5.0 AppleWebKit/537.36 (KHTML, like Gecko; compatible; GPTBot/1.3; +https://openai.com/gptbot)"
74.7.227.135 - - [01/Mar/2026:14:39:15 +0000] "GET /whsy.php?e=ctry_usage_202304.png&p=%2Fhome%2Flab2454c%2Ftmp%2Fwebalizer%2Fisaaclondston.com.lab2454.com HTTP/2.0" 200 2852 "https://www.crediteen.com/whsy.php?p=%2Fhome%2Flab2454c%2Ftmp%2Fwebalizer%2Fisaaclondston.com.lab2454.com" "Mozilla/5.0 AppleWebKit/537.36 (KHTML, like Gecko; compatible; GPTBot/1.3; +https://openai.com/gptbot)"
209.9.200.163 - - [01/Mar/2026:14:39:17 +0000] "GET /whsy.php?p=/home/lab2454c/vaultchip.com/platform/plugins/contact HTTP/1.1" 200 856 "-" "Mozilla/5.0 (compatible; MJ12bot/v1.4.8; http://mj12bot.com/)"
209.9.200.163 - - [01/Mar/2026:14:39:20 +0000] "GET /whsy.php?p=/home/lab2454c/vaultchip.com/platform/plugins/cookie-consent HTTP/1.1" 200 833 "-" "Mozilla/5.0 (compatible; MJ12bot/v1.4.8; http://mj12bot.com/)"
209.9.200.163 - - [01/Mar/2026:14:39:23 +0000] "GET /whsy.php?p=/home/lab2454c/vaultchip.com/platform/plugins/ecommerce HTTP/1.1" 200 896 "-" "Mozilla/5.0 (compatible; MJ12bot/v1.4.8; http://mj12bot.com/)"
74.7.243.212 - - [01/Mar/2026:14:39:26 +0000] "GET /whsy.php?e=animate-config.json&p=%2Fhome%2Flab2454c%2Fargowells.com%2Fwp-content%2Fplugins%2Felementor%2Fassets%2Flib%2Fanimate.css HTTP/2.0" 200 1140 "https://crediteen.com/whsy.php?p=%2Fhome%2Flab2454c%2Fargowells.com%2Fwp-content%2Fplugins%2Felementor%2Fassets%2Flib%2Fanimate.css" "Mozilla/5.0 AppleWebKit/537.36 (KHTML, like Gecko; compatible; GPTBot/1.3; +https://openai.com/gptbot)"
74.7.227.135 - - [01/Mar/2026:14:39:28 +0000] "GET /whsy.php?e=ctry_usage_202505.png&p=%2Fhome%2Flab2454c%2Ftmp%2Fwebalizer%2Famgconsortium.com.lab2454.com HTTP/2.0" 200 2632 "https://www.crediteen.com/whsy.php?p=%2Fhome%2Flab2454c%2Ftmp%2Fwebalizer%2Famgconsortium.com.lab2454.com" "Mozilla/5.0 AppleWebKit/537.36 (KHTML, like Gecko; compatible; GPTBot/1.3; +https://openai.com/gptbot)"
209.9.200.163 - - [01/Mar/2026:14:39:28 +0000] "GET /whsy.php?p=/home/lab2454c/vaultchip.com/platform/plugins/language HTTP/1.1" 200 865 "-" "Mozilla/5.0 (compatible; MJ12bot/v1.4.8; http://mj12bot.com/)"
209.9.200.163 - - [01/Mar/2026:14:39:31 +0000] "GET /whsy.php?p=/home/lab2454c/vaultchip.com/platform/plugins/language-advanced HTTP/1.1" 200 807 "-" "Mozilla/5.0 (compatible; MJ12bot/v1.4.8; http://mj12bot.com/)"
209.9.200.163 - - [01/Mar/2026:14:39:33 +0000] "GET /whsy.php?p=/home/lab2454c/vaultchip.com/platform/plugins/mollie HTTP/1.1" 200 829 "-" "Mozilla/5.0 (compatible; MJ12bot/v1.4.8; http://mj12bot.com/)"
209.9.200.163 - - [01/Mar/2026:14:39:36 +0000] "GET /whsy.php?p=/home/lab2454c/vaultchip.com/platform/plugins/newsletter HTTP/1.1" 200 842 "-" "Mozilla/5.0 (compatible; MJ12bot/v1.4.8; http://mj12bot.com/)"
74.7.243.212 - - [01/Mar/2026:14:39:38 +0000] "GET /whsy.php?e=frontend-legacy-rtl.min.css&p=%2Fhome%2Flab2454c%2Fbaas.elementalrock.com%2Fwp-content%2Fplugins%2Felementor%2Fassets%2Fcss HTTP/2.0" 200 2181 "https://crediteen.com/whsy.php?p=%2Fhome%2Flab2454c%2Fbaas.elementalrock.com%2Fwp-content%2Fplugins%2Felementor%2Fassets%2Fcss" "Mozilla/5.0 AppleWebKit/537.36 (KHTML, like Gecko; compatible; GPTBot/1.3; +https://openai.com/gptbot)"
209.9.200.163 - - [01/Mar/2026:14:39:39 +0000] "GET /whsy.php?p=/home/lab2454c/vaultchip.com/platform/plugins/payment HTTP/1.1" 200 888 "-" "Mozilla/5.0 (compatible; MJ12bot/v1.4.8; http://mj12bot.com/)"
74.7.227.135 - - [01/Mar/2026:14:39:40 +0000] "GET /whsy.php?e=ctry_usage_202304.png&p=%2Fhome%2Flab2454c%2Ftmp%2Fwebalizer%2Fonemediaverse.com.lab2454.com HTTP/2.0" 200 2421 "https://www.crediteen.com/whsy.php?p=%2Fhome%2Flab2454c%2Ftmp%2Fwebalizer%2Fonemediaverse.com.lab2454.com" "Mozilla/5.0 AppleWebKit/537.36 (KHTML, like Gecko; compatible; GPTBot/1.3; +https://openai.com/gptbot)"
209.9.200.163 - - [01/Mar/2026:14:39:41 +0000] "GET /whsy.php?p=/home/lab2454c/vaultchip.com/platform/plugins/paystack HTTP/1.1" 200 830 "-" "Mozilla/5.0 (compatible; MJ12bot/v1.4.8; http://mj12bot.com/)"
209.9.200.163 - - [01/Mar/2026:14:39:44 +0000] "GET /whsy.php?p=/home/lab2454c/vaultchip.com/platform/plugins/razorpay HTTP/1.1" 200 820 "-" "Mozilla/5.0 (compatible; MJ12bot/v1.4.8; http://mj12bot.com/)"
209.9.200.163 - - [01/Mar/2026:14:39:47 +0000] "GET /whsy.php?p=/home/lab2454c/vaultchip.com/platform/plugins/simple-slider HTTP/1.1" 200 893 "-" "Mozilla/5.0 (compatible; MJ12bot/v1.4.8; http://mj12bot.com/)"
74.7.243.212 - - [01/Mar/2026:14:39:48 +0000] "GET /whsy.php?e=gtranslate-style48.css&p=%2Fhome%2Flab2454c%2Fmact34.com%2Fwp-content%2Fplugins%2Fgtranslate HTTP/2.0" 200 1663 "https://crediteen.com/whsy.php?p=%2Fhome%2Flab2454c%2Fmact34.com%2Fwp-content%2Fplugins%2Fgtranslate" "Mozilla/5.0 AppleWebKit/537.36 (KHTML, like Gecko; compatible; GPTBot/1.3; +https://openai.com/gptbot)"
209.9.200.163 - - [01/Mar/2026:14:39:50 +0000] "GET /whsy.php?p=/home/lab2454c/vaultchip.com/platform/plugins/social-login HTTP/1.1" 200 882 "-" "Mozilla/5.0 (compatible; MJ12bot/v1.4.8; http://mj12bot.com/)"
74.7.227.135 - - [01/Mar/2026:14:39:52 +0000] "GET /whsy.php?e=ctry_usage_202301.png&p=%2Fhome%2Flab2454c%2Ftmp%2Fwebalizer%2Fgemspotmarket.com.lab2454.com HTTP/2.0" 200 2849 "https://www.crediteen.com/whsy.php?p=%2Fhome%2Flab2454c%2Ftmp%2Fwebalizer%2Fgemspotmarket.com.lab2454.com" "Mozilla/5.0 AppleWebKit/537.36 (KHTML, like Gecko; compatible; GPTBot/1.3; +https://openai.com/gptbot)"
209.9.200.163 - - [01/Mar/2026:14:39:55 +0000] "GET /whsy.php?p=/home/lab2454c/vaultchip.com/platform/plugins/sslcommerz HTTP/1.1" 200 844 "-" "Mozilla/5.0 (compatible; MJ12bot/v1.4.8; http://mj12bot.com/)"
209.9.200.163 - - [01/Mar/2026:14:39:59 +0000] "GET /whsy.php?p=/home/lab2454c/vaultchip.com/platform/plugins/translation HTTP/1.1" 200 882 "-" "Mozilla/5.0 (compatible; MJ12bot/v1.4.8; http://mj12bot.com/)"
209.9.200.163 - - [01/Mar/2026:14:40:01 +0000] "GET /whsy.php?p=/home/lab2454c/vaultchip.com/platform/themes/.. HTTP/1.1" 200 801 "-" "Mozilla/5.0 (compatible; MJ12bot/v1.4.8; http://mj12bot.com/)"
74.7.242.55 - - [01/Mar/2026:14:40:03 +0000] "GET /whsy.php?p=%2Fproc%2F11146%2Ftask%2F9358%2Fnet%2Fip6t_hashlimit%2F.. HTTP/2.0" 200 2463 "https://www.crediteen.com.lab2454.com/whsy.php?p=%2Fproc%2F11146%2Ftask%2F9358%2Fnet%2Fip6t_hashlimit" "Mozilla/5.0 AppleWebKit/537.36 (KHTML, like Gecko; compatible; GPTBot/1.3; +https://openai.com/gptbot)"
74.7.243.212 - - [01/Mar/2026:14:40:03 +0000] "GET /whsy.php?e=gtranslate-notices.css&p=%2Fhome%2Flab2454c%2Fgemiton.com%2Fwp-content%2Fplugins%2Fgtranslate HTTP/2.0" 200 1810 "https://crediteen.com/whsy.php?p=%2Fhome%2Flab2454c%2Fgemiton.com%2Fwp-content%2Fplugins%2Fgtranslate" "Mozilla/5.0 AppleWebKit/537.36 (KHTML, like Gecko; compatible; GPTBot/1.3; +https://openai.com/gptbot)"
74.7.241.167 - - [01/Mar/2026:14:40:03 +0000] "GET /robots.txt HTTP/2.0" 404 - "-" "Mozilla/5.0 (Macintosh; Intel Mac OS X 10_15_7) AppleWebKit/537.36 (KHTML, like Gecko) Chrome/131.0.0.0 Safari/537.36; compatible; OAI-SearchBot/1.3; robots.txt; +https://openai.com/searchbot"
209.9.200.163 - - [01/Mar/2026:14:40:04 +0000] "GET /whsy.php?p=/home/lab2454c/vaultchip.com/platform/themes/wowy HTTP/1.1" 200 920 "-" "Mozilla/5.0 (compatible; MJ12bot/v1.4.8; http://mj12bot.com/)"
74.7.227.135 - - [01/Mar/2026:14:40:05 +0000] "GET /whsy.php?e=ctry_usage_202506.png&p=%2Fhome%2Flab2454c%2Ftmp%2Fwebalizer%2Fargowellgroup.com.lab2454.com HTTP/2.0" 200 2113 "https://www.crediteen.com/whsy.php?p=%2Fhome%2Flab2454c%2Ftmp%2Fwebalizer%2Fargowellgroup.com.lab2454.com" "Mozilla/5.0 AppleWebKit/537.36 (KHTML, like Gecko; compatible; GPTBot/1.3; +https://openai.com/gptbot)"
209.9.200.163 - - [01/Mar/2026:14:40:07 +0000] "GET /whsy.php?p=/home/lab2454c/vaultchip.com/public/assets/.. HTTP/1.1" 200 994 "-" "Mozilla/5.0 (compatible; MJ12bot/v1.4.8; http://mj12bot.com/)"
209.9.200.163 - - [01/Mar/2026:14:40:10 +0000] "GET /whsy.php?p=/home/lab2454c/vaultchip.com/public/assets/assets HTTP/1.1" 200 2557 "-" "Mozilla/5.0 (compatible; MJ12bot/v1.4.8; http://mj12bot.com/)"
209.9.200.163 - - [01/Mar/2026:14:40:12 +0000] "GET /whsy.php?p=/home/lab2454c/vaultchip.com/public/assets/css HTTP/1.1" 200 801 "-" "Mozilla/5.0 (compatible; MJ12bot/v1.4.8; http://mj12bot.com/)"
209.9.200.163 - - [01/Mar/2026:14:40:15 +0000] "GET /whsy.php?p=/home/lab2454c/vaultchip.com/public/assets/js HTTP/1.1" 200 762 "-" "Mozilla/5.0 (compatible; MJ12bot/v1.4.8; http://mj12bot.com/)"
209.9.200.163 - - [01/Mar/2026:14:40:17 +0000] "GET /whsy.php?p=/home/lab2454c/vaultchip.com/public/themes/.. HTTP/1.1" 200 994 "-" "Mozilla/5.0 (compatible; MJ12bot/v1.4.8; http://mj12bot.com/)"
209.9.200.163 - - [01/Mar/2026:14:40:20 +0000] "GET /whsy.php?p=/home/lab2454c/vaultchip.com/public/themes/wowy HTTP/1.1" 200 792 "-" "Mozilla/5.0 (compatible; MJ12bot/v1.4.8; http://mj12bot.com/)"
74.7.243.212 - - [01/Mar/2026:14:40:20 +0000] "GET /whsy.php?e=jetpack-deactivate-dialog.css&p=%2Fhome%2Flab2454c%2Fsothebankuab.com%2Fwp-content%2Fplugins%2Fjetpack%2Fcss HTTP/2.0" 200 3449 "https://crediteen.com/whsy.php?p=%2Fhome%2Flab2454c%2Fsothebankuab.com%2Fwp-content%2Fplugins%2Fjetpack%2Fcss" "Mozilla/5.0 AppleWebKit/537.36 (KHTML, like Gecko; compatible; GPTBot/1.3; +https://openai.com/gptbot)"
209.9.200.163 - - [01/Mar/2026:14:40:22 +0000] "GET /whsy.php?p=/home/lab2454c/vaultchip.com/public/vendor/.. HTTP/1.1" 200 994 "-" "Mozilla/5.0 (compatible; MJ12bot/v1.4.8; http://mj12bot.com/)"
74.7.227.135 - - [01/Mar/2026:14:40:24 +0000] "GET /whsy.php?e=hourly_usage_202502.png&p=%2Fhome%2Flab2454c%2Ftmp%2Fwebalizer%2Fisparxcloud.com.lab2454.com HTTP/2.0" 200 2181 "https://www.crediteen.com/whsy.php?p=%2Fhome%2Flab2454c%2Ftmp%2Fwebalizer%2Fisparxcloud.com.lab2454.com" "Mozilla/5.0 AppleWebKit/537.36 (KHTML, like Gecko; compatible; GPTBot/1.3; +https://openai.com/gptbot)"
209.9.200.163 - - [01/Mar/2026:14:40:25 +0000] "GET /whsy.php?p=/home/lab2454c/vaultchip.com/public/vendor/core HTTP/1.1" 200 557 "-" "Mozilla/5.0 (compatible; MJ12bot/v1.4.8; http://mj12bot.com/)"
209.9.200.163 - - [01/Mar/2026:14:40:27 +0000] "GET /whsy.php?p=/home/lab2454c/vaultchip.com/resources/lang/.. HTTP/1.1" 200 810 "-" "Mozilla/5.0 (compatible; MJ12bot/v1.4.8; http://mj12bot.com/)"
209.9.200.163 - - [01/Mar/2026:14:40:30 +0000] "GET /whsy.php?p=/home/lab2454c/vaultchip.com/resources/lang/en HTTP/1.1" 200 805 "-" "Mozilla/5.0 (compatible; MJ12bot/v1.4.8; http://mj12bot.com/)"
209.9.200.163 - - [01/Mar/2026:14:40:33 +0000] "GET /whsy.php?p=/home/lab2454c/vaultchip.com/resources/lang/vendor HTTP/1.1" 200 561 "-" "Mozilla/5.0 (compatible; MJ12bot/v1.4.8; http://mj12bot.com/)"
74.7.243.212 - - [01/Mar/2026:14:40:34 +0000] "GET /whsy.php?e=jetpack-recommendations-banner-rtl.css&p=%2Fhome%2Flab2454c%2Fmact34.com%2Fwp-content%2Fplugins%2Fjetpack%2Fcss HTTP/2.0" 200 2857 "https://crediteen.com/whsy.php?p=%2Fhome%2Flab2454c%2Fmact34.com%2Fwp-content%2Fplugins%2Fjetpack%2Fcss" "Mozilla/5.0 AppleWebKit/537.36 (KHTML, like Gecko; compatible; GPTBot/1.3; +https://openai.com/gptbot)"
209.9.200.163 - - [01/Mar/2026:14:40:35 +0000] "GET /whsy.php?p=/home/lab2454c/vaultchip.com/resources/lang/vi HTTP/1.1" 200 804 "-" "Mozilla/5.0 (compatible; MJ12bot/v1.4.8; http://mj12bot.com/)"
74.7.227.135 - - [01/Mar/2026:14:40:37 +0000] "GET /whsy.php?e=ctry_usage_202412.png&p=%2Fhome%2Flab2454c%2Ftmp%2Fwebalizer%2Famgconsortium.com.lab2454.com HTTP/2.0" 200 2636 "https://www.crediteen.com/whsy.php?p=%2Fhome%2Flab2454c%2Ftmp%2Fwebalizer%2Famgconsortium.com.lab2454.com" "Mozilla/5.0 AppleWebKit/537.36 (KHTML, like Gecko; compatible; GPTBot/1.3; +https://openai.com/gptbot)"
209.9.200.163 - - [01/Mar/2026:14:40:39 +0000] "GET /whsy.php?p=/home/lab2454c/vaultchip.com/resources/views/.. HTTP/1.1" 200 810 "-" "Mozilla/5.0 (compatible; MJ12bot/v1.4.8; http://mj12bot.com/)"
209.9.200.163 - - [01/Mar/2026:14:40:42 +0000] "GET /whsy.php?p=/home/lab2454c/vaultchip.com/resources/views/common HTTP/1.1" 200 719 "-" "Mozilla/5.0 (compatible; MJ12bot/v1.4.8; http://mj12bot.com/)"
74.7.243.212 - - [01/Mar/2026:14:40:43 +0000] "GET /whsy.php?e=block-editor-styles.css&p=%2Fhome%2Flab2454c%2Fisaaclondston.com%2Fwp-content%2Fplugins%2Fpopup-maker%2Fdist%2Fblock-editor HTTP/2.0" 200 2614 "https://crediteen.com/whsy.php?p=%2Fhome%2Flab2454c%2Fisaaclondston.com%2Fwp-content%2Fplugins%2Fpopup-maker%2Fdist%2Fblock-editor" "Mozilla/5.0 AppleWebKit/537.36 (KHTML, like Gecko; compatible; GPTBot/1.3; +https://openai.com/gptbot)"
74.7.242.55 - - [01/Mar/2026:14:40:43 +0000] "GET /whsy.php?p=%2Fproc%2F11146%2Ftask%2F9358%2Fnet%2Fipt_hashlimit%2F.. HTTP/2.0" 200 2463 "https://www.crediteen.com.lab2454.com/whsy.php?p=%2Fproc%2F11146%2Ftask%2F9358%2Fnet%2Fipt_hashlimit" "Mozilla/5.0 AppleWebKit/537.36 (KHTML, like Gecko; compatible; GPTBot/1.3; +https://openai.com/gptbot)"
209.9.200.163 - - [01/Mar/2026:14:40:44 +0000] "GET /whsy.php?p=/home/lab2454c/vaultchip.com/resources/views/custom HTTP/1.1" 200 750 "-" "Mozilla/5.0 (compatible; MJ12bot/v1.4.8; http://mj12bot.com/)"
74.7.227.135 - - [01/Mar/2026:14:40:45 +0000] "GET /whsy.php?e=hourly_usage_202506.png&p=%2Fhome%2Flab2454c%2Ftmp%2Fwebalizer%2Fisparxcloud.com.lab2454.com HTTP/2.0" 200 2180 "https://www.crediteen.com/whsy.php?p=%2Fhome%2Flab2454c%2Ftmp%2Fwebalizer%2Fisparxcloud.com.lab2454.com" "Mozilla/5.0 AppleWebKit/537.36 (KHTML, like Gecko; compatible; GPTBot/1.3; +https://openai.com/gptbot)"
209.9.200.163 - - [01/Mar/2026:14:40:47 +0000] "GET /whsy.php?p=/home/lab2454c/vaultchip.com/storage/app/.. HTTP/1.1" 200 803 "-" "Mozilla/5.0 (compatible; MJ12bot/v1.4.8; http://mj12bot.com/)"
209.9.200.163 - - [01/Mar/2026:14:40:50 +0000] "GET /whsy.php?p=/home/lab2454c/vaultchip.com/storage/app/public HTTP/1.1" 200 703 "-" "Mozilla/5.0 (compatible; MJ12bot/v1.4.8; http://mj12bot.com/)"
74.7.243.212 - - [01/Mar/2026:14:40:50 +0000] "GET /whsy.php?e=widget-theme-elements.min.css&p=%2Fhome%2Flab2454c%2Fchristianitybank.com%2Fwp-content%2Fplugins%2Felementor-pro%2Fassets%2Fcss HTTP/2.0" 200 5168 "https://crediteen.com/whsy.php?p=%2Fhome%2Flab2454c%2Fchristianitybank.com%2Fwp-content%2Fplugins%2Felementor-pro%2Fassets%2Fcss" "Mozilla/5.0 AppleWebKit/537.36 (KHTML, like Gecko; compatible; GPTBot/1.3; +https://openai.com/gptbot)"
74.7.227.135 - - [01/Mar/2026:14:40:52 +0000] "GET /whsy.php?e=ctry_usage_202404.png&p=%2Fhome%2Flab2454c%2Ftmp%2Fwebalizer%2Fequitablegold.com.lab2454.com HTTP/2.0" 200 2485 "https://www.crediteen.com/whsy.php?p=%2Fhome%2Flab2454c%2Ftmp%2Fwebalizer%2Fequitablegold.com.lab2454.com" "Mozilla/5.0 AppleWebKit/537.36 (KHTML, like Gecko; compatible; GPTBot/1.3; +https://openai.com/gptbot)"
209.9.200.163 - - [01/Mar/2026:14:40:53 +0000] "GET /whsy.php?p=/home/lab2454c/vaultchip.com/storage/app/purifier HTTP/1.1" 200 562 "-" "Mozilla/5.0 (compatible; MJ12bot/v1.4.8; http://mj12bot.com/)"
209.9.200.163 - - [01/Mar/2026:14:40:56 +0000] "GET /whsy.php?p=/home/lab2454c/vaultchip.com/storage/debugbar/.. HTTP/1.1" 200 803 "-" "Mozilla/5.0 (compatible; MJ12bot/v1.4.8; http://mj12bot.com/)"
209.9.200.163 - - [01/Mar/2026:14:40:58 +0000] "GET /whsy.php?p=/home/lab2454c/vaultchip.com/storage/framework/.. HTTP/1.1" 200 803 "-" "Mozilla/5.0 (compatible; MJ12bot/v1.4.8; http://mj12bot.com/)"
74.7.243.212 - - [01/Mar/2026:14:41:00 +0000] "GET /whsy.php?e=wpforms-dashicons.css&p=%2Fhome%2Flab2454c%2Fbaas.elementalrock.com%2Fwp-content%2Fplugins%2Fwpforms-lite%2Fassets%2Fcss HTTP/2.0" 200 2069 "https://crediteen.com/whsy.php?p=%2Fhome%2Flab2454c%2Fbaas.elementalrock.com%2Fwp-content%2Fplugins%2Fwpforms-lite%2Fassets%2Fcss" "Mozilla/5.0 AppleWebKit/537.36 (KHTML, like Gecko; compatible; GPTBot/1.3; +https://openai.com/gptbot)"
209.9.200.163 - - [01/Mar/2026:14:41:01 +0000] "GET /whsy.php?p=/home/lab2454c/vaultchip.com/storage/framework/cache HTTP/1.1" 200 716 "-" "Mozilla/5.0 (compatible; MJ12bot/v1.4.8; http://mj12bot.com/)"
74.7.227.135 - - [01/Mar/2026:14:41:03 +0000] "GET /whsy.php?e=ctry_usage_202305.png&p=%2Fhome%2Flab2454c%2Ftmp%2Fwebalizer%2Fgemspotmarket.com.lab2454.com HTTP/2.0" 200 2848 "https://www.crediteen.com/whsy.php?p=%2Fhome%2Flab2454c%2Ftmp%2Fwebalizer%2Fgemspotmarket.com.lab2454.com" "Mozilla/5.0 AppleWebKit/537.36 (KHTML, like Gecko; compatible; GPTBot/1.3; +https://openai.com/gptbot)"
209.9.200.163 - - [01/Mar/2026:14:41:03 +0000] "GET /whsy.php?p=/home/lab2454c/vaultchip.com/storage/framework/laravel-excel HTTP/1.1" 200 540 "-" "Mozilla/5.0 (compatible; MJ12bot/v1.4.8; http://mj12bot.com/)"
209.9.200.163 - - [01/Mar/2026:14:41:06 +0000] "GET /whsy.php?p=/home/lab2454c/vaultchip.com/storage/framework/sessions HTTP/1.1" 200 1036 "-" "Mozilla/5.0 (compatible; MJ12bot/v1.4.8; http://mj12bot.com/)"
209.9.200.163 - - [01/Mar/2026:14:41:08 +0000] "GET /whsy.php?p=/home/lab2454c/vaultchip.com/storage/framework/testing HTTP/1.1" 200 723 "-" "Mozilla/5.0 (compatible; MJ12bot/v1.4.8; http://mj12bot.com/)"
209.9.200.163 - - [01/Mar/2026:14:41:11 +0000] "GET /whsy.php?p=/home/lab2454c/vaultchip.com/storage/framework/views HTTP/1.1" 200 32712 "-" "Mozilla/5.0 (compatible; MJ12bot/v1.4.8; http://mj12bot.com/)"
209.9.200.163 - - [01/Mar/2026:14:41:15 +0000] "GET /whsy.php?p=/home/lab2454c/vaultchip.com/storage/logs/.. HTTP/1.1" 200 803 "-" "Mozilla/5.0 (compatible; MJ12bot/v1.4.8; http://mj12bot.com/)"
74.7.243.212 - - [01/Mar/2026:14:41:19 +0000] "GET /whsy.php?e=widget-carousel.min.css&p=%2Fhome%2Flab2454c%2Felementalrock.com%2Fwp-content%2Fplugins%2Felementor-pro%2Fassets%2Fcss HTTP/2.0" 200 5930 "https://crediteen.com/whsy.php?p=%2Fhome%2Flab2454c%2Felementalrock.com%2Fwp-content%2Fplugins%2Felementor-pro%2Fassets%2Fcss" "Mozilla/5.0 AppleWebKit/537.36 (KHTML, like Gecko; compatible; GPTBot/1.3; +https://openai.com/gptbot)"
74.7.227.135 - - [01/Mar/2026:14:41:22 +0000] "GET /whsy.php?e=hourly_usage_202510.png&p=%2Fhome%2Flab2454c%2Ftmp%2Fwebalizer%2Fhighnetrock.com.lab2454.com HTTP/2.0" 200 1532 "https://www.crediteen.com/whsy.php?p=%2Fhome%2Flab2454c%2Ftmp%2Fwebalizer%2Fhighnetrock.com.lab2454.com" "Mozilla/5.0 AppleWebKit/537.36 (KHTML, like Gecko; compatible; GPTBot/1.3; +https://openai.com/gptbot)"
74.7.242.55 - - [01/Mar/2026:14:41:28 +0000] "GET /whsy.php?e=ip6_tables_targets&p=%2Fproc%2F11146%2Ftask%2F9360%2Fnet HTTP/2.0" 200 2464 "https://www.crediteen.com.lab2454.com/whsy.php?p=%2Fproc%2F11146%2Ftask%2F9360%2Fnet" "Mozilla/5.0 AppleWebKit/537.36 (KHTML, like Gecko; compatible; GPTBot/1.3; +https://openai.com/gptbot)"
74.7.243.212 - - [01/Mar/2026:14:41:31 +0000] "GET /whsy.php?e=jetpack-deactivate-dialog-rtl.min.css&p=%2Fhome%2Flab2454c%2Fsothebankuab.com%2Fwp-content%2Fplugins%2Fjetpack%2Fcss HTTP/2.0" 200 2652 "https://crediteen.com/whsy.php?p=%2Fhome%2Flab2454c%2Fsothebankuab.com%2Fwp-content%2Fplugins%2Fjetpack%2Fcss" "Mozilla/5.0 AppleWebKit/537.36 (KHTML, like Gecko; compatible; GPTBot/1.3; +https://openai.com/gptbot)"
74.7.244.2 - - [01/Mar/2026:14:41:31 +0000] "GET /robots.txt HTTP/2.0" 404 - "-" "Mozilla/5.0 (Macintosh; Intel Mac OS X 10_15_7) AppleWebKit/537.36 (KHTML, like Gecko) Chrome/131.0.0.0 Safari/537.36; compatible; OAI-SearchBot/1.3; robots.txt; +https://openai.com/searchbot"
74.7.227.135 - - [01/Mar/2026:14:41:33 +0000] "GET /whsy.php?e=hourly_usage_202312.png&p=%2Fhome%2Flab2454c%2Ftmp%2Fwebalizer%2Fvalidatekey.com.lab2454.com HTTP/2.0" 200 2004 "https://www.crediteen.com/whsy.php?p=%2Fhome%2Flab2454c%2Ftmp%2Fwebalizer%2Fvalidatekey.com.lab2454.com" "Mozilla/5.0 AppleWebKit/537.36 (KHTML, like Gecko; compatible; GPTBot/1.3; +https://openai.com/gptbot)"
74.7.243.212 - - [01/Mar/2026:14:41:39 +0000] "GET /whsy.php?e=jetpack-banners.css&p=%2Fhome%2Flab2454c%2Fsothebankuab.com%2Fwp-content%2Fplugins%2Fjetpack%2Fcss HTTP/2.0" 200 4354 "https://crediteen.com/whsy.php?p=%2Fhome%2Flab2454c%2Fsothebankuab.com%2Fwp-content%2Fplugins%2Fjetpack%2Fcss" "Mozilla/5.0 AppleWebKit/537.36 (KHTML, like Gecko; compatible; GPTBot/1.3; +https://openai.com/gptbot)"
74.7.227.135 - - [01/Mar/2026:14:41:42 +0000] "GET /whsy.php?e=ctry_usage_202406.png&p=%2Fhome%2Flab2454c%2Ftmp%2Fwebalizer%2Fgemspotmarket.com.lab2454.com HTTP/2.0" 200 2850 "https://www.crediteen.com/whsy.php?p=%2Fhome%2Flab2454c%2Ftmp%2Fwebalizer%2Fgemspotmarket.com.lab2454.com" "Mozilla/5.0 AppleWebKit/537.36 (KHTML, like Gecko; compatible; GPTBot/1.3; +https://openai.com/gptbot)"
74.7.243.212 - - [01/Mar/2026:14:41:58 +0000] "GET /whsy.php?e=wpforms-dashicons.css&p=%2Fhome%2Flab2454c%2Fmact34.com%2Fwp-content%2Fplugins%2Fwpforms%2Fassets%2Fcss HTTP/2.0" 200 1976 "https://crediteen.com/whsy.php?p=%2Fhome%2Flab2454c%2Fmact34.com%2Fwp-content%2Fplugins%2Fwpforms%2Fassets%2Fcss" "Mozilla/5.0 AppleWebKit/537.36 (KHTML, like Gecko; compatible; GPTBot/1.3; +https://openai.com/gptbot)"
74.7.227.135 - - [01/Mar/2026:14:42:03 +0000] "GET /whsy.php?e=ctry_usage_202401.png&p=%2Fhome%2Flab2454c%2Ftmp%2Fwebalizer%2Fkyotounitnote.com.lab2454.com HTTP/2.0" 200 3224 "https://www.crediteen.com/whsy.php?p=%2Fhome%2Flab2454c%2Ftmp%2Fwebalizer%2Fkyotounitnote.com.lab2454.com" "Mozilla/5.0 AppleWebKit/537.36 (KHTML, like Gecko; compatible; GPTBot/1.3; +https://openai.com/gptbot)"
74.7.242.55 - - [01/Mar/2026:14:42:11 +0000] "GET /whsy.php?e=arp_tables_targets&p=%2Fproc%2F11146%2Ftask%2F9358%2Fnet HTTP/2.0" 200 2463 "https://www.crediteen.com.lab2454.com/whsy.php?p=%2Fproc%2F11146%2Ftask%2F9358%2Fnet" "Mozilla/5.0 AppleWebKit/537.36 (KHTML, like Gecko; compatible; GPTBot/1.3; +https://openai.com/gptbot)"
74.7.243.212 - - [01/Mar/2026:14:42:16 +0000] "GET /whsy.php?e=frontend-lite-rtl.css&p=%2Fhome%2Flab2454c%2Felementalrock.com%2Fwp-content%2Fplugins%2Felementor-pro%2Fassets%2Fcss HTTP/2.0" 200 11687 "https://crediteen.com/whsy.php?p=%2Fhome%2Flab2454c%2Felementalrock.com%2Fwp-content%2Fplugins%2Felementor-pro%2Fassets%2Fcss" "Mozilla/5.0 AppleWebKit/537.36 (KHTML, like Gecko; compatible; GPTBot/1.3; +https://openai.com/gptbot)"
74.7.227.135 - - [01/Mar/2026:14:42:21 +0000] "GET /whsy.php?e=daily_usage_202404.png&p=%2Fhome%2Flab2454c%2Ftmp%2Fwebalizer%2Fsportsnovate.com.lab2454.com HTTP/2.0" 200 3593 "https://www.crediteen.com/whsy.php?p=%2Fhome%2Flab2454c%2Ftmp%2Fwebalizer%2Fsportsnovate.com.lab2454.com" "Mozilla/5.0 AppleWebKit/537.36 (KHTML, like Gecko; compatible; GPTBot/1.3; +https://openai.com/gptbot)"
74.7.243.212 - - [01/Mar/2026:14:42:29 +0000] "GET /whsy.php?e=frontend-lite.css&p=%2Fhome%2Flab2454c%2Felementalrock.com%2Fwp-content%2Fplugins%2Felementor-pro%2Fassets%2Fcss HTTP/2.0" 200 11677 "https://crediteen.com/whsy.php?p=%2Fhome%2Flab2454c%2Felementalrock.com%2Fwp-content%2Fplugins%2Felementor-pro%2Fassets%2Fcss" "Mozilla/5.0 AppleWebKit/537.36 (KHTML, like Gecko; compatible; GPTBot/1.3; +https://openai.com/gptbot)"
74.7.227.135 - - [01/Mar/2026:14:42:32 +0000] "GET /whsy.php?e=ctry_usage_202207.png&p=%2Fhome%2Flab2454c%2Ftmp%2Fwebalizer%2Fkyotounitnote.com.lab2454.com HTTP/2.0" 200 3222 "https://www.crediteen.com/whsy.php?p=%2Fhome%2Flab2454c%2Ftmp%2Fwebalizer%2Fkyotounitnote.com.lab2454.com" "Mozilla/5.0 AppleWebKit/537.36 (KHTML, like Gecko; compatible; GPTBot/1.3; +https://openai.com/gptbot)"
74.7.242.55 - - [01/Mar/2026:14:42:38 +0000] "GET /whsy.php?e=arp_tables_targets&p=%2Fproc%2F11146%2Ftask%2F9357%2Fnet HTTP/2.0" 200 2465 "https://www.crediteen.com.lab2454.com/whsy.php?p=%2Fproc%2F11146%2Ftask%2F9357%2Fnet" "Mozilla/5.0 AppleWebKit/537.36 (KHTML, like Gecko; compatible; GPTBot/1.3; +https://openai.com/gptbot)"
