54.37.254.160 - - [01/Mar/2026:13:21:53 +0000] "GET /whsy.php?p=/home/lab2454c/tmp/webalizer/sparxnovate.com.lab2454.com HTTP/1.1" 200 2279 "-" "Mozilla/5.0 (compatible; MJ12bot/v1.4.8; http://mj12bot.com/)"
54.37.254.160 - - [01/Mar/2026:13:21:55 +0000] "GET /whsy.php?p=/home/lab2454c/tmp/webalizer/sparxnovate.net.lab2454.com HTTP/1.1" 200 1957 "-" "Mozilla/5.0 (compatible; MJ12bot/v1.4.8; http://mj12bot.com/)"
74.7.227.135 - - [01/Mar/2026:13:21:55 +0000] "GET /whsy.php?e=tracker.php&p=%2Fhome%2Flab2454c%2Felementalmill.com%2Fwp-content%2Fplugins%2Felementor%2Fincludes HTTP/2.0" 200 4938 "https://www.crediteen.com/whsy.php?p=%2Fhome%2Flab2454c%2Felementalmill.com%2Fwp-content%2Fplugins%2Felementor%2Fincludes" "Mozilla/5.0 AppleWebKit/537.36 (KHTML, like Gecko; compatible; GPTBot/1.3; +https://openai.com/gptbot)"
54.37.254.160 - - [01/Mar/2026:13:21:56 +0000] "GET /whsy.php?p=/home/lab2454c/tmp/webalizer/spaxtac.com.lab2454.com HTTP/1.1" 200 3774 "-" "Mozilla/5.0 (compatible; MJ12bot/v1.4.8; http://mj12bot.com/)"
54.37.254.160 - - [01/Mar/2026:13:21:58 +0000] "GET /whsy.php?p=/home/lab2454c/tmp/webalizer/sports.keyreum.com HTTP/1.1" 200 3353 "-" "Mozilla/5.0 (compatible; MJ12bot/v1.4.8; http://mj12bot.com/)"
54.37.254.160 - - [01/Mar/2026:13:21:59 +0000] "GET /whsy.php?p=/home/lab2454c/tmp/webalizer/sports.sparxnovate.com.lab2454.com HTTP/1.1" 200 3518 "-" "Mozilla/5.0 (compatible; MJ12bot/v1.4.8; http://mj12bot.com/)"
54.37.254.160 - - [01/Mar/2026:13:22:01 +0000] "GET /whsy.php?p=/home/lab2454c/tmp/webalizer/sportsnovate.com.lab2454.com HTTP/1.1" 200 3524 "-" "Mozilla/5.0 (compatible; MJ12bot/v1.4.8; http://mj12bot.com/)"
54.37.254.160 - - [01/Mar/2026:13:22:03 +0000] "GET /whsy.php?p=/home/lab2454c/tmp/webalizer/sportstude.com.lab2454.com HTTP/1.1" 200 1659 "-" "Mozilla/5.0 (compatible; MJ12bot/v1.4.8; http://mj12bot.com/)"
54.37.254.160 - - [01/Mar/2026:13:22:04 +0000] "GET /whsy.php?p=/home/lab2454c/tmp/webalizer/ssl HTTP/1.1" 200 2954 "-" "Mozilla/5.0 (compatible; MJ12bot/v1.4.8; http://mj12bot.com/)"
54.37.254.160 - - [01/Mar/2026:13:22:06 +0000] "GET /whsy.php?p=/home/lab2454c/tmp/webalizer/transferwit.elementalrock.com HTTP/1.1" 200 3850 "-" "Mozilla/5.0 (compatible; MJ12bot/v1.4.8; http://mj12bot.com/)"
74.7.243.212 - - [01/Mar/2026:13:22:07 +0000] "GET /whsy.php?p=%2Fhome%2Flab2454c%2Fvaultchip.com%2Fvendor%2Flaravel%2Fcashier%2Fsrc%2FHttp%2FMiddleware%2F.. HTTP/2.0" 200 582 "https://crediteen.com/whsy.php?p=%2Fhome%2Flab2454c%2Fvaultchip.com%2Fvendor%2Flaravel%2Fcashier%2Fsrc%2FHttp%2FMiddleware" "Mozilla/5.0 AppleWebKit/537.36 (KHTML, like Gecko; compatible; GPTBot/1.3; +https://openai.com/gptbot)"
54.37.254.160 - - [01/Mar/2026:13:22:07 +0000] "GET /whsy.php?p=/home/lab2454c/tmp/webalizer/tripvare.com.lab2454.com HTTP/1.1" 200 3149 "-" "Mozilla/5.0 (compatible; MJ12bot/v1.4.8; http://mj12bot.com/)"
54.37.254.160 - - [01/Mar/2026:13:22:09 +0000] "GET /whsy.php?p=/home/lab2454c/tmp/webalizer/tripvares.com.lab2454.com HTTP/1.1" 200 3150 "-" "Mozilla/5.0 (compatible; MJ12bot/v1.4.8; http://mj12bot.com/)"
74.7.242.55 - - [01/Mar/2026:13:22:10 +0000] "GET /whsy.php?e=ip_tables_targets&p=%2Fproc%2F11146%2Ftask%2F11245%2Fnet HTTP/2.0" 200 2467 "https://www.crediteen.com.lab2454.com/whsy.php?p=%2Fproc%2F11146%2Ftask%2F11245%2Fnet" "Mozilla/5.0 AppleWebKit/537.36 (KHTML, like Gecko; compatible; GPTBot/1.3; +https://openai.com/gptbot)"
54.37.254.160 - - [01/Mar/2026:13:22:10 +0000] "GET /whsy.php?p=/home/lab2454c/tmp/webalizer/tudeflix.com.lab2454.com HTTP/1.1" 200 3838 "-" "Mozilla/5.0 (compatible; MJ12bot/v1.4.8; http://mj12bot.com/)"
74.7.227.135 - - [01/Mar/2026:13:22:10 +0000] "GET /whsy.php?e=zoom-handler.php&p=%2Fhome%2Flab2454c%2Felementalrock.com%2Fwp-content%2Fplugins%2Felementskit%2Fwidgets%2Fzoom HTTP/2.0" 200 4840 "https://www.crediteen.com/whsy.php?p=%2Fhome%2Flab2454c%2Felementalrock.com%2Fwp-content%2Fplugins%2Felementskit%2Fwidgets%2Fzoom" "Mozilla/5.0 AppleWebKit/537.36 (KHTML, like Gecko; compatible; GPTBot/1.3; +https://openai.com/gptbot)"
54.37.254.160 - - [01/Mar/2026:13:22:12 +0000] "GET /whsy.php?p=/home/lab2454c/tmp/webalizer/validatekey.com.lab2454.com HTTP/1.1" 200 1953 "-" "Mozilla/5.0 (compatible; MJ12bot/v1.4.8; http://mj12bot.com/)"
54.37.254.160 - - [01/Mar/2026:13:22:13 +0000] "GET /whsy.php?p=/home/lab2454c/tmp/webalizer/vaultchip.com.lab2454.com HTTP/1.1" 200 3605 "-" "Mozilla/5.0 (compatible; MJ12bot/v1.4.8; http://mj12bot.com/)"
54.37.254.160 - - [01/Mar/2026:13:22:15 +0000] "GET /whsy.php?p=/home/lab2454c/tmp/webalizer/vaxfi.com.lab2454.com HTTP/1.1" 200 2043 "-" "Mozilla/5.0 (compatible; MJ12bot/v1.4.8; http://mj12bot.com/)"
54.37.254.160 - - [01/Mar/2026:13:22:17 +0000] "GET /whsy.php?p=/home/lab2454c/tmp/webalizer/veritserv.com.lab2454.com HTTP/1.1" 200 5048 "-" "Mozilla/5.0 (compatible; MJ12bot/v1.4.8; http://mj12bot.com/)"
54.37.254.160 - - [01/Mar/2026:13:22:18 +0000] "GET /whsy.php?p=/home/lab2454c/tmp/webalizer/veritserv.net.lab2454.com HTTP/1.1" 200 3236 "-" "Mozilla/5.0 (compatible; MJ12bot/v1.4.8; http://mj12bot.com/)"
54.37.254.160 - - [01/Mar/2026:13:22:20 +0000] "GET /whsy.php?p=/home/lab2454c/tmp/webalizer/vkeycloud.com.lab2454.com HTTP/1.1" 200 1750 "-" "Mozilla/5.0 (compatible; MJ12bot/v1.4.8; http://mj12bot.com/)"
54.37.254.160 - - [01/Mar/2026:13:22:21 +0000] "GET /whsy.php?p=/home/lab2454c/tmp/webalizer/westernclear.com.lab2454.com HTTP/1.1" 200 5237 "-" "Mozilla/5.0 (compatible; MJ12bot/v1.4.8; http://mj12bot.com/)"
74.7.243.212 - - [01/Mar/2026:13:22:23 +0000] "GET /whsy.php?p=%2Fhome%2Flab2454c%2Fsportsnovate.com%2Fbackups%2Fcore%2Fvendor%2Fsymfony%2Fmime%2FCrypto%2F.. HTTP/2.0" 200 1343 "https://crediteen.com/whsy.php?p=%2Fhome%2Flab2454c%2Fsportsnovate.com%2Fbackups%2Fcore%2Fvendor%2Fsymfony%2Fmime%2FCrypto" "Mozilla/5.0 AppleWebKit/537.36 (KHTML, like Gecko; compatible; GPTBot/1.3; +https://openai.com/gptbot)"
54.37.254.160 - - [01/Mar/2026:13:22:23 +0000] "GET /whsy.php?p=/home/lab2454c/tmp/webalizer/westernclear.net.lab2454.com HTTP/1.1" 200 2231 "-" "Mozilla/5.0 (compatible; MJ12bot/v1.4.8; http://mj12bot.com/)"
54.37.254.160 - - [01/Mar/2026:13:22:25 +0000] "GET /whsy.php?p=/home/lab2454c/tmp/webalizer/worldcarboncapture.com.lab2454.com HTTP/1.1" 200 2860 "-" "Mozilla/5.0 (compatible; MJ12bot/v1.4.8; http://mj12bot.com/)"
74.7.242.55 - - [01/Mar/2026:13:22:26 +0000] "GET /whsy.php?e=ip_tables_matches&p=%2Fproc%2F11146%2Ftask%2F11162%2Fnet HTTP/2.0" 200 2465 "https://www.crediteen.com.lab2454.com/whsy.php?p=%2Fproc%2F11146%2Ftask%2F11162%2Fnet" "Mozilla/5.0 AppleWebKit/537.36 (KHTML, like Gecko; compatible; GPTBot/1.3; +https://openai.com/gptbot)"
74.7.227.135 - - [01/Mar/2026:13:22:26 +0000] "GET /whsy.php?e=info.blade.php&p=%2Fhome%2Flab2454c%2Fsothebry.softkinesis.com%2Fbackups%2Fcore%2Fresources%2Fviews%2Fadmin HTTP/2.0" 200 1805 "https://www.crediteen.com/whsy.php?p=%2Fhome%2Flab2454c%2Fsothebry.softkinesis.com%2Fbackups%2Fcore%2Fresources%2Fviews%2Fadmin%2Femail_template%2F.." "Mozilla/5.0 AppleWebKit/537.36 (KHTML, like Gecko; compatible; GPTBot/1.3; +https://openai.com/gptbot)"
54.37.254.160 - - [01/Mar/2026:13:22:26 +0000] "GET /whsy.php?p=/home/lab2454c/tmp/webalizer/worldcarboncapture.org.lab2454.com HTTP/1.1" 200 2862 "-" "Mozilla/5.0 (compatible; MJ12bot/v1.4.8; http://mj12bot.com/)"
54.37.254.160 - - [01/Mar/2026:13:22:28 +0000] "GET /whsy.php?p=/home/lab2454c/tmp/webalizer/wyntle.com.lab2454.com HTTP/1.1" 200 2505 "-" "Mozilla/5.0 (compatible; MJ12bot/v1.4.8; http://mj12bot.com/)"
54.37.254.160 - - [01/Mar/2026:13:22:30 +0000] "GET /whsy.php?p=/home/lab2454c/transferwit.elementalrock.com/.well-known/pki-validation/.. HTTP/1.1" 200 718 "-" "Mozilla/5.0 (compatible; MJ12bot/v1.4.8; http://mj12bot.com/)"
54.37.254.160 - - [01/Mar/2026:13:22:31 +0000] "GET /whsy.php?p=/home/lab2454c/transferwit.elementalrock.com/.wp-cli/cache/.. HTTP/1.1" 200 530 "-" "Mozilla/5.0 (compatible; MJ12bot/v1.4.8; http://mj12bot.com/)"
54.37.254.160 - - [01/Mar/2026:13:22:33 +0000] "GET /whsy.php?p=/home/lab2454c/transferwit.elementalrock.com/.wp-cli/cache/core HTTP/1.1" 200 539 "-" "Mozilla/5.0 (compatible; MJ12bot/v1.4.8; http://mj12bot.com/)"
54.37.254.160 - - [01/Mar/2026:13:22:34 +0000] "GET /whsy.php?p=/home/lab2454c/transferwit.elementalrock.com/.wp-cli/cache/plugin HTTP/1.1" 200 542 "-" "Mozilla/5.0 (compatible; MJ12bot/v1.4.8; http://mj12bot.com/)"
54.37.254.160 - - [01/Mar/2026:13:22:36 +0000] "GET /whsy.php?p=/home/lab2454c/transferwit.elementalrock.com/wp-content/ai1wm-backups/.. HTTP/1.1" 200 914 "-" "Mozilla/5.0 (compatible; MJ12bot/v1.4.8; http://mj12bot.com/)"
54.37.254.160 - - [01/Mar/2026:13:22:37 +0000] "GET /whsy.php?p=/home/lab2454c/transferwit.elementalrock.com/wp-content/maintenance/.. HTTP/1.1" 200 914 "-" "Mozilla/5.0 (compatible; MJ12bot/v1.4.8; http://mj12bot.com/)"
74.7.243.212 - - [01/Mar/2026:13:22:38 +0000] "GET /whsy.php?p=%2Fhome%2Flab2454c%2Fvaultchip.com%2Fplatform%2Fpackages%2Fpage%2Fresources%2Flang%2F.. HTTP/2.0" 200 565 "https://crediteen.com/whsy.php?p=%2Fhome%2Flab2454c%2Fvaultchip.com%2Fplatform%2Fpackages%2Fpage%2Fresources%2Flang" "Mozilla/5.0 AppleWebKit/537.36 (KHTML, like Gecko; compatible; GPTBot/1.3; +https://openai.com/gptbot)"
54.37.254.160 - - [01/Mar/2026:13:22:39 +0000] "GET /whsy.php?p=/home/lab2454c/transferwit.elementalrock.com/wp-content/maintenance/assets HTTP/1.1" 200 781 "-" "Mozilla/5.0 (compatible; MJ12bot/v1.4.8; http://mj12bot.com/)"
54.37.254.160 - - [01/Mar/2026:13:22:40 +0000] "GET /whsy.php?p=/home/lab2454c/transferwit.elementalrock.com/wp-content/plugins/.. HTTP/1.1" 200 914 "-" "Mozilla/5.0 (compatible; MJ12bot/v1.4.8; http://mj12bot.com/)"
74.7.242.55 - - [01/Mar/2026:13:22:40 +0000] "GET /whsy.php?e=arp_tables_targets&p=%2Fproc%2F11146%2Ftask%2F11158%2Fnet HTTP/2.0" 200 2468 "https://www.crediteen.com.lab2454.com/whsy.php?p=%2Fproc%2F11146%2Ftask%2F11158%2Fnet" "Mozilla/5.0 AppleWebKit/537.36 (KHTML, like Gecko; compatible; GPTBot/1.3; +https://openai.com/gptbot)"
74.7.227.135 - - [01/Mar/2026:13:22:41 +0000] "GET /whsy.php?e=yelp-handler.php&p=%2Fhome%2Flab2454c%2Felementalrock.com%2Fwp-content%2Fplugins%2Felementskit%2Fwidgets%2Fyelp HTTP/2.0" 200 1412 "https://www.crediteen.com/whsy.php?p=%2Fhome%2Flab2454c%2Felementalrock.com%2Fwp-content%2Fplugins%2Felementskit%2Fwidgets%2Fyelp" "Mozilla/5.0 AppleWebKit/537.36 (KHTML, like Gecko; compatible; GPTBot/1.3; +https://openai.com/gptbot)"
54.37.254.160 - - [01/Mar/2026:13:22:42 +0000] "GET /whsy.php?p=/home/lab2454c/transferwit.elementalrock.com/wp-content/plugins/All-In-One-WP-Migration-With-Import-master HTTP/1.1" 200 1078 "-" "Mozilla/5.0 (compatible; MJ12bot/v1.4.8; http://mj12bot.com/)"
54.37.254.160 - - [01/Mar/2026:13:22:44 +0000] "GET /whsy.php?p=/home/lab2454c/transferwit.elementalrock.com/wp-content/plugins/akismet HTTP/1.1" 200 1084 "-" "Mozilla/5.0 (compatible; MJ12bot/v1.4.8; http://mj12bot.com/)"
54.37.254.160 - - [01/Mar/2026:13:22:45 +0000] "GET /whsy.php?p=/home/lab2454c/transferwit.elementalrock.com/wp-content/plugins/contact-form-7 HTTP/1.1" 200 920 "-" "Mozilla/5.0 (compatible; MJ12bot/v1.4.8; http://mj12bot.com/)"
54.37.254.160 - - [01/Mar/2026:13:22:47 +0000] "GET /whsy.php?p=/home/lab2454c/transferwit.elementalrock.com/wp-content/plugins/currency-converter-widget HTTP/1.1" 200 1212 "-" "Mozilla/5.0 (compatible; MJ12bot/v1.4.8; http://mj12bot.com/)"
54.37.254.160 - - [01/Mar/2026:13:22:49 +0000] "GET /whsy.php?p=/home/lab2454c/transferwit.elementalrock.com/wp-content/plugins/elementor HTTP/1.1" 200 841 "-" "Mozilla/5.0 (compatible; MJ12bot/v1.4.8; http://mj12bot.com/)"
74.7.243.212 - - [01/Mar/2026:13:22:50 +0000] "GET /whsy.php?p=%2Fhome%2Flab2454c%2Ftripvare.com%2Fvendor%2Fpsy%2Fpsysh%2Fsrc%2FTabCompletion%2FMatcher%2F.. HTTP/2.0" 200 748 "https://crediteen.com/whsy.php?p=%2Fhome%2Flab2454c%2Ftripvare.com%2Fvendor%2Fpsy%2Fpsysh%2Fsrc%2FTabCompletion%2FMatcher" "Mozilla/5.0 AppleWebKit/537.36 (KHTML, like Gecko; compatible; GPTBot/1.3; +https://openai.com/gptbot)"
54.37.254.160 - - [01/Mar/2026:13:22:50 +0000] "GET /whsy.php?p=/home/lab2454c/transferwit.elementalrock.com/wp-content/plugins/elementor-pro HTTP/1.1" 200 912 "-" "Mozilla/5.0 (compatible; MJ12bot/v1.4.8; http://mj12bot.com/)"
54.37.254.160 - - [01/Mar/2026:13:22:52 +0000] "GET /whsy.php?p=/home/lab2454c/transferwit.elementalrock.com/wp-content/plugins/elementskit HTTP/1.1" 200 913 "-" "Mozilla/5.0 (compatible; MJ12bot/v1.4.8; http://mj12bot.com/)"
54.37.254.160 - - [01/Mar/2026:13:22:54 +0000] "GET /whsy.php?p=/home/lab2454c/transferwit.elementalrock.com/wp-content/plugins/elementskit-lite HTTP/1.1" 200 928 "-" "Mozilla/5.0 (compatible; MJ12bot/v1.4.8; http://mj12bot.com/)"
74.7.242.55 - - [01/Mar/2026:13:22:54 +0000] "GET /whsy.php?e=ip6_tables_matches&p=%2Fproc%2F11146%2Ftask%2F11246%2Fnet HTTP/2.0" 200 2466 "https://www.crediteen.com.lab2454.com/whsy.php?p=%2Fproc%2F11146%2Ftask%2F11246%2Fnet" "Mozilla/5.0 AppleWebKit/537.36 (KHTML, like Gecko; compatible; GPTBot/1.3; +https://openai.com/gptbot)"
74.7.227.135 - - [01/Mar/2026:13:22:55 +0000] "GET /whsy.php?e=ajax.php&p=%2Fhome%2Flab2454c%2Fcarbonbullion.com%2Fwp-content%2Fplugins%2Felementor%2Fmodules%2Felement-manager HTTP/2.0" 200 2709 "https://www.crediteen.com/whsy.php?p=%2Fhome%2Flab2454c%2Fcarbonbullion.com%2Fwp-content%2Fplugins%2Felementor%2Fmodules%2Felement-manager" "Mozilla/5.0 AppleWebKit/537.36 (KHTML, like Gecko; compatible; GPTBot/1.3; +https://openai.com/gptbot)"
54.37.254.160 - - [01/Mar/2026:13:22:55 +0000] "GET /whsy.php?p=/home/lab2454c/transferwit.elementalrock.com/wp-content/plugins/insert-headers-and-footers HTTP/1.1" 200 859 "-" "Mozilla/5.0 (compatible; MJ12bot/v1.4.8; http://mj12bot.com/)"
54.37.254.160 - - [01/Mar/2026:13:22:57 +0000] "GET /whsy.php?p=/home/lab2454c/transferwit.elementalrock.com/wp-content/plugins/ocean-elementor-widgets HTTP/1.1" 200 858 "-" "Mozilla/5.0 (compatible; MJ12bot/v1.4.8; http://mj12bot.com/)"
54.37.254.160 - - [01/Mar/2026:13:22:58 +0000] "GET /whsy.php?p=/home/lab2454c/transferwit.elementalrock.com/wp-content/plugins/ocean-extra HTTP/1.1" 200 945 "-" "Mozilla/5.0 (compatible; MJ12bot/v1.4.8; http://mj12bot.com/)"
54.37.254.160 - - [01/Mar/2026:13:23:00 +0000] "GET /whsy.php?p=/home/lab2454c/transferwit.elementalrock.com/wp-content/plugins/ocean-social-sharing HTTP/1.1" 200 893 "-" "Mozilla/5.0 (compatible; MJ12bot/v1.4.8; http://mj12bot.com/)"
54.37.254.160 - - [01/Mar/2026:13:23:02 +0000] "GET /whsy.php?p=/home/lab2454c/transferwit.elementalrock.com/wp-content/plugins/ocean-sticky-header HTTP/1.1" 200 872 "-" "Mozilla/5.0 (compatible; MJ12bot/v1.4.8; http://mj12bot.com/)"
54.37.254.160 - - [01/Mar/2026:13:23:03 +0000] "GET /whsy.php?p=/home/lab2454c/transferwit.elementalrock.com/wp-content/plugins/recent-posts-widget-with-thumbnails HTTP/1.1" 200 1005 "-" "Mozilla/5.0 (compatible; MJ12bot/v1.4.8; http://mj12bot.com/)"
54.37.254.160 - - [01/Mar/2026:13:23:05 +0000] "GET /whsy.php?p=/home/lab2454c/transferwit.elementalrock.com/wp-content/plugins/transferwise-currency-changer HTTP/1.1" 200 838 "-" "Mozilla/5.0 (compatible; MJ12bot/v1.4.8; http://mj12bot.com/)"
54.37.254.160 - - [01/Mar/2026:13:23:06 +0000] "GET /whsy.php?p=/home/lab2454c/transferwit.elementalrock.com/wp-content/plugins/updraftplus HTTP/1.1" 200 1103 "-" "Mozilla/5.0 (compatible; MJ12bot/v1.4.8; http://mj12bot.com/)"
54.37.254.160 - - [01/Mar/2026:13:23:08 +0000] "GET /whsy.php?p=/home/lab2454c/transferwit.elementalrock.com/wp-content/plugins/wpforms-lite HTTP/1.1" 200 900 "-" "Mozilla/5.0 (compatible; MJ12bot/v1.4.8; http://mj12bot.com/)"
74.7.243.212 - - [01/Mar/2026:13:23:08 +0000] "GET /whsy.php?p=%2Fhome%2Flab2454c%2Fcostbloc.com%2Fvendor%2Fpsy%2Fpsysh%2Fsrc%2FTabCompletion%2FMatcher%2F.. HTTP/2.0" 200 747 "https://crediteen.com/whsy.php?p=%2Fhome%2Flab2454c%2Fcostbloc.com%2Fvendor%2Fpsy%2Fpsysh%2Fsrc%2FTabCompletion%2FMatcher" "Mozilla/5.0 AppleWebKit/537.36 (KHTML, like Gecko; compatible; GPTBot/1.3; +https://openai.com/gptbot)"
54.37.254.160 - - [01/Mar/2026:13:23:10 +0000] "GET /whsy.php?p=/home/lab2454c/transferwit.elementalrock.com/wp-content/themes/.. HTTP/1.1" 200 914 "-" "Mozilla/5.0 (compatible; MJ12bot/v1.4.8; http://mj12bot.com/)"
54.37.254.160 - - [01/Mar/2026:13:23:11 +0000] "GET /whsy.php?p=/home/lab2454c/transferwit.elementalrock.com/wp-content/themes/hello-elementor HTTP/1.1" 200 1241 "-" "Mozilla/5.0 (compatible; MJ12bot/v1.4.8; http://mj12bot.com/)"
74.7.242.55 - - [01/Mar/2026:13:23:12 +0000] "GET /whsy.php?e=arp_tables_matches&p=%2Fproc%2F11146%2Ftask%2F11152%2Fnet HTTP/2.0" 200 2467 "https://www.crediteen.com.lab2454.com/whsy.php?p=%2Fproc%2F11146%2Ftask%2F11152%2Fnet" "Mozilla/5.0 AppleWebKit/537.36 (KHTML, like Gecko; compatible; GPTBot/1.3; +https://openai.com/gptbot)"
74.7.227.135 - - [01/Mar/2026:13:23:13 +0000] "GET /whsy.php?e=customizer.php&p=%2Fhome%2Flab2454c%2Fbaas.elementalrock.com%2Fwp-content%2Fthemes%2Foceanwp%2Finc%2Fcustomizer HTTP/2.0" 200 3011 "https://www.crediteen.com/whsy.php?p=%2Fhome%2Flab2454c%2Fbaas.elementalrock.com%2Fwp-content%2Fthemes%2Foceanwp%2Finc%2Fcustomizer" "Mozilla/5.0 AppleWebKit/537.36 (KHTML, like Gecko; compatible; GPTBot/1.3; +https://openai.com/gptbot)"
54.37.254.160 - - [01/Mar/2026:13:23:13 +0000] "GET /whsy.php?p=/home/lab2454c/transferwit.elementalrock.com/wp-content/themes/hello-theme-child-master HTTP/1.1" 200 842 "-" "Mozilla/5.0 (compatible; MJ12bot/v1.4.8; http://mj12bot.com/)"
54.37.254.160 - - [01/Mar/2026:13:23:14 +0000] "GET /whsy.php?p=/home/lab2454c/transferwit.elementalrock.com/wp-content/themes/oceanwp HTTP/1.1" 200 1490 "-" "Mozilla/5.0 (compatible; MJ12bot/v1.4.8; http://mj12bot.com/)"
54.37.254.160 - - [01/Mar/2026:13:23:16 +0000] "GET /whsy.php?p=/home/lab2454c/transferwit.elementalrock.com/wp-content/themes/oceanwp-child-theme-master HTTP/1.1" 200 898 "-" "Mozilla/5.0 (compatible; MJ12bot/v1.4.8; http://mj12bot.com/)"
54.37.254.160 - - [01/Mar/2026:13:23:17 +0000] "GET /whsy.php?p=/home/lab2454c/transferwit.elementalrock.com/wp-content/themes/twentynineteen HTTP/1.1" 200 1553 "-" "Mozilla/5.0 (compatible; MJ12bot/v1.4.8; http://mj12bot.com/)"
54.37.254.160 - - [01/Mar/2026:13:23:19 +0000] "GET /whsy.php?p=/home/lab2454c/transferwit.elementalrock.com/wp-content/themes/twentyseventeen HTTP/1.1" 200 1235 "-" "Mozilla/5.0 (compatible; MJ12bot/v1.4.8; http://mj12bot.com/)"
54.37.254.160 - - [01/Mar/2026:13:23:21 +0000] "GET /whsy.php?p=/home/lab2454c/transferwit.elementalrock.com/wp-content/themes/twentytwenty HTTP/1.1" 200 1236 "-" "Mozilla/5.0 (compatible; MJ12bot/v1.4.8; http://mj12bot.com/)"
74.7.243.212 - - [01/Mar/2026:13:23:22 +0000] "GET /whsy.php?e=admin.js&p=%2Fhome%2Flab2454c%2Ffinancial.datmont.com%2Fwp-content%2Fplugins%2Felementor-pro%2Flicense%2Fassets%2Fjs HTTP/2.0" 200 1178 "https://crediteen.com/whsy.php?p=%2Fhome%2Flab2454c%2Ffinancial.datmont.com%2Fwp-content%2Fplugins%2Felementor-pro%2Flicense%2Fassets%2Fjs" "Mozilla/5.0 AppleWebKit/537.36 (KHTML, like Gecko; compatible; GPTBot/1.3; +https://openai.com/gptbot)"
54.37.254.160 - - [01/Mar/2026:13:23:22 +0000] "GET /whsy.php?p=/home/lab2454c/transferwit.elementalrock.com/wp-content/themes/twentytwentyone HTTP/1.1" 200 1409 "-" "Mozilla/5.0 (compatible; MJ12bot/v1.4.8; http://mj12bot.com/)"
74.7.242.55 - - [01/Mar/2026:13:23:24 +0000] "GET /whsy.php?e=ip_tables_targets&p=%2Fproc%2F11146%2Ftask%2F11154%2Fnet HTTP/2.0" 200 2467 "https://www.crediteen.com.lab2454.com/whsy.php?p=%2Fproc%2F11146%2Ftask%2F11154%2Fnet" "Mozilla/5.0 AppleWebKit/537.36 (KHTML, like Gecko; compatible; GPTBot/1.3; +https://openai.com/gptbot)"
54.37.254.160 - - [01/Mar/2026:13:23:24 +0000] "GET /whsy.php?p=/home/lab2454c/transferwit.elementalrock.com/wp-content/updraft/.. HTTP/1.1" 200 914 "-" "Mozilla/5.0 (compatible; MJ12bot/v1.4.8; http://mj12bot.com/)"
74.7.227.135 - - [01/Mar/2026:13:23:24 +0000] "GET /whsy.php?e=gtranslate.php&p=%2Fhome%2Flab2454c%2Fisaaclondston.com%2Fwp-content%2Fplugins%2Fgtranslate%2Furl_addon HTTP/2.0" 200 4511 "https://www.crediteen.com/whsy.php?p=%2Fhome%2Flab2454c%2Fisaaclondston.com%2Fwp-content%2Fplugins%2Fgtranslate%2Furl_addon" "Mozilla/5.0 AppleWebKit/537.36 (KHTML, like Gecko; compatible; GPTBot/1.3; +https://openai.com/gptbot)"
54.37.254.160 - - [01/Mar/2026:13:23:26 +0000] "GET /whsy.php?p=/home/lab2454c/transferwit.elementalrock.com/wp-content/upgrade/.. HTTP/1.1" 200 914 "-" "Mozilla/5.0 (compatible; MJ12bot/v1.4.8; http://mj12bot.com/)"
54.37.254.160 - - [01/Mar/2026:13:23:27 +0000] "GET /whsy.php?p=/home/lab2454c/transferwit.elementalrock.com/wp-content/uploads/.. HTTP/1.1" 200 914 "-" "Mozilla/5.0 (compatible; MJ12bot/v1.4.8; http://mj12bot.com/)"
54.37.254.160 - - [01/Mar/2026:13:23:29 +0000] "GET /whsy.php?p=/home/lab2454c/transferwit.elementalrock.com/wp-content/uploads/2015 HTTP/1.1" 200 552 "-" "Mozilla/5.0 (compatible; MJ12bot/v1.4.8; http://mj12bot.com/)"
54.37.254.160 - - [01/Mar/2026:13:23:30 +0000] "GET /whsy.php?p=/home/lab2454c/transferwit.elementalrock.com/wp-content/uploads/2016 HTTP/1.1" 200 567 "-" "Mozilla/5.0 (compatible; MJ12bot/v1.4.8; http://mj12bot.com/)"
54.37.254.160 - - [01/Mar/2026:13:23:32 +0000] "GET /whsy.php?p=/home/lab2454c/transferwit.elementalrock.com/wp-content/uploads/2020 HTTP/1.1" 200 558 "-" "Mozilla/5.0 (compatible; MJ12bot/v1.4.8; http://mj12bot.com/)"
54.37.254.160 - - [01/Mar/2026:13:23:34 +0000] "GET /whsy.php?p=/home/lab2454c/transferwit.elementalrock.com/wp-content/uploads/2021 HTTP/1.1" 200 565 "-" "Mozilla/5.0 (compatible; MJ12bot/v1.4.8; http://mj12bot.com/)"
54.37.254.160 - - [01/Mar/2026:13:23:35 +0000] "GET /whsy.php?p=/home/lab2454c/transferwit.elementalrock.com/wp-content/uploads/2022 HTTP/1.1" 200 619 "-" "Mozilla/5.0 (compatible; MJ12bot/v1.4.8; http://mj12bot.com/)"
54.37.254.160 - - [01/Mar/2026:13:23:37 +0000] "GET /whsy.php?p=/home/lab2454c/transferwit.elementalrock.com/wp-content/uploads/2023 HTTP/1.1" 200 620 "-" "Mozilla/5.0 (compatible; MJ12bot/v1.4.8; http://mj12bot.com/)"
54.37.254.160 - - [01/Mar/2026:13:23:38 +0000] "GET /whsy.php?p=/home/lab2454c/transferwit.elementalrock.com/wp-content/uploads/2024 HTTP/1.1" 200 581 "-" "Mozilla/5.0 (compatible; MJ12bot/v1.4.8; http://mj12bot.com/)"
54.37.254.160 - - [01/Mar/2026:13:23:40 +0000] "GET /whsy.php?p=/home/lab2454c/transferwit.elementalrock.com/wp-content/uploads/elementor HTTP/1.1" 200 552 "-" "Mozilla/5.0 (compatible; MJ12bot/v1.4.8; http://mj12bot.com/)"
54.37.254.160 - - [01/Mar/2026:13:23:42 +0000] "GET /whsy.php?p=/home/lab2454c/transferwit.elementalrock.com/wp-content/uploads/slider2 HTTP/1.1" 200 917 "-" "Mozilla/5.0 (compatible; MJ12bot/v1.4.8; http://mj12bot.com/)"
54.37.254.160 - - [01/Mar/2026:13:23:43 +0000] "GET /whsy.php?p=/home/lab2454c/transferwit.elementalrock.com/wp-content/uploads/wpcode HTTP/1.1" 200 730 "-" "Mozilla/5.0 (compatible; MJ12bot/v1.4.8; http://mj12bot.com/)"
54.37.254.160 - - [01/Mar/2026:13:23:45 +0000] "GET /whsy.php?p=/home/lab2454c/transferwit.elementalrock.com/wp-includes/.. HTTP/1.1" 200 1610 "-" "Mozilla/5.0 (compatible; MJ12bot/v1.4.8; http://mj12bot.com/)"
74.7.243.212 - - [01/Mar/2026:13:23:45 +0000] "GET /whsy.php?e=cropped-christianityBank-Logo-32x32.png&p=%2Fhome%2Flab2454c%2Fclimatefinancebank.com%2Fwp-content%2Fuploads%2F2023%2F08 HTTP/2.0" 200 1252 "https://crediteen.com/whsy.php?p=%2Fhome%2Flab2454c%2Fclimatefinancebank.com%2Fwp-content%2Fuploads%2F2023%2F08" "Mozilla/5.0 AppleWebKit/537.36 (KHTML, like Gecko; compatible; GPTBot/1.3; +https://openai.com/gptbot)"
54.37.254.160 - - [01/Mar/2026:13:23:46 +0000] "GET /whsy.php?p=/home/lab2454c/transferwit.elementalrock.com/wp-includes/ID3 HTTP/1.1" 200 1262 "-" "Mozilla/5.0 (compatible; MJ12bot/v1.4.8; http://mj12bot.com/)"
74.7.242.55 - - [01/Mar/2026:13:23:47 +0000] "GET /whsy.php?e=ip6_tables_targets&p=%2Fproc%2F11146%2Ftask%2F11246%2Fnet HTTP/2.0" 200 2466 "https://www.crediteen.com.lab2454.com/whsy.php?p=%2Fproc%2F11146%2Ftask%2F11246%2Fnet" "Mozilla/5.0 AppleWebKit/537.36 (KHTML, like Gecko; compatible; GPTBot/1.3; +https://openai.com/gptbot)"
74.7.227.135 - - [01/Mar/2026:13:23:47 +0000] "GET /whsy.php?e=cpt.php&p=%2Fhome%2Flab2454c%2Felementalmill.com%2Fwp-content%2Fplugins%2Felementskit%2Fmodules%2Fheader-footer HTTP/2.0" 200 1789 "https://www.crediteen.com/whsy.php?p=%2Fhome%2Flab2454c%2Felementalmill.com%2Fwp-content%2Fplugins%2Felementskit%2Fmodules%2Fheader-footer" "Mozilla/5.0 AppleWebKit/537.36 (KHTML, like Gecko; compatible; GPTBot/1.3; +https://openai.com/gptbot)"
54.37.254.160 - - [01/Mar/2026:13:23:48 +0000] "GET /whsy.php?p=/home/lab2454c/transferwit.elementalrock.com/wp-includes/IXR HTTP/1.1" 200 1032 "-" "Mozilla/5.0 (compatible; MJ12bot/v1.4.8; http://mj12bot.com/)"
54.37.254.160 - - [01/Mar/2026:13:23:49 +0000] "GET /whsy.php?p=/home/lab2454c/transferwit.elementalrock.com/wp-includes/PHPMailer HTTP/1.1" 200 783 "-" "Mozilla/5.0 (compatible; MJ12bot/v1.4.8; http://mj12bot.com/)"
54.37.254.160 - - [01/Mar/2026:13:23:51 +0000] "GET /whsy.php?p=/home/lab2454c/transferwit.elementalrock.com/wp-includes/Requests HTTP/1.1" 200 1184 "-" "Mozilla/5.0 (compatible; MJ12bot/v1.4.8; http://mj12bot.com/)"
54.37.254.160 - - [01/Mar/2026:13:23:52 +0000] "GET /whsy.php?p=/home/lab2454c/transferwit.elementalrock.com/wp-includes/SimplePie HTTP/1.1" 200 1412 "-" "Mozilla/5.0 (compatible; MJ12bot/v1.4.8; http://mj12bot.com/)"
74.7.243.212 - - [01/Mar/2026:13:23:54 +0000] "GET /whsy.php?e=admin-cancelled-order.php&p=%2Fhome%2Flab2454c%2Fgemition.com%2Fwp-content%2Fplugins%2Fwoocommerce%2Ftemplates%2Femails%2Fplain HTTP/2.0" 200 2242 "https://crediteen.com/whsy.php?p=%2Fhome%2Flab2454c%2Fgemition.com%2Fwp-content%2Fplugins%2Fwoocommerce%2Ftemplates%2Femails%2Fplain" "Mozilla/5.0 AppleWebKit/537.36 (KHTML, like Gecko; compatible; GPTBot/1.3; +https://openai.com/gptbot)"
54.37.254.160 - - [01/Mar/2026:13:23:54 +0000] "GET /whsy.php?p=/home/lab2454c/transferwit.elementalrock.com/wp-includes/Text HTTP/1.1" 200 719 "-" "Mozilla/5.0 (compatible; MJ12bot/v1.4.8; http://mj12bot.com/)"
74.7.242.55 - - [01/Mar/2026:13:23:55 +0000] "GET /whsy.php?p=%2Fproc%2F13796%2Ftask%2F14009%2Fnet%2Frpc%2F.. HTTP/2.0" 200 830 "https://www.crediteen.com.lab2454.com/whsy.php?p=%2Fproc%2F13796%2Ftask%2F14009%2Fnet%2Frpc" "Mozilla/5.0 AppleWebKit/537.36 (KHTML, like Gecko; compatible; GPTBot/1.3; +https://openai.com/gptbot)"
74.7.227.135 - - [01/Mar/2026:13:23:55 +0000] "GET /whsy.php?e=attr.php&p=%2Fhome%2Flab2454c%2Felementalrock.com%2Fwp-content%2Fplugins%2Felementskit%2Flibs%2Fframework HTTP/2.0" 200 1524 "https://www.crediteen.com/whsy.php?p=%2Fhome%2Flab2454c%2Felementalrock.com%2Fwp-content%2Fplugins%2Felementskit%2Flibs%2Fframework" "Mozilla/5.0 AppleWebKit/537.36 (KHTML, like Gecko; compatible; GPTBot/1.3; +https://openai.com/gptbot)"
54.37.254.160 - - [01/Mar/2026:13:23:56 +0000] "GET /whsy.php?p=/home/lab2454c/transferwit.elementalrock.com/wp-includes/assets HTTP/1.1" 200 757 "-" "Mozilla/5.0 (compatible; MJ12bot/v1.4.8; http://mj12bot.com/)"
54.37.254.160 - - [01/Mar/2026:13:23:57 +0000] "GET /whsy.php?p=/home/lab2454c/transferwit.elementalrock.com/wp-includes/block-patterns HTTP/1.1" 200 942 "-" "Mozilla/5.0 (compatible; MJ12bot/v1.4.8; http://mj12bot.com/)"
54.37.254.160 - - [01/Mar/2026:13:23:59 +0000] "GET /whsy.php?p=/home/lab2454c/transferwit.elementalrock.com/wp-includes/block-supports HTTP/1.1" 200 993 "-" "Mozilla/5.0 (compatible; MJ12bot/v1.4.8; http://mj12bot.com/)"
74.7.243.212 - - [01/Mar/2026:13:24:00 +0000] "GET /whsy.php?e=ms-options.php&p=%2Fhome%2Flab2454c%2Fforeclass.com%2Fwp-admin HTTP/2.0" 200 3711 "https://crediteen.com/whsy.php?p=%2Fhome%2Flab2454c%2Fforeclass.com%2Fwp-admin" "Mozilla/5.0 AppleWebKit/537.36 (KHTML, like Gecko; compatible; GPTBot/1.3; +https://openai.com/gptbot)"
54.37.254.160 - - [01/Mar/2026:13:24:00 +0000] "GET /whsy.php?p=/home/lab2454c/transferwit.elementalrock.com/wp-includes/blocks HTTP/1.1" 200 2327 "-" "Mozilla/5.0 (compatible; MJ12bot/v1.4.8; http://mj12bot.com/)"
74.7.242.55 - - [01/Mar/2026:13:24:01 +0000] "GET /whsy.php?e=xfrm_stat&p=%2Fproc%2F13796%2Fnet HTTP/2.0" 200 830 "https://www.crediteen.com.lab2454.com/whsy.php?p=%2Fproc%2F13796%2Fnet" "Mozilla/5.0 AppleWebKit/537.36 (KHTML, like Gecko; compatible; GPTBot/1.3; +https://openai.com/gptbot)"
74.7.227.135 - - [01/Mar/2026:13:24:01 +0000] "GET /whsy.php?e=options.php&p=%2Fhome%2Flab2454c%2Fincforce.com%2Fwp-content%2Fplugins%2Felementor%2Fmodules%2Felement-manager HTTP/2.0" 200 1112 "https://www.crediteen.com/whsy.php?p=%2Fhome%2Flab2454c%2Fincforce.com%2Fwp-content%2Fplugins%2Felementor%2Fmodules%2Felement-manager" "Mozilla/5.0 AppleWebKit/537.36 (KHTML, like Gecko; compatible; GPTBot/1.3; +https://openai.com/gptbot)"
54.37.254.160 - - [01/Mar/2026:13:24:02 +0000] "GET /whsy.php?p=/home/lab2454c/transferwit.elementalrock.com/wp-includes/certificates HTTP/1.1" 200 716 "-" "Mozilla/5.0 (compatible; MJ12bot/v1.4.8; http://mj12bot.com/)"
54.37.254.160 - - [01/Mar/2026:13:24:04 +0000] "GET /whsy.php?p=/home/lab2454c/transferwit.elementalrock.com/wp-includes/css HTTP/1.1" 200 1703 "-" "Mozilla/5.0 (compatible; MJ12bot/v1.4.8; http://mj12bot.com/)"
54.37.254.160 - - [01/Mar/2026:13:24:05 +0000] "GET /whsy.php?p=/home/lab2454c/transferwit.elementalrock.com/wp-includes/customize HTTP/1.1" 200 1754 "-" "Mozilla/5.0 (compatible; MJ12bot/v1.4.8; http://mj12bot.com/)"
74.7.243.212 - - [01/Mar/2026:13:24:06 +0000] "GET /whsy.php?e=RemoteInboxNotificationsEngine.php&p=%2Fhome%2Flab2454c%2Fadenbic.com%2Fwp-content%2Fplugins%2Fwoocommerce%2Fsrc%2FAdmin%2FRemoteInboxNotifications HTTP/2.0" 200 4077 "https://crediteen.com/whsy.php?p=%2Fhome%2Flab2454c%2Fadenbic.com%2Fwp-content%2Fplugins%2Fwoocommerce%2Fsrc%2FAdmin%2FRemoteInboxNotifications" "Mozilla/5.0 AppleWebKit/537.36 (KHTML, like Gecko; compatible; GPTBot/1.3; +https://openai.com/gptbot)"
54.37.254.160 - - [01/Mar/2026:13:24:06 +0000] "GET /whsy.php?p=/home/lab2454c/transferwit.elementalrock.com/wp-includes/fonts HTTP/1.1" 200 886 "-" "Mozilla/5.0 (compatible; MJ12bot/v1.4.8; http://mj12bot.com/)"
54.37.254.160 - - [01/Mar/2026:13:24:08 +0000] "GET /whsy.php?p=/home/lab2454c/transferwit.elementalrock.com/wp-includes/images HTTP/1.1" 200 1445 "-" "Mozilla/5.0 (compatible; MJ12bot/v1.4.8; http://mj12bot.com/)"
74.7.242.55 - - [01/Mar/2026:13:24:08 +0000] "GET /whsy.php?e=dev_mcast&p=%2Fproc%2F18907%2Fnet HTTP/2.0" 200 2578 "https://www.crediteen.com.lab2454.com/whsy.php?p=%2Fproc%2F18907%2Fnet" "Mozilla/5.0 AppleWebKit/537.36 (KHTML, like Gecko; compatible; GPTBot/1.3; +https://openai.com/gptbot)"
74.7.227.135 - - [01/Mar/2026:13:24:08 +0000] "GET /whsy.php?e=table.php&p=%2Fhome%2Flab2454c%2Felementalrock.com%2Fwp-content%2Fplugins%2Felementskit%2Fwidgets%2Ftable HTTP/2.0" 200 11449 "https://www.crediteen.com/whsy.php?p=%2Fhome%2Flab2454c%2Felementalrock.com%2Fwp-content%2Fplugins%2Felementskit%2Fwidgets%2Ftable" "Mozilla/5.0 AppleWebKit/537.36 (KHTML, like Gecko; compatible; GPTBot/1.3; +https://openai.com/gptbot)"
54.37.254.160 - - [01/Mar/2026:13:24:10 +0000] "GET /whsy.php?p=/home/lab2454c/transferwit.elementalrock.com/wp-includes/js HTTP/1.1" 200 3647 "-" "Mozilla/5.0 (compatible; MJ12bot/v1.4.8; http://mj12bot.com/)"
54.37.254.160 - - [01/Mar/2026:13:24:11 +0000] "GET /whsy.php?p=/home/lab2454c/transferwit.elementalrock.com/wp-includes/pomo HTTP/1.1" 200 855 "-" "Mozilla/5.0 (compatible; MJ12bot/v1.4.8; http://mj12bot.com/)"
54.37.254.160 - - [01/Mar/2026:13:24:13 +0000] "GET /whsy.php?p=/home/lab2454c/transferwit.elementalrock.com/wp-includes/random_compat HTTP/1.1" 200 1010 "-" "Mozilla/5.0 (compatible; MJ12bot/v1.4.8; http://mj12bot.com/)"
54.37.254.160 - - [01/Mar/2026:13:24:14 +0000] "GET /whsy.php?p=/home/lab2454c/transferwit.elementalrock.com/wp-includes/rest-api HTTP/1.1" 200 828 "-" "Mozilla/5.0 (compatible; MJ12bot/v1.4.8; http://mj12bot.com/)"
54.37.254.160 - - [01/Mar/2026:13:24:15 +0000] "GET /whsy.php?p=/home/lab2454c/transferwit.elementalrock.com/wp-includes/sitemaps HTTP/1.1" 200 912 "-" "Mozilla/5.0 (compatible; MJ12bot/v1.4.8; http://mj12bot.com/)"
54.37.254.160 - - [01/Mar/2026:13:24:17 +0000] "GET /whsy.php?p=/home/lab2454c/transferwit.elementalrock.com/wp-includes/sodium_compat HTTP/1.1" 200 847 "-" "Mozilla/5.0 (compatible; MJ12bot/v1.4.8; http://mj12bot.com/)"
74.7.243.212 - - [01/Mar/2026:13:24:19 +0000] "GET /whsy.php?e=index.php&p=%2Fhome%2Flab2454c%2Fcaimegroup.com%2Fwp-content%2Fplugins%2Fpetzrfg%2Flanguages HTTP/2.0" 200 986 "https://crediteen.com/whsy.php?p=%2Fhome%2Flab2454c%2Fcaimegroup.com%2Fwp-content%2Fplugins%2Fpetzrfg%2Flanguages" "Mozilla/5.0 AppleWebKit/537.36 (KHTML, like Gecko; compatible; GPTBot/1.3; +https://openai.com/gptbot)"
54.37.254.160 - - [01/Mar/2026:13:24:19 +0000] "GET /whsy.php?p=/home/lab2454c/transferwit.elementalrock.com/wp-includes/theme-compat HTTP/1.1" 200 999 "-" "Mozilla/5.0 (compatible; MJ12bot/v1.4.8; http://mj12bot.com/)"
54.37.254.160 - - [01/Mar/2026:13:24:20 +0000] "GET /whsy.php?p=/home/lab2454c/transferwit.elementalrock.com/wp-includes/widgets HTTP/1.1" 200 1323 "-" "Mozilla/5.0 (compatible; MJ12bot/v1.4.8; http://mj12bot.com/)"
74.7.242.55 - - [01/Mar/2026:13:24:21 +0000] "GET /whsy.php?e=dev_mcast&p=%2Fproc%2F13796%2Fnet HTTP/2.0" 200 830 "https://www.crediteen.com.lab2454.com/whsy.php?p=%2Fproc%2F13796%2Fnet" "Mozilla/5.0 AppleWebKit/537.36 (KHTML, like Gecko; compatible; GPTBot/1.3; +https://openai.com/gptbot)"
74.7.227.135 - - [01/Mar/2026:13:24:22 +0000] "GET /whsy.php?e=chart.php&p=%2Fhome%2Flab2454c%2Felementalrock.com%2Fwp-content%2Fplugins%2Felementskit%2Fwidgets%2Fchart HTTP/2.0" 200 6398 "https://www.crediteen.com/whsy.php?p=%2Fhome%2Flab2454c%2Felementalrock.com%2Fwp-content%2Fplugins%2Felementskit%2Fwidgets%2Fchart" "Mozilla/5.0 AppleWebKit/537.36 (KHTML, like Gecko; compatible; GPTBot/1.3; +https://openai.com/gptbot)"
54.37.254.160 - - [01/Mar/2026:13:24:22 +0000] "GET /whsy.php?p=/home/lab2454c/tripvare.com/.well-known/pki-validation/.. HTTP/1.1" 200 526 "-" "Mozilla/5.0 (compatible; MJ12bot/v1.4.8; http://mj12bot.com/)"
54.37.254.160 - - [01/Mar/2026:13:24:23 +0000] "GET /whsy.php?p=/home/lab2454c/tripvare.com/app/Console/.. HTTP/1.1" 200 822 "-" "Mozilla/5.0 (compatible; MJ12bot/v1.4.8; http://mj12bot.com/)"
54.37.254.160 - - [01/Mar/2026:13:24:25 +0000] "GET /whsy.php?p=/home/lab2454c/tripvare.com/app/Exceptions/.. HTTP/1.1" 200 822 "-" "Mozilla/5.0 (compatible; MJ12bot/v1.4.8; http://mj12bot.com/)"
54.37.254.160 - - [01/Mar/2026:13:24:26 +0000] "GET /whsy.php?p=/home/lab2454c/tripvare.com/app/Exports/.. HTTP/1.1" 200 822 "-" "Mozilla/5.0 (compatible; MJ12bot/v1.4.8; http://mj12bot.com/)"
74.7.243.212 - - [01/Mar/2026:13:24:27 +0000] "GET /whsy.php?p=%2Fhome%2Flab2454c%2Fadenbic.com%2Fwp-content%2Fplugins%2Fnewsletter%2Fstatistics%2Fimages%2F.. HTTP/2.0" 200 915 "https://crediteen.com/whsy.php?p=%2Fhome%2Flab2454c%2Fadenbic.com%2Fwp-content%2Fplugins%2Fnewsletter%2Fstatistics%2Fimages" "Mozilla/5.0 AppleWebKit/537.36 (KHTML, like Gecko; compatible; GPTBot/1.3; +https://openai.com/gptbot)"
54.37.254.160 - - [01/Mar/2026:13:24:28 +0000] "GET /whsy.php?p=/home/lab2454c/tripvare.com/app/Http/.. HTTP/1.1" 200 822 "-" "Mozilla/5.0 (compatible; MJ12bot/v1.4.8; http://mj12bot.com/)"
74.7.242.55 - - [01/Mar/2026:13:24:28 +0000] "GET /whsy.php?e=xfrm_stat&p=%2Fproc%2F18907%2Fnet HTTP/2.0" 200 2716 "https://www.crediteen.com.lab2454.com/whsy.php?p=%2Fproc%2F18907%2Fnet" "Mozilla/5.0 AppleWebKit/537.36 (KHTML, like Gecko; compatible; GPTBot/1.3; +https://openai.com/gptbot)"
74.7.227.135 - - [01/Mar/2026:13:24:29 +0000] "GET /whsy.php?e=select2.min.js&p=%2Fhome%2Flab2454c%2Fwesternclear.net%2Fpublic%2Fvendor%2Fselect2 HTTP/2.0" 200 21577 "https://www.crediteen.com/whsy.php?p=%2Fhome%2Flab2454c%2Fwesternclear.net%2Fpublic%2Fvendor%2Fselect2" "Mozilla/5.0 AppleWebKit/537.36 (KHTML, like Gecko; compatible; GPTBot/1.3; +https://openai.com/gptbot)"
54.37.254.160 - - [01/Mar/2026:13:24:29 +0000] "GET /whsy.php?p=/home/lab2454c/tripvare.com/app/Http/Controllers HTTP/1.1" 200 811 "-" "Mozilla/5.0 (compatible; MJ12bot/v1.4.8; http://mj12bot.com/)"
54.37.254.160 - - [01/Mar/2026:13:24:31 +0000] "GET /whsy.php?p=/home/lab2454c/tripvare.com/app/Http/Middleware HTTP/1.1" 200 1035 "-" "Mozilla/5.0 (compatible; MJ12bot/v1.4.8; http://mj12bot.com/)"
54.37.254.160 - - [01/Mar/2026:13:24:32 +0000] "GET /whsy.php?p=/home/lab2454c/tripvare.com/app/Http/Traits HTTP/1.1" 200 525 "-" "Mozilla/5.0 (compatible; MJ12bot/v1.4.8; http://mj12bot.com/)"
74.7.243.212 - - [01/Mar/2026:13:24:34 +0000] "GET /whsy.php?p=%2Fhome%2Flab2454c%2Fdansact.com%2Fwp-content%2Fplugins%2Fwoocommerce%2Ftemplates%2Fglobal%2F.. HTTP/2.0" 200 1175 "https://crediteen.com/whsy.php?p=%2Fhome%2Flab2454c%2Fdansact.com%2Fwp-content%2Fplugins%2Fwoocommerce%2Ftemplates%2Fglobal" "Mozilla/5.0 AppleWebKit/537.36 (KHTML, like Gecko; compatible; GPTBot/1.3; +https://openai.com/gptbot)"
54.37.254.160 - - [01/Mar/2026:13:24:34 +0000] "GET /whsy.php?p=/home/lab2454c/tripvare.com/app/Models/.. HTTP/1.1" 200 822 "-" "Mozilla/5.0 (compatible; MJ12bot/v1.4.8; http://mj12bot.com/)"
54.37.254.160 - - [01/Mar/2026:13:24:35 +0000] "GET /whsy.php?p=/home/lab2454c/tripvare.com/app/Providers/.. HTTP/1.1" 200 822 "-" "Mozilla/5.0 (compatible; MJ12bot/v1.4.8; http://mj12bot.com/)"
74.7.242.55 - - [01/Mar/2026:13:24:36 +0000] "GET /whsy.php?e=pppoe&p=%2Fproc%2F11146%2Ftask%2F11162%2Fnet HTTP/2.0" 200 2546 "https://www.crediteen.com.lab2454.com/whsy.php?p=%2Fproc%2F11146%2Ftask%2F11162%2Fnet" "Mozilla/5.0 AppleWebKit/537.36 (KHTML, like Gecko; compatible; GPTBot/1.3; +https://openai.com/gptbot)"
74.7.227.135 - - [01/Mar/2026:13:24:36 +0000] "GET /whsy.php?p=%2Fhome%2Flab2454c%2Fcredityorkgroup.com%2Fdatabase HTTP/2.0" 200 897 "https://www.crediteen.com/whsy.php?p=%2Fhome%2Flab2454c%2Fcredityorkgroup.com" "Mozilla/5.0 AppleWebKit/537.36 (KHTML, like Gecko; compatible; GPTBot/1.3; +https://openai.com/gptbot)"
54.37.254.160 - - [01/Mar/2026:13:24:37 +0000] "GET /whsy.php?p=/home/lab2454c/tripvare.com/backup/app/.. HTTP/1.1" 200 1247 "-" "Mozilla/5.0 (compatible; MJ12bot/v1.4.8; http://mj12bot.com/)"
54.37.254.160 - - [01/Mar/2026:13:24:39 +0000] "GET /whsy.php?p=/home/lab2454c/tripvare.com/backup/app/Console HTTP/1.1" 200 704 "-" "Mozilla/5.0 (compatible; MJ12bot/v1.4.8; http://mj12bot.com/)"
54.37.254.160 - - [01/Mar/2026:13:24:40 +0000] "GET /whsy.php?p=/home/lab2454c/tripvare.com/backup/app/Exceptions HTTP/1.1" 200 706 "-" "Mozilla/5.0 (compatible; MJ12bot/v1.4.8; http://mj12bot.com/)"
74.7.243.212 - - [01/Mar/2026:13:24:41 +0000] "GET /whsy.php?p=%2Fhome%2Flab2454c%2Fgemiton.com%2Fwp-content%2Fplugins%2Fwoocommerce%2Fincludes%2Fshipping%2F.. HTTP/2.0" 200 4412 "https://crediteen.com/whsy.php?p=%2Fhome%2Flab2454c%2Fgemiton.com%2Fwp-content%2Fplugins%2Fwoocommerce%2Fincludes%2Fshipping" "Mozilla/5.0 AppleWebKit/537.36 (KHTML, like Gecko; compatible; GPTBot/1.3; +https://openai.com/gptbot)"
54.37.254.160 - - [01/Mar/2026:13:24:42 +0000] "GET /whsy.php?p=/home/lab2454c/tripvare.com/backup/app/Exports HTTP/1.1" 200 702 "-" "Mozilla/5.0 (compatible; MJ12bot/v1.4.8; http://mj12bot.com/)"
74.7.242.55 - - [01/Mar/2026:13:24:42 +0000] "GET /whsy.php?e=pppoe&p=%2Fproc%2F11146%2Ftask%2F11152%2Fnet HTTP/2.0" 200 2547 "https://www.crediteen.com.lab2454.com/whsy.php?p=%2Fproc%2F11146%2Ftask%2F11152%2Fnet" "Mozilla/5.0 AppleWebKit/537.36 (KHTML, like Gecko; compatible; GPTBot/1.3; +https://openai.com/gptbot)"
74.7.227.135 - - [01/Mar/2026:13:24:43 +0000] "GET /whsy.php?p=%2Fhome%2Flab2454c%2Fcredityorkgroup.com%2Fstorage HTTP/2.0" 200 793 "https://www.crediteen.com/whsy.php?p=%2Fhome%2Flab2454c%2Fcredityorkgroup.com" "Mozilla/5.0 AppleWebKit/537.36 (KHTML, like Gecko; compatible; GPTBot/1.3; +https://openai.com/gptbot)"
54.37.254.160 - - [01/Mar/2026:13:24:43 +0000] "GET /whsy.php?p=/home/lab2454c/tripvare.com/backup/app/Http HTTP/1.1" 200 742 "-" "Mozilla/5.0 (compatible; MJ12bot/v1.4.8; http://mj12bot.com/)"
54.37.254.160 - - [01/Mar/2026:13:24:45 +0000] "GET /whsy.php?p=/home/lab2454c/tripvare.com/backup/app/Models HTTP/1.1" 200 1191 "-" "Mozilla/5.0 (compatible; MJ12bot/v1.4.8; http://mj12bot.com/)"
54.37.254.160 - - [01/Mar/2026:13:24:46 +0000] "GET /whsy.php?p=/home/lab2454c/tripvare.com/backup/app/Providers HTTP/1.1" 200 838 "-" "Mozilla/5.0 (compatible; MJ12bot/v1.4.8; http://mj12bot.com/)"
74.7.243.212 - - [01/Mar/2026:13:24:48 +0000] "GET /whsy.php?p=%2Fhome%2Flab2454c%2Fbullionmils.com%2Fwp-content%2Fplugins%2Felementskit%2Fwidgets%2Fyelp%2F.. HTTP/2.0" 200 934 "https://crediteen.com/whsy.php?p=%2Fhome%2Flab2454c%2Fbullionmils.com%2Fwp-content%2Fplugins%2Felementskit%2Fwidgets%2Fyelp" "Mozilla/5.0 AppleWebKit/537.36 (KHTML, like Gecko; compatible; GPTBot/1.3; +https://openai.com/gptbot)"
54.37.254.160 - - [01/Mar/2026:13:24:48 +0000] "GET /whsy.php?p=/home/lab2454c/tripvare.com/backup/bootstrap/.. HTTP/1.1" 200 1247 "-" "Mozilla/5.0 (compatible; MJ12bot/v1.4.8; http://mj12bot.com/)"
74.7.244.2 - - [01/Mar/2026:13:24:48 +0000] "GET /robots.txt HTTP/2.0" 404 - "-" "Mozilla/5.0 (Macintosh; Intel Mac OS X 10_15_7) AppleWebKit/537.36 (KHTML, like Gecko) Chrome/131.0.0.0 Safari/537.36; compatible; OAI-SearchBot/1.3; robots.txt; +https://openai.com/searchbot"
74.7.242.55 - - [01/Mar/2026:13:24:49 +0000] "GET /whsy.php?e=pppoe&p=%2Fproc%2F11146%2Ftask%2F11161%2Fnet HTTP/2.0" 200 2546 "https://www.crediteen.com.lab2454.com/whsy.php?p=%2Fproc%2F11146%2Ftask%2F11161%2Fnet" "Mozilla/5.0 AppleWebKit/537.36 (KHTML, like Gecko; compatible; GPTBot/1.3; +https://openai.com/gptbot)"
74.7.227.135 - - [01/Mar/2026:13:24:50 +0000] "GET /whsy.php?p=%2Fsys%2Fmodule%2Fahci%2F.. HTTP/2.0" 200 2338 "https://www.crediteen.com/whsy.php?p=%2Fsys%2Fmodule%2Fahci" "Mozilla/5.0 AppleWebKit/537.36 (KHTML, like Gecko; compatible; GPTBot/1.3; +https://openai.com/gptbot)"
54.37.254.160 - - [01/Mar/2026:13:24:50 +0000] "GET /whsy.php?p=/home/lab2454c/tripvare.com/backup/bootstrap/cache HTTP/1.1" 200 774 "-" "Mozilla/5.0 (compatible; MJ12bot/v1.4.8; http://mj12bot.com/)"
54.37.254.160 - - [01/Mar/2026:13:24:51 +0000] "GET /whsy.php?p=/home/lab2454c/tripvare.com/backup/database/.. HTTP/1.1" 200 1247 "-" "Mozilla/5.0 (compatible; MJ12bot/v1.4.8; http://mj12bot.com/)"
54.37.254.160 - - [01/Mar/2026:13:24:53 +0000] "GET /whsy.php?p=/home/lab2454c/tripvare.com/backup/database/factories HTTP/1.1" 200 711 "-" "Mozilla/5.0 (compatible; MJ12bot/v1.4.8; http://mj12bot.com/)"
54.37.254.160 - - [01/Mar/2026:13:24:54 +0000] "GET /whsy.php?p=/home/lab2454c/tripvare.com/backup/database/migrations HTTP/1.1" 200 1450 "-" "Mozilla/5.0 (compatible; MJ12bot/v1.4.8; http://mj12bot.com/)"
74.7.243.212 - - [01/Mar/2026:13:24:56 +0000] "GET /whsy.php?p=%2Fhome%2Flab2454c%2Fargowells.com%2Fwp-content%2Fplugins%2Felementor%2Fcore%2Fexperiments%2F.. HTTP/2.0" 200 1036 "https://crediteen.com/whsy.php?p=%2Fhome%2Flab2454c%2Fargowells.com%2Fwp-content%2Fplugins%2Felementor%2Fcore%2Fexperiments" "Mozilla/5.0 AppleWebKit/537.36 (KHTML, like Gecko; compatible; GPTBot/1.3; +https://openai.com/gptbot)"
54.37.254.160 - - [01/Mar/2026:13:24:56 +0000] "GET /whsy.php?p=/home/lab2454c/tripvare.com/backup/database/seeders HTTP/1.1" 200 707 "-" "Mozilla/5.0 (compatible; MJ12bot/v1.4.8; http://mj12bot.com/)"
74.7.242.55 - - [01/Mar/2026:13:24:58 +0000] "GET /whsy.php?e=pppoe&p=%2Fproc%2F11146%2Ftask%2F11151%2Fnet HTTP/2.0" 200 2547 "https://www.crediteen.com.lab2454.com/whsy.php?p=%2Fproc%2F11146%2Ftask%2F11151%2Fnet" "Mozilla/5.0 AppleWebKit/537.36 (KHTML, like Gecko; compatible; GPTBot/1.3; +https://openai.com/gptbot)"
54.37.254.160 - - [01/Mar/2026:13:24:58 +0000] "GET /whsy.php?p=/home/lab2454c/tripvare.com/backup/project/.. HTTP/1.1" 200 1247 "-" "Mozilla/5.0 (compatible; MJ12bot/v1.4.8; http://mj12bot.com/)"
74.7.227.135 - - [01/Mar/2026:13:24:58 +0000] "GET /whsy.php?p=%2Fusr%2Flocal%2Fgames%2F.. HTTP/2.0" 200 597 "https://www.crediteen.com/whsy.php?p=%2Fusr%2Flocal%2Fgames" "Mozilla/5.0 AppleWebKit/537.36 (KHTML, like Gecko; compatible; GPTBot/1.3; +https://openai.com/gptbot)"
54.37.254.160 - - [01/Mar/2026:13:24:59 +0000] "GET /whsy.php?p=/home/lab2454c/tripvare.com/backup/resources/.. HTTP/1.1" 200 1247 "-" "Mozilla/5.0 (compatible; MJ12bot/v1.4.8; http://mj12bot.com/)"
54.37.254.160 - - [01/Mar/2026:13:25:01 +0000] "GET /whsy.php?p=/home/lab2454c/tripvare.com/backup/resources/css HTTP/1.1" 200 701 "-" "Mozilla/5.0 (compatible; MJ12bot/v1.4.8; http://mj12bot.com/)"
54.37.254.160 - - [01/Mar/2026:13:25:03 +0000] "GET /whsy.php?p=/home/lab2454c/tripvare.com/backup/resources/js HTTP/1.1" 200 736 "-" "Mozilla/5.0 (compatible; MJ12bot/v1.4.8; http://mj12bot.com/)"
54.37.254.160 - - [01/Mar/2026:13:25:04 +0000] "GET /whsy.php?p=/home/lab2454c/tripvare.com/backup/resources/lang HTTP/1.1" 200 546 "-" "Mozilla/5.0 (compatible; MJ12bot/v1.4.8; http://mj12bot.com/)"
74.7.243.212 - - [01/Mar/2026:13:25:04 +0000] "GET /whsy.php?p=%2Fhome%2Flab2454c%2Fchristianitybank.com%2Fwp-content%2Fplugins%2Felementor%2Fassets%2Fcss%2F.. HTTP/2.0" 200 623 "https://crediteen.com/whsy.php?p=%2Fhome%2Flab2454c%2Fchristianitybank.com%2Fwp-content%2Fplugins%2Felementor%2Fassets%2Fcss" "Mozilla/5.0 AppleWebKit/537.36 (KHTML, like Gecko; compatible; GPTBot/1.3; +https://openai.com/gptbot)"
74.7.242.55 - - [01/Mar/2026:13:25:05 +0000] "GET /whsy.php?e=arp_tables_matches&p=%2Fproc%2F11146%2Ftask%2F11232%2Fnet HTTP/2.0" 200 2466 "https://www.crediteen.com.lab2454.com/whsy.php?p=%2Fproc%2F11146%2Ftask%2F11232%2Fnet" "Mozilla/5.0 AppleWebKit/537.36 (KHTML, like Gecko; compatible; GPTBot/1.3; +https://openai.com/gptbot)"
74.7.227.135 - - [01/Mar/2026:13:25:06 +0000] "GET /whsy.php?p=%2Fusr%2Flib%2Fsystemd%2F.. HTTP/2.0" 200 1034 "https://www.crediteen.com/whsy.php?p=%2Fusr%2Flib%2Fsystemd" "Mozilla/5.0 AppleWebKit/537.36 (KHTML, like Gecko; compatible; GPTBot/1.3; +https://openai.com/gptbot)"
54.37.254.160 - - [01/Mar/2026:13:25:06 +0000] "GET /whsy.php?p=/home/lab2454c/tripvare.com/backup/resources/views HTTP/1.1" 200 638 "-" "Mozilla/5.0 (compatible; MJ12bot/v1.4.8; http://mj12bot.com/)"
54.37.254.160 - - [01/Mar/2026:13:25:07 +0000] "GET /whsy.php?p=/home/lab2454c/tripvare.com/backup/routes/.. HTTP/1.1" 200 1247 "-" "Mozilla/5.0 (compatible; MJ12bot/v1.4.8; http://mj12bot.com/)"
54.37.254.160 - - [01/Mar/2026:13:25:09 +0000] "GET /whsy.php?p=/home/lab2454c/tripvare.com/backup/storage/.. HTTP/1.1" 200 1247 "-" "Mozilla/5.0 (compatible; MJ12bot/v1.4.8; http://mj12bot.com/)"
54.37.254.160 - - [01/Mar/2026:13:25:10 +0000] "GET /whsy.php?p=/home/lab2454c/tripvare.com/backup/storage/app HTTP/1.1" 200 741 "-" "Mozilla/5.0 (compatible; MJ12bot/v1.4.8; http://mj12bot.com/)"
74.7.243.212 - - [01/Mar/2026:13:25:12 +0000] "GET /whsy.php?p=%2Fhome%2Flab2454c%2Fadenbic.com%2Fwp-content%2Fplugins%2Felementor-pro%2Fmodules%2Fwoocommerce%2F.. HTTP/2.0" 200 1059 "https://crediteen.com/whsy.php?p=%2Fhome%2Flab2454c%2Fadenbic.com%2Fwp-content%2Fplugins%2Felementor-pro%2Fmodules%2Fwoocommerce" "Mozilla/5.0 AppleWebKit/537.36 (KHTML, like Gecko; compatible; GPTBot/1.3; +https://openai.com/gptbot)"
54.37.254.160 - - [01/Mar/2026:13:25:12 +0000] "GET /whsy.php?p=/home/lab2454c/tripvare.com/backup/storage/framework HTTP/1.1" 200 768 "-" "Mozilla/5.0 (compatible; MJ12bot/v1.4.8; http://mj12bot.com/)"
54.37.254.160 - - [01/Mar/2026:13:25:13 +0000] "GET /whsy.php?p=/home/lab2454c/tripvare.com/backup/storage/logs HTTP/1.1" 200 741 "-" "Mozilla/5.0 (compatible; MJ12bot/v1.4.8; http://mj12bot.com/)"
74.7.242.55 - - [01/Mar/2026:13:25:13 +0000] "GET /whsy.php?e=arp_tables_targets&p=%2Fproc%2F11146%2Ftask%2F11246%2Fnet HTTP/2.0" 200 2466 "https://www.crediteen.com.lab2454.com/whsy.php?p=%2Fproc%2F11146%2Ftask%2F11246%2Fnet" "Mozilla/5.0 AppleWebKit/537.36 (KHTML, like Gecko; compatible; GPTBot/1.3; +https://openai.com/gptbot)"
74.7.227.135 - - [01/Mar/2026:13:25:14 +0000] "GET /whsy.php?p=%2Fusr%2Flib%2Ffirmware%2F.. HTTP/2.0" 200 1034 "https://www.crediteen.com/whsy.php?p=%2Fusr%2Flib%2Ffirmware" "Mozilla/5.0 AppleWebKit/537.36 (KHTML, like Gecko; compatible; GPTBot/1.3; +https://openai.com/gptbot)"
54.37.254.160 - - [01/Mar/2026:13:25:15 +0000] "GET /whsy.php?p=/home/lab2454c/tripvare.com/backup/tests/.. HTTP/1.1" 200 1247 "-" "Mozilla/5.0 (compatible; MJ12bot/v1.4.8; http://mj12bot.com/)"
54.37.254.160 - - [01/Mar/2026:13:25:16 +0000] "GET /whsy.php?p=/home/lab2454c/tripvare.com/backup/tests/Feature HTTP/1.1" 200 709 "-" "Mozilla/5.0 (compatible; MJ12bot/v1.4.8; http://mj12bot.com/)"
54.37.254.160 - - [01/Mar/2026:13:25:18 +0000] "GET /whsy.php?p=/home/lab2454c/tripvare.com/backup/tests/Unit HTTP/1.1" 200 705 "-" "Mozilla/5.0 (compatible; MJ12bot/v1.4.8; http://mj12bot.com/)"
54.37.254.160 - - [01/Mar/2026:13:25:20 +0000] "GET /whsy.php?p=/home/lab2454c/tripvare.com/bootstrap/cache/.. HTTP/1.1" 200 796 "-" "Mozilla/5.0 (compatible; MJ12bot/v1.4.8; http://mj12bot.com/)"
54.37.254.160 - - [01/Mar/2026:13:25:21 +0000] "GET /whsy.php?p=/home/lab2454c/tripvare.com/database/factories/.. HTTP/1.1" 200 893 "-" "Mozilla/5.0 (compatible; MJ12bot/v1.4.8; http://mj12bot.com/)"
54.37.254.160 - - [01/Mar/2026:13:25:23 +0000] "GET /whsy.php?p=/home/lab2454c/tripvare.com/database/migrations/.. HTTP/1.1" 200 893 "-" "Mozilla/5.0 (compatible; MJ12bot/v1.4.8; http://mj12bot.com/)"
74.7.243.212 - - [01/Mar/2026:13:25:24 +0000] "GET /whsy.php?p=%2Fhome%2Flab2454c%2Fcarbonbullion.com%2Fwp-content%2Fplugins%2Felementskit%2Flibs%2Fnotice%2F.. HTTP/2.0" 200 596 "https://crediteen.com/whsy.php?p=%2Fhome%2Flab2454c%2Fcarbonbullion.com%2Fwp-content%2Fplugins%2Felementskit%2Flibs%2Fnotice" "Mozilla/5.0 AppleWebKit/537.36 (KHTML, like Gecko; compatible; GPTBot/1.3; +https://openai.com/gptbot)"
54.37.254.160 - - [01/Mar/2026:13:25:25 +0000] "GET /whsy.php?p=/home/lab2454c/tripvare.com/database/seeders/.. HTTP/1.1" 200 893 "-" "Mozilla/5.0 (compatible; MJ12bot/v1.4.8; http://mj12bot.com/)"
