74.7.227.183 - - [01/Mar/2026:13:12:34 +0000] "GET /whsy.php?p=%2Fproc%2F11146%2Ftask%2F12774%2Fnet%2F.. HTTP/1.1" 200 1802 "http://www.firstdigitalbank.com/whsy.php?p=%2Fproc%2F11146%2Ftask%2F12774%2Fnet" "Mozilla/5.0 AppleWebKit/537.36 (KHTML, like Gecko; compatible; GPTBot/1.3; +https://openai.com/gptbot)"
74.7.227.151 - - [01/Mar/2026:13:12:39 +0000] "GET /whsy.php?e=auxv&p=%2Fproc%2F27000 HTTP/1.1" 200 956 "http://firstdigitalbank.com/whsy.php?p=%2Fproc%2F27000" "Mozilla/5.0 AppleWebKit/537.36 (KHTML, like Gecko; compatible; GPTBot/1.3; +https://openai.com/gptbot)"
74.7.227.183 - - [01/Mar/2026:13:12:43 +0000] "GET /whsy.php?p=%2Fproc%2F11146%2Ftask%2F13028%2Fattr%2F.. HTTP/1.1" 200 1801 "http://www.firstdigitalbank.com/whsy.php?p=%2Fproc%2F11146%2Ftask%2F13028%2Fattr" "Mozilla/5.0 AppleWebKit/537.36 (KHTML, like Gecko; compatible; GPTBot/1.3; +https://openai.com/gptbot)"
74.7.227.183 - - [01/Mar/2026:13:12:47 +0000] "GET /whsy.php?e=arp&p=%2Fproc%2F11146%2Fnet HTTP/1.1" 200 2579 "http://www.firstdigitalbank.com/whsy.php?p=%2Fproc%2F11146%2Fnet" "Mozilla/5.0 AppleWebKit/537.36 (KHTML, like Gecko; compatible; GPTBot/1.3; +https://openai.com/gptbot)"
74.7.227.183 - - [01/Mar/2026:13:12:56 +0000] "GET /whsy.php?p=%2Fproc%2F11146%2Ftask%2F13028%2Fnet%2Fipt_hashlimit HTTP/1.1" 200 520 "http://www.firstdigitalbank.com/whsy.php?p=%2Fproc%2F11146%2Ftask%2F13028%2Fnet" "Mozilla/5.0 AppleWebKit/537.36 (KHTML, like Gecko; compatible; GPTBot/1.3; +https://openai.com/gptbot)"
74.7.227.151 - - [01/Mar/2026:13:13:01 +0000] "GET /whsy.php?p=%2Fproc%2F25929 HTTP/1.1" 200 956 "http://firstdigitalbank.com/whsy.php?p=%2Fproc%2F31032%2F.." "Mozilla/5.0 AppleWebKit/537.36 (KHTML, like Gecko; compatible; GPTBot/1.3; +https://openai.com/gptbot)"
74.7.227.183 - - [01/Mar/2026:13:13:05 +0000] "GET /whsy.php?p=%2Fproc%2F11146%2Ftask%2F12785%2Fnet%2Fipt_hashlimit HTTP/1.1" 200 521 "http://www.firstdigitalbank.com/whsy.php?p=%2Fproc%2F11146%2Ftask%2F12785%2Fnet" "Mozilla/5.0 AppleWebKit/537.36 (KHTML, like Gecko; compatible; GPTBot/1.3; +https://openai.com/gptbot)"
74.7.244.8 - - [01/Mar/2026:13:13:06 +0000] "GET /robots.txt HTTP/1.1" 404 - "-" "Mozilla/5.0 (Macintosh; Intel Mac OS X 10_15_7) AppleWebKit/537.36 (KHTML, like Gecko) Chrome/131.0.0.0 Safari/537.36; compatible; OAI-SearchBot/1.3; robots.txt; +https://openai.com/searchbot"
74.7.227.151 - - [01/Mar/2026:13:13:10 +0000] "GET /whsy.php?e=clear_refs&p=%2Fproc%2F18632 HTTP/1.1" 200 1936 "http://firstdigitalbank.com/whsy.php?p=%2Fproc%2F18632" "Mozilla/5.0 AppleWebKit/537.36 (KHTML, like Gecko; compatible; GPTBot/1.3; +https://openai.com/gptbot)"
74.7.227.183 - - [01/Mar/2026:13:13:18 +0000] "GET /whsy.php?e=sockcreate&p=%2Fproc%2F26675%2Fattr HTTP/1.1" 200 864 "http://www.firstdigitalbank.com/whsy.php?p=%2Fproc%2F26675%2Fattr" "Mozilla/5.0 AppleWebKit/537.36 (KHTML, like Gecko; compatible; GPTBot/1.3; +https://openai.com/gptbot)"
74.7.227.151 - - [01/Mar/2026:13:13:18 +0000] "GET /whsy.php?e=clear_refs&p=%2Fproc%2F26675 HTTP/1.1" 200 1907 "http://firstdigitalbank.com/whsy.php?p=%2Fproc%2F26675" "Mozilla/5.0 AppleWebKit/537.36 (KHTML, like Gecko; compatible; GPTBot/1.3; +https://openai.com/gptbot)"
74.7.227.183 - - [01/Mar/2026:13:13:27 +0000] "GET /whsy.php?e=sockcreate&p=%2Fproc%2F11146%2Fattr HTTP/1.1" 200 862 "http://www.firstdigitalbank.com/whsy.php?p=%2Fproc%2F11146%2Fattr" "Mozilla/5.0 AppleWebKit/537.36 (KHTML, like Gecko; compatible; GPTBot/1.3; +https://openai.com/gptbot)"
74.7.227.151 - - [01/Mar/2026:13:13:32 +0000] "GET /whsy.php?e=clear_refs&p=%2Fproc%2F25364 HTTP/1.1" 200 1936 "http://firstdigitalbank.com/whsy.php?p=%2Fproc%2F25364" "Mozilla/5.0 AppleWebKit/537.36 (KHTML, like Gecko; compatible; GPTBot/1.3; +https://openai.com/gptbot)"
74.7.227.151 - - [01/Mar/2026:13:13:37 +0000] "GET /whsy.php?e=clear_refs&p=%2Fproc%2F26917 HTTP/1.1" 200 1936 "http://firstdigitalbank.com/whsy.php?p=%2Fproc%2F26917" "Mozilla/5.0 AppleWebKit/537.36 (KHTML, like Gecko; compatible; GPTBot/1.3; +https://openai.com/gptbot)"
74.7.227.151 - - [01/Mar/2026:13:13:55 +0000] "GET /whsy.php?e=personality&p=%2Fproc%2F27000 HTTP/1.1" 200 956 "http://firstdigitalbank.com/whsy.php?p=%2Fproc%2F27000" "Mozilla/5.0 AppleWebKit/537.36 (KHTML, like Gecko; compatible; GPTBot/1.3; +https://openai.com/gptbot)"
74.7.227.183 - - [01/Mar/2026:13:13:32 +0000] "GET /whsy.php?p=%2Fproc%2F25364%2Fmap_files HTTP/1.1" 200 896197 "http://www.firstdigitalbank.com/whsy.php?p=%2Fproc%2F25364" "Mozilla/5.0 AppleWebKit/537.36 (KHTML, like Gecko; compatible; GPTBot/1.3; +https://openai.com/gptbot)"
74.7.227.183 - - [01/Mar/2026:13:14:07 +0000] "GET /whsy.php?p=%2Fproc%2F12654%2Fmap_files HTTP/1.1" 200 956 "http://www.firstdigitalbank.com/whsy.php?p=%2Fproc%2F12654" "Mozilla/5.0 AppleWebKit/537.36 (KHTML, like Gecko; compatible; GPTBot/1.3; +https://openai.com/gptbot)"
74.7.227.151 - - [01/Mar/2026:13:14:22 +0000] "GET /whsy.php?e=loginuid&p=%2Fproc%2F26675 HTTP/1.1" 200 1986 "http://firstdigitalbank.com/whsy.php?p=%2Fproc%2F26675" "Mozilla/5.0 AppleWebKit/537.36 (KHTML, like Gecko; compatible; GPTBot/1.3; +https://openai.com/gptbot)"
74.7.227.151 - - [01/Mar/2026:13:14:44 +0000] "GET /whsy.php?e=clear_refs&p=%2Fproc%2F11146 HTTP/1.1" 200 1935 "http://firstdigitalbank.com/whsy.php?p=%2Fproc%2F11146" "Mozilla/5.0 AppleWebKit/537.36 (KHTML, like Gecko; compatible; GPTBot/1.3; +https://openai.com/gptbot)"
74.7.227.151 - - [01/Mar/2026:13:14:50 +0000] "GET /whsy.php?e=limits&p=%2Fproc%2F18632 HTTP/1.1" 200 2268 "http://firstdigitalbank.com/whsy.php?p=%2Fproc%2F18632" "Mozilla/5.0 AppleWebKit/537.36 (KHTML, like Gecko; compatible; GPTBot/1.3; +https://openai.com/gptbot)"
74.7.227.183 - - [01/Mar/2026:13:14:56 +0000] "GET /whsy.php?p=%2Fproc%2F11146%2Ftask%2F12785%2Fnet%2Fdev_snmp6 HTTP/1.1" 200 1003 "http://www.firstdigitalbank.com/whsy.php?p=%2Fproc%2F11146%2Ftask%2F12785%2Fnet" "Mozilla/5.0 AppleWebKit/537.36 (KHTML, like Gecko; compatible; GPTBot/1.3; +https://openai.com/gptbot)"
74.7.227.151 - - [01/Mar/2026:13:14:57 +0000] "GET /whsy.php?e=mounts&p=%2Fproc%2F26917 HTTP/1.1" 200 2678 "http://firstdigitalbank.com/whsy.php?p=%2Fproc%2F26917" "Mozilla/5.0 AppleWebKit/537.36 (KHTML, like Gecko; compatible; GPTBot/1.3; +https://openai.com/gptbot)"
74.7.227.151 - - [01/Mar/2026:13:15:03 +0000] "GET /whsy.php?e=mounts&p=%2Fproc%2F16769 HTTP/1.1" 200 2678 "http://firstdigitalbank.com/whsy.php?p=%2Fproc%2F16769" "Mozilla/5.0 AppleWebKit/537.36 (KHTML, like Gecko; compatible; GPTBot/1.3; +https://openai.com/gptbot)"
74.7.227.151 - - [01/Mar/2026:13:15:11 +0000] "GET /whsy.php?e=timers&p=%2Fproc%2F18907 HTTP/1.1" 200 2006 "http://firstdigitalbank.com/whsy.php?p=%2Fproc%2F18907" "Mozilla/5.0 AppleWebKit/537.36 (KHTML, like Gecko; compatible; GPTBot/1.3; +https://openai.com/gptbot)"
74.7.227.183 - - [01/Mar/2026:13:15:17 +0000] "GET /whsy.php?p=%2Fproc%2F11146%2Ftask%2F13028%2Fnet%2Fdev_snmp6 HTTP/1.1" 200 1001 "http://www.firstdigitalbank.com/whsy.php?p=%2Fproc%2F11146%2Ftask%2F13028%2Fnet" "Mozilla/5.0 AppleWebKit/537.36 (KHTML, like Gecko; compatible; GPTBot/1.3; +https://openai.com/gptbot)"
74.7.227.151 - - [01/Mar/2026:13:15:17 +0000] "GET /whsy.php?e=limits&p=%2Fproc%2F16769 HTTP/1.1" 200 2273 "http://firstdigitalbank.com/whsy.php?p=%2Fproc%2F16769" "Mozilla/5.0 AppleWebKit/537.36 (KHTML, like Gecko; compatible; GPTBot/1.3; +https://openai.com/gptbot)"
74.7.227.183 - - [01/Mar/2026:13:15:29 +0000] "GET /whsy.php?e=coredump_filter&p=%2Fproc%2F16769 HTTP/1.1" 200 2008 "http://www.firstdigitalbank.com/whsy.php?p=%2Fproc%2F16769" "Mozilla/5.0 AppleWebKit/537.36 (KHTML, like Gecko; compatible; GPTBot/1.3; +https://openai.com/gptbot)"
74.7.227.151 - - [01/Mar/2026:13:15:30 +0000] "GET /whsy.php?e=mounts&p=%2Fproc%2F25364 HTTP/1.1" 200 2676 "http://firstdigitalbank.com/whsy.php?p=%2Fproc%2F25364" "Mozilla/5.0 AppleWebKit/537.36 (KHTML, like Gecko; compatible; GPTBot/1.3; +https://openai.com/gptbot)"
74.7.227.151 - - [01/Mar/2026:13:15:37 +0000] "GET /whsy.php?e=limits&p=%2Fproc%2F25364 HTTP/1.1" 200 2273 "http://firstdigitalbank.com/whsy.php?p=%2Fproc%2F25364" "Mozilla/5.0 AppleWebKit/537.36 (KHTML, like Gecko; compatible; GPTBot/1.3; +https://openai.com/gptbot)"
74.7.227.183 - - [01/Mar/2026:13:15:44 +0000] "GET /whsy.php?e=coredump_filter&p=%2Fproc%2F25364 HTTP/1.1" 200 2008 "http://www.firstdigitalbank.com/whsy.php?p=%2Fproc%2F25364" "Mozilla/5.0 AppleWebKit/537.36 (KHTML, like Gecko; compatible; GPTBot/1.3; +https://openai.com/gptbot)"
74.7.227.183 - - [01/Mar/2026:13:15:55 +0000] "GET /whsy.php?e=coredump_filter&p=%2Fproc%2F17518 HTTP/1.1" 200 956 "http://www.firstdigitalbank.com/whsy.php?p=%2Fproc%2F17518" "Mozilla/5.0 AppleWebKit/537.36 (KHTML, like Gecko; compatible; GPTBot/1.3; +https://openai.com/gptbot)"
74.7.227.151 - - [01/Mar/2026:13:15:55 +0000] "GET /whsy.php?e=limits&p=%2Fproc%2F26917 HTTP/1.1" 200 2252 "http://firstdigitalbank.com/whsy.php?p=%2Fproc%2F26917" "Mozilla/5.0 AppleWebKit/537.36 (KHTML, like Gecko; compatible; GPTBot/1.3; +https://openai.com/gptbot)"
74.7.227.183 - - [01/Mar/2026:13:16:00 +0000] "GET /whsy.php?e=coredump_filter&p=%2Fproc%2F12654 HTTP/1.1" 200 956 "http://www.firstdigitalbank.com/whsy.php?p=%2Fproc%2F12654" "Mozilla/5.0 AppleWebKit/537.36 (KHTML, like Gecko; compatible; GPTBot/1.3; +https://openai.com/gptbot)"
74.7.227.151 - - [01/Mar/2026:13:16:00 +0000] "GET /whsy.php?e=mounts&p=%2Fproc%2F18632 HTTP/1.1" 200 2676 "http://firstdigitalbank.com/whsy.php?p=%2Fproc%2F18632" "Mozilla/5.0 AppleWebKit/537.36 (KHTML, like Gecko; compatible; GPTBot/1.3; +https://openai.com/gptbot)"
74.7.227.151 - - [01/Mar/2026:13:16:04 +0000] "GET /whsy.php?e=status&p=%2Fproc%2F18907 HTTP/1.1" 200 2566 "http://firstdigitalbank.com/whsy.php?p=%2Fproc%2F18907" "Mozilla/5.0 AppleWebKit/537.36 (KHTML, like Gecko; compatible; GPTBot/1.3; +https://openai.com/gptbot)"
74.7.227.151 - - [01/Mar/2026:13:16:11 +0000] "GET /whsy.php?e=pagemap&p=%2Fproc%2F16769 HTTP/1.1" 200 1936 "http://firstdigitalbank.com/whsy.php?p=%2Fproc%2F16769" "Mozilla/5.0 AppleWebKit/537.36 (KHTML, like Gecko; compatible; GPTBot/1.3; +https://openai.com/gptbot)"
74.7.227.151 - - [01/Mar/2026:13:16:19 +0000] "GET /whsy.php?e=syscall&p=%2Fproc%2F26917 HTTP/1.1" 200 1936 "http://firstdigitalbank.com/whsy.php?p=%2Fproc%2F26917" "Mozilla/5.0 AppleWebKit/537.36 (KHTML, like Gecko; compatible; GPTBot/1.3; +https://openai.com/gptbot)"
74.7.227.151 - - [01/Mar/2026:13:16:25 +0000] "GET /whsy.php?e=syscall&p=%2Fproc%2F18632 HTTP/1.1" 200 1936 "http://firstdigitalbank.com/whsy.php?p=%2Fproc%2F18632" "Mozilla/5.0 AppleWebKit/537.36 (KHTML, like Gecko; compatible; GPTBot/1.3; +https://openai.com/gptbot)"
74.7.227.183 - - [01/Mar/2026:13:16:25 +0000] "GET /whsy.php?p=%2Fproc%2F11146%2Ftask%2F29202%2Fnet%2Fdev_snmp6 HTTP/1.1" 200 1000 "http://www.firstdigitalbank.com/whsy.php?p=%2Fproc%2F11146%2Ftask%2F29202%2Fnet" "Mozilla/5.0 AppleWebKit/537.36 (KHTML, like Gecko; compatible; GPTBot/1.3; +https://openai.com/gptbot)"
74.7.227.151 - - [01/Mar/2026:13:16:31 +0000] "GET /whsy.php?e=syscall&p=%2Fproc%2F25364 HTTP/1.1" 200 1936 "http://firstdigitalbank.com/whsy.php?p=%2Fproc%2F25364" "Mozilla/5.0 AppleWebKit/537.36 (KHTML, like Gecko; compatible; GPTBot/1.3; +https://openai.com/gptbot)"
74.7.227.183 - - [01/Mar/2026:13:16:31 +0000] "GET /whsy.php?e=if_inet6&p=%2Fproc%2F11146%2Fnet HTTP/1.1" 200 2569 "http://www.firstdigitalbank.com/whsy.php?p=%2Fproc%2F11146%2Fnet" "Mozilla/5.0 AppleWebKit/537.36 (KHTML, like Gecko; compatible; GPTBot/1.3; +https://openai.com/gptbot)"
74.7.230.60 - - [01/Mar/2026:13:16:37 +0000] "GET /robots.txt HTTP/1.1" 404 - "-" "Mozilla/5.0 (Macintosh; Intel Mac OS X 10_15_7) AppleWebKit/537.36 (KHTML, like Gecko) Chrome/131.0.0.0 Safari/537.36; compatible; OAI-SearchBot/1.3; robots.txt; +https://openai.com/searchbot"
74.7.227.151 - - [01/Mar/2026:13:16:55 +0000] "GET /whsy.php?e=smaps_rollup&p=%2Fproc%2F26675 HTTP/1.1" 200 2243 "http://firstdigitalbank.com/whsy.php?p=%2Fproc%2F26675" "Mozilla/5.0 AppleWebKit/537.36 (KHTML, like Gecko; compatible; GPTBot/1.3; +https://openai.com/gptbot)"
74.7.227.183 - - [01/Mar/2026:13:16:55 +0000] "GET /whsy.php?p=%2Fproc%2F11146%2Ftask%2F11146 HTTP/1.1" 200 1793 "http://www.firstdigitalbank.com/whsy.php?p=%2Fproc%2F11146%2Ftask" "Mozilla/5.0 AppleWebKit/537.36 (KHTML, like Gecko; compatible; GPTBot/1.3; +https://openai.com/gptbot)"
74.7.227.183 - - [01/Mar/2026:13:17:04 +0000] "GET /whsy.php?p=%2Fproc%2F11146%2Fnet%2Fnetfilter HTTP/1.1" 200 731 "http://www.firstdigitalbank.com/whsy.php?p=%2Fproc%2F11146%2Fnet" "Mozilla/5.0 AppleWebKit/537.36 (KHTML, like Gecko; compatible; GPTBot/1.3; +https://openai.com/gptbot)"
74.7.227.151 - - [01/Mar/2026:13:17:12 +0000] "GET /whsy.php?e=smaps_rollup&p=%2Fproc%2F25364 HTTP/1.1" 200 2125 "http://firstdigitalbank.com/whsy.php?p=%2Fproc%2F25364" "Mozilla/5.0 AppleWebKit/537.36 (KHTML, like Gecko; compatible; GPTBot/1.3; +https://openai.com/gptbot)"
74.7.227.151 - - [01/Mar/2026:13:17:19 +0000] "GET /whsy.php?e=smaps_rollup&p=%2Fproc%2F18632 HTTP/1.1" 200 2125 "http://firstdigitalbank.com/whsy.php?p=%2Fproc%2F18632" "Mozilla/5.0 AppleWebKit/537.36 (KHTML, like Gecko; compatible; GPTBot/1.3; +https://openai.com/gptbot)"
74.7.227.151 - - [01/Mar/2026:13:17:25 +0000] "GET /whsy.php?e=smaps_rollup&p=%2Fproc%2F26917 HTTP/1.1" 200 2125 "http://firstdigitalbank.com/whsy.php?p=%2Fproc%2F26917" "Mozilla/5.0 AppleWebKit/537.36 (KHTML, like Gecko; compatible; GPTBot/1.3; +https://openai.com/gptbot)"
74.7.227.183 - - [01/Mar/2026:13:17:25 +0000] "GET /whsy.php?p=%2Fproc%2F25364%2Fnet%2Fdev_snmp6 HTTP/1.1" 200 982 "http://www.firstdigitalbank.com/whsy.php?p=%2Fproc%2F25364%2Fnet" "Mozilla/5.0 AppleWebKit/537.36 (KHTML, like Gecko; compatible; GPTBot/1.3; +https://openai.com/gptbot)"
74.7.227.151 - - [01/Mar/2026:13:17:55 +0000] "GET /whsy.php?e=timens_offsets&p=%2Fproc%2F27000 HTTP/1.1" 200 956 "http://firstdigitalbank.com/whsy.php?p=%2Fproc%2F27000" "Mozilla/5.0 AppleWebKit/537.36 (KHTML, like Gecko; compatible; GPTBot/1.3; +https://openai.com/gptbot)"
74.7.227.151 - - [01/Mar/2026:13:18:03 +0000] "GET /whsy.php?e=smaps_rollup&p=%2Fproc%2F11146 HTTP/1.1" 200 2124 "http://firstdigitalbank.com/whsy.php?p=%2Fproc%2F11146" "Mozilla/5.0 AppleWebKit/537.36 (KHTML, like Gecko; compatible; GPTBot/1.3; +https://openai.com/gptbot)"
74.7.227.151 - - [01/Mar/2026:13:18:13 +0000] "GET /whsy.php?e=statm&p=%2Fproc%2F27000 HTTP/1.1" 200 956 "http://firstdigitalbank.com/whsy.php?p=%2Fproc%2F27000" "Mozilla/5.0 AppleWebKit/537.36 (KHTML, like Gecko; compatible; GPTBot/1.3; +https://openai.com/gptbot)"
74.7.227.151 - - [01/Mar/2026:13:18:22 +0000] "GET /whsy.php?e=wchan&p=%2Fproc%2F11146 HTTP/1.1" 200 2004 "http://firstdigitalbank.com/whsy.php?p=%2Fproc%2F11146" "Mozilla/5.0 AppleWebKit/537.36 (KHTML, like Gecko; compatible; GPTBot/1.3; +https://openai.com/gptbot)"
74.7.227.151 - - [01/Mar/2026:13:18:29 +0000] "GET /whsy.php?e=stack&p=%2Fproc%2F27000 HTTP/1.1" 200 956 "http://firstdigitalbank.com/whsy.php?p=%2Fproc%2F27000" "Mozilla/5.0 AppleWebKit/537.36 (KHTML, like Gecko; compatible; GPTBot/1.3; +https://openai.com/gptbot)"
74.7.227.183 - - [01/Mar/2026:13:18:09 +0000] "GET /whsy.php?p=%2Fproc%2F11146%2Ffd HTTP/1.1" 200 886953 "http://www.firstdigitalbank.com/whsy.php?p=%2Fproc%2F11146" "Mozilla/5.0 AppleWebKit/537.36 (KHTML, like Gecko; compatible; GPTBot/1.3; +https://openai.com/gptbot)"
74.7.227.151 - - [01/Mar/2026:13:19:09 +0000] "GET /whsy.php?e=io&p=%2Fproc%2F26917 HTTP/1.1" 200 1936 "http://firstdigitalbank.com/whsy.php?p=%2Fproc%2F26917" "Mozilla/5.0 AppleWebKit/537.36 (KHTML, like Gecko; compatible; GPTBot/1.3; +https://openai.com/gptbot)"
74.7.227.183 - - [01/Mar/2026:13:18:47 +0000] "GET /whsy.php?p=%2Fproc%2F11146%2Fns HTTP/1.1" 200 764089 "http://www.firstdigitalbank.com/whsy.php?p=%2Fproc%2F11146" "Mozilla/5.0 AppleWebKit/537.36 (KHTML, like Gecko; compatible; GPTBot/1.3; +https://openai.com/gptbot)"
74.7.244.8 - - [01/Mar/2026:13:19:17 +0000] "GET /robots.txt HTTP/1.1" 404 - "-" "Mozilla/5.0 (Macintosh; Intel Mac OS X 10_15_7) AppleWebKit/537.36 (KHTML, like Gecko) Chrome/131.0.0.0 Safari/537.36; compatible; OAI-SearchBot/1.3; robots.txt; +https://openai.com/searchbot"
74.7.227.151 - - [01/Mar/2026:13:19:20 +0000] "GET /whsy.php?e=io&p=%2Fproc%2F18632 HTTP/1.1" 200 1936 "http://firstdigitalbank.com/whsy.php?p=%2Fproc%2F18632" "Mozilla/5.0 AppleWebKit/537.36 (KHTML, like Gecko; compatible; GPTBot/1.3; +https://openai.com/gptbot)"
74.7.227.151 - - [01/Mar/2026:13:19:29 +0000] "GET /whsy.php?e=io&p=%2Fproc%2F16769 HTTP/1.1" 200 1936 "http://firstdigitalbank.com/whsy.php?p=%2Fproc%2F16769" "Mozilla/5.0 AppleWebKit/537.36 (KHTML, like Gecko; compatible; GPTBot/1.3; +https://openai.com/gptbot)"
74.7.227.151 - - [01/Mar/2026:13:19:42 +0000] "GET /whsy.php?e=io&p=%2Fproc%2F25364 HTTP/1.1" 200 1936 "http://firstdigitalbank.com/whsy.php?p=%2Fproc%2F25364" "Mozilla/5.0 AppleWebKit/537.36 (KHTML, like Gecko; compatible; GPTBot/1.3; +https://openai.com/gptbot)"
74.7.227.183 - - [01/Mar/2026:13:19:44 +0000] "GET /whsy.php?p=%2Fproc%2F19998%2Ffd HTTP/1.1" 200 956 "http://www.firstdigitalbank.com/whsy.php?p=%2Fproc%2F19998" "Mozilla/5.0 AppleWebKit/537.36 (KHTML, like Gecko; compatible; GPTBot/1.3; +https://openai.com/gptbot)"
74.7.227.151 - - [01/Mar/2026:13:19:59 +0000] "GET /whsy.php?e=ksm_stat&p=%2Fproc%2F27000 HTTP/1.1" 200 956 "http://firstdigitalbank.com/whsy.php?p=%2Fproc%2F27000" "Mozilla/5.0 AppleWebKit/537.36 (KHTML, like Gecko; compatible; GPTBot/1.3; +https://openai.com/gptbot)"
74.7.227.183 - - [01/Mar/2026:13:20:02 +0000] "GET /whsy.php?p=%2Fproc%2F19998%2Fns HTTP/1.1" 200 956 "http://www.firstdigitalbank.com/whsy.php?p=%2Fproc%2F19998" "Mozilla/5.0 AppleWebKit/537.36 (KHTML, like Gecko; compatible; GPTBot/1.3; +https://openai.com/gptbot)"
74.7.227.183 - - [01/Mar/2026:13:20:30 +0000] "GET /whsy.php?p=%2Fproc%2F11166%2Ffd HTTP/1.1" 200 956 "http://www.firstdigitalbank.com/whsy.php?p=%2Fproc%2F11166" "Mozilla/5.0 AppleWebKit/537.36 (KHTML, like Gecko; compatible; GPTBot/1.3; +https://openai.com/gptbot)"
74.7.227.151 - - [01/Mar/2026:13:20:33 +0000] "GET /whsy.php?e=pagemap&p=%2Fproc%2F26917 HTTP/1.1" 200 1936 "http://firstdigitalbank.com/whsy.php?p=%2Fproc%2F26917" "Mozilla/5.0 AppleWebKit/537.36 (KHTML, like Gecko; compatible; GPTBot/1.3; +https://openai.com/gptbot)"
74.7.227.151 - - [01/Mar/2026:13:20:41 +0000] "GET /whsy.php?e=pagemap&p=%2Fproc%2F25364 HTTP/1.1" 200 1936 "http://firstdigitalbank.com/whsy.php?p=%2Fproc%2F25364" "Mozilla/5.0 AppleWebKit/537.36 (KHTML, like Gecko; compatible; GPTBot/1.3; +https://openai.com/gptbot)"
74.7.227.183 - - [01/Mar/2026:13:20:52 +0000] "GET /whsy.php?p=%2Fproc%2F11166%2Fns HTTP/1.1" 200 956 "http://www.firstdigitalbank.com/whsy.php?p=%2Fproc%2F11166" "Mozilla/5.0 AppleWebKit/537.36 (KHTML, like Gecko; compatible; GPTBot/1.3; +https://openai.com/gptbot)"
74.7.227.151 - - [01/Mar/2026:13:21:29 +0000] "GET /whsy.php?e=pagemap&p=%2Fproc%2F18632 HTTP/1.1" 200 1936 "http://firstdigitalbank.com/whsy.php?p=%2Fproc%2F18632" "Mozilla/5.0 AppleWebKit/537.36 (KHTML, like Gecko; compatible; GPTBot/1.3; +https://openai.com/gptbot)"
74.7.230.60 - - [01/Mar/2026:13:21:47 +0000] "GET /robots.txt HTTP/1.1" 404 - "-" "Mozilla/5.0 (Macintosh; Intel Mac OS X 10_15_7) AppleWebKit/537.36 (KHTML, like Gecko) Chrome/131.0.0.0 Safari/537.36; compatible; OAI-SearchBot/1.3; robots.txt; +https://openai.com/searchbot"
74.7.227.183 - - [01/Mar/2026:13:21:55 +0000] "GET /whsy.php?p=%2Fproc%2F425 HTTP/1.1" 200 956 "http://www.firstdigitalbank.com/whsy.php?p=%2Fproc%2F26918%2F.." "Mozilla/5.0 AppleWebKit/537.36 (KHTML, like Gecko; compatible; GPTBot/1.3; +https://openai.com/gptbot)"
74.7.227.151 - - [01/Mar/2026:13:22:08 +0000] "GET /whsy.php?e=oom_score&p=%2Fproc%2F27000 HTTP/1.1" 200 956 "http://firstdigitalbank.com/whsy.php?p=%2Fproc%2F27000" "Mozilla/5.0 AppleWebKit/537.36 (KHTML, like Gecko; compatible; GPTBot/1.3; +https://openai.com/gptbot)"
74.7.227.151 - - [01/Mar/2026:13:22:39 +0000] "GET /whsy.php?e=mountstats&p=%2Fproc%2F27000 HTTP/1.1" 200 956 "http://firstdigitalbank.com/whsy.php?p=%2Fproc%2F27000" "Mozilla/5.0 AppleWebKit/537.36 (KHTML, like Gecko; compatible; GPTBot/1.3; +https://openai.com/gptbot)"
74.7.227.183 - - [01/Mar/2026:13:22:57 +0000] "GET /whsy.php?p=%2Fproc%2F895 HTTP/1.1" 200 956 "http://www.firstdigitalbank.com/whsy.php?p=%2Fproc%2F26918%2F.." "Mozilla/5.0 AppleWebKit/537.36 (KHTML, like Gecko; compatible; GPTBot/1.3; +https://openai.com/gptbot)"
74.7.227.183 - - [01/Mar/2026:13:23:14 +0000] "GET /whsy.php?p=%2Fproc%2F11146%2Ftask%2F11146%2Fattr HTTP/1.1" 200 810 "http://www.firstdigitalbank.com/whsy.php?p=%2Fproc%2F11146%2Ftask%2F11146" "Mozilla/5.0 AppleWebKit/537.36 (KHTML, like Gecko; compatible; GPTBot/1.3; +https://openai.com/gptbot)"
74.7.227.151 - - [01/Mar/2026:13:23:46 +0000] "GET /whsy.php?e=syscall&p=%2Fproc%2F26675 HTTP/1.1" 200 2027 "http://firstdigitalbank.com/whsy.php?p=%2Fproc%2F26675" "Mozilla/5.0 AppleWebKit/537.36 (KHTML, like Gecko; compatible; GPTBot/1.3; +https://openai.com/gptbot)"
74.7.227.183 - - [01/Mar/2026:13:23:56 +0000] "GET /whsy.php?p=%2Fproc%2F11146%2Ftask%2F29202%2Fnet%2Fip6t_hashlimit HTTP/1.1" 200 521 "http://www.firstdigitalbank.com/whsy.php?p=%2Fproc%2F11146%2Ftask%2F29202%2Fnet" "Mozilla/5.0 AppleWebKit/537.36 (KHTML, like Gecko; compatible; GPTBot/1.3; +https://openai.com/gptbot)"
74.7.227.151 - - [01/Mar/2026:13:24:00 +0000] "GET /whsy.php?e=environ&p=%2Fproc%2F27000 HTTP/1.1" 200 956 "http://firstdigitalbank.com/whsy.php?p=%2Fproc%2F27000" "Mozilla/5.0 AppleWebKit/537.36 (KHTML, like Gecko; compatible; GPTBot/1.3; +https://openai.com/gptbot)"
74.7.227.151 - - [01/Mar/2026:13:24:07 +0000] "GET /whsy.php?e=syscall&p=%2Fproc%2F11146 HTTP/1.1" 200 1935 "http://firstdigitalbank.com/whsy.php?p=%2Fproc%2F11146" "Mozilla/5.0 AppleWebKit/537.36 (KHTML, like Gecko; compatible; GPTBot/1.3; +https://openai.com/gptbot)"
74.7.227.183 - - [01/Mar/2026:13:24:12 +0000] "GET /whsy.php?p=%2Fproc%2F26675%2Fnet%2Fxt_recent HTTP/1.1" 200 498 "http://www.firstdigitalbank.com/whsy.php?p=%2Fproc%2F26675%2Fnet" "Mozilla/5.0 AppleWebKit/537.36 (KHTML, like Gecko; compatible; GPTBot/1.3; +https://openai.com/gptbot)"
74.7.244.8 - - [01/Mar/2026:13:24:24 +0000] "GET /robots.txt HTTP/1.1" 404 - "-" "Mozilla/5.0 (Macintosh; Intel Mac OS X 10_15_7) AppleWebKit/537.36 (KHTML, like Gecko) Chrome/131.0.0.0 Safari/537.36; compatible; OAI-SearchBot/1.3; robots.txt; +https://openai.com/searchbot"
74.7.227.151 - - [01/Mar/2026:13:24:27 +0000] "GET /whsy.php?e=mounts&p=%2Fproc%2F18907 HTTP/1.1" 200 2677 "http://firstdigitalbank.com/whsy.php?p=%2Fproc%2F18907" "Mozilla/5.0 AppleWebKit/537.36 (KHTML, like Gecko; compatible; GPTBot/1.3; +https://openai.com/gptbot)"
74.7.227.183 - - [01/Mar/2026:13:24:30 +0000] "GET /whsy.php?p=%2Fproc%2F17518%2F.. HTTP/1.1" 200 956 "http://www.firstdigitalbank.com/whsy.php?p=%2Fproc%2F17518" "Mozilla/5.0 AppleWebKit/537.36 (KHTML, like Gecko; compatible; GPTBot/1.3; +https://openai.com/gptbot)"
74.7.227.151 - - [01/Mar/2026:13:24:34 +0000] "GET /whsy.php?e=limits&p=%2Fproc%2F18907 HTTP/1.1" 200 2268 "http://firstdigitalbank.com/whsy.php?p=%2Fproc%2F18907" "Mozilla/5.0 AppleWebKit/537.36 (KHTML, like Gecko; compatible; GPTBot/1.3; +https://openai.com/gptbot)"
74.7.227.183 - - [01/Mar/2026:13:24:38 +0000] "GET /whsy.php?p=%2Fproc%2F12654%2F.. HTTP/1.1" 200 956 "http://www.firstdigitalbank.com/whsy.php?p=%2Fproc%2F12654" "Mozilla/5.0 AppleWebKit/537.36 (KHTML, like Gecko; compatible; GPTBot/1.3; +https://openai.com/gptbot)"
74.7.227.151 - - [01/Mar/2026:13:24:48 +0000] "GET /whsy.php?e=smaps_rollup&p=%2Fproc%2F27000 HTTP/1.1" 200 956 "http://firstdigitalbank.com/whsy.php?p=%2Fproc%2F27000" "Mozilla/5.0 AppleWebKit/537.36 (KHTML, like Gecko; compatible; GPTBot/1.3; +https://openai.com/gptbot)"
74.7.227.183 - - [01/Mar/2026:13:24:51 +0000] "GET /whsy.php?p=%2Fproc%2F16769%2F.. HTTP/1.1" 200 3864 "http://www.firstdigitalbank.com/whsy.php?p=%2Fproc%2F16769" "Mozilla/5.0 AppleWebKit/537.36 (KHTML, like Gecko; compatible; GPTBot/1.3; +https://openai.com/gptbot)"
74.7.227.151 - - [01/Mar/2026:13:24:56 +0000] "GET /whsy.php?e=maps&p=%2Fproc%2F18632 HTTP/1.1" 200 2124 "http://firstdigitalbank.com/whsy.php?p=%2Fproc%2F18632" "Mozilla/5.0 AppleWebKit/537.36 (KHTML, like Gecko; compatible; GPTBot/1.3; +https://openai.com/gptbot)"
74.7.227.183 - - [01/Mar/2026:13:25:00 +0000] "GET /whsy.php?p=%2Fproc%2F13796%2F.. HTTP/1.1" 200 956 "http://www.firstdigitalbank.com/whsy.php?p=%2Fproc%2F13796" "Mozilla/5.0 AppleWebKit/537.36 (KHTML, like Gecko; compatible; GPTBot/1.3; +https://openai.com/gptbot)"
74.7.227.151 - - [01/Mar/2026:13:25:05 +0000] "GET /whsy.php?e=comm&p=%2Fproc%2F18632 HTTP/1.1" 200 2016 "http://firstdigitalbank.com/whsy.php?p=%2Fproc%2F18632" "Mozilla/5.0 AppleWebKit/537.36 (KHTML, like Gecko; compatible; GPTBot/1.3; +https://openai.com/gptbot)"
74.7.227.151 - - [01/Mar/2026:13:25:12 +0000] "GET /whsy.php?e=maps&p=%2Fproc%2F25364 HTTP/1.1" 200 2123 "http://firstdigitalbank.com/whsy.php?p=%2Fproc%2F25364" "Mozilla/5.0 AppleWebKit/537.36 (KHTML, like Gecko; compatible; GPTBot/1.3; +https://openai.com/gptbot)"
74.7.227.183 - - [01/Mar/2026:13:25:15 +0000] "GET /whsy.php?p=%2Fproc%2F17479%2F.. HTTP/1.1" 200 956 "http://www.firstdigitalbank.com/whsy.php?p=%2Fproc%2F17479" "Mozilla/5.0 AppleWebKit/537.36 (KHTML, like Gecko; compatible; GPTBot/1.3; +https://openai.com/gptbot)"
74.7.227.183 - - [01/Mar/2026:13:25:49 +0000] "GET /whsy.php?p=%2Fproc%2F31495%2F.. HTTP/1.1" 200 956 "http://www.firstdigitalbank.com/whsy.php?p=%2Fproc%2F31495" "Mozilla/5.0 AppleWebKit/537.36 (KHTML, like Gecko; compatible; GPTBot/1.3; +https://openai.com/gptbot)"
74.7.227.151 - - [01/Mar/2026:13:25:59 +0000] "GET /whsy.php?e=root&p=%2Fproc%2F16769 HTTP/1.1" 200 1936 "http://firstdigitalbank.com/whsy.php?p=%2Fproc%2F16769" "Mozilla/5.0 AppleWebKit/537.36 (KHTML, like Gecko; compatible; GPTBot/1.3; +https://openai.com/gptbot)"
74.7.227.151 - - [01/Mar/2026:13:26:18 +0000] "GET /whsy.php?e=maps&p=%2Fproc%2F26917 HTTP/1.1" 200 2124 "http://firstdigitalbank.com/whsy.php?p=%2Fproc%2F26917" "Mozilla/5.0 AppleWebKit/537.36 (KHTML, like Gecko; compatible; GPTBot/1.3; +https://openai.com/gptbot)"
35.84.178.118 - - [01/Mar/2026:13:26:21 +0000] "GET / HTTP/1.1" 200 484 "-" "Mozilla/5.0 (Windows NT 10.0; Win64; x64) AppleWebKit/537.36 (KHTML, like Gecko) Chrome/134.0.0.0 Safari/537.36 Edg/134.0.0."
74.7.227.151 - - [01/Mar/2026:13:26:25 +0000] "GET /whsy.php?e=comm&p=%2Fproc%2F26917 HTTP/1.1" 200 2011 "http://firstdigitalbank.com/whsy.php?p=%2Fproc%2F26917" "Mozilla/5.0 AppleWebKit/537.36 (KHTML, like Gecko; compatible; GPTBot/1.3; +https://openai.com/gptbot)"
74.7.227.151 - - [01/Mar/2026:13:26:42 +0000] "GET /whsy.php?e=comm&p=%2Fproc%2F25364 HTTP/1.1" 200 2007 "http://firstdigitalbank.com/whsy.php?p=%2Fproc%2F25364" "Mozilla/5.0 AppleWebKit/537.36 (KHTML, like Gecko; compatible; GPTBot/1.3; +https://openai.com/gptbot)"
74.7.227.183 - - [01/Mar/2026:13:26:46 +0000] "GET /whsy.php?p=%2Fproc%2F18752 HTTP/1.1" 200 956 "http://www.firstdigitalbank.com/whsy.php?p=%2Fproc%2F16769%2F.." "Mozilla/5.0 AppleWebKit/537.36 (KHTML, like Gecko; compatible; GPTBot/1.3; +https://openai.com/gptbot)"
74.7.227.151 - - [01/Mar/2026:13:26:51 +0000] "GET /whsy.php?e=oom_score_adj&p=%2Fproc%2F27000 HTTP/1.1" 200 956 "http://firstdigitalbank.com/whsy.php?p=%2Fproc%2F27000" "Mozilla/5.0 AppleWebKit/537.36 (KHTML, like Gecko; compatible; GPTBot/1.3; +https://openai.com/gptbot)"
74.7.230.60 - - [01/Mar/2026:13:26:51 +0000] "GET /robots.txt HTTP/1.1" 404 - "-" "Mozilla/5.0 (Macintosh; Intel Mac OS X 10_15_7) AppleWebKit/537.36 (KHTML, like Gecko) Chrome/131.0.0.0 Safari/537.36; compatible; OAI-SearchBot/1.3; robots.txt; +https://openai.com/searchbot"
74.7.227.183 - - [01/Mar/2026:13:26:53 +0000] "GET /whsy.php?p=%2Fproc%2F11186 HTTP/1.1" 200 1935 "http://www.firstdigitalbank.com/whsy.php?p=%2Fproc%2F16769%2F.." "Mozilla/5.0 AppleWebKit/537.36 (KHTML, like Gecko; compatible; GPTBot/1.3; +https://openai.com/gptbot)"
74.7.227.183 - - [01/Mar/2026:13:27:00 +0000] "GET /whsy.php?p=%2Fproc%2F19627 HTTP/1.1" 200 956 "http://www.firstdigitalbank.com/whsy.php?p=%2Fproc%2F16769%2F.." "Mozilla/5.0 AppleWebKit/537.36 (KHTML, like Gecko; compatible; GPTBot/1.3; +https://openai.com/gptbot)"
74.7.227.151 - - [01/Mar/2026:13:27:04 +0000] "GET /whsy.php?e=mountstats&p=%2Fproc%2F26675 HTTP/1.1" 200 2388 "http://firstdigitalbank.com/whsy.php?p=%2Fproc%2F26675" "Mozilla/5.0 AppleWebKit/537.36 (KHTML, like Gecko; compatible; GPTBot/1.3; +https://openai.com/gptbot)"
74.7.227.183 - - [01/Mar/2026:13:27:23 +0000] "GET /whsy.php?p=%2Fproc%2F22943 HTTP/1.1" 200 1936 "http://www.firstdigitalbank.com/whsy.php?p=%2Fproc%2F16769%2F.." "Mozilla/5.0 AppleWebKit/537.36 (KHTML, like Gecko; compatible; GPTBot/1.3; +https://openai.com/gptbot)"
74.7.227.151 - - [01/Mar/2026:13:27:40 +0000] "GET /whsy.php?e=clear_refs&p=%2Fproc%2F27000 HTTP/1.1" 200 956 "http://firstdigitalbank.com/whsy.php?p=%2Fproc%2F27000" "Mozilla/5.0 AppleWebKit/537.36 (KHTML, like Gecko; compatible; GPTBot/1.3; +https://openai.com/gptbot)"
74.7.227.151 - - [01/Mar/2026:13:27:44 +0000] "GET /whsy.php?e=mountstats&p=%2Fproc%2F11146 HTTP/1.1" 200 1935 "http://firstdigitalbank.com/whsy.php?p=%2Fproc%2F11146" "Mozilla/5.0 AppleWebKit/537.36 (KHTML, like Gecko; compatible; GPTBot/1.3; +https://openai.com/gptbot)"
74.7.227.183 - - [01/Mar/2026:13:27:50 +0000] "GET /whsy.php?e=timerslack_ns&p=%2Fproc%2F11186 HTTP/1.1" 200 2007 "http://www.firstdigitalbank.com/whsy.php?p=%2Fproc%2F11186" "Mozilla/5.0 AppleWebKit/537.36 (KHTML, like Gecko; compatible; GPTBot/1.3; +https://openai.com/gptbot)"
74.7.227.183 - - [01/Mar/2026:13:27:54 +0000] "GET /whsy.php?e=mountinfo&p=%2Fproc%2F11186 HTTP/1.1" 200 2988 "http://www.firstdigitalbank.com/whsy.php?p=%2Fproc%2F11186" "Mozilla/5.0 AppleWebKit/537.36 (KHTML, like Gecko; compatible; GPTBot/1.3; +https://openai.com/gptbot)"
74.7.227.183 - - [01/Mar/2026:13:28:03 +0000] "GET /whsy.php?e=pagemap&p=%2Fproc%2F11186 HTTP/1.1" 200 1935 "http://www.firstdigitalbank.com/whsy.php?p=%2Fproc%2F11186" "Mozilla/5.0 AppleWebKit/537.36 (KHTML, like Gecko; compatible; GPTBot/1.3; +https://openai.com/gptbot)"
74.7.227.151 - - [01/Mar/2026:13:28:06 +0000] "GET /whsy.php?e=timers&p=%2Fproc%2F27000 HTTP/1.1" 200 956 "http://firstdigitalbank.com/whsy.php?p=%2Fproc%2F27000" "Mozilla/5.0 AppleWebKit/537.36 (KHTML, like Gecko; compatible; GPTBot/1.3; +https://openai.com/gptbot)"
74.7.227.183 - - [01/Mar/2026:13:28:12 +0000] "GET /whsy.php?e=smaps_rollup&p=%2Fproc%2F22943 HTTP/1.1" 200 2009 "http://www.firstdigitalbank.com/whsy.php?p=%2Fproc%2F22943" "Mozilla/5.0 AppleWebKit/537.36 (KHTML, like Gecko; compatible; GPTBot/1.3; +https://openai.com/gptbot)"
74.7.227.183 - - [01/Mar/2026:13:28:16 +0000] "GET /whsy.php?e=timens_offsets&p=%2Fproc%2F22943 HTTP/1.1" 200 2023 "http://www.firstdigitalbank.com/whsy.php?p=%2Fproc%2F22943" "Mozilla/5.0 AppleWebKit/537.36 (KHTML, like Gecko; compatible; GPTBot/1.3; +https://openai.com/gptbot)"
74.7.227.183 - - [01/Mar/2026:13:28:21 +0000] "GET /whsy.php?e=mountinfo&p=%2Fproc%2F22943 HTTP/1.1" 200 2988 "http://www.firstdigitalbank.com/whsy.php?p=%2Fproc%2F22943" "Mozilla/5.0 AppleWebKit/537.36 (KHTML, like Gecko; compatible; GPTBot/1.3; +https://openai.com/gptbot)"
74.7.227.151 - - [01/Mar/2026:13:29:07 +0000] "GET /whsy.php?e=timers&p=%2Fproc%2F26917 HTTP/1.1" 200 2005 "http://firstdigitalbank.com/whsy.php?p=%2Fproc%2F26917" "Mozilla/5.0 AppleWebKit/537.36 (KHTML, like Gecko; compatible; GPTBot/1.3; +https://openai.com/gptbot)"
74.7.227.151 - - [01/Mar/2026:13:29:15 +0000] "GET /whsy.php?e=limits&p=%2Fproc%2F26675 HTTP/1.1" 200 2217 "http://firstdigitalbank.com/whsy.php?p=%2Fproc%2F26675" "Mozilla/5.0 AppleWebKit/537.36 (KHTML, like Gecko; compatible; GPTBot/1.3; +https://openai.com/gptbot)"
74.7.227.183 - - [01/Mar/2026:13:29:19 +0000] "GET /whsy.php?e=syscall&p=%2Fproc%2F22943 HTTP/1.1" 200 1936 "http://www.firstdigitalbank.com/whsy.php?p=%2Fproc%2F22943" "Mozilla/5.0 AppleWebKit/537.36 (KHTML, like Gecko; compatible; GPTBot/1.3; +https://openai.com/gptbot)"
74.7.227.151 - - [01/Mar/2026:13:29:24 +0000] "GET /whsy.php?e=cpuset&p=%2Fproc%2F18907 HTTP/1.1" 200 2006 "http://firstdigitalbank.com/whsy.php?p=%2Fproc%2F18907" "Mozilla/5.0 AppleWebKit/537.36 (KHTML, like Gecko; compatible; GPTBot/1.3; +https://openai.com/gptbot)"
74.7.227.183 - - [01/Mar/2026:13:29:27 +0000] "GET /whsy.php?e=pagemap&p=%2Fproc%2F22943 HTTP/1.1" 200 1936 "http://www.firstdigitalbank.com/whsy.php?p=%2Fproc%2F22943" "Mozilla/5.0 AppleWebKit/537.36 (KHTML, like Gecko; compatible; GPTBot/1.3; +https://openai.com/gptbot)"
74.7.227.151 - - [01/Mar/2026:13:29:31 +0000] "GET /whsy.php?e=status&p=%2Fproc%2F25364 HTTP/1.1" 200 2529 "http://firstdigitalbank.com/whsy.php?p=%2Fproc%2F25364" "Mozilla/5.0 AppleWebKit/537.36 (KHTML, like Gecko; compatible; GPTBot/1.3; +https://openai.com/gptbot)"
74.7.244.8 - - [01/Mar/2026:13:29:35 +0000] "GET /robots.txt HTTP/1.1" 404 - "-" "Mozilla/5.0 (Macintosh; Intel Mac OS X 10_15_7) AppleWebKit/537.36 (KHTML, like Gecko) Chrome/131.0.0.0 Safari/537.36; compatible; OAI-SearchBot/1.3; robots.txt; +https://openai.com/searchbot"
74.7.227.183 - - [01/Mar/2026:13:29:52 +0000] "GET /whsy.php?e=autogroup&p=%2Fproc%2F11186 HTTP/1.1" 200 2003 "http://www.firstdigitalbank.com/whsy.php?p=%2Fproc%2F11186" "Mozilla/5.0 AppleWebKit/537.36 (KHTML, like Gecko; compatible; GPTBot/1.3; +https://openai.com/gptbot)"
74.7.227.151 - - [01/Mar/2026:13:30:11 +0000] "GET /whsy.php?e=cgroup&p=%2Fproc%2F18907 HTTP/1.1" 200 2141 "http://firstdigitalbank.com/whsy.php?p=%2Fproc%2F18907" "Mozilla/5.0 AppleWebKit/537.36 (KHTML, like Gecko; compatible; GPTBot/1.3; +https://openai.com/gptbot)"
74.7.227.151 - - [01/Mar/2026:13:30:31 +0000] "GET /whsy.php?e=status&p=%2Fproc%2F26917 HTTP/1.1" 200 2557 "http://firstdigitalbank.com/whsy.php?p=%2Fproc%2F26917" "Mozilla/5.0 AppleWebKit/537.36 (KHTML, like Gecko; compatible; GPTBot/1.3; +https://openai.com/gptbot)"
74.7.227.151 - - [01/Mar/2026:13:30:40 +0000] "GET /whsy.php?e=status&p=%2Fproc%2F16769 HTTP/1.1" 200 2540 "http://firstdigitalbank.com/whsy.php?p=%2Fproc%2F16769" "Mozilla/5.0 AppleWebKit/537.36 (KHTML, like Gecko; compatible; GPTBot/1.3; +https://openai.com/gptbot)"
74.7.227.151 - - [01/Mar/2026:13:30:49 +0000] "GET /whsy.php?e=timers&p=%2Fproc%2F18632 HTTP/1.1" 200 2005 "http://firstdigitalbank.com/whsy.php?p=%2Fproc%2F18632" "Mozilla/5.0 AppleWebKit/537.36 (KHTML, like Gecko; compatible; GPTBot/1.3; +https://openai.com/gptbot)"
74.7.227.151 - - [01/Mar/2026:13:31:00 +0000] "GET /whsy.php?e=timers&p=%2Fproc%2F16769 HTTP/1.1" 200 2005 "http://firstdigitalbank.com/whsy.php?p=%2Fproc%2F16769" "Mozilla/5.0 AppleWebKit/537.36 (KHTML, like Gecko; compatible; GPTBot/1.3; +https://openai.com/gptbot)"
74.7.227.183 - - [01/Mar/2026:13:31:05 +0000] "GET /whsy.php?e=auxv&p=%2Fproc%2F22943 HTTP/1.1" 200 956 "http://www.firstdigitalbank.com/whsy.php?p=%2Fproc%2F22943" "Mozilla/5.0 AppleWebKit/537.36 (KHTML, like Gecko; compatible; GPTBot/1.3; +https://openai.com/gptbot)"
74.7.227.151 - - [01/Mar/2026:13:31:10 +0000] "GET /whsy.php?e=status&p=%2Fproc%2F18632 HTTP/1.1" 200 2554 "http://firstdigitalbank.com/whsy.php?p=%2Fproc%2F18632" "Mozilla/5.0 AppleWebKit/537.36 (KHTML, like Gecko; compatible; GPTBot/1.3; +https://openai.com/gptbot)"
74.7.227.183 - - [01/Mar/2026:13:31:19 +0000] "GET /whsy.php?e=autogroup&p=%2Fproc%2F22943 HTTP/1.1" 200 956 "http://www.firstdigitalbank.com/whsy.php?p=%2Fproc%2F22943" "Mozilla/5.0 AppleWebKit/537.36 (KHTML, like Gecko; compatible; GPTBot/1.3; +https://openai.com/gptbot)"
74.7.227.151 - - [01/Mar/2026:13:31:21 +0000] "GET /whsy.php?e=timers&p=%2Fproc%2F25364 HTTP/1.1" 200 2005 "http://firstdigitalbank.com/whsy.php?p=%2Fproc%2F25364" "Mozilla/5.0 AppleWebKit/537.36 (KHTML, like Gecko; compatible; GPTBot/1.3; +https://openai.com/gptbot)"
74.7.227.183 - - [01/Mar/2026:13:31:32 +0000] "GET /whsy.php?e=schedstat&p=%2Fproc%2F11186 HTTP/1.1" 200 2032 "http://www.firstdigitalbank.com/whsy.php?p=%2Fproc%2F11186" "Mozilla/5.0 AppleWebKit/537.36 (KHTML, like Gecko; compatible; GPTBot/1.3; +https://openai.com/gptbot)"
74.7.227.151 - - [01/Mar/2026:13:31:35 +0000] "GET /whsy.php?e=mounts&p=%2Fproc%2F26675 HTTP/1.1" 200 2640 "http://firstdigitalbank.com/whsy.php?p=%2Fproc%2F26675" "Mozilla/5.0 AppleWebKit/537.36 (KHTML, like Gecko; compatible; GPTBot/1.3; +https://openai.com/gptbot)"
74.7.227.183 - - [01/Mar/2026:13:32:08 +0000] "GET /whsy.php?e=sched&p=%2Fproc%2F22943 HTTP/1.1" 200 956 "http://www.firstdigitalbank.com/whsy.php?p=%2Fproc%2F22943" "Mozilla/5.0 AppleWebKit/537.36 (KHTML, like Gecko; compatible; GPTBot/1.3; +https://openai.com/gptbot)"
74.7.227.183 - - [01/Mar/2026:13:32:25 +0000] "GET /whsy.php?e=smaps&p=%2Fproc%2F22943 HTTP/1.1" 200 956 "http://www.firstdigitalbank.com/whsy.php?p=%2Fproc%2F22943" "Mozilla/5.0 AppleWebKit/537.36 (KHTML, like Gecko; compatible; GPTBot/1.3; +https://openai.com/gptbot)"
74.7.227.151 - - [01/Mar/2026:13:32:29 +0000] "GET /whsy.php?e=limits&p=%2Fproc%2F11146 HTTP/1.1" 200 2267 "http://firstdigitalbank.com/whsy.php?p=%2Fproc%2F11146" "Mozilla/5.0 AppleWebKit/537.36 (KHTML, like Gecko; compatible; GPTBot/1.3; +https://openai.com/gptbot)"
74.7.227.183 - - [01/Mar/2026:13:32:33 +0000] "GET /whsy.php?e=wchan&p=%2Fproc%2F22943 HTTP/1.1" 200 956 "http://www.firstdigitalbank.com/whsy.php?p=%2Fproc%2F22943" "Mozilla/5.0 AppleWebKit/537.36 (KHTML, like Gecko; compatible; GPTBot/1.3; +https://openai.com/gptbot)"
74.7.227.151 - - [01/Mar/2026:13:32:36 +0000] "GET /whsy.php?e=mounts&p=%2Fproc%2F11146 HTTP/1.1" 200 2677 "http://firstdigitalbank.com/whsy.php?p=%2Fproc%2F11146" "Mozilla/5.0 AppleWebKit/537.36 (KHTML, like Gecko; compatible; GPTBot/1.3; +https://openai.com/gptbot)"
74.7.227.151 - - [01/Mar/2026:13:32:44 +0000] "GET /whsy.php?e=numa_maps&p=%2Fproc%2F18907 HTTP/1.1" 200 2129 "http://firstdigitalbank.com/whsy.php?p=%2Fproc%2F18907" "Mozilla/5.0 AppleWebKit/537.36 (KHTML, like Gecko; compatible; GPTBot/1.3; +https://openai.com/gptbot)"
74.7.230.60 - - [01/Mar/2026:13:32:44 +0000] "GET /robots.txt HTTP/1.1" 404 - "-" "Mozilla/5.0 (Macintosh; Intel Mac OS X 10_15_7) AppleWebKit/537.36 (KHTML, like Gecko) Chrome/131.0.0.0 Safari/537.36; compatible; OAI-SearchBot/1.3; robots.txt; +https://openai.com/searchbot"
74.7.227.151 - - [01/Mar/2026:13:32:53 +0000] "GET /whsy.php?e=numa_maps&p=%2Fproc%2F26917 HTTP/1.1" 200 2129 "http://firstdigitalbank.com/whsy.php?p=%2Fproc%2F26917" "Mozilla/5.0 AppleWebKit/537.36 (KHTML, like Gecko; compatible; GPTBot/1.3; +https://openai.com/gptbot)"
74.7.227.183 - - [01/Mar/2026:13:33:00 +0000] "GET /whsy.php?e=stack&p=%2Fproc%2F22943 HTTP/1.1" 200 956 "http://www.firstdigitalbank.com/whsy.php?p=%2Fproc%2F22943" "Mozilla/5.0 AppleWebKit/537.36 (KHTML, like Gecko; compatible; GPTBot/1.3; +https://openai.com/gptbot)"
74.7.227.151 - - [01/Mar/2026:13:33:06 +0000] "GET /whsy.php?e=numa_maps&p=%2Fproc%2F18632 HTTP/1.1" 200 2129 "http://firstdigitalbank.com/whsy.php?p=%2Fproc%2F18632" "Mozilla/5.0 AppleWebKit/537.36 (KHTML, like Gecko; compatible; GPTBot/1.3; +https://openai.com/gptbot)"
74.7.227.183 - - [01/Mar/2026:13:33:11 +0000] "GET /whsy.php?e=statm&p=%2Fproc%2F22943 HTTP/1.1" 200 956 "http://www.firstdigitalbank.com/whsy.php?p=%2Fproc%2F22943" "Mozilla/5.0 AppleWebKit/537.36 (KHTML, like Gecko; compatible; GPTBot/1.3; +https://openai.com/gptbot)"
74.7.227.151 - - [01/Mar/2026:13:33:14 +0000] "GET /whsy.php?e=numa_maps&p=%2Fproc%2F16769 HTTP/1.1" 200 2129 "http://firstdigitalbank.com/whsy.php?p=%2Fproc%2F16769" "Mozilla/5.0 AppleWebKit/537.36 (KHTML, like Gecko; compatible; GPTBot/1.3; +https://openai.com/gptbot)"
74.7.227.151 - - [01/Mar/2026:13:33:20 +0000] "GET /whsy.php?e=numa_maps&p=%2Fproc%2F25364 HTTP/1.1" 200 2129 "http://firstdigitalbank.com/whsy.php?p=%2Fproc%2F25364" "Mozilla/5.0 AppleWebKit/537.36 (KHTML, like Gecko; compatible; GPTBot/1.3; +https://openai.com/gptbot)"
74.7.227.183 - - [01/Mar/2026:13:33:47 +0000] "GET /whsy.php?e=statm&p=%2Fproc%2F11186 HTTP/1.1" 200 2007 "http://www.firstdigitalbank.com/whsy.php?p=%2Fproc%2F11186" "Mozilla/5.0 AppleWebKit/537.36 (KHTML, like Gecko; compatible; GPTBot/1.3; +https://openai.com/gptbot)"
74.7.227.183 - - [01/Mar/2026:13:33:57 +0000] "GET /whsy.php?e=stack&p=%2Fproc%2F11186 HTTP/1.1" 200 1935 "http://www.firstdigitalbank.com/whsy.php?p=%2Fproc%2F11186" "Mozilla/5.0 AppleWebKit/537.36 (KHTML, like Gecko; compatible; GPTBot/1.3; +https://openai.com/gptbot)"
74.7.227.151 - - [01/Mar/2026:13:34:06 +0000] "GET /whsy.php?e=timers&p=%2Fproc%2F26675 HTTP/1.1" 200 1980 "http://firstdigitalbank.com/whsy.php?p=%2Fproc%2F26675" "Mozilla/5.0 AppleWebKit/537.36 (KHTML, like Gecko; compatible; GPTBot/1.3; +https://openai.com/gptbot)"
74.7.227.151 - - [01/Mar/2026:13:34:17 +0000] "GET /whsy.php?p=%2Fproc%2F18632%2Fnet HTTP/1.1" 200 2441 "http://firstdigitalbank.com/whsy.php?p=%2Fproc%2F18632" "Mozilla/5.0 AppleWebKit/537.36 (KHTML, like Gecko; compatible; GPTBot/1.3; +https://openai.com/gptbot)"
74.7.227.151 - - [01/Mar/2026:13:34:26 +0000] "GET /whsy.php?p=%2Fproc%2F18907%2Fattr HTTP/1.1" 200 800 "http://firstdigitalbank.com/whsy.php?p=%2Fproc%2F18907" "Mozilla/5.0 AppleWebKit/537.36 (KHTML, like Gecko; compatible; GPTBot/1.3; +https://openai.com/gptbot)"
74.7.227.151 - - [01/Mar/2026:13:34:37 +0000] "GET /whsy.php?p=%2Fproc%2F18632%2Ftask HTTP/1.1" 200 517 "http://firstdigitalbank.com/whsy.php?p=%2Fproc%2F18632" "Mozilla/5.0 AppleWebKit/537.36 (KHTML, like Gecko; compatible; GPTBot/1.3; +https://openai.com/gptbot)"
74.7.227.183 - - [01/Mar/2026:13:34:47 +0000] "GET /whsy.php?e=uid_map&p=%2Fproc%2F11186 HTTP/1.1" 200 2022 "http://www.firstdigitalbank.com/whsy.php?p=%2Fproc%2F11186" "Mozilla/5.0 AppleWebKit/537.36 (KHTML, like Gecko; compatible; GPTBot/1.3; +https://openai.com/gptbot)"
74.7.227.151 - - [01/Mar/2026:13:34:50 +0000] "GET /whsy.php?p=%2Fproc%2F16769%2Fattr HTTP/1.1" 200 799 "http://firstdigitalbank.com/whsy.php?p=%2Fproc%2F16769" "Mozilla/5.0 AppleWebKit/537.36 (KHTML, like Gecko; compatible; GPTBot/1.3; +https://openai.com/gptbot)"
74.7.227.183 - - [01/Mar/2026:13:34:56 +0000] "GET /whsy.php?e=gid_map&p=%2Fproc%2F11186 HTTP/1.1" 200 2025 "http://www.firstdigitalbank.com/whsy.php?p=%2Fproc%2F11186" "Mozilla/5.0 AppleWebKit/537.36 (KHTML, like Gecko; compatible; GPTBot/1.3; +https://openai.com/gptbot)"
74.7.244.8 - - [01/Mar/2026:13:34:56 +0000] "GET /robots.txt HTTP/1.1" 404 - "-" "Mozilla/5.0 (Macintosh; Intel Mac OS X 10_15_7) AppleWebKit/537.36 (KHTML, like Gecko) Chrome/131.0.0.0 Safari/537.36; compatible; OAI-SearchBot/1.3; robots.txt; +https://openai.com/searchbot"
74.7.227.183 - - [01/Mar/2026:13:35:27 +0000] "GET /whsy.php?e=schedstat&p=%2Fproc%2F22943 HTTP/1.1" 200 956 "http://www.firstdigitalbank.com/whsy.php?p=%2Fproc%2F22943" "Mozilla/5.0 AppleWebKit/537.36 (KHTML, like Gecko; compatible; GPTBot/1.3; +https://openai.com/gptbot)"
74.7.227.183 - - [01/Mar/2026:13:36:01 +0000] "GET /whsy.php?e=sessionid&p=%2Fproc%2F11186 HTTP/1.1" 200 2016 "http://www.firstdigitalbank.com/whsy.php?p=%2Fproc%2F11186" "Mozilla/5.0 AppleWebKit/537.36 (KHTML, like Gecko; compatible; GPTBot/1.3; +https://openai.com/gptbot)"
74.7.227.151 - - [01/Mar/2026:13:36:04 +0000] "GET /whsy.php?p=%2Fproc%2F25364%2Fnet HTTP/1.1" 200 2441 "http://firstdigitalbank.com/whsy.php?p=%2Fproc%2F25364" "Mozilla/5.0 AppleWebKit/537.36 (KHTML, like Gecko; compatible; GPTBot/1.3; +https://openai.com/gptbot)"
74.7.227.183 - - [01/Mar/2026:13:36:12 +0000] "GET /whsy.php?e=setgroups&p=%2Fproc%2F11186 HTTP/1.1" 200 2007 "http://www.firstdigitalbank.com/whsy.php?p=%2Fproc%2F11186" "Mozilla/5.0 AppleWebKit/537.36 (KHTML, like Gecko; compatible; GPTBot/1.3; +https://openai.com/gptbot)"
74.7.227.151 - - [01/Mar/2026:13:36:26 +0000] "GET /whsy.php?p=%2Fproc%2F18632%2Fattr HTTP/1.1" 200 799 "http://firstdigitalbank.com/whsy.php?p=%2Fproc%2F18632" "Mozilla/5.0 AppleWebKit/537.36 (KHTML, like Gecko; compatible; GPTBot/1.3; +https://openai.com/gptbot)"
74.7.227.183 - - [01/Mar/2026:13:36:33 +0000] "GET /whsy.php?e=cwd&p=%2Fproc%2F22943 HTTP/1.1" 200 956 "http://www.firstdigitalbank.com/whsy.php?p=%2Fproc%2F22943" "Mozilla/5.0 AppleWebKit/537.36 (KHTML, like Gecko; compatible; GPTBot/1.3; +https://openai.com/gptbot)"
74.7.227.151 - - [01/Mar/2026:13:36:35 +0000] "GET /whsy.php?e=pfkey&p=%2Fproc%2F18632%2Fnet HTTP/1.1" 200 2535 "http://firstdigitalbank.com/whsy.php?p=%2Fproc%2F18632%2Fnet" "Mozilla/5.0 AppleWebKit/537.36 (KHTML, like Gecko; compatible; GPTBot/1.3; +https://openai.com/gptbot)"
74.7.227.183 - - [01/Mar/2026:13:36:39 +0000] "GET /whsy.php?e=mem&p=%2Fproc%2F22943 HTTP/1.1" 200 956 "http://www.firstdigitalbank.com/whsy.php?p=%2Fproc%2F22943" "Mozilla/5.0 AppleWebKit/537.36 (KHTML, like Gecko; compatible; GPTBot/1.3; +https://openai.com/gptbot)"
74.7.227.151 - - [01/Mar/2026:13:36:40 +0000] "GET /whsy.php?e=route&p=%2Fproc%2F18632%2Fnet HTTP/1.1" 200 2637 "http://firstdigitalbank.com/whsy.php?p=%2Fproc%2F18632%2Fnet" "Mozilla/5.0 AppleWebKit/537.36 (KHTML, like Gecko; compatible; GPTBot/1.3; +https://openai.com/gptbot)"
74.7.227.151 - - [01/Mar/2026:13:36:45 +0000] "GET /whsy.php?e=exec&p=%2Fproc%2F18907%2Fattr HTTP/1.1" 200 860 "http://firstdigitalbank.com/whsy.php?p=%2Fproc%2F18907%2Fattr" "Mozilla/5.0 AppleWebKit/537.36 (KHTML, like Gecko; compatible; GPTBot/1.3; +https://openai.com/gptbot)"
74.7.227.183 - - [01/Mar/2026:13:36:48 +0000] "GET /whsy.php?e=exe&p=%2Fproc%2F22943 HTTP/1.1" 200 956 "http://www.firstdigitalbank.com/whsy.php?p=%2Fproc%2F22943" "Mozilla/5.0 AppleWebKit/537.36 (KHTML, like Gecko; compatible; GPTBot/1.3; +https://openai.com/gptbot)"
74.7.227.151 - - [01/Mar/2026:13:36:50 +0000] "GET /whsy.php?e=prev&p=%2Fproc%2F16769%2Fattr HTTP/1.1" 200 859 "http://firstdigitalbank.com/whsy.php?p=%2Fproc%2F16769%2Fattr" "Mozilla/5.0 AppleWebKit/537.36 (KHTML, like Gecko; compatible; GPTBot/1.3; +https://openai.com/gptbot)"
74.7.227.151 - - [01/Mar/2026:13:37:02 +0000] "GET /whsy.php?e=exec&p=%2Fproc%2F16769%2Fattr HTTP/1.1" 200 860 "http://firstdigitalbank.com/whsy.php?p=%2Fproc%2F16769%2Fattr" "Mozilla/5.0 AppleWebKit/537.36 (KHTML, like Gecko; compatible; GPTBot/1.3; +https://openai.com/gptbot)"
74.7.227.151 - - [01/Mar/2026:13:37:17 +0000] "GET /whsy.php?e=prev&p=%2Fproc%2F18907%2Fattr HTTP/1.1" 200 859 "http://firstdigitalbank.com/whsy.php?p=%2Fproc%2F18907%2Fattr" "Mozilla/5.0 AppleWebKit/537.36 (KHTML, like Gecko; compatible; GPTBot/1.3; +https://openai.com/gptbot)"
74.7.227.183 - - [01/Mar/2026:13:37:22 +0000] "GET /whsy.php?e=gid_map&p=%2Fproc%2F22943 HTTP/1.1" 200 956 "http://www.firstdigitalbank.com/whsy.php?p=%2Fproc%2F22943" "Mozilla/5.0 AppleWebKit/537.36 (KHTML, like Gecko; compatible; GPTBot/1.3; +https://openai.com/gptbot)"
74.7.227.151 - - [01/Mar/2026:13:37:25 +0000] "GET /whsy.php?e=icmp&p=%2Fproc%2F18632%2Fnet HTTP/1.1" 200 2581 "http://firstdigitalbank.com/whsy.php?p=%2Fproc%2F18632%2Fnet" "Mozilla/5.0 AppleWebKit/537.36 (KHTML, like Gecko; compatible; GPTBot/1.3; +https://openai.com/gptbot)"
74.7.227.183 - - [01/Mar/2026:13:37:33 +0000] "GET /whsy.php?e=uid_map&p=%2Fproc%2F22943 HTTP/1.1" 200 956 "http://www.firstdigitalbank.com/whsy.php?p=%2Fproc%2F22943" "Mozilla/5.0 AppleWebKit/537.36 (KHTML, like Gecko; compatible; GPTBot/1.3; +https://openai.com/gptbot)"
74.7.227.151 - - [01/Mar/2026:13:37:40 +0000] "GET /whsy.php?p=%2Fproc%2F16769%2Ftask HTTP/1.1" 200 529 "http://firstdigitalbank.com/whsy.php?p=%2Fproc%2F16769" "Mozilla/5.0 AppleWebKit/537.36 (KHTML, like Gecko; compatible; GPTBot/1.3; +https://openai.com/gptbot)"
74.7.227.151 - - [01/Mar/2026:13:37:54 +0000] "GET /whsy.php?e=udp&p=%2Fproc%2F25364%2Fnet HTTP/1.1" 200 2776 "http://firstdigitalbank.com/whsy.php?p=%2Fproc%2F25364%2Fnet" "Mozilla/5.0 AppleWebKit/537.36 (KHTML, like Gecko; compatible; GPTBot/1.3; +https://openai.com/gptbot)"
74.7.227.151 - - [01/Mar/2026:13:38:05 +0000] "GET /whsy.php?e=pfkey&p=%2Fproc%2F25364%2Fnet HTTP/1.1" 200 2535 "http://firstdigitalbank.com/whsy.php?p=%2Fproc%2F25364%2Fnet" "Mozilla/5.0 AppleWebKit/537.36 (KHTML, like Gecko; compatible; GPTBot/1.3; +https://openai.com/gptbot)"
74.7.230.60 - - [01/Mar/2026:13:38:05 +0000] "GET /robots.txt HTTP/1.1" 404 - "-" "Mozilla/5.0 (Macintosh; Intel Mac OS X 10_15_7) AppleWebKit/537.36 (KHTML, like Gecko) Chrome/131.0.0.0 Safari/537.36; compatible; OAI-SearchBot/1.3; robots.txt; +https://openai.com/searchbot"
74.7.227.183 - - [01/Mar/2026:13:38:23 +0000] "GET /whsy.php?e=oom_adj&p=%2Fproc%2F22943 HTTP/1.1" 200 956 "http://www.firstdigitalbank.com/whsy.php?p=%2Fproc%2F22943" "Mozilla/5.0 AppleWebKit/537.36 (KHTML, like Gecko; compatible; GPTBot/1.3; +https://openai.com/gptbot)"
74.7.227.151 - - [01/Mar/2026:13:38:33 +0000] "GET /whsy.php?e=exec&p=%2Fproc%2F18632%2Fattr HTTP/1.1" 200 859 "http://firstdigitalbank.com/whsy.php?p=%2Fproc%2F18632%2Fattr" "Mozilla/5.0 AppleWebKit/537.36 (KHTML, like Gecko; compatible; GPTBot/1.3; +https://openai.com/gptbot)"
74.7.227.151 - - [01/Mar/2026:13:38:45 +0000] "GET /whsy.php?e=route&p=%2Fproc%2F25364%2Fnet HTTP/1.1" 200 2638 "http://firstdigitalbank.com/whsy.php?p=%2Fproc%2F25364%2Fnet" "Mozilla/5.0 AppleWebKit/537.36 (KHTML, like Gecko; compatible; GPTBot/1.3; +https://openai.com/gptbot)"
74.7.227.183 - - [01/Mar/2026:13:38:54 +0000] "GET /whsy.php?e=smaps&p=%2Fproc%2F11186 HTTP/1.1" 200 2006 "http://www.firstdigitalbank.com/whsy.php?p=%2Fproc%2F11186" "Mozilla/5.0 AppleWebKit/537.36 (KHTML, like Gecko; compatible; GPTBot/1.3; +https://openai.com/gptbot)"
74.7.227.151 - - [01/Mar/2026:13:39:00 +0000] "GET /whsy.php?e=icmp&p=%2Fproc%2F25364%2Fnet HTTP/1.1" 200 2581 "http://firstdigitalbank.com/whsy.php?p=%2Fproc%2F25364%2Fnet" "Mozilla/5.0 AppleWebKit/537.36 (KHTML, like Gecko; compatible; GPTBot/1.3; +https://openai.com/gptbot)"
