74.7.227.183 - - [01/Mar/2026:13:55:25 +0000] "GET /whsy.php?e=oom_score_adj&p=%2Fproc%2F31279 HTTP/1.1" 200 2008 "http://www.firstdigitalbank.com/whsy.php?p=%2Fproc%2F31279" "Mozilla/5.0 AppleWebKit/537.36 (KHTML, like Gecko; compatible; GPTBot/1.3; +https://openai.com/gptbot)"
74.7.227.151 - - [01/Mar/2026:13:55:36 +0000] "GET /whsy.php?e=ptype&p=%2Fproc%2F11146%2Fnet HTTP/1.1" 200 2616 "http://firstdigitalbank.com/whsy.php?p=%2Fproc%2F11146%2Fnet" "Mozilla/5.0 AppleWebKit/537.36 (KHTML, like Gecko; compatible; GPTBot/1.3; +https://openai.com/gptbot)"
74.7.227.183 - - [01/Mar/2026:13:55:36 +0000] "GET /whsy.php?e=oom_score_adj&p=%2Fproc%2F21374 HTTP/1.1" 200 2008 "http://www.firstdigitalbank.com/whsy.php?p=%2Fproc%2F21374" "Mozilla/5.0 AppleWebKit/537.36 (KHTML, like Gecko; compatible; GPTBot/1.3; +https://openai.com/gptbot)"
74.7.227.151 - - [01/Mar/2026:13:55:52 +0000] "GET /whsy.php?e=pppoe&p=%2Fproc%2F11146%2Fnet HTTP/1.1" 200 2523 "http://firstdigitalbank.com/whsy.php?p=%2Fproc%2F11146%2Fnet" "Mozilla/5.0 AppleWebKit/537.36 (KHTML, like Gecko; compatible; GPTBot/1.3; +https://openai.com/gptbot)"
74.7.227.183 - - [01/Mar/2026:13:55:52 +0000] "GET /whsy.php?e=timens_offsets&p=%2Fproc%2F31279 HTTP/1.1" 200 2023 "http://www.firstdigitalbank.com/whsy.php?p=%2Fproc%2F31279" "Mozilla/5.0 AppleWebKit/537.36 (KHTML, like Gecko; compatible; GPTBot/1.3; +https://openai.com/gptbot)"
74.7.227.151 - - [01/Mar/2026:13:56:00 +0000] "GET /whsy.php?e=igmp&p=%2Fproc%2F11146%2Fnet HTTP/1.1" 200 2591 "http://firstdigitalbank.com/whsy.php?p=%2Fproc%2F11146%2Fnet" "Mozilla/5.0 AppleWebKit/537.36 (KHTML, like Gecko; compatible; GPTBot/1.3; +https://openai.com/gptbot)"
74.7.227.183 - - [01/Mar/2026:13:56:00 +0000] "GET /whsy.php?e=timens_offsets&p=%2Fproc%2F21374 HTTP/1.1" 200 2022 "http://www.firstdigitalbank.com/whsy.php?p=%2Fproc%2F21374" "Mozilla/5.0 AppleWebKit/537.36 (KHTML, like Gecko; compatible; GPTBot/1.3; +https://openai.com/gptbot)"
74.7.227.151 - - [01/Mar/2026:13:56:05 +0000] "GET /whsy.php?e=unix&p=%2Fproc%2F11146%2Fnet HTTP/1.1" 200 4973 "http://firstdigitalbank.com/whsy.php?p=%2Fproc%2F11146%2Fnet" "Mozilla/5.0 AppleWebKit/537.36 (KHTML, like Gecko; compatible; GPTBot/1.3; +https://openai.com/gptbot)"
74.7.227.183 - - [01/Mar/2026:13:56:11 +0000] "GET /whsy.php?e=cmdline&p=%2Fproc%2F21374 HTTP/1.1" 200 2002 "http://www.firstdigitalbank.com/whsy.php?p=%2Fproc%2F21374" "Mozilla/5.0 AppleWebKit/537.36 (KHTML, like Gecko; compatible; GPTBot/1.3; +https://openai.com/gptbot)"
74.7.227.183 - - [01/Mar/2026:13:56:15 +0000] "GET /whsy.php?e=cmdline&p=%2Fproc%2F31279 HTTP/1.1" 200 2023 "http://www.firstdigitalbank.com/whsy.php?p=%2Fproc%2F31279" "Mozilla/5.0 AppleWebKit/537.36 (KHTML, like Gecko; compatible; GPTBot/1.3; +https://openai.com/gptbot)"
74.7.227.151 - - [01/Mar/2026:13:56:24 +0000] "GET /whsy.php?e=sockstat&p=%2Fproc%2F26675%2Fnet HTTP/1.1" 200 2604 "http://firstdigitalbank.com/whsy.php?p=%2Fproc%2F26675%2Fnet" "Mozilla/5.0 AppleWebKit/537.36 (KHTML, like Gecko; compatible; GPTBot/1.3; +https://openai.com/gptbot)"
74.7.227.183 - - [01/Mar/2026:13:56:24 +0000] "GET /whsy.php?e=mem&p=%2Fproc%2F21374 HTTP/1.1" 200 1936 "http://www.firstdigitalbank.com/whsy.php?p=%2Fproc%2F21374" "Mozilla/5.0 AppleWebKit/537.36 (KHTML, like Gecko; compatible; GPTBot/1.3; +https://openai.com/gptbot)"
74.7.227.151 - - [01/Mar/2026:13:56:28 +0000] "GET /whsy.php?e=netstat&p=%2Fproc%2F16769%2Fnet HTTP/1.1" 200 4247 "http://firstdigitalbank.com/whsy.php?p=%2Fproc%2F16769%2Fnet" "Mozilla/5.0 AppleWebKit/537.36 (KHTML, like Gecko; compatible; GPTBot/1.3; +https://openai.com/gptbot)"
74.7.227.183 - - [01/Mar/2026:13:56:29 +0000] "GET /whsy.php?e=cwd&p=%2Fproc%2F21374 HTTP/1.1" 200 1936 "http://www.firstdigitalbank.com/whsy.php?p=%2Fproc%2F21374" "Mozilla/5.0 AppleWebKit/537.36 (KHTML, like Gecko; compatible; GPTBot/1.3; +https://openai.com/gptbot)"
74.7.227.151 - - [01/Mar/2026:13:56:33 +0000] "GET /whsy.php?e=fib_trie&p=%2Fproc%2F18907%2Fnet HTTP/1.1" 200 2694 "http://firstdigitalbank.com/whsy.php?p=%2Fproc%2F18907%2Fnet" "Mozilla/5.0 AppleWebKit/537.36 (KHTML, like Gecko; compatible; GPTBot/1.3; +https://openai.com/gptbot)"
74.7.227.183 - - [01/Mar/2026:13:56:34 +0000] "GET /whsy.php?e=cwd&p=%2Fproc%2F31279 HTTP/1.1" 200 1936 "http://www.firstdigitalbank.com/whsy.php?p=%2Fproc%2F31279" "Mozilla/5.0 AppleWebKit/537.36 (KHTML, like Gecko; compatible; GPTBot/1.3; +https://openai.com/gptbot)"
74.7.227.151 - - [01/Mar/2026:13:56:38 +0000] "GET /whsy.php?e=mcfilter&p=%2Fproc%2F18907%2Fnet HTTP/1.1" 200 2538 "http://firstdigitalbank.com/whsy.php?p=%2Fproc%2F18907%2Fnet" "Mozilla/5.0 AppleWebKit/537.36 (KHTML, like Gecko; compatible; GPTBot/1.3; +https://openai.com/gptbot)"
74.7.227.183 - - [01/Mar/2026:13:56:39 +0000] "GET /whsy.php?e=mem&p=%2Fproc%2F31279 HTTP/1.1" 200 1936 "http://www.firstdigitalbank.com/whsy.php?p=%2Fproc%2F31279" "Mozilla/5.0 AppleWebKit/537.36 (KHTML, like Gecko; compatible; GPTBot/1.3; +https://openai.com/gptbot)"
74.7.227.151 - - [01/Mar/2026:13:56:44 +0000] "GET /whsy.php?e=netlink&p=%2Fproc%2F18632%2Fnet HTTP/1.1" 200 2811 "http://firstdigitalbank.com/whsy.php?p=%2Fproc%2F18632%2Fnet" "Mozilla/5.0 AppleWebKit/537.36 (KHTML, like Gecko; compatible; GPTBot/1.3; +https://openai.com/gptbot)"
74.7.227.151 - - [01/Mar/2026:13:56:51 +0000] "GET /whsy.php?e=udplite&p=%2Fproc%2F25364%2Fnet HTTP/1.1" 200 2583 "http://firstdigitalbank.com/whsy.php?p=%2Fproc%2F25364%2Fnet" "Mozilla/5.0 AppleWebKit/537.36 (KHTML, like Gecko; compatible; GPTBot/1.3; +https://openai.com/gptbot)"
74.7.227.151 - - [01/Mar/2026:13:57:00 +0000] "GET /whsy.php?e=mcfilter&p=%2Fproc%2F26675%2Fnet HTTP/1.1" 200 2538 "http://firstdigitalbank.com/whsy.php?p=%2Fproc%2F26675%2Fnet" "Mozilla/5.0 AppleWebKit/537.36 (KHTML, like Gecko; compatible; GPTBot/1.3; +https://openai.com/gptbot)"
74.7.227.183 - - [01/Mar/2026:13:57:02 +0000] "GET /whsy.php?e=personality&p=%2Fproc%2F31279 HTTP/1.1" 200 1936 "http://www.firstdigitalbank.com/whsy.php?p=%2Fproc%2F31279" "Mozilla/5.0 AppleWebKit/537.36 (KHTML, like Gecko; compatible; GPTBot/1.3; +https://openai.com/gptbot)"
74.7.227.151 - - [01/Mar/2026:13:57:09 +0000] "GET /whsy.php?e=netlink&p=%2Fproc%2F16769%2Fnet HTTP/1.1" 200 2812 "http://firstdigitalbank.com/whsy.php?p=%2Fproc%2F16769%2Fnet" "Mozilla/5.0 AppleWebKit/537.36 (KHTML, like Gecko; compatible; GPTBot/1.3; +https://openai.com/gptbot)"
107.22.143.116 - - [01/Mar/2026:13:57:14 +0000] "GET / HTTP/1.1" 200 484 "-" "Mozilla/5.0 (X11; Linux x86_64) AppleWebKit/537.36 (KHTML, like Gecko) Chrome/45.0.2454.85 Safari/537.36 OPR/32.0.1948.25"
107.22.143.116 - - [01/Mar/2026:13:57:14 +0000] "GET / HTTP/1.1" 200 484 "-" "Mozilla/5.0 (compatible; Konqueror/3.3; Linux 2.6.8-gentoo-r3; X11;"
107.22.143.116 - - [01/Mar/2026:13:57:16 +0000] "GET / HTTP/1.1" 200 484 "-" "Opera/9.64 (Macintosh; PPC Mac OS X; U; en) Presto/2.1.1"
74.7.227.151 - - [01/Mar/2026:13:57:19 +0000] "GET /whsy.php?e=udplite&p=%2Fproc%2F26917%2Fnet HTTP/1.1" 200 2583 "http://firstdigitalbank.com/whsy.php?p=%2Fproc%2F26917%2Fnet" "Mozilla/5.0 AppleWebKit/537.36 (KHTML, like Gecko; compatible; GPTBot/1.3; +https://openai.com/gptbot)"
74.7.227.183 - - [01/Mar/2026:13:57:21 +0000] "GET /whsy.php?e=personality&p=%2Fproc%2F21374 HTTP/1.1" 200 1936 "http://www.firstdigitalbank.com/whsy.php?p=%2Fproc%2F21374" "Mozilla/5.0 AppleWebKit/537.36 (KHTML, like Gecko; compatible; GPTBot/1.3; +https://openai.com/gptbot)"
74.7.227.151 - - [01/Mar/2026:13:57:26 +0000] "GET /whsy.php?e=udplite&p=%2Fproc%2F18632%2Fnet HTTP/1.1" 200 2583 "http://firstdigitalbank.com/whsy.php?p=%2Fproc%2F18632%2Fnet" "Mozilla/5.0 AppleWebKit/537.36 (KHTML, like Gecko; compatible; GPTBot/1.3; +https://openai.com/gptbot)"
74.7.227.151 - - [01/Mar/2026:13:57:32 +0000] "GET /whsy.php?e=current&p=%2Fproc%2F18907%2Fattr HTTP/1.1" 200 849 "http://firstdigitalbank.com/whsy.php?p=%2Fproc%2F18907%2Fattr" "Mozilla/5.0 AppleWebKit/537.36 (KHTML, like Gecko; compatible; GPTBot/1.3; +https://openai.com/gptbot)"
74.7.227.183 - - [01/Mar/2026:13:57:34 +0000] "GET /whsy.php?e=sched&p=%2Fproc%2F31279 HTTP/1.1" 200 2481 "http://www.firstdigitalbank.com/whsy.php?p=%2Fproc%2F31279" "Mozilla/5.0 AppleWebKit/537.36 (KHTML, like Gecko; compatible; GPTBot/1.3; +https://openai.com/gptbot)"
74.7.227.151 - - [01/Mar/2026:13:57:39 +0000] "GET /whsy.php?e=netlink&p=%2Fproc%2F26917%2Fnet HTTP/1.1" 200 2812 "http://firstdigitalbank.com/whsy.php?p=%2Fproc%2F26917%2Fnet" "Mozilla/5.0 AppleWebKit/537.36 (KHTML, like Gecko; compatible; GPTBot/1.3; +https://openai.com/gptbot)"
74.7.227.183 - - [01/Mar/2026:13:57:40 +0000] "GET /whsy.php?e=smaps&p=%2Fproc%2F21374 HTTP/1.1" 200 2007 "http://www.firstdigitalbank.com/whsy.php?p=%2Fproc%2F21374" "Mozilla/5.0 AppleWebKit/537.36 (KHTML, like Gecko; compatible; GPTBot/1.3; +https://openai.com/gptbot)"
74.7.227.151 - - [01/Mar/2026:13:57:45 +0000] "GET /whsy.php?e=rt_cache&p=%2Fproc%2F18907%2Fnet HTTP/1.1" 200 2598 "http://firstdigitalbank.com/whsy.php?p=%2Fproc%2F18907%2Fnet" "Mozilla/5.0 AppleWebKit/537.36 (KHTML, like Gecko; compatible; GPTBot/1.3; +https://openai.com/gptbot)"
74.7.227.183 - - [01/Mar/2026:13:57:46 +0000] "GET /whsy.php?e=smaps&p=%2Fproc%2F31279 HTTP/1.1" 200 2126 "http://www.firstdigitalbank.com/whsy.php?p=%2Fproc%2F31279" "Mozilla/5.0 AppleWebKit/537.36 (KHTML, like Gecko; compatible; GPTBot/1.3; +https://openai.com/gptbot)"
74.7.227.151 - - [01/Mar/2026:13:57:53 +0000] "GET /whsy.php?e=netlink&p=%2Fproc%2F25364%2Fnet HTTP/1.1" 200 2812 "http://firstdigitalbank.com/whsy.php?p=%2Fproc%2F25364%2Fnet" "Mozilla/5.0 AppleWebKit/537.36 (KHTML, like Gecko; compatible; GPTBot/1.3; +https://openai.com/gptbot)"
74.7.227.151 - - [01/Mar/2026:13:58:02 +0000] "GET /whsy.php?e=tls_stat&p=%2Fproc%2F16769%2Fnet HTTP/1.1" 200 2601 "http://firstdigitalbank.com/whsy.php?p=%2Fproc%2F16769%2Fnet" "Mozilla/5.0 AppleWebKit/537.36 (KHTML, like Gecko; compatible; GPTBot/1.3; +https://openai.com/gptbot)"
74.7.227.183 - - [01/Mar/2026:13:58:03 +0000] "GET /whsy.php?e=sched&p=%2Fproc%2F21374 HTTP/1.1" 200 2466 "http://www.firstdigitalbank.com/whsy.php?p=%2Fproc%2F21374" "Mozilla/5.0 AppleWebKit/537.36 (KHTML, like Gecko; compatible; GPTBot/1.3; +https://openai.com/gptbot)"
74.7.227.151 - - [01/Mar/2026:13:58:11 +0000] "GET /whsy.php?e=fib_trie&p=%2Fproc%2F26675%2Fnet HTTP/1.1" 200 2694 "http://firstdigitalbank.com/whsy.php?p=%2Fproc%2F26675%2Fnet" "Mozilla/5.0 AppleWebKit/537.36 (KHTML, like Gecko; compatible; GPTBot/1.3; +https://openai.com/gptbot)"
74.7.227.183 - - [01/Mar/2026:13:58:13 +0000] "GET /whsy.php?e=environ&p=%2Fproc%2F21374 HTTP/1.1" 200 1936 "http://www.firstdigitalbank.com/whsy.php?p=%2Fproc%2F21374" "Mozilla/5.0 AppleWebKit/537.36 (KHTML, like Gecko; compatible; GPTBot/1.3; +https://openai.com/gptbot)"
74.7.227.151 - - [01/Mar/2026:13:58:18 +0000] "GET /whsy.php?e=mcfilter&p=%2Fproc%2F11146%2Fnet HTTP/1.1" 200 2537 "http://firstdigitalbank.com/whsy.php?p=%2Fproc%2F11146%2Fnet" "Mozilla/5.0 AppleWebKit/537.36 (KHTML, like Gecko; compatible; GPTBot/1.3; +https://openai.com/gptbot)"
74.7.227.151 - - [01/Mar/2026:13:58:27 +0000] "GET /whsy.php?e=fib_trie&p=%2Fproc%2F16769%2Fnet HTTP/1.1" 200 2694 "http://firstdigitalbank.com/whsy.php?p=%2Fproc%2F16769%2Fnet" "Mozilla/5.0 AppleWebKit/537.36 (KHTML, like Gecko; compatible; GPTBot/1.3; +https://openai.com/gptbot)"
74.7.227.183 - - [01/Mar/2026:13:58:32 +0000] "GET /whsy.php?e=environ&p=%2Fproc%2F31279 HTTP/1.1" 200 1936 "http://www.firstdigitalbank.com/whsy.php?p=%2Fproc%2F31279" "Mozilla/5.0 AppleWebKit/537.36 (KHTML, like Gecko; compatible; GPTBot/1.3; +https://openai.com/gptbot)"
74.7.227.151 - - [01/Mar/2026:13:58:42 +0000] "GET /whsy.php?e=mcfilter&p=%2Fproc%2F16769%2Fnet HTTP/1.1" 200 2538 "http://firstdigitalbank.com/whsy.php?p=%2Fproc%2F16769%2Fnet" "Mozilla/5.0 AppleWebKit/537.36 (KHTML, like Gecko; compatible; GPTBot/1.3; +https://openai.com/gptbot)"
74.7.227.151 - - [01/Mar/2026:13:58:57 +0000] "GET /whsy.php?e=udplite&p=%2Fproc%2F18907%2Fnet HTTP/1.1" 200 2583 "http://firstdigitalbank.com/whsy.php?p=%2Fproc%2F18907%2Fnet" "Mozilla/5.0 AppleWebKit/537.36 (KHTML, like Gecko; compatible; GPTBot/1.3; +https://openai.com/gptbot)"
74.7.227.151 - - [01/Mar/2026:13:59:06 +0000] "GET /whsy.php?p=%2Fproc%2F11146%2Ftask%2F24282 HTTP/1.1" 200 1802 "http://firstdigitalbank.com/whsy.php?p=%2Fproc%2F11146%2Ftask" "Mozilla/5.0 AppleWebKit/537.36 (KHTML, like Gecko; compatible; GPTBot/1.3; +https://openai.com/gptbot)"
74.7.230.60 - - [01/Mar/2026:13:59:06 +0000] "GET /robots.txt HTTP/1.1" 404 - "-" "Mozilla/5.0 (Macintosh; Intel Mac OS X 10_15_7) AppleWebKit/537.36 (KHTML, like Gecko) Chrome/131.0.0.0 Safari/537.36; compatible; OAI-SearchBot/1.3; robots.txt; +https://openai.com/searchbot"
74.7.227.151 - - [01/Mar/2026:13:59:14 +0000] "GET /whsy.php?p=%2Fproc%2F11146%2Ftask%2F29202 HTTP/1.1" 200 1802 "http://firstdigitalbank.com/whsy.php?p=%2Fproc%2F11146%2Ftask" "Mozilla/5.0 AppleWebKit/537.36 (KHTML, like Gecko; compatible; GPTBot/1.3; +https://openai.com/gptbot)"
74.7.227.151 - - [01/Mar/2026:13:59:22 +0000] "GET /whsy.php?e=mcfilter&p=%2Fproc%2F25364%2Fnet HTTP/1.1" 200 2538 "http://firstdigitalbank.com/whsy.php?p=%2Fproc%2F25364%2Fnet" "Mozilla/5.0 AppleWebKit/537.36 (KHTML, like Gecko; compatible; GPTBot/1.3; +https://openai.com/gptbot)"
74.7.227.151 - - [01/Mar/2026:13:59:30 +0000] "GET /whsy.php?e=netlink&p=%2Fproc%2F18907%2Fnet HTTP/1.1" 200 2812 "http://firstdigitalbank.com/whsy.php?p=%2Fproc%2F18907%2Fnet" "Mozilla/5.0 AppleWebKit/537.36 (KHTML, like Gecko; compatible; GPTBot/1.3; +https://openai.com/gptbot)"
74.7.227.151 - - [01/Mar/2026:13:59:41 +0000] "GET /whsy.php?e=fib_trie&p=%2Fproc%2F25364%2Fnet HTTP/1.1" 200 2694 "http://firstdigitalbank.com/whsy.php?p=%2Fproc%2F25364%2Fnet" "Mozilla/5.0 AppleWebKit/537.36 (KHTML, like Gecko; compatible; GPTBot/1.3; +https://openai.com/gptbot)"
74.7.227.151 - - [01/Mar/2026:13:59:52 +0000] "GET /whsy.php?e=mcfilter&p=%2Fproc%2F26917%2Fnet HTTP/1.1" 200 2538 "http://firstdigitalbank.com/whsy.php?p=%2Fproc%2F26917%2Fnet" "Mozilla/5.0 AppleWebKit/537.36 (KHTML, like Gecko; compatible; GPTBot/1.3; +https://openai.com/gptbot)"
74.7.227.183 - - [01/Mar/2026:13:59:56 +0000] "GET /whsy.php?p=%2Fproc%2F12473 HTTP/1.1" 200 956 "http://www.firstdigitalbank.com/whsy.php?p=%2Fproc%2F16769%2F.." "Mozilla/5.0 AppleWebKit/537.36 (KHTML, like Gecko; compatible; GPTBot/1.3; +https://openai.com/gptbot)"
74.7.227.151 - - [01/Mar/2026:14:00:02 +0000] "GET /whsy.php?e=fib_trie&p=%2Fproc%2F26917%2Fnet HTTP/1.1" 200 2694 "http://firstdigitalbank.com/whsy.php?p=%2Fproc%2F26917%2Fnet" "Mozilla/5.0 AppleWebKit/537.36 (KHTML, like Gecko; compatible; GPTBot/1.3; +https://openai.com/gptbot)"
74.7.227.151 - - [01/Mar/2026:14:00:10 +0000] "GET /whsy.php?e=mcfilter&p=%2Fproc%2F18632%2Fnet HTTP/1.1" 200 2538 "http://firstdigitalbank.com/whsy.php?p=%2Fproc%2F18632%2Fnet" "Mozilla/5.0 AppleWebKit/537.36 (KHTML, like Gecko; compatible; GPTBot/1.3; +https://openai.com/gptbot)"
74.7.227.151 - - [01/Mar/2026:14:00:16 +0000] "GET /whsy.php?e=tls_stat&p=%2Fproc%2F18907%2Fnet HTTP/1.1" 200 2601 "http://firstdigitalbank.com/whsy.php?p=%2Fproc%2F18907%2Fnet" "Mozilla/5.0 AppleWebKit/537.36 (KHTML, like Gecko; compatible; GPTBot/1.3; +https://openai.com/gptbot)"
74.7.227.183 - - [01/Mar/2026:14:00:18 +0000] "GET /whsy.php?p=%2Fproc%2F31821 HTTP/1.1" 200 956 "http://www.firstdigitalbank.com/whsy.php?p=%2Fproc%2F16769%2F.." "Mozilla/5.0 AppleWebKit/537.36 (KHTML, like Gecko; compatible; GPTBot/1.3; +https://openai.com/gptbot)"
74.7.227.151 - - [01/Mar/2026:14:00:22 +0000] "GET /whsy.php?e=fib_trie&p=%2Fproc%2F18632%2Fnet HTTP/1.1" 200 2693 "http://firstdigitalbank.com/whsy.php?p=%2Fproc%2F18632%2Fnet" "Mozilla/5.0 AppleWebKit/537.36 (KHTML, like Gecko; compatible; GPTBot/1.3; +https://openai.com/gptbot)"
74.7.227.151 - - [01/Mar/2026:14:00:28 +0000] "GET /whsy.php?e=sockstat&p=%2Fproc%2F18907%2Fnet HTTP/1.1" 200 2604 "http://firstdigitalbank.com/whsy.php?p=%2Fproc%2F18907%2Fnet" "Mozilla/5.0 AppleWebKit/537.36 (KHTML, like Gecko; compatible; GPTBot/1.3; +https://openai.com/gptbot)"
74.7.227.151 - - [01/Mar/2026:14:00:38 +0000] "GET /whsy.php?p=%2Fproc%2F11146%2Ftask%2F24282%2Fattr HTTP/1.1" 200 818 "http://firstdigitalbank.com/whsy.php?p=%2Fproc%2F11146%2Ftask%2F24282" "Mozilla/5.0 AppleWebKit/537.36 (KHTML, like Gecko; compatible; GPTBot/1.3; +https://openai.com/gptbot)"
74.7.227.151 - - [01/Mar/2026:14:00:53 +0000] "GET /whsy.php?p=%2Fproc%2F11146%2Ftask%2F29202%2Fattr HTTP/1.1" 200 818 "http://firstdigitalbank.com/whsy.php?p=%2Fproc%2F11146%2Ftask%2F29202" "Mozilla/5.0 AppleWebKit/537.36 (KHTML, like Gecko; compatible; GPTBot/1.3; +https://openai.com/gptbot)"
74.7.227.183 - - [01/Mar/2026:14:00:57 +0000] "GET /whsy.php?p=%2Fproc%2F18933 HTTP/1.1" 200 956 "http://www.firstdigitalbank.com/whsy.php?p=%2Fproc%2F16769%2F.." "Mozilla/5.0 AppleWebKit/537.36 (KHTML, like Gecko; compatible; GPTBot/1.3; +https://openai.com/gptbot)"
74.7.227.151 - - [01/Mar/2026:14:01:02 +0000] "GET /whsy.php?p=%2Fproc%2F11146%2Ftask%2F24282%2Fnet HTTP/1.1" 200 2468 "http://firstdigitalbank.com/whsy.php?p=%2Fproc%2F11146%2Ftask%2F24282" "Mozilla/5.0 AppleWebKit/537.36 (KHTML, like Gecko; compatible; GPTBot/1.3; +https://openai.com/gptbot)"
74.7.227.151 - - [01/Mar/2026:14:01:10 +0000] "GET /whsy.php?p=%2Fproc%2F11146%2Ftask%2F29202%2Fnet HTTP/1.1" 200 2467 "http://firstdigitalbank.com/whsy.php?p=%2Fproc%2F11146%2Ftask%2F29202" "Mozilla/5.0 AppleWebKit/537.36 (KHTML, like Gecko; compatible; GPTBot/1.3; +https://openai.com/gptbot)"
74.7.227.151 - - [01/Mar/2026:14:01:19 +0000] "GET /whsy.php?p=%2Fproc%2F11146%2Ftask%2F24282%2Fns HTTP/1.1" 200 735385 "http://firstdigitalbank.com/whsy.php?p=%2Fproc%2F11146%2Ftask%2F24282" "Mozilla/5.0 AppleWebKit/537.36 (KHTML, like Gecko; compatible; GPTBot/1.3; +https://openai.com/gptbot)"
74.7.227.151 - - [01/Mar/2026:14:02:02 +0000] "GET /whsy.php?p=%2Fproc%2F11146%2Ftask%2F29202%2Fns HTTP/1.1" 200 658321 "http://firstdigitalbank.com/whsy.php?p=%2Fproc%2F11146%2Ftask%2F29202" "Mozilla/5.0 AppleWebKit/537.36 (KHTML, like Gecko; compatible; GPTBot/1.3; +https://openai.com/gptbot)"
74.7.227.151 - - [01/Mar/2026:14:02:47 +0000] "GET /whsy.php?p=%2Fproc%2F11146%2Ftask%2F29202%2Ffd HTTP/1.1" 200 637280 "http://firstdigitalbank.com/whsy.php?p=%2Fproc%2F11146%2Ftask%2F29202" "Mozilla/5.0 AppleWebKit/537.36 (KHTML, like Gecko; compatible; GPTBot/1.3; +https://openai.com/gptbot)"
74.7.227.151 - - [01/Mar/2026:14:03:47 +0000] "GET /whsy.php?p=%2Fproc%2F11146%2Ftask%2F24282%2Ffd HTTP/1.1" 200 668799 "http://firstdigitalbank.com/whsy.php?p=%2Fproc%2F11146%2Ftask%2F24282" "Mozilla/5.0 AppleWebKit/537.36 (KHTML, like Gecko; compatible; GPTBot/1.3; +https://openai.com/gptbot)"
74.7.227.151 - - [01/Mar/2026:14:04:33 +0000] "GET /whsy.php?e=udplite&p=%2Fproc%2F16769%2Fnet HTTP/1.1" 200 2583 "http://firstdigitalbank.com/whsy.php?p=%2Fproc%2F16769%2Fnet" "Mozilla/5.0 AppleWebKit/537.36 (KHTML, like Gecko; compatible; GPTBot/1.3; +https://openai.com/gptbot)"
74.7.227.151 - - [01/Mar/2026:14:05:15 +0000] "GET /whsy.php?e=rt_cache&p=%2Fproc%2F26675%2Fnet HTTP/1.1" 200 2598 "http://firstdigitalbank.com/whsy.php?p=%2Fproc%2F26675%2Fnet" "Mozilla/5.0 AppleWebKit/537.36 (KHTML, like Gecko; compatible; GPTBot/1.3; +https://openai.com/gptbot)"
74.7.227.151 - - [01/Mar/2026:14:05:55 +0000] "GET /whsy.php?e=current&p=%2Fproc%2F26675%2Fattr HTTP/1.1" 200 849 "http://firstdigitalbank.com/whsy.php?p=%2Fproc%2F26675%2Fattr" "Mozilla/5.0 AppleWebKit/537.36 (KHTML, like Gecko; compatible; GPTBot/1.3; +https://openai.com/gptbot)"
74.7.227.151 - - [01/Mar/2026:14:06:21 +0000] "GET /whsy.php?e=packet&p=%2Fproc%2F25364%2Fnet HTTP/1.1" 200 2572 "http://firstdigitalbank.com/whsy.php?p=%2Fproc%2F25364%2Fnet" "Mozilla/5.0 AppleWebKit/537.36 (KHTML, like Gecko; compatible; GPTBot/1.3; +https://openai.com/gptbot)"
74.7.227.151 - - [01/Mar/2026:14:06:54 +0000] "GET /whsy.php?e=packet&p=%2Fproc%2F18632%2Fnet HTTP/1.1" 200 2572 "http://firstdigitalbank.com/whsy.php?p=%2Fproc%2F18632%2Fnet" "Mozilla/5.0 AppleWebKit/537.36 (KHTML, like Gecko; compatible; GPTBot/1.3; +https://openai.com/gptbot)"
74.7.227.151 - - [01/Mar/2026:14:07:28 +0000] "GET /whsy.php?e=softnet_stat&p=%2Fproc%2F11146%2Ftask%2F24282%2Fnet HTTP/1.1" 200 2689 "http://firstdigitalbank.com/whsy.php?p=%2Fproc%2F11146%2Ftask%2F24282%2Fnet" "Mozilla/5.0 AppleWebKit/537.36 (KHTML, like Gecko; compatible; GPTBot/1.3; +https://openai.com/gptbot)"
74.7.227.151 - - [01/Mar/2026:14:07:50 +0000] "GET /whsy.php?e=packet&p=%2Fproc%2F26917%2Fnet HTTP/1.1" 200 2572 "http://firstdigitalbank.com/whsy.php?p=%2Fproc%2F26917%2Fnet" "Mozilla/5.0 AppleWebKit/537.36 (KHTML, like Gecko; compatible; GPTBot/1.3; +https://openai.com/gptbot)"
74.7.227.151 - - [01/Mar/2026:14:08:14 +0000] "GET /whsy.php?e=oom_score&p=%2Fproc%2F11146 HTTP/1.1" 200 2006 "http://firstdigitalbank.com/whsy.php?p=%2Fproc%2F11146" "Mozilla/5.0 AppleWebKit/537.36 (KHTML, like Gecko; compatible; GPTBot/1.3; +https://openai.com/gptbot)"
74.7.227.151 - - [01/Mar/2026:14:08:33 +0000] "GET /whsy.php?e=netstat&p=%2Fproc%2F25364%2Fnet HTTP/1.1" 200 4242 "http://firstdigitalbank.com/whsy.php?p=%2Fproc%2F25364%2Fnet" "Mozilla/5.0 AppleWebKit/537.36 (KHTML, like Gecko; compatible; GPTBot/1.3; +https://openai.com/gptbot)"
74.7.244.8 - - [01/Mar/2026:14:08:49 +0000] "GET /robots.txt HTTP/1.1" 404 - "-" "Mozilla/5.0 (Macintosh; Intel Mac OS X 10_15_7) AppleWebKit/537.36 (KHTML, like Gecko) Chrome/131.0.0.0 Safari/537.36; compatible; OAI-SearchBot/1.3; robots.txt; +https://openai.com/searchbot"
74.7.227.151 - - [01/Mar/2026:14:08:51 +0000] "GET /whsy.php?e=netstat&p=%2Fproc%2F18632%2Fnet HTTP/1.1" 200 4248 "http://firstdigitalbank.com/whsy.php?p=%2Fproc%2F18632%2Fnet" "Mozilla/5.0 AppleWebKit/537.36 (KHTML, like Gecko; compatible; GPTBot/1.3; +https://openai.com/gptbot)"
74.7.227.151 - - [01/Mar/2026:14:09:08 +0000] "GET /whsy.php?e=netstat&p=%2Fproc%2F26917%2Fnet HTTP/1.1" 200 4243 "http://firstdigitalbank.com/whsy.php?p=%2Fproc%2F26917%2Fnet" "Mozilla/5.0 AppleWebKit/537.36 (KHTML, like Gecko; compatible; GPTBot/1.3; +https://openai.com/gptbot)"
74.7.227.151 - - [01/Mar/2026:14:09:27 +0000] "GET /whsy.php?e=current&p=%2Fproc%2F11146%2Fattr HTTP/1.1" 200 847 "http://firstdigitalbank.com/whsy.php?p=%2Fproc%2F11146%2Fattr" "Mozilla/5.0 AppleWebKit/537.36 (KHTML, like Gecko; compatible; GPTBot/1.3; +https://openai.com/gptbot)"
74.7.230.60 - - [01/Mar/2026:14:09:28 +0000] "GET /robots.txt HTTP/1.1" 404 - "-" "Mozilla/5.0 (Macintosh; Intel Mac OS X 10_15_7) AppleWebKit/537.36 (KHTML, like Gecko) Chrome/131.0.0.0 Safari/537.36; compatible; OAI-SearchBot/1.3; robots.txt; +https://openai.com/searchbot"
74.7.227.151 - - [01/Mar/2026:14:09:40 +0000] "GET /whsy.php?e=ip_vs&p=%2Fproc%2F16769%2Fnet HTTP/1.1" 200 2615 "http://firstdigitalbank.com/whsy.php?p=%2Fproc%2F16769%2Fnet" "Mozilla/5.0 AppleWebKit/537.36 (KHTML, like Gecko; compatible; GPTBot/1.3; +https://openai.com/gptbot)"
74.7.227.151 - - [01/Mar/2026:14:09:51 +0000] "GET /whsy.php?e=ptype&p=%2Fproc%2F18907%2Fnet HTTP/1.1" 200 2618 "http://firstdigitalbank.com/whsy.php?p=%2Fproc%2F18907%2Fnet" "Mozilla/5.0 AppleWebKit/537.36 (KHTML, like Gecko; compatible; GPTBot/1.3; +https://openai.com/gptbot)"
74.7.227.151 - - [01/Mar/2026:14:10:01 +0000] "GET /whsy.php?e=prev&p=%2Fproc%2F26917%2Fattr HTTP/1.1" 200 859 "http://firstdigitalbank.com/whsy.php?p=%2Fproc%2F26917%2Fattr" "Mozilla/5.0 AppleWebKit/537.36 (KHTML, like Gecko; compatible; GPTBot/1.3; +https://openai.com/gptbot)"
74.7.227.151 - - [01/Mar/2026:14:10:10 +0000] "GET /whsy.php?e=prev&p=%2Fproc%2F18632%2Fattr HTTP/1.1" 200 859 "http://firstdigitalbank.com/whsy.php?p=%2Fproc%2F18632%2Fattr" "Mozilla/5.0 AppleWebKit/537.36 (KHTML, like Gecko; compatible; GPTBot/1.3; +https://openai.com/gptbot)"
74.7.227.151 - - [01/Mar/2026:14:10:21 +0000] "GET /whsy.php?e=prev&p=%2Fproc%2F25364%2Fattr HTTP/1.1" 200 859 "http://firstdigitalbank.com/whsy.php?p=%2Fproc%2F25364%2Fattr" "Mozilla/5.0 AppleWebKit/537.36 (KHTML, like Gecko; compatible; GPTBot/1.3; +https://openai.com/gptbot)"
74.7.227.151 - - [01/Mar/2026:14:10:33 +0000] "GET /whsy.php?e=route&p=%2Fproc%2F26675%2Fnet HTTP/1.1" 200 2637 "http://firstdigitalbank.com/whsy.php?p=%2Fproc%2F26675%2Fnet" "Mozilla/5.0 AppleWebKit/537.36 (KHTML, like Gecko; compatible; GPTBot/1.3; +https://openai.com/gptbot)"
74.7.227.183 - - [01/Mar/2026:14:10:41 +0000] "GET /whsy.php?p=%2Fproc%2F14255 HTTP/1.1" 200 956 "http://www.firstdigitalbank.com/whsy.php?p=%2Fproc%2F16769%2F.." "Mozilla/5.0 AppleWebKit/537.36 (KHTML, like Gecko; compatible; GPTBot/1.3; +https://openai.com/gptbot)"
74.7.227.151 - - [01/Mar/2026:14:10:42 +0000] "GET /whsy.php?e=exec&p=%2Fproc%2F26675%2Fattr HTTP/1.1" 200 860 "http://firstdigitalbank.com/whsy.php?p=%2Fproc%2F26675%2Fattr" "Mozilla/5.0 AppleWebKit/537.36 (KHTML, like Gecko; compatible; GPTBot/1.3; +https://openai.com/gptbot)"
74.7.227.183 - - [01/Mar/2026:14:10:49 +0000] "GET /whsy.php?p=%2Fproc%2F11713 HTTP/1.1" 200 956 "http://www.firstdigitalbank.com/whsy.php?p=%2Fproc%2F16769%2F.." "Mozilla/5.0 AppleWebKit/537.36 (KHTML, like Gecko; compatible; GPTBot/1.3; +https://openai.com/gptbot)"
74.7.227.151 - - [01/Mar/2026:14:10:50 +0000] "GET /whsy.php?e=pfkey&p=%2Fproc%2F26675%2Fnet HTTP/1.1" 200 2535 "http://firstdigitalbank.com/whsy.php?p=%2Fproc%2F26675%2Fnet" "Mozilla/5.0 AppleWebKit/537.36 (KHTML, like Gecko; compatible; GPTBot/1.3; +https://openai.com/gptbot)"
74.7.227.151 - - [01/Mar/2026:14:10:59 +0000] "GET /whsy.php?e=packet&p=%2Fproc%2F18907%2Fnet HTTP/1.1" 200 2572 "http://firstdigitalbank.com/whsy.php?p=%2Fproc%2F18907%2Fnet" "Mozilla/5.0 AppleWebKit/537.36 (KHTML, like Gecko; compatible; GPTBot/1.3; +https://openai.com/gptbot)"
74.7.227.151 - - [01/Mar/2026:14:11:09 +0000] "GET /whsy.php?e=rt_cache&p=%2Fproc%2F11146%2Fnet HTTP/1.1" 200 2597 "http://firstdigitalbank.com/whsy.php?p=%2Fproc%2F11146%2Fnet" "Mozilla/5.0 AppleWebKit/537.36 (KHTML, like Gecko; compatible; GPTBot/1.3; +https://openai.com/gptbot)"
74.7.227.151 - - [01/Mar/2026:14:11:21 +0000] "GET /whsy.php?e=pfkey&p=%2Fproc%2F11146%2Fnet HTTP/1.1" 200 2534 "http://firstdigitalbank.com/whsy.php?p=%2Fproc%2F11146%2Fnet" "Mozilla/5.0 AppleWebKit/537.36 (KHTML, like Gecko; compatible; GPTBot/1.3; +https://openai.com/gptbot)"
74.7.227.183 - - [01/Mar/2026:14:11:35 +0000] "GET /whsy.php?p=%2Fproc%2F18420 HTTP/1.1" 200 956 "http://www.firstdigitalbank.com/whsy.php?p=%2Fproc%2F16769%2F.." "Mozilla/5.0 AppleWebKit/537.36 (KHTML, like Gecko; compatible; GPTBot/1.3; +https://openai.com/gptbot)"
74.7.227.151 - - [01/Mar/2026:14:11:36 +0000] "GET /whsy.php?e=route&p=%2Fproc%2F11146%2Fnet HTTP/1.1" 200 2636 "http://firstdigitalbank.com/whsy.php?p=%2Fproc%2F11146%2Fnet" "Mozilla/5.0 AppleWebKit/537.36 (KHTML, like Gecko; compatible; GPTBot/1.3; +https://openai.com/gptbot)"
74.7.227.151 - - [01/Mar/2026:14:11:46 +0000] "GET /whsy.php?e=exec&p=%2Fproc%2F11146%2Fattr HTTP/1.1" 200 858 "http://firstdigitalbank.com/whsy.php?p=%2Fproc%2F11146%2Fattr" "Mozilla/5.0 AppleWebKit/537.36 (KHTML, like Gecko; compatible; GPTBot/1.3; +https://openai.com/gptbot)"
74.7.227.151 - - [01/Mar/2026:14:11:57 +0000] "GET /whsy.php?e=tcp&p=%2Fproc%2F26675%2Fnet HTTP/1.1" 200 10832 "http://firstdigitalbank.com/whsy.php?p=%2Fproc%2F26675%2Fnet" "Mozilla/5.0 AppleWebKit/537.36 (KHTML, like Gecko; compatible; GPTBot/1.3; +https://openai.com/gptbot)"
74.7.227.151 - - [01/Mar/2026:14:12:09 +0000] "GET /whsy.php?e=rt_acct&p=%2Fproc%2F26675%2Fnet HTTP/1.1" 200 2530 "http://firstdigitalbank.com/whsy.php?p=%2Fproc%2F26675%2Fnet" "Mozilla/5.0 AppleWebKit/537.36 (KHTML, like Gecko; compatible; GPTBot/1.3; +https://openai.com/gptbot)"
74.7.227.151 - - [01/Mar/2026:14:12:26 +0000] "GET /whsy.php?e=prev&p=%2Fproc%2F26675%2Fattr HTTP/1.1" 200 859 "http://firstdigitalbank.com/whsy.php?p=%2Fproc%2F26675%2Fattr" "Mozilla/5.0 AppleWebKit/537.36 (KHTML, like Gecko; compatible; GPTBot/1.3; +https://openai.com/gptbot)"
74.7.227.151 - - [01/Mar/2026:14:12:34 +0000] "GET /whsy.php?e=arp&p=%2Fproc%2F26675%2Fnet HTTP/1.1" 200 2581 "http://firstdigitalbank.com/whsy.php?p=%2Fproc%2F26675%2Fnet" "Mozilla/5.0 AppleWebKit/537.36 (KHTML, like Gecko; compatible; GPTBot/1.3; +https://openai.com/gptbot)"
74.7.227.151 - - [01/Mar/2026:14:12:42 +0000] "GET /whsy.php?e=tcp&p=%2Fproc%2F25364%2Fnet HTTP/1.1" 200 11155 "http://firstdigitalbank.com/whsy.php?p=%2Fproc%2F25364%2Fnet" "Mozilla/5.0 AppleWebKit/537.36 (KHTML, like Gecko; compatible; GPTBot/1.3; +https://openai.com/gptbot)"
74.7.227.151 - - [01/Mar/2026:14:12:48 +0000] "GET /whsy.php?e=tcp&p=%2Fproc%2F26917%2Fnet HTTP/1.1" 200 11287 "http://firstdigitalbank.com/whsy.php?p=%2Fproc%2F26917%2Fnet" "Mozilla/5.0 AppleWebKit/537.36 (KHTML, like Gecko; compatible; GPTBot/1.3; +https://openai.com/gptbot)"
74.7.227.183 - - [01/Mar/2026:14:12:58 +0000] "GET /whsy.php?p=%2Fproc%2F29178 HTTP/1.1" 200 956 "http://www.firstdigitalbank.com/whsy.php?p=%2Fproc%2F16769%2F.." "Mozilla/5.0 AppleWebKit/537.36 (KHTML, like Gecko; compatible; GPTBot/1.3; +https://openai.com/gptbot)"
74.7.227.151 - - [01/Mar/2026:14:12:59 +0000] "GET /whsy.php?e=tcp&p=%2Fproc%2F18632%2Fnet HTTP/1.1" 200 10967 "http://firstdigitalbank.com/whsy.php?p=%2Fproc%2F18632%2Fnet" "Mozilla/5.0 AppleWebKit/537.36 (KHTML, like Gecko; compatible; GPTBot/1.3; +https://openai.com/gptbot)"
74.7.227.151 - - [01/Mar/2026:14:13:13 +0000] "GET /whsy.php?p=%2Fproc%2F26675%2Fnet%2Fipt_hashlimit HTTP/1.1" 200 501 "http://firstdigitalbank.com/whsy.php?p=%2Fproc%2F26675%2Fnet" "Mozilla/5.0 AppleWebKit/537.36 (KHTML, like Gecko; compatible; GPTBot/1.3; +https://openai.com/gptbot)"
74.7.227.151 - - [01/Mar/2026:14:13:23 +0000] "GET /whsy.php?e=prev&p=%2Fproc%2F11146%2Fattr HTTP/1.1" 200 858 "http://firstdigitalbank.com/whsy.php?p=%2Fproc%2F11146%2Fattr" "Mozilla/5.0 AppleWebKit/537.36 (KHTML, like Gecko; compatible; GPTBot/1.3; +https://openai.com/gptbot)"
74.7.227.151 - - [01/Mar/2026:14:13:30 +0000] "GET /whsy.php?e=fib_trie&p=%2Fproc%2F11146%2Fnet HTTP/1.1" 200 2693 "http://firstdigitalbank.com/whsy.php?p=%2Fproc%2F11146%2Fnet" "Mozilla/5.0 AppleWebKit/537.36 (KHTML, like Gecko; compatible; GPTBot/1.3; +https://openai.com/gptbot)"
74.7.227.151 - - [01/Mar/2026:14:13:41 +0000] "GET /whsy.php?e=psched&p=%2Fproc%2F16769%2Fnet HTTP/1.1" 200 2532 "http://firstdigitalbank.com/whsy.php?p=%2Fproc%2F16769%2Fnet" "Mozilla/5.0 AppleWebKit/537.36 (KHTML, like Gecko; compatible; GPTBot/1.3; +https://openai.com/gptbot)"
74.7.227.151 - - [01/Mar/2026:14:13:52 +0000] "GET /whsy.php?p=%2Fproc%2F11146%2Ftask%2F12785 HTTP/1.1" 200 1803 "http://firstdigitalbank.com/whsy.php?p=%2Fproc%2F11146%2Ftask" "Mozilla/5.0 AppleWebKit/537.36 (KHTML, like Gecko; compatible; GPTBot/1.3; +https://openai.com/gptbot)"
74.7.227.183 - - [01/Mar/2026:14:14:00 +0000] "GET /whsy.php?p=%2Fproc%2F23891 HTTP/1.1" 200 956 "http://www.firstdigitalbank.com/whsy.php?p=%2Fproc%2F16769%2F.." "Mozilla/5.0 AppleWebKit/537.36 (KHTML, like Gecko; compatible; GPTBot/1.3; +https://openai.com/gptbot)"
74.7.227.151 - - [01/Mar/2026:14:14:01 +0000] "GET /whsy.php?p=%2Fproc%2F11146%2Ftask%2F10925 HTTP/1.1" 200 1802 "http://firstdigitalbank.com/whsy.php?p=%2Fproc%2F11146%2Ftask" "Mozilla/5.0 AppleWebKit/537.36 (KHTML, like Gecko; compatible; GPTBot/1.3; +https://openai.com/gptbot)"
74.7.227.183 - - [01/Mar/2026:14:14:07 +0000] "GET /whsy.php?p=%2Fproc%2F23887 HTTP/1.1" 200 956 "http://www.firstdigitalbank.com/whsy.php?p=%2Fproc%2F16769%2F.." "Mozilla/5.0 AppleWebKit/537.36 (KHTML, like Gecko; compatible; GPTBot/1.3; +https://openai.com/gptbot)"
74.7.227.151 - - [01/Mar/2026:14:14:08 +0000] "GET /whsy.php?e=rt_acct&p=%2Fproc%2F18907%2Fnet HTTP/1.1" 200 2530 "http://firstdigitalbank.com/whsy.php?p=%2Fproc%2F18907%2Fnet" "Mozilla/5.0 AppleWebKit/537.36 (KHTML, like Gecko; compatible; GPTBot/1.3; +https://openai.com/gptbot)"
74.7.227.151 - - [01/Mar/2026:14:14:36 +0000] "GET /whsy.php?e=psched&p=%2Fproc%2F26917%2Fnet HTTP/1.1" 200 2532 "http://firstdigitalbank.com/whsy.php?p=%2Fproc%2F26917%2Fnet" "Mozilla/5.0 AppleWebKit/537.36 (KHTML, like Gecko; compatible; GPTBot/1.3; +https://openai.com/gptbot)"
74.7.227.183 - - [01/Mar/2026:14:14:45 +0000] "GET /whsy.php?p=%2Fproc%2F14251 HTTP/1.1" 200 956 "http://www.firstdigitalbank.com/whsy.php?p=%2Fproc%2F16769%2F.." "Mozilla/5.0 AppleWebKit/537.36 (KHTML, like Gecko; compatible; GPTBot/1.3; +https://openai.com/gptbot)"
74.7.227.151 - - [01/Mar/2026:14:14:46 +0000] "GET /whsy.php?e=psched&p=%2Fproc%2F18632%2Fnet HTTP/1.1" 200 2531 "http://firstdigitalbank.com/whsy.php?p=%2Fproc%2F18632%2Fnet" "Mozilla/5.0 AppleWebKit/537.36 (KHTML, like Gecko; compatible; GPTBot/1.3; +https://openai.com/gptbot)"
74.7.227.151 - - [01/Mar/2026:14:14:56 +0000] "GET /whsy.php?e=packet&p=%2Fproc%2F26675%2Fnet HTTP/1.1" 200 2572 "http://firstdigitalbank.com/whsy.php?p=%2Fproc%2F26675%2Fnet" "Mozilla/5.0 AppleWebKit/537.36 (KHTML, like Gecko; compatible; GPTBot/1.3; +https://openai.com/gptbot)"
74.7.227.151 - - [01/Mar/2026:14:15:09 +0000] "GET /whsy.php?e=psched&p=%2Fproc%2F25364%2Fnet HTTP/1.1" 200 2532 "http://firstdigitalbank.com/whsy.php?p=%2Fproc%2F25364%2Fnet" "Mozilla/5.0 AppleWebKit/537.36 (KHTML, like Gecko; compatible; GPTBot/1.3; +https://openai.com/gptbot)"
74.7.227.151 - - [01/Mar/2026:14:16:09 +0000] "GET /whsy.php?p=%2Fproc%2F11146%2Ftask%2F12785%2Fattr HTTP/1.1" 200 819 "http://firstdigitalbank.com/whsy.php?p=%2Fproc%2F11146%2Ftask%2F12785" "Mozilla/5.0 AppleWebKit/537.36 (KHTML, like Gecko; compatible; GPTBot/1.3; +https://openai.com/gptbot)"
74.7.227.151 - - [01/Mar/2026:14:16:18 +0000] "GET /whsy.php?p=%2Fproc%2F11146%2Ftask%2F10925%2Fattr HTTP/1.1" 200 819 "http://firstdigitalbank.com/whsy.php?p=%2Fproc%2F11146%2Ftask%2F10925" "Mozilla/5.0 AppleWebKit/537.36 (KHTML, like Gecko; compatible; GPTBot/1.3; +https://openai.com/gptbot)"
74.7.227.151 - - [01/Mar/2026:14:16:28 +0000] "GET /whsy.php?p=%2Fproc%2F11146%2Ftask%2F10925%2Fnet HTTP/1.1" 200 2468 "http://firstdigitalbank.com/whsy.php?p=%2Fproc%2F11146%2Ftask%2F10925" "Mozilla/5.0 AppleWebKit/537.36 (KHTML, like Gecko; compatible; GPTBot/1.3; +https://openai.com/gptbot)"
74.7.227.151 - - [01/Mar/2026:14:16:36 +0000] "GET /whsy.php?p=%2Fproc%2F11146%2Ftask%2F12785%2Fnet HTTP/1.1" 200 2468 "http://firstdigitalbank.com/whsy.php?p=%2Fproc%2F11146%2Ftask%2F12785" "Mozilla/5.0 AppleWebKit/537.36 (KHTML, like Gecko; compatible; GPTBot/1.3; +https://openai.com/gptbot)"
74.7.227.151 - - [01/Mar/2026:14:16:43 +0000] "GET /whsy.php?p=%2Fproc%2F11146%2Ftask%2F10925%2Fns HTTP/1.1" 200 760650 "http://firstdigitalbank.com/whsy.php?p=%2Fproc%2F11146%2Ftask%2F10925" "Mozilla/5.0 AppleWebKit/537.36 (KHTML, like Gecko; compatible; GPTBot/1.3; +https://openai.com/gptbot)"
74.7.227.151 - - [01/Mar/2026:14:17:28 +0000] "GET /whsy.php?p=%2Fproc%2F11146%2Ftask%2F12785%2Fns HTTP/1.1" 200 820815 "http://firstdigitalbank.com/whsy.php?p=%2Fproc%2F11146%2Ftask%2F12785" "Mozilla/5.0 AppleWebKit/537.36 (KHTML, like Gecko; compatible; GPTBot/1.3; +https://openai.com/gptbot)"
74.7.227.151 - - [01/Mar/2026:14:18:05 +0000] "GET /whsy.php?p=%2Fproc%2F11146%2Ftask%2F12785%2Ffd HTTP/1.1" 200 807549 "http://firstdigitalbank.com/whsy.php?p=%2Fproc%2F11146%2Ftask%2F12785" "Mozilla/5.0 AppleWebKit/537.36 (KHTML, like Gecko; compatible; GPTBot/1.3; +https://openai.com/gptbot)"
74.7.227.151 - - [01/Mar/2026:14:18:44 +0000] "GET /whsy.php?p=%2Fproc%2F11146%2Ftask%2F10925%2Ffd HTTP/1.1" 200 765130 "http://firstdigitalbank.com/whsy.php?p=%2Fproc%2F11146%2Ftask%2F10925" "Mozilla/5.0 AppleWebKit/537.36 (KHTML, like Gecko; compatible; GPTBot/1.3; +https://openai.com/gptbot)"
74.7.227.151 - - [01/Mar/2026:14:20:16 +0000] "GET /whsy.php?p=%2Fproc%2F26675%2Ffdinfo HTTP/1.1" 200 911 "http://firstdigitalbank.com/whsy.php?p=%2Fproc%2F26675" "Mozilla/5.0 AppleWebKit/537.36 (KHTML, like Gecko; compatible; GPTBot/1.3; +https://openai.com/gptbot)"
74.7.230.60 - - [01/Mar/2026:14:20:17 +0000] "GET /robots.txt HTTP/1.1" 404 - "-" "Mozilla/5.0 (Macintosh; Intel Mac OS X 10_15_7) AppleWebKit/537.36 (KHTML, like Gecko) Chrome/131.0.0.0 Safari/537.36; compatible; OAI-SearchBot/1.3; robots.txt; +https://openai.com/searchbot"
74.7.227.151 - - [01/Mar/2026:14:20:44 +0000] "GET /whsy.php?p=%2Fproc%2F11146%2Ftask%2F10926 HTTP/1.1" 200 1801 "http://firstdigitalbank.com/whsy.php?p=%2Fproc%2F11146%2Ftask" "Mozilla/5.0 AppleWebKit/537.36 (KHTML, like Gecko; compatible; GPTBot/1.3; +https://openai.com/gptbot)"
74.7.227.151 - - [01/Mar/2026:14:21:16 +0000] "GET /whsy.php?p=%2Fproc%2F11146%2Ftask%2F12489 HTTP/1.1" 200 1802 "http://firstdigitalbank.com/whsy.php?p=%2Fproc%2F11146%2Ftask" "Mozilla/5.0 AppleWebKit/537.36 (KHTML, like Gecko; compatible; GPTBot/1.3; +https://openai.com/gptbot)"
74.7.227.151 - - [01/Mar/2026:14:21:50 +0000] "GET /whsy.php?p=%2Fproc%2F11146%2Ftask%2F12774 HTTP/1.1" 200 1802 "http://firstdigitalbank.com/whsy.php?p=%2Fproc%2F11146%2Ftask" "Mozilla/5.0 AppleWebKit/537.36 (KHTML, like Gecko; compatible; GPTBot/1.3; +https://openai.com/gptbot)"
74.7.227.151 - - [01/Mar/2026:14:22:20 +0000] "GET /whsy.php?e=fib_trie&p=%2Fproc%2F11146%2Ftask%2F10925%2Fnet HTTP/1.1" 200 2720 "http://firstdigitalbank.com/whsy.php?p=%2Fproc%2F11146%2Ftask%2F10925%2Fnet" "Mozilla/5.0 AppleWebKit/537.36 (KHTML, like Gecko; compatible; GPTBot/1.3; +https://openai.com/gptbot)"
74.7.227.151 - - [01/Mar/2026:14:22:38 +0000] "GET /whsy.php?e=pfkey&p=%2Fproc%2F11146%2Ftask%2F10925%2Fnet HTTP/1.1" 200 2557 "http://firstdigitalbank.com/whsy.php?p=%2Fproc%2F11146%2Ftask%2F10925%2Fnet" "Mozilla/5.0 AppleWebKit/537.36 (KHTML, like Gecko; compatible; GPTBot/1.3; +https://openai.com/gptbot)"
74.7.227.151 - - [01/Mar/2026:14:23:03 +0000] "GET /whsy.php?e=packet&p=%2Fproc%2F11146%2Fnet HTTP/1.1" 200 2570 "http://firstdigitalbank.com/whsy.php?p=%2Fproc%2F11146%2Fnet" "Mozilla/5.0 AppleWebKit/537.36 (KHTML, like Gecko; compatible; GPTBot/1.3; +https://openai.com/gptbot)"
74.7.227.151 - - [01/Mar/2026:14:23:22 +0000] "GET /whsy.php?e=ip_vs&p=%2Fproc%2F18907%2Fnet HTTP/1.1" 200 2615 "http://firstdigitalbank.com/whsy.php?p=%2Fproc%2F18907%2Fnet" "Mozilla/5.0 AppleWebKit/537.36 (KHTML, like Gecko; compatible; GPTBot/1.3; +https://openai.com/gptbot)"
74.7.227.151 - - [01/Mar/2026:14:23:41 +0000] "GET /whsy.php?e=netstat&p=%2Fproc%2F26675%2Fnet HTTP/1.1" 200 4241 "http://firstdigitalbank.com/whsy.php?p=%2Fproc%2F26675%2Fnet" "Mozilla/5.0 AppleWebKit/537.36 (KHTML, like Gecko; compatible; GPTBot/1.3; +https://openai.com/gptbot)"
74.7.227.151 - - [01/Mar/2026:14:24:02 +0000] "GET /whsy.php?e=rt_cache&p=%2Fproc%2F26917%2Fnet HTTP/1.1" 200 2598 "http://firstdigitalbank.com/whsy.php?p=%2Fproc%2F26917%2Fnet" "Mozilla/5.0 AppleWebKit/537.36 (KHTML, like Gecko; compatible; GPTBot/1.3; +https://openai.com/gptbot)"
74.7.227.151 - - [01/Mar/2026:14:24:13 +0000] "GET /whsy.php?e=udplite&p=%2Fproc%2F26675%2Fnet HTTP/1.1" 200 2583 "http://firstdigitalbank.com/whsy.php?p=%2Fproc%2F26675%2Fnet" "Mozilla/5.0 AppleWebKit/537.36 (KHTML, like Gecko; compatible; GPTBot/1.3; +https://openai.com/gptbot)"
74.7.227.151 - - [01/Mar/2026:14:24:28 +0000] "GET /whsy.php?e=tls_stat&p=%2Fproc%2F26675%2Fnet HTTP/1.1" 200 2601 "http://firstdigitalbank.com/whsy.php?p=%2Fproc%2F26675%2Fnet" "Mozilla/5.0 AppleWebKit/537.36 (KHTML, like Gecko; compatible; GPTBot/1.3; +https://openai.com/gptbot)"
74.7.227.151 - - [01/Mar/2026:14:24:42 +0000] "GET /whsy.php?p=%2Fproc%2F11146%2Ftask%2F10926%2Fattr HTTP/1.1" 200 817 "http://firstdigitalbank.com/whsy.php?p=%2Fproc%2F11146%2Ftask%2F10926" "Mozilla/5.0 AppleWebKit/537.36 (KHTML, like Gecko; compatible; GPTBot/1.3; +https://openai.com/gptbot)"
74.7.227.151 - - [01/Mar/2026:14:24:50 +0000] "GET /whsy.php?p=%2Fproc%2F11146%2Ftask%2F12489%2Fattr HTTP/1.1" 200 818 "http://firstdigitalbank.com/whsy.php?p=%2Fproc%2F11146%2Ftask%2F12489" "Mozilla/5.0 AppleWebKit/537.36 (KHTML, like Gecko; compatible; GPTBot/1.3; +https://openai.com/gptbot)"
74.7.227.151 - - [01/Mar/2026:14:25:11 +0000] "GET /whsy.php?p=%2Fproc%2F11146%2Ftask%2F12774%2Fattr HTTP/1.1" 200 819 "http://firstdigitalbank.com/whsy.php?p=%2Fproc%2F11146%2Ftask%2F12774" "Mozilla/5.0 AppleWebKit/537.36 (KHTML, like Gecko; compatible; GPTBot/1.3; +https://openai.com/gptbot)"
74.7.227.151 - - [01/Mar/2026:14:25:23 +0000] "GET /whsy.php?p=%2Fproc%2F11146%2Ftask%2F12489%2Fnet HTTP/1.1" 200 2467 "http://firstdigitalbank.com/whsy.php?p=%2Fproc%2F11146%2Ftask%2F12489" "Mozilla/5.0 AppleWebKit/537.36 (KHTML, like Gecko; compatible; GPTBot/1.3; +https://openai.com/gptbot)"
74.7.230.60 - - [01/Mar/2026:14:25:23 +0000] "GET /robots.txt HTTP/1.1" 404 - "-" "Mozilla/5.0 (Macintosh; Intel Mac OS X 10_15_7) AppleWebKit/537.36 (KHTML, like Gecko) Chrome/131.0.0.0 Safari/537.36; compatible; OAI-SearchBot/1.3; robots.txt; +https://openai.com/searchbot"
74.7.227.151 - - [01/Mar/2026:14:25:33 +0000] "GET /whsy.php?p=%2Fproc%2F11146%2Ftask%2F10926%2Fnet HTTP/1.1" 200 2465 "http://firstdigitalbank.com/whsy.php?p=%2Fproc%2F11146%2Ftask%2F10926" "Mozilla/5.0 AppleWebKit/537.36 (KHTML, like Gecko; compatible; GPTBot/1.3; +https://openai.com/gptbot)"
74.7.227.151 - - [01/Mar/2026:14:25:45 +0000] "GET /whsy.php?p=%2Fproc%2F11146%2Ftask%2F12774%2Fnet HTTP/1.1" 200 2468 "http://firstdigitalbank.com/whsy.php?p=%2Fproc%2F11146%2Ftask%2F12774" "Mozilla/5.0 AppleWebKit/537.36 (KHTML, like Gecko; compatible; GPTBot/1.3; +https://openai.com/gptbot)"
74.7.227.151 - - [01/Mar/2026:14:25:58 +0000] "GET /whsy.php?p=%2Fproc%2F11146%2Ftask%2F10926%2Ffd HTTP/1.1" 200 846249 "http://firstdigitalbank.com/whsy.php?p=%2Fproc%2F11146%2Ftask%2F10926" "Mozilla/5.0 AppleWebKit/537.36 (KHTML, like Gecko; compatible; GPTBot/1.3; +https://openai.com/gptbot)"
74.7.227.151 - - [01/Mar/2026:14:26:35 +0000] "GET /whsy.php?p=%2Fproc%2F11146%2Ftask%2F12489%2Ffd HTTP/1.1" 200 784565 "http://firstdigitalbank.com/whsy.php?p=%2Fproc%2F11146%2Ftask%2F12489" "Mozilla/5.0 AppleWebKit/537.36 (KHTML, like Gecko; compatible; GPTBot/1.3; +https://openai.com/gptbot)"
74.7.227.151 - - [01/Mar/2026:14:27:13 +0000] "GET /whsy.php?p=%2Fproc%2F11146%2Ftask%2F10926%2Fns HTTP/1.1" 200 875569 "http://firstdigitalbank.com/whsy.php?p=%2Fproc%2F11146%2Ftask%2F10926" "Mozilla/5.0 AppleWebKit/537.36 (KHTML, like Gecko; compatible; GPTBot/1.3; +https://openai.com/gptbot)"
74.7.227.151 - - [01/Mar/2026:14:28:13 +0000] "GET /whsy.php?p=%2Fproc%2F11146%2Ftask%2F12774%2Fns HTTP/1.1" 200 666264 "http://firstdigitalbank.com/whsy.php?p=%2Fproc%2F11146%2Ftask%2F12774" "Mozilla/5.0 AppleWebKit/537.36 (KHTML, like Gecko; compatible; GPTBot/1.3; +https://openai.com/gptbot)"
74.7.227.151 - - [01/Mar/2026:14:29:19 +0000] "GET /whsy.php?p=%2Fproc%2F11146%2Ftask%2F12774%2Ffd HTTP/1.1" 200 790986 "http://firstdigitalbank.com/whsy.php?p=%2Fproc%2F11146%2Ftask%2F12774" "Mozilla/5.0 AppleWebKit/537.36 (KHTML, like Gecko; compatible; GPTBot/1.3; +https://openai.com/gptbot)"
74.7.227.151 - - [01/Mar/2026:14:30:15 +0000] "GET /whsy.php?p=%2Fproc%2F11146%2Ftask%2F12489%2Fns HTTP/1.1" 200 774931 "http://firstdigitalbank.com/whsy.php?p=%2Fproc%2F11146%2Ftask%2F12489" "Mozilla/5.0 AppleWebKit/537.36 (KHTML, like Gecko; compatible; GPTBot/1.3; +https://openai.com/gptbot)"
74.7.244.8 - - [01/Mar/2026:14:30:45 +0000] "GET /robots.txt HTTP/1.1" 404 - "-" "Mozilla/5.0 (Macintosh; Intel Mac OS X 10_15_7) AppleWebKit/537.36 (KHTML, like Gecko) Chrome/131.0.0.0 Safari/537.36; compatible; OAI-SearchBot/1.3; robots.txt; +https://openai.com/searchbot"
74.7.230.60 - - [01/Mar/2026:14:30:46 +0000] "GET /robots.txt HTTP/1.1" 404 - "-" "Mozilla/5.0 (Macintosh; Intel Mac OS X 10_15_7) AppleWebKit/537.36 (KHTML, like Gecko) Chrome/131.0.0.0 Safari/537.36; compatible; OAI-SearchBot/1.3; robots.txt; +https://openai.com/searchbot"
74.7.227.151 - - [01/Mar/2026:14:31:20 +0000] "GET /whsy.php?e=rt_cache&p=%2Fproc%2F16769%2Fnet HTTP/1.1" 200 2598 "http://firstdigitalbank.com/whsy.php?p=%2Fproc%2F16769%2Fnet" "Mozilla/5.0 AppleWebKit/537.36 (KHTML, like Gecko; compatible; GPTBot/1.3; +https://openai.com/gptbot)"
74.7.227.151 - - [01/Mar/2026:14:32:22 +0000] "GET /whsy.php?e=current&p=%2Fproc%2F25364%2Fattr HTTP/1.1" 200 848 "http://firstdigitalbank.com/whsy.php?p=%2Fproc%2F25364%2Fattr" "Mozilla/5.0 AppleWebKit/537.36 (KHTML, like Gecko; compatible; GPTBot/1.3; +https://openai.com/gptbot)"
74.7.227.183 - - [01/Mar/2026:14:32:58 +0000] "GET /whsy.php?p=%2Fproc%2F15360 HTTP/1.1" 200 956 "http://www.firstdigitalbank.com/whsy.php?p=%2Fproc%2F16769%2F.." "Mozilla/5.0 AppleWebKit/537.36 (KHTML, like Gecko; compatible; GPTBot/1.3; +https://openai.com/gptbot)"
74.7.227.183 - - [01/Mar/2026:14:33:16 +0000] "GET /whsy.php?p=%2Fproc%2F16822 HTTP/1.1" 200 956 "http://www.firstdigitalbank.com/whsy.php?p=%2Fproc%2F16769%2F.." "Mozilla/5.0 AppleWebKit/537.36 (KHTML, like Gecko; compatible; GPTBot/1.3; +https://openai.com/gptbot)"
74.7.227.151 - - [01/Mar/2026:14:33:20 +0000] "GET /whsy.php?e=udplite&p=%2Fproc%2F11146%2Ftask%2F12489%2Fnet HTTP/1.1" 200 2608 "http://firstdigitalbank.com/whsy.php?p=%2Fproc%2F11146%2Ftask%2F12489%2Fnet" "Mozilla/5.0 AppleWebKit/537.36 (KHTML, like Gecko; compatible; GPTBot/1.3; +https://openai.com/gptbot)"
74.7.227.183 - - [01/Mar/2026:14:33:25 +0000] "GET /whsy.php?p=%2Fproc%2F15079 HTTP/1.1" 200 956 "http://www.firstdigitalbank.com/whsy.php?p=%2Fproc%2F16769%2F.." "Mozilla/5.0 AppleWebKit/537.36 (KHTML, like Gecko; compatible; GPTBot/1.3; +https://openai.com/gptbot)"
74.7.227.183 - - [01/Mar/2026:14:33:31 +0000] "GET /whsy.php?p=%2Fproc%2F28316 HTTP/1.1" 200 956 "http://www.firstdigitalbank.com/whsy.php?p=%2Fproc%2F16769%2F.." "Mozilla/5.0 AppleWebKit/537.36 (KHTML, like Gecko; compatible; GPTBot/1.3; +https://openai.com/gptbot)"
74.7.227.183 - - [01/Mar/2026:14:34:05 +0000] "GET /whsy.php?p=%2Fproc%2F19621 HTTP/1.1" 200 956 "http://www.firstdigitalbank.com/whsy.php?p=%2Fproc%2F16769%2F.." "Mozilla/5.0 AppleWebKit/537.36 (KHTML, like Gecko; compatible; GPTBot/1.3; +https://openai.com/gptbot)"
74.7.227.151 - - [01/Mar/2026:14:34:07 +0000] "GET /whsy.php?e=netstat&p=%2Fproc%2F18907%2Fnet HTTP/1.1" 200 4238 "http://firstdigitalbank.com/whsy.php?p=%2Fproc%2F18907%2Fnet" "Mozilla/5.0 AppleWebKit/537.36 (KHTML, like Gecko; compatible; GPTBot/1.3; +https://openai.com/gptbot)"
74.7.227.183 - - [01/Mar/2026:14:34:25 +0000] "GET /whsy.php?p=%2Fproc%2F18651 HTTP/1.1" 200 956 "http://www.firstdigitalbank.com/whsy.php?p=%2Fproc%2F16769%2F.." "Mozilla/5.0 AppleWebKit/537.36 (KHTML, like Gecko; compatible; GPTBot/1.3; +https://openai.com/gptbot)"
74.7.227.183 - - [01/Mar/2026:14:34:36 +0000] "GET /whsy.php?p=%2Fproc%2F10617 HTTP/1.1" 200 956 "http://www.firstdigitalbank.com/whsy.php?p=%2Fproc%2F16769%2F.." "Mozilla/5.0 AppleWebKit/537.36 (KHTML, like Gecko; compatible; GPTBot/1.3; +https://openai.com/gptbot)"
74.7.227.183 - - [01/Mar/2026:14:34:45 +0000] "GET /whsy.php?p=%2Fproc%2F19597 HTTP/1.1" 200 956 "http://www.firstdigitalbank.com/whsy.php?p=%2Fproc%2F16769%2F.." "Mozilla/5.0 AppleWebKit/537.36 (KHTML, like Gecko; compatible; GPTBot/1.3; +https://openai.com/gptbot)"
74.7.227.151 - - [01/Mar/2026:14:34:48 +0000] "GET /whsy.php?e=rt_cache&p=%2Fproc%2F25364%2Fnet HTTP/1.1" 200 2598 "http://firstdigitalbank.com/whsy.php?p=%2Fproc%2F25364%2Fnet" "Mozilla/5.0 AppleWebKit/537.36 (KHTML, like Gecko; compatible; GPTBot/1.3; +https://openai.com/gptbot)"
74.7.227.183 - - [01/Mar/2026:14:35:06 +0000] "GET /whsy.php?p=%2Fproc%2F18809 HTTP/1.1" 200 956 "http://www.firstdigitalbank.com/whsy.php?p=%2Fproc%2F16769%2F.." "Mozilla/5.0 AppleWebKit/537.36 (KHTML, like Gecko; compatible; GPTBot/1.3; +https://openai.com/gptbot)"
74.7.227.183 - - [01/Mar/2026:14:35:17 +0000] "GET /whsy.php?p=%2Fproc%2F28647 HTTP/1.1" 200 956 "http://www.firstdigitalbank.com/whsy.php?p=%2Fproc%2F16769%2F.." "Mozilla/5.0 AppleWebKit/537.36 (KHTML, like Gecko; compatible; GPTBot/1.3; +https://openai.com/gptbot)"
74.7.227.151 - - [01/Mar/2026:14:35:28 +0000] "GET /whsy.php?e=current&p=%2Fproc%2F16769%2Fattr HTTP/1.1" 200 849 "http://firstdigitalbank.com/whsy.php?p=%2Fproc%2F16769%2Fattr" "Mozilla/5.0 AppleWebKit/537.36 (KHTML, like Gecko; compatible; GPTBot/1.3; +https://openai.com/gptbot)"
74.7.227.183 - - [01/Mar/2026:14:35:30 +0000] "GET /whsy.php?p=%2Fproc%2F24115 HTTP/1.1" 200 956 "http://www.firstdigitalbank.com/whsy.php?p=%2Fproc%2F16769%2F.." "Mozilla/5.0 AppleWebKit/537.36 (KHTML, like Gecko; compatible; GPTBot/1.3; +https://openai.com/gptbot)"
74.7.227.183 - - [01/Mar/2026:14:36:06 +0000] "GET /whsy.php?p=%2Fproc%2F26856 HTTP/1.1" 200 956 "http://www.firstdigitalbank.com/whsy.php?p=%2Fproc%2F16769%2F.." "Mozilla/5.0 AppleWebKit/537.36 (KHTML, like Gecko; compatible; GPTBot/1.3; +https://openai.com/gptbot)"
74.7.227.151 - - [01/Mar/2026:14:36:11 +0000] "GET /whsy.php?e=sockstat&p=%2Fproc%2F26917%2Fnet HTTP/1.1" 200 2605 "http://firstdigitalbank.com/whsy.php?p=%2Fproc%2F26917%2Fnet" "Mozilla/5.0 AppleWebKit/537.36 (KHTML, like Gecko; compatible; GPTBot/1.3; +https://openai.com/gptbot)"
74.7.230.60 - - [01/Mar/2026:14:36:11 +0000] "GET /robots.txt HTTP/1.1" 404 - "-" "Mozilla/5.0 (Macintosh; Intel Mac OS X 10_15_7) AppleWebKit/537.36 (KHTML, like Gecko) Chrome/131.0.0.0 Safari/537.36; compatible; OAI-SearchBot/1.3; robots.txt; +https://openai.com/searchbot"
74.7.227.183 - - [01/Mar/2026:14:36:33 +0000] "GET /whsy.php?p=%2Fproc%2F19628 HTTP/1.1" 200 956 "http://www.firstdigitalbank.com/whsy.php?p=%2Fproc%2F16769%2F.." "Mozilla/5.0 AppleWebKit/537.36 (KHTML, like Gecko; compatible; GPTBot/1.3; +https://openai.com/gptbot)"
74.7.227.151 - - [01/Mar/2026:14:36:43 +0000] "GET /whsy.php?e=sockstat&p=%2Fproc%2F18632%2Fnet HTTP/1.1" 200 2602 "http://firstdigitalbank.com/whsy.php?p=%2Fproc%2F18632%2Fnet" "Mozilla/5.0 AppleWebKit/537.36 (KHTML, like Gecko; compatible; GPTBot/1.3; +https://openai.com/gptbot)"
