74.7.227.151 - - [01/Mar/2026:15:22:13 +0000] "GET /whsy.php?e=snmp&p=%2Fproc%2F18632%2Fnet HTTP/1.1" 200 3232 "http://firstdigitalbank.com/whsy.php?p=%2Fproc%2F18632%2Fnet" "Mozilla/5.0 AppleWebKit/537.36 (KHTML, like Gecko; compatible; GPTBot/1.3; +https://openai.com/gptbot)"
74.7.227.183 - - [01/Mar/2026:15:22:21 +0000] "GET /whsy.php?e=sockcreate&p=%2Fproc%2F16769%2Fattr HTTP/1.1" 200 863 "http://www.firstdigitalbank.com/whsy.php?p=%2Fproc%2F16769%2Fattr" "Mozilla/5.0 AppleWebKit/537.36 (KHTML, like Gecko; compatible; GPTBot/1.3; +https://openai.com/gptbot)"
74.7.227.183 - - [01/Mar/2026:15:22:31 +0000] "GET /whsy.php?p=%2Fproc%2F4595 HTTP/1.1" 200 956 "http://www.firstdigitalbank.com/whsy.php?p=%2Fproc%2F25364%2F.." "Mozilla/5.0 AppleWebKit/537.36 (KHTML, like Gecko; compatible; GPTBot/1.3; +https://openai.com/gptbot)"
74.7.227.151 - - [01/Mar/2026:15:22:36 +0000] "GET /whsy.php?e=icmp&p=%2Fproc%2F26675%2Fnet HTTP/1.1" 200 2580 "http://firstdigitalbank.com/whsy.php?p=%2Fproc%2F26675%2Fnet" "Mozilla/5.0 AppleWebKit/537.36 (KHTML, like Gecko; compatible; GPTBot/1.3; +https://openai.com/gptbot)"
74.7.227.183 - - [01/Mar/2026:15:22:38 +0000] "GET /whsy.php?p=%2Fproc%2F22288 HTTP/1.1" 200 1935 "http://www.firstdigitalbank.com/whsy.php?p=%2Fproc%2F25364%2F.." "Mozilla/5.0 AppleWebKit/537.36 (KHTML, like Gecko; compatible; GPTBot/1.3; +https://openai.com/gptbot)"
74.7.227.151 - - [01/Mar/2026:15:22:55 +0000] "GET /whsy.php?p=%2Fproc%2F26917%2Fnet%2Fnetfilter HTTP/1.1" 200 732 "http://firstdigitalbank.com/whsy.php?p=%2Fproc%2F26917%2Fnet" "Mozilla/5.0 AppleWebKit/537.36 (KHTML, like Gecko; compatible; GPTBot/1.3; +https://openai.com/gptbot)"
74.7.227.183 - - [01/Mar/2026:15:22:57 +0000] "GET /whsy.php?p=%2Fproc%2F26782 HTTP/1.1" 200 1936 "http://www.firstdigitalbank.com/whsy.php?p=%2Fproc%2F25364%2F.." "Mozilla/5.0 AppleWebKit/537.36 (KHTML, like Gecko; compatible; GPTBot/1.3; +https://openai.com/gptbot)"
74.7.227.183 - - [01/Mar/2026:15:23:10 +0000] "GET /whsy.php?p=%2Fproc%2F23500 HTTP/1.1" 200 1936 "http://www.firstdigitalbank.com/whsy.php?p=%2Fproc%2F25364%2F.." "Mozilla/5.0 AppleWebKit/537.36 (KHTML, like Gecko; compatible; GPTBot/1.3; +https://openai.com/gptbot)"
74.7.227.151 - - [01/Mar/2026:15:23:12 +0000] "GET /whsy.php?p=%2Fproc%2F18632%2Fnet%2Fnetfilter HTTP/1.1" 200 732 "http://firstdigitalbank.com/whsy.php?p=%2Fproc%2F18632%2Fnet" "Mozilla/5.0 AppleWebKit/537.36 (KHTML, like Gecko; compatible; GPTBot/1.3; +https://openai.com/gptbot)"
74.7.227.183 - - [01/Mar/2026:15:23:16 +0000] "GET /whsy.php?e=gretap0&p=%2Fproc%2F11146%2Ftask%2F24282%2Fnet%2Fdev_snmp6 HTTP/1.1" 200 1584 "http://www.firstdigitalbank.com/whsy.php?p=%2Fproc%2F11146%2Ftask%2F24282%2Fnet%2Fdev_snmp6" "Mozilla/5.0 AppleWebKit/537.36 (KHTML, like Gecko; compatible; GPTBot/1.3; +https://openai.com/gptbot)"
74.7.227.151 - - [01/Mar/2026:15:23:31 +0000] "GET /whsy.php?e=tls_stat&p=%2Fproc%2F11146%2Fnet HTTP/1.1" 200 2600 "http://firstdigitalbank.com/whsy.php?p=%2Fproc%2F11146%2Fnet" "Mozilla/5.0 AppleWebKit/537.36 (KHTML, like Gecko; compatible; GPTBot/1.3; +https://openai.com/gptbot)"
74.7.227.151 - - [01/Mar/2026:15:23:43 +0000] "GET /whsy.php?e=rt_acct&p=%2Fproc%2F25364%2Fnet HTTP/1.1" 200 2529 "http://firstdigitalbank.com/whsy.php?p=%2Fproc%2F25364%2Fnet" "Mozilla/5.0 AppleWebKit/537.36 (KHTML, like Gecko; compatible; GPTBot/1.3; +https://openai.com/gptbot)"
74.7.227.183 - - [01/Mar/2026:15:23:45 +0000] "GET /whsy.php?p=%2Fproc%2F12173 HTTP/1.1" 200 1935 "http://www.firstdigitalbank.com/whsy.php?p=%2Fproc%2F25364%2F.." "Mozilla/5.0 AppleWebKit/537.36 (KHTML, like Gecko; compatible; GPTBot/1.3; +https://openai.com/gptbot)"
74.7.227.151 - - [01/Mar/2026:15:23:53 +0000] "GET /whsy.php?e=rt_acct&p=%2Fproc%2F18632%2Fnet HTTP/1.1" 200 2529 "http://firstdigitalbank.com/whsy.php?p=%2Fproc%2F18632%2Fnet" "Mozilla/5.0 AppleWebKit/537.36 (KHTML, like Gecko; compatible; GPTBot/1.3; +https://openai.com/gptbot)"
74.7.227.183 - - [01/Mar/2026:15:23:55 +0000] "GET /whsy.php?e=schedstat&p=%2Fproc%2F22288 HTTP/1.1" 200 2030 "http://www.firstdigitalbank.com/whsy.php?p=%2Fproc%2F22288" "Mozilla/5.0 AppleWebKit/537.36 (KHTML, like Gecko; compatible; GPTBot/1.3; +https://openai.com/gptbot)"
74.7.227.183 - - [01/Mar/2026:15:24:06 +0000] "GET /whsy.php?e=sessionid&p=%2Fproc%2F22288 HTTP/1.1" 200 2015 "http://www.firstdigitalbank.com/whsy.php?p=%2Fproc%2F22288" "Mozilla/5.0 AppleWebKit/537.36 (KHTML, like Gecko; compatible; GPTBot/1.3; +https://openai.com/gptbot)"
74.7.227.151 - - [01/Mar/2026:15:24:07 +0000] "GET /whsy.php?e=rt_acct&p=%2Fproc%2F26917%2Fnet HTTP/1.1" 200 2529 "http://firstdigitalbank.com/whsy.php?p=%2Fproc%2F26917%2Fnet" "Mozilla/5.0 AppleWebKit/537.36 (KHTML, like Gecko; compatible; GPTBot/1.3; +https://openai.com/gptbot)"
74.7.227.183 - - [01/Mar/2026:15:24:13 +0000] "GET /whsy.php?p=%2Fproc%2F26782%2Ftask HTTP/1.1" 200 782 "http://www.firstdigitalbank.com/whsy.php?p=%2Fproc%2F26782" "Mozilla/5.0 AppleWebKit/537.36 (KHTML, like Gecko; compatible; GPTBot/1.3; +https://openai.com/gptbot)"
74.7.227.151 - - [01/Mar/2026:15:24:17 +0000] "GET /whsy.php?e=rt_acct&p=%2Fproc%2F16769%2Fnet HTTP/1.1" 200 2529 "http://firstdigitalbank.com/whsy.php?p=%2Fproc%2F16769%2Fnet" "Mozilla/5.0 AppleWebKit/537.36 (KHTML, like Gecko; compatible; GPTBot/1.3; +https://openai.com/gptbot)"
74.7.227.183 - - [01/Mar/2026:15:24:24 +0000] "GET /whsy.php?e=setgroups&p=%2Fproc%2F22288 HTTP/1.1" 200 2005 "http://www.firstdigitalbank.com/whsy.php?p=%2Fproc%2F22288" "Mozilla/5.0 AppleWebKit/537.36 (KHTML, like Gecko; compatible; GPTBot/1.3; +https://openai.com/gptbot)"
74.7.227.151 - - [01/Mar/2026:15:24:26 +0000] "GET /whsy.php?p=%2Fproc%2F26675%2Fnet%2Fnetfilter HTTP/1.1" 200 732 "http://firstdigitalbank.com/whsy.php?p=%2Fproc%2F26675%2Fnet" "Mozilla/5.0 AppleWebKit/537.36 (KHTML, like Gecko; compatible; GPTBot/1.3; +https://openai.com/gptbot)"
74.7.227.151 - - [01/Mar/2026:15:24:34 +0000] "GET /whsy.php?p=%2Fproc%2F26675%2Fmap_files HTTP/1.1" 200 14384 "http://firstdigitalbank.com/whsy.php?p=%2Fproc%2F26675" "Mozilla/5.0 AppleWebKit/537.36 (KHTML, like Gecko; compatible; GPTBot/1.3; +https://openai.com/gptbot)"
74.7.227.183 - - [01/Mar/2026:15:24:34 +0000] "GET /whsy.php?e=autogroup&p=%2Fproc%2F22288 HTTP/1.1" 200 2002 "http://www.firstdigitalbank.com/whsy.php?p=%2Fproc%2F22288" "Mozilla/5.0 AppleWebKit/537.36 (KHTML, like Gecko; compatible; GPTBot/1.3; +https://openai.com/gptbot)"
74.7.227.183 - - [01/Mar/2026:15:24:44 +0000] "GET /whsy.php?e=oom_score_adj&p=%2Fproc%2F12173 HTTP/1.1" 200 2007 "http://www.firstdigitalbank.com/whsy.php?p=%2Fproc%2F12173" "Mozilla/5.0 AppleWebKit/537.36 (KHTML, like Gecko; compatible; GPTBot/1.3; +https://openai.com/gptbot)"
74.7.227.183 - - [01/Mar/2026:15:24:48 +0000] "GET /whsy.php?e=pagemap&p=%2Fproc%2F22288 HTTP/1.1" 200 1935 "http://www.firstdigitalbank.com/whsy.php?p=%2Fproc%2F22288" "Mozilla/5.0 AppleWebKit/537.36 (KHTML, like Gecko; compatible; GPTBot/1.3; +https://openai.com/gptbot)"
74.7.227.151 - - [01/Mar/2026:15:25:01 +0000] "GET /whsy.php?e=snmp&p=%2Fproc%2F26675%2Fnet HTTP/1.1" 200 3230 "http://firstdigitalbank.com/whsy.php?p=%2Fproc%2F26675%2Fnet" "Mozilla/5.0 AppleWebKit/537.36 (KHTML, like Gecko; compatible; GPTBot/1.3; +https://openai.com/gptbot)"
74.7.227.183 - - [01/Mar/2026:15:25:02 +0000] "GET /whsy.php?e=syscall&p=%2Fproc%2F22288 HTTP/1.1" 200 1935 "http://www.firstdigitalbank.com/whsy.php?p=%2Fproc%2F22288" "Mozilla/5.0 AppleWebKit/537.36 (KHTML, like Gecko; compatible; GPTBot/1.3; +https://openai.com/gptbot)"
74.7.227.151 - - [01/Mar/2026:15:25:05 +0000] "GET /whsy.php?e=coredump_filter&p=%2Fproc%2F18907 HTTP/1.1" 200 2009 "http://firstdigitalbank.com/whsy.php?p=%2Fproc%2F18907" "Mozilla/5.0 AppleWebKit/537.36 (KHTML, like Gecko; compatible; GPTBot/1.3; +https://openai.com/gptbot)"
74.7.227.183 - - [01/Mar/2026:15:25:12 +0000] "GET /whsy.php?e=mountinfo&p=%2Fproc%2F26782 HTTP/1.1" 200 2988 "http://www.firstdigitalbank.com/whsy.php?p=%2Fproc%2F26782" "Mozilla/5.0 AppleWebKit/537.36 (KHTML, like Gecko; compatible; GPTBot/1.3; +https://openai.com/gptbot)"
74.7.227.151 - - [01/Mar/2026:15:25:10 +0000] "GET /whsy.php?p=%2Fproc%2F11146%2Fmap_files HTTP/1.1" 200 757561 "http://firstdigitalbank.com/whsy.php?p=%2Fproc%2F11146" "Mozilla/5.0 AppleWebKit/537.36 (KHTML, like Gecko; compatible; GPTBot/1.3; +https://openai.com/gptbot)"
74.7.227.183 - - [01/Mar/2026:15:25:42 +0000] "GET /whsy.php?e=oom_adj&p=%2Fproc%2F22288 HTTP/1.1" 200 2006 "http://www.firstdigitalbank.com/whsy.php?p=%2Fproc%2F22288" "Mozilla/5.0 AppleWebKit/537.36 (KHTML, like Gecko; compatible; GPTBot/1.3; +https://openai.com/gptbot)"
74.7.227.151 - - [01/Mar/2026:15:25:47 +0000] "GET /whsy.php?e=projid_map&p=%2Fproc%2F18907 HTTP/1.1" 200 2028 "http://firstdigitalbank.com/whsy.php?p=%2Fproc%2F18907" "Mozilla/5.0 AppleWebKit/537.36 (KHTML, like Gecko; compatible; GPTBot/1.3; +https://openai.com/gptbot)"
74.7.227.151 - - [01/Mar/2026:15:25:58 +0000] "GET /whsy.php?e=ip_vs&p=%2Fproc%2F11146%2Fnet HTTP/1.1" 200 2614 "http://firstdigitalbank.com/whsy.php?p=%2Fproc%2F11146%2Fnet" "Mozilla/5.0 AppleWebKit/537.36 (KHTML, like Gecko; compatible; GPTBot/1.3; +https://openai.com/gptbot)"
74.7.227.183 - - [01/Mar/2026:15:26:07 +0000] "GET /whsy.php?e=mountinfo&p=%2Fproc%2F12173 HTTP/1.1" 200 2988 "http://www.firstdigitalbank.com/whsy.php?p=%2Fproc%2F12173" "Mozilla/5.0 AppleWebKit/537.36 (KHTML, like Gecko; compatible; GPTBot/1.3; +https://openai.com/gptbot)"
74.7.227.151 - - [01/Mar/2026:15:26:11 +0000] "GET /whsy.php?e=snmp&p=%2Fproc%2F11146%2Fnet HTTP/1.1" 200 3232 "http://firstdigitalbank.com/whsy.php?p=%2Fproc%2F11146%2Fnet" "Mozilla/5.0 AppleWebKit/537.36 (KHTML, like Gecko; compatible; GPTBot/1.3; +https://openai.com/gptbot)"
74.7.227.183 - - [01/Mar/2026:15:26:15 +0000] "GET /whsy.php?e=mountinfo&p=%2Fproc%2F23500 HTTP/1.1" 200 2986 "http://www.firstdigitalbank.com/whsy.php?p=%2Fproc%2F23500" "Mozilla/5.0 AppleWebKit/537.36 (KHTML, like Gecko; compatible; GPTBot/1.3; +https://openai.com/gptbot)"
74.7.227.151 - - [01/Mar/2026:15:26:35 +0000] "GET /whsy.php?e=72b43dd16000-72b43df15000&p=%2Fproc%2F26675%2Fmap_files HTTP/1.1" 200 14384 "http://firstdigitalbank.com/whsy.php?p=%2Fproc%2F26675%2Fmap_files" "Mozilla/5.0 AppleWebKit/537.36 (KHTML, like Gecko; compatible; GPTBot/1.3; +https://openai.com/gptbot)"
74.7.227.151 - - [01/Mar/2026:15:26:42 +0000] "GET /whsy.php?e=72b4418da000-72b4418dc000&p=%2Fproc%2F26675%2Fmap_files HTTP/1.1" 200 14384 "http://firstdigitalbank.com/whsy.php?p=%2Fproc%2F26675%2Fmap_files" "Mozilla/5.0 AppleWebKit/537.36 (KHTML, like Gecko; compatible; GPTBot/1.3; +https://openai.com/gptbot)"
74.7.227.151 - - [01/Mar/2026:15:26:53 +0000] "GET /whsy.php?e=72b42fe08000-72b430007000&p=%2Fproc%2F26675%2Fmap_files HTTP/1.1" 200 14384 "http://firstdigitalbank.com/whsy.php?p=%2Fproc%2F26675%2Fmap_files" "Mozilla/5.0 AppleWebKit/537.36 (KHTML, like Gecko; compatible; GPTBot/1.3; +https://openai.com/gptbot)"
74.7.230.60 - - [01/Mar/2026:15:26:53 +0000] "GET /robots.txt HTTP/1.1" 404 - "-" "Mozilla/5.0 (Macintosh; Intel Mac OS X 10_15_7) AppleWebKit/537.36 (KHTML, like Gecko) Chrome/131.0.0.0 Safari/537.36; compatible; OAI-SearchBot/1.3; robots.txt; +https://openai.com/searchbot"
74.7.227.183 - - [01/Mar/2026:15:26:53 +0000] "GET /whsy.php?e=pagemap&p=%2Fproc%2F12173 HTTP/1.1" 200 1935 "http://www.firstdigitalbank.com/whsy.php?p=%2Fproc%2F12173" "Mozilla/5.0 AppleWebKit/537.36 (KHTML, like Gecko; compatible; GPTBot/1.3; +https://openai.com/gptbot)"
74.7.227.151 - - [01/Mar/2026:15:27:01 +0000] "GET /whsy.php?e=72b429e17000-72b429e18000&p=%2Fproc%2F26675%2Fmap_files HTTP/1.1" 200 14384 "http://firstdigitalbank.com/whsy.php?p=%2Fproc%2F26675%2Fmap_files" "Mozilla/5.0 AppleWebKit/537.36 (KHTML, like Gecko; compatible; GPTBot/1.3; +https://openai.com/gptbot)"
74.7.227.183 - - [01/Mar/2026:15:27:10 +0000] "GET /whsy.php?e=pagemap&p=%2Fproc%2F23500 HTTP/1.1" 200 1936 "http://www.firstdigitalbank.com/whsy.php?p=%2Fproc%2F23500" "Mozilla/5.0 AppleWebKit/537.36 (KHTML, like Gecko; compatible; GPTBot/1.3; +https://openai.com/gptbot)"
74.7.227.151 - - [01/Mar/2026:15:27:15 +0000] "GET /whsy.php?e=projid_map&p=%2Fproc%2F16769 HTTP/1.1" 200 2028 "http://firstdigitalbank.com/whsy.php?p=%2Fproc%2F16769" "Mozilla/5.0 AppleWebKit/537.36 (KHTML, like Gecko; compatible; GPTBot/1.3; +https://openai.com/gptbot)"
74.7.227.151 - - [01/Mar/2026:15:27:21 +0000] "GET /whsy.php?e=projid_map&p=%2Fproc%2F25364 HTTP/1.1" 200 2028 "http://firstdigitalbank.com/whsy.php?p=%2Fproc%2F25364" "Mozilla/5.0 AppleWebKit/537.36 (KHTML, like Gecko; compatible; GPTBot/1.3; +https://openai.com/gptbot)"
74.7.227.151 - - [01/Mar/2026:15:27:28 +0000] "GET /whsy.php?e=projid_map&p=%2Fproc%2F18632 HTTP/1.1" 200 2028 "http://firstdigitalbank.com/whsy.php?p=%2Fproc%2F18632" "Mozilla/5.0 AppleWebKit/537.36 (KHTML, like Gecko; compatible; GPTBot/1.3; +https://openai.com/gptbot)"
74.7.227.183 - - [01/Mar/2026:15:27:37 +0000] "GET /whsy.php?e=syscall&p=%2Fproc%2F26782 HTTP/1.1" 200 1936 "http://www.firstdigitalbank.com/whsy.php?p=%2Fproc%2F26782" "Mozilla/5.0 AppleWebKit/537.36 (KHTML, like Gecko; compatible; GPTBot/1.3; +https://openai.com/gptbot)"
74.7.227.151 - - [01/Mar/2026:15:27:43 +0000] "GET /whsy.php?e=projid_map&p=%2Fproc%2F26917 HTTP/1.1" 200 2028 "http://firstdigitalbank.com/whsy.php?p=%2Fproc%2F26917" "Mozilla/5.0 AppleWebKit/537.36 (KHTML, like Gecko; compatible; GPTBot/1.3; +https://openai.com/gptbot)"
74.7.227.183 - - [01/Mar/2026:15:27:44 +0000] "GET /whsy.php?e=pagemap&p=%2Fproc%2F26782 HTTP/1.1" 200 1936 "http://www.firstdigitalbank.com/whsy.php?p=%2Fproc%2F26782" "Mozilla/5.0 AppleWebKit/537.36 (KHTML, like Gecko; compatible; GPTBot/1.3; +https://openai.com/gptbot)"
74.7.227.151 - - [01/Mar/2026:15:27:50 +0000] "GET /whsy.php?p=%2Fproc%2F26675%2Fnet%2Fip6t_hashlimit HTTP/1.1" 200 501 "http://firstdigitalbank.com/whsy.php?p=%2Fproc%2F26675%2Fnet" "Mozilla/5.0 AppleWebKit/537.36 (KHTML, like Gecko; compatible; GPTBot/1.3; +https://openai.com/gptbot)"
74.7.227.151 - - [01/Mar/2026:15:27:57 +0000] "GET /whsy.php?e=anycast6&p=%2Fproc%2F26675%2Fnet HTTP/1.1" 200 2507 "http://firstdigitalbank.com/whsy.php?p=%2Fproc%2F26675%2Fnet" "Mozilla/5.0 AppleWebKit/537.36 (KHTML, like Gecko; compatible; GPTBot/1.3; +https://openai.com/gptbot)"
74.7.227.151 - - [01/Mar/2026:15:28:01 +0000] "GET /whsy.php?e=arp&p=%2Fproc%2F25364%2Fnet HTTP/1.1" 200 2580 "http://firstdigitalbank.com/whsy.php?p=%2Fproc%2F25364%2Fnet" "Mozilla/5.0 AppleWebKit/537.36 (KHTML, like Gecko; compatible; GPTBot/1.3; +https://openai.com/gptbot)"
74.7.227.183 - - [01/Mar/2026:15:28:02 +0000] "GET /whsy.php?e=environ&p=%2Fproc%2F22288 HTTP/1.1" 200 1935 "http://www.firstdigitalbank.com/whsy.php?p=%2Fproc%2F22288" "Mozilla/5.0 AppleWebKit/537.36 (KHTML, like Gecko; compatible; GPTBot/1.3; +https://openai.com/gptbot)"
74.7.227.151 - - [01/Mar/2026:15:28:06 +0000] "GET /whsy.php?e=arp&p=%2Fproc%2F18632%2Fnet HTTP/1.1" 200 2580 "http://firstdigitalbank.com/whsy.php?p=%2Fproc%2F18632%2Fnet" "Mozilla/5.0 AppleWebKit/537.36 (KHTML, like Gecko; compatible; GPTBot/1.3; +https://openai.com/gptbot)"
74.7.227.151 - - [01/Mar/2026:15:28:11 +0000] "GET /whsy.php?e=arp&p=%2Fproc%2F26917%2Fnet HTTP/1.1" 200 2580 "http://firstdigitalbank.com/whsy.php?p=%2Fproc%2F26917%2Fnet" "Mozilla/5.0 AppleWebKit/537.36 (KHTML, like Gecko; compatible; GPTBot/1.3; +https://openai.com/gptbot)"
74.7.227.151 - - [01/Mar/2026:15:28:16 +0000] "GET /whsy.php?e=raw&p=%2Fproc%2F26675%2Fnet HTTP/1.1" 200 2578 "http://firstdigitalbank.com/whsy.php?p=%2Fproc%2F26675%2Fnet" "Mozilla/5.0 AppleWebKit/537.36 (KHTML, like Gecko; compatible; GPTBot/1.3; +https://openai.com/gptbot)"
74.7.227.151 - - [01/Mar/2026:15:28:21 +0000] "GET /whsy.php?e=udp&p=%2Fproc%2F26675%2Fnet HTTP/1.1" 200 2776 "http://firstdigitalbank.com/whsy.php?p=%2Fproc%2F26675%2Fnet" "Mozilla/5.0 AppleWebKit/537.36 (KHTML, like Gecko; compatible; GPTBot/1.3; +https://openai.com/gptbot)"
74.7.227.183 - - [01/Mar/2026:15:28:21 +0000] "GET /whsy.php?e=statm&p=%2Fproc%2F23500 HTTP/1.1" 200 956 "http://www.firstdigitalbank.com/whsy.php?p=%2Fproc%2F23500" "Mozilla/5.0 AppleWebKit/537.36 (KHTML, like Gecko; compatible; GPTBot/1.3; +https://openai.com/gptbot)"
74.7.227.183 - - [01/Mar/2026:15:28:26 +0000] "GET /whsy.php?e=statm&p=%2Fproc%2F12173 HTTP/1.1" 200 2008 "http://www.firstdigitalbank.com/whsy.php?p=%2Fproc%2F12173" "Mozilla/5.0 AppleWebKit/537.36 (KHTML, like Gecko; compatible; GPTBot/1.3; +https://openai.com/gptbot)"
74.7.227.183 - - [01/Mar/2026:15:28:40 +0000] "GET /whsy.php?e=stack&p=%2Fproc%2F12173 HTTP/1.1" 200 1935 "http://www.firstdigitalbank.com/whsy.php?p=%2Fproc%2F12173" "Mozilla/5.0 AppleWebKit/537.36 (KHTML, like Gecko; compatible; GPTBot/1.3; +https://openai.com/gptbot)"
74.7.227.183 - - [01/Mar/2026:15:28:45 +0000] "GET /whsy.php?e=stack&p=%2Fproc%2F23500 HTTP/1.1" 200 956 "http://www.firstdigitalbank.com/whsy.php?p=%2Fproc%2F23500" "Mozilla/5.0 AppleWebKit/537.36 (KHTML, like Gecko; compatible; GPTBot/1.3; +https://openai.com/gptbot)"
74.7.227.183 - - [01/Mar/2026:15:28:50 +0000] "GET /whsy.php?e=autogroup&p=%2Fproc%2F12173 HTTP/1.1" 200 2003 "http://www.firstdigitalbank.com/whsy.php?p=%2Fproc%2F12173" "Mozilla/5.0 AppleWebKit/537.36 (KHTML, like Gecko; compatible; GPTBot/1.3; +https://openai.com/gptbot)"
74.7.227.151 - - [01/Mar/2026:15:28:26 +0000] "GET /whsy.php?p=%2Fproc%2F16769%2Fmap_files HTTP/1.1" 200 846386 "http://firstdigitalbank.com/whsy.php?p=%2Fproc%2F16769" "Mozilla/5.0 AppleWebKit/537.36 (KHTML, like Gecko; compatible; GPTBot/1.3; +https://openai.com/gptbot)"
74.7.227.151 - - [01/Mar/2026:15:29:00 +0000] "GET /whsy.php?p=%2Fproc%2F11146%2Ftask%2F24282%2Fnet%2F.. HTTP/1.1" 200 1802 "http://firstdigitalbank.com/whsy.php?p=%2Fproc%2F11146%2Ftask%2F24282%2Fnet" "Mozilla/5.0 AppleWebKit/537.36 (KHTML, like Gecko; compatible; GPTBot/1.3; +https://openai.com/gptbot)"
74.7.227.151 - - [01/Mar/2026:15:29:05 +0000] "GET /whsy.php?p=%2Fproc%2F11146%2Ftask%2F29202%2Fattr%2F.. HTTP/1.1" 200 1802 "http://firstdigitalbank.com/whsy.php?p=%2Fproc%2F11146%2Ftask%2F29202%2Fattr" "Mozilla/5.0 AppleWebKit/537.36 (KHTML, like Gecko; compatible; GPTBot/1.3; +https://openai.com/gptbot)"
74.7.227.151 - - [01/Mar/2026:15:29:09 +0000] "GET /whsy.php?p=%2Fproc%2F11146%2Ftask%2F24282%2Fattr%2F.. HTTP/1.1" 200 1802 "http://firstdigitalbank.com/whsy.php?p=%2Fproc%2F11146%2Ftask%2F24282%2Fattr" "Mozilla/5.0 AppleWebKit/537.36 (KHTML, like Gecko; compatible; GPTBot/1.3; +https://openai.com/gptbot)"
74.7.227.183 - - [01/Mar/2026:15:29:13 +0000] "GET /whsy.php?e=autogroup&p=%2Fproc%2F23500 HTTP/1.1" 200 956 "http://www.firstdigitalbank.com/whsy.php?p=%2Fproc%2F23500" "Mozilla/5.0 AppleWebKit/537.36 (KHTML, like Gecko; compatible; GPTBot/1.3; +https://openai.com/gptbot)"
74.7.227.151 - - [01/Mar/2026:15:29:23 +0000] "GET /whsy.php?p=%2Fproc%2F27000%2Fmap_files HTTP/1.1" 200 956 "http://firstdigitalbank.com/whsy.php?p=%2Fproc%2F27000" "Mozilla/5.0 AppleWebKit/537.36 (KHTML, like Gecko; compatible; GPTBot/1.3; +https://openai.com/gptbot)"
74.7.227.151 - - [01/Mar/2026:15:29:34 +0000] "GET /whsy.php?p=%2Fproc%2F18907%2Fnet%2Fnetfilter HTTP/1.1" 200 732 "http://firstdigitalbank.com/whsy.php?p=%2Fproc%2F18907%2Fnet" "Mozilla/5.0 AppleWebKit/537.36 (KHTML, like Gecko; compatible; GPTBot/1.3; +https://openai.com/gptbot)"
74.7.227.151 - - [01/Mar/2026:15:29:41 +0000] "GET /whsy.php?p=%2Fproc%2F11146%2Ftask%2F29202%2Fnet%2F.. HTTP/1.1" 200 1802 "http://firstdigitalbank.com/whsy.php?p=%2Fproc%2F11146%2Ftask%2F29202%2Fnet" "Mozilla/5.0 AppleWebKit/537.36 (KHTML, like Gecko; compatible; GPTBot/1.3; +https://openai.com/gptbot)"
74.7.227.183 - - [01/Mar/2026:15:29:45 +0000] "GET /whsy.php?e=timerslack_ns&p=%2Fproc%2F12173 HTTP/1.1" 200 2007 "http://www.firstdigitalbank.com/whsy.php?p=%2Fproc%2F12173" "Mozilla/5.0 AppleWebKit/537.36 (KHTML, like Gecko; compatible; GPTBot/1.3; +https://openai.com/gptbot)"
74.7.227.151 - - [01/Mar/2026:15:29:47 +0000] "GET /whsy.php?e=tcp&p=%2Fproc%2F16769%2Fnet HTTP/1.1" 200 12161 "http://firstdigitalbank.com/whsy.php?p=%2Fproc%2F16769%2Fnet" "Mozilla/5.0 AppleWebKit/537.36 (KHTML, like Gecko; compatible; GPTBot/1.3; +https://openai.com/gptbot)"
74.7.227.183 - - [01/Mar/2026:15:29:52 +0000] "GET /whsy.php?e=timerslack_ns&p=%2Fproc%2F23500 HTTP/1.1" 200 956 "http://www.firstdigitalbank.com/whsy.php?p=%2Fproc%2F23500" "Mozilla/5.0 AppleWebKit/537.36 (KHTML, like Gecko; compatible; GPTBot/1.3; +https://openai.com/gptbot)"
74.7.227.151 - - [01/Mar/2026:15:29:55 +0000] "GET /whsy.php?p=%2Fproc%2F11146%2Ftask%2F12785%2Fnet%2Fip6t_hashlimit HTTP/1.1" 200 522 "http://firstdigitalbank.com/whsy.php?p=%2Fproc%2F11146%2Ftask%2F12785%2Fnet" "Mozilla/5.0 AppleWebKit/537.36 (KHTML, like Gecko; compatible; GPTBot/1.3; +https://openai.com/gptbot)"
74.7.227.151 - - [01/Mar/2026:15:30:04 +0000] "GET /whsy.php?p=%2Fproc%2F11146%2Ftask%2F10925%2Fnet%2Fip6t_hashlimit HTTP/1.1" 200 521 "http://firstdigitalbank.com/whsy.php?p=%2Fproc%2F11146%2Ftask%2F10925%2Fnet" "Mozilla/5.0 AppleWebKit/537.36 (KHTML, like Gecko; compatible; GPTBot/1.3; +https://openai.com/gptbot)"
74.7.227.151 - - [01/Mar/2026:15:30:17 +0000] "GET /whsy.php?p=%2Fproc%2F27000%2Ffdinfo HTTP/1.1" 200 956 "http://firstdigitalbank.com/whsy.php?p=%2Fproc%2F27000" "Mozilla/5.0 AppleWebKit/537.36 (KHTML, like Gecko; compatible; GPTBot/1.3; +https://openai.com/gptbot)"
74.7.227.183 - - [01/Mar/2026:15:30:35 +0000] "GET /whsy.php?e=uid_map&p=%2Fproc%2F23500 HTTP/1.1" 200 956 "http://www.firstdigitalbank.com/whsy.php?p=%2Fproc%2F23500" "Mozilla/5.0 AppleWebKit/537.36 (KHTML, like Gecko; compatible; GPTBot/1.3; +https://openai.com/gptbot)"
74.7.227.183 - - [01/Mar/2026:15:30:48 +0000] "GET /whsy.php?e=gid_map&p=%2Fproc%2F23500 HTTP/1.1" 200 956 "http://www.firstdigitalbank.com/whsy.php?p=%2Fproc%2F23500" "Mozilla/5.0 AppleWebKit/537.36 (KHTML, like Gecko; compatible; GPTBot/1.3; +https://openai.com/gptbot)"
74.7.227.151 - - [01/Mar/2026:15:30:25 +0000] "GET /whsy.php?p=%2Fproc%2F11146%2Ffdinfo HTTP/1.1" 200 695169 "http://firstdigitalbank.com/whsy.php?p=%2Fproc%2F11146" "Mozilla/5.0 AppleWebKit/537.36 (KHTML, like Gecko; compatible; GPTBot/1.3; +https://openai.com/gptbot)"
74.7.227.151 - - [01/Mar/2026:15:31:13 +0000] "GET /whsy.php?p=%2Fproc%2F11146%2Ftask%2F9572 HTTP/1.1" 200 1801 "http://firstdigitalbank.com/whsy.php?p=%2Fproc%2F11146%2Ftask" "Mozilla/5.0 AppleWebKit/537.36 (KHTML, like Gecko; compatible; GPTBot/1.3; +https://openai.com/gptbot)"
74.7.227.183 - - [01/Mar/2026:15:31:29 +0000] "GET /whsy.php?e=uid_map&p=%2Fproc%2F12173 HTTP/1.1" 200 2022 "http://www.firstdigitalbank.com/whsy.php?p=%2Fproc%2F12173" "Mozilla/5.0 AppleWebKit/537.36 (KHTML, like Gecko; compatible; GPTBot/1.3; +https://openai.com/gptbot)"
74.7.227.183 - - [01/Mar/2026:15:31:36 +0000] "GET /whsy.php?e=gid_map&p=%2Fproc%2F12173 HTTP/1.1" 200 2025 "http://www.firstdigitalbank.com/whsy.php?p=%2Fproc%2F12173" "Mozilla/5.0 AppleWebKit/537.36 (KHTML, like Gecko; compatible; GPTBot/1.3; +https://openai.com/gptbot)"
74.7.227.151 - - [01/Mar/2026:15:31:21 +0000] "GET /whsy.php?p=%2Fproc%2F18907%2Ffdinfo HTTP/1.1" 200 753990 "http://firstdigitalbank.com/whsy.php?p=%2Fproc%2F18907" "Mozilla/5.0 AppleWebKit/537.36 (KHTML, like Gecko; compatible; GPTBot/1.3; +https://openai.com/gptbot)"
74.7.227.151 - - [01/Mar/2026:15:32:00 +0000] "GET /whsy.php?p=%2Fproc%2F18632%2Fnet%2Fip6t_hashlimit HTTP/1.1" 200 502 "http://firstdigitalbank.com/whsy.php?p=%2Fproc%2F18632%2Fnet" "Mozilla/5.0 AppleWebKit/537.36 (KHTML, like Gecko; compatible; GPTBot/1.3; +https://openai.com/gptbot)"
74.7.230.60 - - [01/Mar/2026:15:32:01 +0000] "GET /robots.txt HTTP/1.1" 404 - "-" "Mozilla/5.0 (Macintosh; Intel Mac OS X 10_15_7) AppleWebKit/537.36 (KHTML, like Gecko) Chrome/131.0.0.0 Safari/537.36; compatible; OAI-SearchBot/1.3; robots.txt; +https://openai.com/searchbot"
74.7.227.151 - - [01/Mar/2026:15:32:10 +0000] "GET /whsy.php?p=%2Fproc%2F16769%2Fnet%2Fip6t_hashlimit HTTP/1.1" 200 502 "http://firstdigitalbank.com/whsy.php?p=%2Fproc%2F16769%2Fnet" "Mozilla/5.0 AppleWebKit/537.36 (KHTML, like Gecko; compatible; GPTBot/1.3; +https://openai.com/gptbot)"
74.7.227.183 - - [01/Mar/2026:15:32:10 +0000] "GET /whsy.php?e=smaps_rollup&p=%2Fproc%2F22288 HTTP/1.1" 200 2007 "http://www.firstdigitalbank.com/whsy.php?p=%2Fproc%2F22288" "Mozilla/5.0 AppleWebKit/537.36 (KHTML, like Gecko; compatible; GPTBot/1.3; +https://openai.com/gptbot)"
74.7.227.151 - - [01/Mar/2026:15:32:17 +0000] "GET /whsy.php?p=%2Fproc%2F25364%2Fnet%2Fip6t_hashlimit HTTP/1.1" 200 502 "http://firstdigitalbank.com/whsy.php?p=%2Fproc%2F25364%2Fnet" "Mozilla/5.0 AppleWebKit/537.36 (KHTML, like Gecko; compatible; GPTBot/1.3; +https://openai.com/gptbot)"
74.7.227.151 - - [01/Mar/2026:15:32:30 +0000] "GET /whsy.php?p=%2Fproc%2F26917%2Fnet%2Fip6t_hashlimit HTTP/1.1" 200 502 "http://firstdigitalbank.com/whsy.php?p=%2Fproc%2F26917%2Fnet" "Mozilla/5.0 AppleWebKit/537.36 (KHTML, like Gecko; compatible; GPTBot/1.3; +https://openai.com/gptbot)"
74.7.227.183 - - [01/Mar/2026:15:32:31 +0000] "GET /whsy.php?e=auxv&p=%2Fproc%2F26782 HTTP/1.1" 200 1936 "http://www.firstdigitalbank.com/whsy.php?p=%2Fproc%2F26782" "Mozilla/5.0 AppleWebKit/537.36 (KHTML, like Gecko; compatible; GPTBot/1.3; +https://openai.com/gptbot)"
74.7.227.151 - - [01/Mar/2026:15:32:39 +0000] "GET /whsy.php?e=anycast6&p=%2Fproc%2F25364%2Fnet HTTP/1.1" 200 2506 "http://firstdigitalbank.com/whsy.php?p=%2Fproc%2F25364%2Fnet" "Mozilla/5.0 AppleWebKit/537.36 (KHTML, like Gecko; compatible; GPTBot/1.3; +https://openai.com/gptbot)"
74.7.227.151 - - [01/Mar/2026:15:32:47 +0000] "GET /whsy.php?e=anycast6&p=%2Fproc%2F16769%2Fnet HTTP/1.1" 200 2506 "http://firstdigitalbank.com/whsy.php?p=%2Fproc%2F16769%2Fnet" "Mozilla/5.0 AppleWebKit/537.36 (KHTML, like Gecko; compatible; GPTBot/1.3; +https://openai.com/gptbot)"
74.7.227.183 - - [01/Mar/2026:15:32:47 +0000] "GET /whsy.php?e=schedstat&p=%2Fproc%2F23500 HTTP/1.1" 200 956 "http://www.firstdigitalbank.com/whsy.php?p=%2Fproc%2F23500" "Mozilla/5.0 AppleWebKit/537.36 (KHTML, like Gecko; compatible; GPTBot/1.3; +https://openai.com/gptbot)"
74.7.227.151 - - [01/Mar/2026:15:32:51 +0000] "GET /whsy.php?e=anycast6&p=%2Fproc%2F18632%2Fnet HTTP/1.1" 200 2506 "http://firstdigitalbank.com/whsy.php?p=%2Fproc%2F18632%2Fnet" "Mozilla/5.0 AppleWebKit/537.36 (KHTML, like Gecko; compatible; GPTBot/1.3; +https://openai.com/gptbot)"
74.7.227.151 - - [01/Mar/2026:15:32:56 +0000] "GET /whsy.php?e=udplite6&p=%2Fproc%2F26675%2Fnet HTTP/1.1" 200 2586 "http://firstdigitalbank.com/whsy.php?p=%2Fproc%2F26675%2Fnet" "Mozilla/5.0 AppleWebKit/537.36 (KHTML, like Gecko; compatible; GPTBot/1.3; +https://openai.com/gptbot)"
74.7.227.151 - - [01/Mar/2026:15:33:03 +0000] "GET /whsy.php?e=if_inet6&p=%2Fproc%2F26675%2Fnet HTTP/1.1" 200 2570 "http://firstdigitalbank.com/whsy.php?p=%2Fproc%2F26675%2Fnet" "Mozilla/5.0 AppleWebKit/537.36 (KHTML, like Gecko; compatible; GPTBot/1.3; +https://openai.com/gptbot)"
74.7.227.151 - - [01/Mar/2026:15:33:13 +0000] "GET /whsy.php?e=sched&p=%2Fproc%2F11146%2Ftask%2F9572 HTTP/1.1" 200 2339 "http://firstdigitalbank.com/whsy.php?p=%2Fproc%2F11146%2Ftask%2F9572" "Mozilla/5.0 AppleWebKit/537.36 (KHTML, like Gecko; compatible; GPTBot/1.3; +https://openai.com/gptbot)"
74.7.227.183 - - [01/Mar/2026:15:33:15 +0000] "GET /whsy.php?e=autogroup&p=%2Fproc%2F26782 HTTP/1.1" 200 2020 "http://www.firstdigitalbank.com/whsy.php?p=%2Fproc%2F26782" "Mozilla/5.0 AppleWebKit/537.36 (KHTML, like Gecko; compatible; GPTBot/1.3; +https://openai.com/gptbot)"
74.7.227.183 - - [01/Mar/2026:15:33:30 +0000] "GET /whsy.php?e=schedstat&p=%2Fproc%2F12173 HTTP/1.1" 200 2029 "http://www.firstdigitalbank.com/whsy.php?p=%2Fproc%2F12173" "Mozilla/5.0 AppleWebKit/537.36 (KHTML, like Gecko; compatible; GPTBot/1.3; +https://openai.com/gptbot)"
74.7.227.183 - - [01/Mar/2026:15:33:40 +0000] "GET /whsy.php?e=mountinfo&p=%2Fproc%2F22288 HTTP/1.1" 200 2987 "http://www.firstdigitalbank.com/whsy.php?p=%2Fproc%2F22288" "Mozilla/5.0 AppleWebKit/537.36 (KHTML, like Gecko; compatible; GPTBot/1.3; +https://openai.com/gptbot)"
74.7.227.151 - - [01/Mar/2026:15:33:23 +0000] "GET /whsy.php?p=%2Fproc%2F11146%2Ftask%2F9572%2Fns HTTP/1.1" 200 844102 "http://firstdigitalbank.com/whsy.php?p=%2Fproc%2F11146%2Ftask%2F9572" "Mozilla/5.0 AppleWebKit/537.36 (KHTML, like Gecko; compatible; GPTBot/1.3; +https://openai.com/gptbot)"
74.7.227.183 - - [01/Mar/2026:15:34:02 +0000] "GET /whsy.php?e=clear_refs&p=%2Fproc%2F22288 HTTP/1.1" 200 1935 "http://www.firstdigitalbank.com/whsy.php?p=%2Fproc%2F22288" "Mozilla/5.0 AppleWebKit/537.36 (KHTML, like Gecko; compatible; GPTBot/1.3; +https://openai.com/gptbot)"
74.7.227.183 - - [01/Mar/2026:15:34:20 +0000] "GET /whsy.php?e=sched&p=%2Fproc%2F26782 HTTP/1.1" 200 2480 "http://www.firstdigitalbank.com/whsy.php?p=%2Fproc%2F26782" "Mozilla/5.0 AppleWebKit/537.36 (KHTML, like Gecko; compatible; GPTBot/1.3; +https://openai.com/gptbot)"
74.7.227.151 - - [01/Mar/2026:15:34:05 +0000] "GET /whsy.php?p=%2Fproc%2F11146%2Ftask%2F9572%2Ffd HTTP/1.1" 200 738262 "http://firstdigitalbank.com/whsy.php?p=%2Fproc%2F11146%2Ftask%2F9572" "Mozilla/5.0 AppleWebKit/537.36 (KHTML, like Gecko; compatible; GPTBot/1.3; +https://openai.com/gptbot)"
74.7.227.151 - - [01/Mar/2026:15:34:43 +0000] "GET /whsy.php?p=%2Fproc%2F11146%2Ftask%2F9572%2Fnet HTTP/1.1" 200 2464 "http://firstdigitalbank.com/whsy.php?p=%2Fproc%2F11146%2Ftask%2F9572" "Mozilla/5.0 AppleWebKit/537.36 (KHTML, like Gecko; compatible; GPTBot/1.3; +https://openai.com/gptbot)"
74.7.227.183 - - [01/Mar/2026:15:34:59 +0000] "GET /whsy.php?e=wchan&p=%2Fproc%2F26782 HTTP/1.1" 200 2006 "http://www.firstdigitalbank.com/whsy.php?p=%2Fproc%2F26782" "Mozilla/5.0 AppleWebKit/537.36 (KHTML, like Gecko; compatible; GPTBot/1.3; +https://openai.com/gptbot)"
74.7.227.151 - - [01/Mar/2026:15:35:21 +0000] "GET /whsy.php?e=loginuid&p=%2Fproc%2F11146%2Ftask%2F9572 HTTP/1.1" 200 1875 "http://firstdigitalbank.com/whsy.php?p=%2Fproc%2F11146%2Ftask%2F9572" "Mozilla/5.0 AppleWebKit/537.36 (KHTML, like Gecko; compatible; GPTBot/1.3; +https://openai.com/gptbot)"
74.7.244.8 - - [01/Mar/2026:15:35:30 +0000] "GET /robots.txt HTTP/1.1" 404 - "-" "Mozilla/5.0 (Macintosh; Intel Mac OS X 10_15_7) AppleWebKit/537.36 (KHTML, like Gecko) Chrome/131.0.0.0 Safari/537.36; compatible; OAI-SearchBot/1.3; robots.txt; +https://openai.com/searchbot"
74.7.227.151 - - [01/Mar/2026:15:35:39 +0000] "GET /whsy.php?e=projid_map&p=%2Fproc%2F11146%2Ftask%2F9572 HTTP/1.1" 200 1888 "http://firstdigitalbank.com/whsy.php?p=%2Fproc%2F11146%2Ftask%2F9572" "Mozilla/5.0 AppleWebKit/537.36 (KHTML, like Gecko; compatible; GPTBot/1.3; +https://openai.com/gptbot)"
74.7.227.183 - - [01/Mar/2026:15:35:45 +0000] "GET /whsy.php?e=smaps&p=%2Fproc%2F26782 HTTP/1.1" 200 2126 "http://www.firstdigitalbank.com/whsy.php?p=%2Fproc%2F26782" "Mozilla/5.0 AppleWebKit/537.36 (KHTML, like Gecko; compatible; GPTBot/1.3; +https://openai.com/gptbot)"
74.7.227.183 - - [01/Mar/2026:15:35:54 +0000] "GET /whsy.php?e=smaps&p=%2Fproc%2F12173 HTTP/1.1" 200 956 "http://www.firstdigitalbank.com/whsy.php?p=%2Fproc%2F12173" "Mozilla/5.0 AppleWebKit/537.36 (KHTML, like Gecko; compatible; GPTBot/1.3; +https://openai.com/gptbot)"
74.7.227.151 - - [01/Mar/2026:15:36:08 +0000] "GET /whsy.php?e=anycast6&p=%2Fproc%2F26917%2Fnet HTTP/1.1" 200 2506 "http://firstdigitalbank.com/whsy.php?p=%2Fproc%2F26917%2Fnet" "Mozilla/5.0 AppleWebKit/537.36 (KHTML, like Gecko; compatible; GPTBot/1.3; +https://openai.com/gptbot)"
74.7.227.151 - - [01/Mar/2026:15:36:27 +0000] "GET /whsy.php?e=sockcreate&p=%2Fproc%2F25364%2Fattr HTTP/1.1" 200 863 "http://firstdigitalbank.com/whsy.php?p=%2Fproc%2F25364%2Fattr" "Mozilla/5.0 AppleWebKit/537.36 (KHTML, like Gecko; compatible; GPTBot/1.3; +https://openai.com/gptbot)"
74.7.227.183 - - [01/Mar/2026:15:36:30 +0000] "GET /whsy.php?e=sched&p=%2Fproc%2F12173 HTTP/1.1" 200 956 "http://www.firstdigitalbank.com/whsy.php?p=%2Fproc%2F12173" "Mozilla/5.0 AppleWebKit/537.36 (KHTML, like Gecko; compatible; GPTBot/1.3; +https://openai.com/gptbot)"
74.7.227.183 - - [01/Mar/2026:15:36:35 +0000] "GET /whsy.php?e=sched&p=%2Fproc%2F23500 HTTP/1.1" 200 956 "http://www.firstdigitalbank.com/whsy.php?p=%2Fproc%2F23500" "Mozilla/5.0 AppleWebKit/537.36 (KHTML, like Gecko; compatible; GPTBot/1.3; +https://openai.com/gptbot)"
74.7.227.151 - - [01/Mar/2026:15:36:39 +0000] "GET /whsy.php?e=sockcreate&p=%2Fproc%2F26917%2Fattr HTTP/1.1" 200 863 "http://firstdigitalbank.com/whsy.php?p=%2Fproc%2F26917%2Fattr" "Mozilla/5.0 AppleWebKit/537.36 (KHTML, like Gecko; compatible; GPTBot/1.3; +https://openai.com/gptbot)"
74.7.227.183 - - [01/Mar/2026:15:36:40 +0000] "GET /whsy.php?e=smaps&p=%2Fproc%2F23500 HTTP/1.1" 200 956 "http://www.firstdigitalbank.com/whsy.php?p=%2Fproc%2F23500" "Mozilla/5.0 AppleWebKit/537.36 (KHTML, like Gecko; compatible; GPTBot/1.3; +https://openai.com/gptbot)"
74.7.227.183 - - [01/Mar/2026:15:36:49 +0000] "GET /whsy.php?e=statm&p=%2Fproc%2F26782 HTTP/1.1" 200 2033 "http://www.firstdigitalbank.com/whsy.php?p=%2Fproc%2F26782" "Mozilla/5.0 AppleWebKit/537.36 (KHTML, like Gecko; compatible; GPTBot/1.3; +https://openai.com/gptbot)"
74.7.227.151 - - [01/Mar/2026:15:36:57 +0000] "GET /whsy.php?e=sockcreate&p=%2Fproc%2F18632%2Fattr HTTP/1.1" 200 863 "http://firstdigitalbank.com/whsy.php?p=%2Fproc%2F18632%2Fattr" "Mozilla/5.0 AppleWebKit/537.36 (KHTML, like Gecko; compatible; GPTBot/1.3; +https://openai.com/gptbot)"
74.7.227.183 - - [01/Mar/2026:15:37:01 +0000] "GET /whsy.php?e=stack&p=%2Fproc%2F26782 HTTP/1.1" 200 1936 "http://www.firstdigitalbank.com/whsy.php?p=%2Fproc%2F26782" "Mozilla/5.0 AppleWebKit/537.36 (KHTML, like Gecko; compatible; GPTBot/1.3; +https://openai.com/gptbot)"
74.7.227.151 - - [01/Mar/2026:15:37:28 +0000] "GET /whsy.php?e=projid_map&p=%2Fproc%2F27000 HTTP/1.1" 200 956 "http://firstdigitalbank.com/whsy.php?p=%2Fproc%2F27000" "Mozilla/5.0 AppleWebKit/537.36 (KHTML, like Gecko; compatible; GPTBot/1.3; +https://openai.com/gptbot)"
74.7.227.183 - - [01/Mar/2026:15:37:54 +0000] "GET /whsy.php?e=auxv&p=%2Fproc%2F23500 HTTP/1.1" 200 956 "http://www.firstdigitalbank.com/whsy.php?p=%2Fproc%2F23500" "Mozilla/5.0 AppleWebKit/537.36 (KHTML, like Gecko; compatible; GPTBot/1.3; +https://openai.com/gptbot)"
74.7.227.183 - - [01/Mar/2026:15:38:01 +0000] "GET /whsy.php?e=auxv&p=%2Fproc%2F12173 HTTP/1.1" 200 956 "http://www.firstdigitalbank.com/whsy.php?p=%2Fproc%2F12173" "Mozilla/5.0 AppleWebKit/537.36 (KHTML, like Gecko; compatible; GPTBot/1.3; +https://openai.com/gptbot)"
74.7.227.151 - - [01/Mar/2026:15:37:37 +0000] "GET /whsy.php?p=%2Fproc%2F18907%2Fmap_files HTTP/1.1" 200 835932 "http://firstdigitalbank.com/whsy.php?p=%2Fproc%2F18907" "Mozilla/5.0 AppleWebKit/537.36 (KHTML, like Gecko; compatible; GPTBot/1.3; +https://openai.com/gptbot)"
74.7.230.60 - - [01/Mar/2026:15:38:07 +0000] "GET /robots.txt HTTP/1.1" 404 - "-" "Mozilla/5.0 (Macintosh; Intel Mac OS X 10_15_7) AppleWebKit/537.36 (KHTML, like Gecko) Chrome/131.0.0.0 Safari/537.36; compatible; OAI-SearchBot/1.3; robots.txt; +https://openai.com/searchbot"
74.7.227.183 - - [01/Mar/2026:15:38:17 +0000] "GET /whsy.php?e=sessionid&p=%2Fproc%2F12173 HTTP/1.1" 200 956 "http://www.firstdigitalbank.com/whsy.php?p=%2Fproc%2F12173" "Mozilla/5.0 AppleWebKit/537.36 (KHTML, like Gecko; compatible; GPTBot/1.3; +https://openai.com/gptbot)"
74.7.227.183 - - [01/Mar/2026:15:38:22 +0000] "GET /whsy.php?e=sessionid&p=%2Fproc%2F23500 HTTP/1.1" 200 956 "http://www.firstdigitalbank.com/whsy.php?p=%2Fproc%2F23500" "Mozilla/5.0 AppleWebKit/537.36 (KHTML, like Gecko; compatible; GPTBot/1.3; +https://openai.com/gptbot)"
74.7.227.183 - - [01/Mar/2026:15:38:26 +0000] "GET /whsy.php?e=schedstat&p=%2Fproc%2F26782 HTTP/1.1" 200 2025 "http://www.firstdigitalbank.com/whsy.php?p=%2Fproc%2F26782" "Mozilla/5.0 AppleWebKit/537.36 (KHTML, like Gecko; compatible; GPTBot/1.3; +https://openai.com/gptbot)"
74.7.227.151 - - [01/Mar/2026:15:38:44 +0000] "GET /whsy.php?e=xfrm_stat&p=%2Fproc%2F11146%2Ftask%2F9572%2Fnet HTTP/1.1" 200 2744 "http://firstdigitalbank.com/whsy.php?p=%2Fproc%2F11146%2Ftask%2F9572%2Fnet" "Mozilla/5.0 AppleWebKit/537.36 (KHTML, like Gecko; compatible; GPTBot/1.3; +https://openai.com/gptbot)"
74.7.227.183 - - [01/Mar/2026:15:38:50 +0000] "GET /whsy.php?e=setgroups&p=%2Fproc%2F12173 HTTP/1.1" 200 956 "http://www.firstdigitalbank.com/whsy.php?p=%2Fproc%2F12173" "Mozilla/5.0 AppleWebKit/537.36 (KHTML, like Gecko; compatible; GPTBot/1.3; +https://openai.com/gptbot)"
74.7.227.183 - - [01/Mar/2026:15:38:59 +0000] "GET /whsy.php?e=setgroups&p=%2Fproc%2F23500 HTTP/1.1" 200 956 "http://www.firstdigitalbank.com/whsy.php?p=%2Fproc%2F23500" "Mozilla/5.0 AppleWebKit/537.36 (KHTML, like Gecko; compatible; GPTBot/1.3; +https://openai.com/gptbot)"
74.7.227.183 - - [01/Mar/2026:15:39:21 +0000] "GET /whsy.php?e=mem&p=%2Fproc%2F23500 HTTP/1.1" 200 956 "http://www.firstdigitalbank.com/whsy.php?p=%2Fproc%2F23500" "Mozilla/5.0 AppleWebKit/537.36 (KHTML, like Gecko; compatible; GPTBot/1.3; +https://openai.com/gptbot)"
74.7.227.183 - - [01/Mar/2026:15:39:44 +0000] "GET /whsy.php?e=exe&p=%2Fproc%2F26782 HTTP/1.1" 200 1936 "http://www.firstdigitalbank.com/whsy.php?p=%2Fproc%2F26782" "Mozilla/5.0 AppleWebKit/537.36 (KHTML, like Gecko; compatible; GPTBot/1.3; +https://openai.com/gptbot)"
74.7.227.151 - - [01/Mar/2026:15:39:28 +0000] "GET /whsy.php?p=%2Fproc%2F16769%2Ffdinfo HTTP/1.1" 200 773199 "http://firstdigitalbank.com/whsy.php?p=%2Fproc%2F16769" "Mozilla/5.0 AppleWebKit/537.36 (KHTML, like Gecko; compatible; GPTBot/1.3; +https://openai.com/gptbot)"
74.7.227.151 - - [01/Mar/2026:15:40:17 +0000] "GET /whsy.php?e=projid_map&p=%2Fproc%2F26675 HTTP/1.1" 200 2001 "http://firstdigitalbank.com/whsy.php?p=%2Fproc%2F26675" "Mozilla/5.0 AppleWebKit/537.36 (KHTML, like Gecko; compatible; GPTBot/1.3; +https://openai.com/gptbot)"
74.7.227.183 - - [01/Mar/2026:15:40:45 +0000] "GET /whsy.php?e=exe&p=%2Fproc%2F12173 HTTP/1.1" 200 956 "http://www.firstdigitalbank.com/whsy.php?p=%2Fproc%2F12173" "Mozilla/5.0 AppleWebKit/537.36 (KHTML, like Gecko; compatible; GPTBot/1.3; +https://openai.com/gptbot)"
74.7.244.8 - - [01/Mar/2026:15:40:46 +0000] "GET /robots.txt HTTP/1.1" 404 - "-" "Mozilla/5.0 (Macintosh; Intel Mac OS X 10_15_7) AppleWebKit/537.36 (KHTML, like Gecko) Chrome/131.0.0.0 Safari/537.36; compatible; OAI-SearchBot/1.3; robots.txt; +https://openai.com/searchbot"
74.7.227.183 - - [01/Mar/2026:15:41:12 +0000] "GET /whsy.php?e=cwd&p=%2Fproc%2F23500 HTTP/1.1" 200 956 "http://www.firstdigitalbank.com/whsy.php?p=%2Fproc%2F23500" "Mozilla/5.0 AppleWebKit/537.36 (KHTML, like Gecko; compatible; GPTBot/1.3; +https://openai.com/gptbot)"
74.7.227.183 - - [01/Mar/2026:15:41:24 +0000] "GET /whsy.php?e=mem&p=%2Fproc%2F26782 HTTP/1.1" 200 1936 "http://www.firstdigitalbank.com/whsy.php?p=%2Fproc%2F26782" "Mozilla/5.0 AppleWebKit/537.36 (KHTML, like Gecko; compatible; GPTBot/1.3; +https://openai.com/gptbot)"
74.7.227.183 - - [01/Mar/2026:15:42:02 +0000] "GET /whsy.php?e=mem&p=%2Fproc%2F12173 HTTP/1.1" 200 956 "http://www.firstdigitalbank.com/whsy.php?p=%2Fproc%2F12173" "Mozilla/5.0 AppleWebKit/537.36 (KHTML, like Gecko; compatible; GPTBot/1.3; +https://openai.com/gptbot)"
74.7.227.183 - - [01/Mar/2026:15:42:15 +0000] "GET /whsy.php?e=exe&p=%2Fproc%2F23500 HTTP/1.1" 200 956 "http://www.firstdigitalbank.com/whsy.php?p=%2Fproc%2F23500" "Mozilla/5.0 AppleWebKit/537.36 (KHTML, like Gecko; compatible; GPTBot/1.3; +https://openai.com/gptbot)"
74.7.227.183 - - [01/Mar/2026:15:42:28 +0000] "GET /whsy.php?e=cwd&p=%2Fproc%2F26782 HTTP/1.1" 200 1936 "http://www.firstdigitalbank.com/whsy.php?p=%2Fproc%2F26782" "Mozilla/5.0 AppleWebKit/537.36 (KHTML, like Gecko; compatible; GPTBot/1.3; +https://openai.com/gptbot)"
74.7.227.183 - - [01/Mar/2026:15:42:38 +0000] "GET /whsy.php?e=cwd&p=%2Fproc%2F12173 HTTP/1.1" 200 956 "http://www.firstdigitalbank.com/whsy.php?p=%2Fproc%2F12173" "Mozilla/5.0 AppleWebKit/537.36 (KHTML, like Gecko; compatible; GPTBot/1.3; +https://openai.com/gptbot)"
74.7.227.183 - - [01/Mar/2026:15:43:03 +0000] "GET /whsy.php?e=ksm_stat&p=%2Fproc%2F23500 HTTP/1.1" 200 956 "http://www.firstdigitalbank.com/whsy.php?p=%2Fproc%2F23500" "Mozilla/5.0 AppleWebKit/537.36 (KHTML, like Gecko; compatible; GPTBot/1.3; +https://openai.com/gptbot)"
74.7.227.183 - - [01/Mar/2026:15:43:10 +0000] "GET /whsy.php?e=ksm_stat&p=%2Fproc%2F12173 HTTP/1.1" 200 956 "http://www.firstdigitalbank.com/whsy.php?p=%2Fproc%2F12173" "Mozilla/5.0 AppleWebKit/537.36 (KHTML, like Gecko; compatible; GPTBot/1.3; +https://openai.com/gptbot)"
74.7.230.60 - - [01/Mar/2026:15:43:43 +0000] "GET /robots.txt HTTP/1.1" 404 - "-" "Mozilla/5.0 (Macintosh; Intel Mac OS X 10_15_7) AppleWebKit/537.36 (KHTML, like Gecko) Chrome/131.0.0.0 Safari/537.36; compatible; OAI-SearchBot/1.3; robots.txt; +https://openai.com/searchbot"
74.7.227.183 - - [01/Mar/2026:15:43:59 +0000] "GET /whsy.php?e=gid_map&p=%2Fproc%2F26782 HTTP/1.1" 200 2026 "http://www.firstdigitalbank.com/whsy.php?p=%2Fproc%2F26782" "Mozilla/5.0 AppleWebKit/537.36 (KHTML, like Gecko; compatible; GPTBot/1.3; +https://openai.com/gptbot)"
74.7.227.183 - - [01/Mar/2026:15:44:37 +0000] "GET /whsy.php?e=uid_map&p=%2Fproc%2F26782 HTTP/1.1" 200 2023 "http://www.firstdigitalbank.com/whsy.php?p=%2Fproc%2F26782" "Mozilla/5.0 AppleWebKit/537.36 (KHTML, like Gecko; compatible; GPTBot/1.3; +https://openai.com/gptbot)"
74.7.227.183 - - [01/Mar/2026:15:44:53 +0000] "GET /whsy.php?e=oom_adj&p=%2Fproc%2F12173 HTTP/1.1" 200 956 "http://www.firstdigitalbank.com/whsy.php?p=%2Fproc%2F12173" "Mozilla/5.0 AppleWebKit/537.36 (KHTML, like Gecko; compatible; GPTBot/1.3; +https://openai.com/gptbot)"
74.7.227.183 - - [01/Mar/2026:15:44:59 +0000] "GET /whsy.php?e=oom_adj&p=%2Fproc%2F23500 HTTP/1.1" 200 956 "http://www.firstdigitalbank.com/whsy.php?p=%2Fproc%2F23500" "Mozilla/5.0 AppleWebKit/537.36 (KHTML, like Gecko; compatible; GPTBot/1.3; +https://openai.com/gptbot)"
74.7.227.151 - - [01/Mar/2026:15:45:00 +0000] "GET /whsy.php?e=ksm_merging_pages&p=%2Fproc%2F18907 HTTP/1.1" 200 1936 "http://firstdigitalbank.com/whsy.php?p=%2Fproc%2F18907" "Mozilla/5.0 AppleWebKit/537.36 (KHTML, like Gecko; compatible; GPTBot/1.3; +https://openai.com/gptbot)"
74.7.227.183 - - [01/Mar/2026:15:45:11 +0000] "GET /whsy.php?e=oom_adj&p=%2Fproc%2F26782 HTTP/1.1" 200 2006 "http://www.firstdigitalbank.com/whsy.php?p=%2Fproc%2F26782" "Mozilla/5.0 AppleWebKit/537.36 (KHTML, like Gecko; compatible; GPTBot/1.3; +https://openai.com/gptbot)"
74.7.227.183 - - [01/Mar/2026:15:45:31 +0000] "GET /whsy.php?e=statm&p=%2Fproc%2F22288 HTTP/1.1" 200 956 "http://www.firstdigitalbank.com/whsy.php?p=%2Fproc%2F22288" "Mozilla/5.0 AppleWebKit/537.36 (KHTML, like Gecko; compatible; GPTBot/1.3; +https://openai.com/gptbot)"
74.7.227.151 - - [01/Mar/2026:15:45:36 +0000] "GET /whsy.php?e=projid_map&p=%2Fproc%2F11146 HTTP/1.1" 200 2027 "http://firstdigitalbank.com/whsy.php?p=%2Fproc%2F11146" "Mozilla/5.0 AppleWebKit/537.36 (KHTML, like Gecko; compatible; GPTBot/1.3; +https://openai.com/gptbot)"
74.7.227.183 - - [01/Mar/2026:15:45:52 +0000] "GET /whsy.php?e=sched&p=%2Fproc%2F22288 HTTP/1.1" 200 956 "http://www.firstdigitalbank.com/whsy.php?p=%2Fproc%2F22288" "Mozilla/5.0 AppleWebKit/537.36 (KHTML, like Gecko; compatible; GPTBot/1.3; +https://openai.com/gptbot)"
74.7.227.183 - - [01/Mar/2026:15:45:59 +0000] "GET /whsy.php?e=stack&p=%2Fproc%2F22288 HTTP/1.1" 200 956 "http://www.firstdigitalbank.com/whsy.php?p=%2Fproc%2F22288" "Mozilla/5.0 AppleWebKit/537.36 (KHTML, like Gecko; compatible; GPTBot/1.3; +https://openai.com/gptbot)"
74.7.244.8 - - [01/Mar/2026:15:45:59 +0000] "GET /robots.txt HTTP/1.1" 404 - "-" "Mozilla/5.0 (Macintosh; Intel Mac OS X 10_15_7) AppleWebKit/537.36 (KHTML, like Gecko) Chrome/131.0.0.0 Safari/537.36; compatible; OAI-SearchBot/1.3; robots.txt; +https://openai.com/searchbot"
74.7.227.151 - - [01/Mar/2026:15:46:03 +0000] "GET /whsy.php?p=%2Fproc%2F11146%2Ftask%2F12774%2Fattr%2F.. HTTP/1.1" 200 1802 "http://firstdigitalbank.com/whsy.php?p=%2Fproc%2F11146%2Ftask%2F12774%2Fattr" "Mozilla/5.0 AppleWebKit/537.36 (KHTML, like Gecko; compatible; GPTBot/1.3; +https://openai.com/gptbot)"
74.7.227.183 - - [01/Mar/2026:15:46:06 +0000] "GET /whsy.php?e=smaps&p=%2Fproc%2F22288 HTTP/1.1" 200 956 "http://www.firstdigitalbank.com/whsy.php?p=%2Fproc%2F22288" "Mozilla/5.0 AppleWebKit/537.36 (KHTML, like Gecko; compatible; GPTBot/1.3; +https://openai.com/gptbot)"
74.7.227.183 - - [01/Mar/2026:15:46:26 +0000] "GET /whsy.php?e=wchan&p=%2Fproc%2F22288 HTTP/1.1" 200 956 "http://www.firstdigitalbank.com/whsy.php?p=%2Fproc%2F22288" "Mozilla/5.0 AppleWebKit/537.36 (KHTML, like Gecko; compatible; GPTBot/1.3; +https://openai.com/gptbot)"
74.7.227.151 - - [01/Mar/2026:15:46:29 +0000] "GET /whsy.php?p=%2Fproc%2F11146%2Ftask%2F10925%2Fnet%2F.. HTTP/1.1" 200 1802 "http://firstdigitalbank.com/whsy.php?p=%2Fproc%2F11146%2Ftask%2F10925%2Fnet" "Mozilla/5.0 AppleWebKit/537.36 (KHTML, like Gecko; compatible; GPTBot/1.3; +https://openai.com/gptbot)"
74.7.227.183 - - [01/Mar/2026:15:46:51 +0000] "GET /whsy.php?e=cmdline&p=%2Fproc%2F23500 HTTP/1.1" 200 956 "http://www.firstdigitalbank.com/whsy.php?p=%2Fproc%2F23500" "Mozilla/5.0 AppleWebKit/537.36 (KHTML, like Gecko; compatible; GPTBot/1.3; +https://openai.com/gptbot)"
74.7.227.151 - - [01/Mar/2026:15:46:58 +0000] "GET /whsy.php?p=%2Fproc%2F11146%2Ftask%2F12785%2Fnet%2F.. HTTP/1.1" 200 1803 "http://firstdigitalbank.com/whsy.php?p=%2Fproc%2F11146%2Ftask%2F12785%2Fnet" "Mozilla/5.0 AppleWebKit/537.36 (KHTML, like Gecko; compatible; GPTBot/1.3; +https://openai.com/gptbot)"
74.7.227.183 - - [01/Mar/2026:15:47:01 +0000] "GET /whsy.php?e=cmdline&p=%2Fproc%2F12173 HTTP/1.1" 200 956 "http://www.firstdigitalbank.com/whsy.php?p=%2Fproc%2F12173" "Mozilla/5.0 AppleWebKit/537.36 (KHTML, like Gecko; compatible; GPTBot/1.3; +https://openai.com/gptbot)"
74.7.227.151 - - [01/Mar/2026:15:47:19 +0000] "GET /whsy.php?e=udp&p=%2Fproc%2F11146%2Fnet HTTP/1.1" 200 2776 "http://firstdigitalbank.com/whsy.php?p=%2Fproc%2F11146%2Fnet" "Mozilla/5.0 AppleWebKit/537.36 (KHTML, like Gecko; compatible; GPTBot/1.3; +https://openai.com/gptbot)"
74.7.227.183 - - [01/Mar/2026:15:47:21 +0000] "GET /whsy.php?e=sessionid&p=%2Fproc%2F26782 HTTP/1.1" 200 2016 "http://www.firstdigitalbank.com/whsy.php?p=%2Fproc%2F26782" "Mozilla/5.0 AppleWebKit/537.36 (KHTML, like Gecko; compatible; GPTBot/1.3; +https://openai.com/gptbot)"
74.7.227.151 - - [01/Mar/2026:15:47:39 +0000] "GET /whsy.php?p=%2Fproc%2F11146%2Ftask%2F12489%2Fattr%2F.. HTTP/1.1" 200 1802 "http://firstdigitalbank.com/whsy.php?p=%2Fproc%2F11146%2Ftask%2F12489%2Fattr" "Mozilla/5.0 AppleWebKit/537.36 (KHTML, like Gecko; compatible; GPTBot/1.3; +https://openai.com/gptbot)"
74.7.227.151 - - [01/Mar/2026:15:47:55 +0000] "GET /whsy.php?p=%2Fproc%2F11146%2Ftask%2F12489%2Fnet%2F.. HTTP/1.1" 200 1802 "http://firstdigitalbank.com/whsy.php?p=%2Fproc%2F11146%2Ftask%2F12489%2Fnet" "Mozilla/5.0 AppleWebKit/537.36 (KHTML, like Gecko; compatible; GPTBot/1.3; +https://openai.com/gptbot)"
74.7.227.183 - - [01/Mar/2026:15:47:57 +0000] "GET /whsy.php?e=setgroups&p=%2Fproc%2F26782 HTTP/1.1" 200 2007 "http://www.firstdigitalbank.com/whsy.php?p=%2Fproc%2F26782" "Mozilla/5.0 AppleWebKit/537.36 (KHTML, like Gecko; compatible; GPTBot/1.3; +https://openai.com/gptbot)"
74.7.227.151 - - [01/Mar/2026:15:48:09 +0000] "GET /whsy.php?p=%2Fproc%2F11146%2Ftask%2F12785%2Fattr%2F.. HTTP/1.1" 200 1803 "http://firstdigitalbank.com/whsy.php?p=%2Fproc%2F11146%2Ftask%2F12785%2Fattr" "Mozilla/5.0 AppleWebKit/537.36 (KHTML, like Gecko; compatible; GPTBot/1.3; +https://openai.com/gptbot)"
74.7.227.151 - - [01/Mar/2026:15:48:25 +0000] "GET /whsy.php?p=%2Fproc%2F11146%2Ftask%2F12774%2Fnet%2F.. HTTP/1.1" 200 1802 "http://firstdigitalbank.com/whsy.php?p=%2Fproc%2F11146%2Ftask%2F12774%2Fnet" "Mozilla/5.0 AppleWebKit/537.36 (KHTML, like Gecko; compatible; GPTBot/1.3; +https://openai.com/gptbot)"
74.7.227.183 - - [01/Mar/2026:15:48:32 +0000] "GET /whsy.php?e=timerslack_ns&p=%2Fproc%2F26782 HTTP/1.1" 200 2008 "http://www.firstdigitalbank.com/whsy.php?p=%2Fproc%2F26782" "Mozilla/5.0 AppleWebKit/537.36 (KHTML, like Gecko; compatible; GPTBot/1.3; +https://openai.com/gptbot)"
74.7.227.151 - - [01/Mar/2026:15:48:40 +0000] "GET /whsy.php?p=%2Fproc%2F11146%2Ftask%2F10925%2Fattr%2F.. HTTP/1.1" 200 1802 "http://firstdigitalbank.com/whsy.php?p=%2Fproc%2F11146%2Ftask%2F10925%2Fattr" "Mozilla/5.0 AppleWebKit/537.36 (KHTML, like Gecko; compatible; GPTBot/1.3; +https://openai.com/gptbot)"
74.7.227.183 - - [01/Mar/2026:15:48:42 +0000] "GET /whsy.php?e=oom_score_adj&p=%2Fproc%2F23500 HTTP/1.1" 200 956 "http://www.firstdigitalbank.com/whsy.php?p=%2Fproc%2F23500" "Mozilla/5.0 AppleWebKit/537.36 (KHTML, like Gecko; compatible; GPTBot/1.3; +https://openai.com/gptbot)"
74.7.227.151 - - [01/Mar/2026:15:48:50 +0000] "GET /whsy.php?p=%2Fproc%2F11146%2Ftask%2F10926%2Fnet%2F.. HTTP/1.1" 200 1801 "http://firstdigitalbank.com/whsy.php?p=%2Fproc%2F11146%2Ftask%2F10926%2Fnet" "Mozilla/5.0 AppleWebKit/537.36 (KHTML, like Gecko; compatible; GPTBot/1.3; +https://openai.com/gptbot)"
74.7.227.183 - - [01/Mar/2026:15:49:05 +0000] "GET /whsy.php?e=stat&p=%2Fproc%2F26782 HTTP/1.1" 200 2135 "http://www.firstdigitalbank.com/whsy.php?p=%2Fproc%2F26782" "Mozilla/5.0 AppleWebKit/537.36 (KHTML, like Gecko; compatible; GPTBot/1.3; +https://openai.com/gptbot)"
74.7.227.183 - - [01/Mar/2026:15:49:26 +0000] "GET /whsy.php?e=personality&p=%2Fproc%2F23500 HTTP/1.1" 200 956 "http://www.firstdigitalbank.com/whsy.php?p=%2Fproc%2F23500" "Mozilla/5.0 AppleWebKit/537.36 (KHTML, like Gecko; compatible; GPTBot/1.3; +https://openai.com/gptbot)"
74.7.227.151 - - [01/Mar/2026:15:49:01 +0000] "GET /whsy.php?p=%2Fproc%2F11146%2Ffdinfo HTTP/1.1" 200 881064 "http://firstdigitalbank.com/whsy.php?e=projid_map&p=%2Fproc%2F11146" "Mozilla/5.0 AppleWebKit/537.36 (KHTML, like Gecko; compatible; GPTBot/1.3; +https://openai.com/gptbot)"
