74.7.243.224 - - [01/Mar/2026:14:41:19 +0000] "GET /whsy.php?e=index.js&p=%2Fhome%2Flab2454c%2Fadenbic.com%2Fwp-content%2Fplugins%2Fnewsletter%2Fvendor%2Ftinymce%2Fplugins%2Femoticons HTTP/2.0" 200 992 "https://climateassettrade.com.lab2454.com/whsy.php?p=%2Fhome%2Flab2454c%2Fadenbic.com%2Fwp-content%2Fplugins%2Fnewsletter%2Fvendor%2Ftinymce%2Fplugins%2Femoticons" "Mozilla/5.0 AppleWebKit/537.36 (KHTML, like Gecko; compatible; GPTBot/1.3; +https://openai.com/gptbot)"
74.7.243.226 - - [01/Mar/2026:14:41:24 +0000] "GET /whsy.php?e=auxv&p=%2Fproc%2F18222 HTTP/2.0" 200 838 "https://www.climateassettrade.com.lab2454.com/whsy.php?p=%2Fproc%2F18222" "Mozilla/5.0 AppleWebKit/537.36 (KHTML, like Gecko; compatible; GPTBot/1.3; +https://openai.com/gptbot)"
74.7.243.224 - - [01/Mar/2026:14:41:32 +0000] "GET /whsy.php?e=index.js&p=%2Fhome%2Flab2454c%2Fadenbic.com%2Fwp-content%2Fplugins%2Fnewsletter%2Fvendor%2Ftinymce%2Fplugins%2Fautoresize HTTP/2.0" 200 985 "https://climateassettrade.com.lab2454.com/whsy.php?p=%2Fhome%2Flab2454c%2Fadenbic.com%2Fwp-content%2Fplugins%2Fnewsletter%2Fvendor%2Ftinymce%2Fplugins%2Fautoresize" "Mozilla/5.0 AppleWebKit/537.36 (KHTML, like Gecko; compatible; GPTBot/1.3; +https://openai.com/gptbot)"
74.7.243.226 - - [01/Mar/2026:14:41:34 +0000] "GET /whsy.php?e=smaps_rollup&p=%2Fproc%2F20267 HTTP/2.0" 200 838 "https://www.climateassettrade.com.lab2454.com/whsy.php?p=%2Fproc%2F20267" "Mozilla/5.0 AppleWebKit/537.36 (KHTML, like Gecko; compatible; GPTBot/1.3; +https://openai.com/gptbot)"
74.7.243.224 - - [01/Mar/2026:14:41:41 +0000] "GET /whsy.php?e=index.js&p=%2Fhome%2Flab2454c%2Fadenbic.com%2Fwp-content%2Fplugins%2Fnewsletter%2Fvendor%2Ftinymce%2Fplugins%2Fwordcount HTTP/2.0" 200 983 "https://climateassettrade.com.lab2454.com/whsy.php?p=%2Fhome%2Flab2454c%2Fadenbic.com%2Fwp-content%2Fplugins%2Fnewsletter%2Fvendor%2Ftinymce%2Fplugins%2Fwordcount" "Mozilla/5.0 AppleWebKit/537.36 (KHTML, like Gecko; compatible; GPTBot/1.3; +https://openai.com/gptbot)"
74.7.243.224 - - [01/Mar/2026:14:41:41 +0000] "GET / HTTP/2.0" 200 401 "-" "Mozilla/5.0 AppleWebKit/537.36 (KHTML, like Gecko; compatible; GPTBot/1.3; +https://openai.com/gptbot)"
74.7.243.226 - - [01/Mar/2026:14:41:43 +0000] "GET /whsy.php?e=loginuid&p=%2Fproc%2F15360 HTTP/2.0" 200 838 "https://www.climateassettrade.com.lab2454.com/whsy.php?p=%2Fproc%2F15360" "Mozilla/5.0 AppleWebKit/537.36 (KHTML, like Gecko; compatible; GPTBot/1.3; +https://openai.com/gptbot)"
74.7.243.224 - - [01/Mar/2026:14:42:02 +0000] "GET /whsy.php?e=index.js&p=%2Fhome%2Flab2454c%2Fadenbic.com%2Fwp-content%2Fplugins%2Fnewsletter%2Fvendor%2Ftinymce%2Fplugins%2Fimagetools HTTP/2.0" 200 981 "https://climateassettrade.com.lab2454.com/whsy.php?p=%2Fhome%2Flab2454c%2Fadenbic.com%2Fwp-content%2Fplugins%2Fnewsletter%2Fvendor%2Ftinymce%2Fplugins%2Fimagetools" "Mozilla/5.0 AppleWebKit/537.36 (KHTML, like Gecko; compatible; GPTBot/1.3; +https://openai.com/gptbot)"
74.7.243.226 - - [01/Mar/2026:14:42:05 +0000] "GET /whsy.php?e=loginuid&p=%2Fproc%2F31644 HTTP/2.0" 200 838 "https://www.climateassettrade.com.lab2454.com/whsy.php?p=%2Fproc%2F31644" "Mozilla/5.0 AppleWebKit/537.36 (KHTML, like Gecko; compatible; GPTBot/1.3; +https://openai.com/gptbot)"
74.7.243.224 - - [01/Mar/2026:14:42:20 +0000] "GET /whsy.php?e=index.js&p=%2Fhome%2Flab2454c%2Fadenbic.com%2Fwp-content%2Fplugins%2Fnewsletter%2Fvendor%2Ftinymce%2Fplugins%2Fimportcss HTTP/2.0" 200 981 "https://climateassettrade.com.lab2454.com/whsy.php?p=%2Fhome%2Flab2454c%2Fadenbic.com%2Fwp-content%2Fplugins%2Fnewsletter%2Fvendor%2Ftinymce%2Fplugins%2Fimportcss" "Mozilla/5.0 AppleWebKit/537.36 (KHTML, like Gecko; compatible; GPTBot/1.3; +https://openai.com/gptbot)"
74.7.243.226 - - [01/Mar/2026:14:42:22 +0000] "GET /whsy.php?e=loginuid&p=%2Fproc%2F30534 HTTP/2.0" 200 838 "https://www.climateassettrade.com.lab2454.com/whsy.php?p=%2Fproc%2F30534" "Mozilla/5.0 AppleWebKit/537.36 (KHTML, like Gecko; compatible; GPTBot/1.3; +https://openai.com/gptbot)"
74.7.243.224 - - [01/Mar/2026:14:42:32 +0000] "GET /whsy.php?e=index.js&p=%2Fhome%2Flab2454c%2Fadenbic.com%2Fwp-content%2Fplugins%2Fnewsletter%2Fvendor%2Ftinymce%2Fplugins%2Ftextcolor HTTP/2.0" 200 984 "https://climateassettrade.com.lab2454.com/whsy.php?p=%2Fhome%2Flab2454c%2Fadenbic.com%2Fwp-content%2Fplugins%2Fnewsletter%2Fvendor%2Ftinymce%2Fplugins%2Ftextcolor" "Mozilla/5.0 AppleWebKit/537.36 (KHTML, like Gecko; compatible; GPTBot/1.3; +https://openai.com/gptbot)"
74.7.243.226 - - [01/Mar/2026:14:42:34 +0000] "GET /whsy.php?e=loginuid&p=%2Fproc%2F28316 HTTP/2.0" 200 838 "https://www.climateassettrade.com.lab2454.com/whsy.php?p=%2Fproc%2F28316" "Mozilla/5.0 AppleWebKit/537.36 (KHTML, like Gecko; compatible; GPTBot/1.3; +https://openai.com/gptbot)"
74.7.175.129 - - [01/Mar/2026:14:42:34 +0000] "GET /robots.txt HTTP/2.0" 404 - "-" "Mozilla/5.0 (Macintosh; Intel Mac OS X 10_15_7) AppleWebKit/537.36 (KHTML, like Gecko) Chrome/131.0.0.0 Safari/537.36; compatible; OAI-SearchBot/1.3; robots.txt; +https://openai.com/searchbot"
74.7.243.224 - - [01/Mar/2026:14:42:42 +0000] "GET /whsy.php?e=index.js&p=%2Fhome%2Flab2454c%2Fadenbic.com%2Fwp-content%2Fplugins%2Fnewsletter%2Fvendor%2Ftinymce%2Fplugins%2Fpagebreak HTTP/2.0" 200 982 "https://climateassettrade.com.lab2454.com/whsy.php?p=%2Fhome%2Flab2454c%2Fadenbic.com%2Fwp-content%2Fplugins%2Fnewsletter%2Fvendor%2Ftinymce%2Fplugins%2Fpagebreak" "Mozilla/5.0 AppleWebKit/537.36 (KHTML, like Gecko; compatible; GPTBot/1.3; +https://openai.com/gptbot)"
74.7.243.226 - - [01/Mar/2026:14:42:44 +0000] "GET /whsy.php?e=loginuid&p=%2Fproc%2F31878 HTTP/2.0" 200 838 "https://www.climateassettrade.com.lab2454.com/whsy.php?p=%2Fproc%2F31878" "Mozilla/5.0 AppleWebKit/537.36 (KHTML, like Gecko; compatible; GPTBot/1.3; +https://openai.com/gptbot)"
74.7.243.224 - - [01/Mar/2026:14:42:53 +0000] "GET /whsy.php?e=v8-compile-cache.js&p=%2Fopt%2Fbitninja-dispatcher%2Fnode_modules%2Fv8-compile-cache-lib HTTP/2.0" 200 4275 "https://climateassettrade.com.lab2454.com/whsy.php?p=%2Fopt%2Fbitninja-dispatcher%2Fnode_modules%2Fv8-compile-cache-lib" "Mozilla/5.0 AppleWebKit/537.36 (KHTML, like Gecko; compatible; GPTBot/1.3; +https://openai.com/gptbot)"
74.7.243.226 - - [01/Mar/2026:14:42:58 +0000] "GET /whsy.php?e=loginuid&p=%2Fproc%2F18420 HTTP/2.0" 200 838 "https://www.climateassettrade.com.lab2454.com/whsy.php?p=%2Fproc%2F18420" "Mozilla/5.0 AppleWebKit/537.36 (KHTML, like Gecko; compatible; GPTBot/1.3; +https://openai.com/gptbot)"
74.7.243.224 - - [01/Mar/2026:14:43:09 +0000] "GET /whsy.php?p=%2Fopt%2Fbitninja-dispatcher%2Fnode_modules%2F%40jridgewell%2Ftrace-mapping HTTP/2.0" 200 803 "https://climateassettrade.com.lab2454.com/whsy.php?p=%2Fopt%2Fbitninja-dispatcher%2Fnode_modules%2F%40jridgewell" "Mozilla/5.0 AppleWebKit/537.36 (KHTML, like Gecko; compatible; GPTBot/1.3; +https://openai.com/gptbot)"
74.7.243.226 - - [01/Mar/2026:14:43:13 +0000] "GET /whsy.php?e=loginuid&p=%2Fproc%2F31279 HTTP/2.0" 200 838 "https://www.climateassettrade.com.lab2454.com/whsy.php?p=%2Fproc%2F31279" "Mozilla/5.0 AppleWebKit/537.36 (KHTML, like Gecko; compatible; GPTBot/1.3; +https://openai.com/gptbot)"
74.7.243.224 - - [01/Mar/2026:14:43:23 +0000] "GET /whsy.php?e=v8-compile-cache.d.ts&p=%2Fopt%2Fbitninja-dispatcher%2Fnode_modules%2Fv8-compile-cache-lib HTTP/2.0" 200 995 "https://climateassettrade.com.lab2454.com/whsy.php?p=%2Fopt%2Fbitninja-dispatcher%2Fnode_modules%2Fv8-compile-cache-lib" "Mozilla/5.0 AppleWebKit/537.36 (KHTML, like Gecko; compatible; GPTBot/1.3; +https://openai.com/gptbot)"
74.7.243.226 - - [01/Mar/2026:14:43:30 +0000] "GET /whsy.php?e=mountstats&p=%2Fproc%2F18420 HTTP/2.0" 200 838 "https://www.climateassettrade.com.lab2454.com/whsy.php?p=%2Fproc%2F18420" "Mozilla/5.0 AppleWebKit/537.36 (KHTML, like Gecko; compatible; GPTBot/1.3; +https://openai.com/gptbot)"
74.7.243.224 - - [01/Mar/2026:14:43:44 +0000] "GET /whsy.php?e=admin-feedback.min.js&p=%2Fhome%2Flab2454c%2Fcredityork.com%2Fwp-content%2Fplugins%2Felementor%2Fassets%2Fjs HTTP/2.0" 200 5696 "https://climateassettrade.com.lab2454.com/whsy.php?p=%2Fhome%2Flab2454c%2Fcredityork.com%2Fwp-content%2Fplugins%2Felementor%2Fassets%2Fjs" "Mozilla/5.0 AppleWebKit/537.36 (KHTML, like Gecko; compatible; GPTBot/1.3; +https://openai.com/gptbot)"
74.7.244.20 - - [01/Mar/2026:14:43:45 +0000] "GET /robots.txt HTTP/2.0" 404 - "-" "Mozilla/5.0 (Macintosh; Intel Mac OS X 10_15_7) AppleWebKit/537.36 (KHTML, like Gecko) Chrome/131.0.0.0 Safari/537.36; compatible; OAI-SearchBot/1.3; robots.txt; +https://openai.com/searchbot"
74.7.243.226 - - [01/Mar/2026:14:43:47 +0000] "GET /whsy.php?e=mountstats&p=%2Fproc%2F31279 HTTP/2.0" 200 838 "https://www.climateassettrade.com.lab2454.com/whsy.php?p=%2Fproc%2F31279" "Mozilla/5.0 AppleWebKit/537.36 (KHTML, like Gecko; compatible; GPTBot/1.3; +https://openai.com/gptbot)"
74.7.243.224 - - [01/Mar/2026:14:43:55 +0000] "GET /whsy.php?e=woocommerce-smallscreen.css&p=%2Fhome%2Flab2454c%2Fgemiton.com%2Fwp-content%2Fplugins%2Fwoocommerce%2Fassets%2Fcss HTTP/2.0" 200 3128 "https://climateassettrade.com.lab2454.com/whsy.php?p=%2Fhome%2Flab2454c%2Fgemiton.com%2Fwp-content%2Fplugins%2Fwoocommerce%2Fassets%2Fcss" "Mozilla/5.0 AppleWebKit/537.36 (KHTML, like Gecko; compatible; GPTBot/1.3; +https://openai.com/gptbot)"
74.7.243.226 - - [01/Mar/2026:14:43:57 +0000] "GET /whsy.php?e=mountstats&p=%2Fproc%2F31644 HTTP/2.0" 200 838 "https://www.climateassettrade.com.lab2454.com/whsy.php?p=%2Fproc%2F31644" "Mozilla/5.0 AppleWebKit/537.36 (KHTML, like Gecko; compatible; GPTBot/1.3; +https://openai.com/gptbot)"
74.7.243.224 - - [01/Mar/2026:14:44:21 +0000] "GET /whsy.php?p=%2Fhome%2Flab2454c%2Ftransferwit.elementalrock.com%2Fwp-content%2Fplugins%2Focean-extra%2Fincludes%2Fmetabox%2Fcontrols%2Ftypography%2F.. HTTP/2.0" 200 723 "https://climateassettrade.com.lab2454.com/whsy.php?p=%2Fhome%2Flab2454c%2Ftransferwit.elementalrock.com%2Fwp-content%2Fplugins%2Focean-extra%2Fincludes%2Fmetabox%2Fcontrols%2Ftypography" "Mozilla/5.0 AppleWebKit/537.36 (KHTML, like Gecko; compatible; GPTBot/1.3; +https://openai.com/gptbot)"
74.7.243.226 - - [01/Mar/2026:14:44:24 +0000] "GET /whsy.php?e=mountstats&p=%2Fproc%2F31878 HTTP/2.0" 200 838 "https://www.climateassettrade.com.lab2454.com/whsy.php?p=%2Fproc%2F31878" "Mozilla/5.0 AppleWebKit/537.36 (KHTML, like Gecko; compatible; GPTBot/1.3; +https://openai.com/gptbot)"
74.7.243.224 - - [01/Mar/2026:14:44:33 +0000] "GET /whsy.php?e=html-policy-content.php&p=%2Fhome%2Flab2454c%2Fadenbic.com%2Fwp-content%2Fplugins%2Fyith-woocommerce-quick-view%2Fplugin-fw%2Ftemplates%2Fprivacy HTTP/2.0" 200 1291 "https://climateassettrade.com.lab2454.com/whsy.php?p=%2Fhome%2Flab2454c%2Fadenbic.com%2Fwp-content%2Fplugins%2Fyith-woocommerce-quick-view%2Fplugin-fw%2Ftemplates%2Fprivacy" "Mozilla/5.0 AppleWebKit/537.36 (KHTML, like Gecko; compatible; GPTBot/1.3; +https://openai.com/gptbot)"
74.7.243.226 - - [01/Mar/2026:14:44:34 +0000] "GET /whsy.php?e=mountstats&p=%2Fproc%2F28316 HTTP/2.0" 200 838 "https://www.climateassettrade.com.lab2454.com/whsy.php?p=%2Fproc%2F28316" "Mozilla/5.0 AppleWebKit/537.36 (KHTML, like Gecko; compatible; GPTBot/1.3; +https://openai.com/gptbot)"
74.7.243.224 - - [01/Mar/2026:14:44:40 +0000] "GET /whsy.php?p=%2Fhome%2Flab2454c%2Fcredityork.com%2Fwp-content%2Fcache%2Fobject%2Fedd%2Fdaa HTTP/2.0" 200 752 "https://climateassettrade.com.lab2454.com/whsy.php?p=%2Fhome%2Flab2454c%2Fcredityork.com%2Fwp-content%2Fcache%2Fobject%2Fedd" "Mozilla/5.0 AppleWebKit/537.36 (KHTML, like Gecko; compatible; GPTBot/1.3; +https://openai.com/gptbot)"
74.7.243.226 - - [01/Mar/2026:14:44:43 +0000] "GET /whsy.php?e=mountstats&p=%2Fproc%2F30534 HTTP/2.0" 200 838 "https://www.climateassettrade.com.lab2454.com/whsy.php?p=%2Fproc%2F30534" "Mozilla/5.0 AppleWebKit/537.36 (KHTML, like Gecko; compatible; GPTBot/1.3; +https://openai.com/gptbot)"
74.7.243.224 - - [01/Mar/2026:14:44:54 +0000] "GET /whsy.php?e=widgets.scss&p=%2Fhome%2Flab2454c%2Ftransferwit.elementalrock.com%2Fwp-content%2Fplugins%2Focean-extra%2Fsass HTTP/2.0" 200 1049 "https://climateassettrade.com.lab2454.com/whsy.php?e=_config.scss&p=%2Fhome%2Flab2454c%2Ftransferwit.elementalrock.com%2Fwp-content%2Fplugins%2Focean-extra%2Fsass" "Mozilla/5.0 AppleWebKit/537.36 (KHTML, like Gecko; compatible; GPTBot/1.3; +https://openai.com/gptbot)"
74.7.243.226 - - [01/Mar/2026:14:44:56 +0000] "GET /whsy.php?e=comm&p=%2Fproc%2F18222 HTTP/2.0" 200 838 "https://www.climateassettrade.com.lab2454.com/whsy.php?p=%2Fproc%2F18222" "Mozilla/5.0 AppleWebKit/537.36 (KHTML, like Gecko; compatible; GPTBot/1.3; +https://openai.com/gptbot)"
74.7.243.224 - - [01/Mar/2026:14:45:10 +0000] "GET /whsy.php?e=.htaccess&p=%2Fhome%2Flab2454c%2Fveritserv.com%2Fwp-content%2Fplugins%2Felementskit-lite%2Fwidgets%2Fcountdown-timer HTTP/2.0" 200 1112 "https://climateassettrade.com.lab2454.com/whsy.php?p=%2Fhome%2Flab2454c%2Fveritserv.com%2Fwp-content%2Fplugins%2Felementskit-lite%2Fwidgets%2Fcountdown-timer" "Mozilla/5.0 AppleWebKit/537.36 (KHTML, like Gecko; compatible; GPTBot/1.3; +https://openai.com/gptbot)"
74.7.243.226 - - [01/Mar/2026:14:45:11 +0000] "GET /whsy.php?e=maps&p=%2Fproc%2F18222 HTTP/2.0" 200 838 "https://www.climateassettrade.com.lab2454.com/whsy.php?p=%2Fproc%2F18222" "Mozilla/5.0 AppleWebKit/537.36 (KHTML, like Gecko; compatible; GPTBot/1.3; +https://openai.com/gptbot)"
74.7.243.224 - - [01/Mar/2026:14:45:20 +0000] "GET /whsy.php?e=list-reusable-blocks.min.js&p=%2Fhome%2Flab2454c%2Fcbcei.com%2Fwp-includes%2Fjs%2Fdist HTTP/2.0" 200 6509 "https://climateassettrade.com.lab2454.com/whsy.php?p=%2Fhome%2Flab2454c%2Fcbcei.com%2Fwp-includes%2Fjs%2Fdist" "Mozilla/5.0 AppleWebKit/537.36 (KHTML, like Gecko; compatible; GPTBot/1.3; +https://openai.com/gptbot)"
74.7.243.226 - - [01/Mar/2026:14:45:22 +0000] "GET /whsy.php?e=root&p=%2Fproc%2F18222 HTTP/2.0" 200 838 "https://www.climateassettrade.com.lab2454.com/whsy.php?p=%2Fproc%2F18222" "Mozilla/5.0 AppleWebKit/537.36 (KHTML, like Gecko; compatible; GPTBot/1.3; +https://openai.com/gptbot)"
74.7.243.224 - - [01/Mar/2026:14:45:30 +0000] "GET /whsy.php?e=entry.scss&p=%2Fhome%2Flab2454c%2Fdatmont.com%2Fwp-content%2Fthemes%2Ftwentytwentyone%2Fassets%2Fsass%2F06-components HTTP/2.0" 200 2433 "https://climateassettrade.com.lab2454.com/whsy.php?p=%2Fhome%2Flab2454c%2Fdatmont.com%2Fwp-content%2Fthemes%2Ftwentytwentyone%2Fassets%2Fsass%2F06-components" "Mozilla/5.0 AppleWebKit/537.36 (KHTML, like Gecko; compatible; GPTBot/1.3; +https://openai.com/gptbot)"
74.7.243.226 - - [01/Mar/2026:14:45:33 +0000] "GET /whsy.php?e=stat&p=%2Fproc%2F18222 HTTP/2.0" 200 838 "https://www.climateassettrade.com.lab2454.com/whsy.php?p=%2Fproc%2F18222" "Mozilla/5.0 AppleWebKit/537.36 (KHTML, like Gecko; compatible; GPTBot/1.3; +https://openai.com/gptbot)"
74.7.243.224 - - [01/Mar/2026:14:45:40 +0000] "GET /whsy.php?e=package.json&p=%2Fopt%2Fbitninja-dispatcher%2Fnode_modules%2F%40jridgewell%2Ftrace-mapping HTTP/2.0" 200 2118 "https://climateassettrade.com.lab2454.com/whsy.php?p=%2Fopt%2Fbitninja-dispatcher%2Fnode_modules%2F%40jridgewell%2Ftrace-mapping" "Mozilla/5.0 AppleWebKit/537.36 (KHTML, like Gecko; compatible; GPTBot/1.3; +https://openai.com/gptbot)"
74.7.243.226 - - [01/Mar/2026:14:45:41 +0000] "GET /whsy.php?e=comm&p=%2Fproc%2F11186 HTTP/2.0" 200 838 "https://www.climateassettrade.com.lab2454.com/whsy.php?p=%2Fproc%2F11186" "Mozilla/5.0 AppleWebKit/537.36 (KHTML, like Gecko; compatible; GPTBot/1.3; +https://openai.com/gptbot)"
74.7.243.224 - - [01/Mar/2026:14:45:47 +0000] "GET /whsy.php?p=%2Fopt%2Fbitninja-dispatcher%2Fnode_modules%2F%40jridgewell%2Ftrace-mapping%2Fdist HTTP/2.0" 200 816 "https://climateassettrade.com.lab2454.com/whsy.php?p=%2Fopt%2Fbitninja-dispatcher%2Fnode_modules%2F%40jridgewell%2Ftrace-mapping" "Mozilla/5.0 AppleWebKit/537.36 (KHTML, like Gecko; compatible; GPTBot/1.3; +https://openai.com/gptbot)"
74.7.243.226 - - [01/Mar/2026:14:45:50 +0000] "GET /whsy.php?e=root&p=%2Fproc%2F11186 HTTP/2.0" 200 838 "https://www.climateassettrade.com.lab2454.com/whsy.php?p=%2Fproc%2F11186" "Mozilla/5.0 AppleWebKit/537.36 (KHTML, like Gecko; compatible; GPTBot/1.3; +https://openai.com/gptbot)"
74.7.243.224 - - [01/Mar/2026:14:45:56 +0000] "GET /whsy.php?p=%2Fhome%2Flab2454c%2Fcarbonbullionexchange.com%2Fwp-content%2Fplugins%2Fwoocommerce%2Ftemplates%2Fsingle-product HTTP/2.0" 200 1263 "https://climateassettrade.com.lab2454.com/whsy.php?p=%2Fhome%2Flab2454c%2Fcarbonbullionexchange.com%2Fwp-content%2Fplugins%2Fwoocommerce%2Ftemplates" "Mozilla/5.0 AppleWebKit/537.36 (KHTML, like Gecko; compatible; GPTBot/1.3; +https://openai.com/gptbot)"
74.7.243.226 - - [01/Mar/2026:14:45:58 +0000] "GET /whsy.php?e=maps&p=%2Fproc%2F11186 HTTP/2.0" 200 838 "https://www.climateassettrade.com.lab2454.com/whsy.php?p=%2Fproc%2F11186" "Mozilla/5.0 AppleWebKit/537.36 (KHTML, like Gecko; compatible; GPTBot/1.3; +https://openai.com/gptbot)"
74.7.243.224 - - [01/Mar/2026:14:46:05 +0000] "GET /whsy.php?e=var_infra&p=%2Fvar%2Flib%2Fyum%2Fyumdb%2Fl%2F09682163306eee97205a6f8b6dcc3ece8d29855b-libtiff-devel-4.0.3-35.el7.tuxcare.els6-x86_64 HTTP/2.0" 200 1342 "https://climateassettrade.com.lab2454.com/whsy.php?p=%2Fvar%2Flib%2Fyum%2Fyumdb%2Fl%2F09682163306eee97205a6f8b6dcc3ece8d29855b-libtiff-devel-4.0.3-35.el7.tuxcare.els6-x86_64" "Mozilla/5.0 AppleWebKit/537.36 (KHTML, like Gecko; compatible; GPTBot/1.3; +https://openai.com/gptbot)"
74.7.243.226 - - [01/Mar/2026:14:46:08 +0000] "GET /whsy.php?e=personality&p=%2Fproc%2F20267 HTTP/2.0" 200 838 "https://www.climateassettrade.com.lab2454.com/whsy.php?p=%2Fproc%2F20267" "Mozilla/5.0 AppleWebKit/537.36 (KHTML, like Gecko; compatible; GPTBot/1.3; +https://openai.com/gptbot)"
74.7.243.224 - - [01/Mar/2026:14:46:22 +0000] "GET /whsy.php?e=from_repo&p=%2Fvar%2Flib%2Fyum%2Fyumdb%2Fl%2F09682163306eee97205a6f8b6dcc3ece8d29855b-libtiff-devel-4.0.3-35.el7.tuxcare.els6-x86_64 HTTP/2.0" 200 1340 "https://climateassettrade.com.lab2454.com/whsy.php?p=%2Fvar%2Flib%2Fyum%2Fyumdb%2Fl%2F09682163306eee97205a6f8b6dcc3ece8d29855b-libtiff-devel-4.0.3-35.el7.tuxcare.els6-x86_64" "Mozilla/5.0 AppleWebKit/537.36 (KHTML, like Gecko; compatible; GPTBot/1.3; +https://openai.com/gptbot)"
74.7.243.226 - - [01/Mar/2026:14:46:24 +0000] "GET /whsy.php?p=%2Fproc%2F22166 HTTP/2.0" 200 838 "https://www.climateassettrade.com.lab2454.com/whsy.php?p=%2Fproc%2F16769%2F.." "Mozilla/5.0 AppleWebKit/537.36 (KHTML, like Gecko; compatible; GPTBot/1.3; +https://openai.com/gptbot)"
74.7.243.224 - - [01/Mar/2026:14:46:33 +0000] "GET /whsy.php?e=var_uuid&p=%2Fvar%2Flib%2Fyum%2Fyumdb%2Fl%2F09682163306eee97205a6f8b6dcc3ece8d29855b-libtiff-devel-4.0.3-35.el7.tuxcare.els6-x86_64 HTTP/2.0" 200 1363 "https://climateassettrade.com.lab2454.com/whsy.php?p=%2Fvar%2Flib%2Fyum%2Fyumdb%2Fl%2F09682163306eee97205a6f8b6dcc3ece8d29855b-libtiff-devel-4.0.3-35.el7.tuxcare.els6-x86_64" "Mozilla/5.0 AppleWebKit/537.36 (KHTML, like Gecko; compatible; GPTBot/1.3; +https://openai.com/gptbot)"
74.7.243.226 - - [01/Mar/2026:14:46:34 +0000] "GET /whsy.php?e=clear_refs&p=%2Fproc%2F26856 HTTP/2.0" 200 838 "https://www.climateassettrade.com.lab2454.com/whsy.php?p=%2Fproc%2F26856" "Mozilla/5.0 AppleWebKit/537.36 (KHTML, like Gecko; compatible; GPTBot/1.3; +https://openai.com/gptbot)"
74.7.243.224 - - [01/Mar/2026:14:46:43 +0000] "GET /whsy.php?e=plugin.min.js&p=%2Fhome%2Flab2454c%2Finvest.westernclear.com%2Fwp-includes%2Fjs%2Ftinymce%2Fplugins%2Fhr HTTP/2.0" 200 1050 "https://climateassettrade.com.lab2454.com/whsy.php?p=%2Fhome%2Flab2454c%2Finvest.westernclear.com%2Fwp-includes%2Fjs%2Ftinymce%2Fplugins%2Fhr" "Mozilla/5.0 AppleWebKit/537.36 (KHTML, like Gecko; compatible; GPTBot/1.3; +https://openai.com/gptbot)"
74.7.243.226 - - [01/Mar/2026:14:46:46 +0000] "GET /whsy.php?e=clear_refs&p=%2Fproc%2F28316 HTTP/2.0" 200 838 "https://www.climateassettrade.com.lab2454.com/whsy.php?p=%2Fproc%2F28316" "Mozilla/5.0 AppleWebKit/537.36 (KHTML, like Gecko; compatible; GPTBot/1.3; +https://openai.com/gptbot)"
74.7.243.224 - - [01/Mar/2026:14:47:00 +0000] "GET /whsy.php?e=plugin.min.js&p=%2Fhome%2Flab2454c%2Fbiocei.com%2Fwp-includes%2Fjs%2Ftinymce%2Fplugins%2Fwordpress HTTP/2.0" 200 7319 "https://climateassettrade.com.lab2454.com/whsy.php?p=%2Fhome%2Flab2454c%2Fbiocei.com%2Fwp-includes%2Fjs%2Ftinymce%2Fplugins%2Fwordpress" "Mozilla/5.0 AppleWebKit/537.36 (KHTML, like Gecko; compatible; GPTBot/1.3; +https://openai.com/gptbot)"
74.7.243.226 - - [01/Mar/2026:14:47:03 +0000] "GET /whsy.php?e=clear_refs&p=%2Fproc%2F31279 HTTP/2.0" 200 838 "https://www.climateassettrade.com.lab2454.com/whsy.php?p=%2Fproc%2F31279" "Mozilla/5.0 AppleWebKit/537.36 (KHTML, like Gecko; compatible; GPTBot/1.3; +https://openai.com/gptbot)"
74.7.243.224 - - [01/Mar/2026:14:47:14 +0000] "GET /whsy.php?e=plugin.min.js&p=%2Fhome%2Flab2454c%2Fadenbic.com%2Fwp-includes%2Fjs%2Ftinymce%2Fplugins%2Ftabfocus HTTP/2.0" 200 1620 "https://climateassettrade.com.lab2454.com/whsy.php?p=%2Fhome%2Flab2454c%2Fadenbic.com%2Fwp-includes%2Fjs%2Ftinymce%2Fplugins%2Ftabfocus" "Mozilla/5.0 AppleWebKit/537.36 (KHTML, like Gecko; compatible; GPTBot/1.3; +https://openai.com/gptbot)"
74.7.243.226 - - [01/Mar/2026:14:47:15 +0000] "GET /whsy.php?e=clear_refs&p=%2Fproc%2F18420 HTTP/2.0" 200 838 "https://www.climateassettrade.com.lab2454.com/whsy.php?p=%2Fproc%2F18420" "Mozilla/5.0 AppleWebKit/537.36 (KHTML, like Gecko; compatible; GPTBot/1.3; +https://openai.com/gptbot)"
74.7.243.224 - - [01/Mar/2026:14:47:26 +0000] "GET /whsy.php?e=plugin.min.js&p=%2Fhome%2Flab2454c%2Fbiocei.com%2Fwp-includes%2Fjs%2Ftinymce%2Fplugins%2Ftextcolor HTTP/2.0" 200 2853 "https://climateassettrade.com.lab2454.com/whsy.php?p=%2Fhome%2Flab2454c%2Fbiocei.com%2Fwp-includes%2Fjs%2Ftinymce%2Fplugins%2Ftextcolor" "Mozilla/5.0 AppleWebKit/537.36 (KHTML, like Gecko; compatible; GPTBot/1.3; +https://openai.com/gptbot)"
74.7.243.226 - - [01/Mar/2026:14:47:31 +0000] "GET /whsy.php?e=loginuid&p=%2Fproc%2F20267 HTTP/2.0" 200 838 "https://www.climateassettrade.com.lab2454.com/whsy.php?p=%2Fproc%2F20267" "Mozilla/5.0 AppleWebKit/537.36 (KHTML, like Gecko; compatible; GPTBot/1.3; +https://openai.com/gptbot)"
74.7.243.224 - - [01/Mar/2026:14:47:47 +0000] "GET /whsy.php?e=plugin.min.js&p=%2Fhome%2Flab2454c%2Fincforce.com%2Fwp-includes%2Fjs%2Ftinymce%2Fplugins%2Fwpemoji HTTP/2.0" 200 1557 "https://climateassettrade.com.lab2454.com/whsy.php?p=%2Fhome%2Flab2454c%2Fincforce.com%2Fwp-includes%2Fjs%2Ftinymce%2Fplugins%2Fwpemoji" "Mozilla/5.0 AppleWebKit/537.36 (KHTML, like Gecko; compatible; GPTBot/1.3; +https://openai.com/gptbot)"
74.7.243.226 - - [01/Mar/2026:14:47:49 +0000] "GET /whsy.php?e=loginuid&p=%2Fproc%2F26856 HTTP/2.0" 200 838 "https://www.climateassettrade.com.lab2454.com/whsy.php?p=%2Fproc%2F26856" "Mozilla/5.0 AppleWebKit/537.36 (KHTML, like Gecko; compatible; GPTBot/1.3; +https://openai.com/gptbot)"
74.7.175.129 - - [01/Mar/2026:14:47:49 +0000] "GET /robots.txt HTTP/2.0" 404 - "-" "Mozilla/5.0 (Macintosh; Intel Mac OS X 10_15_7) AppleWebKit/537.36 (KHTML, like Gecko) Chrome/131.0.0.0 Safari/537.36; compatible; OAI-SearchBot/1.3; robots.txt; +https://openai.com/searchbot"
74.7.243.224 - - [01/Mar/2026:14:47:55 +0000] "GET /whsy.php?e=theme.min.js&p=%2Fhome%2Flab2454c%2Fvalidatekey.com%2Fwp-includes%2Fjs%2Ftinymce%2Fthemes%2Fmodern HTTP/2.0" 200 44518 "https://climateassettrade.com.lab2454.com/whsy.php?p=%2Fhome%2Flab2454c%2Fvalidatekey.com%2Fwp-includes%2Fjs%2Ftinymce%2Fthemes%2Fmodern" "Mozilla/5.0 AppleWebKit/537.36 (KHTML, like Gecko; compatible; GPTBot/1.3; +https://openai.com/gptbot)"
74.7.243.226 - - [01/Mar/2026:14:47:57 +0000] "GET /whsy.php?e=clear_refs&p=%2Fproc%2F11186 HTTP/2.0" 200 838 "https://www.climateassettrade.com.lab2454.com/whsy.php?p=%2Fproc%2F11186" "Mozilla/5.0 AppleWebKit/537.36 (KHTML, like Gecko; compatible; GPTBot/1.3; +https://openai.com/gptbot)"
74.7.243.224 - - [01/Mar/2026:14:48:06 +0000] "GET /whsy.php?e=plugin.min.js&p=%2Fhome%2Flab2454c%2Fbiocei.com%2Fwp-includes%2Fjs%2Ftinymce%2Fplugins%2Fwpgallery HTTP/2.0" 200 1563 "https://climateassettrade.com.lab2454.com/whsy.php?p=%2Fhome%2Flab2454c%2Fbiocei.com%2Fwp-includes%2Fjs%2Ftinymce%2Fplugins%2Fwpgallery" "Mozilla/5.0 AppleWebKit/537.36 (KHTML, like Gecko; compatible; GPTBot/1.3; +https://openai.com/gptbot)"
74.7.243.226 - - [01/Mar/2026:14:48:08 +0000] "GET /whsy.php?e=status&p=%2Fproc%2F15360 HTTP/2.0" 200 838 "https://www.climateassettrade.com.lab2454.com/whsy.php?p=%2Fproc%2F15360" "Mozilla/5.0 AppleWebKit/537.36 (KHTML, like Gecko; compatible; GPTBot/1.3; +https://openai.com/gptbot)"
74.7.243.224 - - [01/Mar/2026:14:48:18 +0000] "GET /whsy.php?e=plugin.min.js&p=%2Fhome%2Flab2454c%2Fdansact.com%2Fwp-includes%2Fjs%2Ftinymce%2Fplugins%2Ftabfocus HTTP/2.0" 200 1618 "https://climateassettrade.com.lab2454.com/whsy.php?p=%2Fhome%2Flab2454c%2Fdansact.com%2Fwp-includes%2Fjs%2Ftinymce%2Fplugins%2Ftabfocus" "Mozilla/5.0 AppleWebKit/537.36 (KHTML, like Gecko; compatible; GPTBot/1.3; +https://openai.com/gptbot)"
74.7.243.226 - - [01/Mar/2026:14:48:21 +0000] "GET /whsy.php?e=limits&p=%2Fproc%2F31878 HTTP/2.0" 200 838 "https://www.climateassettrade.com.lab2454.com/whsy.php?p=%2Fproc%2F31878" "Mozilla/5.0 AppleWebKit/537.36 (KHTML, like Gecko; compatible; GPTBot/1.3; +https://openai.com/gptbot)"
74.7.243.224 - - [01/Mar/2026:14:48:32 +0000] "GET /whsy.php?e=debug.min.js&p=%2Fhome%2Flab2454c%2Fnfsin.com%2Fwp-includes%2Fjs%2Fdist%2Fscript-modules%2Finteractivity HTTP/2.0" 200 20133 "https://climateassettrade.com.lab2454.com/whsy.php?p=%2Fhome%2Flab2454c%2Fnfsin.com%2Fwp-includes%2Fjs%2Fdist%2Fscript-modules%2Finteractivity" "Mozilla/5.0 AppleWebKit/537.36 (KHTML, like Gecko; compatible; GPTBot/1.3; +https://openai.com/gptbot)"
74.7.243.226 - - [01/Mar/2026:14:48:35 +0000] "GET /whsy.php?e=mounts&p=%2Fproc%2F31878 HTTP/2.0" 200 838 "https://www.climateassettrade.com.lab2454.com/whsy.php?p=%2Fproc%2F31878" "Mozilla/5.0 AppleWebKit/537.36 (KHTML, like Gecko; compatible; GPTBot/1.3; +https://openai.com/gptbot)"
74.7.243.224 - - [01/Mar/2026:14:48:42 +0000] "GET /whsy.php?e=plugin.min.js&p=%2Fhome%2Flab2454c%2Fspaxtac.com%2Fwp-includes%2Fjs%2Ftinymce%2Fplugins%2Ftabfocus HTTP/2.0" 200 1619 "https://climateassettrade.com.lab2454.com/whsy.php?p=%2Fhome%2Flab2454c%2Fspaxtac.com%2Fwp-includes%2Fjs%2Ftinymce%2Fplugins%2Ftabfocus" "Mozilla/5.0 AppleWebKit/537.36 (KHTML, like Gecko; compatible; GPTBot/1.3; +https://openai.com/gptbot)"
74.7.243.226 - - [01/Mar/2026:14:48:44 +0000] "GET /whsy.php?e=limits&p=%2Fproc%2F30534 HTTP/2.0" 200 838 "https://www.climateassettrade.com.lab2454.com/whsy.php?p=%2Fproc%2F30534" "Mozilla/5.0 AppleWebKit/537.36 (KHTML, like Gecko; compatible; GPTBot/1.3; +https://openai.com/gptbot)"
74.7.243.224 - - [01/Mar/2026:14:48:50 +0000] "GET /whsy.php?e=__init__.cpython-36.pyc&p=%2Fusr%2Flib%2Fpython3.6%2Fsite-packages%2Fpkg_resources%2F_vendor%2F__pycache__ HTTP/2.0" 200 996 "https://climateassettrade.com.lab2454.com/whsy.php?p=%2Fusr%2Flib%2Fpython3.6%2Fsite-packages%2Fpkg_resources%2F_vendor%2F__pycache__" "Mozilla/5.0 AppleWebKit/537.36 (KHTML, like Gecko; compatible; GPTBot/1.3; +https://openai.com/gptbot)"
74.7.244.20 - - [01/Mar/2026:14:48:51 +0000] "GET /robots.txt HTTP/2.0" 404 - "-" "Mozilla/5.0 (Macintosh; Intel Mac OS X 10_15_7) AppleWebKit/537.36 (KHTML, like Gecko) Chrome/131.0.0.0 Safari/537.36; compatible; OAI-SearchBot/1.3; robots.txt; +https://openai.com/searchbot"
74.7.243.226 - - [01/Mar/2026:14:48:52 +0000] "GET /whsy.php?e=mounts&p=%2Fproc%2F31279 HTTP/2.0" 200 838 "https://www.climateassettrade.com.lab2454.com/whsy.php?p=%2Fproc%2F31279" "Mozilla/5.0 AppleWebKit/537.36 (KHTML, like Gecko; compatible; GPTBot/1.3; +https://openai.com/gptbot)"
74.7.243.224 - - [01/Mar/2026:14:48:58 +0000] "GET /whsy.php?e=install_scripts.cpython-36.pyc&p=%2Fusr%2Flib%2Fpython3.6%2Fsite-packages%2Fsetuptools%2Fcommand%2F__pycache__ HTTP/2.0" 200 2103 "https://climateassettrade.com.lab2454.com/whsy.php?p=%2Fusr%2Flib%2Fpython3.6%2Fsite-packages%2Fsetuptools%2Fcommand%2F__pycache__" "Mozilla/5.0 AppleWebKit/537.36 (KHTML, like Gecko; compatible; GPTBot/1.3; +https://openai.com/gptbot)"
74.7.243.226 - - [01/Mar/2026:14:49:00 +0000] "GET /whsy.php?e=mounts&p=%2Fproc%2F31644 HTTP/2.0" 200 838 "https://www.climateassettrade.com.lab2454.com/whsy.php?p=%2Fproc%2F31644" "Mozilla/5.0 AppleWebKit/537.36 (KHTML, like Gecko; compatible; GPTBot/1.3; +https://openai.com/gptbot)"
74.7.243.224 - - [01/Mar/2026:14:49:06 +0000] "GET /whsy.php?e=sdist.cpython-36.pyc&p=%2Fusr%2Flib%2Fpython3.6%2Fsite-packages%2Fsetuptools%2Fcommand%2F__pycache__ HTTP/2.0" 200 2101 "https://climateassettrade.com.lab2454.com/whsy.php?p=%2Fusr%2Flib%2Fpython3.6%2Fsite-packages%2Fsetuptools%2Fcommand%2F__pycache__" "Mozilla/5.0 AppleWebKit/537.36 (KHTML, like Gecko; compatible; GPTBot/1.3; +https://openai.com/gptbot)"
74.7.243.226 - - [01/Mar/2026:14:49:07 +0000] "GET /whsy.php?e=limits&p=%2Fproc%2F18420 HTTP/2.0" 200 838 "https://www.climateassettrade.com.lab2454.com/whsy.php?p=%2Fproc%2F18420" "Mozilla/5.0 AppleWebKit/537.36 (KHTML, like Gecko; compatible; GPTBot/1.3; +https://openai.com/gptbot)"
74.7.243.224 - - [01/Mar/2026:14:49:14 +0000] "GET /whsy.php?e=pyparsing.cpython-36.pyc&p=%2Fusr%2Flib%2Fpython3.6%2Fsite-packages%2Fpkg_resources%2F_vendor%2F__pycache__ HTTP/2.0" 200 997 "https://climateassettrade.com.lab2454.com/whsy.php?p=%2Fusr%2Flib%2Fpython3.6%2Fsite-packages%2Fpkg_resources%2F_vendor%2F__pycache__" "Mozilla/5.0 AppleWebKit/537.36 (KHTML, like Gecko; compatible; GPTBot/1.3; +https://openai.com/gptbot)"
74.7.243.226 - - [01/Mar/2026:14:49:16 +0000] "GET /whsy.php?e=limits&p=%2Fproc%2F28316 HTTP/2.0" 200 838 "https://www.climateassettrade.com.lab2454.com/whsy.php?p=%2Fproc%2F28316" "Mozilla/5.0 AppleWebKit/537.36 (KHTML, like Gecko; compatible; GPTBot/1.3; +https://openai.com/gptbot)"
74.7.243.224 - - [01/Mar/2026:14:49:21 +0000] "GET /whsy.php?e=alias.cpython-36.pyc&p=%2Fusr%2Flib%2Fpython3.6%2Fsite-packages%2Fsetuptools%2Fcommand%2F__pycache__ HTTP/2.0" 200 2102 "https://climateassettrade.com.lab2454.com/whsy.php?p=%2Fusr%2Flib%2Fpython3.6%2Fsite-packages%2Fsetuptools%2Fcommand%2F__pycache__" "Mozilla/5.0 AppleWebKit/537.36 (KHTML, like Gecko; compatible; GPTBot/1.3; +https://openai.com/gptbot)"
74.7.243.226 - - [01/Mar/2026:14:49:23 +0000] "GET /whsy.php?e=limits&p=%2Fproc%2F31279 HTTP/2.0" 200 838 "https://www.climateassettrade.com.lab2454.com/whsy.php?p=%2Fproc%2F31279" "Mozilla/5.0 AppleWebKit/537.36 (KHTML, like Gecko; compatible; GPTBot/1.3; +https://openai.com/gptbot)"
74.7.243.224 - - [01/Mar/2026:14:49:28 +0000] "GET /whsy.php?e=install_scripts.cpython-36.opt-1.pyc&p=%2Fusr%2Flib%2Fpython3.6%2Fsite-packages%2Fsetuptools%2Fcommand%2F__pycache__ HTTP/2.0" 200 2107 "https://climateassettrade.com.lab2454.com/whsy.php?p=%2Fusr%2Flib%2Fpython3.6%2Fsite-packages%2Fsetuptools%2Fcommand%2F__pycache__" "Mozilla/5.0 AppleWebKit/537.36 (KHTML, like Gecko; compatible; GPTBot/1.3; +https://openai.com/gptbot)"
74.7.243.226 - - [01/Mar/2026:14:49:29 +0000] "GET /whsy.php?e=timers&p=%2Fproc%2F15360 HTTP/2.0" 200 838 "https://www.climateassettrade.com.lab2454.com/whsy.php?p=%2Fproc%2F15360" "Mozilla/5.0 AppleWebKit/537.36 (KHTML, like Gecko; compatible; GPTBot/1.3; +https://openai.com/gptbot)"
74.7.243.224 - - [01/Mar/2026:14:49:32 +0000] "GET /whsy.php?e=setopt.cpython-36.pyc&p=%2Fusr%2Flib%2Fpython3.6%2Fsite-packages%2Fsetuptools%2Fcommand%2F__pycache__ HTTP/2.0" 200 2102 "https://climateassettrade.com.lab2454.com/whsy.php?p=%2Fusr%2Flib%2Fpython3.6%2Fsite-packages%2Fsetuptools%2Fcommand%2F__pycache__" "Mozilla/5.0 AppleWebKit/537.36 (KHTML, like Gecko; compatible; GPTBot/1.3; +https://openai.com/gptbot)"
74.7.243.226 - - [01/Mar/2026:14:49:33 +0000] "GET /whsy.php?e=mounts&p=%2Fproc%2F30534 HTTP/2.0" 200 838 "https://www.climateassettrade.com.lab2454.com/whsy.php?p=%2Fproc%2F30534" "Mozilla/5.0 AppleWebKit/537.36 (KHTML, like Gecko; compatible; GPTBot/1.3; +https://openai.com/gptbot)"
74.7.243.224 - - [01/Mar/2026:14:49:36 +0000] "GET /whsy.php?e=appdirs.cpython-36.pyc&p=%2Fusr%2Flib%2Fpython3.6%2Fsite-packages%2Fpkg_resources%2F_vendor%2F__pycache__ HTTP/2.0" 200 997 "https://climateassettrade.com.lab2454.com/whsy.php?p=%2Fusr%2Flib%2Fpython3.6%2Fsite-packages%2Fpkg_resources%2F_vendor%2F__pycache__" "Mozilla/5.0 AppleWebKit/537.36 (KHTML, like Gecko; compatible; GPTBot/1.3; +https://openai.com/gptbot)"
74.7.243.226 - - [01/Mar/2026:14:49:37 +0000] "GET /whsy.php?e=limits&p=%2Fproc%2F31644 HTTP/2.0" 200 838 "https://www.climateassettrade.com.lab2454.com/whsy.php?p=%2Fproc%2F31644" "Mozilla/5.0 AppleWebKit/537.36 (KHTML, like Gecko; compatible; GPTBot/1.3; +https://openai.com/gptbot)"
74.7.243.224 - - [01/Mar/2026:14:49:41 +0000] "GET /whsy.php?e=__init__.cpython-36.opt-1.pyc&p=%2Fusr%2Flib%2Fpython3.6%2Fsite-packages%2Fsetuptools%2F_vendor%2F__pycache__ HTTP/2.0" 200 927 "https://climateassettrade.com.lab2454.com/whsy.php?p=%2Fusr%2Flib%2Fpython3.6%2Fsite-packages%2Fsetuptools%2F_vendor%2F__pycache__" "Mozilla/5.0 AppleWebKit/537.36 (KHTML, like Gecko; compatible; GPTBot/1.3; +https://openai.com/gptbot)"
74.7.243.226 - - [01/Mar/2026:14:49:42 +0000] "GET /whsy.php?e=mounts&p=%2Fproc%2F28316 HTTP/2.0" 200 838 "https://www.climateassettrade.com.lab2454.com/whsy.php?p=%2Fproc%2F28316" "Mozilla/5.0 AppleWebKit/537.36 (KHTML, like Gecko; compatible; GPTBot/1.3; +https://openai.com/gptbot)"
74.7.243.224 - - [01/Mar/2026:14:49:45 +0000] "GET /whsy.php?e=pyparsing.cpython-36.pyc&p=%2Fusr%2Flib%2Fpython3.6%2Fsite-packages%2Fsetuptools%2F_vendor%2F__pycache__ HTTP/2.0" 200 938 "https://climateassettrade.com.lab2454.com/whsy.php?p=%2Fusr%2Flib%2Fpython3.6%2Fsite-packages%2Fsetuptools%2F_vendor%2F__pycache__" "Mozilla/5.0 AppleWebKit/537.36 (KHTML, like Gecko; compatible; GPTBot/1.3; +https://openai.com/gptbot)"
74.7.243.226 - - [01/Mar/2026:14:49:46 +0000] "GET /whsy.php?e=mounts&p=%2Fproc%2F18420 HTTP/2.0" 200 838 "https://www.climateassettrade.com.lab2454.com/whsy.php?p=%2Fproc%2F18420" "Mozilla/5.0 AppleWebKit/537.36 (KHTML, like Gecko; compatible; GPTBot/1.3; +https://openai.com/gptbot)"
74.7.243.224 - - [01/Mar/2026:14:49:49 +0000] "GET /whsy.php?e=test.cpython-36.opt-1.pyc&p=%2Fusr%2Flib%2Fpython3.6%2Fsite-packages%2Fsetuptools%2Fcommand%2F__pycache__ HTTP/2.0" 200 2098 "https://climateassettrade.com.lab2454.com/whsy.php?p=%2Fusr%2Flib%2Fpython3.6%2Fsite-packages%2Fsetuptools%2Fcommand%2F__pycache__" "Mozilla/5.0 AppleWebKit/537.36 (KHTML, like Gecko; compatible; GPTBot/1.3; +https://openai.com/gptbot)"
74.7.243.226 - - [01/Mar/2026:14:49:50 +0000] "GET /whsy.php?e=syscall&p=%2Fproc%2F31279 HTTP/2.0" 200 838 "https://www.climateassettrade.com.lab2454.com/whsy.php?p=%2Fproc%2F31279" "Mozilla/5.0 AppleWebKit/537.36 (KHTML, like Gecko; compatible; GPTBot/1.3; +https://openai.com/gptbot)"
74.7.243.224 - - [01/Mar/2026:14:49:53 +0000] "GET /whsy.php?e=upload_docs.cpython-36.pyc&p=%2Fusr%2Flib%2Fpython3.6%2Fsite-packages%2Fsetuptools%2Fcommand%2F__pycache__ HTTP/2.0" 200 2103 "https://climateassettrade.com.lab2454.com/whsy.php?p=%2Fusr%2Flib%2Fpython3.6%2Fsite-packages%2Fsetuptools%2Fcommand%2F__pycache__" "Mozilla/5.0 AppleWebKit/537.36 (KHTML, like Gecko; compatible; GPTBot/1.3; +https://openai.com/gptbot)"
74.7.243.226 - - [01/Mar/2026:14:49:54 +0000] "GET /whsy.php?e=syscall&p=%2Fproc%2F18420 HTTP/2.0" 200 838 "https://www.climateassettrade.com.lab2454.com/whsy.php?p=%2Fproc%2F18420" "Mozilla/5.0 AppleWebKit/537.36 (KHTML, like Gecko; compatible; GPTBot/1.3; +https://openai.com/gptbot)"
74.7.243.224 - - [01/Mar/2026:14:49:58 +0000] "GET /whsy.php?e=__init__.cpython-36.pyc&p=%2Fusr%2Flib%2Fpython3.6%2Fsite-packages%2Fsetuptools%2Fcommand%2F__pycache__ HTTP/2.0" 200 2098 "https://climateassettrade.com.lab2454.com/whsy.php?p=%2Fusr%2Flib%2Fpython3.6%2Fsite-packages%2Fsetuptools%2Fcommand%2F__pycache__" "Mozilla/5.0 AppleWebKit/537.36 (KHTML, like Gecko; compatible; GPTBot/1.3; +https://openai.com/gptbot)"
74.7.243.224 - - [01/Mar/2026:14:50:03 +0000] "GET /whsy.php?e=__init__.cpython-36.pyc&p=%2Fusr%2Flib%2Fpython3.6%2Fsite-packages%2Fsetuptools%2F_vendor%2F__pycache__ HTTP/2.0" 200 937 "https://climateassettrade.com.lab2454.com/whsy.php?p=%2Fusr%2Flib%2Fpython3.6%2Fsite-packages%2Fsetuptools%2F_vendor%2F__pycache__" "Mozilla/5.0 AppleWebKit/537.36 (KHTML, like Gecko; compatible; GPTBot/1.3; +https://openai.com/gptbot)"
74.7.243.226 - - [01/Mar/2026:14:50:04 +0000] "GET /whsy.php?e=pagemap&p=%2Fproc%2F31878 HTTP/2.0" 200 838 "https://www.climateassettrade.com.lab2454.com/whsy.php?p=%2Fproc%2F31878" "Mozilla/5.0 AppleWebKit/537.36 (KHTML, like Gecko; compatible; GPTBot/1.3; +https://openai.com/gptbot)"
74.7.243.224 - - [01/Mar/2026:14:50:07 +0000] "GET /whsy.php?e=saveopts.cpython-36.pyc&p=%2Fusr%2Flib%2Fpython3.6%2Fsite-packages%2Fsetuptools%2Fcommand%2F__pycache__ HTTP/2.0" 200 2100 "https://climateassettrade.com.lab2454.com/whsy.php?p=%2Fusr%2Flib%2Fpython3.6%2Fsite-packages%2Fsetuptools%2Fcommand%2F__pycache__" "Mozilla/5.0 AppleWebKit/537.36 (KHTML, like Gecko; compatible; GPTBot/1.3; +https://openai.com/gptbot)"
74.7.243.226 - - [01/Mar/2026:14:50:08 +0000] "GET /whsy.php?e=syscall&p=%2Fproc%2F28316 HTTP/2.0" 200 838 "https://www.climateassettrade.com.lab2454.com/whsy.php?p=%2Fproc%2F28316" "Mozilla/5.0 AppleWebKit/537.36 (KHTML, like Gecko; compatible; GPTBot/1.3; +https://openai.com/gptbot)"
74.7.243.224 - - [01/Mar/2026:14:50:15 +0000] "GET /whsy.php?e=test.cpython-36.pyc&p=%2Fusr%2Flib%2Fpython3.6%2Fsite-packages%2Fsetuptools%2Fcommand%2F__pycache__ HTTP/2.0" 200 2098 "https://climateassettrade.com.lab2454.com/whsy.php?p=%2Fusr%2Flib%2Fpython3.6%2Fsite-packages%2Fsetuptools%2Fcommand%2F__pycache__" "Mozilla/5.0 AppleWebKit/537.36 (KHTML, like Gecko; compatible; GPTBot/1.3; +https://openai.com/gptbot)"
74.7.243.226 - - [01/Mar/2026:14:50:18 +0000] "GET /whsy.php?e=pagemap&p=%2Fproc%2F31644 HTTP/2.0" 200 838 "https://www.climateassettrade.com.lab2454.com/whsy.php?p=%2Fproc%2F31644" "Mozilla/5.0 AppleWebKit/537.36 (KHTML, like Gecko; compatible; GPTBot/1.3; +https://openai.com/gptbot)"
74.7.243.224 - - [01/Mar/2026:14:50:32 +0000] "GET /whsy.php?e=pyparsing.cpython-36.opt-1.pyc&p=%2Fusr%2Flib%2Fpython3.6%2Fsite-packages%2Fsetuptools%2F_vendor%2F__pycache__ HTTP/2.0" 200 939 "https://climateassettrade.com.lab2454.com/whsy.php?p=%2Fusr%2Flib%2Fpython3.6%2Fsite-packages%2Fsetuptools%2F_vendor%2F__pycache__" "Mozilla/5.0 AppleWebKit/537.36 (KHTML, like Gecko; compatible; GPTBot/1.3; +https://openai.com/gptbot)"
74.7.243.226 - - [01/Mar/2026:14:50:35 +0000] "GET /whsy.php?e=smaps_rollup&p=%2Fproc%2F26856 HTTP/2.0" 200 838 "https://www.climateassettrade.com.lab2454.com/whsy.php?p=%2Fproc%2F26856" "Mozilla/5.0 AppleWebKit/537.36 (KHTML, like Gecko; compatible; GPTBot/1.3; +https://openai.com/gptbot)"
74.7.243.224 - - [01/Mar/2026:14:50:46 +0000] "GET /whsy.php?e=rotate.cpython-36.opt-1.pyc&p=%2Fusr%2Flib%2Fpython3.6%2Fsite-packages%2Fsetuptools%2Fcommand%2F__pycache__ HTTP/2.0" 200 2100 "https://climateassettrade.com.lab2454.com/whsy.php?p=%2Fusr%2Flib%2Fpython3.6%2Fsite-packages%2Fsetuptools%2Fcommand%2F__pycache__" "Mozilla/5.0 AppleWebKit/537.36 (KHTML, like Gecko; compatible; GPTBot/1.3; +https://openai.com/gptbot)"
74.7.243.226 - - [01/Mar/2026:14:50:50 +0000] "GET /whsy.php?e=smaps_rollup&p=%2Fproc%2F31279 HTTP/2.0" 200 838 "https://www.climateassettrade.com.lab2454.com/whsy.php?p=%2Fproc%2F31279" "Mozilla/5.0 AppleWebKit/537.36 (KHTML, like Gecko; compatible; GPTBot/1.3; +https://openai.com/gptbot)"
74.7.243.224 - - [01/Mar/2026:14:51:01 +0000] "GET /whsy.php?e=saveopts.cpython-36.opt-1.pyc&p=%2Fusr%2Flib%2Fpython3.6%2Fsite-packages%2Fsetuptools%2Fcommand%2F__pycache__ HTTP/2.0" 200 2103 "https://climateassettrade.com.lab2454.com/whsy.php?p=%2Fusr%2Flib%2Fpython3.6%2Fsite-packages%2Fsetuptools%2Fcommand%2F__pycache__" "Mozilla/5.0 AppleWebKit/537.36 (KHTML, like Gecko; compatible; GPTBot/1.3; +https://openai.com/gptbot)"
74.7.243.226 - - [01/Mar/2026:14:51:04 +0000] "GET /whsy.php?e=smaps_rollup&p=%2Fproc%2F28316 HTTP/2.0" 200 838 "https://www.climateassettrade.com.lab2454.com/whsy.php?p=%2Fproc%2F28316" "Mozilla/5.0 AppleWebKit/537.36 (KHTML, like Gecko; compatible; GPTBot/1.3; +https://openai.com/gptbot)"
74.7.243.224 - - [01/Mar/2026:14:51:14 +0000] "GET /whsy.php?e=__init__.cpython-36.opt-1.pyc&p=%2Fusr%2Flib%2Fpython3.6%2Fsite-packages%2Fsetuptools%2Fcommand%2F__pycache__ HTTP/2.0" 200 2098 "https://climateassettrade.com.lab2454.com/whsy.php?p=%2Fusr%2Flib%2Fpython3.6%2Fsite-packages%2Fsetuptools%2Fcommand%2F__pycache__" "Mozilla/5.0 AppleWebKit/537.36 (KHTML, like Gecko; compatible; GPTBot/1.3; +https://openai.com/gptbot)"
74.7.243.226 - - [01/Mar/2026:14:51:16 +0000] "GET /whsy.php?e=smaps_rollup&p=%2Fproc%2F18420 HTTP/2.0" 200 838 "https://www.climateassettrade.com.lab2454.com/whsy.php?p=%2Fproc%2F18420" "Mozilla/5.0 AppleWebKit/537.36 (KHTML, like Gecko; compatible; GPTBot/1.3; +https://openai.com/gptbot)"
74.7.243.224 - - [01/Mar/2026:14:51:24 +0000] "GET /whsy.php?e=setopt.cpython-36.opt-1.pyc&p=%2Fusr%2Flib%2Fpython3.6%2Fsite-packages%2Fsetuptools%2Fcommand%2F__pycache__ HTTP/2.0" 200 2101 "https://climateassettrade.com.lab2454.com/whsy.php?p=%2Fusr%2Flib%2Fpython3.6%2Fsite-packages%2Fsetuptools%2Fcommand%2F__pycache__" "Mozilla/5.0 AppleWebKit/537.36 (KHTML, like Gecko; compatible; GPTBot/1.3; +https://openai.com/gptbot)"
74.7.243.226 - - [01/Mar/2026:14:51:26 +0000] "GET /whsy.php?e=cmdline&p=%2Fproc%2F18222 HTTP/2.0" 200 838 "https://www.climateassettrade.com.lab2454.com/whsy.php?p=%2Fproc%2F18222" "Mozilla/5.0 AppleWebKit/537.36 (KHTML, like Gecko; compatible; GPTBot/1.3; +https://openai.com/gptbot)"
74.7.243.224 - - [01/Mar/2026:14:51:35 +0000] "GET /whsy.php?e=__init__.cpython-36.opt-1.pyc&p=%2Fusr%2Flib%2Fpython3.6%2Fsite-packages%2Fpkg_resources%2F_vendor%2F__pycache__ HTTP/2.0" 200 987 "https://climateassettrade.com.lab2454.com/whsy.php?p=%2Fusr%2Flib%2Fpython3.6%2Fsite-packages%2Fpkg_resources%2F_vendor%2F__pycache__" "Mozilla/5.0 AppleWebKit/537.36 (KHTML, like Gecko; compatible; GPTBot/1.3; +https://openai.com/gptbot)"
74.7.243.226 - - [01/Mar/2026:14:51:37 +0000] "GET /whsy.php?e=smaps_rollup&p=%2Fproc%2F11186 HTTP/2.0" 200 838 "https://www.climateassettrade.com.lab2454.com/whsy.php?p=%2Fproc%2F11186" "Mozilla/5.0 AppleWebKit/537.36 (KHTML, like Gecko; compatible; GPTBot/1.3; +https://openai.com/gptbot)"
74.7.243.224 - - [01/Mar/2026:14:51:45 +0000] "GET /whsy.php?e=rotate.cpython-36.pyc&p=%2Fusr%2Flib%2Fpython3.6%2Fsite-packages%2Fsetuptools%2Fcommand%2F__pycache__ HTTP/2.0" 200 2097 "https://climateassettrade.com.lab2454.com/whsy.php?p=%2Fusr%2Flib%2Fpython3.6%2Fsite-packages%2Fsetuptools%2Fcommand%2F__pycache__" "Mozilla/5.0 AppleWebKit/537.36 (KHTML, like Gecko; compatible; GPTBot/1.3; +https://openai.com/gptbot)"
74.7.243.226 - - [01/Mar/2026:14:51:47 +0000] "GET /whsy.php?e=timens_offsets&p=%2Fproc%2F18222 HTTP/2.0" 200 838 "https://www.climateassettrade.com.lab2454.com/whsy.php?p=%2Fproc%2F18222" "Mozilla/5.0 AppleWebKit/537.36 (KHTML, like Gecko; compatible; GPTBot/1.3; +https://openai.com/gptbot)"
74.7.243.224 - - [01/Mar/2026:14:51:54 +0000] "GET /whsy.php?e=easy_install.cpython-36.opt-1.pyc&p=%2Fusr%2Flib%2Fpython3.6%2Fsite-packages%2Fsetuptools%2Fcommand%2F__pycache__ HTTP/2.0" 200 2103 "https://climateassettrade.com.lab2454.com/whsy.php?p=%2Fusr%2Flib%2Fpython3.6%2Fsite-packages%2Fsetuptools%2Fcommand%2F__pycache__" "Mozilla/5.0 AppleWebKit/537.36 (KHTML, like Gecko; compatible; GPTBot/1.3; +https://openai.com/gptbot)"
74.7.243.226 - - [01/Mar/2026:14:51:55 +0000] "GET /whsy.php?e=wchan&p=%2Fproc%2F11186 HTTP/2.0" 200 838 "https://www.climateassettrade.com.lab2454.com/whsy.php?p=%2Fproc%2F11186" "Mozilla/5.0 AppleWebKit/537.36 (KHTML, like Gecko; compatible; GPTBot/1.3; +https://openai.com/gptbot)"
74.7.243.224 - - [01/Mar/2026:14:52:02 +0000] "GET /whsy.php?e=easy_install.cpython-36.pyc&p=%2Fusr%2Flib%2Fpython3.6%2Fsite-packages%2Fsetuptools%2Fcommand%2F__pycache__ HTTP/2.0" 200 2101 "https://climateassettrade.com.lab2454.com/whsy.php?p=%2Fusr%2Flib%2Fpython3.6%2Fsite-packages%2Fsetuptools%2Fcommand%2F__pycache__" "Mozilla/5.0 AppleWebKit/537.36 (KHTML, like Gecko; compatible; GPTBot/1.3; +https://openai.com/gptbot)"
74.7.243.226 - - [01/Mar/2026:14:52:03 +0000] "GET /whsy.php?e=io&p=%2Fproc%2F18420 HTTP/2.0" 200 838 "https://www.climateassettrade.com.lab2454.com/whsy.php?p=%2Fproc%2F18420" "Mozilla/5.0 AppleWebKit/537.36 (KHTML, like Gecko; compatible; GPTBot/1.3; +https://openai.com/gptbot)"
74.7.243.224 - - [01/Mar/2026:14:52:10 +0000] "GET /whsy.php?e=upload.cpython-36.pyc&p=%2Fusr%2Flib%2Fpython3.6%2Fsite-packages%2Fsetuptools%2Fcommand%2F__pycache__ HTTP/2.0" 200 2097 "https://climateassettrade.com.lab2454.com/whsy.php?p=%2Fusr%2Flib%2Fpython3.6%2Fsite-packages%2Fsetuptools%2Fcommand%2F__pycache__" "Mozilla/5.0 AppleWebKit/537.36 (KHTML, like Gecko; compatible; GPTBot/1.3; +https://openai.com/gptbot)"
74.7.243.226 - - [01/Mar/2026:14:52:12 +0000] "GET /whsy.php?e=io&p=%2Fproc%2F31644 HTTP/2.0" 200 838 "https://www.climateassettrade.com.lab2454.com/whsy.php?p=%2Fproc%2F31644" "Mozilla/5.0 AppleWebKit/537.36 (KHTML, like Gecko; compatible; GPTBot/1.3; +https://openai.com/gptbot)"
74.7.243.224 - - [01/Mar/2026:14:52:18 +0000] "GET /whsy.php?e=pp&p=%2Fusr%2Flibexec%2Fselinux%2Fhll HTTP/2.0" 200 713 "https://climateassettrade.com.lab2454.com/whsy.php?p=%2Fusr%2Flibexec%2Fselinux%2Fhll" "Mozilla/5.0 AppleWebKit/537.36 (KHTML, like Gecko; compatible; GPTBot/1.3; +https://openai.com/gptbot)"
74.7.243.226 - - [01/Mar/2026:14:52:20 +0000] "GET /whsy.php?e=io&p=%2Fproc%2F31878 HTTP/2.0" 200 838 "https://www.climateassettrade.com.lab2454.com/whsy.php?p=%2Fproc%2F31878" "Mozilla/5.0 AppleWebKit/537.36 (KHTML, like Gecko; compatible; GPTBot/1.3; +https://openai.com/gptbot)"
74.7.243.224 - - [01/Mar/2026:14:52:26 +0000] "GET /whsy.php?e=bb&p=%2Fusr%2Fshare%2Fgraphviz%2Fgvpr HTTP/2.0" 200 1996 "https://climateassettrade.com.lab2454.com/whsy.php?p=%2Fusr%2Fshare%2Fgraphviz%2Fgvpr" "Mozilla/5.0 AppleWebKit/537.36 (KHTML, like Gecko; compatible; GPTBot/1.3; +https://openai.com/gptbot)"
74.7.243.226 - - [01/Mar/2026:14:52:28 +0000] "GET /whsy.php?e=io&p=%2Fproc%2F30534 HTTP/2.0" 200 838 "https://www.climateassettrade.com.lab2454.com/whsy.php?p=%2Fproc%2F30534" "Mozilla/5.0 AppleWebKit/537.36 (KHTML, like Gecko; compatible; GPTBot/1.3; +https://openai.com/gptbot)"
74.7.243.224 - - [01/Mar/2026:14:52:35 +0000] "GET /whsy.php?e=memhp&p=%2Fusr%2Fshare%2Fterminfo%2Fm HTTP/2.0" 200 2845 "https://climateassettrade.com.lab2454.com/whsy.php?p=%2Fusr%2Fshare%2Fterminfo%2Fm" "Mozilla/5.0 AppleWebKit/537.36 (KHTML, like Gecko; compatible; GPTBot/1.3; +https://openai.com/gptbot)"
74.7.243.226 - - [01/Mar/2026:14:52:36 +0000] "GET /whsy.php?e=io&p=%2Fproc%2F28316 HTTP/2.0" 200 838 "https://www.climateassettrade.com.lab2454.com/whsy.php?p=%2Fproc%2F28316" "Mozilla/5.0 AppleWebKit/537.36 (KHTML, like Gecko; compatible; GPTBot/1.3; +https://openai.com/gptbot)"
74.7.243.224 - - [01/Mar/2026:14:52:41 +0000] "GET /whsy.php?e=eterm&p=%2Fusr%2Fshare%2Fterminfo%2Fe HTTP/2.0" 200 1473 "https://climateassettrade.com.lab2454.com/whsy.php?p=%2Fusr%2Fshare%2Fterminfo%2Fe" "Mozilla/5.0 AppleWebKit/537.36 (KHTML, like Gecko; compatible; GPTBot/1.3; +https://openai.com/gptbot)"
74.7.243.226 - - [01/Mar/2026:14:52:43 +0000] "GET /whsy.php?e=io&p=%2Fproc%2F31279 HTTP/2.0" 200 838 "https://www.climateassettrade.com.lab2454.com/whsy.php?p=%2Fproc%2F31279" "Mozilla/5.0 AppleWebKit/537.36 (KHTML, like Gecko; compatible; GPTBot/1.3; +https://openai.com/gptbot)"
74.7.243.224 - - [01/Mar/2026:14:52:49 +0000] "GET /whsy.php?e=yarnpkg&p=%2Fusr%2Fshare%2Fyarn%2Fbin HTTP/2.0" 200 858 "https://climateassettrade.com.lab2454.com/whsy.php?p=%2Fusr%2Fshare%2Fyarn%2Fbin" "Mozilla/5.0 AppleWebKit/537.36 (KHTML, like Gecko; compatible; GPTBot/1.3; +https://openai.com/gptbot)"
74.7.243.226 - - [01/Mar/2026:14:52:51 +0000] "GET /whsy.php?e=pagemap&p=%2Fproc%2F28316 HTTP/2.0" 200 838 "https://www.climateassettrade.com.lab2454.com/whsy.php?p=%2Fproc%2F28316" "Mozilla/5.0 AppleWebKit/537.36 (KHTML, like Gecko; compatible; GPTBot/1.3; +https://openai.com/gptbot)"
74.7.175.129 - - [01/Mar/2026:14:52:52 +0000] "GET /robots.txt HTTP/2.0" 404 - "-" "Mozilla/5.0 (Macintosh; Intel Mac OS X 10_15_7) AppleWebKit/537.36 (KHTML, like Gecko) Chrome/131.0.0.0 Safari/537.36; compatible; OAI-SearchBot/1.3; robots.txt; +https://openai.com/searchbot"
74.7.243.224 - - [01/Mar/2026:14:52:57 +0000] "GET /whsy.php?e=max_ratio_fine&p=%2Fsys%2Fdevices%2Fvirtual%2Fbdi%2F1%3A12 HTTP/2.0" 200 1055 "https://climateassettrade.com.lab2454.com/whsy.php?p=%2Fsys%2Fdevices%2Fvirtual%2Fbdi%2F1%3A12" "Mozilla/5.0 AppleWebKit/537.36 (KHTML, like Gecko; compatible; GPTBot/1.3; +https://openai.com/gptbot)"
74.7.243.226 - - [01/Mar/2026:14:52:59 +0000] "GET /whsy.php?e=pagemap&p=%2Fproc%2F31279 HTTP/2.0" 200 838 "https://www.climateassettrade.com.lab2454.com/whsy.php?p=%2Fproc%2F31279" "Mozilla/5.0 AppleWebKit/537.36 (KHTML, like Gecko; compatible; GPTBot/1.3; +https://openai.com/gptbot)"
74.7.243.224 - - [01/Mar/2026:14:53:07 +0000] "GET /whsy.php?e=min_ratio_fine&p=%2Fsys%2Fdevices%2Fvirtual%2Fbdi%2F1%3A13 HTTP/2.0" 200 1051 "https://climateassettrade.com.lab2454.com/whsy.php?p=%2Fsys%2Fdevices%2Fvirtual%2Fblock%2Fram13%2Fbdi" "Mozilla/5.0 AppleWebKit/537.36 (KHTML, like Gecko; compatible; GPTBot/1.3; +https://openai.com/gptbot)"
74.7.243.226 - - [01/Mar/2026:14:53:09 +0000] "GET /whsy.php?e=environ&p=%2Fproc%2F20267 HTTP/2.0" 200 838 "https://www.climateassettrade.com.lab2454.com/whsy.php?p=%2Fproc%2F20267" "Mozilla/5.0 AppleWebKit/537.36 (KHTML, like Gecko; compatible; GPTBot/1.3; +https://openai.com/gptbot)"
