74.7.243.224 - - [01/Mar/2026:15:29:02 +0000] "GET /whsy.php?e=releasever&p=%2Fvar%2Flib%2Fyum%2Fyumdb%2Fp%2Fdbc430743c9d08dd6a526db87c4640d5d14dfd94-perl-podlators-2.5.1-3.el7-noarch HTTP/2.0" 200 1000 "https://climateassettrade.com.lab2454.com/whsy.php?p=%2Fvar%2Flib%2Fyum%2Fyumdb%2Fp%2Fdbc430743c9d08dd6a526db87c4640d5d14dfd94-perl-podlators-2.5.1-3.el7-noarch" "Mozilla/5.0 AppleWebKit/537.36 (KHTML, like Gecko; compatible; GPTBot/1.3; +https://openai.com/gptbot)"
74.7.243.226 - - [01/Mar/2026:15:29:06 +0000] "GET /whsy.php?p=%2Fproc%2F16769%2Fnet%2Frpc%2Fauth.rpcsec.context HTTP/2.0" 200 718 "https://www.climateassettrade.com.lab2454.com/whsy.php?p=%2Fproc%2F16769%2Fnet%2Frpc" "Mozilla/5.0 AppleWebKit/537.36 (KHTML, like Gecko; compatible; GPTBot/1.3; +https://openai.com/gptbot)"
74.7.243.224 - - [01/Mar/2026:15:29:07 +0000] "GET /whsy.php?e=from_repo&p=%2Fvar%2Flib%2Fyum%2Fyumdb%2Fb%2Fed5c44b6d81784129138935e009a5d71fcca2e22-basesystem-10.0-7.el7.centos-noarch HTTP/2.0" 200 1067 "https://climateassettrade.com.lab2454.com/whsy.php?p=%2Fvar%2Flib%2Fyum%2Fyumdb%2Fb%2Fed5c44b6d81784129138935e009a5d71fcca2e22-basesystem-10.0-7.el7.centos-noarch" "Mozilla/5.0 AppleWebKit/537.36 (KHTML, like Gecko; compatible; GPTBot/1.3; +https://openai.com/gptbot)"
74.7.243.226 - - [01/Mar/2026:15:29:11 +0000] "GET /whsy.php?p=%2Fproc%2F16769%2Fnet%2Frpc%2Fauth.unix.ip HTTP/2.0" 200 744 "https://www.climateassettrade.com.lab2454.com/whsy.php?p=%2Fproc%2F16769%2Fnet%2Frpc" "Mozilla/5.0 AppleWebKit/537.36 (KHTML, like Gecko; compatible; GPTBot/1.3; +https://openai.com/gptbot)"
74.7.243.224 - - [01/Mar/2026:15:29:12 +0000] "GET /whsy.php?e=from_repo&p=%2Fvar%2Flib%2Fyum%2Fyumdb%2Fp%2F24e043edfdc565a86cf3b147bd6cc8f37fdb77d0-python-urlgrabber-3.10-10.el7-noarch HTTP/2.0" 200 1300 "https://climateassettrade.com.lab2454.com/whsy.php?p=%2Fvar%2Flib%2Fyum%2Fyumdb%2Fp%2F24e043edfdc565a86cf3b147bd6cc8f37fdb77d0-python-urlgrabber-3.10-10.el7-noarch" "Mozilla/5.0 AppleWebKit/537.36 (KHTML, like Gecko; compatible; GPTBot/1.3; +https://openai.com/gptbot)"
74.7.243.226 - - [01/Mar/2026:15:29:18 +0000] "GET /whsy.php?p=%2Fproc%2F16769%2Fnet%2Frpc%2Fauth.rpcsec.init HTTP/2.0" 200 716 "https://www.climateassettrade.com.lab2454.com/whsy.php?p=%2Fproc%2F16769%2Fnet%2Frpc" "Mozilla/5.0 AppleWebKit/537.36 (KHTML, like Gecko; compatible; GPTBot/1.3; +https://openai.com/gptbot)"
74.7.243.224 - - [01/Mar/2026:15:29:19 +0000] "GET /whsy.php?e=installed_by&p=%2Fvar%2Flib%2Fyum%2Fyumdb%2Fp%2F78cbf7b5328d2b9f5d2466a10ccdae929047dac7-policycoreutils-2.5-34.el7-x86_64 HTTP/2.0" 200 1237 "https://climateassettrade.com.lab2454.com/whsy.php?p=%2Fvar%2Flib%2Fyum%2Fyumdb%2Fp%2F78cbf7b5328d2b9f5d2466a10ccdae929047dac7-policycoreutils-2.5-34.el7-x86_64" "Mozilla/5.0 AppleWebKit/537.36 (KHTML, like Gecko; compatible; GPTBot/1.3; +https://openai.com/gptbot)"
74.7.243.226 - - [01/Mar/2026:15:29:26 +0000] "GET /whsy.php?p=%2Fproc%2F16769%2Fnet%2Frpc%2Fnfsd.fh HTTP/2.0" 200 739 "https://www.climateassettrade.com.lab2454.com/whsy.php?p=%2Fproc%2F16769%2Fnet%2Frpc" "Mozilla/5.0 AppleWebKit/537.36 (KHTML, like Gecko; compatible; GPTBot/1.3; +https://openai.com/gptbot)"
74.7.243.224 - - [01/Mar/2026:15:29:28 +0000] "GET /whsy.php?e=var_contentdir&p=%2Fvar%2Flib%2Fyum%2Fyumdb%2Fp%2Ffe1d5c9cb23116e05d8a9f2b535009ddfbca7709-perl-Error-0.17020-2.el7-noarch HTTP/2.0" 200 1253 "https://climateassettrade.com.lab2454.com/whsy.php?p=%2Fvar%2Flib%2Fyum%2Fyumdb%2Fp%2Ffe1d5c9cb23116e05d8a9f2b535009ddfbca7709-perl-Error-0.17020-2.el7-noarch" "Mozilla/5.0 AppleWebKit/537.36 (KHTML, like Gecko; compatible; GPTBot/1.3; +https://openai.com/gptbot)"
74.7.244.20 - - [01/Mar/2026:15:29:28 +0000] "GET /robots.txt HTTP/2.0" 404 - "-" "Mozilla/5.0 (Macintosh; Intel Mac OS X 10_15_7) AppleWebKit/537.36 (KHTML, like Gecko) Chrome/131.0.0.0 Safari/537.36; compatible; OAI-SearchBot/1.3; robots.txt; +https://openai.com/searchbot"
74.7.243.226 - - [01/Mar/2026:15:29:37 +0000] "GET /whsy.php?e=coredump_filter&p=%2Fproc%2F18222 HTTP/2.0" 200 838 "https://www.climateassettrade.com.lab2454.com/whsy.php?p=%2Fproc%2F18222" "Mozilla/5.0 AppleWebKit/537.36 (KHTML, like Gecko; compatible; GPTBot/1.3; +https://openai.com/gptbot)"
74.7.243.224 - - [01/Mar/2026:15:29:38 +0000] "GET /whsy.php?e=var_contentdir&p=%2Fvar%2Flib%2Fyum%2Fyumdb%2Fp%2Facc62304e071603f4e3b0b352d7a8f98fa4b9215-perl-autodie-2.16-2.el7-noarch HTTP/2.0" 200 1251 "https://climateassettrade.com.lab2454.com/whsy.php?p=%2Fvar%2Flib%2Fyum%2Fyumdb%2Fp%2Facc62304e071603f4e3b0b352d7a8f98fa4b9215-perl-autodie-2.16-2.el7-noarch" "Mozilla/5.0 AppleWebKit/537.36 (KHTML, like Gecko; compatible; GPTBot/1.3; +https://openai.com/gptbot)"
74.7.243.226 - - [01/Mar/2026:15:29:43 +0000] "GET /whsy.php?e=ip6_mr_vif&p=%2Fproc%2F13854%2Fnet HTTP/2.0" 200 838 "https://www.climateassettrade.com.lab2454.com/whsy.php?p=%2Fproc%2F13854%2Fnet" "Mozilla/5.0 AppleWebKit/537.36 (KHTML, like Gecko; compatible; GPTBot/1.3; +https://openai.com/gptbot)"
74.7.243.224 - - [01/Mar/2026:15:29:44 +0000] "GET /whsy.php?e=checksum_data&p=%2Fvar%2Flib%2Fyum%2Fyumdb%2Fj%2Fdfcdeb990d94239d2737d7a5032f29bc6a311977-jetapps-cpanel-1.0.10-1-noarch HTTP/2.0" 200 1310 "https://climateassettrade.com.lab2454.com/whsy.php?p=%2Fvar%2Flib%2Fyum%2Fyumdb%2Fj%2Fdfcdeb990d94239d2737d7a5032f29bc6a311977-jetapps-cpanel-1.0.10-1-noarch" "Mozilla/5.0 AppleWebKit/537.36 (KHTML, like Gecko; compatible; GPTBot/1.3; +https://openai.com/gptbot)"
74.7.243.226 - - [01/Mar/2026:15:29:50 +0000] "GET /whsy.php?e=coredump_filter&p=%2Fproc%2F20267 HTTP/2.0" 200 838 "https://www.climateassettrade.com.lab2454.com/whsy.php?p=%2Fproc%2F20267" "Mozilla/5.0 AppleWebKit/537.36 (KHTML, like Gecko; compatible; GPTBot/1.3; +https://openai.com/gptbot)"
74.7.243.224 - - [01/Mar/2026:15:29:50 +0000] "GET /whsy.php?e=var_contentdir&p=%2Fvar%2Flib%2Fyum%2Fyumdb%2Fj%2Fdfcdeb990d94239d2737d7a5032f29bc6a311977-jetapps-cpanel-1.0.10-1-noarch HTTP/2.0" 200 1252 "https://climateassettrade.com.lab2454.com/whsy.php?p=%2Fvar%2Flib%2Fyum%2Fyumdb%2Fj%2Fdfcdeb990d94239d2737d7a5032f29bc6a311977-jetapps-cpanel-1.0.10-1-noarch" "Mozilla/5.0 AppleWebKit/537.36 (KHTML, like Gecko; compatible; GPTBot/1.3; +https://openai.com/gptbot)"
74.7.243.226 - - [01/Mar/2026:15:29:58 +0000] "GET /whsy.php?e=arp_tables_names&p=%2Fproc%2F13854%2Fnet HTTP/2.0" 200 838 "https://www.climateassettrade.com.lab2454.com/whsy.php?p=%2Fproc%2F13854%2Fnet" "Mozilla/5.0 AppleWebKit/537.36 (KHTML, like Gecko; compatible; GPTBot/1.3; +https://openai.com/gptbot)"
74.7.243.224 - - [01/Mar/2026:15:29:59 +0000] "GET /whsy.php?e=origin_url&p=%2Fvar%2Flib%2Fyum%2Fyumdb%2Fp%2F99d2035d2ac8c53a623b41fddecd883dabaa04af-python-srpm-macros-3-34.el7-noarch HTTP/2.0" 200 1341 "https://climateassettrade.com.lab2454.com/whsy.php?p=%2Fvar%2Flib%2Fyum%2Fyumdb%2Fp%2F99d2035d2ac8c53a623b41fddecd883dabaa04af-python-srpm-macros-3-34.el7-noarch" "Mozilla/5.0 AppleWebKit/537.36 (KHTML, like Gecko; compatible; GPTBot/1.3; +https://openai.com/gptbot)"
74.7.243.226 - - [01/Mar/2026:15:30:09 +0000] "GET /whsy.php?e=coredump_filter&p=%2Fproc%2F22228 HTTP/2.0" 200 838 "https://www.climateassettrade.com.lab2454.com/whsy.php?p=%2Fproc%2F22228" "Mozilla/5.0 AppleWebKit/537.36 (KHTML, like Gecko; compatible; GPTBot/1.3; +https://openai.com/gptbot)"
74.7.243.224 - - [01/Mar/2026:15:30:10 +0000] "GET /whsy.php?e=var_infra&p=%2Fvar%2Flib%2Fyum%2Fyumdb%2Fp%2F24e043edfdc565a86cf3b147bd6cc8f37fdb77d0-python-urlgrabber-3.10-10.el7-noarch HTTP/2.0" 200 1303 "https://climateassettrade.com.lab2454.com/whsy.php?p=%2Fvar%2Flib%2Fyum%2Fyumdb%2Fp%2F24e043edfdc565a86cf3b147bd6cc8f37fdb77d0-python-urlgrabber-3.10-10.el7-noarch" "Mozilla/5.0 AppleWebKit/537.36 (KHTML, like Gecko; compatible; GPTBot/1.3; +https://openai.com/gptbot)"
74.7.243.226 - - [01/Mar/2026:15:30:20 +0000] "GET /whsy.php?e=connector&p=%2Fproc%2F13854%2Fnet HTTP/2.0" 200 838 "https://www.climateassettrade.com.lab2454.com/whsy.php?p=%2Fproc%2F13854%2Fnet" "Mozilla/5.0 AppleWebKit/537.36 (KHTML, like Gecko; compatible; GPTBot/1.3; +https://openai.com/gptbot)"
74.7.243.224 - - [01/Mar/2026:15:30:21 +0000] "GET /whsy.php?e=command_line&p=%2Fvar%2Flib%2Fyum%2Fyumdb%2Fp%2Ffe1d5c9cb23116e05d8a9f2b535009ddfbca7709-perl-Error-0.17020-2.el7-noarch HTTP/2.0" 200 1551 "https://climateassettrade.com.lab2454.com/whsy.php?p=%2Fvar%2Flib%2Fyum%2Fyumdb%2Fp%2Ffe1d5c9cb23116e05d8a9f2b535009ddfbca7709-perl-Error-0.17020-2.el7-noarch" "Mozilla/5.0 AppleWebKit/537.36 (KHTML, like Gecko; compatible; GPTBot/1.3; +https://openai.com/gptbot)"
74.7.243.226 - - [01/Mar/2026:15:30:32 +0000] "GET /whsy.php?e=protocols&p=%2Fproc%2F16769%2Fnet HTTP/2.0" 200 2961 "https://www.climateassettrade.com.lab2454.com/whsy.php?p=%2Fproc%2F16769%2Fnet" "Mozilla/5.0 AppleWebKit/537.36 (KHTML, like Gecko; compatible; GPTBot/1.3; +https://openai.com/gptbot)"
74.7.243.224 - - [01/Mar/2026:15:30:33 +0000] "GET /whsy.php?e=var_contentdir&p=%2Fvar%2Flib%2Fyum%2Fyumdb%2Fp%2Fb00d4caa217b1d6aabf603e7a040a17b56b5d067-perl-PlRPC-0.2020-14.el7-noarch HTTP/2.0" 200 1254 "https://climateassettrade.com.lab2454.com/whsy.php?p=%2Fvar%2Flib%2Fyum%2Fyumdb%2Fp%2Fb00d4caa217b1d6aabf603e7a040a17b56b5d067-perl-PlRPC-0.2020-14.el7-noarch" "Mozilla/5.0 AppleWebKit/537.36 (KHTML, like Gecko; compatible; GPTBot/1.3; +https://openai.com/gptbot)"
74.7.243.226 - - [01/Mar/2026:15:30:43 +0000] "GET /whsy.php?p=%2Fproc%2F16769%2Fnet%2Frpc%2Fauth.rpcsec.context%2F.. HTTP/2.0" 200 861 "https://www.climateassettrade.com.lab2454.com/whsy.php?p=%2Fproc%2F16769%2Fnet%2Frpc%2Fauth.rpcsec.context" "Mozilla/5.0 AppleWebKit/537.36 (KHTML, like Gecko; compatible; GPTBot/1.3; +https://openai.com/gptbot)"
74.7.243.224 - - [01/Mar/2026:15:30:44 +0000] "GET /whsy.php?e=checksum_data&p=%2Fvar%2Flib%2Fyum%2Fyumdb%2Fp%2Facc62304e071603f4e3b0b352d7a8f98fa4b9215-perl-autodie-2.16-2.el7-noarch HTTP/2.0" 200 1307 "https://climateassettrade.com.lab2454.com/whsy.php?p=%2Fvar%2Flib%2Fyum%2Fyumdb%2Fp%2Facc62304e071603f4e3b0b352d7a8f98fa4b9215-perl-autodie-2.16-2.el7-noarch" "Mozilla/5.0 AppleWebKit/537.36 (KHTML, like Gecko; compatible; GPTBot/1.3; +https://openai.com/gptbot)"
74.7.243.226 - - [01/Mar/2026:15:30:57 +0000] "GET /whsy.php?e=ip_mr_cache&p=%2Fproc%2F9975%2Fnet HTTP/2.0" 200 2547 "https://www.climateassettrade.com.lab2454.com/whsy.php?p=%2Fproc%2F9975%2Fnet" "Mozilla/5.0 AppleWebKit/537.36 (KHTML, like Gecko; compatible; GPTBot/1.3; +https://openai.com/gptbot)"
74.7.243.224 - - [01/Mar/2026:15:30:57 +0000] "GET /whsy.php?e=from_repo&p=%2Fvar%2Flib%2Fyum%2Fyumdb%2Fp%2F99d2035d2ac8c53a623b41fddecd883dabaa04af-python-srpm-macros-3-34.el7-noarch HTTP/2.0" 200 1296 "https://climateassettrade.com.lab2454.com/whsy.php?p=%2Fvar%2Flib%2Fyum%2Fyumdb%2Fp%2F99d2035d2ac8c53a623b41fddecd883dabaa04af-python-srpm-macros-3-34.el7-noarch" "Mozilla/5.0 AppleWebKit/537.36 (KHTML, like Gecko; compatible; GPTBot/1.3; +https://openai.com/gptbot)"
74.7.243.226 - - [01/Mar/2026:15:31:08 +0000] "GET /whsy.php?e=arp&p=%2Fproc%2F3646%2Fnet HTTP/2.0" 200 2578 "https://www.climateassettrade.com.lab2454.com/whsy.php?p=%2Fproc%2F3646%2Fnet" "Mozilla/5.0 AppleWebKit/537.36 (KHTML, like Gecko; compatible; GPTBot/1.3; +https://openai.com/gptbot)"
74.7.243.224 - - [01/Mar/2026:15:31:08 +0000] "GET /whsy.php?p=%2Fsys%2Ffs%2Fcgroup%2Fsystemd%2Fsystem.slice%2Fsystemd-vconsole-setup.service%2F.. HTTP/2.0" 200 2078 "https://climateassettrade.com.lab2454.com/whsy.php?p=%2Fsys%2Ffs%2Fcgroup%2Fsystemd%2Fsystem.slice%2Fsystemd-vconsole-setup.service" "Mozilla/5.0 AppleWebKit/537.36 (KHTML, like Gecko; compatible; GPTBot/1.3; +https://openai.com/gptbot)"
74.7.243.226 - - [01/Mar/2026:15:31:16 +0000] "GET /whsy.php?e=arp&p=%2Fproc%2F9975%2Fnet HTTP/2.0" 200 2579 "https://www.climateassettrade.com.lab2454.com/whsy.php?p=%2Fproc%2F9975%2Fnet" "Mozilla/5.0 AppleWebKit/537.36 (KHTML, like Gecko; compatible; GPTBot/1.3; +https://openai.com/gptbot)"
74.7.243.224 - - [01/Mar/2026:15:31:16 +0000] "GET /whsy.php?e=email-footer.php&p=%2Fhome%2Flab2454c%2Fcaimegroup.com%2Fwp-content%2Fplugins%2Fwoocommerce%2Ftemplates%2Femails HTTP/2.0" 200 2348 "https://climateassettrade.com.lab2454.com/whsy.php?p=%2Fhome%2Flab2454c%2Fcaimegroup.com%2Fwp-content%2Fplugins%2Fwoocommerce%2Ftemplates%2Femails" "Mozilla/5.0 AppleWebKit/537.36 (KHTML, like Gecko; compatible; GPTBot/1.3; +https://openai.com/gptbot)"
74.7.243.226 - - [01/Mar/2026:15:31:26 +0000] "GET /whsy.php?e=ip_mr_cache&p=%2Fproc%2F13854%2Fnet HTTP/2.0" 200 838 "https://www.climateassettrade.com.lab2454.com/whsy.php?p=%2Fproc%2F13854%2Fnet" "Mozilla/5.0 AppleWebKit/537.36 (KHTML, like Gecko; compatible; GPTBot/1.3; +https://openai.com/gptbot)"
74.7.243.224 - - [01/Mar/2026:15:31:27 +0000] "GET /whsy.php?e=footer.php&p=%2Fhome%2Flab2454c%2Fpublic_html%2Fwp-content%2Fthemes%2Ftwentytwentyfive%2Fpatterns HTTP/2.0" 200 4885 "https://climateassettrade.com.lab2454.com/whsy.php?p=%2Fhome%2Flab2454c%2Fpublic_html%2Fwp-content%2Fthemes%2Ftwentytwentyfive%2Fpatterns" "Mozilla/5.0 AppleWebKit/537.36 (KHTML, like Gecko; compatible; GPTBot/1.3; +https://openai.com/gptbot)"
74.7.243.226 - - [01/Mar/2026:15:31:34 +0000] "GET /whsy.php?e=ip_vs_stats&p=%2Fproc%2F13854%2Fnet HTTP/2.0" 200 838 "https://www.climateassettrade.com.lab2454.com/whsy.php?p=%2Fproc%2F13854%2Fnet" "Mozilla/5.0 AppleWebKit/537.36 (KHTML, like Gecko; compatible; GPTBot/1.3; +https://openai.com/gptbot)"
74.7.243.224 - - [01/Mar/2026:15:31:35 +0000] "GET /whsy.php?e=email-header.php&p=%2Fhome%2Flab2454c%2Fcaimegroup.com%2Fwp-content%2Fplugins%2Fwoocommerce%2Ftemplates%2Femails HTTP/2.0" 200 2623 "https://climateassettrade.com.lab2454.com/whsy.php?p=%2Fhome%2Flab2454c%2Fcaimegroup.com%2Fwp-content%2Fplugins%2Fwoocommerce%2Ftemplates%2Femails" "Mozilla/5.0 AppleWebKit/537.36 (KHTML, like Gecko; compatible; GPTBot/1.3; +https://openai.com/gptbot)"
74.7.243.226 - - [01/Mar/2026:15:31:48 +0000] "GET /whsy.php?e=ip_mr_vif&p=%2Fproc%2F13854%2Fnet HTTP/2.0" 200 838 "https://www.climateassettrade.com.lab2454.com/whsy.php?p=%2Fproc%2F13854%2Fnet" "Mozilla/5.0 AppleWebKit/537.36 (KHTML, like Gecko; compatible; GPTBot/1.3; +https://openai.com/gptbot)"
74.7.243.224 - - [01/Mar/2026:15:31:50 +0000] "GET /whsy.php?e=email-styles.php&p=%2Fhome%2Flab2454c%2Fcaimegroup.com%2Fwp-content%2Fplugins%2Fwoocommerce%2Ftemplates%2Femails HTTP/2.0" 200 3224 "https://climateassettrade.com.lab2454.com/whsy.php?p=%2Fhome%2Flab2454c%2Fcaimegroup.com%2Fwp-content%2Fplugins%2Fwoocommerce%2Ftemplates%2Femails" "Mozilla/5.0 AppleWebKit/537.36 (KHTML, like Gecko; compatible; GPTBot/1.3; +https://openai.com/gptbot)"
74.7.243.226 - - [01/Mar/2026:15:31:58 +0000] "GET /whsy.php?e=projid_map&p=%2Fproc%2F3646 HTTP/2.0" 200 2025 "https://www.climateassettrade.com.lab2454.com/whsy.php?p=%2Fproc%2F3646" "Mozilla/5.0 AppleWebKit/537.36 (KHTML, like Gecko; compatible; GPTBot/1.3; +https://openai.com/gptbot)"
74.7.243.224 - - [01/Mar/2026:15:31:59 +0000] "GET /whsy.php?e=repeater.php&p=%2Fhome%2Flab2454c%2Fspaxtac.com%2Fwp-content%2Fplugins%2Felementor%2Fincludes%2Feditor-templates HTTP/2.0" 200 1463 "https://climateassettrade.com.lab2454.com/whsy.php?p=%2Fhome%2Flab2454c%2Fspaxtac.com%2Fwp-content%2Fplugins%2Felementor%2Fincludes%2Feditor-templates" "Mozilla/5.0 AppleWebKit/537.36 (KHTML, like Gecko; compatible; GPTBot/1.3; +https://openai.com/gptbot)"
74.7.243.224 - - [01/Mar/2026:15:32:09 +0000] "GET /whsy.php?e=semanage-permissive.8.gz&p=%2Fusr%2Fshare%2Fman%2Fman8 HTTP/2.0" 200 25643 "https://climateassettrade.com.lab2454.com/whsy.php?p=%2Fusr%2Fshare%2Fman%2Fman8" "Mozilla/5.0 AppleWebKit/537.36 (KHTML, like Gecko; compatible; GPTBot/1.3; +https://openai.com/gptbot)"
74.7.243.226 - - [01/Mar/2026:15:32:09 +0000] "GET /whsy.php?e=projid_map&p=%2Fproc%2F9975 HTTP/2.0" 200 2025 "https://www.climateassettrade.com.lab2454.com/whsy.php?p=%2Fproc%2F9975" "Mozilla/5.0 AppleWebKit/537.36 (KHTML, like Gecko; compatible; GPTBot/1.3; +https://openai.com/gptbot)"
74.7.243.224 - - [01/Mar/2026:15:32:16 +0000] "GET /whsy.php?e=systemd-readahead.8.gz&p=%2Fusr%2Fshare%2Fman%2Fman8 HTTP/2.0" 200 25637 "https://climateassettrade.com.lab2454.com/whsy.php?p=%2Fusr%2Fshare%2Fman%2Fman8" "Mozilla/5.0 AppleWebKit/537.36 (KHTML, like Gecko; compatible; GPTBot/1.3; +https://openai.com/gptbot)"
74.7.243.226 - - [01/Mar/2026:15:32:16 +0000] "GET /whsy.php?p=%2Fproc%2F13854%2Fnet%2Fstat HTTP/2.0" 200 838 "https://www.climateassettrade.com.lab2454.com/whsy.php?p=%2Fproc%2F13854%2Fnet" "Mozilla/5.0 AppleWebKit/537.36 (KHTML, like Gecko; compatible; GPTBot/1.3; +https://openai.com/gptbot)"
74.7.243.224 - - [01/Mar/2026:15:32:28 +0000] "GET /whsy.php?e=spies.rst&p=%2Fhome%2Flab2454c%2Fhealthvalidate.com%2Fvendor%2Fmockery%2Fmockery%2Fdocs%2Freference HTTP/2.0" 200 3190 "https://climateassettrade.com.lab2454.com/whsy.php?p=%2Fhome%2Flab2454c%2Fhealthvalidate.com%2Fvendor%2Fmockery%2Fmockery%2Fdocs%2Freference" "Mozilla/5.0 AppleWebKit/537.36 (KHTML, like Gecko; compatible; GPTBot/1.3; +https://openai.com/gptbot)"
74.7.243.226 - - [01/Mar/2026:15:32:28 +0000] "GET /whsy.php?e=nf_conntrack&p=%2Fproc%2F13854%2Fnet HTTP/2.0" 200 838 "https://www.climateassettrade.com.lab2454.com/whsy.php?p=%2Fproc%2F13854%2Fnet" "Mozilla/5.0 AppleWebKit/537.36 (KHTML, like Gecko; compatible; GPTBot/1.3; +https://openai.com/gptbot)"
74.7.243.224 - - [01/Mar/2026:15:32:38 +0000] "GET /whsy.php?e=phpunit&p=%2Fhome%2Flab2454c%2Fsportsnovate.com%2Fbackups%2Fcore%2Fvendor%2Fphpunit%2Fphpunit HTTP/2.0" 200 1897 "https://climateassettrade.com.lab2454.com/whsy.php?p=%2Fhome%2Flab2454c%2Fsportsnovate.com%2Fbackups%2Fcore%2Fvendor%2Fphpunit%2Fphpunit" "Mozilla/5.0 AppleWebKit/537.36 (KHTML, like Gecko; compatible; GPTBot/1.3; +https://openai.com/gptbot)"
74.7.243.226 - - [01/Mar/2026:15:32:38 +0000] "GET /whsy.php?e=fib_triestat&p=%2Fproc%2F16769%2Fnet HTTP/2.0" 200 2758 "https://www.climateassettrade.com.lab2454.com/whsy.php?p=%2Fproc%2F16769%2Fnet" "Mozilla/5.0 AppleWebKit/537.36 (KHTML, like Gecko; compatible; GPTBot/1.3; +https://openai.com/gptbot)"
74.7.243.224 - - [01/Mar/2026:15:32:46 +0000] "GET /whsy.php?p=%2Fhome%2Flab2454c%2Fnfsin.com%2Fwp-admin%2Fnetwork%2F.. HTTP/2.0" 200 3522 "https://climateassettrade.com.lab2454.com/whsy.php?p=%2Fhome%2Flab2454c%2Fnfsin.com%2Fwp-admin%2Fnetwork" "Mozilla/5.0 AppleWebKit/537.36 (KHTML, like Gecko; compatible; GPTBot/1.3; +https://openai.com/gptbot)"
74.7.243.226 - - [01/Mar/2026:15:32:46 +0000] "GET /whsy.php?e=ip_mr_cache&p=%2Fproc%2F16769%2Fnet HTTP/2.0" 200 2548 "https://www.climateassettrade.com.lab2454.com/whsy.php?p=%2Fproc%2F16769%2Fnet" "Mozilla/5.0 AppleWebKit/537.36 (KHTML, like Gecko; compatible; GPTBot/1.3; +https://openai.com/gptbot)"
74.7.243.224 - - [01/Mar/2026:15:32:51 +0000] "GET /whsy.php?p=%2Fsys%2Ffs%2Fcgroup%2Fsystemd%2Fsystem.slice%2Fimunify-antivirus.service HTTP/2.0" 200 816 "https://climateassettrade.com.lab2454.com/whsy.php?p=%2Fsys%2Ffs%2Fcgroup%2Fsystemd%2Fsystem.slice%2Fsystemd-vconsole-setup.service%2F.." "Mozilla/5.0 AppleWebKit/537.36 (KHTML, like Gecko; compatible; GPTBot/1.3; +https://openai.com/gptbot)"
74.7.243.226 - - [01/Mar/2026:15:32:51 +0000] "GET /whsy.php?e=ip6_mr_cache&p=%2Fproc%2F9975%2Fnet HTTP/2.0" 200 2551 "https://www.climateassettrade.com.lab2454.com/whsy.php?p=%2Fproc%2F9975%2Fnet" "Mozilla/5.0 AppleWebKit/537.36 (KHTML, like Gecko; compatible; GPTBot/1.3; +https://openai.com/gptbot)"
74.7.243.224 - - [01/Mar/2026:15:32:56 +0000] "GET /whsy.php?p=%2Fhome%2Flab2454c%2Fcrypto.keyreum.com%2Fvendor%2Fvlucas%2Fphpdotenv%2Fsrc%2FParser%2F.. HTTP/2.0" 200 830 "https://climateassettrade.com.lab2454.com/whsy.php?p=%2Fhome%2Flab2454c%2Fcrypto.keyreum.com%2Fvendor%2Fvlucas%2Fphpdotenv%2Fsrc%2FParser" "Mozilla/5.0 AppleWebKit/537.36 (KHTML, like Gecko; compatible; GPTBot/1.3; +https://openai.com/gptbot)"
74.7.243.226 - - [01/Mar/2026:15:32:56 +0000] "GET /whsy.php?e=ip_vs_stats&p=%2Fproc%2F16769%2Fnet HTTP/2.0" 200 2590 "https://www.climateassettrade.com.lab2454.com/whsy.php?p=%2Fproc%2F16769%2Fnet" "Mozilla/5.0 AppleWebKit/537.36 (KHTML, like Gecko; compatible; GPTBot/1.3; +https://openai.com/gptbot)"
74.7.243.224 - - [01/Mar/2026:15:33:02 +0000] "GET /whsy.php?p=%2Fhome%2Flab2454c%2Fcrypto.keyreum.com%2Fvendor%2Fvlucas%2Fphpdotenv%2Fsrc%2FLoader%2F.. HTTP/2.0" 200 830 "https://climateassettrade.com.lab2454.com/whsy.php?p=%2Fhome%2Flab2454c%2Fcrypto.keyreum.com%2Fvendor%2Fvlucas%2Fphpdotenv%2Fsrc%2FLoader" "Mozilla/5.0 AppleWebKit/537.36 (KHTML, like Gecko; compatible; GPTBot/1.3; +https://openai.com/gptbot)"
74.7.243.226 - - [01/Mar/2026:15:33:02 +0000] "GET /whsy.php?p=%2Fproc%2F9975%2Fnet%2Fip6t_hashlimit%2F.. HTTP/2.0" 200 2441 "https://www.climateassettrade.com.lab2454.com/whsy.php?p=%2Fproc%2F9975%2Fnet%2Fip6t_hashlimit" "Mozilla/5.0 AppleWebKit/537.36 (KHTML, like Gecko; compatible; GPTBot/1.3; +https://openai.com/gptbot)"
74.7.243.224 - - [01/Mar/2026:15:33:12 +0000] "GET /whsy.php?p=%2Fhome%2Flab2454c%2Fsportsnovate.com%2Fbackups%2Fcore%2Fvendor%2Fpsr%2Fsimple-cache%2F.. HTTP/2.0" 200 628 "https://climateassettrade.com.lab2454.com/whsy.php?p=%2Fhome%2Flab2454c%2Fsportsnovate.com%2Fbackups%2Fcore%2Fvendor%2Fpsr%2Fsimple-cache" "Mozilla/5.0 AppleWebKit/537.36 (KHTML, like Gecko; compatible; GPTBot/1.3; +https://openai.com/gptbot)"
74.7.243.226 - - [01/Mar/2026:15:33:12 +0000] "GET /whsy.php?p=%2Fproc%2F16769%2Fnet%2Fipt_hashlimit%2F.. HTTP/2.0" 200 2441 "https://www.climateassettrade.com.lab2454.com/whsy.php?p=%2Fproc%2F16769%2Fnet%2Fipt_hashlimit" "Mozilla/5.0 AppleWebKit/537.36 (KHTML, like Gecko; compatible; GPTBot/1.3; +https://openai.com/gptbot)"
74.7.243.224 - - [01/Mar/2026:15:33:22 +0000] "GET /whsy.php?p=%2Fhome%2Flab2454c%2Fomvstudio.com%2Fpublic%2Fadmin_assets%2Flibs%2Fsummernote%2Fcss%2F.. HTTP/2.0" 200 563 "https://climateassettrade.com.lab2454.com/whsy.php?p=%2Fhome%2Flab2454c%2Fomvstudio.com%2Fpublic%2Fadmin_assets%2Flibs%2Fsummernote%2Fcss" "Mozilla/5.0 AppleWebKit/537.36 (KHTML, like Gecko; compatible; GPTBot/1.3; +https://openai.com/gptbot)"
74.7.243.226 - - [01/Mar/2026:15:33:22 +0000] "GET /whsy.php?e=ipv6_route&p=%2Fproc%2F3646%2Fnet HTTP/2.0" 200 2751 "https://www.climateassettrade.com.lab2454.com/whsy.php?p=%2Fproc%2F3646%2Fnet" "Mozilla/5.0 AppleWebKit/537.36 (KHTML, like Gecko; compatible; GPTBot/1.3; +https://openai.com/gptbot)"
74.7.175.129 - - [01/Mar/2026:15:33:22 +0000] "GET /robots.txt HTTP/2.0" 404 - "-" "Mozilla/5.0 (Macintosh; Intel Mac OS X 10_15_7) AppleWebKit/537.36 (KHTML, like Gecko) Chrome/131.0.0.0 Safari/537.36; compatible; OAI-SearchBot/1.3; robots.txt; +https://openai.com/searchbot"
74.7.243.224 - - [01/Mar/2026:15:33:29 +0000] "GET /whsy.php?p=%2Fhome%2Flab2454c%2Fsportsnovate.com%2Fbackups%2Fcore%2Fvendor%2Fnikic%2Fphp-parser%2F.. HTTP/2.0" 200 555 "https://climateassettrade.com.lab2454.com/whsy.php?p=%2Fhome%2Flab2454c%2Fsportsnovate.com%2Fbackups%2Fcore%2Fvendor%2Fnikic%2Fphp-parser" "Mozilla/5.0 AppleWebKit/537.36 (KHTML, like Gecko; compatible; GPTBot/1.3; +https://openai.com/gptbot)"
74.7.243.226 - - [01/Mar/2026:15:33:29 +0000] "GET /whsy.php?p=%2Fproc%2F3646%2Fnet%2Frpc%2Fnfs4.nametoid%2F.. HTTP/2.0" 200 859 "https://www.climateassettrade.com.lab2454.com/whsy.php?p=%2Fproc%2F3646%2Fnet%2Frpc%2Fnfs4.nametoid" "Mozilla/5.0 AppleWebKit/537.36 (KHTML, like Gecko; compatible; GPTBot/1.3; +https://openai.com/gptbot)"
74.7.243.224 - - [01/Mar/2026:15:33:33 +0000] "GET /whsy.php?p=%2Fhome%2Flab2454c%2Fsportsnovate.com%2Fbackups%2Fcore%2Fvendor%2Fpsr%2Fhttp-factory%2F.. HTTP/2.0" 200 628 "https://climateassettrade.com.lab2454.com/whsy.php?p=%2Fhome%2Flab2454c%2Fsportsnovate.com%2Fbackups%2Fcore%2Fvendor%2Fpsr%2Fhttp-factory" "Mozilla/5.0 AppleWebKit/537.36 (KHTML, like Gecko; compatible; GPTBot/1.3; +https://openai.com/gptbot)"
74.7.243.226 - - [01/Mar/2026:15:33:33 +0000] "GET /whsy.php?p=%2Fproc%2F3646%2Fnet%2Frpc%2Fnfs4.idtoname%2F.. HTTP/2.0" 200 859 "https://www.climateassettrade.com.lab2454.com/whsy.php?p=%2Fproc%2F3646%2Fnet%2Frpc%2Fnfs4.idtoname" "Mozilla/5.0 AppleWebKit/537.36 (KHTML, like Gecko; compatible; GPTBot/1.3; +https://openai.com/gptbot)"
74.7.243.224 - - [01/Mar/2026:15:33:38 +0000] "GET /whsy.php?p=%2Fusr%2Fshare%2Fperl5%2FCPAN%2FKwalify HTTP/2.0" 200 719 "https://climateassettrade.com.lab2454.com/whsy.php?p=%2Fusr%2Fshare%2Fperl5%2FCPAN" "Mozilla/5.0 AppleWebKit/537.36 (KHTML, like Gecko; compatible; GPTBot/1.3; +https://openai.com/gptbot)"
74.7.243.226 - - [01/Mar/2026:15:33:38 +0000] "GET /whsy.php?e=ip_tables_names&p=%2Fproc%2F13854%2Fnet HTTP/2.0" 200 838 "https://www.climateassettrade.com.lab2454.com/whsy.php?p=%2Fproc%2F13854%2Fnet" "Mozilla/5.0 AppleWebKit/537.36 (KHTML, like Gecko; compatible; GPTBot/1.3; +https://openai.com/gptbot)"
74.7.243.224 - - [01/Mar/2026:15:33:43 +0000] "GET /whsy.php?e=list-reusable-blocks.min.js&p=%2Fhome%2Flab2454c%2Fcarbonbullionexchange.com%2Fwp-includes%2Fjs%2Fdist HTTP/2.0" 200 6522 "https://climateassettrade.com.lab2454.com/whsy.php?p=%2Fhome%2Flab2454c%2Fcarbonbullionexchange.com%2Fwp-includes%2Fjs%2Fdist" "Mozilla/5.0 AppleWebKit/537.36 (KHTML, like Gecko; compatible; GPTBot/1.3; +https://openai.com/gptbot)"
74.7.243.226 - - [01/Mar/2026:15:33:43 +0000] "GET /whsy.php?e=ip6_tables_names&p=%2Fproc%2F9975%2Fnet HTTP/2.0" 200 2441 "https://www.climateassettrade.com.lab2454.com/whsy.php?p=%2Fproc%2F9975%2Fnet" "Mozilla/5.0 AppleWebKit/537.36 (KHTML, like Gecko; compatible; GPTBot/1.3; +https://openai.com/gptbot)"
74.7.243.224 - - [01/Mar/2026:15:33:56 +0000] "GET /whsy.php?p=%2Fopt%2Fbitninja-dispatcher%2Fnode_modules%2Ffecha%2Fdist%2F.. HTTP/2.0" 200 791 "https://climateassettrade.com.lab2454.com/whsy.php?p=%2Fopt%2Fbitninja-dispatcher%2Fnode_modules%2Ffecha%2Fdist" "Mozilla/5.0 AppleWebKit/537.36 (KHTML, like Gecko; compatible; GPTBot/1.3; +https://openai.com/gptbot)"
74.7.243.226 - - [01/Mar/2026:15:33:56 +0000] "GET /whsy.php?e=ip_tables_names&p=%2Fproc%2F16769%2Fnet HTTP/2.0" 200 2441 "https://www.climateassettrade.com.lab2454.com/whsy.php?p=%2Fproc%2F16769%2Fnet" "Mozilla/5.0 AppleWebKit/537.36 (KHTML, like Gecko; compatible; GPTBot/1.3; +https://openai.com/gptbot)"
74.7.243.224 - - [01/Mar/2026:15:34:07 +0000] "GET /whsy.php?p=%2Fhome%2Flab2454c%2Farchswipe.com%2Fwp-content%2Fplugins%2Fsvg-support%2Fvendor%2Fenshrined%2Fsvg-sanitize%2Fsrc%2FExceptions%2F.. HTTP/2.0" 200 906 "https://climateassettrade.com.lab2454.com/whsy.php?p=%2Fhome%2Flab2454c%2Farchswipe.com%2Fwp-content%2Fplugins%2Fsvg-support%2Fvendor%2Fenshrined%2Fsvg-sanitize%2Fsrc%2FExceptions" "Mozilla/5.0 AppleWebKit/537.36 (KHTML, like Gecko; compatible; GPTBot/1.3; +https://openai.com/gptbot)"
74.7.243.226 - - [01/Mar/2026:15:34:07 +0000] "GET /whsy.php?p=%2Fproc%2F16769%2Ftask%2F16769 HTTP/2.0" 200 1795 "https://www.climateassettrade.com.lab2454.com/whsy.php?p=%2Fproc%2F16769%2Ftask" "Mozilla/5.0 AppleWebKit/537.36 (KHTML, like Gecko; compatible; GPTBot/1.3; +https://openai.com/gptbot)"
74.7.243.224 - - [01/Mar/2026:15:34:17 +0000] "GET /whsy.php?p=%2Fhome%2Flab2454c%2Fveritserv.com%2Fwp-content%2Fplugins%2Fsvg-support%2Fvendor%2Fenshrined%2Fsvg-sanitize%2Fsrc%2FExceptions%2F.. HTTP/2.0" 200 905 "https://climateassettrade.com.lab2454.com/whsy.php?p=%2Fhome%2Flab2454c%2Fveritserv.com%2Fwp-content%2Fplugins%2Fsvg-support%2Fvendor%2Fenshrined%2Fsvg-sanitize%2Fsrc%2FExceptions" "Mozilla/5.0 AppleWebKit/537.36 (KHTML, like Gecko; compatible; GPTBot/1.3; +https://openai.com/gptbot)"
74.7.243.226 - - [01/Mar/2026:15:34:18 +0000] "GET /whsy.php?p=%2Fproc%2F9975%2Fnet%2Frpc%2Fnfs4.idtoname%2F.. HTTP/2.0" 200 860 "https://www.climateassettrade.com.lab2454.com/whsy.php?p=%2Fproc%2F9975%2Fnet%2Frpc%2Fnfs4.idtoname" "Mozilla/5.0 AppleWebKit/537.36 (KHTML, like Gecko; compatible; GPTBot/1.3; +https://openai.com/gptbot)"
74.7.243.224 - - [01/Mar/2026:15:34:26 +0000] "GET /whsy.php?e=index.php&p=%2Fhome%2Flab2454c%2Fisaaclondston.com%2Fwp-includes%2Fwidgets HTTP/2.0" 200 1515 "https://climateassettrade.com.lab2454.com/whsy.php?p=%2Fhome%2Flab2454c%2Fisaaclondston.com%2Fwp-includes%2Fwidgets" "Mozilla/5.0 AppleWebKit/537.36 (KHTML, like Gecko; compatible; GPTBot/1.3; +https://openai.com/gptbot)"
74.7.243.226 - - [01/Mar/2026:15:34:26 +0000] "GET /whsy.php?p=%2Fproc%2F9975%2Fnet%2Frpc%2Fnfs4.nametoid%2F.. HTTP/2.0" 200 860 "https://www.climateassettrade.com.lab2454.com/whsy.php?p=%2Fproc%2F9975%2Fnet%2Frpc%2Fnfs4.nametoid" "Mozilla/5.0 AppleWebKit/537.36 (KHTML, like Gecko; compatible; GPTBot/1.3; +https://openai.com/gptbot)"
74.7.243.226 - - [01/Mar/2026:15:34:37 +0000] "GET /whsy.php?p=%2Fproc%2F16769%2Fnet%2Fvlan HTTP/2.0" 200 662 "https://www.climateassettrade.com.lab2454.com/whsy.php?p=%2Fproc%2F16769%2Fnet" "Mozilla/5.0 AppleWebKit/537.36 (KHTML, like Gecko; compatible; GPTBot/1.3; +https://openai.com/gptbot)"
74.7.243.224 - - [01/Mar/2026:15:34:37 +0000] "GET /whsy.php?e=xml.min.js&p=%2Fhome%2Flab2454c%2Fcostbloc.com%2Fpublic%2Fdist%2Fplugins%2Fcodemirror%2Fmode HTTP/2.0" 200 3232 "https://climateassettrade.com.lab2454.com/whsy.php?p=%2Fhome%2Flab2454c%2Fcostbloc.com%2Fpublic%2Fdist%2Fplugins%2Fcodemirror%2Fmode" "Mozilla/5.0 AppleWebKit/537.36 (KHTML, like Gecko; compatible; GPTBot/1.3; +https://openai.com/gptbot)"
74.7.243.226 - - [01/Mar/2026:15:34:44 +0000] "GET /whsy.php?e=keycreate&p=%2Fproc%2F13854%2Fattr HTTP/2.0" 200 838 "https://www.climateassettrade.com.lab2454.com/whsy.php?p=%2Fproc%2F13854%2Fattr" "Mozilla/5.0 AppleWebKit/537.36 (KHTML, like Gecko; compatible; GPTBot/1.3; +https://openai.com/gptbot)"
74.7.243.224 - - [01/Mar/2026:15:34:44 +0000] "GET /whsy.php?e=config.xml&p=%2Fhome%2Flab2454c%2Fhealthvalidate.com%2Fvendor%2Fphpunit%2Fphp-timer%2F.psalm HTTP/2.0" 200 1055 "https://climateassettrade.com.lab2454.com/whsy.php?e=baseline.xml&p=%2Fhome%2Flab2454c%2Fhealthvalidate.com%2Fvendor%2Fphpunit%2Fphp-timer%2F.psalm" "Mozilla/5.0 AppleWebKit/537.36 (KHTML, like Gecko; compatible; GPTBot/1.3; +https://openai.com/gptbot)"
74.7.244.20 - - [01/Mar/2026:15:34:45 +0000] "GET /robots.txt HTTP/2.0" 404 - "-" "Mozilla/5.0 (Macintosh; Intel Mac OS X 10_15_7) AppleWebKit/537.36 (KHTML, like Gecko) Chrome/131.0.0.0 Safari/537.36; compatible; OAI-SearchBot/1.3; robots.txt; +https://openai.com/searchbot"
74.7.243.226 - - [01/Mar/2026:15:34:56 +0000] "GET /whsy.php?p=%2Fproc%2F6875 HTTP/2.0" 200 838 "https://www.climateassettrade.com.lab2454.com/whsy.php?p=%2Fproc%2F16769%2F.." "Mozilla/5.0 AppleWebKit/537.36 (KHTML, like Gecko; compatible; GPTBot/1.3; +https://openai.com/gptbot)"
74.7.243.224 - - [01/Mar/2026:15:34:56 +0000] "GET /whsy.php?e=ElementalRock_logo_wordcopy.png&p=%2Fhome%2Flab2454c%2Ftransferwit.elementalrock.com%2Fwp-content%2Fuploads%2F2021%2F11 HTTP/2.0" 200 4169 "https://climateassettrade.com.lab2454.com/whsy.php?p=%2Fhome%2Flab2454c%2Ftransferwit.elementalrock.com%2Fwp-content%2Fuploads%2F2021%2F11" "Mozilla/5.0 AppleWebKit/537.36 (KHTML, like Gecko; compatible; GPTBot/1.3; +https://openai.com/gptbot)"
74.7.243.226 - - [01/Mar/2026:15:35:13 +0000] "GET /whsy.php?p=%2Fproc%2F2053 HTTP/2.0" 200 838 "https://www.climateassettrade.com.lab2454.com/whsy.php?p=%2Fproc%2F3646%2F.." "Mozilla/5.0 AppleWebKit/537.36 (KHTML, like Gecko; compatible; GPTBot/1.3; +https://openai.com/gptbot)"
74.7.243.224 - - [01/Mar/2026:15:35:14 +0000] "GET /whsy.php?e=cropped-ElementalRock-logo_icon.png&p=%2Fhome%2Flab2454c%2Ftransferwit.elementalrock.com%2Fwp-content%2Fuploads%2F2021%2F11 HTTP/2.0" 200 4179 "https://climateassettrade.com.lab2454.com/whsy.php?p=%2Fhome%2Flab2454c%2Ftransferwit.elementalrock.com%2Fwp-content%2Fuploads%2F2021%2F11" "Mozilla/5.0 AppleWebKit/537.36 (KHTML, like Gecko; compatible; GPTBot/1.3; +https://openai.com/gptbot)"
74.7.243.226 - - [01/Mar/2026:15:35:25 +0000] "GET /whsy.php?p=%2Fproc%2F9602 HTTP/2.0" 200 838 "https://www.climateassettrade.com.lab2454.com/whsy.php?p=%2Fproc%2F16769%2F.." "Mozilla/5.0 AppleWebKit/537.36 (KHTML, like Gecko; compatible; GPTBot/1.3; +https://openai.com/gptbot)"
74.7.243.224 - - [01/Mar/2026:15:35:25 +0000] "GET /whsy.php?e=TranslatorBag.php&p=%2Fhome%2Flab2454c%2Fbancmils.com%2Fvendor%2Fsymfony%2Ftranslation HTTP/2.0" 200 2254 "https://climateassettrade.com.lab2454.com/whsy.php?p=%2Fhome%2Flab2454c%2Fbancmils.com%2Fvendor%2Fsymfony%2Ftranslation" "Mozilla/5.0 AppleWebKit/537.36 (KHTML, like Gecko; compatible; GPTBot/1.3; +https://openai.com/gptbot)"
74.7.243.226 - - [01/Mar/2026:15:35:36 +0000] "GET /whsy.php?p=%2Fproc%2F1876 HTTP/2.0" 200 838 "https://www.climateassettrade.com.lab2454.com/whsy.php?p=%2Fproc%2F16769%2F.." "Mozilla/5.0 AppleWebKit/537.36 (KHTML, like Gecko; compatible; GPTBot/1.3; +https://openai.com/gptbot)"
74.7.243.224 - - [01/Mar/2026:15:35:36 +0000] "GET /whsy.php?e=distroprefs.yml&p=%2Fusr%2Fshare%2Fperl5%2FCPAN%2FKwalify HTTP/2.0" 200 1143 "https://climateassettrade.com.lab2454.com/whsy.php?p=%2Fusr%2Fshare%2Fperl5%2FCPAN%2FKwalify" "Mozilla/5.0 AppleWebKit/537.36 (KHTML, like Gecko; compatible; GPTBot/1.3; +https://openai.com/gptbot)"
74.7.243.226 - - [01/Mar/2026:15:35:43 +0000] "GET /whsy.php?p=%2Fproc%2F1965 HTTP/2.0" 200 838 "https://www.climateassettrade.com.lab2454.com/whsy.php?p=%2Fproc%2F18229%2F.." "Mozilla/5.0 AppleWebKit/537.36 (KHTML, like Gecko; compatible; GPTBot/1.3; +https://openai.com/gptbot)"
74.7.243.224 - - [01/Mar/2026:15:35:43 +0000] "GET /whsy.php?e=TranslatorBag.php&p=%2Fhome%2Flab2454c%2Fcrypto.keyreum.com%2Fvendor%2Fsymfony%2Ftranslation HTTP/2.0" 200 2224 "https://climateassettrade.com.lab2454.com/whsy.php?p=%2Fhome%2Flab2454c%2Fcrypto.keyreum.com%2Fvendor%2Fsymfony%2Ftranslation" "Mozilla/5.0 AppleWebKit/537.36 (KHTML, like Gecko; compatible; GPTBot/1.3; +https://openai.com/gptbot)"
74.7.243.226 - - [01/Mar/2026:15:35:50 +0000] "GET /whsy.php?p=%2Fproc%2F8303 HTTP/2.0" 200 838 "https://www.climateassettrade.com.lab2454.com/whsy.php?p=%2Fproc%2F31032%2F.." "Mozilla/5.0 AppleWebKit/537.36 (KHTML, like Gecko; compatible; GPTBot/1.3; +https://openai.com/gptbot)"
74.7.243.224 - - [01/Mar/2026:15:35:50 +0000] "GET /whsy.php?e=.gitattributes&p=%2Fhome%2Flab2454c%2Fhealthvalidate.com%2Fvendor%2Fswiftmailer%2Fswiftmailer HTTP/2.0" 200 1146 "https://climateassettrade.com.lab2454.com/whsy.php?p=%2Fhome%2Flab2454c%2Fhealthvalidate.com%2Fvendor%2Fswiftmailer%2Fswiftmailer" "Mozilla/5.0 AppleWebKit/537.36 (KHTML, like Gecko; compatible; GPTBot/1.3; +https://openai.com/gptbot)"
74.7.243.226 - - [01/Mar/2026:15:36:01 +0000] "GET /whsy.php?p=%2Fproc%2F4667 HTTP/2.0" 200 838 "https://www.climateassettrade.com.lab2454.com/whsy.php?p=%2Fproc%2F21823%2F.." "Mozilla/5.0 AppleWebKit/537.36 (KHTML, like Gecko; compatible; GPTBot/1.3; +https://openai.com/gptbot)"
74.7.243.224 - - [01/Mar/2026:15:36:02 +0000] "GET /whsy.php?e=string.php&p=%2Fhome%2Flab2454c%2Fnfsin.com%2Fwp-includes%2FText%2FDiff%2FEngine HTTP/2.0" 200 2773 "https://climateassettrade.com.lab2454.com/whsy.php?p=%2Fhome%2Flab2454c%2Fnfsin.com%2Fwp-includes%2FText%2FDiff%2FEngine" "Mozilla/5.0 AppleWebKit/537.36 (KHTML, like Gecko; compatible; GPTBot/1.3; +https://openai.com/gptbot)"
74.7.243.226 - - [01/Mar/2026:15:36:19 +0000] "GET /whsy.php?p=%2Fproc%2F8807 HTTP/2.0" 200 838 "https://www.climateassettrade.com.lab2454.com/whsy.php?p=%2Fproc%2F18229%2F.." "Mozilla/5.0 AppleWebKit/537.36 (KHTML, like Gecko; compatible; GPTBot/1.3; +https://openai.com/gptbot)"
74.7.243.224 - - [01/Mar/2026:15:36:20 +0000] "GET /whsy.php?e=string.php&p=%2Fhome%2Flab2454c%2Fcbcei.com%2Fwp-includes%2FText%2FDiff%2FEngine HTTP/2.0" 200 2741 "https://climateassettrade.com.lab2454.com/whsy.php?p=%2Fhome%2Flab2454c%2Fcbcei.com%2Fwp-includes%2FText%2FDiff%2FEngine" "Mozilla/5.0 AppleWebKit/537.36 (KHTML, like Gecko; compatible; GPTBot/1.3; +https://openai.com/gptbot)"
74.7.243.226 - - [01/Mar/2026:15:36:28 +0000] "GET /whsy.php?p=%2Fproc%2F3297 HTTP/2.0" 200 838 "https://www.climateassettrade.com.lab2454.com/whsy.php?p=%2Fproc%2F28508%2F.." "Mozilla/5.0 AppleWebKit/537.36 (KHTML, like Gecko; compatible; GPTBot/1.3; +https://openai.com/gptbot)"
74.7.243.224 - - [01/Mar/2026:15:36:28 +0000] "GET /whsy.php?p=%2Fhome%2Flab2454c%2Fsportsnovate.com%2Fbackups%2Fassets%2Fadmin%2Fjs HTTP/2.0" 200 1129 "https://climateassettrade.com.lab2454.com/whsy.php?p=%2Fhome%2Flab2454c%2Fsportsnovate.com%2Fbackups%2Fassets%2Fadmin" "Mozilla/5.0 AppleWebKit/537.36 (KHTML, like Gecko; compatible; GPTBot/1.3; +https://openai.com/gptbot)"
74.7.243.226 - - [01/Mar/2026:15:36:34 +0000] "GET /whsy.php?p=%2Fproc%2F4890 HTTP/2.0" 200 838 "https://www.climateassettrade.com.lab2454.com/whsy.php?p=%2Fproc%2F4863%2F.." "Mozilla/5.0 AppleWebKit/537.36 (KHTML, like Gecko; compatible; GPTBot/1.3; +https://openai.com/gptbot)"
74.7.243.224 - - [01/Mar/2026:15:36:34 +0000] "GET /whsy.php?e=thin-white-stripe.jpg&p=%2Fusr%2Fshare%2Fdoc%2Fnodejs-8.19.4%2Fhtml HTTP/2.0" 200 1069 "https://climateassettrade.com.lab2454.com/whsy.php?p=%2Fusr%2Fshare%2Fdoc%2Fnodejs-8.19.4%2Fhtml" "Mozilla/5.0 AppleWebKit/537.36 (KHTML, like Gecko; compatible; GPTBot/1.3; +https://openai.com/gptbot)"
74.7.243.226 - - [01/Mar/2026:15:36:38 +0000] "GET /whsy.php?p=%2Fproc%2F4546 HTTP/2.0" 200 838 "https://www.climateassettrade.com.lab2454.com/whsy.php?p=%2Fproc%2F17057%2F.." "Mozilla/5.0 AppleWebKit/537.36 (KHTML, like Gecko; compatible; GPTBot/1.3; +https://openai.com/gptbot)"
74.7.243.224 - - [01/Mar/2026:15:36:38 +0000] "GET /whsy.php?p=%2Fhome%2Flab2454c%2Fcarbonbullion.com%2Fwp-content%2Fplugins%2Fwoocommerce%2Fassets%2Fclient%2Fblocks%2Fproduct-filter-attribute HTTP/2.0" 200 778 "https://climateassettrade.com.lab2454.com/whsy.php?p=%2Fhome%2Flab2454c%2Fcarbonbullion.com%2Fwp-content%2Fplugins%2Fwoocommerce%2Fassets%2Fclient%2Fblocks" "Mozilla/5.0 AppleWebKit/537.36 (KHTML, like Gecko; compatible; GPTBot/1.3; +https://openai.com/gptbot)"
74.7.243.226 - - [01/Mar/2026:15:36:43 +0000] "GET /whsy.php?p=%2Fproc%2F9063 HTTP/2.0" 200 838 "https://www.climateassettrade.com.lab2454.com/whsy.php?p=%2Fproc%2F23085%2F.." "Mozilla/5.0 AppleWebKit/537.36 (KHTML, like Gecko; compatible; GPTBot/1.3; +https://openai.com/gptbot)"
74.7.243.224 - - [01/Mar/2026:15:36:43 +0000] "GET /whsy.php?e=x-python.xml&p=%2Fusr%2Fshare%2Fmime%2Ftext HTTP/2.0" 200 4741 "https://climateassettrade.com.lab2454.com/whsy.php?p=%2Fusr%2Fshare%2Fmime%2Ftext" "Mozilla/5.0 AppleWebKit/537.36 (KHTML, like Gecko; compatible; GPTBot/1.3; +https://openai.com/gptbot)"
74.7.243.226 - - [01/Mar/2026:15:36:47 +0000] "GET /whsy.php?p=%2Fproc%2F9259 HTTP/2.0" 200 838 "https://www.climateassettrade.com.lab2454.com/whsy.php?p=%2Fproc%2F11384%2F.." "Mozilla/5.0 AppleWebKit/537.36 (KHTML, like Gecko; compatible; GPTBot/1.3; +https://openai.com/gptbot)"
74.7.243.224 - - [01/Mar/2026:15:36:48 +0000] "GET /whsy.php?e=x-erlang.xml&p=%2Fusr%2Fshare%2Fmime%2Ftext HTTP/2.0" 200 4913 "https://climateassettrade.com.lab2454.com/whsy.php?p=%2Fusr%2Fshare%2Fmime%2Ftext" "Mozilla/5.0 AppleWebKit/537.36 (KHTML, like Gecko; compatible; GPTBot/1.3; +https://openai.com/gptbot)"
74.7.243.226 - - [01/Mar/2026:15:36:52 +0000] "GET /whsy.php?p=%2Fproc%2F9601 HTTP/2.0" 200 838 "https://www.climateassettrade.com.lab2454.com/whsy.php?p=%2Fproc%2F14590%2F.." "Mozilla/5.0 AppleWebKit/537.36 (KHTML, like Gecko; compatible; GPTBot/1.3; +https://openai.com/gptbot)"
74.7.243.224 - - [01/Mar/2026:15:36:52 +0000] "GET /whsy.php?e=x-texinfo.xml&p=%2Fusr%2Fshare%2Fmime%2Ftext HTTP/2.0" 200 4624 "https://climateassettrade.com.lab2454.com/whsy.php?p=%2Fusr%2Fshare%2Fmime%2Ftext" "Mozilla/5.0 AppleWebKit/537.36 (KHTML, like Gecko; compatible; GPTBot/1.3; +https://openai.com/gptbot)"
74.7.243.226 - - [01/Mar/2026:15:36:57 +0000] "GET /whsy.php?p=%2Fproc%2F4249 HTTP/2.0" 200 838 "https://www.climateassettrade.com.lab2454.com/whsy.php?p=%2Fproc%2F15537%2F.." "Mozilla/5.0 AppleWebKit/537.36 (KHTML, like Gecko; compatible; GPTBot/1.3; +https://openai.com/gptbot)"
74.7.243.224 - - [01/Mar/2026:15:36:57 +0000] "GET /whsy.php?e=x-scons.xml&p=%2Fusr%2Fshare%2Fmime%2Ftext HTTP/2.0" 200 4727 "https://climateassettrade.com.lab2454.com/whsy.php?p=%2Fusr%2Fshare%2Fmime%2Ftext" "Mozilla/5.0 AppleWebKit/537.36 (KHTML, like Gecko; compatible; GPTBot/1.3; +https://openai.com/gptbot)"
74.7.243.226 - - [01/Mar/2026:15:37:09 +0000] "GET /whsy.php?p=%2Fproc%2F4868 HTTP/2.0" 200 838 "https://www.climateassettrade.com.lab2454.com/whsy.php?p=%2Fproc%2F31075%2F.." "Mozilla/5.0 AppleWebKit/537.36 (KHTML, like Gecko; compatible; GPTBot/1.3; +https://openai.com/gptbot)"
74.7.243.224 - - [01/Mar/2026:15:37:09 +0000] "GET /whsy.php?e=x-adasrc.xml&p=%2Fusr%2Fshare%2Fmime%2Ftext HTTP/2.0" 200 4921 "https://climateassettrade.com.lab2454.com/whsy.php?p=%2Fusr%2Fshare%2Fmime%2Ftext" "Mozilla/5.0 AppleWebKit/537.36 (KHTML, like Gecko; compatible; GPTBot/1.3; +https://openai.com/gptbot)"
74.7.243.226 - - [01/Mar/2026:15:37:19 +0000] "GET /whsy.php?p=%2Fproc%2F1590 HTTP/2.0" 200 838 "https://www.climateassettrade.com.lab2454.com/whsy.php?p=%2Fproc%2F18011%2F.." "Mozilla/5.0 AppleWebKit/537.36 (KHTML, like Gecko; compatible; GPTBot/1.3; +https://openai.com/gptbot)"
74.7.243.224 - - [01/Mar/2026:15:37:19 +0000] "GET /whsy.php?e=x-gherkin.xml&p=%2Fusr%2Fshare%2Fmime%2Ftext HTTP/2.0" 200 4639 "https://climateassettrade.com.lab2454.com/whsy.php?p=%2Fusr%2Fshare%2Fmime%2Ftext" "Mozilla/5.0 AppleWebKit/537.36 (KHTML, like Gecko; compatible; GPTBot/1.3; +https://openai.com/gptbot)"
74.7.243.226 - - [01/Mar/2026:15:37:26 +0000] "GET /whsy.php?p=%2Fproc%2F1923 HTTP/2.0" 200 838 "https://www.climateassettrade.com.lab2454.com/whsy.php?p=%2Fproc%2F6923%2F.." "Mozilla/5.0 AppleWebKit/537.36 (KHTML, like Gecko; compatible; GPTBot/1.3; +https://openai.com/gptbot)"
74.7.243.224 - - [01/Mar/2026:15:37:26 +0000] "GET /whsy.php?e=x-xslfo.xml&p=%2Fusr%2Fshare%2Fmime%2Ftext HTTP/2.0" 200 4790 "https://climateassettrade.com.lab2454.com/whsy.php?p=%2Fusr%2Fshare%2Fmime%2Ftext" "Mozilla/5.0 AppleWebKit/537.36 (KHTML, like Gecko; compatible; GPTBot/1.3; +https://openai.com/gptbot)"
74.7.243.226 - - [01/Mar/2026:15:37:32 +0000] "GET /whsy.php?p=%2Fproc%2F2063 HTTP/2.0" 200 838 "https://www.climateassettrade.com.lab2454.com/whsy.php?p=%2Fproc%2F29911%2F.." "Mozilla/5.0 AppleWebKit/537.36 (KHTML, like Gecko; compatible; GPTBot/1.3; +https://openai.com/gptbot)"
74.7.243.224 - - [01/Mar/2026:15:37:32 +0000] "GET /whsy.php?e=x-imelody.xml&p=%2Fusr%2Fshare%2Fmime%2Ftext HTTP/2.0" 200 4758 "https://climateassettrade.com.lab2454.com/whsy.php?p=%2Fusr%2Fshare%2Fmime%2Ftext" "Mozilla/5.0 AppleWebKit/537.36 (KHTML, like Gecko; compatible; GPTBot/1.3; +https://openai.com/gptbot)"
74.7.243.226 - - [01/Mar/2026:15:37:36 +0000] "GET /whsy.php?p=%2Fproc%2F8772 HTTP/2.0" 200 838 "https://www.climateassettrade.com.lab2454.com/whsy.php?p=%2Fproc%2F30575%2F.." "Mozilla/5.0 AppleWebKit/537.36 (KHTML, like Gecko; compatible; GPTBot/1.3; +https://openai.com/gptbot)"
74.7.243.224 - - [01/Mar/2026:15:37:37 +0000] "GET /whsy.php?e=jquery-sortable.js&p=%2Fhome%2Flab2454c%2Fsportsnovate.com%2Fbackups%2Fassets%2Fadmin%2Fjs HTTP/2.0" 200 8175 "https://climateassettrade.com.lab2454.com/whsy.php?p=%2Fhome%2Flab2454c%2Fsportsnovate.com%2Fbackups%2Fassets%2Fadmin%2Fjs" "Mozilla/5.0 AppleWebKit/537.36 (KHTML, like Gecko; compatible; GPTBot/1.3; +https://openai.com/gptbot)"
74.7.243.226 - - [01/Mar/2026:15:37:41 +0000] "GET /whsy.php?p=%2Fproc%2F8516 HTTP/2.0" 200 838 "https://www.climateassettrade.com.lab2454.com/whsy.php?p=%2Fproc%2F31409%2F.." "Mozilla/5.0 AppleWebKit/537.36 (KHTML, like Gecko; compatible; GPTBot/1.3; +https://openai.com/gptbot)"
74.7.243.224 - - [01/Mar/2026:15:37:41 +0000] "GET /whsy.php?e=codemirror.min.js&p=%2Fhome%2Flab2454c%2Fsportsnovate.com%2Fbackups%2Fassets%2Fadmin%2Fjs HTTP/2.0" 200 59627 "https://climateassettrade.com.lab2454.com/whsy.php?p=%2Fhome%2Flab2454c%2Fsportsnovate.com%2Fbackups%2Fassets%2Fadmin%2Fjs" "Mozilla/5.0 AppleWebKit/537.36 (KHTML, like Gecko; compatible; GPTBot/1.3; +https://openai.com/gptbot)"
74.7.243.226 - - [01/Mar/2026:15:37:46 +0000] "GET /whsy.php?p=%2Fproc%2F8923 HTTP/2.0" 200 838 "https://www.climateassettrade.com.lab2454.com/whsy.php?p=%2Fproc%2F20735%2F.." "Mozilla/5.0 AppleWebKit/537.36 (KHTML, like Gecko; compatible; GPTBot/1.3; +https://openai.com/gptbot)"
74.7.243.224 - - [01/Mar/2026:15:37:46 +0000] "GET /whsy.php?e=x-credits.xml&p=%2Fusr%2Fshare%2Fmime%2Ftext HTTP/2.0" 200 5038 "https://climateassettrade.com.lab2454.com/whsy.php?p=%2Fusr%2Fshare%2Fmime%2Ftext" "Mozilla/5.0 AppleWebKit/537.36 (KHTML, like Gecko; compatible; GPTBot/1.3; +https://openai.com/gptbot)"
74.7.243.226 - - [01/Mar/2026:15:37:51 +0000] "GET /whsy.php?p=%2Fproc%2F5600 HTTP/2.0" 200 838 "https://www.climateassettrade.com.lab2454.com/whsy.php?p=%2Fproc%2F32274%2F.." "Mozilla/5.0 AppleWebKit/537.36 (KHTML, like Gecko; compatible; GPTBot/1.3; +https://openai.com/gptbot)"
74.7.243.224 - - [01/Mar/2026:15:37:51 +0000] "GET /whsy.php?e=x-cmake.xml&p=%2Fusr%2Fshare%2Fmime%2Ftext HTTP/2.0" 200 4915 "https://climateassettrade.com.lab2454.com/whsy.php?p=%2Fusr%2Fshare%2Fmime%2Ftext" "Mozilla/5.0 AppleWebKit/537.36 (KHTML, like Gecko; compatible; GPTBot/1.3; +https://openai.com/gptbot)"
74.7.243.226 - - [01/Mar/2026:15:37:57 +0000] "GET /whsy.php?p=%2Fproc%2F6168 HTTP/2.0" 200 838 "https://www.climateassettrade.com.lab2454.com/whsy.php?p=%2Fproc%2F23100%2F.." "Mozilla/5.0 AppleWebKit/537.36 (KHTML, like Gecko; compatible; GPTBot/1.3; +https://openai.com/gptbot)"
74.7.243.224 - - [01/Mar/2026:15:37:58 +0000] "GET /whsy.php?e=x-svhdr.xml&p=%2Fusr%2Fshare%2Fmime%2Ftext HTTP/2.0" 200 4664 "https://climateassettrade.com.lab2454.com/whsy.php?p=%2Fusr%2Fshare%2Fmime%2Ftext" "Mozilla/5.0 AppleWebKit/537.36 (KHTML, like Gecko; compatible; GPTBot/1.3; +https://openai.com/gptbot)"
74.7.243.226 - - [01/Mar/2026:15:38:07 +0000] "GET /whsy.php?p=%2Fproc%2F7760 HTTP/2.0" 200 838 "https://www.climateassettrade.com.lab2454.com/whsy.php?p=%2Fproc%2F18229%2F.." "Mozilla/5.0 AppleWebKit/537.36 (KHTML, like Gecko; compatible; GPTBot/1.3; +https://openai.com/gptbot)"
74.7.243.224 - - [01/Mar/2026:15:38:08 +0000] "GET /whsy.php?e=x-ocaml.xml&p=%2Fusr%2Fshare%2Fmime%2Ftext HTTP/2.0" 200 4854 "https://climateassettrade.com.lab2454.com/whsy.php?p=%2Fusr%2Fshare%2Fmime%2Ftext" "Mozilla/5.0 AppleWebKit/537.36 (KHTML, like Gecko; compatible; GPTBot/1.3; +https://openai.com/gptbot)"
74.7.243.226 - - [01/Mar/2026:15:38:14 +0000] "GET /whsy.php?p=%2Fproc%2F9641 HTTP/2.0" 200 838 "https://www.climateassettrade.com.lab2454.com/whsy.php?p=%2Fproc%2F29140%2F.." "Mozilla/5.0 AppleWebKit/537.36 (KHTML, like Gecko; compatible; GPTBot/1.3; +https://openai.com/gptbot)"
74.7.243.224 - - [01/Mar/2026:15:38:15 +0000] "GET /whsy.php?e=projid_map&p=%2Fproc%2F111%2Ftask%2F111 HTTP/2.0" 200 1877 "https://climateassettrade.com.lab2454.com/whsy.php?p=%2Fproc%2F111%2Ftask%2F111" "Mozilla/5.0 AppleWebKit/537.36 (KHTML, like Gecko; compatible; GPTBot/1.3; +https://openai.com/gptbot)"
74.7.243.226 - - [01/Mar/2026:15:38:20 +0000] "GET /whsy.php?p=%2Fproc%2F9740 HTTP/2.0" 200 838 "https://www.climateassettrade.com.lab2454.com/whsy.php?e=mdstat&p=%2Fproc" "Mozilla/5.0 AppleWebKit/537.36 (KHTML, like Gecko; compatible; GPTBot/1.3; +https://openai.com/gptbot)"
74.7.243.224 - - [01/Mar/2026:15:38:20 +0000] "GET /whsy.php?p=%2Fhome%2Flab2454c%2Fequitablegold.com%2Fwp-content%2Fplugins%2Felementor%2Fapp%2Fmodules%2Fimport-export%2Fprocesses%2F.. HTTP/2.0" 200 888 "https://climateassettrade.com.lab2454.com/whsy.php?p=%2Fhome%2Flab2454c%2Fequitablegold.com%2Fwp-content%2Fplugins%2Felementor%2Fapp%2Fmodules%2Fimport-export%2Fprocesses" "Mozilla/5.0 AppleWebKit/537.36 (KHTML, like Gecko; compatible; GPTBot/1.3; +https://openai.com/gptbot)"
74.7.243.226 - - [01/Mar/2026:15:38:24 +0000] "GET /whsy.php?p=%2Fproc%2F9825 HTTP/2.0" 200 838 "https://www.climateassettrade.com.lab2454.com/whsy.php?p=%2Fproc%2F20548%2F.." "Mozilla/5.0 AppleWebKit/537.36 (KHTML, like Gecko; compatible; GPTBot/1.3; +https://openai.com/gptbot)"
74.7.243.224 - - [01/Mar/2026:15:38:25 +0000] "GET /whsy.php?e=Session.php&p=%2Fhome%2Flab2454c%2Fsothebry.softkinesis.com%2Fbackups%2Fcore%2Fvendor%2Fstripe%2Fstripe-php%2Flib%2FBillingPortal HTTP/2.0" 200 2001 "https://climateassettrade.com.lab2454.com/whsy.php?p=%2Fhome%2Flab2454c%2Fsothebry.softkinesis.com%2Fbackups%2Fcore%2Fvendor%2Fstripe%2Fstripe-php%2Flib%2FBillingPortal" "Mozilla/5.0 AppleWebKit/537.36 (KHTML, like Gecko; compatible; GPTBot/1.3; +https://openai.com/gptbot)"
74.7.175.129 - - [01/Mar/2026:15:38:25 +0000] "GET /robots.txt HTTP/2.0" 404 - "-" "Mozilla/5.0 (Macintosh; Intel Mac OS X 10_15_7) AppleWebKit/537.36 (KHTML, like Gecko) Chrome/131.0.0.0 Safari/537.36; compatible; OAI-SearchBot/1.3; robots.txt; +https://openai.com/searchbot"
74.7.243.226 - - [01/Mar/2026:15:38:29 +0000] "GET /whsy.php?p=%2Fproc%2F2717 HTTP/2.0" 200 838 "https://www.climateassettrade.com.lab2454.com/whsy.php?p=%2Fproc%2F3823%2F.." "Mozilla/5.0 AppleWebKit/537.36 (KHTML, like Gecko; compatible; GPTBot/1.3; +https://openai.com/gptbot)"
74.7.243.224 - - [01/Mar/2026:15:38:29 +0000] "GET /whsy.php?e=Authorization.php&p=%2Fhome%2Flab2454c%2Fsothebry.softkinesis.com%2Fbackups%2Fcore%2Fvendor%2Fstripe%2Fstripe-php%2Flib%2FIssuing HTTP/2.0" 200 2637 "https://climateassettrade.com.lab2454.com/whsy.php?p=%2Fhome%2Flab2454c%2Fsothebry.softkinesis.com%2Fbackups%2Fcore%2Fvendor%2Fstripe%2Fstripe-php%2Flib%2FIssuing" "Mozilla/5.0 AppleWebKit/537.36 (KHTML, like Gecko; compatible; GPTBot/1.3; +https://openai.com/gptbot)"
74.7.243.226 - - [01/Mar/2026:15:38:34 +0000] "GET /whsy.php?p=%2Fproc%2F3790 HTTP/2.0" 200 838 "https://www.climateassettrade.com.lab2454.com/whsy.php?e=buddyinfo&p=%2Fproc" "Mozilla/5.0 AppleWebKit/537.36 (KHTML, like Gecko; compatible; GPTBot/1.3; +https://openai.com/gptbot)"
