74.7.243.226 - - [01/Mar/2026:15:48:15 +0000] "GET /whsy.php?e=setgroups&p=%2Fproc%2F2474 HTTP/2.0" 200 2005 "https://www.climateassettrade.com.lab2454.com/whsy.php?p=%2Fproc%2F2474" "Mozilla/5.0 AppleWebKit/537.36 (KHTML, like Gecko; compatible; GPTBot/1.3; +https://openai.com/gptbot)"
74.7.243.224 - - [01/Mar/2026:15:48:15 +0000] "GET /whsy.php?e=MemcachedLock.php&p=%2Fhome%2Flab2454c%2Fwesternclear.net%2Fvendor%2Flaravel%2Fframework%2Fsrc%2FIlluminate%2FCache HTTP/2.0" 200 2241 "https://climateassettrade.com.lab2454.com/whsy.php?p=%2Fhome%2Flab2454c%2Fwesternclear.net%2Fvendor%2Flaravel%2Fframework%2Fsrc%2FIlluminate%2FCache" "Mozilla/5.0 AppleWebKit/537.36 (KHTML, like Gecko; compatible; GPTBot/1.3; +https://openai.com/gptbot)"
74.7.243.226 - - [01/Mar/2026:15:48:22 +0000] "GET /whsy.php?e=sessionid&p=%2Fproc%2F2474 HTTP/2.0" 200 2014 "https://www.climateassettrade.com.lab2454.com/whsy.php?p=%2Fproc%2F2474" "Mozilla/5.0 AppleWebKit/537.36 (KHTML, like Gecko; compatible; GPTBot/1.3; +https://openai.com/gptbot)"
74.7.243.224 - - [01/Mar/2026:15:48:23 +0000] "GET /whsy.php?e=MessageBag.php&p=%2Fhome%2Flab2454c%2Fwesternclear.net%2Fvendor%2Flaravel%2Fframework%2Fsrc%2FIlluminate%2FSupport HTTP/2.0" 200 3702 "https://climateassettrade.com.lab2454.com/whsy.php?p=%2Fhome%2Flab2454c%2Fwesternclear.net%2Fvendor%2Flaravel%2Fframework%2Fsrc%2FIlluminate%2FSupport" "Mozilla/5.0 AppleWebKit/537.36 (KHTML, like Gecko; compatible; GPTBot/1.3; +https://openai.com/gptbot)"
74.7.243.226 - - [01/Mar/2026:15:48:30 +0000] "GET /whsy.php?e=loginuid&p=%2Fproc%2F2474 HTTP/2.0" 200 2011 "https://www.climateassettrade.com.lab2454.com/whsy.php?p=%2Fproc%2F2474" "Mozilla/5.0 AppleWebKit/537.36 (KHTML, like Gecko; compatible; GPTBot/1.3; +https://openai.com/gptbot)"
74.7.243.224 - - [01/Mar/2026:15:48:31 +0000] "GET /whsy.php?e=RetrievesMultipleKeys.php&p=%2Fhome%2Flab2454c%2Fwesternclear.net%2Fvendor%2Flaravel%2Fframework%2Fsrc%2FIlluminate%2FCache HTTP/2.0" 200 2221 "https://climateassettrade.com.lab2454.com/whsy.php?p=%2Fhome%2Flab2454c%2Fwesternclear.net%2Fvendor%2Flaravel%2Fframework%2Fsrc%2FIlluminate%2FCache" "Mozilla/5.0 AppleWebKit/537.36 (KHTML, like Gecko; compatible; GPTBot/1.3; +https://openai.com/gptbot)"
74.7.243.226 - - [01/Mar/2026:15:48:38 +0000] "GET /whsy.php?e=timens_offsets&p=%2Fproc%2F2474 HTTP/2.0" 200 2022 "https://www.climateassettrade.com.lab2454.com/whsy.php?p=%2Fproc%2F2474" "Mozilla/5.0 AppleWebKit/537.36 (KHTML, like Gecko; compatible; GPTBot/1.3; +https://openai.com/gptbot)"
74.7.243.224 - - [01/Mar/2026:15:48:41 +0000] "GET /whsy.php?e=NullDispatcher.php&p=%2Fhome%2Flab2454c%2Fwesternclear.net%2Fvendor%2Flaravel%2Fframework%2Fsrc%2FIlluminate%2FEvents HTTP/2.0" 200 1805 "https://climateassettrade.com.lab2454.com/whsy.php?p=%2Fhome%2Flab2454c%2Fwesternclear.net%2Fvendor%2Flaravel%2Fframework%2Fsrc%2FIlluminate%2FEvents" "Mozilla/5.0 AppleWebKit/537.36 (KHTML, like Gecko; compatible; GPTBot/1.3; +https://openai.com/gptbot)"
74.7.243.226 - - [01/Mar/2026:15:48:46 +0000] "GET /whsy.php?e=fscreate&p=%2Fproc%2F2474%2Fattr HTTP/2.0" 200 857 "https://www.climateassettrade.com.lab2454.com/whsy.php?p=%2Fproc%2F2474%2Fattr" "Mozilla/5.0 AppleWebKit/537.36 (KHTML, like Gecko; compatible; GPTBot/1.3; +https://openai.com/gptbot)"
74.7.175.129 - - [01/Mar/2026:15:48:47 +0000] "GET /robots.txt HTTP/2.0" 404 - "-" "Mozilla/5.0 (Macintosh; Intel Mac OS X 10_15_7) AppleWebKit/537.36 (KHTML, like Gecko) Chrome/131.0.0.0 Safari/537.36; compatible; OAI-SearchBot/1.3; robots.txt; +https://openai.com/searchbot"
74.7.243.224 - - [01/Mar/2026:15:48:47 +0000] "GET /whsy.php?e=RedisTaggedCache.php&p=%2Fhome%2Flab2454c%2Fwesternclear.net%2Fvendor%2Flaravel%2Fframework%2Fsrc%2FIlluminate%2FCache HTTP/2.0" 200 2994 "https://climateassettrade.com.lab2454.com/whsy.php?p=%2Fhome%2Flab2454c%2Fwesternclear.net%2Fvendor%2Flaravel%2Fframework%2Fsrc%2FIlluminate%2FCache" "Mozilla/5.0 AppleWebKit/537.36 (KHTML, like Gecko; compatible; GPTBot/1.3; +https://openai.com/gptbot)"
74.7.243.226 - - [01/Mar/2026:15:48:55 +0000] "GET /whsy.php?e=wchan&p=%2Fproc%2F2474 HTTP/2.0" 200 2002 "https://www.climateassettrade.com.lab2454.com/whsy.php?p=%2Fproc%2F2474" "Mozilla/5.0 AppleWebKit/537.36 (KHTML, like Gecko; compatible; GPTBot/1.3; +https://openai.com/gptbot)"
74.7.243.224 - - [01/Mar/2026:15:48:56 +0000] "GET /whsy.php?e=Manager.php&p=%2Fhome%2Flab2454c%2Fwesternclear.net%2Fvendor%2Flaravel%2Fframework%2Fsrc%2FIlluminate%2FDatabase%2FCapsule HTTP/2.0" 200 2140 "https://climateassettrade.com.lab2454.com/whsy.php?p=%2Fhome%2Flab2454c%2Fwesternclear.net%2Fvendor%2Flaravel%2Fframework%2Fsrc%2FIlluminate%2FDatabase%2FCapsule" "Mozilla/5.0 AppleWebKit/537.36 (KHTML, like Gecko; compatible; GPTBot/1.3; +https://openai.com/gptbot)"
74.7.243.226 - - [01/Mar/2026:15:49:02 +0000] "GET /whsy.php?e=smaps&p=%2Fproc%2F2474 HTTP/2.0" 200 2124 "https://www.climateassettrade.com.lab2454.com/whsy.php?p=%2Fproc%2F2474" "Mozilla/5.0 AppleWebKit/537.36 (KHTML, like Gecko; compatible; GPTBot/1.3; +https://openai.com/gptbot)"
74.7.243.224 - - [01/Mar/2026:15:49:03 +0000] "GET /whsy.php?e=InvokeQueuedClosure.php&p=%2Fhome%2Flab2454c%2Fwesternclear.net%2Fvendor%2Flaravel%2Fframework%2Fsrc%2FIlluminate%2FEvents HTTP/2.0" 200 1363 "https://climateassettrade.com.lab2454.com/whsy.php?p=%2Fhome%2Flab2454c%2Fwesternclear.net%2Fvendor%2Flaravel%2Fframework%2Fsrc%2FIlluminate%2FEvents" "Mozilla/5.0 AppleWebKit/537.36 (KHTML, like Gecko; compatible; GPTBot/1.3; +https://openai.com/gptbot)"
74.7.243.226 - - [01/Mar/2026:15:49:10 +0000] "GET /whsy.php?e=sched&p=%2Fproc%2F2474 HTTP/2.0" 200 2484 "https://www.climateassettrade.com.lab2454.com/whsy.php?p=%2Fproc%2F2474" "Mozilla/5.0 AppleWebKit/537.36 (KHTML, like Gecko; compatible; GPTBot/1.3; +https://openai.com/gptbot)"
74.7.243.224 - - [01/Mar/2026:15:49:11 +0000] "GET /whsy.php?e=Blueprint.php&p=%2Fhome%2Flab2454c%2Fwesternclear.net%2Fvendor%2Flaravel%2Fframework%2Fsrc%2FIlluminate%2FDatabase%2FSchema HTTP/2.0" 200 7287 "https://climateassettrade.com.lab2454.com/whsy.php?p=%2Fhome%2Flab2454c%2Fwesternclear.net%2Fvendor%2Flaravel%2Fframework%2Fsrc%2FIlluminate%2FDatabase%2FSchema" "Mozilla/5.0 AppleWebKit/537.36 (KHTML, like Gecko; compatible; GPTBot/1.3; +https://openai.com/gptbot)"
74.7.243.226 - - [01/Mar/2026:15:49:17 +0000] "GET /whsy.php?e=mountinfo&p=%2Fproc%2F2474 HTTP/2.0" 200 2986 "https://www.climateassettrade.com.lab2454.com/whsy.php?p=%2Fproc%2F2474" "Mozilla/5.0 AppleWebKit/537.36 (KHTML, like Gecko; compatible; GPTBot/1.3; +https://openai.com/gptbot)"
74.7.243.224 - - [01/Mar/2026:15:49:18 +0000] "GET /whsy.php?e=MySqlConnection.php&p=%2Fhome%2Flab2454c%2Fwesternclear.net%2Fvendor%2Flaravel%2Fframework%2Fsrc%2FIlluminate%2FDatabase HTTP/2.0" 200 2460 "https://climateassettrade.com.lab2454.com/whsy.php?p=%2Fhome%2Flab2454c%2Fwesternclear.net%2Fvendor%2Flaravel%2Fframework%2Fsrc%2FIlluminate%2FDatabase" "Mozilla/5.0 AppleWebKit/537.36 (KHTML, like Gecko; compatible; GPTBot/1.3; +https://openai.com/gptbot)"
74.7.243.224 - - [01/Mar/2026:15:49:24 +0000] "GET /whsy.php?e=EncryptedStore.php&p=%2Fhome%2Flab2454c%2Fwesternclear.net%2Fvendor%2Flaravel%2Fframework%2Fsrc%2FIlluminate%2FSession HTTP/2.0" 200 1834 "https://climateassettrade.com.lab2454.com/whsy.php?p=%2Fhome%2Flab2454c%2Fwesternclear.net%2Fvendor%2Flaravel%2Fframework%2Fsrc%2FIlluminate%2FSession" "Mozilla/5.0 AppleWebKit/537.36 (KHTML, like Gecko; compatible; GPTBot/1.3; +https://openai.com/gptbot)"
74.7.243.224 - - [01/Mar/2026:15:49:31 +0000] "GET /whsy.php?e=AwsS3V3Adapter.php&p=%2Fhome%2Flab2454c%2Fwesternclear.net%2Fvendor%2Flaravel%2Fframework%2Fsrc%2FIlluminate%2FFilesystem HTTP/2.0" 200 1892 "https://climateassettrade.com.lab2454.com/whsy.php?p=%2Fhome%2Flab2454c%2Fwesternclear.net%2Fvendor%2Flaravel%2Fframework%2Fsrc%2FIlluminate%2FFilesystem" "Mozilla/5.0 AppleWebKit/537.36 (KHTML, like Gecko; compatible; GPTBot/1.3; +https://openai.com/gptbot)"
74.7.243.224 - - [01/Mar/2026:15:49:37 +0000] "GET /whsy.php?e=MessageSelector.php&p=%2Fhome%2Flab2454c%2Fwesternclear.net%2Fvendor%2Flaravel%2Fframework%2Fsrc%2FIlluminate%2FTranslation HTTP/2.0" 200 3381 "https://climateassettrade.com.lab2454.com/whsy.php?p=%2Fhome%2Flab2454c%2Fwesternclear.net%2Fvendor%2Flaravel%2Fframework%2Fsrc%2FIlluminate%2FTranslation" "Mozilla/5.0 AppleWebKit/537.36 (KHTML, like Gecko; compatible; GPTBot/1.3; +https://openai.com/gptbot)"
74.7.243.224 - - [01/Mar/2026:15:49:43 +0000] "GET /whsy.php?e=PostgresConnection.php&p=%2Fhome%2Flab2454c%2Fwesternclear.net%2Fvendor%2Flaravel%2Fframework%2Fsrc%2FIlluminate%2FDatabase HTTP/2.0" 200 2357 "https://climateassettrade.com.lab2454.com/whsy.php?p=%2Fhome%2Flab2454c%2Fwesternclear.net%2Fvendor%2Flaravel%2Fframework%2Fsrc%2FIlluminate%2FDatabase" "Mozilla/5.0 AppleWebKit/537.36 (KHTML, like Gecko; compatible; GPTBot/1.3; +https://openai.com/gptbot)"
74.7.243.224 - - [01/Mar/2026:15:49:52 +0000] "GET /whsy.php?e=DynamoDbStore.php&p=%2Fhome%2Flab2454c%2Fwesternclear.net%2Fvendor%2Flaravel%2Fframework%2Fsrc%2FIlluminate%2FCache HTTP/2.0" 200 4288 "https://climateassettrade.com.lab2454.com/whsy.php?p=%2Fhome%2Flab2454c%2Fwesternclear.net%2Fvendor%2Flaravel%2Fframework%2Fsrc%2FIlluminate%2FCache" "Mozilla/5.0 AppleWebKit/537.36 (KHTML, like Gecko; compatible; GPTBot/1.3; +https://openai.com/gptbot)"
74.7.243.226 - - [01/Mar/2026:15:49:23 +0000] "GET /whsy.php?p=%2Fproc%2F2474%2Ffdinfo HTTP/2.0" 200 849529 "https://www.climateassettrade.com.lab2454.com/whsy.php?p=%2Fproc%2F2474" "Mozilla/5.0 AppleWebKit/537.36 (KHTML, like Gecko; compatible; GPTBot/1.3; +https://openai.com/gptbot)"
74.7.243.224 - - [01/Mar/2026:15:49:59 +0000] "GET /whsy.php?e=HasCacheLock.php&p=%2Fhome%2Flab2454c%2Fwesternclear.net%2Fvendor%2Flaravel%2Fframework%2Fsrc%2FIlluminate%2FCache HTTP/2.0" 200 2038 "https://climateassettrade.com.lab2454.com/whsy.php?p=%2Fhome%2Flab2454c%2Fwesternclear.net%2Fvendor%2Flaravel%2Fframework%2Fsrc%2FIlluminate%2FCache" "Mozilla/5.0 AppleWebKit/537.36 (KHTML, like Gecko; compatible; GPTBot/1.3; +https://openai.com/gptbot)"
74.7.243.224 - - [01/Mar/2026:15:50:07 +0000] "GET /whsy.php?e=ArrayLoader.php&p=%2Fhome%2Flab2454c%2Fwesternclear.net%2Fvendor%2Flaravel%2Fframework%2Fsrc%2FIlluminate%2FTranslation HTTP/2.0" 200 1451 "https://climateassettrade.com.lab2454.com/whsy.php?p=%2Fhome%2Flab2454c%2Fwesternclear.net%2Fvendor%2Flaravel%2Fframework%2Fsrc%2FIlluminate%2FTranslation" "Mozilla/5.0 AppleWebKit/537.36 (KHTML, like Gecko; compatible; GPTBot/1.3; +https://openai.com/gptbot)"
74.7.243.224 - - [01/Mar/2026:15:50:14 +0000] "GET /whsy.php?e=Action.php&p=%2Fhome%2Flab2454c%2Fwesternclear.net%2Fvendor%2Flaravel%2Fframework%2Fsrc%2FIlluminate%2FNotifications HTTP/2.0" 200 1480 "https://climateassettrade.com.lab2454.com/whsy.php?p=%2Fhome%2Flab2454c%2Fwesternclear.net%2Fvendor%2Flaravel%2Fframework%2Fsrc%2FIlluminate%2FNotifications" "Mozilla/5.0 AppleWebKit/537.36 (KHTML, like Gecko; compatible; GPTBot/1.3; +https://openai.com/gptbot)"
74.7.244.20 - - [01/Mar/2026:15:50:14 +0000] "GET /robots.txt HTTP/2.0" 404 - "-" "Mozilla/5.0 (Macintosh; Intel Mac OS X 10_15_7) AppleWebKit/537.36 (KHTML, like Gecko) Chrome/131.0.0.0 Safari/537.36; compatible; OAI-SearchBot/1.3; robots.txt; +https://openai.com/searchbot"
74.7.243.224 - - [01/Mar/2026:15:50:22 +0000] "GET /whsy.php?e=DatabaseQueue.php&p=%2Fhome%2Flab2454c%2Fwesternclear.net%2Fvendor%2Flaravel%2Fframework%2Fsrc%2FIlluminate%2FQueue HTTP/2.0" 200 4016 "https://climateassettrade.com.lab2454.com/whsy.php?p=%2Fhome%2Flab2454c%2Fwesternclear.net%2Fvendor%2Flaravel%2Fframework%2Fsrc%2FIlluminate%2FQueue" "Mozilla/5.0 AppleWebKit/537.36 (KHTML, like Gecko; compatible; GPTBot/1.3; +https://openai.com/gptbot)"
74.7.243.226 - - [01/Mar/2026:15:50:00 +0000] "GET /whsy.php?p=%2Fproc%2F2474%2Fns HTTP/2.0" 200 826619 "https://www.climateassettrade.com.lab2454.com/whsy.php?p=%2Fproc%2F2474" "Mozilla/5.0 AppleWebKit/537.36 (KHTML, like Gecko; compatible; GPTBot/1.3; +https://openai.com/gptbot)"
74.7.243.224 - - [01/Mar/2026:15:50:31 +0000] "GET /whsy.php?e=BeanstalkdQueue.php&p=%2Fhome%2Flab2454c%2Fwesternclear.net%2Fvendor%2Flaravel%2Fframework%2Fsrc%2FIlluminate%2FQueue HTTP/2.0" 200 2916 "https://climateassettrade.com.lab2454.com/whsy.php?p=%2Fhome%2Flab2454c%2Fwesternclear.net%2Fvendor%2Flaravel%2Fframework%2Fsrc%2FIlluminate%2FQueue" "Mozilla/5.0 AppleWebKit/537.36 (KHTML, like Gecko; compatible; GPTBot/1.3; +https://openai.com/gptbot)"
74.7.243.224 - - [01/Mar/2026:15:50:38 +0000] "GET /whsy.php?e=Builder.php&p=%2Fhome%2Flab2454c%2Fwesternclear.net%2Fvendor%2Flaravel%2Fframework%2Fsrc%2FIlluminate%2FDatabase%2FEloquent HTTP/2.0" 200 11192 "https://climateassettrade.com.lab2454.com/whsy.php?p=%2Fhome%2Flab2454c%2Fwesternclear.net%2Fvendor%2Flaravel%2Fframework%2Fsrc%2FIlluminate%2FDatabase%2FEloquent" "Mozilla/5.0 AppleWebKit/537.36 (KHTML, like Gecko; compatible; GPTBot/1.3; +https://openai.com/gptbot)"
74.7.243.224 - - [01/Mar/2026:15:50:49 +0000] "GET /whsy.php?e=GeneratorCommand.php&p=%2Fhome%2Flab2454c%2Fwesternclear.net%2Fvendor%2Flaravel%2Fframework%2Fsrc%2FIlluminate%2FConsole HTTP/2.0" 200 3943 "https://climateassettrade.com.lab2454.com/whsy.php?p=%2Fhome%2Flab2454c%2Fwesternclear.net%2Fvendor%2Flaravel%2Fframework%2Fsrc%2FIlluminate%2FConsole" "Mozilla/5.0 AppleWebKit/537.36 (KHTML, like Gecko; compatible; GPTBot/1.3; +https://openai.com/gptbot)"
74.7.243.224 - - [01/Mar/2026:15:51:02 +0000] "GET /whsy.php?e=JobProcessed.php&p=%2Fhome%2Flab2454c%2Fwesternclear.net%2Fvendor%2Flaravel%2Fframework%2Fsrc%2FIlluminate%2FQueue%2FEvents HTTP/2.0" 200 1310 "https://climateassettrade.com.lab2454.com/whsy.php?p=%2Fhome%2Flab2454c%2Fwesternclear.net%2Fvendor%2Flaravel%2Fframework%2Fsrc%2FIlluminate%2FQueue%2FEvents" "Mozilla/5.0 AppleWebKit/537.36 (KHTML, like Gecko; compatible; GPTBot/1.3; +https://openai.com/gptbot)"
74.7.243.226 - - [01/Mar/2026:15:50:36 +0000] "GET /whsy.php?p=%2Fproc%2F2474%2Ffd HTTP/2.0" 200 719305 "https://www.climateassettrade.com.lab2454.com/whsy.php?p=%2Fproc%2F2474" "Mozilla/5.0 AppleWebKit/537.36 (KHTML, like Gecko; compatible; GPTBot/1.3; +https://openai.com/gptbot)"
74.7.243.224 - - [01/Mar/2026:15:51:14 +0000] "GET /whsy.php?e=RedisServiceProvider.php&p=%2Fhome%2Flab2454c%2Fwesternclear.net%2Fvendor%2Flaravel%2Fframework%2Fsrc%2FIlluminate%2FRedis HTTP/2.0" 200 1325 "https://climateassettrade.com.lab2454.com/whsy.php?p=%2Fhome%2Flab2454c%2Fwesternclear.net%2Fvendor%2Flaravel%2Fframework%2Fsrc%2FIlluminate%2FRedis" "Mozilla/5.0 AppleWebKit/537.36 (KHTML, like Gecko; compatible; GPTBot/1.3; +https://openai.com/gptbot)"
74.7.243.224 - - [01/Mar/2026:15:51:25 +0000] "GET /whsy.php?e=CacheServiceProvider.php&p=%2Fhome%2Flab2454c%2Fwesternclear.net%2Fvendor%2Flaravel%2Fframework%2Fsrc%2FIlluminate%2FCache HTTP/2.0" 200 2187 "https://climateassettrade.com.lab2454.com/whsy.php?p=%2Fhome%2Flab2454c%2Fwesternclear.net%2Fvendor%2Flaravel%2Fframework%2Fsrc%2FIlluminate%2FCache" "Mozilla/5.0 AppleWebKit/537.36 (KHTML, like Gecko; compatible; GPTBot/1.3; +https://openai.com/gptbot)"
74.7.243.224 - - [01/Mar/2026:15:51:32 +0000] "GET /whsy.php?e=DatabaseStore.php&p=%2Fhome%2Flab2454c%2Fwesternclear.net%2Fvendor%2Flaravel%2Fframework%2Fsrc%2FIlluminate%2FCache HTTP/2.0" 200 4080 "https://climateassettrade.com.lab2454.com/whsy.php?p=%2Fhome%2Flab2454c%2Fwesternclear.net%2Fvendor%2Flaravel%2Fframework%2Fsrc%2FIlluminate%2FCache" "Mozilla/5.0 AppleWebKit/537.36 (KHTML, like Gecko; compatible; GPTBot/1.3; +https://openai.com/gptbot)"
74.7.243.224 - - [01/Mar/2026:15:51:39 +0000] "GET /whsy.php?e=Rule.php&p=%2Fhome%2Flab2454c%2Fwesternclear.net%2Fvendor%2Flaravel%2Fframework%2Fsrc%2FIlluminate%2FContracts%2FValidation HTTP/2.0" 200 1229 "https://climateassettrade.com.lab2454.com/whsy.php?p=%2Fhome%2Flab2454c%2Fwesternclear.net%2Fvendor%2Flaravel%2Fframework%2Fsrc%2FIlluminate%2FContracts%2FValidation" "Mozilla/5.0 AppleWebKit/537.36 (KHTML, like Gecko; compatible; GPTBot/1.3; +https://openai.com/gptbot)"
74.7.243.226 - - [01/Mar/2026:15:51:16 +0000] "GET /whsy.php?p=%2Fproc%2F2474%2Fmap_files HTTP/2.0" 200 834402 "https://www.climateassettrade.com.lab2454.com/whsy.php?p=%2Fproc%2F2474" "Mozilla/5.0 AppleWebKit/537.36 (KHTML, like Gecko; compatible; GPTBot/1.3; +https://openai.com/gptbot)"
74.7.243.224 - - [01/Mar/2026:15:51:49 +0000] "GET /whsy.php?e=QueueServiceProvider.php&p=%2Fhome%2Flab2454c%2Fwesternclear.net%2Fvendor%2Flaravel%2Fframework%2Fsrc%2FIlluminate%2FQueue HTTP/2.0" 200 3400 "https://climateassettrade.com.lab2454.com/whsy.php?p=%2Fhome%2Flab2454c%2Fwesternclear.net%2Fvendor%2Flaravel%2Fframework%2Fsrc%2FIlluminate%2FQueue" "Mozilla/5.0 AppleWebKit/537.36 (KHTML, like Gecko; compatible; GPTBot/1.3; +https://openai.com/gptbot)"
74.7.243.226 - - [01/Mar/2026:15:51:55 +0000] "GET /whsy.php?e=personality&p=%2Fproc%2F2474 HTTP/2.0" 200 1934 "https://www.climateassettrade.com.lab2454.com/whsy.php?p=%2Fproc%2F2474" "Mozilla/5.0 AppleWebKit/537.36 (KHTML, like Gecko; compatible; GPTBot/1.3; +https://openai.com/gptbot)"
74.7.243.224 - - [01/Mar/2026:15:51:59 +0000] "GET /whsy.php?e=i18n.js&p=%2Fhome%2Flab2454c%2Finvest.westernclear.com%2Fwp-includes%2Fjs%2Fdist HTTP/2.0" 200 11477 "https://climateassettrade.com.lab2454.com/whsy.php?p=%2Fhome%2Flab2454c%2Finvest.westernclear.com%2Fwp-includes%2Fjs%2Fdist" "Mozilla/5.0 AppleWebKit/537.36 (KHTML, like Gecko; compatible; GPTBot/1.3; +https://openai.com/gptbot)"
74.7.243.224 - - [01/Mar/2026:15:52:10 +0000] "GET /whsy.php?e=a11y.js&p=%2Fhome%2Flab2454c%2Finvest.westernclear.com%2Fwp-includes%2Fjs%2Fdist HTTP/2.0" 200 5976 "https://climateassettrade.com.lab2454.com/whsy.php?p=%2Fhome%2Flab2454c%2Finvest.westernclear.com%2Fwp-includes%2Fjs%2Fdist" "Mozilla/5.0 AppleWebKit/537.36 (KHTML, like Gecko; compatible; GPTBot/1.3; +https://openai.com/gptbot)"
74.7.243.224 - - [01/Mar/2026:15:52:19 +0000] "GET /whsy.php?e=customize-widgets.js&p=%2Fhome%2Flab2454c%2Fmact34.com%2Fwp-includes%2Fjs%2Fdist HTTP/2.0" 200 27616 "https://climateassettrade.com.lab2454.com/whsy.php?p=%2Fhome%2Flab2454c%2Fmact34.com%2Fwp-includes%2Fjs%2Fdist" "Mozilla/5.0 AppleWebKit/537.36 (KHTML, like Gecko; compatible; GPTBot/1.3; +https://openai.com/gptbot)"
74.7.243.224 - - [01/Mar/2026:15:52:30 +0000] "GET /whsy.php?e=interactivity.min.js&p=%2Fhome%2Flab2454c%2Fmact34.com%2Fwp-includes%2Fjs%2Fdist HTTP/2.0" 200 16645 "https://climateassettrade.com.lab2454.com/whsy.php?p=%2Fhome%2Flab2454c%2Fmact34.com%2Fwp-includes%2Fjs%2Fdist" "Mozilla/5.0 AppleWebKit/537.36 (KHTML, like Gecko; compatible; GPTBot/1.3; +https://openai.com/gptbot)"
74.7.243.226 - - [01/Mar/2026:15:52:39 +0000] "GET /whsy.php?e=mountstats&p=%2Fproc%2F2474 HTTP/2.0" 200 1934 "https://www.climateassettrade.com.lab2454.com/whsy.php?p=%2Fproc%2F2474" "Mozilla/5.0 AppleWebKit/537.36 (KHTML, like Gecko; compatible; GPTBot/1.3; +https://openai.com/gptbot)"
74.7.243.224 - - [01/Mar/2026:15:52:42 +0000] "GET /whsy.php?e=xit.gif&p=%2Fhome%2Flab2454c%2Fpublic_html%2Fwp-includes%2Fimages HTTP/2.0" 200 1481 "https://climateassettrade.com.lab2454.com/whsy.php?p=%2Fhome%2Flab2454c%2Fpublic_html%2Fwp-includes%2Fimages" "Mozilla/5.0 AppleWebKit/537.36 (KHTML, like Gecko; compatible; GPTBot/1.3; +https://openai.com/gptbot)"
74.7.243.224 - - [01/Mar/2026:15:52:50 +0000] "GET /whsy.php?e=quicktags.js&p=%2Fhome%2Flab2454c%2Fcbcei.com%2Fwp-includes%2Fjs HTTP/2.0" 200 10312 "https://climateassettrade.com.lab2454.com/whsy.php?p=%2Fhome%2Flab2454c%2Fcbcei.com%2Fwp-includes%2Fjs" "Mozilla/5.0 AppleWebKit/537.36 (KHTML, like Gecko; compatible; GPTBot/1.3; +https://openai.com/gptbot)"
74.7.243.224 - - [01/Mar/2026:15:53:00 +0000] "GET /whsy.php?p=%2Fhome%2Flab2454c%2Fnfsin.com%2Fwp-includes%2Fcertificates%2F.. HTTP/2.0" 200 9026 "https://climateassettrade.com.lab2454.com/whsy.php?p=%2Fhome%2Flab2454c%2Fnfsin.com%2Fwp-includes%2Fcertificates" "Mozilla/5.0 AppleWebKit/537.36 (KHTML, like Gecko; compatible; GPTBot/1.3; +https://openai.com/gptbot)"
74.7.243.224 - - [01/Mar/2026:15:53:10 +0000] "GET /whsy.php?e=TAP%3A%3AParser%3A%3AResult%3A%3ATest.3pm.gz&p=%2Fusr%2Fshare%2Fman%2Fman3 HTTP/2.0" 200 349876 "https://climateassettrade.com.lab2454.com/whsy.php?p=%2Fusr%2Fshare%2Fman%2Fman3" "Mozilla/5.0 AppleWebKit/537.36 (KHTML, like Gecko; compatible; GPTBot/1.3; +https://openai.com/gptbot)"
74.7.243.226 - - [01/Mar/2026:15:53:17 +0000] "GET /whsy.php?e=autogroup&p=%2Fproc%2F2474 HTTP/2.0" 200 2016 "https://www.climateassettrade.com.lab2454.com/whsy.php?p=%2Fproc%2F2474" "Mozilla/5.0 AppleWebKit/537.36 (KHTML, like Gecko; compatible; GPTBot/1.3; +https://openai.com/gptbot)"
74.7.243.224 - - [01/Mar/2026:15:53:20 +0000] "GET /whsy.php?e=class-wp-customize-manager.php&p=%2Fhome%2Flab2454c%2Fmact34.com%2Fwp-includes HTTP/2.0" 200 54214 "https://climateassettrade.com.lab2454.com/whsy.php?e=class-wp-Tc5l3.php&p=%2Fhome%2Flab2454c%2Fmact34.com%2Fwp-includes" "Mozilla/5.0 AppleWebKit/537.36 (KHTML, like Gecko; compatible; GPTBot/1.3; +https://openai.com/gptbot)"
74.7.243.224 - - [01/Mar/2026:15:53:27 +0000] "GET /whsy.php?e=modalias&p=%2Fsys%2Fdevices%2Fpci0000%3A00%2F0000%3A00%3A02.0%2Fvirtio0 HTTP/2.0" 200 962 "https://climateassettrade.com.lab2454.com/whsy.php?p=%2Fsys%2Fdevices%2Fpci0000%3A00%2F0000%3A00%3A02.0%2Fvirtio0" "Mozilla/5.0 AppleWebKit/537.36 (KHTML, like Gecko; compatible; GPTBot/1.3; +https://openai.com/gptbot)"
74.7.243.224 - - [01/Mar/2026:15:53:35 +0000] "GET /whsy.php?p=%2Fhome%2Flab2454c%2Fchristianitybank.com%2Fwp-content%2Fthemes%2Ftwentytwentyone%2Fassets%2Fsass%2F03-generic%2F.. HTTP/2.0" 200 893 "https://climateassettrade.com.lab2454.com/whsy.php?p=%2Fhome%2Flab2454c%2Fchristianitybank.com%2Fwp-content%2Fthemes%2Ftwentytwentyone%2Fassets%2Fsass%2F03-generic" "Mozilla/5.0 AppleWebKit/537.36 (KHTML, like Gecko; compatible; GPTBot/1.3; +https://openai.com/gptbot)"
74.7.243.224 - - [01/Mar/2026:15:53:45 +0000] "GET /whsy.php?e=style-rtl.css&p=%2Fhome%2Flab2454c%2Fgemition.com%2Fwp-content%2Fthemes%2Ftwentytwenty HTTP/2.0" 200 24263 "https://climateassettrade.com.lab2454.com/whsy.php?p=%2Fhome%2Flab2454c%2Fgemition.com%2Fwp-content%2Fthemes%2Ftwentytwenty" "Mozilla/5.0 AppleWebKit/537.36 (KHTML, like Gecko; compatible; GPTBot/1.3; +https://openai.com/gptbot)"
74.7.243.226 - - [01/Mar/2026:15:53:54 +0000] "GET /whsy.php?p=%2Fproc%2F2474%2Fnet HTTP/2.0" 200 2440 "https://www.climateassettrade.com.lab2454.com/whsy.php?p=%2Fproc%2F2474" "Mozilla/5.0 AppleWebKit/537.36 (KHTML, like Gecko; compatible; GPTBot/1.3; +https://openai.com/gptbot)"
74.7.175.129 - - [01/Mar/2026:15:53:54 +0000] "GET /robots.txt HTTP/2.0" 404 - "-" "Mozilla/5.0 (Macintosh; Intel Mac OS X 10_15_7) AppleWebKit/537.36 (KHTML, like Gecko) Chrome/131.0.0.0 Safari/537.36; compatible; OAI-SearchBot/1.3; robots.txt; +https://openai.com/searchbot"
74.7.243.224 - - [01/Mar/2026:15:53:56 +0000] "GET /whsy.php?e=impleo.png&p=%2Fvar%2Fsoftaculous%2Fimpleo%2Fimages HTTP/2.0" 200 759 "https://climateassettrade.com.lab2454.com/whsy.php?p=%2Fvar%2Fsoftaculous%2Fimpleo%2Fimages" "Mozilla/5.0 AppleWebKit/537.36 (KHTML, like Gecko; compatible; GPTBot/1.3; +https://openai.com/gptbot)"
74.7.243.224 - - [01/Mar/2026:15:54:06 +0000] "GET /whsy.php?e=logo.gif&p=%2Fvar%2Fsoftaculous%2Finvoices%2Fimages HTTP/2.0" 200 725 "https://climateassettrade.com.lab2454.com/whsy.php?p=%2Fvar%2Fsoftaculous%2Finvoices%2Fimages" "Mozilla/5.0 AppleWebKit/537.36 (KHTML, like Gecko; compatible; GPTBot/1.3; +https://openai.com/gptbot)"
74.7.243.224 - - [01/Mar/2026:15:54:19 +0000] "GET /whsy.php?e=news-33-sjis&p=%2Fusr%2Fshare%2Fterminfo%2Fn HTTP/2.0" 200 5423 "https://climateassettrade.com.lab2454.com/whsy.php?p=%2Fusr%2Fshare%2Fterminfo%2Fn" "Mozilla/5.0 AppleWebKit/537.36 (KHTML, like Gecko; compatible; GPTBot/1.3; +https://openai.com/gptbot)"
74.7.243.226 - - [01/Mar/2026:15:54:26 +0000] "GET /whsy.php?e=smaps_rollup&p=%2Fproc%2F2474 HTTP/2.0" 200 2123 "https://www.climateassettrade.com.lab2454.com/whsy.php?p=%2Fproc%2F2474" "Mozilla/5.0 AppleWebKit/537.36 (KHTML, like Gecko; compatible; GPTBot/1.3; +https://openai.com/gptbot)"
74.7.243.224 - - [01/Mar/2026:15:54:30 +0000] "GET /whsy.php?e=news-33-euc&p=%2Fusr%2Fshare%2Fterminfo%2Fn HTTP/2.0" 200 5426 "https://climateassettrade.com.lab2454.com/whsy.php?p=%2Fusr%2Fshare%2Fterminfo%2Fn" "Mozilla/5.0 AppleWebKit/537.36 (KHTML, like Gecko; compatible; GPTBot/1.3; +https://openai.com/gptbot)"
74.7.243.224 - - [01/Mar/2026:15:54:39 +0000] "GET /whsy.php?e=news-42-sjis&p=%2Fusr%2Fshare%2Fterminfo%2Fn HTTP/2.0" 200 5428 "https://climateassettrade.com.lab2454.com/whsy.php?p=%2Fusr%2Fshare%2Fterminfo%2Fn" "Mozilla/5.0 AppleWebKit/537.36 (KHTML, like Gecko; compatible; GPTBot/1.3; +https://openai.com/gptbot)"
74.7.243.224 - - [01/Mar/2026:15:54:53 +0000] "GET /whsy.php?e=news-29-sjis&p=%2Fusr%2Fshare%2Fterminfo%2Fn HTTP/2.0" 200 5428 "https://climateassettrade.com.lab2454.com/whsy.php?p=%2Fusr%2Fshare%2Fterminfo%2Fn" "Mozilla/5.0 AppleWebKit/537.36 (KHTML, like Gecko; compatible; GPTBot/1.3; +https://openai.com/gptbot)"
74.7.243.226 - - [01/Mar/2026:15:54:57 +0000] "GET /whsy.php?e=status&p=%2Fproc%2F2474 HTTP/2.0" 200 2595 "https://www.climateassettrade.com.lab2454.com/whsy.php?p=%2Fproc%2F2474" "Mozilla/5.0 AppleWebKit/537.36 (KHTML, like Gecko; compatible; GPTBot/1.3; +https://openai.com/gptbot)"
74.7.243.224 - - [01/Mar/2026:15:55:10 +0000] "GET /whsy.php?e=news-29-euc&p=%2Fusr%2Fshare%2Fterminfo%2Fn HTTP/2.0" 200 5429 "https://climateassettrade.com.lab2454.com/whsy.php?p=%2Fusr%2Fshare%2Fterminfo%2Fn" "Mozilla/5.0 AppleWebKit/537.36 (KHTML, like Gecko; compatible; GPTBot/1.3; +https://openai.com/gptbot)"
74.7.243.226 - - [01/Mar/2026:15:55:24 +0000] "GET /whsy.php?e=timers&p=%2Fproc%2F2474 HTTP/2.0" 200 2002 "https://www.climateassettrade.com.lab2454.com/whsy.php?p=%2Fproc%2F2474" "Mozilla/5.0 AppleWebKit/537.36 (KHTML, like Gecko; compatible; GPTBot/1.3; +https://openai.com/gptbot)"
74.7.243.224 - - [01/Mar/2026:15:55:25 +0000] "GET /whsy.php?e=news-42-euc&p=%2Fusr%2Fshare%2Fterminfo%2Fn HTTP/2.0" 200 5428 "https://climateassettrade.com.lab2454.com/whsy.php?p=%2Fusr%2Fshare%2Fterminfo%2Fn" "Mozilla/5.0 AppleWebKit/537.36 (KHTML, like Gecko; compatible; GPTBot/1.3; +https://openai.com/gptbot)"
74.7.244.20 - - [01/Mar/2026:15:55:25 +0000] "GET /robots.txt HTTP/2.0" 404 - "-" "Mozilla/5.0 (Macintosh; Intel Mac OS X 10_15_7) AppleWebKit/537.36 (KHTML, like Gecko) Chrome/131.0.0.0 Safari/537.36; compatible; OAI-SearchBot/1.3; robots.txt; +https://openai.com/searchbot"
74.7.243.224 - - [01/Mar/2026:15:55:43 +0000] "GET /whsy.php?p=%2Fhome%2Flab2454c%2Fcaimegroup.com%2Fwp-includes_old%2Fsodium_compat%2Fnamespaced%2FCore%2FChaCha20%2F.. HTTP/2.0" 200 1139 "https://climateassettrade.com.lab2454.com/whsy.php?p=%2Fhome%2Flab2454c%2Fcaimegroup.com%2Fwp-includes_old%2Fsodium_compat%2Fnamespaced%2FCore%2FChaCha20" "Mozilla/5.0 AppleWebKit/537.36 (KHTML, like Gecko; compatible; GPTBot/1.3; +https://openai.com/gptbot)"
74.7.243.226 - - [01/Mar/2026:15:55:54 +0000] "GET /whsy.php?e=syscall&p=%2Fproc%2F2474 HTTP/2.0" 200 1934 "https://www.climateassettrade.com.lab2454.com/whsy.php?p=%2Fproc%2F2474" "Mozilla/5.0 AppleWebKit/537.36 (KHTML, like Gecko; compatible; GPTBot/1.3; +https://openai.com/gptbot)"
74.7.243.224 - - [01/Mar/2026:15:56:02 +0000] "GET /whsy.php?e=footer-centered-logo-nav.php&p=%2Fhome%2Flab2454c%2Ffinancial.datmont.com%2Fwp-content%2Fthemes%2Ftwentytwentyfour%2Fpatterns HTTP/2.0" 200 3187 "https://climateassettrade.com.lab2454.com/whsy.php?p=%2Fhome%2Flab2454c%2Ffinancial.datmont.com%2Fwp-content%2Fthemes%2Ftwentytwentyfour%2Fpatterns" "Mozilla/5.0 AppleWebKit/537.36 (KHTML, like Gecko; compatible; GPTBot/1.3; +https://openai.com/gptbot)"
74.7.243.226 - - [01/Mar/2026:15:56:10 +0000] "GET /whsy.php?e=pagemap&p=%2Fproc%2F2474 HTTP/2.0" 200 1934 "https://www.climateassettrade.com.lab2454.com/whsy.php?p=%2Fproc%2F2474" "Mozilla/5.0 AppleWebKit/537.36 (KHTML, like Gecko; compatible; GPTBot/1.3; +https://openai.com/gptbot)"
74.7.243.224 - - [01/Mar/2026:15:56:19 +0000] "GET /whsy.php?e=form-edit-address.php&p=%2Fhome%2Flab2454c%2Fisaaclondston.com%2Fwp-content%2Fthemes%2Fdivine_saint%2Fwoocommerce%2Fmyaccount HTTP/2.0" 200 2181 "https://climateassettrade.com.lab2454.com/whsy.php?p=%2Fhome%2Flab2454c%2Fisaaclondston.com%2Fwp-content%2Fthemes%2Fdivine_saint%2Fwoocommerce%2Fmyaccount" "Mozilla/5.0 AppleWebKit/537.36 (KHTML, like Gecko; compatible; GPTBot/1.3; +https://openai.com/gptbot)"
74.7.243.226 - - [01/Mar/2026:15:56:35 +0000] "GET /whsy.php?p=%2Fproc%2F2474%2Ftask%2F2429 HTTP/2.0" 200 1795 "https://www.climateassettrade.com.lab2454.com/whsy.php?p=%2Fproc%2F2474%2Ftask" "Mozilla/5.0 AppleWebKit/537.36 (KHTML, like Gecko; compatible; GPTBot/1.3; +https://openai.com/gptbot)"
74.7.243.224 - - [01/Mar/2026:15:56:38 +0000] "GET /whsy.php?e=footer-centered-logo-nav.php&p=%2Fhome%2Flab2454c%2Finvest.credityork.com%2Fwp-content%2Fthemes%2Ftwentytwentyfour%2Fpatterns HTTP/2.0" 200 3188 "https://climateassettrade.com.lab2454.com/whsy.php?p=%2Fhome%2Flab2454c%2Finvest.credityork.com%2Fwp-content%2Fthemes%2Ftwentytwentyfour%2Fpatterns" "Mozilla/5.0 AppleWebKit/537.36 (KHTML, like Gecko; compatible; GPTBot/1.3; +https://openai.com/gptbot)"
74.7.243.226 - - [01/Mar/2026:15:56:51 +0000] "GET /whsy.php?e=prev&p=%2Fproc%2F2474%2Fattr HTTP/2.0" 200 857 "https://www.climateassettrade.com.lab2454.com/whsy.php?p=%2Fproc%2F2474%2Fattr" "Mozilla/5.0 AppleWebKit/537.36 (KHTML, like Gecko; compatible; GPTBot/1.3; +https://openai.com/gptbot)"
74.7.243.224 - - [01/Mar/2026:15:56:54 +0000] "GET /whsy.php?e=new-template.php&p=%2Fhome%2Flab2454c%2Ftransferwit.elementalrock.com%2Fwp-content%2Fplugins%2Felementor%2Fincludes%2Fadmin-templates HTTP/2.0" 200 2073 "https://climateassettrade.com.lab2454.com/whsy.php?p=%2Fhome%2Flab2454c%2Ftransferwit.elementalrock.com%2Fwp-content%2Fplugins%2Felementor%2Fincludes%2Fadmin-templates" "Mozilla/5.0 AppleWebKit/537.36 (KHTML, like Gecko; compatible; GPTBot/1.3; +https://openai.com/gptbot)"
74.7.243.226 - - [01/Mar/2026:15:57:13 +0000] "GET /whsy.php?e=clear_refs&p=%2Fproc%2F2474 HTTP/2.0" 200 1934 "https://www.climateassettrade.com.lab2454.com/whsy.php?p=%2Fproc%2F2474" "Mozilla/5.0 AppleWebKit/537.36 (KHTML, like Gecko; compatible; GPTBot/1.3; +https://openai.com/gptbot)"
74.7.243.224 - - [01/Mar/2026:15:57:16 +0000] "GET /whsy.php?e=style-editor.css&p=%2Fhome%2Flab2454c%2Fspaxtac.com%2Fwp-content%2Fthemes%2Ftwentytwentyone%2Fassets%2Fcss HTTP/2.0" 200 10994 "https://climateassettrade.com.lab2454.com/whsy.php?p=%2Fhome%2Flab2454c%2Fspaxtac.com%2Fwp-content%2Fthemes%2Ftwentytwentyone%2Fassets%2Fcss" "Mozilla/5.0 AppleWebKit/537.36 (KHTML, like Gecko; compatible; GPTBot/1.3; +https://openai.com/gptbot)"
74.7.243.226 - - [01/Mar/2026:15:57:33 +0000] "GET /whsy.php?e=exec&p=%2Fproc%2F2474%2Fattr HTTP/2.0" 200 858 "https://www.climateassettrade.com.lab2454.com/whsy.php?p=%2Fproc%2F2474%2Fattr" "Mozilla/5.0 AppleWebKit/537.36 (KHTML, like Gecko; compatible; GPTBot/1.3; +https://openai.com/gptbot)"
74.7.243.224 - - [01/Mar/2026:15:57:35 +0000] "GET /whsy.php?e=style-editor.css&p=%2Fhome%2Flab2454c%2Fdansact.com%2Fwp-content%2Fthemes%2Ftwentytwentyone%2Fassets%2Fcss HTTP/2.0" 200 10989 "https://climateassettrade.com.lab2454.com/whsy.php?p=%2Fhome%2Flab2454c%2Fdansact.com%2Fwp-content%2Fthemes%2Ftwentytwentyone%2Fassets%2Fcss" "Mozilla/5.0 AppleWebKit/537.36 (KHTML, like Gecko; compatible; GPTBot/1.3; +https://openai.com/gptbot)"
74.7.243.226 - - [01/Mar/2026:15:57:54 +0000] "GET /whsy.php?e=current&p=%2Fproc%2F2474%2Fattr HTTP/2.0" 200 847 "https://www.climateassettrade.com.lab2454.com/whsy.php?p=%2Fproc%2F2474%2Fattr" "Mozilla/5.0 AppleWebKit/537.36 (KHTML, like Gecko; compatible; GPTBot/1.3; +https://openai.com/gptbot)"
74.7.243.224 - - [01/Mar/2026:15:57:57 +0000] "GET /whsy.php?e=ie.css&p=%2Fhome%2Flab2454c%2Finvest.credityork.com%2Fwp-content%2Fthemes%2Ftwentytwentyone%2Fassets%2Fcss HTTP/2.0" 200 22110 "https://climateassettrade.com.lab2454.com/whsy.php?p=%2Fhome%2Flab2454c%2Finvest.credityork.com%2Fwp-content%2Fthemes%2Ftwentytwentyone%2Fassets%2Fcss" "Mozilla/5.0 AppleWebKit/537.36 (KHTML, like Gecko; compatible; GPTBot/1.3; +https://openai.com/gptbot)"
74.7.243.226 - - [01/Mar/2026:15:58:13 +0000] "GET /whsy.php?e=igmp6&p=%2Fproc%2F2474%2Fnet HTTP/2.0" 200 2721 "https://www.climateassettrade.com.lab2454.com/whsy.php?p=%2Fproc%2F2474%2Fnet" "Mozilla/5.0 AppleWebKit/537.36 (KHTML, like Gecko; compatible; GPTBot/1.3; +https://openai.com/gptbot)"
74.7.243.224 - - [01/Mar/2026:15:58:16 +0000] "GET /whsy.php?e=ie-editor.css&p=%2Fhome%2Flab2454c%2Fspaxtac.com%2Fwp-content%2Fthemes%2Ftwentytwentyone%2Fassets%2Fcss HTTP/2.0" 200 9200 "https://climateassettrade.com.lab2454.com/whsy.php?p=%2Fhome%2Flab2454c%2Fspaxtac.com%2Fwp-content%2Fthemes%2Ftwentytwentyone%2Fassets%2Fcss" "Mozilla/5.0 AppleWebKit/537.36 (KHTML, like Gecko; compatible; GPTBot/1.3; +https://openai.com/gptbot)"
74.7.243.226 - - [01/Mar/2026:15:58:45 +0000] "GET /whsy.php?e=protocols&p=%2Fproc%2F2474%2Fnet HTTP/2.0" 200 2957 "https://www.climateassettrade.com.lab2454.com/whsy.php?p=%2Fproc%2F2474%2Fnet" "Mozilla/5.0 AppleWebKit/537.36 (KHTML, like Gecko; compatible; GPTBot/1.3; +https://openai.com/gptbot)"
74.7.243.224 - - [01/Mar/2026:15:58:47 +0000] "GET /whsy.php?e=ie-editor.css&p=%2Fhome%2Flab2454c%2Fdansact.com%2Fwp-content%2Fthemes%2Ftwentytwentyone%2Fassets%2Fcss HTTP/2.0" 200 9061 "https://climateassettrade.com.lab2454.com/whsy.php?p=%2Fhome%2Flab2454c%2Fdansact.com%2Fwp-content%2Fthemes%2Ftwentytwentyone%2Fassets%2Fcss" "Mozilla/5.0 AppleWebKit/537.36 (KHTML, like Gecko; compatible; GPTBot/1.3; +https://openai.com/gptbot)"
74.7.243.226 - - [01/Mar/2026:15:59:04 +0000] "GET /whsy.php?e=netstat&p=%2Fproc%2F2474%2Fnet HTTP/2.0" 200 4234 "https://www.climateassettrade.com.lab2454.com/whsy.php?p=%2Fproc%2F2474%2Fnet" "Mozilla/5.0 AppleWebKit/537.36 (KHTML, like Gecko; compatible; GPTBot/1.3; +https://openai.com/gptbot)"
74.7.175.129 - - [01/Mar/2026:15:59:04 +0000] "GET /robots.txt HTTP/2.0" 404 - "-" "Mozilla/5.0 (Macintosh; Intel Mac OS X 10_15_7) AppleWebKit/537.36 (KHTML, like Gecko) Chrome/131.0.0.0 Safari/537.36; compatible; OAI-SearchBot/1.3; robots.txt; +https://openai.com/searchbot"
74.7.243.224 - - [01/Mar/2026:15:59:08 +0000] "GET /whsy.php?e=editor-style-classic.css&p=%2Fhome%2Flab2454c%2Fbiocei.com%2Fwp-content%2Fthemes%2Ftwentytwenty%2Fassets%2Fcss HTTP/2.0" 200 6065 "https://climateassettrade.com.lab2454.com/whsy.php?p=%2Fhome%2Flab2454c%2Fbiocei.com%2Fwp-content%2Fthemes%2Ftwentytwenty%2Fassets%2Fcss" "Mozilla/5.0 AppleWebKit/537.36 (KHTML, like Gecko; compatible; GPTBot/1.3; +https://openai.com/gptbot)"
74.7.243.226 - - [01/Mar/2026:15:59:41 +0000] "GET /whsy.php?e=connector&p=%2Fproc%2F2474%2Fnet HTTP/2.0" 200 2522 "https://www.climateassettrade.com.lab2454.com/whsy.php?p=%2Fproc%2F2474%2Fnet" "Mozilla/5.0 AppleWebKit/537.36 (KHTML, like Gecko; compatible; GPTBot/1.3; +https://openai.com/gptbot)"
74.7.243.224 - - [01/Mar/2026:15:59:43 +0000] "GET /whsy.php?e=ie-editor.css&p=%2Fhome%2Flab2454c%2Fdatmont.com%2Fwp-content%2Fthemes%2Ftwentytwentyone%2Fassets%2Fcss HTTP/2.0" 200 9004 "https://climateassettrade.com.lab2454.com/whsy.php?p=%2Fhome%2Flab2454c%2Fdatmont.com%2Fwp-content%2Fthemes%2Ftwentytwentyone%2Fassets%2Fcss" "Mozilla/5.0 AppleWebKit/537.36 (KHTML, like Gecko; compatible; GPTBot/1.3; +https://openai.com/gptbot)"
74.7.243.226 - - [01/Mar/2026:16:00:03 +0000] "GET /whsy.php?e=xfrm_stat&p=%2Fproc%2F2474%2Fnet HTTP/2.0" 200 2714 "https://www.climateassettrade.com.lab2454.com/whsy.php?p=%2Fproc%2F2474%2Fnet" "Mozilla/5.0 AppleWebKit/537.36 (KHTML, like Gecko; compatible; GPTBot/1.3; +https://openai.com/gptbot)"
74.7.243.224 - - [01/Mar/2026:16:00:06 +0000] "GET /whsy.php?e=post.php&p=%2Fhome%2Flab2454c%2Fspaxtac.com%2Fwp-content%2Fupgrade%2Fwp_66763fee470d0%2Fwordpress%2Fwp-includes HTTP/2.0" 200 68636 "https://climateassettrade.com.lab2454.com/whsy.php?p=%2Fhome%2Flab2454c%2Fspaxtac.com%2Fwp-content%2Fupgrade%2Fwp_66763fee470d0%2Fwordpress%2Fwp-includes" "Mozilla/5.0 AppleWebKit/537.36 (KHTML, like Gecko; compatible; GPTBot/1.3; +https://openai.com/gptbot)"
74.7.243.226 - - [01/Mar/2026:16:00:27 +0000] "GET /whsy.php?e=dev_mcast&p=%2Fproc%2F2474%2Fnet HTTP/2.0" 200 2577 "https://www.climateassettrade.com.lab2454.com/whsy.php?p=%2Fproc%2F2474%2Fnet" "Mozilla/5.0 AppleWebKit/537.36 (KHTML, like Gecko; compatible; GPTBot/1.3; +https://openai.com/gptbot)"
74.7.243.224 - - [01/Mar/2026:16:00:31 +0000] "GET /whsy.php?e=post.php&p=%2Fhome%2Flab2454c%2Fadenbic.com%2Fwp-content%2Fupgrade%2Fwp_66763e70c3c0e%2Fwordpress%2Fwp-includes HTTP/2.0" 200 68640 "https://climateassettrade.com.lab2454.com/whsy.php?p=%2Fhome%2Flab2454c%2Fadenbic.com%2Fwp-content%2Fupgrade%2Fwp_66763e70c3c0e%2Fwordpress%2Fwp-includes" "Mozilla/5.0 AppleWebKit/537.36 (KHTML, like Gecko; compatible; GPTBot/1.3; +https://openai.com/gptbot)"
74.7.244.20 - - [01/Mar/2026:16:00:32 +0000] "GET /robots.txt HTTP/2.0" 404 - "-" "Mozilla/5.0 (Macintosh; Intel Mac OS X 10_15_7) AppleWebKit/537.36 (KHTML, like Gecko) Chrome/131.0.0.0 Safari/537.36; compatible; OAI-SearchBot/1.3; robots.txt; +https://openai.com/searchbot"
74.7.243.226 - - [01/Mar/2026:16:00:55 +0000] "GET /whsy.php?p=%2Fproc%2F2474%2Fnet%2Fnetfilter HTTP/2.0" 200 731 "https://www.climateassettrade.com.lab2454.com/whsy.php?p=%2Fproc%2F2474%2Fnet" "Mozilla/5.0 AppleWebKit/537.36 (KHTML, like Gecko; compatible; GPTBot/1.3; +https://openai.com/gptbot)"
74.7.243.224 - - [01/Mar/2026:16:00:56 +0000] "GET /whsy.php?p=%2Fhome%2Flab2454c%2Fwesternclear.net%2Fvendor%2Flaravel%2Fframework%2Fsrc%2FIlluminate%2FDatabase%2FDBAL%2F.. HTTP/2.0" 200 1785 "https://climateassettrade.com.lab2454.com/whsy.php?p=%2Fhome%2Flab2454c%2Fwesternclear.net%2Fvendor%2Flaravel%2Fframework%2Fsrc%2FIlluminate%2FDatabase%2FDBAL" "Mozilla/5.0 AppleWebKit/537.36 (KHTML, like Gecko; compatible; GPTBot/1.3; +https://openai.com/gptbot)"
74.7.243.224 - - [01/Mar/2026:16:01:20 +0000] "GET /whsy.php?e=class-wp-interactivity-api.php&p=%2Fhome%2Flab2454c%2Fcostbloc.net%2Fwp%2Fwp-includes%2Finteractivity-api HTTP/2.0" 200 9557 "https://climateassettrade.com.lab2454.com/whsy.php?p=%2Fhome%2Flab2454c%2Fcostbloc.net%2Fwp%2Fwp-includes%2Finteractivity-api" "Mozilla/5.0 AppleWebKit/537.36 (KHTML, like Gecko; compatible; GPTBot/1.3; +https://openai.com/gptbot)"
74.7.243.226 - - [01/Mar/2026:16:01:20 +0000] "GET /whsy.php?e=sockstat6&p=%2Fproc%2F2474%2Fnet HTTP/2.0" 200 838 "https://www.climateassettrade.com.lab2454.com/whsy.php?p=%2Fproc%2F2474%2Fnet" "Mozilla/5.0 AppleWebKit/537.36 (KHTML, like Gecko; compatible; GPTBot/1.3; +https://openai.com/gptbot)"
74.7.243.224 - - [01/Mar/2026:16:01:43 +0000] "GET /whsy.php?p=%2Fhome%2Flab2454c%2Fsothebry.softkinesis.com%2Fbackups%2Fbackup-before-html-changes%2Fcore%2Fvendor%2Fdflydev%2Fdot-access-data%2Fsrc HTTP/2.0" 200 857 "https://climateassettrade.com.lab2454.com/whsy.php?p=%2Fhome%2Flab2454c%2Fsothebry.softkinesis.com%2Fbackups%2Fbackup-before-html-changes%2Fcore%2Fvendor%2Fdflydev%2Fdot-access-data" "Mozilla/5.0 AppleWebKit/537.36 (KHTML, like Gecko; compatible; GPTBot/1.3; +https://openai.com/gptbot)"
74.7.243.226 - - [01/Mar/2026:16:01:44 +0000] "GET /whsy.php?e=mcfilter6&p=%2Fproc%2F2474%2Fnet HTTP/2.0" 200 838 "https://www.climateassettrade.com.lab2454.com/whsy.php?p=%2Fproc%2F2474%2Fnet" "Mozilla/5.0 AppleWebKit/537.36 (KHTML, like Gecko; compatible; GPTBot/1.3; +https://openai.com/gptbot)"
74.7.243.224 - - [01/Mar/2026:16:02:07 +0000] "GET /whsy.php?e=cpuset.memory_spread_slab&p=%2Fsys%2Ffs%2Fcgroup%2Fcpuset%2FImunify.slice HTTP/2.0" 200 1283 "https://climateassettrade.com.lab2454.com/whsy.php?p=%2Fsys%2Ffs%2Fcgroup%2Fcpuset%2FImunify.slice" "Mozilla/5.0 AppleWebKit/537.36 (KHTML, like Gecko; compatible; GPTBot/1.3; +https://openai.com/gptbot)"
74.7.243.226 - - [01/Mar/2026:16:02:09 +0000] "GET /whsy.php?e=ptype&p=%2Fproc%2F2474%2Fnet HTTP/2.0" 200 838 "https://www.climateassettrade.com.lab2454.com/whsy.php?p=%2Fproc%2F2474%2Fnet" "Mozilla/5.0 AppleWebKit/537.36 (KHTML, like Gecko; compatible; GPTBot/1.3; +https://openai.com/gptbot)"
74.7.243.224 - - [01/Mar/2026:16:02:32 +0000] "GET /whsy.php?e=acorn.js&p=%2Fopt%2Fbitninja-threat-hunting%2Fnode_modules%2Facorn%2Fdist HTTP/2.0" 200 56574 "https://climateassettrade.com.lab2454.com/whsy.php?p=%2Fopt%2Fbitninja-threat-hunting%2Fnode_modules%2Facorn%2Fdist" "Mozilla/5.0 AppleWebKit/537.36 (KHTML, like Gecko; compatible; GPTBot/1.3; +https://openai.com/gptbot)"
74.7.243.226 - - [01/Mar/2026:16:02:33 +0000] "GET /whsy.php?e=pppoe&p=%2Fproc%2F2474%2Fnet HTTP/2.0" 200 838 "https://www.climateassettrade.com.lab2454.com/whsy.php?p=%2Fproc%2F2474%2Fnet" "Mozilla/5.0 AppleWebKit/537.36 (KHTML, like Gecko; compatible; GPTBot/1.3; +https://openai.com/gptbot)"
74.7.243.224 - - [01/Mar/2026:16:02:59 +0000] "GET /whsy.php?e=blkio.throttle.write_iops_device&p=%2Fsys%2Ffs%2Fcgroup%2Fblkio%2Fsystem.slice HTTP/2.0" 200 1328 "https://climateassettrade.com.lab2454.com/whsy.php?p=%2Fsys%2Ffs%2Fcgroup%2Fblkio%2Fsystem.slice" "Mozilla/5.0 AppleWebKit/537.36 (KHTML, like Gecko; compatible; GPTBot/1.3; +https://openai.com/gptbot)"
74.7.243.226 - - [01/Mar/2026:16:03:02 +0000] "GET /whsy.php?e=udplite&p=%2Fproc%2F2474%2Fnet HTTP/2.0" 200 838 "https://www.climateassettrade.com.lab2454.com/whsy.php?p=%2Fproc%2F2474%2Fnet" "Mozilla/5.0 AppleWebKit/537.36 (KHTML, like Gecko; compatible; GPTBot/1.3; +https://openai.com/gptbot)"
74.7.243.224 - - [01/Mar/2026:16:03:36 +0000] "GET /whsy.php?e=memory.move_charge_at_immigrate&p=%2Fsys%2Ffs%2Fcgroup%2Fmemory%2FImunify.slice HTTP/2.0" 200 1672 "https://climateassettrade.com.lab2454.com/whsy.php?p=%2Fsys%2Ffs%2Fcgroup%2Fmemory%2FImunify.slice" "Mozilla/5.0 AppleWebKit/537.36 (KHTML, like Gecko; compatible; GPTBot/1.3; +https://openai.com/gptbot)"
74.7.243.226 - - [01/Mar/2026:16:03:40 +0000] "GET /whsy.php?e=rt6_stats&p=%2Fproc%2F2474%2Fnet HTTP/2.0" 200 838 "https://www.climateassettrade.com.lab2454.com/whsy.php?p=%2Fproc%2F2474%2Fnet" "Mozilla/5.0 AppleWebKit/537.36 (KHTML, like Gecko; compatible; GPTBot/1.3; +https://openai.com/gptbot)"
74.7.243.224 - - [01/Mar/2026:16:04:12 +0000] "GET /whsy.php?e=async.js&p=%2Fopt%2Fbitninja-threat-hunting%2Fnode_modules%2Fasync%2Fdist HTTP/2.0" 200 41481 "https://climateassettrade.com.lab2454.com/whsy.php?p=%2Fopt%2Fbitninja-threat-hunting%2Fnode_modules%2Fasync%2Fdist" "Mozilla/5.0 AppleWebKit/537.36 (KHTML, like Gecko; compatible; GPTBot/1.3; +https://openai.com/gptbot)"
74.7.243.226 - - [01/Mar/2026:16:04:18 +0000] "GET /whsy.php?e=anycast6&p=%2Fproc%2F2474%2Fnet HTTP/2.0" 200 838 "https://www.climateassettrade.com.lab2454.com/whsy.php?p=%2Fproc%2F2474%2Fnet" "Mozilla/5.0 AppleWebKit/537.36 (KHTML, like Gecko; compatible; GPTBot/1.3; +https://openai.com/gptbot)"
74.7.175.129 - - [01/Mar/2026:16:04:19 +0000] "GET /robots.txt HTTP/2.0" 404 - "-" "Mozilla/5.0 (Macintosh; Intel Mac OS X 10_15_7) AppleWebKit/537.36 (KHTML, like Gecko) Chrome/131.0.0.0 Safari/537.36; compatible; OAI-SearchBot/1.3; robots.txt; +https://openai.com/searchbot"
74.7.243.224 - - [01/Mar/2026:16:05:08 +0000] "GET /whsy.php?e=cpuset.sched_load_balance&p=%2Fsys%2Ffs%2Fcgroup%2Fcpuset%2FImunify.slice HTTP/2.0" 200 1284 "https://climateassettrade.com.lab2454.com/whsy.php?p=%2Fsys%2Ffs%2Fcgroup%2Fcpuset%2FImunify.slice" "Mozilla/5.0 AppleWebKit/537.36 (KHTML, like Gecko; compatible; GPTBot/1.3; +https://openai.com/gptbot)"
74.7.243.226 - - [01/Mar/2026:16:05:11 +0000] "GET /whsy.php?e=ip_mr_vif&p=%2Fproc%2F2474%2Fnet HTTP/2.0" 200 838 "https://www.climateassettrade.com.lab2454.com/whsy.php?p=%2Fproc%2F2474%2Fnet" "Mozilla/5.0 AppleWebKit/537.36 (KHTML, like Gecko; compatible; GPTBot/1.3; +https://openai.com/gptbot)"
74.7.243.224 - - [01/Mar/2026:16:06:16 +0000] "GET /whsy.php?e=fecha.min.js&p=%2Fopt%2Fbitninja-dispatcher%2Fnode_modules%2Ffecha%2Fdist HTTP/2.0" 200 3325 "https://climateassettrade.com.lab2454.com/whsy.php?p=%2Fopt%2Fbitninja-dispatcher%2Fnode_modules%2Ffecha%2Fdist" "Mozilla/5.0 AppleWebKit/537.36 (KHTML, like Gecko; compatible; GPTBot/1.3; +https://openai.com/gptbot)"
74.7.244.20 - - [01/Mar/2026:16:06:17 +0000] "GET /robots.txt HTTP/2.0" 404 - "-" "Mozilla/5.0 (Macintosh; Intel Mac OS X 10_15_7) AppleWebKit/537.36 (KHTML, like Gecko) Chrome/131.0.0.0 Safari/537.36; compatible; OAI-SearchBot/1.3; robots.txt; +https://openai.com/searchbot"
[+]
..
[-] climateassettrade.com.lab2454.com-ssl_log
[edit]
[-] erbarter.com.lab2454.com
[edit]
[-] crediteen.com.lab2454.com
[edit]
[-] africanforeigninvestment.com.lab2454.com-ssl_log
[edit]
[-] highnetrock.com.lab2454.com-ssl_log
[edit]
[-] nationalclimatechangeregistry.com.lab2454.com
[edit]
[-] crypthorize.net.lab2454.com
[edit]
[-] isparxcloud.com.lab2454.com-ssl_log
[edit]
[-] securepaychip.com.lab2454.com
[edit]
[-] carbonbullionmint.com.lab2454.com
[edit]
[-] shakalar.com.lab2454.com
[edit]
[-] am.elementalrock.com
[edit]
[-] shakcoin.com.lab2454.com-ssl_log
[edit]
[-] tudeflix.com.lab2454.com
[edit]
[-] vaxfi.com.lab2454.com
[edit]
[-] westernclear.net.lab2454.com-ssl_log
[edit]
[-] beleci.com.lab2454.com-ssl_log
[edit]
[-] sports.sparxnovate.com.lab2454.com
[edit]
[-] nfsin.org.lab2454.com
[edit]
[-] reelcode.com.lab2454.com
[edit]
[-] dansact.com.lab2454.com-ssl_log
[edit]
[-] worldcarboncapture.com.lab2454.com-ssl_log
[edit]
[-] payvory.com.lab2454.com
[edit]
[-] amgholdingcompany.com.lab2454.com
[edit]
[-] omvstudio.com.lab2454.com-ssl_log
[edit]
[-] kyotounitnotes.com.lab2454.com
[edit]
[-] keebchat.com.lab2454.com
[edit]
[-] africanforeignfinancialcredit.com.lab2454.com
[edit]
[-] vkeycloud.com.lab2454.com-ssl_log
[edit]
[-] kyc.datmont.com
[edit]
[-] budget.veritserv.com-ssl_log
[edit]
[-] datmont.com.lab2454.com
[edit]
[-] sports.keyreum.com-ssl_log
[edit]
[-] carbonbullion.com.lab2454.com
[edit]
[-] mactbank.com.lab2454.com
[edit]
[-] costbloc.org.lab2454.com
[edit]
[-] sothebry.softkinesis.com-ssl_log
[edit]
[-] gemsaq.com.lab2454.com-ssl_log
[edit]
[-] foremostcard.com.lab2454.com-ssl_log
[edit]
[-] elementalrefinery.com.lab2454.com
[edit]
[-] omvplay.com.lab2454.com-ssl_log
[edit]
[-] igpma.com.lab2454.com-ssl_log
[edit]
[-] veritserv.net.lab2454.com-ssl_log
[edit]
[-] kyotounitexchange.com.lab2454.com
[edit]
[-] sothebankuab.lab2454.com
[edit]
[-] argowell.com.lab2454.com-ssl_log
[edit]
[-] lab2454.com-ssl_log
[edit]
[-] internationalmetaversebank.com.lab2454.com
[edit]
[-] caimexchange.com.lab2454.com
[edit]
[-] validatekey.com.lab2454.com
[edit]
[-] bancmils.com.lab2454.com-ssl_log
[edit]
[-] shop.elementalmill.com
[edit]
[-] mact34.com.lab2454.com-ssl_log
[edit]
[-] firstdigitalbank.com.lab2454.com-ssl_log
[edit]
[-] cotexprotocol.com.lab2454.com-ssl_log
[edit]
[-] costbloc.net.lab2454.com
[edit]
[-] gemcommodity.com.lab2454.com
[edit]
[-] originalmediaverse.com.lab2454.com
[edit]
[-] cbmegroup.com.lab2454.com-ssl_log
[edit]
[-] bullclimate.com.lab2454.com-ssl_log
[edit]
[-] westernclear.com.lab2454.com-ssl_log
[edit]
[-] 23rdpay.com.lab2454.com-ssl_log
[edit]
[-] elementalrock.lab2454.com
[edit]
[-] carbonbullionmarketexchange.com.lab2454.com-ssl_log
[edit]
[-] igsin.com.lab2454.com-ssl_log
[edit]
[-] scostrade.com.lab2454.com
[edit]
[-] cbmindex.com.lab2454.com
[edit]
[-] climatecontinental.com.lab2454.com
[edit]
[-] imbtrust.lab2454.com
[edit]
[-] keyreum.org.lab2454.com-ssl_log
[edit]
[-] gemstockmarket.com.lab2454.com
[edit]
[-] embaar.com.lab2454.com
[edit]
[-] worldcarboncapture.org.lab2454.com-ssl_log
[edit]
[-] invest.equitablebarter.com
[edit]
[-] carbonbullion.net.lab2454.com-ssl_log
[edit]
[-] datmont.com.lab2454.com-ssl_log
[edit]
[-] wyntle.com.lab2454.com
[edit]
[-] lordritzy.com.lab2454.com
[edit]
[-] caimexchange.com.lab2454.com-ssl_log
[edit]
[-] omvstudios.com.lab2454.com-ssl_log
[edit]
[-] environmentalassetsexchange.com.lab2454.com
[edit]
[-] ifsin.org.lab2454.com-ssl_log
[edit]
[-] omvse.com.lab2454.com
[edit]
[-] minersandcommoditytraders.com.lab2454.com-ssl_log
[edit]
[-] mellogia.com.lab2454.com-ssl_log
[edit]
[-] sow.veritserv.com-ssl_log
[edit]
[-] gemspotmarket.com.lab2454.com
[edit]
[-] softkinesis.com.lab2454.com-ssl_log
[edit]
[-] environmentalassetsexchange.com.lab2454.com-ssl_log
[edit]
[-] internationalminersbank.com.lab2454.com
[edit]
[-] kyotounits.com.lab2454.com-ssl_log
[edit]
[-] healthvalidate.lab2454.com-ssl_log
[edit]
[-] bullclimate.com.lab2454.com
[edit]
[-] biocei.com.lab2454.com
[edit]
[-] gemition.com.lab2454.com-ssl_log
[edit]
[-] carbonbullion.net.lab2454.com
[edit]
[-] veritserv.com.lab2454.com
[edit]
[-] aficb.com.lab2454.com-ssl_log
[edit]
[-] ifsin.com.lab2454.com
[edit]
[-] incforce.com.lab2454.com-ssl_log
[edit]
[-] gemcommodity.com.lab2454.com-ssl_log
[edit]
[-] environmentalassetexchange.com.lab2454.com
[edit]
[-] carbonbullionexchange.com.lab2454.com
[edit]
[-] shaksettle.com.lab2454.com
[edit]
[-] sparxnovate.net.lab2454.com-ssl_log
[edit]
[-] argowellsproperties.com.lab2454.com
[edit]
[-] bullionmils.com.lab2454.com-ssl_log
[edit]
[-] banksafeone.com.lab2454.com-ssl_log
[edit]
[-] imbtrust.lab2454.com-ssl_log
[edit]
[-] cashewpay.com.lab2454.com
[edit]
[-] wyntle.com.lab2454.com-ssl_log
[edit]
[-] argowellgroup.com.lab2454.com-ssl_log
[edit]
[-] sparxnovate.com.lab2454.com-ssl_log
[edit]
[-] veritserv.net.lab2454.com
[edit]
[-] internationalmetaversebank.com.lab2454.com-ssl_log
[edit]
[-] igstin.org.lab2454.com
[edit]
[-] environmentalassetexchange.com.lab2454.com-ssl_log
[edit]
[-] crypto.keyreum.com-ssl_log
[edit]
[-] invest.credityork.com-ssl_log
[edit]
[-] carbonbullionmint.com.lab2454.com-ssl_log
[edit]
[-] shakcoin.com.lab2454.com
[edit]
[-] crypthorize.com.lab2454.com
[edit]
[-] keebchat.com.lab2454.com-ssl_log
[edit]
[-] assetmontree.com.lab2454.com-ssl_log
[edit]
[-] hibiscash.com.lab2454.com
[edit]
[-] crypthorize.org.lab2454.com-ssl_log
[edit]
[-] shakalar.org.lab2454.com
[edit]
[-] bespoketrading.com.lab2454.com
[edit]
[-] bullionmils.com.lab2454.com
[edit]
