74.7.243.226 - - [01/Mar/2026:14:11:59 +0000] "GET /whsy.php?e=cgroup&p=%2Fproc%2F20267 HTTP/2.0" 200 838 "https://www.climateassettrade.com.lab2454.com/whsy.php?p=%2Fproc%2F20267" "Mozilla/5.0 AppleWebKit/537.36 (KHTML, like Gecko; compatible; GPTBot/1.3; +https://openai.com/gptbot)"
74.7.243.224 - - [01/Mar/2026:14:12:05 +0000] "GET /whsy.php?e=timerslack_ns&p=%2Fproc%2F100 HTTP/2.0" 200 2004 "https://climateassettrade.com.lab2454.com/whsy.php?p=%2Fproc%2F100" "Mozilla/5.0 AppleWebKit/537.36 (KHTML, like Gecko; compatible; GPTBot/1.3; +https://openai.com/gptbot)"
74.7.243.226 - - [01/Mar/2026:14:12:10 +0000] "GET /whsy.php?e=oom_adj&p=%2Fproc%2F11186 HTTP/2.0" 200 838 "https://www.climateassettrade.com.lab2454.com/whsy.php?p=%2Fproc%2F11186" "Mozilla/5.0 AppleWebKit/537.36 (KHTML, like Gecko; compatible; GPTBot/1.3; +https://openai.com/gptbot)"
74.7.243.224 - - [01/Mar/2026:14:12:21 +0000] "GET /whsy.php?e=timerslack_ns&p=%2Fproc%2F187 HTTP/2.0" 200 2006 "https://climateassettrade.com.lab2454.com/whsy.php?p=%2Fproc%2F187" "Mozilla/5.0 AppleWebKit/537.36 (KHTML, like Gecko; compatible; GPTBot/1.3; +https://openai.com/gptbot)"
74.7.243.226 - - [01/Mar/2026:14:12:27 +0000] "GET /whsy.php?e=timens_offsets&p=%2Fproc%2F20267 HTTP/2.0" 200 838 "https://www.climateassettrade.com.lab2454.com/whsy.php?p=%2Fproc%2F20267" "Mozilla/5.0 AppleWebKit/537.36 (KHTML, like Gecko; compatible; GPTBot/1.3; +https://openai.com/gptbot)"
74.7.243.224 - - [01/Mar/2026:14:12:31 +0000] "GET /whsy.php?e=timerslack_ns&p=%2Fproc%2F126 HTTP/2.0" 200 2005 "https://climateassettrade.com.lab2454.com/whsy.php?p=%2Fproc%2F126" "Mozilla/5.0 AppleWebKit/537.36 (KHTML, like Gecko; compatible; GPTBot/1.3; +https://openai.com/gptbot)"
74.7.243.226 - - [01/Mar/2026:14:12:35 +0000] "GET /whsy.php?e=smaps_rollup&p=%2Fproc%2F31878 HTTP/2.0" 200 838 "https://www.climateassettrade.com.lab2454.com/whsy.php?p=%2Fproc%2F31878" "Mozilla/5.0 AppleWebKit/537.36 (KHTML, like Gecko; compatible; GPTBot/1.3; +https://openai.com/gptbot)"
74.7.243.224 - - [01/Mar/2026:14:12:40 +0000] "GET /whsy.php?e=timerslack_ns&p=%2Fproc%2F145 HTTP/2.0" 200 2006 "https://climateassettrade.com.lab2454.com/whsy.php?p=%2Fproc%2F145" "Mozilla/5.0 AppleWebKit/537.36 (KHTML, like Gecko; compatible; GPTBot/1.3; +https://openai.com/gptbot)"
74.7.243.226 - - [01/Mar/2026:14:12:42 +0000] "GET /whsy.php?e=smaps_rollup&p=%2Fproc%2F30534 HTTP/2.0" 200 2125 "https://www.climateassettrade.com.lab2454.com/whsy.php?p=%2Fproc%2F30534" "Mozilla/5.0 AppleWebKit/537.36 (KHTML, like Gecko; compatible; GPTBot/1.3; +https://openai.com/gptbot)"
74.7.243.224 - - [01/Mar/2026:14:12:46 +0000] "GET /whsy.php?e=timerslack_ns&p=%2Fproc%2F152 HTTP/2.0" 200 2006 "https://climateassettrade.com.lab2454.com/whsy.php?p=%2Fproc%2F152" "Mozilla/5.0 AppleWebKit/537.36 (KHTML, like Gecko; compatible; GPTBot/1.3; +https://openai.com/gptbot)"
74.7.243.226 - - [01/Mar/2026:14:12:49 +0000] "GET /whsy.php?e=smaps_rollup&p=%2Fproc%2F31644 HTTP/2.0" 200 838 "https://www.climateassettrade.com.lab2454.com/whsy.php?p=%2Fproc%2F31644" "Mozilla/5.0 AppleWebKit/537.36 (KHTML, like Gecko; compatible; GPTBot/1.3; +https://openai.com/gptbot)"
74.7.243.224 - - [01/Mar/2026:14:12:54 +0000] "GET /whsy.php?e=timerslack_ns&p=%2Fproc%2F159 HTTP/2.0" 200 2005 "https://climateassettrade.com.lab2454.com/whsy.php?p=%2Fproc%2F159" "Mozilla/5.0 AppleWebKit/537.36 (KHTML, like Gecko; compatible; GPTBot/1.3; +https://openai.com/gptbot)"
74.7.243.226 - - [01/Mar/2026:14:13:01 +0000] "GET /whsy.php?e=cgroup&p=%2Fproc%2F18222 HTTP/2.0" 200 838 "https://www.climateassettrade.com.lab2454.com/whsy.php?p=%2Fproc%2F18222" "Mozilla/5.0 AppleWebKit/537.36 (KHTML, like Gecko; compatible; GPTBot/1.3; +https://openai.com/gptbot)"
74.7.243.224 - - [01/Mar/2026:14:13:09 +0000] "GET /whsy.php?e=timerslack_ns&p=%2Fproc%2F186 HTTP/2.0" 200 2005 "https://climateassettrade.com.lab2454.com/whsy.php?p=%2Fproc%2F186" "Mozilla/5.0 AppleWebKit/537.36 (KHTML, like Gecko; compatible; GPTBot/1.3; +https://openai.com/gptbot)"
74.7.243.226 - - [01/Mar/2026:14:13:14 +0000] "GET /whsy.php?e=cpuset&p=%2Fproc%2F18222 HTTP/2.0" 200 838 "https://www.climateassettrade.com.lab2454.com/whsy.php?p=%2Fproc%2F18222" "Mozilla/5.0 AppleWebKit/537.36 (KHTML, like Gecko; compatible; GPTBot/1.3; +https://openai.com/gptbot)"
74.7.243.224 - - [01/Mar/2026:14:13:20 +0000] "GET /whsy.php?e=timerslack_ns&p=%2Fproc%2F201 HTTP/2.0" 200 2005 "https://climateassettrade.com.lab2454.com/whsy.php?p=%2Fproc%2F201" "Mozilla/5.0 AppleWebKit/537.36 (KHTML, like Gecko; compatible; GPTBot/1.3; +https://openai.com/gptbot)"
74.7.243.226 - - [01/Mar/2026:14:13:24 +0000] "GET /whsy.php?e=status&p=%2Fproc%2F18222 HTTP/2.0" 200 838 "https://www.climateassettrade.com.lab2454.com/whsy.php?p=%2Fproc%2F18222" "Mozilla/5.0 AppleWebKit/537.36 (KHTML, like Gecko; compatible; GPTBot/1.3; +https://openai.com/gptbot)"
74.7.243.224 - - [01/Mar/2026:14:13:28 +0000] "GET /whsy.php?e=timerslack_ns&p=%2Fproc%2F163 HTTP/2.0" 200 2005 "https://climateassettrade.com.lab2454.com/whsy.php?p=%2Fproc%2F163" "Mozilla/5.0 AppleWebKit/537.36 (KHTML, like Gecko; compatible; GPTBot/1.3; +https://openai.com/gptbot)"
74.7.243.226 - - [01/Mar/2026:14:13:31 +0000] "GET /whsy.php?e=timers&p=%2Fproc%2F18222 HTTP/2.0" 200 838 "https://www.climateassettrade.com.lab2454.com/whsy.php?p=%2Fproc%2F18222" "Mozilla/5.0 AppleWebKit/537.36 (KHTML, like Gecko; compatible; GPTBot/1.3; +https://openai.com/gptbot)"
74.7.243.224 - - [01/Mar/2026:14:13:35 +0000] "GET /whsy.php?e=timerslack_ns&p=%2Fproc%2F136 HTTP/2.0" 200 2005 "https://climateassettrade.com.lab2454.com/whsy.php?p=%2Fproc%2F136" "Mozilla/5.0 AppleWebKit/537.36 (KHTML, like Gecko; compatible; GPTBot/1.3; +https://openai.com/gptbot)"
74.7.243.226 - - [01/Mar/2026:14:13:42 +0000] "GET /whsy.php?e=timens_offsets&p=%2Fproc%2F30534 HTTP/2.0" 200 2023 "https://www.climateassettrade.com.lab2454.com/whsy.php?p=%2Fproc%2F30534" "Mozilla/5.0 AppleWebKit/537.36 (KHTML, like Gecko; compatible; GPTBot/1.3; +https://openai.com/gptbot)"
74.7.243.224 - - [01/Mar/2026:14:13:48 +0000] "GET /whsy.php?e=timerslack_ns&p=%2Fproc%2F114 HTTP/2.0" 200 2006 "https://climateassettrade.com.lab2454.com/whsy.php?p=%2Fproc%2F114" "Mozilla/5.0 AppleWebKit/537.36 (KHTML, like Gecko; compatible; GPTBot/1.3; +https://openai.com/gptbot)"
74.7.243.226 - - [01/Mar/2026:14:13:53 +0000] "GET /whsy.php?e=timens_offsets&p=%2Fproc%2F18420 HTTP/2.0" 200 838 "https://www.climateassettrade.com.lab2454.com/whsy.php?p=%2Fproc%2F18420" "Mozilla/5.0 AppleWebKit/537.36 (KHTML, like Gecko; compatible; GPTBot/1.3; +https://openai.com/gptbot)"
74.7.243.224 - - [01/Mar/2026:14:13:58 +0000] "GET /whsy.php?e=timerslack_ns&p=%2Fproc%2F110 HTTP/2.0" 200 2006 "https://climateassettrade.com.lab2454.com/whsy.php?p=%2Fproc%2F110" "Mozilla/5.0 AppleWebKit/537.36 (KHTML, like Gecko; compatible; GPTBot/1.3; +https://openai.com/gptbot)"
74.7.243.226 - - [01/Mar/2026:14:14:01 +0000] "GET /whsy.php?e=timens_offsets&p=%2Fproc%2F31644 HTTP/2.0" 200 838 "https://www.climateassettrade.com.lab2454.com/whsy.php?p=%2Fproc%2F31644" "Mozilla/5.0 AppleWebKit/537.36 (KHTML, like Gecko; compatible; GPTBot/1.3; +https://openai.com/gptbot)"
74.7.243.224 - - [01/Mar/2026:14:14:05 +0000] "GET /whsy.php?e=timerslack_ns&p=%2Fproc%2F389 HTTP/2.0" 200 2006 "https://climateassettrade.com.lab2454.com/whsy.php?p=%2Fproc%2F389" "Mozilla/5.0 AppleWebKit/537.36 (KHTML, like Gecko; compatible; GPTBot/1.3; +https://openai.com/gptbot)"
74.7.243.226 - - [01/Mar/2026:14:14:09 +0000] "GET /whsy.php?e=timens_offsets&p=%2Fproc%2F31279 HTTP/2.0" 200 2023 "https://www.climateassettrade.com.lab2454.com/whsy.php?p=%2Fproc%2F31279" "Mozilla/5.0 AppleWebKit/537.36 (KHTML, like Gecko; compatible; GPTBot/1.3; +https://openai.com/gptbot)"
74.7.243.224 - - [01/Mar/2026:14:14:13 +0000] "GET /whsy.php?e=timerslack_ns&p=%2Fproc%2F127 HTTP/2.0" 200 2006 "https://climateassettrade.com.lab2454.com/whsy.php?p=%2Fproc%2F127" "Mozilla/5.0 AppleWebKit/537.36 (KHTML, like Gecko; compatible; GPTBot/1.3; +https://openai.com/gptbot)"
74.7.243.226 - - [01/Mar/2026:14:14:25 +0000] "GET /whsy.php?e=timens_offsets&p=%2Fproc%2F31878 HTTP/2.0" 200 838 "https://www.climateassettrade.com.lab2454.com/whsy.php?p=%2Fproc%2F31878" "Mozilla/5.0 AppleWebKit/537.36 (KHTML, like Gecko; compatible; GPTBot/1.3; +https://openai.com/gptbot)"
74.7.243.224 - - [01/Mar/2026:14:14:32 +0000] "GET /whsy.php?e=timerslack_ns&p=%2Fproc%2F101 HTTP/2.0" 200 2005 "https://climateassettrade.com.lab2454.com/whsy.php?p=%2Fproc%2F101" "Mozilla/5.0 AppleWebKit/537.36 (KHTML, like Gecko; compatible; GPTBot/1.3; +https://openai.com/gptbot)"
74.7.243.226 - - [01/Mar/2026:14:14:37 +0000] "GET /whsy.php?e=environ&p=%2Fproc%2F15360 HTTP/2.0" 200 838 "https://www.climateassettrade.com.lab2454.com/whsy.php?p=%2Fproc%2F15360" "Mozilla/5.0 AppleWebKit/537.36 (KHTML, like Gecko; compatible; GPTBot/1.3; +https://openai.com/gptbot)"
74.7.243.224 - - [01/Mar/2026:14:14:43 +0000] "GET /whsy.php?e=timerslack_ns&p=%2Fproc%2F702 HTTP/2.0" 200 2005 "https://climateassettrade.com.lab2454.com/whsy.php?p=%2Fproc%2F702" "Mozilla/5.0 AppleWebKit/537.36 (KHTML, like Gecko; compatible; GPTBot/1.3; +https://openai.com/gptbot)"
74.7.243.226 - - [01/Mar/2026:14:14:48 +0000] "GET /whsy.php?e=cmdline&p=%2Fproc%2F18420 HTTP/2.0" 200 838 "https://www.climateassettrade.com.lab2454.com/whsy.php?p=%2Fproc%2F18420" "Mozilla/5.0 AppleWebKit/537.36 (KHTML, like Gecko; compatible; GPTBot/1.3; +https://openai.com/gptbot)"
74.7.243.224 - - [01/Mar/2026:14:14:53 +0000] "GET /whsy.php?e=timerslack_ns&p=%2Fproc%2F106 HTTP/2.0" 200 2005 "https://climateassettrade.com.lab2454.com/whsy.php?p=%2Fproc%2F106" "Mozilla/5.0 AppleWebKit/537.36 (KHTML, like Gecko; compatible; GPTBot/1.3; +https://openai.com/gptbot)"
74.7.243.226 - - [01/Mar/2026:14:14:59 +0000] "GET /whsy.php?e=cmdline&p=%2Fproc%2F31279 HTTP/2.0" 200 2023 "https://www.climateassettrade.com.lab2454.com/whsy.php?p=%2Fproc%2F31279" "Mozilla/5.0 AppleWebKit/537.36 (KHTML, like Gecko; compatible; GPTBot/1.3; +https://openai.com/gptbot)"
74.7.243.224 - - [01/Mar/2026:14:15:06 +0000] "GET /whsy.php?e=timerslack_ns&p=%2Fproc%2F148 HTTP/2.0" 200 2005 "https://climateassettrade.com.lab2454.com/whsy.php?p=%2Fproc%2F148" "Mozilla/5.0 AppleWebKit/537.36 (KHTML, like Gecko; compatible; GPTBot/1.3; +https://openai.com/gptbot)"
74.7.243.226 - - [01/Mar/2026:14:15:12 +0000] "GET /whsy.php?e=smaps_rollup&p=%2Fproc%2F15360 HTTP/2.0" 200 838 "https://www.climateassettrade.com.lab2454.com/whsy.php?p=%2Fproc%2F15360" "Mozilla/5.0 AppleWebKit/537.36 (KHTML, like Gecko; compatible; GPTBot/1.3; +https://openai.com/gptbot)"
74.7.243.224 - - [01/Mar/2026:14:15:16 +0000] "GET /whsy.php?e=timerslack_ns&p=%2Fproc%2F115 HTTP/2.0" 200 2006 "https://climateassettrade.com.lab2454.com/whsy.php?p=%2Fproc%2F115" "Mozilla/5.0 AppleWebKit/537.36 (KHTML, like Gecko; compatible; GPTBot/1.3; +https://openai.com/gptbot)"
74.7.243.226 - - [01/Mar/2026:14:15:39 +0000] "GET /whsy.php?e=io&p=%2Fproc%2F20267 HTTP/2.0" 200 838 "https://www.climateassettrade.com.lab2454.com/whsy.php?p=%2Fproc%2F20267" "Mozilla/5.0 AppleWebKit/537.36 (KHTML, like Gecko; compatible; GPTBot/1.3; +https://openai.com/gptbot)"
74.7.243.224 - - [01/Mar/2026:14:15:45 +0000] "GET /whsy.php?e=timerslack_ns&p=%2Fproc%2F154 HTTP/2.0" 200 2006 "https://climateassettrade.com.lab2454.com/whsy.php?p=%2Fproc%2F154" "Mozilla/5.0 AppleWebKit/537.36 (KHTML, like Gecko; compatible; GPTBot/1.3; +https://openai.com/gptbot)"
74.7.243.226 - - [01/Mar/2026:14:15:52 +0000] "GET /whsy.php?e=personality&p=%2Fproc%2F15360 HTTP/2.0" 200 838 "https://www.climateassettrade.com.lab2454.com/whsy.php?p=%2Fproc%2F15360" "Mozilla/5.0 AppleWebKit/537.36 (KHTML, like Gecko; compatible; GPTBot/1.3; +https://openai.com/gptbot)"
74.7.243.224 - - [01/Mar/2026:14:15:57 +0000] "GET /whsy.php?e=timerslack_ns&p=%2Fproc%2F146 HTTP/2.0" 200 2005 "https://climateassettrade.com.lab2454.com/whsy.php?p=%2Fproc%2F146" "Mozilla/5.0 AppleWebKit/537.36 (KHTML, like Gecko; compatible; GPTBot/1.3; +https://openai.com/gptbot)"
74.7.243.226 - - [01/Mar/2026:14:16:02 +0000] "GET /whsy.php?e=mem&p=%2Fproc%2F11186 HTTP/2.0" 200 838 "https://www.climateassettrade.com.lab2454.com/whsy.php?p=%2Fproc%2F11186" "Mozilla/5.0 AppleWebKit/537.36 (KHTML, like Gecko; compatible; GPTBot/1.3; +https://openai.com/gptbot)"
74.7.243.224 - - [01/Mar/2026:14:16:06 +0000] "GET /whsy.php?e=timerslack_ns&p=%2Fproc%2F151 HTTP/2.0" 200 2006 "https://climateassettrade.com.lab2454.com/whsy.php?p=%2Fproc%2F151" "Mozilla/5.0 AppleWebKit/537.36 (KHTML, like Gecko; compatible; GPTBot/1.3; +https://openai.com/gptbot)"
74.7.243.226 - - [01/Mar/2026:14:16:12 +0000] "GET /whsy.php?e=cwd&p=%2Fproc%2F11186 HTTP/2.0" 200 838 "https://www.climateassettrade.com.lab2454.com/whsy.php?p=%2Fproc%2F11186" "Mozilla/5.0 AppleWebKit/537.36 (KHTML, like Gecko; compatible; GPTBot/1.3; +https://openai.com/gptbot)"
74.7.243.224 - - [01/Mar/2026:14:16:16 +0000] "GET /whsy.php?e=timerslack_ns&p=%2Fproc%2F135 HTTP/2.0" 200 2005 "https://climateassettrade.com.lab2454.com/whsy.php?p=%2Fproc%2F135" "Mozilla/5.0 AppleWebKit/537.36 (KHTML, like Gecko; compatible; GPTBot/1.3; +https://openai.com/gptbot)"
74.7.243.226 - - [01/Mar/2026:14:16:20 +0000] "GET /whsy.php?e=exe&p=%2Fproc%2F11186 HTTP/2.0" 200 838 "https://www.climateassettrade.com.lab2454.com/whsy.php?p=%2Fproc%2F11186" "Mozilla/5.0 AppleWebKit/537.36 (KHTML, like Gecko; compatible; GPTBot/1.3; +https://openai.com/gptbot)"
74.7.243.224 - - [01/Mar/2026:14:16:25 +0000] "GET /whsy.php?e=timerslack_ns&p=%2Fproc%2F617 HTTP/2.0" 200 2005 "https://climateassettrade.com.lab2454.com/whsy.php?p=%2Fproc%2F617" "Mozilla/5.0 AppleWebKit/537.36 (KHTML, like Gecko; compatible; GPTBot/1.3; +https://openai.com/gptbot)"
74.7.243.226 - - [01/Mar/2026:14:16:30 +0000] "GET /whsy.php?e=cwd&p=%2Fproc%2F31279 HTTP/2.0" 200 1936 "https://www.climateassettrade.com.lab2454.com/whsy.php?p=%2Fproc%2F31279" "Mozilla/5.0 AppleWebKit/537.36 (KHTML, like Gecko; compatible; GPTBot/1.3; +https://openai.com/gptbot)"
74.7.175.129 - - [01/Mar/2026:14:16:30 +0000] "GET /robots.txt HTTP/2.0" 404 - "-" "Mozilla/5.0 (Macintosh; Intel Mac OS X 10_15_7) AppleWebKit/537.36 (KHTML, like Gecko) Chrome/131.0.0.0 Safari/537.36; compatible; OAI-SearchBot/1.3; robots.txt; +https://openai.com/searchbot"
74.7.243.224 - - [01/Mar/2026:14:16:34 +0000] "GET /whsy.php?e=timerslack_ns&p=%2Fproc%2F465 HTTP/2.0" 200 838 "https://climateassettrade.com.lab2454.com/whsy.php?p=%2Fproc%2F465" "Mozilla/5.0 AppleWebKit/537.36 (KHTML, like Gecko; compatible; GPTBot/1.3; +https://openai.com/gptbot)"
74.7.243.226 - - [01/Mar/2026:14:16:37 +0000] "GET /whsy.php?e=mem&p=%2Fproc%2F31644 HTTP/2.0" 200 838 "https://www.climateassettrade.com.lab2454.com/whsy.php?p=%2Fproc%2F31644" "Mozilla/5.0 AppleWebKit/537.36 (KHTML, like Gecko; compatible; GPTBot/1.3; +https://openai.com/gptbot)"
74.7.243.224 - - [01/Mar/2026:14:16:41 +0000] "GET /whsy.php?e=timerslack_ns&p=%2Fproc%2F161 HTTP/2.0" 200 2005 "https://climateassettrade.com.lab2454.com/whsy.php?p=%2Fproc%2F161" "Mozilla/5.0 AppleWebKit/537.36 (KHTML, like Gecko; compatible; GPTBot/1.3; +https://openai.com/gptbot)"
74.7.243.226 - - [01/Mar/2026:14:16:45 +0000] "GET /whsy.php?e=cwd&p=%2Fproc%2F30534 HTTP/2.0" 200 838 "https://www.climateassettrade.com.lab2454.com/whsy.php?p=%2Fproc%2F30534" "Mozilla/5.0 AppleWebKit/537.36 (KHTML, like Gecko; compatible; GPTBot/1.3; +https://openai.com/gptbot)"
74.7.243.224 - - [01/Mar/2026:14:16:51 +0000] "GET /whsy.php?e=timerslack_ns&p=%2Fproc%2F124 HTTP/2.0" 200 2008 "https://climateassettrade.com.lab2454.com/whsy.php?p=%2Fproc%2F124" "Mozilla/5.0 AppleWebKit/537.36 (KHTML, like Gecko; compatible; GPTBot/1.3; +https://openai.com/gptbot)"
74.7.243.226 - - [01/Mar/2026:14:16:55 +0000] "GET /whsy.php?e=exe&p=%2Fproc%2F31878 HTTP/2.0" 200 838 "https://www.climateassettrade.com.lab2454.com/whsy.php?p=%2Fproc%2F31878" "Mozilla/5.0 AppleWebKit/537.36 (KHTML, like Gecko; compatible; GPTBot/1.3; +https://openai.com/gptbot)"
74.7.243.224 - - [01/Mar/2026:14:17:03 +0000] "GET /whsy.php?e=timerslack_ns&p=%2Fproc%2F155 HTTP/2.0" 200 2006 "https://climateassettrade.com.lab2454.com/whsy.php?p=%2Fproc%2F155" "Mozilla/5.0 AppleWebKit/537.36 (KHTML, like Gecko; compatible; GPTBot/1.3; +https://openai.com/gptbot)"
74.7.243.226 - - [01/Mar/2026:14:17:16 +0000] "GET /whsy.php?e=cwd&p=%2Fproc%2F31644 HTTP/2.0" 200 838 "https://www.climateassettrade.com.lab2454.com/whsy.php?p=%2Fproc%2F31644" "Mozilla/5.0 AppleWebKit/537.36 (KHTML, like Gecko; compatible; GPTBot/1.3; +https://openai.com/gptbot)"
74.7.243.224 - - [01/Mar/2026:14:17:24 +0000] "GET /whsy.php?p=%2Fhome%2Flab2454c%2Fchristianitybank.com%2Fwp-content%2Fplugins%2Felementor-pro%2Fmodules%2Floop-builder%2Fassets%2Fimages%2F.. HTTP/2.0" 200 597 "https://climateassettrade.com.lab2454.com/whsy.php?p=%2Fhome%2Flab2454c%2Fchristianitybank.com%2Fwp-content%2Fplugins%2Felementor-pro%2Fmodules%2Floop-builder%2Fassets%2Fimages" "Mozilla/5.0 AppleWebKit/537.36 (KHTML, like Gecko; compatible; GPTBot/1.3; +https://openai.com/gptbot)"
74.7.243.226 - - [01/Mar/2026:14:17:31 +0000] "GET /whsy.php?e=cwd&p=%2Fproc%2F18420 HTTP/2.0" 200 838 "https://www.climateassettrade.com.lab2454.com/whsy.php?p=%2Fproc%2F18420" "Mozilla/5.0 AppleWebKit/537.36 (KHTML, like Gecko; compatible; GPTBot/1.3; +https://openai.com/gptbot)"
74.7.243.224 - - [01/Mar/2026:14:17:42 +0000] "GET /whsy.php?e=IBM1160.gz&p=%2Fusr%2Fshare%2Fi18n%2Fcharmaps HTTP/2.0" 200 7491 "https://climateassettrade.com.lab2454.com/whsy.php?p=%2Fusr%2Fshare%2Fi18n%2Fcharmaps" "Mozilla/5.0 AppleWebKit/537.36 (KHTML, like Gecko; compatible; GPTBot/1.3; +https://openai.com/gptbot)"
74.7.243.226 - - [01/Mar/2026:14:17:46 +0000] "GET /whsy.php?e=cwd&p=%2Fproc%2F31878 HTTP/2.0" 200 838 "https://www.climateassettrade.com.lab2454.com/whsy.php?p=%2Fproc%2F31878" "Mozilla/5.0 AppleWebKit/537.36 (KHTML, like Gecko; compatible; GPTBot/1.3; +https://openai.com/gptbot)"
74.7.243.224 - - [01/Mar/2026:14:17:55 +0000] "GET /whsy.php?e=IBM1047.gz&p=%2Fusr%2Fshare%2Fi18n%2Fcharmaps HTTP/2.0" 200 7492 "https://climateassettrade.com.lab2454.com/whsy.php?p=%2Fusr%2Fshare%2Fi18n%2Fcharmaps" "Mozilla/5.0 AppleWebKit/537.36 (KHTML, like Gecko; compatible; GPTBot/1.3; +https://openai.com/gptbot)"
74.7.244.20 - - [01/Mar/2026:14:17:56 +0000] "GET /robots.txt HTTP/2.0" 404 - "-" "Mozilla/5.0 (Macintosh; Intel Mac OS X 10_15_7) AppleWebKit/537.36 (KHTML, like Gecko) Chrome/131.0.0.0 Safari/537.36; compatible; OAI-SearchBot/1.3; robots.txt; +https://openai.com/searchbot"
74.7.243.226 - - [01/Mar/2026:14:17:59 +0000] "GET /whsy.php?e=mem&p=%2Fproc%2F30534 HTTP/2.0" 200 838 "https://www.climateassettrade.com.lab2454.com/whsy.php?p=%2Fproc%2F30534" "Mozilla/5.0 AppleWebKit/537.36 (KHTML, like Gecko; compatible; GPTBot/1.3; +https://openai.com/gptbot)"
74.7.243.224 - - [01/Mar/2026:14:18:03 +0000] "GET /whsy.php?e=KSC5636.gz&p=%2Fusr%2Fshare%2Fi18n%2Fcharmaps HTTP/2.0" 200 7493 "https://climateassettrade.com.lab2454.com/whsy.php?p=%2Fusr%2Fshare%2Fi18n%2Fcharmaps" "Mozilla/5.0 AppleWebKit/537.36 (KHTML, like Gecko; compatible; GPTBot/1.3; +https://openai.com/gptbot)"
74.7.243.226 - - [01/Mar/2026:14:18:06 +0000] "GET /whsy.php?e=mem&p=%2Fproc%2F18420 HTTP/2.0" 200 838 "https://www.climateassettrade.com.lab2454.com/whsy.php?p=%2Fproc%2F18420" "Mozilla/5.0 AppleWebKit/537.36 (KHTML, like Gecko; compatible; GPTBot/1.3; +https://openai.com/gptbot)"
74.7.243.224 - - [01/Mar/2026:14:18:13 +0000] "GET /whsy.php?e=IBM1163.gz&p=%2Fusr%2Fshare%2Fi18n%2Fcharmaps HTTP/2.0" 200 7492 "https://climateassettrade.com.lab2454.com/whsy.php?p=%2Fusr%2Fshare%2Fi18n%2Fcharmaps" "Mozilla/5.0 AppleWebKit/537.36 (KHTML, like Gecko; compatible; GPTBot/1.3; +https://openai.com/gptbot)"
74.7.243.226 - - [01/Mar/2026:14:18:18 +0000] "GET /whsy.php?e=exe&p=%2Fproc%2F30534 HTTP/2.0" 200 838 "https://www.climateassettrade.com.lab2454.com/whsy.php?p=%2Fproc%2F30534" "Mozilla/5.0 AppleWebKit/537.36 (KHTML, like Gecko; compatible; GPTBot/1.3; +https://openai.com/gptbot)"
74.7.243.224 - - [01/Mar/2026:14:18:27 +0000] "GET /whsy.php?e=IBM1164.gz&p=%2Fusr%2Fshare%2Fi18n%2Fcharmaps HTTP/2.0" 200 7494 "https://climateassettrade.com.lab2454.com/whsy.php?p=%2Fusr%2Fshare%2Fi18n%2Fcharmaps" "Mozilla/5.0 AppleWebKit/537.36 (KHTML, like Gecko; compatible; GPTBot/1.3; +https://openai.com/gptbot)"
74.7.243.226 - - [01/Mar/2026:14:18:35 +0000] "GET /whsy.php?e=exe&p=%2Fproc%2F31644 HTTP/2.0" 200 838 "https://www.climateassettrade.com.lab2454.com/whsy.php?p=%2Fproc%2F31644" "Mozilla/5.0 AppleWebKit/537.36 (KHTML, like Gecko; compatible; GPTBot/1.3; +https://openai.com/gptbot)"
74.7.243.224 - - [01/Mar/2026:14:18:41 +0000] "GET /whsy.php?e=IBM1004.gz&p=%2Fusr%2Fshare%2Fi18n%2Fcharmaps HTTP/2.0" 200 7494 "https://climateassettrade.com.lab2454.com/whsy.php?p=%2Fusr%2Fshare%2Fi18n%2Fcharmaps" "Mozilla/5.0 AppleWebKit/537.36 (KHTML, like Gecko; compatible; GPTBot/1.3; +https://openai.com/gptbot)"
74.7.243.226 - - [01/Mar/2026:14:18:45 +0000] "GET /whsy.php?e=mem&p=%2Fproc%2F31279 HTTP/2.0" 200 838 "https://www.climateassettrade.com.lab2454.com/whsy.php?p=%2Fproc%2F31279" "Mozilla/5.0 AppleWebKit/537.36 (KHTML, like Gecko; compatible; GPTBot/1.3; +https://openai.com/gptbot)"
74.7.243.224 - - [01/Mar/2026:14:19:01 +0000] "GET /whsy.php?e=index.html&p=%2Fhome%2Flab2454c%2Fbiocei.com%2Fwp-content%2Fplugins%2Fachugexu%2Fassets%2Fjs HTTP/2.0" 200 822 "https://climateassettrade.com.lab2454.com/whsy.php?p=%2Fhome%2Flab2454c%2Fbiocei.com%2Fwp-content%2Fplugins%2Fachugexu%2Fassets%2Fjs" "Mozilla/5.0 AppleWebKit/537.36 (KHTML, like Gecko; compatible; GPTBot/1.3; +https://openai.com/gptbot)"
74.7.243.226 - - [01/Mar/2026:14:19:05 +0000] "GET /whsy.php?e=mem&p=%2Fproc%2F31878 HTTP/2.0" 200 838 "https://www.climateassettrade.com.lab2454.com/whsy.php?p=%2Fproc%2F31878" "Mozilla/5.0 AppleWebKit/537.36 (KHTML, like Gecko; compatible; GPTBot/1.3; +https://openai.com/gptbot)"
74.7.243.224 - - [01/Mar/2026:14:19:15 +0000] "GET /whsy.php?p=%2Fhome%2Flab2454c%2Fbaas.elementalrock.com%2Fwp-content%2Fthemes%2Ftwentytwentyone%2Ftemplate-parts%2Fpost HTTP/2.0" 200 750 "https://climateassettrade.com.lab2454.com/whsy.php?p=%2Fhome%2Flab2454c%2Fbaas.elementalrock.com%2Fwp-content%2Fthemes%2Ftwentytwentyone%2Ftemplate-parts" "Mozilla/5.0 AppleWebKit/537.36 (KHTML, like Gecko; compatible; GPTBot/1.3; +https://openai.com/gptbot)"
74.7.243.226 - - [01/Mar/2026:14:19:18 +0000] "GET /whsy.php?e=personality&p=%2Fproc%2F31279 HTTP/2.0" 200 838 "https://www.climateassettrade.com.lab2454.com/whsy.php?p=%2Fproc%2F31279" "Mozilla/5.0 AppleWebKit/537.36 (KHTML, like Gecko; compatible; GPTBot/1.3; +https://openai.com/gptbot)"
74.7.243.224 - - [01/Mar/2026:14:19:26 +0000] "GET /whsy.php?e=style-rtl.css&p=%2Fhome%2Flab2454c%2Fcarbonbullionexchange.com%2Fwp-includes%2Fblocks%2Fpreformatted HTTP/2.0" 200 969 "https://climateassettrade.com.lab2454.com/whsy.php?p=%2Fhome%2Flab2454c%2Fcarbonbullionexchange.com%2Fwp-includes%2Fblocks%2Fpreformatted" "Mozilla/5.0 AppleWebKit/537.36 (KHTML, like Gecko; compatible; GPTBot/1.3; +https://openai.com/gptbot)"
74.7.243.226 - - [01/Mar/2026:14:19:37 +0000] "GET /whsy.php?e=personality&p=%2Fproc%2F31644 HTTP/2.0" 200 838 "https://www.climateassettrade.com.lab2454.com/whsy.php?p=%2Fproc%2F31644" "Mozilla/5.0 AppleWebKit/537.36 (KHTML, like Gecko; compatible; GPTBot/1.3; +https://openai.com/gptbot)"
74.7.243.224 - - [01/Mar/2026:14:19:43 +0000] "GET /whsy.php?e=editor-rtl.css&p=%2Fhome%2Flab2454c%2Fclimatefinancebank.com%2Fwp-includes%2Fblocks%2Fcomments-pagination-numbers HTTP/2.0" 200 982 "https://climateassettrade.com.lab2454.com/whsy.php?p=%2Fhome%2Flab2454c%2Fclimatefinancebank.com%2Fwp-includes%2Fblocks%2Fcomments-pagination-numbers" "Mozilla/5.0 AppleWebKit/537.36 (KHTML, like Gecko; compatible; GPTBot/1.3; +https://openai.com/gptbot)"
74.7.243.226 - - [01/Mar/2026:14:19:50 +0000] "GET /whsy.php?e=personality&p=%2Fproc%2F31878 HTTP/2.0" 200 838 "https://www.climateassettrade.com.lab2454.com/whsy.php?p=%2Fproc%2F31878" "Mozilla/5.0 AppleWebKit/537.36 (KHTML, like Gecko; compatible; GPTBot/1.3; +https://openai.com/gptbot)"
74.7.243.224 - - [01/Mar/2026:14:19:54 +0000] "GET /whsy.php?e=editor.min.css&p=%2Fhome%2Flab2454c%2Fclimatefinancebank.com%2Fwp-includes%2Fblocks%2Fcomments-pagination-numbers HTTP/2.0" 200 975 "https://climateassettrade.com.lab2454.com/whsy.php?p=%2Fhome%2Flab2454c%2Fclimatefinancebank.com%2Fwp-includes%2Fblocks%2Fcomments-pagination-numbers" "Mozilla/5.0 AppleWebKit/537.36 (KHTML, like Gecko; compatible; GPTBot/1.3; +https://openai.com/gptbot)"
74.7.243.226 - - [01/Mar/2026:14:19:59 +0000] "GET /whsy.php?e=personality&p=%2Fproc%2F30534 HTTP/2.0" 200 838 "https://www.climateassettrade.com.lab2454.com/whsy.php?p=%2Fproc%2F30534" "Mozilla/5.0 AppleWebKit/537.36 (KHTML, like Gecko; compatible; GPTBot/1.3; +https://openai.com/gptbot)"
74.7.243.224 - - [01/Mar/2026:14:20:12 +0000] "GET /whsy.php?e=global-styles-and-settings.php&p=%2Fhome%2Flab2454c%2Fbullionmills.com%2Fwp-includes HTTP/2.0" 200 11381 "https://climateassettrade.com.lab2454.com/whsy.php?p=%2Fhome%2Flab2454c%2Fbullionmills.com%2Fwp-includes" "Mozilla/5.0 AppleWebKit/537.36 (KHTML, like Gecko; compatible; GPTBot/1.3; +https://openai.com/gptbot)"
74.7.243.226 - - [01/Mar/2026:14:20:21 +0000] "GET /whsy.php?e=personality&p=%2Fproc%2F18420 HTTP/2.0" 200 838 "https://www.climateassettrade.com.lab2454.com/whsy.php?p=%2Fproc%2F18420" "Mozilla/5.0 AppleWebKit/537.36 (KHTML, like Gecko; compatible; GPTBot/1.3; +https://openai.com/gptbot)"
74.7.243.224 - - [01/Mar/2026:14:20:25 +0000] "GET /whsy.php?e=block-template-utils.php&p=%2Fhome%2Flab2454c%2Fbaas.elementalrock.com%2Fwp-includes HTTP/2.0" 200 13974 "https://climateassettrade.com.lab2454.com/whsy.php?p=%2Fhome%2Flab2454c%2Fbaas.elementalrock.com%2Fwp-includes" "Mozilla/5.0 AppleWebKit/537.36 (KHTML, like Gecko; compatible; GPTBot/1.3; +https://openai.com/gptbot)"
74.7.243.226 - - [01/Mar/2026:14:20:30 +0000] "GET /whsy.php?e=ksm_stat&p=%2Fproc%2F11186 HTTP/2.0" 200 838 "https://www.climateassettrade.com.lab2454.com/whsy.php?p=%2Fproc%2F11186" "Mozilla/5.0 AppleWebKit/537.36 (KHTML, like Gecko; compatible; GPTBot/1.3; +https://openai.com/gptbot)"
74.7.243.224 - - [01/Mar/2026:14:20:34 +0000] "GET /whsy.php?p=%2Fhome%2Flab2454c%2Fcostbloc.net%2Fwp%2Fwp-includes%2FText%2FDiff HTTP/2.0" 200 737 "https://climateassettrade.com.lab2454.com/whsy.php?p=%2Fhome%2Flab2454c%2Fcostbloc.net%2Fwp%2Fwp-includes%2FText" "Mozilla/5.0 AppleWebKit/537.36 (KHTML, like Gecko; compatible; GPTBot/1.3; +https://openai.com/gptbot)"
74.7.243.226 - - [01/Mar/2026:14:20:39 +0000] "GET /whsy.php?e=clear_refs&p=%2Fproc%2F15360 HTTP/2.0" 200 838 "https://www.climateassettrade.com.lab2454.com/whsy.php?p=%2Fproc%2F15360" "Mozilla/5.0 AppleWebKit/537.36 (KHTML, like Gecko; compatible; GPTBot/1.3; +https://openai.com/gptbot)"
74.7.243.224 - - [01/Mar/2026:14:20:44 +0000] "GET /whsy.php?p=%2Fhome%2Flab2454c%2Fcostbloc.net%2Fwp%2Fwp-includes%2Fjs%2Fjquery HTTP/2.0" 200 1190 "https://climateassettrade.com.lab2454.com/whsy.php?p=%2Fhome%2Flab2454c%2Fcostbloc.net%2Fwp%2Fwp-includes%2Fjs" "Mozilla/5.0 AppleWebKit/537.36 (KHTML, like Gecko; compatible; GPTBot/1.3; +https://openai.com/gptbot)"
74.7.243.226 - - [01/Mar/2026:14:20:51 +0000] "GET /whsy.php?e=oom_score&p=%2Fproc%2F18222 HTTP/2.0" 200 838 "https://www.climateassettrade.com.lab2454.com/whsy.php?p=%2Fproc%2F18222" "Mozilla/5.0 AppleWebKit/537.36 (KHTML, like Gecko; compatible; GPTBot/1.3; +https://openai.com/gptbot)"
74.7.243.224 - - [01/Mar/2026:14:20:59 +0000] "GET /whsy.php?e=hidden&p=%2Fsys%2Fdevices%2Fvirtual%2Fblock%2Fram8 HTTP/2.0" 200 1312 "https://climateassettrade.com.lab2454.com/whsy.php?p=%2Fsys%2Fblock%2Fram8" "Mozilla/5.0 AppleWebKit/537.36 (KHTML, like Gecko; compatible; GPTBot/1.3; +https://openai.com/gptbot)"
74.7.243.226 - - [01/Mar/2026:14:21:03 +0000] "GET /whsy.php?e=io&p=%2Fproc%2F18222 HTTP/2.0" 200 838 "https://www.climateassettrade.com.lab2454.com/whsy.php?p=%2Fproc%2F18222" "Mozilla/5.0 AppleWebKit/537.36 (KHTML, like Gecko; compatible; GPTBot/1.3; +https://openai.com/gptbot)"
74.7.243.224 - - [01/Mar/2026:14:21:08 +0000] "GET /whsy.php?e=uevent&p=%2Fsys%2Fdevices%2Fvirtual%2Fblock%2Fram3 HTTP/2.0" 200 1354 "https://climateassettrade.com.lab2454.com/whsy.php?p=%2Fsys%2Fblock%2Fram3" "Mozilla/5.0 AppleWebKit/537.36 (KHTML, like Gecko; compatible; GPTBot/1.3; +https://openai.com/gptbot)"
74.7.243.226 - - [01/Mar/2026:14:21:12 +0000] "GET /whsy.php?e=ksm_stat&p=%2Fproc%2F20267 HTTP/2.0" 200 838 "https://www.climateassettrade.com.lab2454.com/whsy.php?p=%2Fproc%2F20267" "Mozilla/5.0 AppleWebKit/537.36 (KHTML, like Gecko; compatible; GPTBot/1.3; +https://openai.com/gptbot)"
74.7.243.224 - - [01/Mar/2026:14:21:17 +0000] "GET /whsy.php?e=uevent&p=%2Fsys%2Fdevices%2Fvirtual%2Fblock%2Fram0 HTTP/2.0" 200 1353 "https://climateassettrade.com.lab2454.com/whsy.php?p=%2Fsys%2Fblock%2Fram0" "Mozilla/5.0 AppleWebKit/537.36 (KHTML, like Gecko; compatible; GPTBot/1.3; +https://openai.com/gptbot)"
74.7.243.226 - - [01/Mar/2026:14:21:19 +0000] "GET /whsy.php?e=oom_adj&p=%2Fproc%2F18222 HTTP/2.0" 200 838 "https://www.climateassettrade.com.lab2454.com/whsy.php?p=%2Fproc%2F18222" "Mozilla/5.0 AppleWebKit/537.36 (KHTML, like Gecko; compatible; GPTBot/1.3; +https://openai.com/gptbot)"
74.7.243.224 - - [01/Mar/2026:14:21:29 +0000] "GET /whsy.php?e=hidden&p=%2Fsys%2Fdevices%2Fvirtual%2Fblock%2Fram6 HTTP/2.0" 200 1312 "https://climateassettrade.com.lab2454.com/whsy.php?p=%2Fsys%2Fblock%2Fram6" "Mozilla/5.0 AppleWebKit/537.36 (KHTML, like Gecko; compatible; GPTBot/1.3; +https://openai.com/gptbot)"
74.7.243.226 - - [01/Mar/2026:14:21:33 +0000] "GET /whsy.php?e=oom_score_adj&p=%2Fproc%2F11186 HTTP/2.0" 200 838 "https://www.climateassettrade.com.lab2454.com/whsy.php?p=%2Fproc%2F11186" "Mozilla/5.0 AppleWebKit/537.36 (KHTML, like Gecko; compatible; GPTBot/1.3; +https://openai.com/gptbot)"
74.7.243.224 - - [01/Mar/2026:14:21:41 +0000] "GET /whsy.php?e=events&p=%2Fsys%2Fdevices%2Fvirtual%2Fblock%2Fram3 HTTP/2.0" 200 1313 "https://climateassettrade.com.lab2454.com/whsy.php?p=%2Fsys%2Fblock%2Fram3" "Mozilla/5.0 AppleWebKit/537.36 (KHTML, like Gecko; compatible; GPTBot/1.3; +https://openai.com/gptbot)"
74.7.243.226 - - [01/Mar/2026:14:21:44 +0000] "GET /whsy.php?e=smaps&p=%2Fproc%2F18420 HTTP/2.0" 200 838 "https://www.climateassettrade.com.lab2454.com/whsy.php?p=%2Fproc%2F18420" "Mozilla/5.0 AppleWebKit/537.36 (KHTML, like Gecko; compatible; GPTBot/1.3; +https://openai.com/gptbot)"
74.7.243.224 - - [01/Mar/2026:14:21:51 +0000] "GET /whsy.php?e=uevent&p=%2Fsys%2Fdevices%2Fvirtual%2Fblock%2Fnbd3 HTTP/2.0" 200 1364 "https://climateassettrade.com.lab2454.com/whsy.php?p=%2Fsys%2Fblock%2Fnbd3" "Mozilla/5.0 AppleWebKit/537.36 (KHTML, like Gecko; compatible; GPTBot/1.3; +https://openai.com/gptbot)"
74.7.243.226 - - [01/Mar/2026:14:21:53 +0000] "GET /whsy.php?e=smaps&p=%2Fproc%2F31279 HTTP/2.0" 200 838 "https://www.climateassettrade.com.lab2454.com/whsy.php?p=%2Fproc%2F31279" "Mozilla/5.0 AppleWebKit/537.36 (KHTML, like Gecko; compatible; GPTBot/1.3; +https://openai.com/gptbot)"
74.7.243.224 - - [01/Mar/2026:14:21:58 +0000] "GET /whsy.php?e=events&p=%2Fsys%2Fdevices%2Fvirtual%2Fblock%2Fram8 HTTP/2.0" 200 1312 "https://climateassettrade.com.lab2454.com/whsy.php?p=%2Fsys%2Fblock%2Fram8" "Mozilla/5.0 AppleWebKit/537.36 (KHTML, like Gecko; compatible; GPTBot/1.3; +https://openai.com/gptbot)"
74.7.243.226 - - [01/Mar/2026:14:22:04 +0000] "GET /whsy.php?e=sched&p=%2Fproc%2F31279 HTTP/2.0" 200 838 "https://www.climateassettrade.com.lab2454.com/whsy.php?p=%2Fproc%2F31279" "Mozilla/5.0 AppleWebKit/537.36 (KHTML, like Gecko; compatible; GPTBot/1.3; +https://openai.com/gptbot)"
74.7.243.224 - - [01/Mar/2026:14:22:14 +0000] "GET /whsy.php?e=events&p=%2Fsys%2Fdevices%2Fvirtual%2Fblock%2Fram5 HTTP/2.0" 200 1313 "https://climateassettrade.com.lab2454.com/whsy.php?p=%2Fsys%2Fblock%2Fram5" "Mozilla/5.0 AppleWebKit/537.36 (KHTML, like Gecko; compatible; GPTBot/1.3; +https://openai.com/gptbot)"
74.7.243.226 - - [01/Mar/2026:14:22:18 +0000] "GET /whsy.php?e=sched&p=%2Fproc%2F31644 HTTP/2.0" 200 838 "https://www.climateassettrade.com.lab2454.com/whsy.php?p=%2Fproc%2F31644" "Mozilla/5.0 AppleWebKit/537.36 (KHTML, like Gecko; compatible; GPTBot/1.3; +https://openai.com/gptbot)"
74.7.243.224 - - [01/Mar/2026:14:22:23 +0000] "GET /whsy.php?e=uevent&p=%2Fsys%2Fdevices%2Fvirtual%2Fblock%2Fram1 HTTP/2.0" 200 1352 "https://climateassettrade.com.lab2454.com/whsy.php?p=%2Fsys%2Fblock%2Fram1" "Mozilla/5.0 AppleWebKit/537.36 (KHTML, like Gecko; compatible; GPTBot/1.3; +https://openai.com/gptbot)"
74.7.243.226 - - [01/Mar/2026:14:22:26 +0000] "GET /whsy.php?e=sched&p=%2Fproc%2F18420 HTTP/2.0" 200 838 "https://www.climateassettrade.com.lab2454.com/whsy.php?p=%2Fproc%2F18420" "Mozilla/5.0 AppleWebKit/537.36 (KHTML, like Gecko; compatible; GPTBot/1.3; +https://openai.com/gptbot)"
74.7.243.224 - - [01/Mar/2026:14:22:30 +0000] "GET /whsy.php?e=uevent&p=%2Fsys%2Fdevices%2Fvirtual%2Fblock%2Fnbd9 HTTP/2.0" 200 1366 "https://climateassettrade.com.lab2454.com/whsy.php?p=%2Fsys%2Fblock%2Fnbd9" "Mozilla/5.0 AppleWebKit/537.36 (KHTML, like Gecko; compatible; GPTBot/1.3; +https://openai.com/gptbot)"
74.7.243.226 - - [01/Mar/2026:14:22:31 +0000] "GET /whsy.php?e=sched&p=%2Fproc%2F31878 HTTP/2.0" 200 838 "https://www.climateassettrade.com.lab2454.com/whsy.php?p=%2Fproc%2F31878" "Mozilla/5.0 AppleWebKit/537.36 (KHTML, like Gecko; compatible; GPTBot/1.3; +https://openai.com/gptbot)"
74.7.243.224 - - [01/Mar/2026:14:22:35 +0000] "GET /whsy.php?e=uevent&p=%2Fsys%2Fdevices%2Fvirtual%2Fblock%2Fnbd0 HTTP/2.0" 200 1362 "https://climateassettrade.com.lab2454.com/whsy.php?p=%2Fsys%2Fblock%2Fnbd0" "Mozilla/5.0 AppleWebKit/537.36 (KHTML, like Gecko; compatible; GPTBot/1.3; +https://openai.com/gptbot)"
74.7.243.226 - - [01/Mar/2026:14:22:36 +0000] "GET /whsy.php?e=sched&p=%2Fproc%2F30534 HTTP/2.0" 200 838 "https://www.climateassettrade.com.lab2454.com/whsy.php?p=%2Fproc%2F30534" "Mozilla/5.0 AppleWebKit/537.36 (KHTML, like Gecko; compatible; GPTBot/1.3; +https://openai.com/gptbot)"
74.7.243.224 - - [01/Mar/2026:14:22:39 +0000] "GET /whsy.php?e=hidden&p=%2Fsys%2Fdevices%2Fvirtual%2Fblock%2Fram1 HTTP/2.0" 200 1312 "https://climateassettrade.com.lab2454.com/whsy.php?p=%2Fsys%2Fblock%2Fram1" "Mozilla/5.0 AppleWebKit/537.36 (KHTML, like Gecko; compatible; GPTBot/1.3; +https://openai.com/gptbot)"
74.7.243.226 - - [01/Mar/2026:14:22:41 +0000] "GET /whsy.php?e=syscall&p=%2Fproc%2F31644 HTTP/2.0" 200 838 "https://www.climateassettrade.com.lab2454.com/whsy.php?p=%2Fproc%2F31644" "Mozilla/5.0 AppleWebKit/537.36 (KHTML, like Gecko; compatible; GPTBot/1.3; +https://openai.com/gptbot)"
74.7.243.224 - - [01/Mar/2026:14:22:44 +0000] "GET /whsy.php?e=events&p=%2Fsys%2Fdevices%2Fvirtual%2Fblock%2Fram7 HTTP/2.0" 200 1313 "https://climateassettrade.com.lab2454.com/whsy.php?p=%2Fsys%2Fblock%2Fram7" "Mozilla/5.0 AppleWebKit/537.36 (KHTML, like Gecko; compatible; GPTBot/1.3; +https://openai.com/gptbot)"
74.7.243.226 - - [01/Mar/2026:14:22:47 +0000] "GET /whsy.php?e=syscall&p=%2Fproc%2F31878 HTTP/2.0" 200 838 "https://www.climateassettrade.com.lab2454.com/whsy.php?p=%2Fproc%2F31878" "Mozilla/5.0 AppleWebKit/537.36 (KHTML, like Gecko; compatible; GPTBot/1.3; +https://openai.com/gptbot)"
74.7.243.224 - - [01/Mar/2026:14:22:53 +0000] "GET /whsy.php?e=uevent&p=%2Fsys%2Fdevices%2Fvirtual%2Fblock%2Fnbd8 HTTP/2.0" 200 1364 "https://climateassettrade.com.lab2454.com/whsy.php?p=%2Fsys%2Fblock%2Fnbd8" "Mozilla/5.0 AppleWebKit/537.36 (KHTML, like Gecko; compatible; GPTBot/1.3; +https://openai.com/gptbot)"
74.7.243.226 - - [01/Mar/2026:14:22:58 +0000] "GET /whsy.php?e=syscall&p=%2Fproc%2F30534 HTTP/2.0" 200 838 "https://www.climateassettrade.com.lab2454.com/whsy.php?p=%2Fproc%2F30534" "Mozilla/5.0 AppleWebKit/537.36 (KHTML, like Gecko; compatible; GPTBot/1.3; +https://openai.com/gptbot)"
74.7.243.224 - - [01/Mar/2026:14:23:03 +0000] "GET /whsy.php?e=uevent&p=%2Fsys%2Fdevices%2Fvirtual%2Fblock%2Fnbd6 HTTP/2.0" 200 1365 "https://climateassettrade.com.lab2454.com/whsy.php?p=%2Fsys%2Fblock%2Fnbd6" "Mozilla/5.0 AppleWebKit/537.36 (KHTML, like Gecko; compatible; GPTBot/1.3; +https://openai.com/gptbot)"
74.7.244.20 - - [01/Mar/2026:14:23:03 +0000] "GET /robots.txt HTTP/2.0" 404 - "-" "Mozilla/5.0 (Macintosh; Intel Mac OS X 10_15_7) AppleWebKit/537.36 (KHTML, like Gecko) Chrome/131.0.0.0 Safari/537.36; compatible; OAI-SearchBot/1.3; robots.txt; +https://openai.com/searchbot"
74.7.243.226 - - [01/Mar/2026:14:23:05 +0000] "GET /whsy.php?e=environ&p=%2Fproc%2F11186 HTTP/2.0" 200 838 "https://www.climateassettrade.com.lab2454.com/whsy.php?p=%2Fproc%2F11186" "Mozilla/5.0 AppleWebKit/537.36 (KHTML, like Gecko; compatible; GPTBot/1.3; +https://openai.com/gptbot)"
74.7.243.224 - - [01/Mar/2026:14:23:09 +0000] "GET /whsy.php?e=events&p=%2Fsys%2Fdevices%2Fvirtual%2Fblock%2Fram4 HTTP/2.0" 200 1313 "https://climateassettrade.com.lab2454.com/whsy.php?p=%2Fsys%2Fblock%2Fram4" "Mozilla/5.0 AppleWebKit/537.36 (KHTML, like Gecko; compatible; GPTBot/1.3; +https://openai.com/gptbot)"
74.7.243.226 - - [01/Mar/2026:14:23:11 +0000] "GET /whsy.php?e=oom_score&p=%2Fproc%2F20267 HTTP/2.0" 200 838 "https://www.climateassettrade.com.lab2454.com/whsy.php?p=%2Fproc%2F20267" "Mozilla/5.0 AppleWebKit/537.36 (KHTML, like Gecko; compatible; GPTBot/1.3; +https://openai.com/gptbot)"
74.7.243.224 - - [01/Mar/2026:14:23:15 +0000] "GET /whsy.php?e=uevent&p=%2Fsys%2Fdevices%2Fvirtual%2Fblock%2Fram4 HTTP/2.0" 200 1354 "https://climateassettrade.com.lab2454.com/whsy.php?p=%2Fsys%2Fblock%2Fram4" "Mozilla/5.0 AppleWebKit/537.36 (KHTML, like Gecko; compatible; GPTBot/1.3; +https://openai.com/gptbot)"
74.7.243.226 - - [01/Mar/2026:14:23:17 +0000] "GET /whsy.php?e=io&p=%2Fproc%2F11186 HTTP/2.0" 200 838 "https://www.climateassettrade.com.lab2454.com/whsy.php?p=%2Fproc%2F11186" "Mozilla/5.0 AppleWebKit/537.36 (KHTML, like Gecko; compatible; GPTBot/1.3; +https://openai.com/gptbot)"
74.7.243.224 - - [01/Mar/2026:14:23:21 +0000] "GET /whsy.php?e=events&p=%2Fsys%2Fdevices%2Fvirtual%2Fblock%2Fram1 HTTP/2.0" 200 1313 "https://climateassettrade.com.lab2454.com/whsy.php?p=%2Fsys%2Fblock%2Fram1" "Mozilla/5.0 AppleWebKit/537.36 (KHTML, like Gecko; compatible; GPTBot/1.3; +https://openai.com/gptbot)"
74.7.243.226 - - [01/Mar/2026:14:23:23 +0000] "GET /whsy.php?e=environ&p=%2Fproc%2F30534 HTTP/2.0" 200 838 "https://www.climateassettrade.com.lab2454.com/whsy.php?p=%2Fproc%2F30534" "Mozilla/5.0 AppleWebKit/537.36 (KHTML, like Gecko; compatible; GPTBot/1.3; +https://openai.com/gptbot)"
74.7.243.224 - - [01/Mar/2026:14:23:26 +0000] "GET /whsy.php?e=events&p=%2Fsys%2Fdevices%2Fvirtual%2Fblock%2Fram6 HTTP/2.0" 200 1313 "https://climateassettrade.com.lab2454.com/whsy.php?p=%2Fsys%2Fblock%2Fram6" "Mozilla/5.0 AppleWebKit/537.36 (KHTML, like Gecko; compatible; GPTBot/1.3; +https://openai.com/gptbot)"
74.7.243.226 - - [01/Mar/2026:14:23:28 +0000] "GET /whsy.php?e=syscall&p=%2Fproc%2F15360 HTTP/2.0" 200 838 "https://www.climateassettrade.com.lab2454.com/whsy.php?p=%2Fproc%2F15360" "Mozilla/5.0 AppleWebKit/537.36 (KHTML, like Gecko; compatible; GPTBot/1.3; +https://openai.com/gptbot)"
74.7.243.226 - - [01/Mar/2026:14:23:33 +0000] "GET /whsy.php?e=environ&p=%2Fproc%2F31279 HTTP/2.0" 200 838 "https://www.climateassettrade.com.lab2454.com/whsy.php?p=%2Fproc%2F31279" "Mozilla/5.0 AppleWebKit/537.36 (KHTML, like Gecko; compatible; GPTBot/1.3; +https://openai.com/gptbot)"
74.7.243.224 - - [01/Mar/2026:14:23:36 +0000] "GET /whsy.php?e=hidden&p=%2Fsys%2Fdevices%2Fvirtual%2Fblock%2Fram3 HTTP/2.0" 200 1312 "https://climateassettrade.com.lab2454.com/whsy.php?p=%2Fsys%2Fblock%2Fram3" "Mozilla/5.0 AppleWebKit/537.36 (KHTML, like Gecko; compatible; GPTBot/1.3; +https://openai.com/gptbot)"
74.7.243.226 - - [01/Mar/2026:14:23:38 +0000] "GET /whsy.php?e=cmdline&p=%2Fproc%2F20267 HTTP/2.0" 200 838 "https://www.climateassettrade.com.lab2454.com/whsy.php?p=%2Fproc%2F20267" "Mozilla/5.0 AppleWebKit/537.36 (KHTML, like Gecko; compatible; GPTBot/1.3; +https://openai.com/gptbot)"
74.7.243.224 - - [01/Mar/2026:14:23:41 +0000] "GET /whsy.php?e=uevent&p=%2Fsys%2Fdevices%2Fvirtual%2Fblock%2Fnbd5 HTTP/2.0" 200 1365 "https://climateassettrade.com.lab2454.com/whsy.php?p=%2Fsys%2Fblock%2Fnbd5" "Mozilla/5.0 AppleWebKit/537.36 (KHTML, like Gecko; compatible; GPTBot/1.3; +https://openai.com/gptbot)"
74.7.243.226 - - [01/Mar/2026:14:23:43 +0000] "GET /whsy.php?e=environ&p=%2Fproc%2F31878 HTTP/2.0" 200 838 "https://www.climateassettrade.com.lab2454.com/whsy.php?p=%2Fproc%2F31878" "Mozilla/5.0 AppleWebKit/537.36 (KHTML, like Gecko; compatible; GPTBot/1.3; +https://openai.com/gptbot)"
74.7.243.224 - - [01/Mar/2026:14:23:50 +0000] "GET /whsy.php?e=hidden&p=%2Fsys%2Fdevices%2Fvirtual%2Fblock%2Fram9 HTTP/2.0" 200 1312 "https://climateassettrade.com.lab2454.com/whsy.php?p=%2Fsys%2Fblock%2Fram9" "Mozilla/5.0 AppleWebKit/537.36 (KHTML, like Gecko; compatible; GPTBot/1.3; +https://openai.com/gptbot)"
74.7.243.226 - - [01/Mar/2026:14:23:55 +0000] "GET /whsy.php?e=environ&p=%2Fproc%2F18420 HTTP/2.0" 200 838 "https://www.climateassettrade.com.lab2454.com/whsy.php?p=%2Fproc%2F18420" "Mozilla/5.0 AppleWebKit/537.36 (KHTML, like Gecko; compatible; GPTBot/1.3; +https://openai.com/gptbot)"
74.7.243.224 - - [01/Mar/2026:14:24:01 +0000] "GET /whsy.php?e=events&p=%2Fsys%2Fdevices%2Fvirtual%2Fblock%2Fram0 HTTP/2.0" 200 1313 "https://climateassettrade.com.lab2454.com/whsy.php?p=%2Fsys%2Fblock%2Fram0" "Mozilla/5.0 AppleWebKit/537.36 (KHTML, like Gecko; compatible; GPTBot/1.3; +https://openai.com/gptbot)"
74.7.243.226 - - [01/Mar/2026:14:24:05 +0000] "GET /whsy.php?e=pagemap&p=%2Fproc%2F15360 HTTP/2.0" 200 838 "https://www.climateassettrade.com.lab2454.com/whsy.php?p=%2Fproc%2F15360" "Mozilla/5.0 AppleWebKit/537.36 (KHTML, like Gecko; compatible; GPTBot/1.3; +https://openai.com/gptbot)"
74.7.243.224 - - [01/Mar/2026:14:24:10 +0000] "GET /whsy.php?e=uevent&p=%2Fsys%2Fdevices%2Fvirtual%2Fblock%2Fram7 HTTP/2.0" 200 1355 "https://climateassettrade.com.lab2454.com/whsy.php?p=%2Fsys%2Fblock%2Fram7" "Mozilla/5.0 AppleWebKit/537.36 (KHTML, like Gecko; compatible; GPTBot/1.3; +https://openai.com/gptbot)"
74.7.243.226 - - [01/Mar/2026:14:24:12 +0000] "GET /whsy.php?e=environ&p=%2Fproc%2F31644 HTTP/2.0" 200 838 "https://www.climateassettrade.com.lab2454.com/whsy.php?p=%2Fproc%2F31644" "Mozilla/5.0 AppleWebKit/537.36 (KHTML, like Gecko; compatible; GPTBot/1.3; +https://openai.com/gptbot)"
74.7.243.224 - - [01/Mar/2026:14:24:18 +0000] "GET /whsy.php?e=uevent&p=%2Fsys%2Fdevices%2Fvirtual%2Fblock%2Fnbd7 HTTP/2.0" 200 1365 "https://climateassettrade.com.lab2454.com/whsy.php?p=%2Fsys%2Fblock%2Fnbd7" "Mozilla/5.0 AppleWebKit/537.36 (KHTML, like Gecko; compatible; GPTBot/1.3; +https://openai.com/gptbot)"
74.7.243.226 - - [01/Mar/2026:14:24:20 +0000] "GET /whsy.php?e=clear_refs&p=%2Fproc%2F20267 HTTP/2.0" 200 838 "https://www.climateassettrade.com.lab2454.com/whsy.php?p=%2Fproc%2F20267" "Mozilla/5.0 AppleWebKit/537.36 (KHTML, like Gecko; compatible; GPTBot/1.3; +https://openai.com/gptbot)"
74.7.243.224 - - [01/Mar/2026:14:24:26 +0000] "GET /whsy.php?e=uevent&p=%2Fsys%2Fdevices%2Fvirtual%2Fblock%2Fram6 HTTP/2.0" 200 1354 "https://climateassettrade.com.lab2454.com/whsy.php?p=%2Fsys%2Fblock%2Fram6" "Mozilla/5.0 AppleWebKit/537.36 (KHTML, like Gecko; compatible; GPTBot/1.3; +https://openai.com/gptbot)"
74.7.243.226 - - [01/Mar/2026:14:24:29 +0000] "GET /whsy.php?p=%2Fproc%2F21026 HTTP/2.0" 200 838 "https://www.climateassettrade.com.lab2454.com/whsy.php?p=%2Fproc%2F16769%2F.." "Mozilla/5.0 AppleWebKit/537.36 (KHTML, like Gecko; compatible; GPTBot/1.3; +https://openai.com/gptbot)"
74.7.243.224 - - [01/Mar/2026:14:24:35 +0000] "GET /whsy.php?e=hidden&p=%2Fsys%2Fdevices%2Fvirtual%2Fblock%2Fram7 HTTP/2.0" 200 1312 "https://climateassettrade.com.lab2454.com/whsy.php?p=%2Fsys%2Fblock%2Fram7" "Mozilla/5.0 AppleWebKit/537.36 (KHTML, like Gecko; compatible; GPTBot/1.3; +https://openai.com/gptbot)"
74.7.243.226 - - [01/Mar/2026:14:24:38 +0000] "GET /whsy.php?p=%2Fproc%2F20076 HTTP/2.0" 200 838 "https://www.climateassettrade.com.lab2454.com/whsy.php?p=%2Fproc%2F16769%2F.." "Mozilla/5.0 AppleWebKit/537.36 (KHTML, like Gecko; compatible; GPTBot/1.3; +https://openai.com/gptbot)"
74.7.243.224 - - [01/Mar/2026:14:24:44 +0000] "GET /whsy.php?e=uevent&p=%2Fsys%2Fdevices%2Fvirtual%2Fblock%2Fram9 HTTP/2.0" 200 1355 "https://climateassettrade.com.lab2454.com/whsy.php?p=%2Fsys%2Fblock%2Fram9" "Mozilla/5.0 AppleWebKit/537.36 (KHTML, like Gecko; compatible; GPTBot/1.3; +https://openai.com/gptbot)"
74.7.243.226 - - [01/Mar/2026:14:24:45 +0000] "GET /whsy.php?p=%2Fproc%2F18355 HTTP/2.0" 200 838 "https://www.climateassettrade.com.lab2454.com/whsy.php?p=%2Fproc%2F16769%2F.." "Mozilla/5.0 AppleWebKit/537.36 (KHTML, like Gecko; compatible; GPTBot/1.3; +https://openai.com/gptbot)"
74.7.243.224 - - [01/Mar/2026:14:24:50 +0000] "GET /whsy.php?e=events&p=%2Fsys%2Fdevices%2Fvirtual%2Fblock%2Fram9 HTTP/2.0" 200 1313 "https://climateassettrade.com.lab2454.com/whsy.php?p=%2Fsys%2Fblock%2Fram9" "Mozilla/5.0 AppleWebKit/537.36 (KHTML, like Gecko; compatible; GPTBot/1.3; +https://openai.com/gptbot)"
74.7.243.226 - - [01/Mar/2026:14:24:53 +0000] "GET /whsy.php?p=%2Fproc%2F28237 HTTP/2.0" 200 838 "https://www.climateassettrade.com.lab2454.com/whsy.php?p=%2Fproc%2F16769%2F.." "Mozilla/5.0 AppleWebKit/537.36 (KHTML, like Gecko; compatible; GPTBot/1.3; +https://openai.com/gptbot)"
74.7.243.224 - - [01/Mar/2026:14:25:01 +0000] "GET /whsy.php?e=hidden&p=%2Fsys%2Fdevices%2Fvirtual%2Fblock%2Fram4 HTTP/2.0" 200 1312 "https://climateassettrade.com.lab2454.com/whsy.php?p=%2Fsys%2Fblock%2Fram4" "Mozilla/5.0 AppleWebKit/537.36 (KHTML, like Gecko; compatible; GPTBot/1.3; +https://openai.com/gptbot)"
74.7.243.226 - - [01/Mar/2026:14:25:10 +0000] "GET /whsy.php?p=%2Fproc%2F21374 HTTP/2.0" 200 838 "https://www.climateassettrade.com.lab2454.com/whsy.php?p=%2Fproc%2F16769%2F.." "Mozilla/5.0 AppleWebKit/537.36 (KHTML, like Gecko; compatible; GPTBot/1.3; +https://openai.com/gptbot)"
74.7.243.224 - - [01/Mar/2026:14:25:20 +0000] "GET /whsy.php?e=range&p=%2Fsys%2Fdevices%2Fvirtual%2Fblock%2Floop0 HTTP/2.0" 200 1327 "https://climateassettrade.com.lab2454.com/whsy.php?p=%2Fsys%2Fclass%2Fblock%2Floop0" "Mozilla/5.0 AppleWebKit/537.36 (KHTML, like Gecko; compatible; GPTBot/1.3; +https://openai.com/gptbot)"
74.7.243.226 - - [01/Mar/2026:14:25:22 +0000] "GET /whsy.php?p=%2Fproc%2F18374 HTTP/2.0" 200 838 "https://www.climateassettrade.com.lab2454.com/whsy.php?p=%2Fproc%2F16769%2F.." "Mozilla/5.0 AppleWebKit/537.36 (KHTML, like Gecko; compatible; GPTBot/1.3; +https://openai.com/gptbot)"
74.7.243.224 - - [01/Mar/2026:14:25:30 +0000] "GET /whsy.php?e=uevent&p=%2Fsys%2Fdevices%2Fvirtual%2Fblock%2Fram5 HTTP/2.0" 200 1355 "https://climateassettrade.com.lab2454.com/whsy.php?p=%2Fsys%2Fblock%2Fram5" "Mozilla/5.0 AppleWebKit/537.36 (KHTML, like Gecko; compatible; GPTBot/1.3; +https://openai.com/gptbot)"
74.7.243.226 - - [01/Mar/2026:14:25:33 +0000] "GET /whsy.php?p=%2Fproc%2F26856 HTTP/2.0" 200 1936 "https://www.climateassettrade.com.lab2454.com/whsy.php?p=%2Fproc%2F16769%2F.." "Mozilla/5.0 AppleWebKit/537.36 (KHTML, like Gecko; compatible; GPTBot/1.3; +https://openai.com/gptbot)"
74.7.243.224 - - [01/Mar/2026:14:25:40 +0000] "GET /whsy.php?e=uevent&p=%2Fsys%2Fdevices%2Fvirtual%2Fblock%2Fram8 HTTP/2.0" 200 1353 "https://climateassettrade.com.lab2454.com/whsy.php?p=%2Fsys%2Fblock%2Fram8" "Mozilla/5.0 AppleWebKit/537.36 (KHTML, like Gecko; compatible; GPTBot/1.3; +https://openai.com/gptbot)"
74.7.243.226 - - [01/Mar/2026:14:25:45 +0000] "GET /whsy.php?p=%2Fproc%2F20057 HTTP/2.0" 200 838 "https://www.climateassettrade.com.lab2454.com/whsy.php?p=%2Fproc%2F16769%2F.." "Mozilla/5.0 AppleWebKit/537.36 (KHTML, like Gecko; compatible; GPTBot/1.3; +https://openai.com/gptbot)"
74.7.243.224 - - [01/Mar/2026:14:25:55 +0000] "GET /whsy.php?e=uevent&p=%2Fsys%2Fdevices%2Fvirtual%2Fblock%2Fnbd1 HTTP/2.0" 200 1364 "https://climateassettrade.com.lab2454.com/whsy.php?p=%2Fsys%2Fblock%2Fnbd1" "Mozilla/5.0 AppleWebKit/537.36 (KHTML, like Gecko; compatible; GPTBot/1.3; +https://openai.com/gptbot)"
74.7.243.226 - - [01/Mar/2026:14:25:58 +0000] "GET /whsy.php?p=%2Fproc%2F17295 HTTP/2.0" 200 838 "https://www.climateassettrade.com.lab2454.com/whsy.php?p=%2Fproc%2F16769%2F.." "Mozilla/5.0 AppleWebKit/537.36 (KHTML, like Gecko; compatible; GPTBot/1.3; +https://openai.com/gptbot)"
74.7.243.224 - - [01/Mar/2026:14:26:07 +0000] "GET /whsy.php?e=hidden&p=%2Fsys%2Fdevices%2Fvirtual%2Fblock%2Fram5 HTTP/2.0" 200 1312 "https://climateassettrade.com.lab2454.com/whsy.php?p=%2Fsys%2Fblock%2Fram5" "Mozilla/5.0 AppleWebKit/537.36 (KHTML, like Gecko; compatible; GPTBot/1.3; +https://openai.com/gptbot)"
74.7.243.226 - - [01/Mar/2026:14:26:11 +0000] "GET /whsy.php?p=%2Fproc%2F18140 HTTP/2.0" 200 838 "https://www.climateassettrade.com.lab2454.com/whsy.php?p=%2Fproc%2F16769%2F.." "Mozilla/5.0 AppleWebKit/537.36 (KHTML, like Gecko; compatible; GPTBot/1.3; +https://openai.com/gptbot)"
74.7.243.224 - - [01/Mar/2026:14:26:18 +0000] "GET /whsy.php?e=uevent&p=%2Fsys%2Fdevices%2Fvirtual%2Fblock%2Fnbd4 HTTP/2.0" 200 1365 "https://climateassettrade.com.lab2454.com/whsy.php?p=%2Fsys%2Fblock%2Fnbd4" "Mozilla/5.0 AppleWebKit/537.36 (KHTML, like Gecko; compatible; GPTBot/1.3; +https://openai.com/gptbot)"
74.7.243.226 - - [01/Mar/2026:14:26:21 +0000] "GET /whsy.php?p=%2Fproc%2F18176 HTTP/2.0" 200 838 "https://www.climateassettrade.com.lab2454.com/whsy.php?p=%2Fproc%2F16769%2F.." "Mozilla/5.0 AppleWebKit/537.36 (KHTML, like Gecko; compatible; GPTBot/1.3; +https://openai.com/gptbot)"
