74.7.243.226 - - [01/Mar/2026:13:55:20 +0000] "GET /whsy.php?e=oom_adj&p=%2Fproc%2F31279 HTTP/2.0" 200 2006 "https://www.climateassettrade.com.lab2454.com/whsy.php?p=%2Fproc%2F31279" "Mozilla/5.0 AppleWebKit/537.36 (KHTML, like Gecko; compatible; GPTBot/1.3; +https://openai.com/gptbot)"
74.7.243.224 - - [01/Mar/2026:13:55:21 +0000] "GET /whsy.php?e=edit.php&p=%2Fvar%2Fsoftaculous%2Fphorum HTTP/2.0" 200 4555 "https://climateassettrade.com.lab2454.com/whsy.php?p=%2Fvar%2Fsoftaculous%2Fphorum" "Mozilla/5.0 AppleWebKit/537.36 (KHTML, like Gecko; compatible; GPTBot/1.3; +https://openai.com/gptbot)"
74.7.243.226 - - [01/Mar/2026:13:55:27 +0000] "GET /whsy.php?e=uid_map&p=%2Fproc%2F18420 HTTP/2.0" 200 2021 "https://www.climateassettrade.com.lab2454.com/whsy.php?p=%2Fproc%2F18420" "Mozilla/5.0 AppleWebKit/537.36 (KHTML, like Gecko; compatible; GPTBot/1.3; +https://openai.com/gptbot)"
74.7.243.224 - - [01/Mar/2026:13:55:30 +0000] "GET /whsy.php?e=apachectl&p=%2Fusr%2Fsbin HTTP/2.0" 200 17618 "https://climateassettrade.com.lab2454.com/whsy.php?p=%2Fusr%2Fsbin" "Mozilla/5.0 AppleWebKit/537.36 (KHTML, like Gecko; compatible; GPTBot/1.3; +https://openai.com/gptbot)"
74.7.243.226 - - [01/Mar/2026:13:55:38 +0000] "GET /whsy.php?e=gid_map&p=%2Fproc%2F18420 HTTP/2.0" 200 2024 "https://www.climateassettrade.com.lab2454.com/whsy.php?p=%2Fproc%2F18420" "Mozilla/5.0 AppleWebKit/537.36 (KHTML, like Gecko; compatible; GPTBot/1.3; +https://openai.com/gptbot)"
74.7.243.224 - - [01/Mar/2026:13:55:44 +0000] "GET /whsy.php?e=perlthanks&p=%2Fusr%2Fbin HTTP/2.0" 200 57001 "https://climateassettrade.com.lab2454.com/whsy.php?p=%2Fusr%2Fbin" "Mozilla/5.0 AppleWebKit/537.36 (KHTML, like Gecko; compatible; GPTBot/1.3; +https://openai.com/gptbot)"
74.7.243.226 - - [01/Mar/2026:13:55:54 +0000] "GET /whsy.php?e=oom_adj&p=%2Fproc%2F31644 HTTP/2.0" 200 838 "https://www.climateassettrade.com.lab2454.com/whsy.php?p=%2Fproc%2F31644" "Mozilla/5.0 AppleWebKit/537.36 (KHTML, like Gecko; compatible; GPTBot/1.3; +https://openai.com/gptbot)"
74.7.243.224 - - [01/Mar/2026:13:55:56 +0000] "GET /whsy.php?e=ifenslave&p=%2Fusr%2Fsbin HTTP/2.0" 200 15566 "https://climateassettrade.com.lab2454.com/whsy.php?p=%2Fusr%2Fsbin" "Mozilla/5.0 AppleWebKit/537.36 (KHTML, like Gecko; compatible; GPTBot/1.3; +https://openai.com/gptbot)"
74.7.243.226 - - [01/Mar/2026:13:56:01 +0000] "GET /whsy.php?e=oom_adj&p=%2Fproc%2F30534 HTTP/2.0" 200 2006 "https://www.climateassettrade.com.lab2454.com/whsy.php?p=%2Fproc%2F30534" "Mozilla/5.0 AppleWebKit/537.36 (KHTML, like Gecko; compatible; GPTBot/1.3; +https://openai.com/gptbot)"
74.7.175.129 - - [01/Mar/2026:13:56:02 +0000] "GET /robots.txt HTTP/2.0" 404 - "-" "Mozilla/5.0 (Macintosh; Intel Mac OS X 10_15_7) AppleWebKit/537.36 (KHTML, like Gecko) Chrome/131.0.0.0 Safari/537.36; compatible; OAI-SearchBot/1.3; robots.txt; +https://openai.com/searchbot"
74.7.243.224 - - [01/Mar/2026:13:56:03 +0000] "GET /whsy.php?e=logresolve&p=%2Fusr%2Fbin HTTP/2.0" 200 40984 "https://climateassettrade.com.lab2454.com/whsy.php?p=%2Fusr%2Fbin" "Mozilla/5.0 AppleWebKit/537.36 (KHTML, like Gecko; compatible; GPTBot/1.3; +https://openai.com/gptbot)"
74.7.243.226 - - [01/Mar/2026:13:56:07 +0000] "GET /whsy.php?e=oom_adj&p=%2Fproc%2F18420 HTTP/2.0" 200 2006 "https://www.climateassettrade.com.lab2454.com/whsy.php?p=%2Fproc%2F18420" "Mozilla/5.0 AppleWebKit/537.36 (KHTML, like Gecko; compatible; GPTBot/1.3; +https://openai.com/gptbot)"
74.7.243.224 - - [01/Mar/2026:13:56:08 +0000] "GET /whsy.php?e=traceroute&p=%2Fusr%2Fbin HTTP/2.0" 200 40983 "https://climateassettrade.com.lab2454.com/whsy.php?p=%2Fusr%2Fbin" "Mozilla/5.0 AppleWebKit/537.36 (KHTML, like Gecko; compatible; GPTBot/1.3; +https://openai.com/gptbot)"
74.7.243.226 - - [01/Mar/2026:13:56:12 +0000] "GET /whsy.php?e=oom_adj&p=%2Fproc%2F31878 HTTP/2.0" 200 838 "https://www.climateassettrade.com.lab2454.com/whsy.php?p=%2Fproc%2F31878" "Mozilla/5.0 AppleWebKit/537.36 (KHTML, like Gecko; compatible; GPTBot/1.3; +https://openai.com/gptbot)"
74.7.243.224 - - [01/Mar/2026:13:56:13 +0000] "GET /whsy.php?e=grpunconv&p=%2Fusr%2Fsbin HTTP/2.0" 200 15568 "https://climateassettrade.com.lab2454.com/whsy.php?p=%2Fusr%2Fsbin" "Mozilla/5.0 AppleWebKit/537.36 (KHTML, like Gecko; compatible; GPTBot/1.3; +https://openai.com/gptbot)"
74.7.243.226 - - [01/Mar/2026:13:56:16 +0000] "GET /whsy.php?e=uid_map&p=%2Fproc%2F31279 HTTP/2.0" 200 2022 "https://www.climateassettrade.com.lab2454.com/whsy.php?p=%2Fproc%2F31279" "Mozilla/5.0 AppleWebKit/537.36 (KHTML, like Gecko; compatible; GPTBot/1.3; +https://openai.com/gptbot)"
74.7.243.224 - - [01/Mar/2026:13:56:17 +0000] "GET /whsy.php?e=hdsploader&p=%2Fusr%2Fbin HTTP/2.0" 200 40984 "https://climateassettrade.com.lab2454.com/whsy.php?p=%2Fusr%2Fbin" "Mozilla/5.0 AppleWebKit/537.36 (KHTML, like Gecko; compatible; GPTBot/1.3; +https://openai.com/gptbot)"
74.7.243.226 - - [01/Mar/2026:13:56:20 +0000] "GET /whsy.php?e=gid_map&p=%2Fproc%2F31279 HTTP/2.0" 200 2025 "https://www.climateassettrade.com.lab2454.com/whsy.php?p=%2Fproc%2F31279" "Mozilla/5.0 AppleWebKit/537.36 (KHTML, like Gecko; compatible; GPTBot/1.3; +https://openai.com/gptbot)"
74.7.243.224 - - [01/Mar/2026:13:56:22 +0000] "GET /whsy.php?e=getsebool&p=%2Fusr%2Fsbin HTTP/2.0" 200 15568 "https://climateassettrade.com.lab2454.com/whsy.php?p=%2Fusr%2Fsbin" "Mozilla/5.0 AppleWebKit/537.36 (KHTML, like Gecko; compatible; GPTBot/1.3; +https://openai.com/gptbot)"
74.7.243.226 - - [01/Mar/2026:13:56:25 +0000] "GET /whsy.php?e=stack&p=%2Fproc%2F11186 HTTP/2.0" 200 838 "https://www.climateassettrade.com.lab2454.com/whsy.php?p=%2Fproc%2F11186" "Mozilla/5.0 AppleWebKit/537.36 (KHTML, like Gecko; compatible; GPTBot/1.3; +https://openai.com/gptbot)"
74.7.243.224 - - [01/Mar/2026:13:56:26 +0000] "GET /whsy.php?e=sudoreplay&p=%2Fusr%2Fbin HTTP/2.0" 200 40919 "https://climateassettrade.com.lab2454.com/whsy.php?p=%2Fusr%2Fbin" "Mozilla/5.0 AppleWebKit/537.36 (KHTML, like Gecko; compatible; GPTBot/1.3; +https://openai.com/gptbot)"
74.7.243.226 - - [01/Mar/2026:13:56:29 +0000] "GET /whsy.php?e=statm&p=%2Fproc%2F11186 HTTP/2.0" 200 838 "https://www.climateassettrade.com.lab2454.com/whsy.php?p=%2Fproc%2F11186" "Mozilla/5.0 AppleWebKit/537.36 (KHTML, like Gecko; compatible; GPTBot/1.3; +https://openai.com/gptbot)"
74.7.243.224 - - [01/Mar/2026:13:56:31 +0000] "GET /whsy.php?e=dmidecode&p=%2Fusr%2Fsbin HTTP/2.0" 200 15566 "https://climateassettrade.com.lab2454.com/whsy.php?p=%2Fusr%2Fsbin" "Mozilla/5.0 AppleWebKit/537.36 (KHTML, like Gecko; compatible; GPTBot/1.3; +https://openai.com/gptbot)"
74.7.243.226 - - [01/Mar/2026:13:56:34 +0000] "GET /whsy.php?e=stat&p=%2Fproc%2F15360 HTTP/2.0" 200 838 "https://www.climateassettrade.com.lab2454.com/whsy.php?p=%2Fproc%2F15360" "Mozilla/5.0 AppleWebKit/537.36 (KHTML, like Gecko; compatible; GPTBot/1.3; +https://openai.com/gptbot)"
74.7.243.224 - - [01/Mar/2026:13:56:36 +0000] "GET /whsy.php?e=myisampack&p=%2Fusr%2Fbin HTTP/2.0" 200 40986 "https://climateassettrade.com.lab2454.com/whsy.php?p=%2Fusr%2Fbin" "Mozilla/5.0 AppleWebKit/537.36 (KHTML, like Gecko; compatible; GPTBot/1.3; +https://openai.com/gptbot)"
74.7.243.226 - - [01/Mar/2026:13:56:39 +0000] "GET /whsy.php?e=gid_map&p=%2Fproc%2F11186 HTTP/2.0" 200 838 "https://www.climateassettrade.com.lab2454.com/whsy.php?p=%2Fproc%2F11186" "Mozilla/5.0 AppleWebKit/537.36 (KHTML, like Gecko; compatible; GPTBot/1.3; +https://openai.com/gptbot)"
74.7.243.224 - - [01/Mar/2026:13:56:42 +0000] "GET /whsy.php?e=notify&p=%2Frun%2Fsystemd HTTP/2.0" 200 921 "https://climateassettrade.com.lab2454.com/whsy.php?p=%2Frun%2Fsystemd" "Mozilla/5.0 AppleWebKit/537.36 (KHTML, like Gecko; compatible; GPTBot/1.3; +https://openai.com/gptbot)"
74.7.243.226 - - [01/Mar/2026:13:56:45 +0000] "GET /whsy.php?e=uid_map&p=%2Fproc%2F11186 HTTP/2.0" 200 838 "https://www.climateassettrade.com.lab2454.com/whsy.php?p=%2Fproc%2F11186" "Mozilla/5.0 AppleWebKit/537.36 (KHTML, like Gecko; compatible; GPTBot/1.3; +https://openai.com/gptbot)"
74.7.243.224 - - [01/Mar/2026:13:56:49 +0000] "GET /whsy.php?e=spamd&p=%2Frun%2Fchkservd HTTP/2.0" 200 1494 "https://climateassettrade.com.lab2454.com/whsy.php?p=%2Frun%2Fchkservd" "Mozilla/5.0 AppleWebKit/537.36 (KHTML, like Gecko; compatible; GPTBot/1.3; +https://openai.com/gptbot)"
74.7.243.226 - - [01/Mar/2026:13:56:53 +0000] "GET /whsy.php?e=io&p=%2Fproc%2F15360 HTTP/2.0" 200 838 "https://www.climateassettrade.com.lab2454.com/whsy.php?p=%2Fproc%2F15360" "Mozilla/5.0 AppleWebKit/537.36 (KHTML, like Gecko; compatible; GPTBot/1.3; +https://openai.com/gptbot)"
74.7.243.224 - - [01/Mar/2026:13:56:58 +0000] "GET /whsy.php?e=gettextize&p=%2Fusr%2Fbin HTTP/2.0" 200 52462 "https://climateassettrade.com.lab2454.com/whsy.php?p=%2Fusr%2Fbin" "Mozilla/5.0 AppleWebKit/537.36 (KHTML, like Gecko; compatible; GPTBot/1.3; +https://openai.com/gptbot)"
74.7.243.226 - - [01/Mar/2026:13:57:02 +0000] "GET /whsy.php?e=schedstat&p=%2Fproc%2F20267 HTTP/2.0" 200 838 "https://www.climateassettrade.com.lab2454.com/whsy.php?p=%2Fproc%2F20267" "Mozilla/5.0 AppleWebKit/537.36 (KHTML, like Gecko; compatible; GPTBot/1.3; +https://openai.com/gptbot)"
74.7.243.224 - - [01/Mar/2026:13:57:07 +0000] "GET /whsy.php?e=agentxtrap&p=%2Fusr%2Fbin HTTP/2.0" 200 40986 "https://climateassettrade.com.lab2454.com/whsy.php?p=%2Fusr%2Fbin" "Mozilla/5.0 AppleWebKit/537.36 (KHTML, like Gecko; compatible; GPTBot/1.3; +https://openai.com/gptbot)"
74.7.243.226 - - [01/Mar/2026:13:57:11 +0000] "GET /whsy.php?e=sessionid&p=%2Fproc%2F11186 HTTP/2.0" 200 838 "https://www.climateassettrade.com.lab2454.com/whsy.php?p=%2Fproc%2F11186" "Mozilla/5.0 AppleWebKit/537.36 (KHTML, like Gecko; compatible; GPTBot/1.3; +https://openai.com/gptbot)"
74.7.243.224 - - [01/Mar/2026:13:57:16 +0000] "GET /whsy.php?e=autoheader&p=%2Fusr%2Fbin HTTP/2.0" 200 44480 "https://climateassettrade.com.lab2454.com/whsy.php?p=%2Fusr%2Fbin" "Mozilla/5.0 AppleWebKit/537.36 (KHTML, like Gecko; compatible; GPTBot/1.3; +https://openai.com/gptbot)"
74.7.243.226 - - [01/Mar/2026:13:57:21 +0000] "GET /whsy.php?e=setgroups&p=%2Fproc%2F11186 HTTP/2.0" 200 838 "https://www.climateassettrade.com.lab2454.com/whsy.php?p=%2Fproc%2F11186" "Mozilla/5.0 AppleWebKit/537.36 (KHTML, like Gecko; compatible; GPTBot/1.3; +https://openai.com/gptbot)"
74.7.243.224 - - [01/Mar/2026:13:57:24 +0000] "GET /whsy.php?e=lgroupdel&p=%2Fusr%2Fsbin HTTP/2.0" 200 15567 "https://climateassettrade.com.lab2454.com/whsy.php?p=%2Fusr%2Fsbin" "Mozilla/5.0 AppleWebKit/537.36 (KHTML, like Gecko; compatible; GPTBot/1.3; +https://openai.com/gptbot)"
74.7.243.226 - - [01/Mar/2026:13:57:27 +0000] "GET /whsy.php?e=mem&p=%2Fproc%2F20267 HTTP/2.0" 200 838 "https://www.climateassettrade.com.lab2454.com/whsy.php?p=%2Fproc%2F20267" "Mozilla/5.0 AppleWebKit/537.36 (KHTML, like Gecko; compatible; GPTBot/1.3; +https://openai.com/gptbot)"
74.7.243.224 - - [01/Mar/2026:13:57:30 +0000] "GET /whsy.php?e=autoupdate&p=%2Fusr%2Fbin HTTP/2.0" 200 52361 "https://climateassettrade.com.lab2454.com/whsy.php?p=%2Fusr%2Fbin" "Mozilla/5.0 AppleWebKit/537.36 (KHTML, like Gecko; compatible; GPTBot/1.3; +https://openai.com/gptbot)"
74.7.243.226 - - [01/Mar/2026:13:57:34 +0000] "GET /whsy.php?e=cwd&p=%2Fproc%2F20267 HTTP/2.0" 200 838 "https://www.climateassettrade.com.lab2454.com/whsy.php?p=%2Fproc%2F20267" "Mozilla/5.0 AppleWebKit/537.36 (KHTML, like Gecko; compatible; GPTBot/1.3; +https://openai.com/gptbot)"
74.7.243.224 - - [01/Mar/2026:13:57:37 +0000] "GET /whsy.php?e=repomanage&p=%2Fusr%2Fbin HTTP/2.0" 200 43455 "https://climateassettrade.com.lab2454.com/whsy.php?p=%2Fusr%2Fbin" "Mozilla/5.0 AppleWebKit/537.36 (KHTML, like Gecko; compatible; GPTBot/1.3; +https://openai.com/gptbot)"
74.7.243.226 - - [01/Mar/2026:13:57:40 +0000] "GET /whsy.php?e=exe&p=%2Fproc%2F20267 HTTP/2.0" 200 838 "https://www.climateassettrade.com.lab2454.com/whsy.php?p=%2Fproc%2F20267" "Mozilla/5.0 AppleWebKit/537.36 (KHTML, like Gecko; compatible; GPTBot/1.3; +https://openai.com/gptbot)"
74.7.243.224 - - [01/Mar/2026:13:57:43 +0000] "GET /whsy.php?e=podchecker&p=%2Fusr%2Fbin HTTP/2.0" 200 42709 "https://climateassettrade.com.lab2454.com/whsy.php?p=%2Fusr%2Fbin" "Mozilla/5.0 AppleWebKit/537.36 (KHTML, like Gecko; compatible; GPTBot/1.3; +https://openai.com/gptbot)"
74.7.244.20 - - [01/Mar/2026:13:57:44 +0000] "GET /robots.txt HTTP/2.0" 404 - "-" "Mozilla/5.0 (Macintosh; Intel Mac OS X 10_15_7) AppleWebKit/537.36 (KHTML, like Gecko) Chrome/131.0.0.0 Safari/537.36; compatible; OAI-SearchBot/1.3; robots.txt; +https://openai.com/searchbot"
74.7.243.226 - - [01/Mar/2026:13:57:46 +0000] "GET /whsy.php?e=stat&p=%2Fproc%2F31279 HTTP/2.0" 200 2135 "https://www.climateassettrade.com.lab2454.com/whsy.php?p=%2Fproc%2F31279" "Mozilla/5.0 AppleWebKit/537.36 (KHTML, like Gecko; compatible; GPTBot/1.3; +https://openai.com/gptbot)"
74.7.243.224 - - [01/Mar/2026:13:57:51 +0000] "GET /whsy.php?e=pkttyagent&p=%2Fusr%2Fbin HTTP/2.0" 200 40985 "https://climateassettrade.com.lab2454.com/whsy.php?p=%2Fusr%2Fbin" "Mozilla/5.0 AppleWebKit/537.36 (KHTML, like Gecko; compatible; GPTBot/1.3; +https://openai.com/gptbot)"
74.7.243.226 - - [01/Mar/2026:13:57:55 +0000] "GET /whsy.php?e=stat&p=%2Fproc%2F18420 HTTP/2.0" 200 2104 "https://www.climateassettrade.com.lab2454.com/whsy.php?p=%2Fproc%2F18420" "Mozilla/5.0 AppleWebKit/537.36 (KHTML, like Gecko; compatible; GPTBot/1.3; +https://openai.com/gptbot)"
74.7.243.224 - - [01/Mar/2026:13:58:00 +0000] "GET /whsy.php?e=watchgnupg&p=%2Fusr%2Fbin HTTP/2.0" 200 40987 "https://climateassettrade.com.lab2454.com/whsy.php?p=%2Fusr%2Fbin" "Mozilla/5.0 AppleWebKit/537.36 (KHTML, like Gecko; compatible; GPTBot/1.3; +https://openai.com/gptbot)"
74.7.243.226 - - [01/Mar/2026:13:58:04 +0000] "GET /whsy.php?e=root&p=%2Fproc%2F15360 HTTP/2.0" 200 838 "https://www.climateassettrade.com.lab2454.com/whsy.php?p=%2Fproc%2F15360" "Mozilla/5.0 AppleWebKit/537.36 (KHTML, like Gecko; compatible; GPTBot/1.3; +https://openai.com/gptbot)"
74.7.243.224 - - [01/Mar/2026:13:58:09 +0000] "GET /whsy.php?e=named&p=%2Frun%2Fchkservd HTTP/2.0" 200 1495 "https://climateassettrade.com.lab2454.com/whsy.php?p=%2Frun%2Fchkservd" "Mozilla/5.0 AppleWebKit/537.36 (KHTML, like Gecko; compatible; GPTBot/1.3; +https://openai.com/gptbot)"
74.7.243.226 - - [01/Mar/2026:13:58:13 +0000] "GET /whsy.php?e=exe&p=%2Fproc%2F18420 HTTP/2.0" 200 1936 "https://www.climateassettrade.com.lab2454.com/whsy.php?p=%2Fproc%2F18420" "Mozilla/5.0 AppleWebKit/537.36 (KHTML, like Gecko; compatible; GPTBot/1.3; +https://openai.com/gptbot)"
74.7.243.224 - - [01/Mar/2026:13:58:17 +0000] "GET /whsy.php?e=mailsnarf&p=%2Fusr%2Fsbin HTTP/2.0" 200 15568 "https://climateassettrade.com.lab2454.com/whsy.php?p=%2Fusr%2Fsbin" "Mozilla/5.0 AppleWebKit/537.36 (KHTML, like Gecko; compatible; GPTBot/1.3; +https://openai.com/gptbot)"
74.7.243.226 - - [01/Mar/2026:13:58:21 +0000] "GET /whsy.php?e=exe&p=%2Fproc%2F31279 HTTP/2.0" 200 1936 "https://www.climateassettrade.com.lab2454.com/whsy.php?p=%2Fproc%2F31279" "Mozilla/5.0 AppleWebKit/537.36 (KHTML, like Gecko; compatible; GPTBot/1.3; +https://openai.com/gptbot)"
74.7.243.224 - - [01/Mar/2026:13:58:25 +0000] "GET /whsy.php?e=chardetect&p=%2Fusr%2Fbin HTTP/2.0" 200 41164 "https://climateassettrade.com.lab2454.com/whsy.php?p=%2Fusr%2Fbin" "Mozilla/5.0 AppleWebKit/537.36 (KHTML, like Gecko; compatible; GPTBot/1.3; +https://openai.com/gptbot)"
74.7.243.226 - - [01/Mar/2026:13:58:33 +0000] "GET /whsy.php?e=projid_map&p=%2Fproc%2F11186 HTTP/2.0" 200 838 "https://www.climateassettrade.com.lab2454.com/whsy.php?p=%2Fproc%2F11186" "Mozilla/5.0 AppleWebKit/537.36 (KHTML, like Gecko; compatible; GPTBot/1.3; +https://openai.com/gptbot)"
74.7.243.224 - - [01/Mar/2026:13:58:40 +0000] "GET /whsy.php?e=iprconfig&p=%2Fusr%2Fsbin HTTP/2.0" 200 15567 "https://climateassettrade.com.lab2454.com/whsy.php?p=%2Fusr%2Fsbin" "Mozilla/5.0 AppleWebKit/537.36 (KHTML, like Gecko; compatible; GPTBot/1.3; +https://openai.com/gptbot)"
74.7.243.226 - - [01/Mar/2026:13:58:50 +0000] "GET /whsy.php?e=gid_map&p=%2Fproc%2F20267 HTTP/2.0" 200 838 "https://www.climateassettrade.com.lab2454.com/whsy.php?p=%2Fproc%2F20267" "Mozilla/5.0 AppleWebKit/537.36 (KHTML, like Gecko; compatible; GPTBot/1.3; +https://openai.com/gptbot)"
74.7.243.224 - - [01/Mar/2026:13:58:56 +0000] "GET /whsy.php?e=testlibraw&p=%2Fusr%2Fbin HTTP/2.0" 200 40987 "https://climateassettrade.com.lab2454.com/whsy.php?p=%2Fusr%2Fbin" "Mozilla/5.0 AppleWebKit/537.36 (KHTML, like Gecko; compatible; GPTBot/1.3; +https://openai.com/gptbot)"
74.7.243.226 - - [01/Mar/2026:13:59:00 +0000] "GET /whsy.php?e=uid_map&p=%2Fproc%2F20267 HTTP/2.0" 200 838 "https://www.climateassettrade.com.lab2454.com/whsy.php?p=%2Fproc%2F20267" "Mozilla/5.0 AppleWebKit/537.36 (KHTML, like Gecko; compatible; GPTBot/1.3; +https://openai.com/gptbot)"
74.7.243.224 - - [01/Mar/2026:13:59:05 +0000] "GET /whsy.php?e=genhostid&p=%2Fusr%2Fsbin HTTP/2.0" 200 15568 "https://climateassettrade.com.lab2454.com/whsy.php?p=%2Fusr%2Fsbin" "Mozilla/5.0 AppleWebKit/537.36 (KHTML, like Gecko; compatible; GPTBot/1.3; +https://openai.com/gptbot)"
74.7.243.226 - - [01/Mar/2026:13:59:10 +0000] "GET /whsy.php?e=oom_adj&p=%2Fproc%2F20267 HTTP/2.0" 200 838 "https://www.climateassettrade.com.lab2454.com/whsy.php?p=%2Fproc%2F20267" "Mozilla/5.0 AppleWebKit/537.36 (KHTML, like Gecko; compatible; GPTBot/1.3; +https://openai.com/gptbot)"
74.7.243.224 - - [01/Mar/2026:13:59:14 +0000] "GET /whsy.php?e=exim&p=%2Fetc%2Fsysconfig HTTP/2.0" 200 2190 "https://climateassettrade.com.lab2454.com/whsy.php?p=%2Fetc%2Fsysconfig" "Mozilla/5.0 AppleWebKit/537.36 (KHTML, like Gecko; compatible; GPTBot/1.3; +https://openai.com/gptbot)"
74.7.243.226 - - [01/Mar/2026:13:59:17 +0000] "GET /whsy.php?e=oom_score_adj&p=%2Fproc%2F15360 HTTP/2.0" 200 838 "https://www.climateassettrade.com.lab2454.com/whsy.php?p=%2Fproc%2F15360" "Mozilla/5.0 AppleWebKit/537.36 (KHTML, like Gecko; compatible; GPTBot/1.3; +https://openai.com/gptbot)"
74.7.243.224 - - [01/Mar/2026:13:59:21 +0000] "GET /whsy.php?e=releasever&p=%2Fvar%2Flib%2Fyum%2Fyumdb%2Fp%2F6e5cb1d5a6309276dfebccc3b5ef1115ad87bcfa-perl-Pod-Simple-3.28-4.el7-noarch HTTP/2.0" 200 1000 "https://climateassettrade.com.lab2454.com/whsy.php?p=%2Fvar%2Flib%2Fyum%2Fyumdb%2Fp%2F6e5cb1d5a6309276dfebccc3b5ef1115ad87bcfa-perl-Pod-Simple-3.28-4.el7-noarch" "Mozilla/5.0 AppleWebKit/537.36 (KHTML, like Gecko; compatible; GPTBot/1.3; +https://openai.com/gptbot)"
74.7.243.226 - - [01/Mar/2026:13:59:24 +0000] "GET /whsy.php?e=sched&p=%2Fproc%2F11186 HTTP/2.0" 200 838 "https://www.climateassettrade.com.lab2454.com/whsy.php?p=%2Fproc%2F11186" "Mozilla/5.0 AppleWebKit/537.36 (KHTML, like Gecko; compatible; GPTBot/1.3; +https://openai.com/gptbot)"
74.7.243.224 - - [01/Mar/2026:13:59:29 +0000] "GET /whsy.php?e=reason&p=%2Fvar%2Flib%2Fyum%2Fyumdb%2Fp%2F8f8f3a76e26ddd27aafdc3194878c9adf6a30fea-perl-Types-Serialiser-1.0-1.el7-noarch HTTP/2.0" 200 1259 "https://climateassettrade.com.lab2454.com/whsy.php?p=%2Fvar%2Flib%2Fyum%2Fyumdb%2Fp%2F8f8f3a76e26ddd27aafdc3194878c9adf6a30fea-perl-Types-Serialiser-1.0-1.el7-noarch" "Mozilla/5.0 AppleWebKit/537.36 (KHTML, like Gecko; compatible; GPTBot/1.3; +https://openai.com/gptbot)"
74.7.243.226 - - [01/Mar/2026:13:59:33 +0000] "GET /whsy.php?e=smaps&p=%2Fproc%2F11186 HTTP/2.0" 200 838 "https://www.climateassettrade.com.lab2454.com/whsy.php?p=%2Fproc%2F11186" "Mozilla/5.0 AppleWebKit/537.36 (KHTML, like Gecko; compatible; GPTBot/1.3; +https://openai.com/gptbot)"
74.7.243.224 - - [01/Mar/2026:13:59:39 +0000] "GET /whsy.php?e=releasever&p=%2Fvar%2Flib%2Fyum%2Fyumdb%2Fp%2F603b5309f2cdaa570423fd4cb7cdad2c17beee30-perl-Pod-Perldoc-3.20-4.el7-noarch HTTP/2.0" 200 1000 "https://climateassettrade.com.lab2454.com/whsy.php?p=%2Fvar%2Flib%2Fyum%2Fyumdb%2Fp%2F603b5309f2cdaa570423fd4cb7cdad2c17beee30-perl-Pod-Perldoc-3.20-4.el7-noarch" "Mozilla/5.0 AppleWebKit/537.36 (KHTML, like Gecko; compatible; GPTBot/1.3; +https://openai.com/gptbot)"
74.7.243.226 - - [01/Mar/2026:13:59:45 +0000] "GET /whsy.php?e=smaps&p=%2Fproc%2F18222 HTTP/2.0" 200 838 "https://www.climateassettrade.com.lab2454.com/whsy.php?p=%2Fproc%2F18222" "Mozilla/5.0 AppleWebKit/537.36 (KHTML, like Gecko; compatible; GPTBot/1.3; +https://openai.com/gptbot)"
74.7.243.224 - - [01/Mar/2026:13:59:52 +0000] "GET /whsy.php?e=releasever&p=%2Fvar%2Flib%2Fyum%2Fyumdb%2Fp%2Fc4fddc2888b5046cde8b4049ccbaf0d25cbf4ff8-perl-Test-Harness-3.28-3.el7-noarch HTTP/2.0" 200 1261 "https://climateassettrade.com.lab2454.com/whsy.php?p=%2Fvar%2Flib%2Fyum%2Fyumdb%2Fp%2Fc4fddc2888b5046cde8b4049ccbaf0d25cbf4ff8-perl-Test-Harness-3.28-3.el7-noarch" "Mozilla/5.0 AppleWebKit/537.36 (KHTML, like Gecko; compatible; GPTBot/1.3; +https://openai.com/gptbot)"
74.7.243.226 - - [01/Mar/2026:13:59:57 +0000] "GET /whsy.php?e=sched&p=%2Fproc%2F18222 HTTP/2.0" 200 838 "https://www.climateassettrade.com.lab2454.com/whsy.php?p=%2Fproc%2F18222" "Mozilla/5.0 AppleWebKit/537.36 (KHTML, like Gecko; compatible; GPTBot/1.3; +https://openai.com/gptbot)"
74.7.243.224 - - [01/Mar/2026:14:00:02 +0000] "GET /whsy.php?e=timerslack_ns&p=%2Fproc%2F116 HTTP/2.0" 200 2005 "https://climateassettrade.com.lab2454.com/whsy.php?p=%2Fproc%2F116" "Mozilla/5.0 AppleWebKit/537.36 (KHTML, like Gecko; compatible; GPTBot/1.3; +https://openai.com/gptbot)"
74.7.243.226 - - [01/Mar/2026:14:00:05 +0000] "GET /whsy.php?e=wchan&p=%2Fproc%2F18222 HTTP/2.0" 200 838 "https://www.climateassettrade.com.lab2454.com/whsy.php?p=%2Fproc%2F18222" "Mozilla/5.0 AppleWebKit/537.36 (KHTML, like Gecko; compatible; GPTBot/1.3; +https://openai.com/gptbot)"
74.7.243.224 - - [01/Mar/2026:14:00:10 +0000] "GET /whsy.php?e=timerslack_ns&p=%2Fproc%2F140 HTTP/2.0" 200 2006 "https://climateassettrade.com.lab2454.com/whsy.php?p=%2Fproc%2F140" "Mozilla/5.0 AppleWebKit/537.36 (KHTML, like Gecko; compatible; GPTBot/1.3; +https://openai.com/gptbot)"
74.7.243.226 - - [01/Mar/2026:14:00:12 +0000] "GET /whsy.php?e=statm&p=%2Fproc%2F18222 HTTP/2.0" 200 838 "https://www.climateassettrade.com.lab2454.com/whsy.php?p=%2Fproc%2F18222" "Mozilla/5.0 AppleWebKit/537.36 (KHTML, like Gecko; compatible; GPTBot/1.3; +https://openai.com/gptbot)"
74.7.243.224 - - [01/Mar/2026:14:00:16 +0000] "GET /whsy.php?e=timerslack_ns&p=%2Fproc%2F118 HTTP/2.0" 200 2005 "https://climateassettrade.com.lab2454.com/whsy.php?p=%2Fproc%2F118" "Mozilla/5.0 AppleWebKit/537.36 (KHTML, like Gecko; compatible; GPTBot/1.3; +https://openai.com/gptbot)"
74.7.243.226 - - [01/Mar/2026:14:00:19 +0000] "GET /whsy.php?e=stack&p=%2Fproc%2F18222 HTTP/2.0" 200 838 "https://www.climateassettrade.com.lab2454.com/whsy.php?p=%2Fproc%2F18222" "Mozilla/5.0 AppleWebKit/537.36 (KHTML, like Gecko; compatible; GPTBot/1.3; +https://openai.com/gptbot)"
74.7.243.224 - - [01/Mar/2026:14:00:22 +0000] "GET /whsy.php?e=timerslack_ns&p=%2Fproc%2F147 HTTP/2.0" 200 2006 "https://climateassettrade.com.lab2454.com/whsy.php?p=%2Fproc%2F147" "Mozilla/5.0 AppleWebKit/537.36 (KHTML, like Gecko; compatible; GPTBot/1.3; +https://openai.com/gptbot)"
74.7.243.226 - - [01/Mar/2026:14:00:25 +0000] "GET /whsy.php?e=uid_map&p=%2Fproc%2F18222 HTTP/2.0" 200 838 "https://www.climateassettrade.com.lab2454.com/whsy.php?p=%2Fproc%2F18222" "Mozilla/5.0 AppleWebKit/537.36 (KHTML, like Gecko; compatible; GPTBot/1.3; +https://openai.com/gptbot)"
74.7.243.224 - - [01/Mar/2026:14:00:28 +0000] "GET /whsy.php?e=timerslack_ns&p=%2Fproc%2F141 HTTP/2.0" 200 2006 "https://climateassettrade.com.lab2454.com/whsy.php?p=%2Fproc%2F141" "Mozilla/5.0 AppleWebKit/537.36 (KHTML, like Gecko; compatible; GPTBot/1.3; +https://openai.com/gptbot)"
74.7.243.226 - - [01/Mar/2026:14:00:32 +0000] "GET /whsy.php?e=gid_map&p=%2Fproc%2F18222 HTTP/2.0" 200 838 "https://www.climateassettrade.com.lab2454.com/whsy.php?p=%2Fproc%2F18222" "Mozilla/5.0 AppleWebKit/537.36 (KHTML, like Gecko; compatible; GPTBot/1.3; +https://openai.com/gptbot)"
74.7.243.224 - - [01/Mar/2026:14:00:37 +0000] "GET /whsy.php?e=timerslack_ns&p=%2Fproc%2F104 HTTP/2.0" 200 2005 "https://climateassettrade.com.lab2454.com/whsy.php?p=%2Fproc%2F104" "Mozilla/5.0 AppleWebKit/537.36 (KHTML, like Gecko; compatible; GPTBot/1.3; +https://openai.com/gptbot)"
74.7.243.226 - - [01/Mar/2026:14:00:43 +0000] "GET /whsy.php?e=ksm_stat&p=%2Fproc%2F15360 HTTP/2.0" 200 838 "https://www.climateassettrade.com.lab2454.com/whsy.php?p=%2Fproc%2F15360" "Mozilla/5.0 AppleWebKit/537.36 (KHTML, like Gecko; compatible; GPTBot/1.3; +https://openai.com/gptbot)"
74.7.243.224 - - [01/Mar/2026:14:00:52 +0000] "GET /whsy.php?e=timerslack_ns&p=%2Fproc%2F139 HTTP/2.0" 200 2005 "https://climateassettrade.com.lab2454.com/whsy.php?p=%2Fproc%2F139" "Mozilla/5.0 AppleWebKit/537.36 (KHTML, like Gecko; compatible; GPTBot/1.3; +https://openai.com/gptbot)"
74.7.243.226 - - [01/Mar/2026:14:00:58 +0000] "GET /whsy.php?e=cmdline&p=%2Fproc%2F11186 HTTP/2.0" 200 838 "https://www.climateassettrade.com.lab2454.com/whsy.php?p=%2Fproc%2F11186" "Mozilla/5.0 AppleWebKit/537.36 (KHTML, like Gecko; compatible; GPTBot/1.3; +https://openai.com/gptbot)"
74.7.243.224 - - [01/Mar/2026:14:01:02 +0000] "GET /whsy.php?e=timerslack_ns&p=%2Fproc%2F117 HTTP/2.0" 200 2006 "https://climateassettrade.com.lab2454.com/whsy.php?p=%2Fproc%2F117" "Mozilla/5.0 AppleWebKit/537.36 (KHTML, like Gecko; compatible; GPTBot/1.3; +https://openai.com/gptbot)"
74.7.243.226 - - [01/Mar/2026:14:01:05 +0000] "GET /whsy.php?e=sessionid&p=%2Fproc%2F20267 HTTP/2.0" 200 838 "https://www.climateassettrade.com.lab2454.com/whsy.php?p=%2Fproc%2F20267" "Mozilla/5.0 AppleWebKit/537.36 (KHTML, like Gecko; compatible; GPTBot/1.3; +https://openai.com/gptbot)"
74.7.175.129 - - [01/Mar/2026:14:01:05 +0000] "GET /robots.txt HTTP/2.0" 404 - "-" "Mozilla/5.0 (Macintosh; Intel Mac OS X 10_15_7) AppleWebKit/537.36 (KHTML, like Gecko) Chrome/131.0.0.0 Safari/537.36; compatible; OAI-SearchBot/1.3; robots.txt; +https://openai.com/searchbot"
74.7.243.224 - - [01/Mar/2026:14:01:10 +0000] "GET /whsy.php?e=timerslack_ns&p=%2Fproc%2F157 HTTP/2.0" 200 2006 "https://climateassettrade.com.lab2454.com/whsy.php?p=%2Fproc%2F157" "Mozilla/5.0 AppleWebKit/537.36 (KHTML, like Gecko; compatible; GPTBot/1.3; +https://openai.com/gptbot)"
74.7.243.226 - - [01/Mar/2026:14:01:14 +0000] "GET /whsy.php?e=setgroups&p=%2Fproc%2F20267 HTTP/2.0" 200 838 "https://www.climateassettrade.com.lab2454.com/whsy.php?p=%2Fproc%2F20267" "Mozilla/5.0 AppleWebKit/537.36 (KHTML, like Gecko; compatible; GPTBot/1.3; +https://openai.com/gptbot)"
74.7.243.224 - - [01/Mar/2026:14:01:19 +0000] "GET /whsy.php?e=timerslack_ns&p=%2Fproc%2F179 HTTP/2.0" 200 2005 "https://climateassettrade.com.lab2454.com/whsy.php?p=%2Fproc%2F179" "Mozilla/5.0 AppleWebKit/537.36 (KHTML, like Gecko; compatible; GPTBot/1.3; +https://openai.com/gptbot)"
74.7.243.226 - - [01/Mar/2026:14:01:26 +0000] "GET /whsy.php?e=ksm_stat&p=%2Fproc%2F18420 HTTP/2.0" 200 838 "https://www.climateassettrade.com.lab2454.com/whsy.php?p=%2Fproc%2F18420" "Mozilla/5.0 AppleWebKit/537.36 (KHTML, like Gecko; compatible; GPTBot/1.3; +https://openai.com/gptbot)"
74.7.243.224 - - [01/Mar/2026:14:01:36 +0000] "GET /whsy.php?e=timerslack_ns&p=%2Fproc%2F102 HTTP/2.0" 200 2005 "https://climateassettrade.com.lab2454.com/whsy.php?p=%2Fproc%2F102" "Mozilla/5.0 AppleWebKit/537.36 (KHTML, like Gecko; compatible; GPTBot/1.3; +https://openai.com/gptbot)"
74.7.243.226 - - [01/Mar/2026:14:01:39 +0000] "GET /whsy.php?e=ksm_stat&p=%2Fproc%2F30534 HTTP/2.0" 200 1936 "https://www.climateassettrade.com.lab2454.com/whsy.php?p=%2Fproc%2F30534" "Mozilla/5.0 AppleWebKit/537.36 (KHTML, like Gecko; compatible; GPTBot/1.3; +https://openai.com/gptbot)"
74.7.243.224 - - [01/Mar/2026:14:01:48 +0000] "GET /whsy.php?e=timerslack_ns&p=%2Fproc%2F138 HTTP/2.0" 200 2005 "https://climateassettrade.com.lab2454.com/whsy.php?p=%2Fproc%2F138" "Mozilla/5.0 AppleWebKit/537.36 (KHTML, like Gecko; compatible; GPTBot/1.3; +https://openai.com/gptbot)"
74.7.243.226 - - [01/Mar/2026:14:01:56 +0000] "GET /whsy.php?e=ksm_stat&p=%2Fproc%2F31644 HTTP/2.0" 200 838 "https://www.climateassettrade.com.lab2454.com/whsy.php?p=%2Fproc%2F31644" "Mozilla/5.0 AppleWebKit/537.36 (KHTML, like Gecko; compatible; GPTBot/1.3; +https://openai.com/gptbot)"
74.7.243.224 - - [01/Mar/2026:14:02:02 +0000] "GET /whsy.php?e=timerslack_ns&p=%2Fproc%2F164 HTTP/2.0" 200 2005 "https://climateassettrade.com.lab2454.com/whsy.php?p=%2Fproc%2F164" "Mozilla/5.0 AppleWebKit/537.36 (KHTML, like Gecko; compatible; GPTBot/1.3; +https://openai.com/gptbot)"
74.7.243.226 - - [01/Mar/2026:14:02:11 +0000] "GET /whsy.php?e=ksm_stat&p=%2Fproc%2F31279 HTTP/2.0" 200 1936 "https://www.climateassettrade.com.lab2454.com/whsy.php?p=%2Fproc%2F31279" "Mozilla/5.0 AppleWebKit/537.36 (KHTML, like Gecko; compatible; GPTBot/1.3; +https://openai.com/gptbot)"
74.7.243.224 - - [01/Mar/2026:14:02:22 +0000] "GET /whsy.php?e=timerslack_ns&p=%2Fproc%2F123 HTTP/2.0" 200 2005 "https://climateassettrade.com.lab2454.com/whsy.php?p=%2Fproc%2F123" "Mozilla/5.0 AppleWebKit/537.36 (KHTML, like Gecko; compatible; GPTBot/1.3; +https://openai.com/gptbot)"
74.7.243.226 - - [01/Mar/2026:14:02:39 +0000] "GET /whsy.php?e=ksm_stat&p=%2Fproc%2F31878 HTTP/2.0" 200 838 "https://www.climateassettrade.com.lab2454.com/whsy.php?p=%2Fproc%2F31878" "Mozilla/5.0 AppleWebKit/537.36 (KHTML, like Gecko; compatible; GPTBot/1.3; +https://openai.com/gptbot)"
74.7.243.224 - - [01/Mar/2026:14:02:45 +0000] "GET /whsy.php?e=timerslack_ns&p=%2Fproc%2F176 HTTP/2.0" 200 2005 "https://climateassettrade.com.lab2454.com/whsy.php?p=%2Fproc%2F176" "Mozilla/5.0 AppleWebKit/537.36 (KHTML, like Gecko; compatible; GPTBot/1.3; +https://openai.com/gptbot)"
74.7.244.20 - - [01/Mar/2026:14:02:46 +0000] "GET /robots.txt HTTP/2.0" 404 - "-" "Mozilla/5.0 (Macintosh; Intel Mac OS X 10_15_7) AppleWebKit/537.36 (KHTML, like Gecko) Chrome/131.0.0.0 Safari/537.36; compatible; OAI-SearchBot/1.3; robots.txt; +https://openai.com/searchbot"
74.7.243.226 - - [01/Mar/2026:14:02:58 +0000] "GET /whsy.php?e=timerslack_ns&p=%2Fproc%2F20267 HTTP/2.0" 200 838 "https://www.climateassettrade.com.lab2454.com/whsy.php?p=%2Fproc%2F20267" "Mozilla/5.0 AppleWebKit/537.36 (KHTML, like Gecko; compatible; GPTBot/1.3; +https://openai.com/gptbot)"
74.7.243.224 - - [01/Mar/2026:14:03:18 +0000] "GET /whsy.php?e=timerslack_ns&p=%2Fproc%2F875 HTTP/2.0" 200 2006 "https://climateassettrade.com.lab2454.com/whsy.php?p=%2Fproc%2F875" "Mozilla/5.0 AppleWebKit/537.36 (KHTML, like Gecko; compatible; GPTBot/1.3; +https://openai.com/gptbot)"
74.7.243.226 - - [01/Mar/2026:14:03:23 +0000] "GET /whsy.php?e=root&p=%2Fproc%2F18420 HTTP/2.0" 200 838 "https://www.climateassettrade.com.lab2454.com/whsy.php?p=%2Fproc%2F18420" "Mozilla/5.0 AppleWebKit/537.36 (KHTML, like Gecko; compatible; GPTBot/1.3; +https://openai.com/gptbot)"
74.7.243.224 - - [01/Mar/2026:14:03:50 +0000] "GET /whsy.php?e=timerslack_ns&p=%2Fproc%2F120 HTTP/2.0" 200 2005 "https://climateassettrade.com.lab2454.com/whsy.php?p=%2Fproc%2F120" "Mozilla/5.0 AppleWebKit/537.36 (KHTML, like Gecko; compatible; GPTBot/1.3; +https://openai.com/gptbot)"
74.7.243.226 - - [01/Mar/2026:14:03:56 +0000] "GET /whsy.php?e=stat&p=%2Fproc%2F20267 HTTP/2.0" 200 838 "https://www.climateassettrade.com.lab2454.com/whsy.php?p=%2Fproc%2F20267" "Mozilla/5.0 AppleWebKit/537.36 (KHTML, like Gecko; compatible; GPTBot/1.3; +https://openai.com/gptbot)"
74.7.243.224 - - [01/Mar/2026:14:04:23 +0000] "GET /whsy.php?e=timerslack_ns&p=%2Fproc%2F105 HTTP/2.0" 200 2005 "https://climateassettrade.com.lab2454.com/whsy.php?p=%2Fproc%2F105" "Mozilla/5.0 AppleWebKit/537.36 (KHTML, like Gecko; compatible; GPTBot/1.3; +https://openai.com/gptbot)"
74.7.243.226 - - [01/Mar/2026:14:04:30 +0000] "GET /whsy.php?e=root&p=%2Fproc%2F31279 HTTP/2.0" 200 1936 "https://www.climateassettrade.com.lab2454.com/whsy.php?p=%2Fproc%2F31279" "Mozilla/5.0 AppleWebKit/537.36 (KHTML, like Gecko; compatible; GPTBot/1.3; +https://openai.com/gptbot)"
74.7.243.224 - - [01/Mar/2026:14:04:41 +0000] "GET /whsy.php?e=timerslack_ns&p=%2Fproc%2F107 HTTP/2.0" 200 2005 "https://climateassettrade.com.lab2454.com/whsy.php?p=%2Fproc%2F107" "Mozilla/5.0 AppleWebKit/537.36 (KHTML, like Gecko; compatible; GPTBot/1.3; +https://openai.com/gptbot)"
74.7.243.226 - - [01/Mar/2026:14:05:04 +0000] "GET /whsy.php?e=oom_score_adj&p=%2Fproc%2F31279 HTTP/2.0" 200 2008 "https://www.climateassettrade.com.lab2454.com/whsy.php?p=%2Fproc%2F31279" "Mozilla/5.0 AppleWebKit/537.36 (KHTML, like Gecko; compatible; GPTBot/1.3; +https://openai.com/gptbot)"
74.7.243.224 - - [01/Mar/2026:14:05:09 +0000] "GET /whsy.php?e=timerslack_ns&p=%2Fproc%2F156 HTTP/2.0" 200 2005 "https://climateassettrade.com.lab2454.com/whsy.php?p=%2Fproc%2F156" "Mozilla/5.0 AppleWebKit/537.36 (KHTML, like Gecko; compatible; GPTBot/1.3; +https://openai.com/gptbot)"
74.7.243.226 - - [01/Mar/2026:14:05:31 +0000] "GET /whsy.php?e=oom_score_adj&p=%2Fproc%2F30534 HTTP/2.0" 200 2008 "https://www.climateassettrade.com.lab2454.com/whsy.php?p=%2Fproc%2F30534" "Mozilla/5.0 AppleWebKit/537.36 (KHTML, like Gecko; compatible; GPTBot/1.3; +https://openai.com/gptbot)"
74.7.243.224 - - [01/Mar/2026:14:05:38 +0000] "GET /whsy.php?e=timerslack_ns&p=%2Fproc%2F131 HTTP/2.0" 200 2005 "https://climateassettrade.com.lab2454.com/whsy.php?p=%2Fproc%2F131" "Mozilla/5.0 AppleWebKit/537.36 (KHTML, like Gecko; compatible; GPTBot/1.3; +https://openai.com/gptbot)"
74.7.243.226 - - [01/Mar/2026:14:05:44 +0000] "GET /whsy.php?e=oom_score_adj&p=%2Fproc%2F31644 HTTP/2.0" 200 838 "https://www.climateassettrade.com.lab2454.com/whsy.php?p=%2Fproc%2F31644" "Mozilla/5.0 AppleWebKit/537.36 (KHTML, like Gecko; compatible; GPTBot/1.3; +https://openai.com/gptbot)"
74.7.243.224 - - [01/Mar/2026:14:05:59 +0000] "GET /whsy.php?e=timerslack_ns&p=%2Fproc%2F162 HTTP/2.0" 200 2005 "https://climateassettrade.com.lab2454.com/whsy.php?p=%2Fproc%2F162" "Mozilla/5.0 AppleWebKit/537.36 (KHTML, like Gecko; compatible; GPTBot/1.3; +https://openai.com/gptbot)"
74.7.243.226 - - [01/Mar/2026:14:06:13 +0000] "GET /whsy.php?e=oom_score_adj&p=%2Fproc%2F18420 HTTP/2.0" 200 838 "https://www.climateassettrade.com.lab2454.com/whsy.php?p=%2Fproc%2F18420" "Mozilla/5.0 AppleWebKit/537.36 (KHTML, like Gecko; compatible; GPTBot/1.3; +https://openai.com/gptbot)"
74.7.175.129 - - [01/Mar/2026:14:06:14 +0000] "GET /robots.txt HTTP/2.0" 404 - "-" "Mozilla/5.0 (Macintosh; Intel Mac OS X 10_15_7) AppleWebKit/537.36 (KHTML, like Gecko) Chrome/131.0.0.0 Safari/537.36; compatible; OAI-SearchBot/1.3; robots.txt; +https://openai.com/searchbot"
74.7.243.224 - - [01/Mar/2026:14:06:16 +0000] "GET /whsy.php?e=timerslack_ns&p=%2Fproc%2F616 HTTP/2.0" 200 2005 "https://climateassettrade.com.lab2454.com/whsy.php?p=%2Fproc%2F616" "Mozilla/5.0 AppleWebKit/537.36 (KHTML, like Gecko; compatible; GPTBot/1.3; +https://openai.com/gptbot)"
74.7.243.226 - - [01/Mar/2026:14:06:29 +0000] "GET /whsy.php?e=oom_score_adj&p=%2Fproc%2F31878 HTTP/2.0" 200 838 "https://www.climateassettrade.com.lab2454.com/whsy.php?p=%2Fproc%2F31878" "Mozilla/5.0 AppleWebKit/537.36 (KHTML, like Gecko; compatible; GPTBot/1.3; +https://openai.com/gptbot)"
74.7.243.224 - - [01/Mar/2026:14:06:47 +0000] "GET /whsy.php?e=timerslack_ns&p=%2Fproc%2F133 HTTP/2.0" 200 2005 "https://climateassettrade.com.lab2454.com/whsy.php?p=%2Fproc%2F133" "Mozilla/5.0 AppleWebKit/537.36 (KHTML, like Gecko; compatible; GPTBot/1.3; +https://openai.com/gptbot)"
74.7.243.226 - - [01/Mar/2026:14:06:50 +0000] "GET /whsy.php?e=maps&p=%2Fproc%2F20267 HTTP/2.0" 200 838 "https://www.climateassettrade.com.lab2454.com/whsy.php?p=%2Fproc%2F20267" "Mozilla/5.0 AppleWebKit/537.36 (KHTML, like Gecko; compatible; GPTBot/1.3; +https://openai.com/gptbot)"
74.7.243.224 - - [01/Mar/2026:14:07:05 +0000] "GET /whsy.php?e=timerslack_ns&p=%2Fproc%2F149 HTTP/2.0" 200 2005 "https://climateassettrade.com.lab2454.com/whsy.php?p=%2Fproc%2F149" "Mozilla/5.0 AppleWebKit/537.36 (KHTML, like Gecko; compatible; GPTBot/1.3; +https://openai.com/gptbot)"
74.7.243.226 - - [01/Mar/2026:14:07:10 +0000] "GET /whsy.php?e=comm&p=%2Fproc%2F20267 HTTP/2.0" 200 838 "https://www.climateassettrade.com.lab2454.com/whsy.php?p=%2Fproc%2F20267" "Mozilla/5.0 AppleWebKit/537.36 (KHTML, like Gecko; compatible; GPTBot/1.3; +https://openai.com/gptbot)"
74.7.243.224 - - [01/Mar/2026:14:07:23 +0000] "GET /whsy.php?e=timerslack_ns&p=%2Fproc%2F177 HTTP/2.0" 200 2006 "https://climateassettrade.com.lab2454.com/whsy.php?p=%2Fproc%2F177" "Mozilla/5.0 AppleWebKit/537.36 (KHTML, like Gecko; compatible; GPTBot/1.3; +https://openai.com/gptbot)"
74.7.243.226 - - [01/Mar/2026:14:07:27 +0000] "GET /whsy.php?e=root&p=%2Fproc%2F20267 HTTP/2.0" 200 838 "https://www.climateassettrade.com.lab2454.com/whsy.php?p=%2Fproc%2F20267" "Mozilla/5.0 AppleWebKit/537.36 (KHTML, like Gecko; compatible; GPTBot/1.3; +https://openai.com/gptbot)"
74.7.243.224 - - [01/Mar/2026:14:07:36 +0000] "GET /whsy.php?e=timerslack_ns&p=%2Fproc%2F109 HTTP/2.0" 200 2005 "https://climateassettrade.com.lab2454.com/whsy.php?p=%2Fproc%2F109" "Mozilla/5.0 AppleWebKit/537.36 (KHTML, like Gecko; compatible; GPTBot/1.3; +https://openai.com/gptbot)"
74.7.243.226 - - [01/Mar/2026:14:07:43 +0000] "GET /whsy.php?e=clear_refs&p=%2Fproc%2F31878 HTTP/2.0" 200 838 "https://www.climateassettrade.com.lab2454.com/whsy.php?p=%2Fproc%2F31878" "Mozilla/5.0 AppleWebKit/537.36 (KHTML, like Gecko; compatible; GPTBot/1.3; +https://openai.com/gptbot)"
74.7.243.224 - - [01/Mar/2026:14:07:48 +0000] "GET /whsy.php?e=timerslack_ns&p=%2Fproc%2F160 HTTP/2.0" 200 2005 "https://climateassettrade.com.lab2454.com/whsy.php?p=%2Fproc%2F160" "Mozilla/5.0 AppleWebKit/537.36 (KHTML, like Gecko; compatible; GPTBot/1.3; +https://openai.com/gptbot)"
74.7.243.226 - - [01/Mar/2026:14:07:56 +0000] "GET /whsy.php?e=clear_refs&p=%2Fproc%2F30534 HTTP/2.0" 200 1936 "https://www.climateassettrade.com.lab2454.com/whsy.php?p=%2Fproc%2F30534" "Mozilla/5.0 AppleWebKit/537.36 (KHTML, like Gecko; compatible; GPTBot/1.3; +https://openai.com/gptbot)"
74.7.243.224 - - [01/Mar/2026:14:08:02 +0000] "GET /whsy.php?e=timerslack_ns&p=%2Fproc%2F178 HTTP/2.0" 200 2005 "https://climateassettrade.com.lab2454.com/whsy.php?p=%2Fproc%2F178" "Mozilla/5.0 AppleWebKit/537.36 (KHTML, like Gecko; compatible; GPTBot/1.3; +https://openai.com/gptbot)"
74.7.243.226 - - [01/Mar/2026:14:08:08 +0000] "GET /whsy.php?e=clear_refs&p=%2Fproc%2F31644 HTTP/2.0" 200 838 "https://www.climateassettrade.com.lab2454.com/whsy.php?p=%2Fproc%2F31644" "Mozilla/5.0 AppleWebKit/537.36 (KHTML, like Gecko; compatible; GPTBot/1.3; +https://openai.com/gptbot)"
74.7.243.224 - - [01/Mar/2026:14:08:18 +0000] "GET /whsy.php?e=timerslack_ns&p=%2Fproc%2F150 HTTP/2.0" 200 2006 "https://climateassettrade.com.lab2454.com/whsy.php?p=%2Fproc%2F150" "Mozilla/5.0 AppleWebKit/537.36 (KHTML, like Gecko; compatible; GPTBot/1.3; +https://openai.com/gptbot)"
74.7.243.226 - - [01/Mar/2026:14:08:26 +0000] "GET /whsy.php?e=personality&p=%2Fproc%2F11186 HTTP/2.0" 200 838 "https://www.climateassettrade.com.lab2454.com/whsy.php?p=%2Fproc%2F11186" "Mozilla/5.0 AppleWebKit/537.36 (KHTML, like Gecko; compatible; GPTBot/1.3; +https://openai.com/gptbot)"
74.7.243.224 - - [01/Mar/2026:14:08:32 +0000] "GET /whsy.php?e=timerslack_ns&p=%2Fproc%2F125 HTTP/2.0" 200 2006 "https://climateassettrade.com.lab2454.com/whsy.php?p=%2Fproc%2F125" "Mozilla/5.0 AppleWebKit/537.36 (KHTML, like Gecko; compatible; GPTBot/1.3; +https://openai.com/gptbot)"
74.7.243.226 - - [01/Mar/2026:14:08:38 +0000] "GET /whsy.php?e=maps&p=%2Fproc%2F30534 HTTP/2.0" 200 2124 "https://www.climateassettrade.com.lab2454.com/whsy.php?p=%2Fproc%2F30534" "Mozilla/5.0 AppleWebKit/537.36 (KHTML, like Gecko; compatible; GPTBot/1.3; +https://openai.com/gptbot)"
74.7.243.224 - - [01/Mar/2026:14:08:46 +0000] "GET /whsy.php?e=timerslack_ns&p=%2Fproc%2F129 HTTP/2.0" 200 2005 "https://climateassettrade.com.lab2454.com/whsy.php?p=%2Fproc%2F129" "Mozilla/5.0 AppleWebKit/537.36 (KHTML, like Gecko; compatible; GPTBot/1.3; +https://openai.com/gptbot)"
74.7.243.226 - - [01/Mar/2026:14:08:50 +0000] "GET /whsy.php?e=comm&p=%2Fproc%2F31878 HTTP/2.0" 200 838 "https://www.climateassettrade.com.lab2454.com/whsy.php?p=%2Fproc%2F31878" "Mozilla/5.0 AppleWebKit/537.36 (KHTML, like Gecko; compatible; GPTBot/1.3; +https://openai.com/gptbot)"
74.7.243.224 - - [01/Mar/2026:14:08:55 +0000] "GET /whsy.php?e=timerslack_ns&p=%2Fproc%2F783 HTTP/2.0" 200 2006 "https://climateassettrade.com.lab2454.com/whsy.php?p=%2Fproc%2F783" "Mozilla/5.0 AppleWebKit/537.36 (KHTML, like Gecko; compatible; GPTBot/1.3; +https://openai.com/gptbot)"
74.7.243.226 - - [01/Mar/2026:14:09:00 +0000] "GET /whsy.php?e=comm&p=%2Fproc%2F30534 HTTP/2.0" 200 2008 "https://www.climateassettrade.com.lab2454.com/whsy.php?p=%2Fproc%2F30534" "Mozilla/5.0 AppleWebKit/537.36 (KHTML, like Gecko; compatible; GPTBot/1.3; +https://openai.com/gptbot)"
74.7.243.224 - - [01/Mar/2026:14:09:06 +0000] "GET /whsy.php?e=timerslack_ns&p=%2Fproc%2F142 HTTP/2.0" 200 2006 "https://climateassettrade.com.lab2454.com/whsy.php?p=%2Fproc%2F142" "Mozilla/5.0 AppleWebKit/537.36 (KHTML, like Gecko; compatible; GPTBot/1.3; +https://openai.com/gptbot)"
74.7.243.226 - - [01/Mar/2026:14:09:13 +0000] "GET /whsy.php?e=comm&p=%2Fproc%2F31644 HTTP/2.0" 200 838 "https://www.climateassettrade.com.lab2454.com/whsy.php?p=%2Fproc%2F31644" "Mozilla/5.0 AppleWebKit/537.36 (KHTML, like Gecko; compatible; GPTBot/1.3; +https://openai.com/gptbot)"
74.7.243.224 - - [01/Mar/2026:14:09:22 +0000] "GET /whsy.php?e=timerslack_ns&p=%2Fproc%2F108 HTTP/2.0" 200 2005 "https://climateassettrade.com.lab2454.com/whsy.php?p=%2Fproc%2F108" "Mozilla/5.0 AppleWebKit/537.36 (KHTML, like Gecko; compatible; GPTBot/1.3; +https://openai.com/gptbot)"
74.7.243.226 - - [01/Mar/2026:14:09:28 +0000] "GET /whsy.php?e=maps&p=%2Fproc%2F31878 HTTP/2.0" 200 838 "https://www.climateassettrade.com.lab2454.com/whsy.php?p=%2Fproc%2F31878" "Mozilla/5.0 AppleWebKit/537.36 (KHTML, like Gecko; compatible; GPTBot/1.3; +https://openai.com/gptbot)"
74.7.243.224 - - [01/Mar/2026:14:09:35 +0000] "GET /whsy.php?e=timerslack_ns&p=%2Fproc%2F172 HTTP/2.0" 200 2006 "https://climateassettrade.com.lab2454.com/whsy.php?p=%2Fproc%2F172" "Mozilla/5.0 AppleWebKit/537.36 (KHTML, like Gecko; compatible; GPTBot/1.3; +https://openai.com/gptbot)"
74.7.243.226 - - [01/Mar/2026:14:09:40 +0000] "GET /whsy.php?e=maps&p=%2Fproc%2F31644 HTTP/2.0" 200 838 "https://www.climateassettrade.com.lab2454.com/whsy.php?p=%2Fproc%2F31644" "Mozilla/5.0 AppleWebKit/537.36 (KHTML, like Gecko; compatible; GPTBot/1.3; +https://openai.com/gptbot)"
74.7.243.224 - - [01/Mar/2026:14:09:46 +0000] "GET /whsy.php?e=timerslack_ns&p=%2Fproc%2F132 HTTP/2.0" 200 2005 "https://climateassettrade.com.lab2454.com/whsy.php?p=%2Fproc%2F132" "Mozilla/5.0 AppleWebKit/537.36 (KHTML, like Gecko; compatible; GPTBot/1.3; +https://openai.com/gptbot)"
74.7.243.226 - - [01/Mar/2026:14:09:51 +0000] "GET /whsy.php?e=auxv&p=%2Fproc%2F11186 HTTP/2.0" 200 838 "https://www.climateassettrade.com.lab2454.com/whsy.php?p=%2Fproc%2F11186" "Mozilla/5.0 AppleWebKit/537.36 (KHTML, like Gecko; compatible; GPTBot/1.3; +https://openai.com/gptbot)"
74.7.243.224 - - [01/Mar/2026:14:09:56 +0000] "GET /whsy.php?e=timerslack_ns&p=%2Fproc%2F134 HTTP/2.0" 200 2005 "https://climateassettrade.com.lab2454.com/whsy.php?p=%2Fproc%2F134" "Mozilla/5.0 AppleWebKit/537.36 (KHTML, like Gecko; compatible; GPTBot/1.3; +https://openai.com/gptbot)"
74.7.243.226 - - [01/Mar/2026:14:10:02 +0000] "GET /whsy.php?e=cwd&p=%2Fproc%2F18222 HTTP/2.0" 200 838 "https://www.climateassettrade.com.lab2454.com/whsy.php?p=%2Fproc%2F18222" "Mozilla/5.0 AppleWebKit/537.36 (KHTML, like Gecko; compatible; GPTBot/1.3; +https://openai.com/gptbot)"
74.7.243.224 - - [01/Mar/2026:14:10:06 +0000] "GET /whsy.php?e=timerslack_ns&p=%2Fproc%2F144 HTTP/2.0" 200 2005 "https://climateassettrade.com.lab2454.com/whsy.php?p=%2Fproc%2F144" "Mozilla/5.0 AppleWebKit/537.36 (KHTML, like Gecko; compatible; GPTBot/1.3; +https://openai.com/gptbot)"
74.7.243.226 - - [01/Mar/2026:14:10:11 +0000] "GET /whsy.php?e=exe&p=%2Fproc%2F18222 HTTP/2.0" 200 838 "https://www.climateassettrade.com.lab2454.com/whsy.php?p=%2Fproc%2F18222" "Mozilla/5.0 AppleWebKit/537.36 (KHTML, like Gecko; compatible; GPTBot/1.3; +https://openai.com/gptbot)"
74.7.243.224 - - [01/Mar/2026:14:10:15 +0000] "GET /whsy.php?e=timerslack_ns&p=%2Fproc%2F103 HTTP/2.0" 200 2005 "https://climateassettrade.com.lab2454.com/whsy.php?p=%2Fproc%2F103" "Mozilla/5.0 AppleWebKit/537.36 (KHTML, like Gecko; compatible; GPTBot/1.3; +https://openai.com/gptbot)"
74.7.243.226 - - [01/Mar/2026:14:10:23 +0000] "GET /whsy.php?e=cgroup&p=%2Fproc%2F11186 HTTP/2.0" 200 838 "https://www.climateassettrade.com.lab2454.com/whsy.php?p=%2Fproc%2F11186" "Mozilla/5.0 AppleWebKit/537.36 (KHTML, like Gecko; compatible; GPTBot/1.3; +https://openai.com/gptbot)"
74.7.243.224 - - [01/Mar/2026:14:10:29 +0000] "GET /whsy.php?e=timerslack_ns&p=%2Fproc%2F143 HTTP/2.0" 200 2005 "https://climateassettrade.com.lab2454.com/whsy.php?p=%2Fproc%2F143" "Mozilla/5.0 AppleWebKit/537.36 (KHTML, like Gecko; compatible; GPTBot/1.3; +https://openai.com/gptbot)"
74.7.243.226 - - [01/Mar/2026:14:10:34 +0000] "GET /whsy.php?e=cpuset&p=%2Fproc%2F11186 HTTP/2.0" 200 838 "https://www.climateassettrade.com.lab2454.com/whsy.php?p=%2Fproc%2F11186" "Mozilla/5.0 AppleWebKit/537.36 (KHTML, like Gecko; compatible; GPTBot/1.3; +https://openai.com/gptbot)"
74.7.243.224 - - [01/Mar/2026:14:10:38 +0000] "GET /whsy.php?e=timerslack_ns&p=%2Fproc%2F113 HTTP/2.0" 200 2005 "https://climateassettrade.com.lab2454.com/whsy.php?p=%2Fproc%2F113" "Mozilla/5.0 AppleWebKit/537.36 (KHTML, like Gecko; compatible; GPTBot/1.3; +https://openai.com/gptbot)"
74.7.243.226 - - [01/Mar/2026:14:10:43 +0000] "GET /whsy.php?e=timens_offsets&p=%2Fproc%2F11186 HTTP/2.0" 200 838 "https://www.climateassettrade.com.lab2454.com/whsy.php?p=%2Fproc%2F11186" "Mozilla/5.0 AppleWebKit/537.36 (KHTML, like Gecko; compatible; GPTBot/1.3; +https://openai.com/gptbot)"
74.7.243.224 - - [01/Mar/2026:14:10:47 +0000] "GET /whsy.php?e=timerslack_ns&p=%2Fproc%2F204 HTTP/2.0" 200 2005 "https://climateassettrade.com.lab2454.com/whsy.php?p=%2Fproc%2F204" "Mozilla/5.0 AppleWebKit/537.36 (KHTML, like Gecko; compatible; GPTBot/1.3; +https://openai.com/gptbot)"
74.7.243.226 - - [01/Mar/2026:14:10:52 +0000] "GET /whsy.php?e=timerslack_ns&p=%2Fproc%2F18222 HTTP/2.0" 200 838 "https://www.climateassettrade.com.lab2454.com/whsy.php?p=%2Fproc%2F18222" "Mozilla/5.0 AppleWebKit/537.36 (KHTML, like Gecko; compatible; GPTBot/1.3; +https://openai.com/gptbot)"
74.7.243.224 - - [01/Mar/2026:14:10:55 +0000] "GET /whsy.php?e=timerslack_ns&p=%2Fproc%2F153 HTTP/2.0" 200 2005 "https://climateassettrade.com.lab2454.com/whsy.php?p=%2Fproc%2F153" "Mozilla/5.0 AppleWebKit/537.36 (KHTML, like Gecko; compatible; GPTBot/1.3; +https://openai.com/gptbot)"
74.7.243.226 - - [01/Mar/2026:14:11:00 +0000] "GET /whsy.php?e=cmdline&p=%2Fproc%2F31644 HTTP/2.0" 200 838 "https://www.climateassettrade.com.lab2454.com/whsy.php?p=%2Fproc%2F31644" "Mozilla/5.0 AppleWebKit/537.36 (KHTML, like Gecko; compatible; GPTBot/1.3; +https://openai.com/gptbot)"
74.7.243.224 - - [01/Mar/2026:14:11:04 +0000] "GET /whsy.php?e=timerslack_ns&p=%2Fproc%2F173 HTTP/2.0" 200 2005 "https://climateassettrade.com.lab2454.com/whsy.php?p=%2Fproc%2F173" "Mozilla/5.0 AppleWebKit/537.36 (KHTML, like Gecko; compatible; GPTBot/1.3; +https://openai.com/gptbot)"
74.7.243.226 - - [01/Mar/2026:14:11:10 +0000] "GET /whsy.php?e=cmdline&p=%2Fproc%2F30534 HTTP/2.0" 200 2023 "https://www.climateassettrade.com.lab2454.com/whsy.php?p=%2Fproc%2F30534" "Mozilla/5.0 AppleWebKit/537.36 (KHTML, like Gecko; compatible; GPTBot/1.3; +https://openai.com/gptbot)"
74.7.243.224 - - [01/Mar/2026:14:11:17 +0000] "GET /whsy.php?e=timerslack_ns&p=%2Fproc%2F119 HTTP/2.0" 200 2005 "https://climateassettrade.com.lab2454.com/whsy.php?p=%2Fproc%2F119" "Mozilla/5.0 AppleWebKit/537.36 (KHTML, like Gecko; compatible; GPTBot/1.3; +https://openai.com/gptbot)"
74.7.243.226 - - [01/Mar/2026:14:11:22 +0000] "GET /whsy.php?e=cmdline&p=%2Fproc%2F31878 HTTP/2.0" 200 838 "https://www.climateassettrade.com.lab2454.com/whsy.php?p=%2Fproc%2F31878" "Mozilla/5.0 AppleWebKit/537.36 (KHTML, like Gecko; compatible; GPTBot/1.3; +https://openai.com/gptbot)"
74.7.175.129 - - [01/Mar/2026:14:11:23 +0000] "GET /robots.txt HTTP/2.0" 404 - "-" "Mozilla/5.0 (Macintosh; Intel Mac OS X 10_15_7) AppleWebKit/537.36 (KHTML, like Gecko) Chrome/131.0.0.0 Safari/537.36; compatible; OAI-SearchBot/1.3; robots.txt; +https://openai.com/searchbot"
74.7.243.224 - - [01/Mar/2026:14:11:28 +0000] "GET /whsy.php?e=timerslack_ns&p=%2Fproc%2F165 HTTP/2.0" 200 2005 "https://climateassettrade.com.lab2454.com/whsy.php?p=%2Fproc%2F165" "Mozilla/5.0 AppleWebKit/537.36 (KHTML, like Gecko; compatible; GPTBot/1.3; +https://openai.com/gptbot)"
74.7.243.226 - - [01/Mar/2026:14:11:37 +0000] "GET /whsy.php?e=cmdline&p=%2Fproc%2F15360 HTTP/2.0" 200 838 "https://www.climateassettrade.com.lab2454.com/whsy.php?p=%2Fproc%2F15360" "Mozilla/5.0 AppleWebKit/537.36 (KHTML, like Gecko; compatible; GPTBot/1.3; +https://openai.com/gptbot)"
74.7.243.224 - - [01/Mar/2026:14:11:42 +0000] "GET /whsy.php?e=timerslack_ns&p=%2Fproc%2F158 HTTP/2.0" 200 2005 "https://climateassettrade.com.lab2454.com/whsy.php?p=%2Fproc%2F158" "Mozilla/5.0 AppleWebKit/537.36 (KHTML, like Gecko; compatible; GPTBot/1.3; +https://openai.com/gptbot)"
74.7.243.226 - - [01/Mar/2026:14:11:47 +0000] "GET /whsy.php?e=cpuset&p=%2Fproc%2F20267 HTTP/2.0" 200 838 "https://www.climateassettrade.com.lab2454.com/whsy.php?p=%2Fproc%2F20267" "Mozilla/5.0 AppleWebKit/537.36 (KHTML, like Gecko; compatible; GPTBot/1.3; +https://openai.com/gptbot)"
74.7.243.224 - - [01/Mar/2026:14:11:53 +0000] "GET /whsy.php?e=timerslack_ns&p=%2Fproc%2F137 HTTP/2.0" 200 2005 "https://climateassettrade.com.lab2454.com/whsy.php?p=%2Fproc%2F137" "Mozilla/5.0 AppleWebKit/537.36 (KHTML, like Gecko; compatible; GPTBot/1.3; +https://openai.com/gptbot)"
