74.7.243.226 - - [01/Mar/2026:13:16:00 +0000] "GET /whsy.php?p=%2Fproc%2F31832%2Ftask HTTP/2.0" 200 838 "https://www.climateassettrade.com.lab2454.com/whsy.php?p=%2Fproc%2F31832" "Mozilla/5.0 AppleWebKit/537.36 (KHTML, like Gecko; compatible; GPTBot/1.3; +https://openai.com/gptbot)"
74.7.243.224 - - [01/Mar/2026:13:16:00 +0000] "GET /whsy.php?e=partscan&p=%2Fsys%2Fdevices%2Fvirtual%2Fblock%2Fram1 HTTP/2.0" 200 1312 "https://climateassettrade.com.lab2454.com/whsy.php?p=%2Fsys%2Fblock%2Fram1" "Mozilla/5.0 AppleWebKit/537.36 (KHTML, like Gecko; compatible; GPTBot/1.3; +https://openai.com/gptbot)"
74.7.243.226 - - [01/Mar/2026:13:16:04 +0000] "GET /whsy.php?p=%2Fproc%2F26186%2Ftask HTTP/2.0" 200 838 "https://www.climateassettrade.com.lab2454.com/whsy.php?p=%2Fproc%2F26186" "Mozilla/5.0 AppleWebKit/537.36 (KHTML, like Gecko; compatible; GPTBot/1.3; +https://openai.com/gptbot)"
74.7.243.224 - - [01/Mar/2026:13:16:05 +0000] "GET /whsy.php?e=removable&p=%2Fsys%2Fdevices%2Fvirtual%2Fblock%2Fram8 HTTP/2.0" 200 1312 "https://climateassettrade.com.lab2454.com/whsy.php?p=%2Fsys%2Fblock%2Fram8" "Mozilla/5.0 AppleWebKit/537.36 (KHTML, like Gecko; compatible; GPTBot/1.3; +https://openai.com/gptbot)"
74.7.243.226 - - [01/Mar/2026:13:16:11 +0000] "GET /whsy.php?e=mountstats&p=%2Fproc%2F22228 HTTP/2.0" 200 838 "https://www.climateassettrade.com.lab2454.com/whsy.php?p=%2Fproc%2F22228" "Mozilla/5.0 AppleWebKit/537.36 (KHTML, like Gecko; compatible; GPTBot/1.3; +https://openai.com/gptbot)"
74.7.243.224 - - [01/Mar/2026:13:16:11 +0000] "GET /whsy.php?e=partscan&p=%2Fsys%2Fdevices%2Fvirtual%2Fblock%2Fnbd3 HTTP/2.0" 200 1321 "https://climateassettrade.com.lab2454.com/whsy.php?p=%2Fsys%2Fblock%2Fnbd3" "Mozilla/5.0 AppleWebKit/537.36 (KHTML, like Gecko; compatible; GPTBot/1.3; +https://openai.com/gptbot)"
74.7.243.226 - - [01/Mar/2026:13:16:19 +0000] "GET /whsy.php?e=arch_status&p=%2Fproc%2F16769 HTTP/2.0" 200 2006 "https://www.climateassettrade.com.lab2454.com/whsy.php?p=%2Fproc%2F16769" "Mozilla/5.0 AppleWebKit/537.36 (KHTML, like Gecko; compatible; GPTBot/1.3; +https://openai.com/gptbot)"
74.7.243.224 - - [01/Mar/2026:13:16:19 +0000] "GET /whsy.php?e=partscan&p=%2Fsys%2Fdevices%2Fvirtual%2Fblock%2Fnbd7 HTTP/2.0" 200 1321 "https://climateassettrade.com.lab2454.com/whsy.php?p=%2Fsys%2Fblock%2Fnbd7" "Mozilla/5.0 AppleWebKit/537.36 (KHTML, like Gecko; compatible; GPTBot/1.3; +https://openai.com/gptbot)"
74.7.243.226 - - [01/Mar/2026:13:16:25 +0000] "GET /whsy.php?e=exec&p=%2Fproc%2F13854%2Fattr HTTP/2.0" 200 860 "https://www.climateassettrade.com.lab2454.com/whsy.php?p=%2Fproc%2F13854%2Fattr" "Mozilla/5.0 AppleWebKit/537.36 (KHTML, like Gecko; compatible; GPTBot/1.3; +https://openai.com/gptbot)"
74.7.243.224 - - [01/Mar/2026:13:16:26 +0000] "GET /whsy.php?e=removable&p=%2Fsys%2Fdevices%2Fvirtual%2Fblock%2Fnbd7 HTTP/2.0" 200 1321 "https://climateassettrade.com.lab2454.com/whsy.php?p=%2Fsys%2Fblock%2Fnbd7" "Mozilla/5.0 AppleWebKit/537.36 (KHTML, like Gecko; compatible; GPTBot/1.3; +https://openai.com/gptbot)"
74.7.243.226 - - [01/Mar/2026:13:16:31 +0000] "GET /whsy.php?e=prev&p=%2Fproc%2F13854%2Fattr HTTP/2.0" 200 859 "https://www.climateassettrade.com.lab2454.com/whsy.php?p=%2Fproc%2F13854%2Fattr" "Mozilla/5.0 AppleWebKit/537.36 (KHTML, like Gecko; compatible; GPTBot/1.3; +https://openai.com/gptbot)"
74.7.243.224 - - [01/Mar/2026:13:16:31 +0000] "GET /whsy.php?e=removable&p=%2Fsys%2Fdevices%2Fvirtual%2Fblock%2Fnbd6 HTTP/2.0" 200 1320 "https://climateassettrade.com.lab2454.com/whsy.php?p=%2Fsys%2Fblock%2Fnbd6" "Mozilla/5.0 AppleWebKit/537.36 (KHTML, like Gecko; compatible; GPTBot/1.3; +https://openai.com/gptbot)"
74.7.244.20 - - [01/Mar/2026:13:16:32 +0000] "GET /robots.txt HTTP/2.0" 404 - "-" "Mozilla/5.0 (Macintosh; Intel Mac OS X 10_15_7) AppleWebKit/537.36 (KHTML, like Gecko) Chrome/131.0.0.0 Safari/537.36; compatible; OAI-SearchBot/1.3; robots.txt; +https://openai.com/searchbot"
74.7.243.226 - - [01/Mar/2026:13:16:37 +0000] "GET /whsy.php?e=prev&p=%2Fproc%2F16769%2Fattr HTTP/2.0" 200 859 "https://www.climateassettrade.com.lab2454.com/whsy.php?p=%2Fproc%2F16769%2Fattr" "Mozilla/5.0 AppleWebKit/537.36 (KHTML, like Gecko; compatible; GPTBot/1.3; +https://openai.com/gptbot)"
74.7.243.224 - - [01/Mar/2026:13:16:38 +0000] "GET /whsy.php?e=removable&p=%2Fsys%2Fdevices%2Fvirtual%2Fblock%2Fnbd3 HTTP/2.0" 200 1320 "https://climateassettrade.com.lab2454.com/whsy.php?p=%2Fsys%2Fblock%2Fnbd3" "Mozilla/5.0 AppleWebKit/537.36 (KHTML, like Gecko; compatible; GPTBot/1.3; +https://openai.com/gptbot)"
74.7.243.226 - - [01/Mar/2026:13:16:43 +0000] "GET /whsy.php?e=exec&p=%2Fproc%2F16769%2Fattr HTTP/2.0" 200 860 "https://www.climateassettrade.com.lab2454.com/whsy.php?p=%2Fproc%2F16769%2Fattr" "Mozilla/5.0 AppleWebKit/537.36 (KHTML, like Gecko; compatible; GPTBot/1.3; +https://openai.com/gptbot)"
74.7.243.224 - - [01/Mar/2026:13:16:44 +0000] "GET /whsy.php?e=partscan&p=%2Fsys%2Fdevices%2Fvirtual%2Fblock%2Fnbd6 HTTP/2.0" 200 1321 "https://climateassettrade.com.lab2454.com/whsy.php?p=%2Fsys%2Fblock%2Fnbd6" "Mozilla/5.0 AppleWebKit/537.36 (KHTML, like Gecko; compatible; GPTBot/1.3; +https://openai.com/gptbot)"
74.7.243.226 - - [01/Mar/2026:13:16:55 +0000] "GET /whsy.php?e=ksm_stat&p=%2Fproc%2F32225 HTTP/2.0" 200 838 "https://www.climateassettrade.com.lab2454.com/whsy.php?p=%2Fproc%2F32225" "Mozilla/5.0 AppleWebKit/537.36 (KHTML, like Gecko; compatible; GPTBot/1.3; +https://openai.com/gptbot)"
74.7.243.224 - - [01/Mar/2026:13:16:55 +0000] "GET /whsy.php?e=partscan&p=%2Fsys%2Fdevices%2Fvirtual%2Fblock%2Fnbd4 HTTP/2.0" 200 1320 "https://climateassettrade.com.lab2454.com/whsy.php?p=%2Fsys%2Fblock%2Fnbd4" "Mozilla/5.0 AppleWebKit/537.36 (KHTML, like Gecko; compatible; GPTBot/1.3; +https://openai.com/gptbot)"
74.7.243.226 - - [01/Mar/2026:13:17:04 +0000] "GET /whsy.php?e=status&p=%2Fproc%2F26186 HTTP/2.0" 200 838 "https://www.climateassettrade.com.lab2454.com/whsy.php?p=%2Fproc%2F26186" "Mozilla/5.0 AppleWebKit/537.36 (KHTML, like Gecko; compatible; GPTBot/1.3; +https://openai.com/gptbot)"
74.7.243.224 - - [01/Mar/2026:13:17:05 +0000] "GET /whsy.php?e=removable&p=%2Fsys%2Fdevices%2Fvirtual%2Fblock%2Fram0 HTTP/2.0" 200 1312 "https://climateassettrade.com.lab2454.com/whsy.php?p=%2Fsys%2Fblock%2Fram0" "Mozilla/5.0 AppleWebKit/537.36 (KHTML, like Gecko; compatible; GPTBot/1.3; +https://openai.com/gptbot)"
74.7.243.226 - - [01/Mar/2026:13:17:13 +0000] "GET /whsy.php?e=pfkey&p=%2Fproc%2F16769%2Fnet HTTP/2.0" 200 2535 "https://www.climateassettrade.com.lab2454.com/whsy.php?p=%2Fproc%2F16769%2Fnet" "Mozilla/5.0 AppleWebKit/537.36 (KHTML, like Gecko; compatible; GPTBot/1.3; +https://openai.com/gptbot)"
74.7.243.224 - - [01/Mar/2026:13:17:13 +0000] "GET /whsy.php?e=removable&p=%2Fsys%2Fdevices%2Fvirtual%2Fblock%2Fram6 HTTP/2.0" 200 1313 "https://climateassettrade.com.lab2454.com/whsy.php?p=%2Fsys%2Fblock%2Fram6" "Mozilla/5.0 AppleWebKit/537.36 (KHTML, like Gecko; compatible; GPTBot/1.3; +https://openai.com/gptbot)"
74.7.243.226 - - [01/Mar/2026:13:17:19 +0000] "GET /whsy.php?e=route&p=%2Fproc%2F16769%2Fnet HTTP/2.0" 200 2637 "https://www.climateassettrade.com.lab2454.com/whsy.php?p=%2Fproc%2F16769%2Fnet" "Mozilla/5.0 AppleWebKit/537.36 (KHTML, like Gecko; compatible; GPTBot/1.3; +https://openai.com/gptbot)"
74.7.243.224 - - [01/Mar/2026:13:17:19 +0000] "GET /whsy.php?e=partscan&p=%2Fsys%2Fdevices%2Fvirtual%2Fblock%2Fnbd5 HTTP/2.0" 200 1321 "https://climateassettrade.com.lab2454.com/whsy.php?p=%2Fsys%2Fblock%2Fnbd5" "Mozilla/5.0 AppleWebKit/537.36 (KHTML, like Gecko; compatible; GPTBot/1.3; +https://openai.com/gptbot)"
74.7.243.226 - - [01/Mar/2026:13:17:26 +0000] "GET /whsy.php?e=igmp&p=%2Fproc%2F16769%2Fnet HTTP/2.0" 200 2592 "https://www.climateassettrade.com.lab2454.com/whsy.php?p=%2Fproc%2F16769%2Fnet" "Mozilla/5.0 AppleWebKit/537.36 (KHTML, like Gecko; compatible; GPTBot/1.3; +https://openai.com/gptbot)"
74.7.243.224 - - [01/Mar/2026:13:17:26 +0000] "GET /whsy.php?e=removable&p=%2Fsys%2Fdevices%2Fvirtual%2Fblock%2Fnbd8 HTTP/2.0" 200 1320 "https://climateassettrade.com.lab2454.com/whsy.php?p=%2Fsys%2Fblock%2Fnbd8" "Mozilla/5.0 AppleWebKit/537.36 (KHTML, like Gecko; compatible; GPTBot/1.3; +https://openai.com/gptbot)"
74.7.243.226 - - [01/Mar/2026:13:17:35 +0000] "GET /whsy.php?e=cpuset&p=%2Fproc%2F16769 HTTP/2.0" 200 2005 "https://www.climateassettrade.com.lab2454.com/whsy.php?p=%2Fproc%2F16769" "Mozilla/5.0 AppleWebKit/537.36 (KHTML, like Gecko; compatible; GPTBot/1.3; +https://openai.com/gptbot)"
74.7.243.224 - - [01/Mar/2026:13:17:35 +0000] "GET /whsy.php?e=tikilogo.png&p=%2Fvar%2Fsoftaculous%2Ftiki24%2Fimages HTTP/2.0" 200 763 "https://climateassettrade.com.lab2454.com/whsy.php?p=%2Fvar%2Fsoftaculous%2Ftiki24%2Fimages" "Mozilla/5.0 AppleWebKit/537.36 (KHTML, like Gecko; compatible; GPTBot/1.3; +https://openai.com/gptbot)"
74.7.243.226 - - [01/Mar/2026:13:17:48 +0000] "GET /whsy.php?e=status&p=%2Fproc%2F16213 HTTP/2.0" 200 838 "https://www.climateassettrade.com.lab2454.com/whsy.php?p=%2Fproc%2F16213" "Mozilla/5.0 AppleWebKit/537.36 (KHTML, like Gecko; compatible; GPTBot/1.3; +https://openai.com/gptbot)"
74.7.243.224 - - [01/Mar/2026:13:17:48 +0000] "GET /whsy.php?e=partscan&p=%2Fsys%2Fdevices%2Fvirtual%2Fblock%2Fnbd9 HTTP/2.0" 200 1321 "https://climateassettrade.com.lab2454.com/whsy.php?p=%2Fsys%2Fblock%2Fnbd9" "Mozilla/5.0 AppleWebKit/537.36 (KHTML, like Gecko; compatible; GPTBot/1.3; +https://openai.com/gptbot)"
74.7.243.224 - - [01/Mar/2026:13:17:56 +0000] "GET /whsy.php?e=partscan&p=%2Fsys%2Fdevices%2Fvirtual%2Fblock%2Fram0 HTTP/2.0" 200 1312 "https://climateassettrade.com.lab2454.com/whsy.php?p=%2Fsys%2Fblock%2Fram0" "Mozilla/5.0 AppleWebKit/537.36 (KHTML, like Gecko; compatible; GPTBot/1.3; +https://openai.com/gptbot)"
74.7.243.226 - - [01/Mar/2026:13:17:56 +0000] "GET /whsy.php?e=cgroup&p=%2Fproc%2F16769 HTTP/2.0" 200 2150 "https://www.climateassettrade.com.lab2454.com/whsy.php?p=%2Fproc%2F16769" "Mozilla/5.0 AppleWebKit/537.36 (KHTML, like Gecko; compatible; GPTBot/1.3; +https://openai.com/gptbot)"
74.7.243.224 - - [01/Mar/2026:13:18:03 +0000] "GET /whsy.php?e=partscan&p=%2Fsys%2Fdevices%2Fvirtual%2Fblock%2Fram5 HTTP/2.0" 200 1313 "https://climateassettrade.com.lab2454.com/whsy.php?p=%2Fsys%2Fblock%2Fram5" "Mozilla/5.0 AppleWebKit/537.36 (KHTML, like Gecko; compatible; GPTBot/1.3; +https://openai.com/gptbot)"
74.7.243.226 - - [01/Mar/2026:13:18:03 +0000] "GET /whsy.php?e=status&p=%2Fproc%2F31832 HTTP/2.0" 200 838 "https://www.climateassettrade.com.lab2454.com/whsy.php?p=%2Fproc%2F31832" "Mozilla/5.0 AppleWebKit/537.36 (KHTML, like Gecko; compatible; GPTBot/1.3; +https://openai.com/gptbot)"
74.7.243.224 - - [01/Mar/2026:13:18:08 +0000] "GET /whsy.php?e=partscan&p=%2Fsys%2Fdevices%2Fvirtual%2Fblock%2Fnbd8 HTTP/2.0" 200 1320 "https://climateassettrade.com.lab2454.com/whsy.php?p=%2Fsys%2Fblock%2Fnbd8" "Mozilla/5.0 AppleWebKit/537.36 (KHTML, like Gecko; compatible; GPTBot/1.3; +https://openai.com/gptbot)"
74.7.243.226 - - [01/Mar/2026:13:18:08 +0000] "GET /whsy.php?e=autogroup&p=%2Fproc%2F22228 HTTP/2.0" 200 838 "https://www.climateassettrade.com.lab2454.com/whsy.php?p=%2Fproc%2F22228" "Mozilla/5.0 AppleWebKit/537.36 (KHTML, like Gecko; compatible; GPTBot/1.3; +https://openai.com/gptbot)"
74.7.243.224 - - [01/Mar/2026:13:18:14 +0000] "GET /whsy.php?e=removable&p=%2Fsys%2Fdevices%2Fvirtual%2Fblock%2Fnbd4 HTTP/2.0" 200 1320 "https://climateassettrade.com.lab2454.com/whsy.php?p=%2Fsys%2Fblock%2Fnbd4" "Mozilla/5.0 AppleWebKit/537.36 (KHTML, like Gecko; compatible; GPTBot/1.3; +https://openai.com/gptbot)"
74.7.243.226 - - [01/Mar/2026:13:18:14 +0000] "GET /whsy.php?e=setgroups&p=%2Fproc%2F22228 HTTP/2.0" 200 838 "https://www.climateassettrade.com.lab2454.com/whsy.php?p=%2Fproc%2F22228" "Mozilla/5.0 AppleWebKit/537.36 (KHTML, like Gecko; compatible; GPTBot/1.3; +https://openai.com/gptbot)"
74.7.243.224 - - [01/Mar/2026:13:18:22 +0000] "GET /whsy.php?e=removable&p=%2Fsys%2Fdevices%2Fvirtual%2Fblock%2Fram7 HTTP/2.0" 200 1313 "https://climateassettrade.com.lab2454.com/whsy.php?p=%2Fsys%2Fblock%2Fram7" "Mozilla/5.0 AppleWebKit/537.36 (KHTML, like Gecko; compatible; GPTBot/1.3; +https://openai.com/gptbot)"
74.7.243.226 - - [01/Mar/2026:13:18:22 +0000] "GET /whsy.php?e=schedstat&p=%2Fproc%2F22228 HTTP/2.0" 200 838 "https://www.climateassettrade.com.lab2454.com/whsy.php?p=%2Fproc%2F22228" "Mozilla/5.0 AppleWebKit/537.36 (KHTML, like Gecko; compatible; GPTBot/1.3; +https://openai.com/gptbot)"
74.7.243.224 - - [01/Mar/2026:13:18:29 +0000] "GET /whsy.php?e=removable&p=%2Fsys%2Fdevices%2Fvirtual%2Fblock%2Fnbd9 HTTP/2.0" 200 1320 "https://climateassettrade.com.lab2454.com/whsy.php?p=%2Fsys%2Fblock%2Fnbd9" "Mozilla/5.0 AppleWebKit/537.36 (KHTML, like Gecko; compatible; GPTBot/1.3; +https://openai.com/gptbot)"
74.7.243.226 - - [01/Mar/2026:13:18:29 +0000] "GET /whsy.php?e=sessionid&p=%2Fproc%2F22228 HTTP/2.0" 200 838 "https://www.climateassettrade.com.lab2454.com/whsy.php?p=%2Fproc%2F22228" "Mozilla/5.0 AppleWebKit/537.36 (KHTML, like Gecko; compatible; GPTBot/1.3; +https://openai.com/gptbot)"
74.7.243.224 - - [01/Mar/2026:13:18:38 +0000] "GET /whsy.php?e=partscan&p=%2Fsys%2Fdevices%2Fvirtual%2Fblock%2Fram7 HTTP/2.0" 200 1313 "https://climateassettrade.com.lab2454.com/whsy.php?p=%2Fsys%2Fblock%2Fram7" "Mozilla/5.0 AppleWebKit/537.36 (KHTML, like Gecko; compatible; GPTBot/1.3; +https://openai.com/gptbot)"
74.7.243.226 - - [01/Mar/2026:13:18:38 +0000] "GET /whsy.php?e=mounts&p=%2Fproc%2F27000 HTTP/2.0" 200 838 "https://www.climateassettrade.com.lab2454.com/whsy.php?p=%2Fproc%2F27000" "Mozilla/5.0 AppleWebKit/537.36 (KHTML, like Gecko; compatible; GPTBot/1.3; +https://openai.com/gptbot)"
74.7.243.224 - - [01/Mar/2026:13:18:46 +0000] "GET /whsy.php?e=removable&p=%2Fsys%2Fdevices%2Fvirtual%2Fblock%2Fram4 HTTP/2.0" 200 1313 "https://climateassettrade.com.lab2454.com/whsy.php?p=%2Fsys%2Fblock%2Fram4" "Mozilla/5.0 AppleWebKit/537.36 (KHTML, like Gecko; compatible; GPTBot/1.3; +https://openai.com/gptbot)"
74.7.243.226 - - [01/Mar/2026:13:18:47 +0000] "GET /whsy.php?e=limits&p=%2Fproc%2F27000 HTTP/2.0" 200 838 "https://www.climateassettrade.com.lab2454.com/whsy.php?p=%2Fproc%2F27000" "Mozilla/5.0 AppleWebKit/537.36 (KHTML, like Gecko; compatible; GPTBot/1.3; +https://openai.com/gptbot)"
74.7.243.224 - - [01/Mar/2026:13:19:10 +0000] "GET /whsy.php?e=removable&p=%2Fsys%2Fdevices%2Fvirtual%2Fblock%2Fnbd5 HTTP/2.0" 200 1321 "https://climateassettrade.com.lab2454.com/whsy.php?p=%2Fsys%2Fblock%2Fnbd5" "Mozilla/5.0 AppleWebKit/537.36 (KHTML, like Gecko; compatible; GPTBot/1.3; +https://openai.com/gptbot)"
74.7.243.226 - - [01/Mar/2026:13:19:10 +0000] "GET /whsy.php?e=oom_score_adj&p=%2Fproc%2F22228 HTTP/2.0" 200 838 "https://www.climateassettrade.com.lab2454.com/whsy.php?p=%2Fproc%2F22228" "Mozilla/5.0 AppleWebKit/537.36 (KHTML, like Gecko; compatible; GPTBot/1.3; +https://openai.com/gptbot)"
74.7.243.224 - - [01/Mar/2026:13:19:20 +0000] "GET /whsy.php?e=bigreqsproto.h&p=%2Fusr%2Finclude%2FX11%2Fextensions HTTP/2.0" 200 4661 "https://climateassettrade.com.lab2454.com/whsy.php?p=%2Fusr%2Finclude%2FX11%2Fextensions" "Mozilla/5.0 AppleWebKit/537.36 (KHTML, like Gecko; compatible; GPTBot/1.3; +https://openai.com/gptbot)"
74.7.243.226 - - [01/Mar/2026:13:19:20 +0000] "GET /whsy.php?e=arch_status&p=%2Fproc%2F13854 HTTP/2.0" 200 2006 "https://www.climateassettrade.com.lab2454.com/whsy.php?p=%2Fproc%2F13854" "Mozilla/5.0 AppleWebKit/537.36 (KHTML, like Gecko; compatible; GPTBot/1.3; +https://openai.com/gptbot)"
74.7.243.224 - - [01/Mar/2026:13:19:30 +0000] "GET /whsy.php?e=removable&p=%2Fsys%2Fdevices%2Fvirtual%2Fblock%2Fram3 HTTP/2.0" 200 1313 "https://climateassettrade.com.lab2454.com/whsy.php?p=%2Fsys%2Fblock%2Fram3" "Mozilla/5.0 AppleWebKit/537.36 (KHTML, like Gecko; compatible; GPTBot/1.3; +https://openai.com/gptbot)"
74.7.243.226 - - [01/Mar/2026:13:19:30 +0000] "GET /whsy.php?e=numa_maps&p=%2Fproc%2F26186 HTTP/2.0" 200 838 "https://www.climateassettrade.com.lab2454.com/whsy.php?p=%2Fproc%2F26186" "Mozilla/5.0 AppleWebKit/537.36 (KHTML, like Gecko; compatible; GPTBot/1.3; +https://openai.com/gptbot)"
74.7.243.224 - - [01/Mar/2026:13:19:43 +0000] "GET /whsy.php?e=removable&p=%2Fsys%2Fdevices%2Fvirtual%2Fblock%2Fram5 HTTP/2.0" 200 1313 "https://climateassettrade.com.lab2454.com/whsy.php?p=%2Fsys%2Fblock%2Fram5" "Mozilla/5.0 AppleWebKit/537.36 (KHTML, like Gecko; compatible; GPTBot/1.3; +https://openai.com/gptbot)"
74.7.243.226 - - [01/Mar/2026:13:19:43 +0000] "GET /whsy.php?e=numa_maps&p=%2Fproc%2F31832 HTTP/2.0" 200 838 "https://www.climateassettrade.com.lab2454.com/whsy.php?p=%2Fproc%2F31832" "Mozilla/5.0 AppleWebKit/537.36 (KHTML, like Gecko; compatible; GPTBot/1.3; +https://openai.com/gptbot)"
74.7.243.224 - - [01/Mar/2026:13:19:54 +0000] "GET /whsy.php?e=inflight&p=%2Fsys%2Fdevices%2Fvirtual%2Fblock%2Fnbd2 HTTP/2.0" 200 1326 "https://climateassettrade.com.lab2454.com/whsy.php?p=%2Fsys%2Fblock%2Fnbd2" "Mozilla/5.0 AppleWebKit/537.36 (KHTML, like Gecko; compatible; GPTBot/1.3; +https://openai.com/gptbot)"
74.7.243.226 - - [01/Mar/2026:13:19:54 +0000] "GET /whsy.php?e=numa_maps&p=%2Fproc%2F16213 HTTP/2.0" 200 838 "https://www.climateassettrade.com.lab2454.com/whsy.php?p=%2Fproc%2F16213" "Mozilla/5.0 AppleWebKit/537.36 (KHTML, like Gecko; compatible; GPTBot/1.3; +https://openai.com/gptbot)"
74.7.243.226 - - [01/Mar/2026:13:19:59 +0000] "GET /whsy.php?e=oom_score&p=%2Fproc%2F13854 HTTP/2.0" 200 2008 "https://www.climateassettrade.com.lab2454.com/whsy.php?p=%2Fproc%2F13854" "Mozilla/5.0 AppleWebKit/537.36 (KHTML, like Gecko; compatible; GPTBot/1.3; +https://openai.com/gptbot)"
74.7.243.224 - - [01/Mar/2026:13:20:00 +0000] "GET /whsy.php?e=partscan&p=%2Fsys%2Fdevices%2Fvirtual%2Fblock%2Fram6 HTTP/2.0" 200 1312 "https://climateassettrade.com.lab2454.com/whsy.php?p=%2Fsys%2Fblock%2Fram6" "Mozilla/5.0 AppleWebKit/537.36 (KHTML, like Gecko; compatible; GPTBot/1.3; +https://openai.com/gptbot)"
74.7.243.226 - - [01/Mar/2026:13:20:14 +0000] "GET /whsy.php?e=snmp&p=%2Fproc%2F16769%2Fnet HTTP/2.0" 200 3225 "https://www.climateassettrade.com.lab2454.com/whsy.php?p=%2Fproc%2F16769%2Fnet" "Mozilla/5.0 AppleWebKit/537.36 (KHTML, like Gecko; compatible; GPTBot/1.3; +https://openai.com/gptbot)"
74.7.243.224 - - [01/Mar/2026:13:20:14 +0000] "GET /whsy.php?e=panoramiXext.h&p=%2Fusr%2Finclude%2FX11%2Fextensions HTTP/2.0" 200 4941 "https://climateassettrade.com.lab2454.com/whsy.php?p=%2Fusr%2Finclude%2FX11%2Fextensions" "Mozilla/5.0 AppleWebKit/537.36 (KHTML, like Gecko; compatible; GPTBot/1.3; +https://openai.com/gptbot)"
74.7.243.226 - - [01/Mar/2026:13:20:24 +0000] "GET /whsy.php?p=%2Fproc%2F13854%2Fnet HTTP/2.0" 200 2442 "https://www.climateassettrade.com.lab2454.com/whsy.php?p=%2Fproc%2F13854" "Mozilla/5.0 AppleWebKit/537.36 (KHTML, like Gecko; compatible; GPTBot/1.3; +https://openai.com/gptbot)"
74.7.243.224 - - [01/Mar/2026:13:20:25 +0000] "GET /whsy.php?e=partscan&p=%2Fsys%2Fdevices%2Fvirtual%2Fblock%2Fram4 HTTP/2.0" 200 1312 "https://climateassettrade.com.lab2454.com/whsy.php?p=%2Fsys%2Fblock%2Fram4" "Mozilla/5.0 AppleWebKit/537.36 (KHTML, like Gecko; compatible; GPTBot/1.3; +https://openai.com/gptbot)"
74.7.243.226 - - [01/Mar/2026:13:20:33 +0000] "GET /whsy.php?p=%2Fproc%2F13854%2Ftask HTTP/2.0" 200 490 "https://www.climateassettrade.com.lab2454.com/whsy.php?p=%2Fproc%2F13854" "Mozilla/5.0 AppleWebKit/537.36 (KHTML, like Gecko; compatible; GPTBot/1.3; +https://openai.com/gptbot)"
74.7.243.224 - - [01/Mar/2026:13:20:34 +0000] "GET /whsy.php?e=removable&p=%2Fsys%2Fdevices%2Fvirtual%2Fblock%2Fram9 HTTP/2.0" 200 1313 "https://climateassettrade.com.lab2454.com/whsy.php?p=%2Fsys%2Fblock%2Fram9" "Mozilla/5.0 AppleWebKit/537.36 (KHTML, like Gecko; compatible; GPTBot/1.3; +https://openai.com/gptbot)"
74.7.243.226 - - [01/Mar/2026:13:20:42 +0000] "GET /whsy.php?e=unix&p=%2Fproc%2F16769%2Fnet HTTP/2.0" 200 5037 "https://www.climateassettrade.com.lab2454.com/whsy.php?p=%2Fproc%2F16769%2Fnet" "Mozilla/5.0 AppleWebKit/537.36 (KHTML, like Gecko; compatible; GPTBot/1.3; +https://openai.com/gptbot)"
74.7.243.224 - - [01/Mar/2026:13:20:42 +0000] "GET /whsy.php?e=partscan&p=%2Fsys%2Fdevices%2Fvirtual%2Fblock%2Fnbd1 HTTP/2.0" 200 1320 "https://climateassettrade.com.lab2454.com/whsy.php?p=%2Fsys%2Fblock%2Fnbd1" "Mozilla/5.0 AppleWebKit/537.36 (KHTML, like Gecko; compatible; GPTBot/1.3; +https://openai.com/gptbot)"
74.7.243.226 - - [01/Mar/2026:13:20:59 +0000] "GET /whsy.php?e=oom_score&p=%2Fproc%2F16769 HTTP/2.0" 200 2006 "https://www.climateassettrade.com.lab2454.com/whsy.php?p=%2Fproc%2F16769" "Mozilla/5.0 AppleWebKit/537.36 (KHTML, like Gecko; compatible; GPTBot/1.3; +https://openai.com/gptbot)"
74.7.243.224 - - [01/Mar/2026:13:21:00 +0000] "GET /whsy.php?e=removable&p=%2Fsys%2Fdevices%2Fvirtual%2Fblock%2Fnbd0 HTTP/2.0" 200 1320 "https://climateassettrade.com.lab2454.com/whsy.php?p=%2Fsys%2Fblock%2Fnbd0" "Mozilla/5.0 AppleWebKit/537.36 (KHTML, like Gecko; compatible; GPTBot/1.3; +https://openai.com/gptbot)"
74.7.243.226 - - [01/Mar/2026:13:21:17 +0000] "GET /whsy.php?e=arp&p=%2Fproc%2F16769%2Fnet HTTP/2.0" 200 2580 "https://www.climateassettrade.com.lab2454.com/whsy.php?p=%2Fproc%2F16769%2Fnet" "Mozilla/5.0 AppleWebKit/537.36 (KHTML, like Gecko; compatible; GPTBot/1.3; +https://openai.com/gptbot)"
74.7.243.224 - - [01/Mar/2026:13:21:17 +0000] "GET /whsy.php?e=partscan&p=%2Fsys%2Fdevices%2Fvirtual%2Fblock%2Fnbd0 HTTP/2.0" 200 1320 "https://climateassettrade.com.lab2454.com/whsy.php?p=%2Fsys%2Fblock%2Fnbd0" "Mozilla/5.0 AppleWebKit/537.36 (KHTML, like Gecko; compatible; GPTBot/1.3; +https://openai.com/gptbot)"
74.7.243.224 - - [01/Mar/2026:13:21:31 +0000] "GET /whsy.php?e=partscan&p=%2Fsys%2Fdevices%2Fvirtual%2Fblock%2Fram3 HTTP/2.0" 200 1312 "https://climateassettrade.com.lab2454.com/whsy.php?p=%2Fsys%2Fblock%2Fram3" "Mozilla/5.0 AppleWebKit/537.36 (KHTML, like Gecko; compatible; GPTBot/1.3; +https://openai.com/gptbot)"
74.7.243.226 - - [01/Mar/2026:13:21:30 +0000] "GET /whsy.php?e=cmdline&p=%2Fproc%2F22228 HTTP/2.0" 200 838 "https://www.climateassettrade.com.lab2454.com/whsy.php?p=%2Fproc%2F22228" "Mozilla/5.0 AppleWebKit/537.36 (KHTML, like Gecko; compatible; GPTBot/1.3; +https://openai.com/gptbot)"
74.7.243.226 - - [01/Mar/2026:13:21:47 +0000] "GET /whsy.php?e=numa_maps&p=%2Fproc%2F27000 HTTP/2.0" 200 838 "https://www.climateassettrade.com.lab2454.com/whsy.php?p=%2Fproc%2F27000" "Mozilla/5.0 AppleWebKit/537.36 (KHTML, like Gecko; compatible; GPTBot/1.3; +https://openai.com/gptbot)"
74.7.243.224 - - [01/Mar/2026:13:21:48 +0000] "GET /whsy.php?e=removable&p=%2Fsys%2Fdevices%2Fvirtual%2Fblock%2Fnbd1 HTTP/2.0" 200 1320 "https://climateassettrade.com.lab2454.com/whsy.php?p=%2Fsys%2Fblock%2Fnbd1" "Mozilla/5.0 AppleWebKit/537.36 (KHTML, like Gecko; compatible; GPTBot/1.3; +https://openai.com/gptbot)"
74.7.244.20 - - [01/Mar/2026:13:21:48 +0000] "GET /robots.txt HTTP/2.0" 404 - "-" "Mozilla/5.0 (Macintosh; Intel Mac OS X 10_15_7) AppleWebKit/537.36 (KHTML, like Gecko) Chrome/131.0.0.0 Safari/537.36; compatible; OAI-SearchBot/1.3; robots.txt; +https://openai.com/searchbot"
74.7.243.226 - - [01/Mar/2026:13:22:09 +0000] "GET /whsy.php?e=comm&p=%2Fproc%2F22228 HTTP/2.0" 200 838 "https://www.climateassettrade.com.lab2454.com/whsy.php?p=%2Fproc%2F22228" "Mozilla/5.0 AppleWebKit/537.36 (KHTML, like Gecko; compatible; GPTBot/1.3; +https://openai.com/gptbot)"
74.7.243.224 - - [01/Mar/2026:13:22:09 +0000] "GET /whsy.php?e=button-dropbox.php&p=%2Fhome%2Flab2454c%2Fadenbic.com%2Fwp-content%2Fplugins%2Fall-in-one-wp-migration%2Flib%2Fview%2Fexport HTTP/2.0" 200 2228 "https://climateassettrade.com.lab2454.com/whsy.php?p=%2Fhome%2Flab2454c%2Fadenbic.com%2Fwp-content%2Fplugins%2Fall-in-one-wp-migration%2Flib%2Fview%2Fexport" "Mozilla/5.0 AppleWebKit/537.36 (KHTML, like Gecko; compatible; GPTBot/1.3; +https://openai.com/gptbot)"
74.7.243.226 - - [01/Mar/2026:13:22:25 +0000] "GET /whsy.php?e=maps&p=%2Fproc%2F22228 HTTP/2.0" 200 838 "https://www.climateassettrade.com.lab2454.com/whsy.php?p=%2Fproc%2F22228" "Mozilla/5.0 AppleWebKit/537.36 (KHTML, like Gecko; compatible; GPTBot/1.3; +https://openai.com/gptbot)"
74.7.243.224 - - [01/Mar/2026:13:22:25 +0000] "GET /whsy.php?e=handle&p=%2Fsys%2Ffirmware%2Fdmi%2Fentries%2F16-0 HTTP/2.0" 200 817 "https://climateassettrade.com.lab2454.com/whsy.php?p=%2Fsys%2Ffirmware%2Fdmi%2Fentries%2F16-0" "Mozilla/5.0 AppleWebKit/537.36 (KHTML, like Gecko; compatible; GPTBot/1.3; +https://openai.com/gptbot)"
74.7.243.226 - - [01/Mar/2026:13:22:40 +0000] "GET /whsy.php?e=stat&p=%2Fproc%2F22228 HTTP/2.0" 200 838 "https://www.climateassettrade.com.lab2454.com/whsy.php?p=%2Fproc%2F22228" "Mozilla/5.0 AppleWebKit/537.36 (KHTML, like Gecko; compatible; GPTBot/1.3; +https://openai.com/gptbot)"
74.7.243.224 - - [01/Mar/2026:13:22:40 +0000] "GET /whsy.php?e=length&p=%2Fsys%2Ffirmware%2Fdmi%2Fentries%2F19-1 HTTP/2.0" 200 817 "https://climateassettrade.com.lab2454.com/whsy.php?p=%2Fsys%2Ffirmware%2Fdmi%2Fentries%2F19-1" "Mozilla/5.0 AppleWebKit/537.36 (KHTML, like Gecko; compatible; GPTBot/1.3; +https://openai.com/gptbot)"
74.7.243.226 - - [01/Mar/2026:13:22:53 +0000] "GET /whsy.php?e=root&p=%2Fproc%2F22228 HTTP/2.0" 200 838 "https://www.climateassettrade.com.lab2454.com/whsy.php?p=%2Fproc%2F22228" "Mozilla/5.0 AppleWebKit/537.36 (KHTML, like Gecko; compatible; GPTBot/1.3; +https://openai.com/gptbot)"
74.7.243.224 - - [01/Mar/2026:13:22:54 +0000] "GET /whsy.php?e=uevent&p=%2Fsys%2Fdevices%2Fvirtual%2Fbdi%2F1%3A2 HTTP/2.0" 200 1038 "https://climateassettrade.com.lab2454.com/whsy.php?p=%2Fsys%2Fdevices%2Fvirtual%2Fbdi%2F1%3A2" "Mozilla/5.0 AppleWebKit/537.36 (KHTML, like Gecko; compatible; GPTBot/1.3; +https://openai.com/gptbot)"
74.7.243.226 - - [01/Mar/2026:13:23:10 +0000] "GET /whsy.php?e=route&p=%2Fproc%2F13854%2Fnet HTTP/2.0" 200 838 "https://www.climateassettrade.com.lab2454.com/whsy.php?p=%2Fproc%2F13854%2Fnet" "Mozilla/5.0 AppleWebKit/537.36 (KHTML, like Gecko; compatible; GPTBot/1.3; +https://openai.com/gptbot)"
74.7.243.224 - - [01/Mar/2026:13:23:11 +0000] "GET /whsy.php?e=handle&p=%2Fsys%2Ffirmware%2Fdmi%2Fentries%2F17-0 HTTP/2.0" 200 817 "https://climateassettrade.com.lab2454.com/whsy.php?p=%2Fsys%2Ffirmware%2Fdmi%2Fentries%2F17-0" "Mozilla/5.0 AppleWebKit/537.36 (KHTML, like Gecko; compatible; GPTBot/1.3; +https://openai.com/gptbot)"
74.7.243.226 - - [01/Mar/2026:13:23:23 +0000] "GET /whsy.php?e=pfkey&p=%2Fproc%2F13854%2Fnet HTTP/2.0" 200 838 "https://www.climateassettrade.com.lab2454.com/whsy.php?p=%2Fproc%2F13854%2Fnet" "Mozilla/5.0 AppleWebKit/537.36 (KHTML, like Gecko; compatible; GPTBot/1.3; +https://openai.com/gptbot)"
74.7.243.224 - - [01/Mar/2026:13:23:23 +0000] "GET /whsy.php?e=handle&p=%2Fsys%2Ffirmware%2Fdmi%2Fentries%2F19-0 HTTP/2.0" 200 817 "https://climateassettrade.com.lab2454.com/whsy.php?p=%2Fsys%2Ffirmware%2Fdmi%2Fentries%2F19-0" "Mozilla/5.0 AppleWebKit/537.36 (KHTML, like Gecko; compatible; GPTBot/1.3; +https://openai.com/gptbot)"
74.7.243.226 - - [01/Mar/2026:13:23:46 +0000] "GET /whsy.php?e=icmp&p=%2Fproc%2F13854%2Fnet HTTP/2.0" 200 838 "https://www.climateassettrade.com.lab2454.com/whsy.php?p=%2Fproc%2F13854%2Fnet" "Mozilla/5.0 AppleWebKit/537.36 (KHTML, like Gecko; compatible; GPTBot/1.3; +https://openai.com/gptbot)"
74.7.243.224 - - [01/Mar/2026:13:23:46 +0000] "GET /whsy.php?e=Compose&p=%2Fusr%2Fshare%2FX11%2Flocale%2Fkoi8-r HTTP/2.0" 200 998 "https://climateassettrade.com.lab2454.com/whsy.php?p=%2Fusr%2Fshare%2FX11%2Flocale%2Fkoi8-r" "Mozilla/5.0 AppleWebKit/537.36 (KHTML, like Gecko; compatible; GPTBot/1.3; +https://openai.com/gptbot)"
74.7.243.226 - - [01/Mar/2026:13:23:55 +0000] "GET /whsy.php?e=udp&p=%2Fproc%2F13854%2Fnet HTTP/2.0" 200 838 "https://www.climateassettrade.com.lab2454.com/whsy.php?p=%2Fproc%2F13854%2Fnet" "Mozilla/5.0 AppleWebKit/537.36 (KHTML, like Gecko; compatible; GPTBot/1.3; +https://openai.com/gptbot)"
74.7.243.224 - - [01/Mar/2026:13:23:55 +0000] "GET /whsy.php?e=feed-rss2-comments.php&p=%2Fhome%2Flab2454c%2Fclimatefinancebank.com%2Fwp-includes HTTP/2.0" 200 9950 "https://climateassettrade.com.lab2454.com/whsy.php?p=%2Fhome%2Flab2454c%2Fclimatefinancebank.com%2Fwp-includes" "Mozilla/5.0 AppleWebKit/537.36 (KHTML, like Gecko; compatible; GPTBot/1.3; +https://openai.com/gptbot)"
74.7.243.226 - - [01/Mar/2026:13:24:01 +0000] "GET /whsy.php?e=unix&p=%2Fproc%2F13854%2Fnet HTTP/2.0" 200 838 "https://www.climateassettrade.com.lab2454.com/whsy.php?p=%2Fproc%2F13854%2Fnet" "Mozilla/5.0 AppleWebKit/537.36 (KHTML, like Gecko; compatible; GPTBot/1.3; +https://openai.com/gptbot)"
74.7.243.224 - - [01/Mar/2026:13:24:01 +0000] "GET /whsy.php?e=mCSB_buttons.png&p=%2Fhome%2Flab2454c%2Fgemition.com%2Fwp-content%2Fplugins%2Fwoocommerce-ajax-filters%2Fassets%2Ffrontend%2Fcss HTTP/2.0" 200 1145 "https://climateassettrade.com.lab2454.com/whsy.php?p=%2Fhome%2Flab2454c%2Fgemition.com%2Fwp-content%2Fplugins%2Fwoocommerce-ajax-filters%2Fassets%2Ffrontend%2Fcss" "Mozilla/5.0 AppleWebKit/537.36 (KHTML, like Gecko; compatible; GPTBot/1.3; +https://openai.com/gptbot)"
74.7.243.226 - - [01/Mar/2026:13:24:08 +0000] "GET /whsy.php?e=igmp&p=%2Fproc%2F13854%2Fnet HTTP/2.0" 200 838 "https://www.climateassettrade.com.lab2454.com/whsy.php?p=%2Fproc%2F13854%2Fnet" "Mozilla/5.0 AppleWebKit/537.36 (KHTML, like Gecko; compatible; GPTBot/1.3; +https://openai.com/gptbot)"
74.7.243.224 - - [01/Mar/2026:13:24:08 +0000] "GET /whsy.php?e=template-functions.php&p=%2Fhome%2Flab2454c%2Ffinancial.datmont.com%2Fwp-content%2Fthemes%2Ftwentytwentyone%2Finc HTTP/2.0" 200 5840 "https://climateassettrade.com.lab2454.com/whsy.php?p=%2Fhome%2Flab2454c%2Ffinancial.datmont.com%2Fwp-content%2Fthemes%2Ftwentytwentyone%2Finc" "Mozilla/5.0 AppleWebKit/537.36 (KHTML, like Gecko; compatible; GPTBot/1.3; +https://openai.com/gptbot)"
74.7.243.226 - - [01/Mar/2026:13:24:21 +0000] "GET /whsy.php?e=tcp&p=%2Fproc%2F13854%2Fnet HTTP/2.0" 200 838 "https://www.climateassettrade.com.lab2454.com/whsy.php?p=%2Fproc%2F13854%2Fnet" "Mozilla/5.0 AppleWebKit/537.36 (KHTML, like Gecko; compatible; GPTBot/1.3; +https://openai.com/gptbot)"
74.7.243.224 - - [01/Mar/2026:13:24:21 +0000] "GET /whsy.php?e=footer-widgets.php&p=%2Fhome%2Flab2454c%2Fnetxzero.com%2Fwp-content%2Fthemes%2Ftwentytwentyone%2Ftemplate-parts%2Ffooter HTTP/2.0" 200 979 "https://climateassettrade.com.lab2454.com/whsy.php?p=%2Fhome%2Flab2454c%2Fnetxzero.com%2Fwp-content%2Fthemes%2Ftwentytwentyone%2Ftemplate-parts%2Ffooter" "Mozilla/5.0 AppleWebKit/537.36 (KHTML, like Gecko; compatible; GPTBot/1.3; +https://openai.com/gptbot)"
74.7.243.226 - - [01/Mar/2026:13:24:28 +0000] "GET /whsy.php?e=auxv&p=%2Fproc%2F22228 HTTP/2.0" 200 838 "https://www.climateassettrade.com.lab2454.com/whsy.php?p=%2Fproc%2F22228" "Mozilla/5.0 AppleWebKit/537.36 (KHTML, like Gecko; compatible; GPTBot/1.3; +https://openai.com/gptbot)"
74.7.243.224 - - [01/Mar/2026:13:24:28 +0000] "GET /whsy.php?p=%2Fopt%2Falt%2Fpython38%2Fshare%2Fdoc%2Falt-python38-setuptools-57.4.0%2F.. HTTP/2.0" 200 1019 "https://climateassettrade.com.lab2454.com/whsy.php?p=%2Fopt%2Falt%2Fpython38%2Fshare%2Fdoc%2Falt-python38-setuptools-57.4.0" "Mozilla/5.0 AppleWebKit/537.36 (KHTML, like Gecko; compatible; GPTBot/1.3; +https://openai.com/gptbot)"
74.7.243.226 - - [01/Mar/2026:13:24:35 +0000] "GET /whsy.php?e=ptype&p=%2Fproc%2F16769%2Fnet HTTP/2.0" 200 2617 "https://www.climateassettrade.com.lab2454.com/whsy.php?p=%2Fproc%2F16769%2Fnet" "Mozilla/5.0 AppleWebKit/537.36 (KHTML, like Gecko; compatible; GPTBot/1.3; +https://openai.com/gptbot)"
74.7.243.224 - - [01/Mar/2026:13:24:35 +0000] "GET /whsy.php?p=%2Fusr%2Fshare%2Fzoneinfo%2Fposix%2FAmerica%2FNorth_Dakota HTTP/2.0" 200 772 "https://climateassettrade.com.lab2454.com/whsy.php?p=%2Fusr%2Fshare%2Fzoneinfo%2Fposix%2FAmerica" "Mozilla/5.0 AppleWebKit/537.36 (KHTML, like Gecko; compatible; GPTBot/1.3; +https://openai.com/gptbot)"
74.7.243.226 - - [01/Mar/2026:13:24:42 +0000] "GET /whsy.php?e=pppoe&p=%2Fproc%2F16769%2Fnet HTTP/2.0" 200 2524 "https://www.climateassettrade.com.lab2454.com/whsy.php?p=%2Fproc%2F16769%2Fnet" "Mozilla/5.0 AppleWebKit/537.36 (KHTML, like Gecko; compatible; GPTBot/1.3; +https://openai.com/gptbot)"
74.7.243.224 - - [01/Mar/2026:13:24:42 +0000] "GET /whsy.php?e=CHANGES.md&p=%2Fusr%2Flib%2Fnode_modules%2Fnpm%2Fnode_modules%2Fasap HTTP/2.0" 200 2196 "https://climateassettrade.com.lab2454.com/whsy.php?p=%2Fusr%2Flib%2Fnode_modules%2Fnpm%2Fnode_modules%2Fasap" "Mozilla/5.0 AppleWebKit/537.36 (KHTML, like Gecko; compatible; GPTBot/1.3; +https://openai.com/gptbot)"
74.7.243.226 - - [01/Mar/2026:13:24:49 +0000] "GET /whsy.php?e=arch_status&p=%2Fproc%2F26186 HTTP/2.0" 200 838 "https://www.climateassettrade.com.lab2454.com/whsy.php?p=%2Fproc%2F26186" "Mozilla/5.0 AppleWebKit/537.36 (KHTML, like Gecko; compatible; GPTBot/1.3; +https://openai.com/gptbot)"
74.7.243.224 - - [01/Mar/2026:13:24:49 +0000] "GET /whsy.php?e=README.md&p=%2Fusr%2Flib%2Fnode_modules%2Fnpm%2Fnode_modules%2Fnopt HTTP/2.0" 200 4025 "https://climateassettrade.com.lab2454.com/whsy.php?p=%2Fusr%2Flib%2Fnode_modules%2Fnpm%2Fnode_modules%2Fnopt" "Mozilla/5.0 AppleWebKit/537.36 (KHTML, like Gecko; compatible; GPTBot/1.3; +https://openai.com/gptbot)"
74.7.243.226 - - [01/Mar/2026:13:24:57 +0000] "GET /whsy.php?e=arch_status&p=%2Fproc%2F31832 HTTP/2.0" 200 838 "https://www.climateassettrade.com.lab2454.com/whsy.php?p=%2Fproc%2F31832" "Mozilla/5.0 AppleWebKit/537.36 (KHTML, like Gecko; compatible; GPTBot/1.3; +https://openai.com/gptbot)"
74.7.243.224 - - [01/Mar/2026:13:24:57 +0000] "GET /whsy.php?e=README.md&p=%2Fusr%2Flib%2Fnode_modules%2Fnpm%2Fnode_modules%2Fwhich HTTP/2.0" 200 1562 "https://climateassettrade.com.lab2454.com/whsy.php?p=%2Fusr%2Flib%2Fnode_modules%2Fnpm%2Fnode_modules%2Fwhich" "Mozilla/5.0 AppleWebKit/537.36 (KHTML, like Gecko; compatible; GPTBot/1.3; +https://openai.com/gptbot)"
74.7.243.226 - - [01/Mar/2026:13:25:05 +0000] "GET /whsy.php?e=arch_status&p=%2Fproc%2F16213 HTTP/2.0" 200 838 "https://www.climateassettrade.com.lab2454.com/whsy.php?p=%2Fproc%2F16213" "Mozilla/5.0 AppleWebKit/537.36 (KHTML, like Gecko; compatible; GPTBot/1.3; +https://openai.com/gptbot)"
74.7.243.224 - - [01/Mar/2026:13:25:05 +0000] "GET /whsy.php?e=LICENSE.md&p=%2Fusr%2Flib%2Fnode_modules%2Fnpm%2Fnode_modules%2Fssri HTTP/2.0" 200 1288 "https://climateassettrade.com.lab2454.com/whsy.php?p=%2Fusr%2Flib%2Fnode_modules%2Fnpm%2Fnode_modules%2Fssri" "Mozilla/5.0 AppleWebKit/537.36 (KHTML, like Gecko; compatible; GPTBot/1.3; +https://openai.com/gptbot)"
74.7.243.226 - - [01/Mar/2026:13:25:13 +0000] "GET /whsy.php?e=pppoe&p=%2Fproc%2F13854%2Fnet HTTP/2.0" 200 838 "https://www.climateassettrade.com.lab2454.com/whsy.php?p=%2Fproc%2F13854%2Fnet" "Mozilla/5.0 AppleWebKit/537.36 (KHTML, like Gecko; compatible; GPTBot/1.3; +https://openai.com/gptbot)"
74.7.243.224 - - [01/Mar/2026:13:25:13 +0000] "GET /whsy.php?e=LICENSE.md&p=%2Fusr%2Flib%2Fnode_modules%2Fnpm%2Fnode_modules%2Fasap HTTP/2.0" 200 1603 "https://climateassettrade.com.lab2454.com/whsy.php?p=%2Fusr%2Flib%2Fnode_modules%2Fnpm%2Fnode_modules%2Fasap" "Mozilla/5.0 AppleWebKit/537.36 (KHTML, like Gecko; compatible; GPTBot/1.3; +https://openai.com/gptbot)"
74.7.243.226 - - [01/Mar/2026:13:25:26 +0000] "GET /whsy.php?e=snmp&p=%2Fproc%2F13854%2Fnet HTTP/2.0" 200 838 "https://www.climateassettrade.com.lab2454.com/whsy.php?p=%2Fproc%2F13854%2Fnet" "Mozilla/5.0 AppleWebKit/537.36 (KHTML, like Gecko; compatible; GPTBot/1.3; +https://openai.com/gptbot)"
74.7.243.224 - - [01/Mar/2026:13:25:26 +0000] "GET /whsy.php?p=%2Fhome%2Flab2454c%2Fsothebry.softkinesis.com%2Fbackups%2Fbackup-before-html-changes%2Fcore%2Fvendor%2Frmccue%2Frequests%2Flibrary%2FRequests%2FException%2FHTTP%2F.. HTTP/2.0" 200 859 "https://climateassettrade.com.lab2454.com/whsy.php?p=%2Fhome%2Flab2454c%2Fsothebry.softkinesis.com%2Fbackups%2Fbackup-before-html-changes%2Fcore%2Fvendor%2Frmccue%2Frequests%2Flibrary%2FRequests%2FException%2FHTTP" "Mozilla/5.0 AppleWebKit/537.36 (KHTML, like Gecko; compatible; GPTBot/1.3; +https://openai.com/gptbot)"
74.7.243.226 - - [01/Mar/2026:13:25:39 +0000] "GET /whsy.php?e=icmp&p=%2Fproc%2F16769%2Fnet HTTP/2.0" 200 2581 "https://www.climateassettrade.com.lab2454.com/whsy.php?p=%2Fproc%2F16769%2Fnet" "Mozilla/5.0 AppleWebKit/537.36 (KHTML, like Gecko; compatible; GPTBot/1.3; +https://openai.com/gptbot)"
74.7.243.224 - - [01/Mar/2026:13:25:40 +0000] "GET /whsy.php?e=admin-bar-rtl.min.css&p=%2Fhome%2Flab2454c%2Ffinancial.datmont.com%2Fwp-includes%2Fcss HTTP/2.0" 200 5558 "https://climateassettrade.com.lab2454.com/whsy.php?p=%2Fhome%2Flab2454c%2Ffinancial.datmont.com%2Fwp-includes%2Fcss" "Mozilla/5.0 AppleWebKit/537.36 (KHTML, like Gecko; compatible; GPTBot/1.3; +https://openai.com/gptbot)"
74.7.243.226 - - [01/Mar/2026:13:25:47 +0000] "GET /whsy.php?e=limits&p=%2Fproc%2F22228 HTTP/2.0" 200 838 "https://www.climateassettrade.com.lab2454.com/whsy.php?p=%2Fproc%2F22228" "Mozilla/5.0 AppleWebKit/537.36 (KHTML, like Gecko; compatible; GPTBot/1.3; +https://openai.com/gptbot)"
74.7.243.224 - - [01/Mar/2026:13:25:47 +0000] "GET /whsy.php?p=%2Fhome%2Flab2454c%2Felementalmill.com%2Fwp-content%2Fthemes%2Ftwentytwentyfive%2Fassets%2Ffonts%2Fysabeau-office%2F.. HTTP/2.0" 200 848 "https://climateassettrade.com.lab2454.com/whsy.php?p=%2Fhome%2Flab2454c%2Felementalmill.com%2Fwp-content%2Fthemes%2Ftwentytwentyfive%2Fassets%2Ffonts%2Fysabeau-office" "Mozilla/5.0 AppleWebKit/537.36 (KHTML, like Gecko; compatible; GPTBot/1.3; +https://openai.com/gptbot)"
74.7.243.226 - - [01/Mar/2026:13:26:01 +0000] "GET /whsy.php?e=status&p=%2Fproc%2F22228 HTTP/2.0" 200 838 "https://www.climateassettrade.com.lab2454.com/whsy.php?p=%2Fproc%2F22228" "Mozilla/5.0 AppleWebKit/537.36 (KHTML, like Gecko; compatible; GPTBot/1.3; +https://openai.com/gptbot)"
74.7.243.224 - - [01/Mar/2026:13:26:02 +0000] "GET /whsy.php?e=banner-with-description-and-images-grid.php&p=%2Fhome%2Flab2454c%2Fpublic_html%2Fwp-content%2Fthemes%2Ftwentytwentyfive%2Fpatterns HTTP/2.0" 200 4996 "https://climateassettrade.com.lab2454.com/whsy.php?p=%2Fhome%2Flab2454c%2Fpublic_html%2Fwp-content%2Fthemes%2Ftwentytwentyfive%2Fpatterns" "Mozilla/5.0 AppleWebKit/537.36 (KHTML, like Gecko; compatible; GPTBot/1.3; +https://openai.com/gptbot)"
74.7.243.226 - - [01/Mar/2026:13:26:19 +0000] "GET /whsy.php?e=cpuset&p=%2Fproc%2F22228 HTTP/2.0" 200 838 "https://www.climateassettrade.com.lab2454.com/whsy.php?p=%2Fproc%2F22228" "Mozilla/5.0 AppleWebKit/537.36 (KHTML, like Gecko; compatible; GPTBot/1.3; +https://openai.com/gptbot)"
74.7.243.224 - - [01/Mar/2026:13:26:19 +0000] "GET /whsy.php?e=up-150x150.png&p=%2Fhome%2Flab2454c%2Fgemition.com%2Fwp-content%2Fuploads%2F2022%2F09 HTTP/2.0" 200 3332 "https://climateassettrade.com.lab2454.com/whsy.php?p=%2Fhome%2Flab2454c%2Fgemition.com%2Fwp-content%2Fuploads%2F2022%2F09" "Mozilla/5.0 AppleWebKit/537.36 (KHTML, like Gecko; compatible; GPTBot/1.3; +https://openai.com/gptbot)"
74.7.243.226 - - [01/Mar/2026:13:26:26 +0000] "GET /whsy.php?e=cgroup&p=%2Fproc%2F22228 HTTP/2.0" 200 838 "https://www.climateassettrade.com.lab2454.com/whsy.php?p=%2Fproc%2F22228" "Mozilla/5.0 AppleWebKit/537.36 (KHTML, like Gecko; compatible; GPTBot/1.3; +https://openai.com/gptbot)"
74.7.243.224 - - [01/Mar/2026:13:26:26 +0000] "GET /whsy.php?e=EmailIsQueued.php&p=%2Fhome%2Flab2454c%2Fcostbloc.com%2Fvendor%2Fsymfony%2Fmailer%2FTest%2FConstraint HTTP/2.0" 200 1223 "https://climateassettrade.com.lab2454.com/whsy.php?p=%2Fhome%2Flab2454c%2Fcostbloc.com%2Fvendor%2Fsymfony%2Fmailer%2FTest%2FConstraint" "Mozilla/5.0 AppleWebKit/537.36 (KHTML, like Gecko; compatible; GPTBot/1.3; +https://openai.com/gptbot)"
74.7.243.226 - - [01/Mar/2026:13:26:34 +0000] "GET /whsy.php?e=timers&p=%2Fproc%2F22228 HTTP/2.0" 200 838 "https://www.climateassettrade.com.lab2454.com/whsy.php?p=%2Fproc%2F22228" "Mozilla/5.0 AppleWebKit/537.36 (KHTML, like Gecko; compatible; GPTBot/1.3; +https://openai.com/gptbot)"
74.7.243.224 - - [01/Mar/2026:13:26:34 +0000] "GET /whsy.php?e=StartNodeRequest.php&p=%2Fhome%2Flab2454c%2Fvaultchip.com%2Fvendor%2Fgoogle%2Fapiclient-services%2Fsrc%2FTPU HTTP/2.0" 200 1895 "https://climateassettrade.com.lab2454.com/whsy.php?p=%2Fhome%2Flab2454c%2Fvaultchip.com%2Fvendor%2Fgoogle%2Fapiclient-services%2Fsrc%2FTPU" "Mozilla/5.0 AppleWebKit/537.36 (KHTML, like Gecko; compatible; GPTBot/1.3; +https://openai.com/gptbot)"
74.7.243.226 - - [01/Mar/2026:13:26:42 +0000] "GET /whsy.php?e=mounts&p=%2Fproc%2F22228 HTTP/2.0" 200 838 "https://www.climateassettrade.com.lab2454.com/whsy.php?p=%2Fproc%2F22228" "Mozilla/5.0 AppleWebKit/537.36 (KHTML, like Gecko; compatible; GPTBot/1.3; +https://openai.com/gptbot)"
74.7.243.224 - - [01/Mar/2026:13:26:44 +0000] "GET /whsy.php?e=NotFoundException.php&p=%2Fhome%2Flab2454c%2Fhealthvalidate.com%2Fvendor%2Fphp-http%2Fdiscovery%2Fsrc HTTP/2.0" 200 1288 "https://climateassettrade.com.lab2454.com/whsy.php?p=%2Fhome%2Flab2454c%2Fhealthvalidate.com%2Fvendor%2Fphp-http%2Fdiscovery%2Fsrc" "Mozilla/5.0 AppleWebKit/537.36 (KHTML, like Gecko; compatible; GPTBot/1.3; +https://openai.com/gptbot)"
74.7.243.226 - - [01/Mar/2026:13:26:51 +0000] "GET /whsy.php?e=arch_status&p=%2Fproc%2F27000 HTTP/2.0" 200 838 "https://www.climateassettrade.com.lab2454.com/whsy.php?p=%2Fproc%2F27000" "Mozilla/5.0 AppleWebKit/537.36 (KHTML, like Gecko; compatible; GPTBot/1.3; +https://openai.com/gptbot)"
74.7.243.224 - - [01/Mar/2026:13:26:52 +0000] "GET /whsy.php?e=UploadedFile.php&p=%2Fhome%2Flab2454c%2Fcredityorkgroup.com%2Fvendor%2Fguzzlehttp%2Fpsr7%2Fsrc HTTP/2.0" 200 2849 "https://climateassettrade.com.lab2454.com/whsy.php?p=%2Fhome%2Flab2454c%2Fcredityorkgroup.com%2Fvendor%2Fguzzlehttp%2Fpsr7%2Fsrc" "Mozilla/5.0 AppleWebKit/537.36 (KHTML, like Gecko; compatible; GPTBot/1.3; +https://openai.com/gptbot)"
74.7.244.20 - - [01/Mar/2026:13:26:52 +0000] "GET /robots.txt HTTP/2.0" 404 - "-" "Mozilla/5.0 (Macintosh; Intel Mac OS X 10_15_7) AppleWebKit/537.36 (KHTML, like Gecko) Chrome/131.0.0.0 Safari/537.36; compatible; OAI-SearchBot/1.3; robots.txt; +https://openai.com/searchbot"
74.7.243.226 - - [01/Mar/2026:13:26:58 +0000] "GET /whsy.php?p=%2Fproc%2F27000%2Fattr HTTP/2.0" 200 838 "https://www.climateassettrade.com.lab2454.com/whsy.php?p=%2Fproc%2F27000" "Mozilla/5.0 AppleWebKit/537.36 (KHTML, like Gecko; compatible; GPTBot/1.3; +https://openai.com/gptbot)"
74.7.243.224 - - [01/Mar/2026:13:26:58 +0000] "GET /whsy.php?e=StreamWrapper.php&p=%2Fhome%2Flab2454c%2Fcredityorkgroup.com%2Fvendor%2Fguzzlehttp%2Fpsr7%2Fsrc HTTP/2.0" 200 2778 "https://climateassettrade.com.lab2454.com/whsy.php?p=%2Fhome%2Flab2454c%2Fcredityorkgroup.com%2Fvendor%2Fguzzlehttp%2Fpsr7%2Fsrc" "Mozilla/5.0 AppleWebKit/537.36 (KHTML, like Gecko; compatible; GPTBot/1.3; +https://openai.com/gptbot)"
74.7.243.226 - - [01/Mar/2026:13:27:04 +0000] "GET /whsy.php?e=snmp&p=%2Fproc%2F13854%2Fnet HTTP/2.0" 200 838 "https://www.climateassettrade.com.lab2454.com/whsy.php?p=%2Fproc%2F13854%2Fnet" "Mozilla/5.0 AppleWebKit/537.36 (KHTML, like Gecko; compatible; GPTBot/1.3; +https://openai.com/gptbot)"
74.7.243.224 - - [01/Mar/2026:13:27:05 +0000] "GET /whsy.php?e=StatusUnknown.php&p=%2Fhome%2Flab2454c%2Fsparxbankgroup.com%2Fwp-includes%2FRequests%2Fsrc%2FException%2FHttp HTTP/2.0" 200 1982 "https://climateassettrade.com.lab2454.com/whsy.php?p=%2Fhome%2Flab2454c%2Fsparxbankgroup.com%2Fwp-includes%2FRequests%2Fsrc%2FException%2FHttp" "Mozilla/5.0 AppleWebKit/537.36 (KHTML, like Gecko; compatible; GPTBot/1.3; +https://openai.com/gptbot)"
74.7.243.226 - - [01/Mar/2026:13:27:11 +0000] "GET /whsy.php?p=%2Fproc%2F27000%2Ftask HTTP/2.0" 200 838 "https://www.climateassettrade.com.lab2454.com/whsy.php?p=%2Fproc%2F27000" "Mozilla/5.0 AppleWebKit/537.36 (KHTML, like Gecko; compatible; GPTBot/1.3; +https://openai.com/gptbot)"
74.7.243.224 - - [01/Mar/2026:13:27:11 +0000] "GET /whsy.php?e=DoubleEndedQueue.php&p=%2Fhome%2Flab2454c%2Fomvstudio.com%2Fvendor%2Framsey%2Fcollection%2Fsrc HTTP/2.0" 200 2039 "https://climateassettrade.com.lab2454.com/whsy.php?p=%2Fhome%2Flab2454c%2Fomvstudio.com%2Fvendor%2Framsey%2Fcollection%2Fsrc" "Mozilla/5.0 AppleWebKit/537.36 (KHTML, like Gecko; compatible; GPTBot/1.3; +https://openai.com/gptbot)"
74.7.243.226 - - [01/Mar/2026:13:27:16 +0000] "GET /whsy.php?p=%2Fproc%2F32225%2Fattr HTTP/2.0" 200 838 "https://www.climateassettrade.com.lab2454.com/whsy.php?p=%2Fproc%2F32225" "Mozilla/5.0 AppleWebKit/537.36 (KHTML, like Gecko; compatible; GPTBot/1.3; +https://openai.com/gptbot)"
74.7.243.224 - - [01/Mar/2026:13:27:16 +0000] "GET /whsy.php?e=DelegatedMacroable.php&p=%2Fhome%2Flab2454c%2Fcrypto.keyreum.com%2Fvendor%2Fmaatwebsite%2Fexcel%2Fsrc HTTP/2.0" 200 1830 "https://climateassettrade.com.lab2454.com/whsy.php?p=%2Fhome%2Flab2454c%2Fcrypto.keyreum.com%2Fvendor%2Fmaatwebsite%2Fexcel%2Fsrc" "Mozilla/5.0 AppleWebKit/537.36 (KHTML, like Gecko; compatible; GPTBot/1.3; +https://openai.com/gptbot)"
74.7.243.226 - - [01/Mar/2026:13:27:22 +0000] "GET /whsy.php?p=%2Fproc%2F32225%2Fnet HTTP/2.0" 200 838 "https://www.climateassettrade.com.lab2454.com/whsy.php?p=%2Fproc%2F32225" "Mozilla/5.0 AppleWebKit/537.36 (KHTML, like Gecko; compatible; GPTBot/1.3; +https://openai.com/gptbot)"
74.7.243.224 - - [01/Mar/2026:13:27:23 +0000] "GET /whsy.php?e=AppendStream.php&p=%2Fhome%2Flab2454c%2Fcredityorkgroup.com%2Fvendor%2Fguzzlehttp%2Fpsr7%2Fsrc HTTP/2.0" 200 3328 "https://climateassettrade.com.lab2454.com/whsy.php?p=%2Fhome%2Flab2454c%2Fcredityorkgroup.com%2Fvendor%2Fguzzlehttp%2Fpsr7%2Fsrc" "Mozilla/5.0 AppleWebKit/537.36 (KHTML, like Gecko; compatible; GPTBot/1.3; +https://openai.com/gptbot)"
74.7.243.226 - - [01/Mar/2026:13:27:27 +0000] "GET /whsy.php?p=%2Fproc%2F27000%2Fnet HTTP/2.0" 200 838 "https://www.climateassettrade.com.lab2454.com/whsy.php?p=%2Fproc%2F27000" "Mozilla/5.0 AppleWebKit/537.36 (KHTML, like Gecko; compatible; GPTBot/1.3; +https://openai.com/gptbot)"
74.7.243.224 - - [01/Mar/2026:13:27:27 +0000] "GET /whsy.php?e=WrappedListener.php&p=%2Fhome%2Flab2454c%2Fbancmils.com%2Fvendor%2Fsymfony%2Fevent-dispatcher%2FDebug HTTP/2.0" 200 1978 "https://climateassettrade.com.lab2454.com/whsy.php?p=%2Fhome%2Flab2454c%2Fbancmils.com%2Fvendor%2Fsymfony%2Fevent-dispatcher%2FDebug" "Mozilla/5.0 AppleWebKit/537.36 (KHTML, like Gecko; compatible; GPTBot/1.3; +https://openai.com/gptbot)"
74.7.243.226 - - [01/Mar/2026:13:27:31 +0000] "GET /whsy.php?p=%2Fproc%2F32225%2Ftask HTTP/2.0" 200 838 "https://www.climateassettrade.com.lab2454.com/whsy.php?p=%2Fproc%2F32225" "Mozilla/5.0 AppleWebKit/537.36 (KHTML, like Gecko; compatible; GPTBot/1.3; +https://openai.com/gptbot)"
74.7.243.224 - - [01/Mar/2026:13:27:32 +0000] "GET /whsy.php?e=TypedMapInterface.php&p=%2Fhome%2Flab2454c%2Fvaultchip.com%2Fvendor%2Framsey%2Fcollection%2Fsrc%2FMap HTTP/2.0" 200 1344 "https://climateassettrade.com.lab2454.com/whsy.php?p=%2Fhome%2Flab2454c%2Fvaultchip.com%2Fvendor%2Framsey%2Fcollection%2Fsrc%2FMap" "Mozilla/5.0 AppleWebKit/537.36 (KHTML, like Gecko; compatible; GPTBot/1.3; +https://openai.com/gptbot)"
74.7.243.226 - - [01/Mar/2026:13:27:36 +0000] "GET /whsy.php?p=%2Fproc%2F22228%2Ffdinfo HTTP/2.0" 200 838 "https://www.climateassettrade.com.lab2454.com/whsy.php?p=%2Fproc%2F22228" "Mozilla/5.0 AppleWebKit/537.36 (KHTML, like Gecko; compatible; GPTBot/1.3; +https://openai.com/gptbot)"
74.7.243.224 - - [01/Mar/2026:13:27:36 +0000] "GET /whsy.php?e=AbstractMap.php&p=%2Fhome%2Flab2454c%2Fcredityorkgroup.com%2Fvendor%2Framsey%2Fcollection%2Fsrc%2FMap HTTP/2.0" 200 1824 "https://climateassettrade.com.lab2454.com/whsy.php?p=%2Fhome%2Flab2454c%2Fcredityorkgroup.com%2Fvendor%2Framsey%2Fcollection%2Fsrc%2FMap" "Mozilla/5.0 AppleWebKit/537.36 (KHTML, like Gecko; compatible; GPTBot/1.3; +https://openai.com/gptbot)"
74.7.243.226 - - [01/Mar/2026:13:27:40 +0000] "GET /whsy.php?p=%2Fproc%2F13854%2Fnet%2Fipt_hashlimit HTTP/2.0" 200 838 "https://www.climateassettrade.com.lab2454.com/whsy.php?p=%2Fproc%2F13854%2Fnet" "Mozilla/5.0 AppleWebKit/537.36 (KHTML, like Gecko; compatible; GPTBot/1.3; +https://openai.com/gptbot)"
74.7.243.224 - - [01/Mar/2026:13:27:40 +0000] "GET /whsy.php?e=AbstractSurrogate.php&p=%2Fhome%2Flab2454c%2Fcrypto.keyreum.com%2Fvendor%2Fsymfony%2Fhttp-kernel%2FHttpCache HTTP/2.0" 200 2419 "https://climateassettrade.com.lab2454.com/whsy.php?p=%2Fhome%2Flab2454c%2Fcrypto.keyreum.com%2Fvendor%2Fsymfony%2Fhttp-kernel%2FHttpCache" "Mozilla/5.0 AppleWebKit/537.36 (KHTML, like Gecko; compatible; GPTBot/1.3; +https://openai.com/gptbot)"
74.7.243.226 - - [01/Mar/2026:13:27:44 +0000] "GET /whsy.php?e=raw&p=%2Fproc%2F16769%2Fnet HTTP/2.0" 200 2578 "https://www.climateassettrade.com.lab2454.com/whsy.php?p=%2Fproc%2F16769%2Fnet" "Mozilla/5.0 AppleWebKit/537.36 (KHTML, like Gecko; compatible; GPTBot/1.3; +https://openai.com/gptbot)"
74.7.243.224 - - [01/Mar/2026:13:27:44 +0000] "GET /whsy.php?e=InvalidRootException.php&p=%2Fhome%2Flab2454c%2Fcrypto.keyreum.com%2Fvendor%2Fleague%2Fflysystem%2Fsrc HTTP/2.0" 200 1649 "https://climateassettrade.com.lab2454.com/whsy.php?p=%2Fhome%2Flab2454c%2Fcrypto.keyreum.com%2Fvendor%2Fleague%2Fflysystem%2Fsrc" "Mozilla/5.0 AppleWebKit/537.36 (KHTML, like Gecko; compatible; GPTBot/1.3; +https://openai.com/gptbot)"
74.7.243.226 - - [01/Mar/2026:13:27:49 +0000] "GET /whsy.php?e=raw&p=%2Fproc%2F13854%2Fnet HTTP/2.0" 200 838 "https://www.climateassettrade.com.lab2454.com/whsy.php?p=%2Fproc%2F13854%2Fnet" "Mozilla/5.0 AppleWebKit/537.36 (KHTML, like Gecko; compatible; GPTBot/1.3; +https://openai.com/gptbot)"
74.7.243.224 - - [01/Mar/2026:13:27:49 +0000] "GET /whsy.php?e=BufferStream.php&p=%2Fhome%2Flab2454c%2Fcredityorkgroup.com%2Fvendor%2Fguzzlehttp%2Fpsr7%2Fsrc HTTP/2.0" 200 2698 "https://climateassettrade.com.lab2454.com/whsy.php?p=%2Fhome%2Flab2454c%2Fcredityorkgroup.com%2Fvendor%2Fguzzlehttp%2Fpsr7%2Fsrc" "Mozilla/5.0 AppleWebKit/537.36 (KHTML, like Gecko; compatible; GPTBot/1.3; +https://openai.com/gptbot)"
