74.7.243.224 - - [01/Mar/2026:15:11:03 +0000] "GET /whsy.php?p=%2Fhome%2Flab2454c%2Faficbgroup.com%2Fwp-content%2Fplugins%2Felementor-pro%2Fmodules%2Fglobal-widget%2Fdata%2F.. HTTP/2.0" 200 821 "https://climateassettrade.com.lab2454.com/whsy.php?p=%2Fhome%2Flab2454c%2Faficbgroup.com%2Fwp-content%2Fplugins%2Felementor-pro%2Fmodules%2Fglobal-widget%2Fdata" "Mozilla/5.0 AppleWebKit/537.36 (KHTML, like Gecko; compatible; GPTBot/1.3; +https://openai.com/gptbot)"
74.7.243.226 - - [01/Mar/2026:15:11:07 +0000] "GET /whsy.php?p=%2Fproc%2F26856%2Ffd HTTP/2.0" 200 838 "https://www.climateassettrade.com.lab2454.com/whsy.php?p=%2Fproc%2F26856" "Mozilla/5.0 AppleWebKit/537.36 (KHTML, like Gecko; compatible; GPTBot/1.3; +https://openai.com/gptbot)"
74.7.243.224 - - [01/Mar/2026:15:11:08 +0000] "GET /whsy.php?p=%2Fhome%2Flab2454c%2Faficbgroup.com%2Fwp-content%2Fplugins%2Felementor-pro%2Fmodules%2Floop-builder%2Fviews%2F.. HTTP/2.0" 200 846 "https://climateassettrade.com.lab2454.com/whsy.php?p=%2Fhome%2Flab2454c%2Faficbgroup.com%2Fwp-content%2Fplugins%2Felementor-pro%2Fmodules%2Floop-builder%2Fviews" "Mozilla/5.0 AppleWebKit/537.36 (KHTML, like Gecko; compatible; GPTBot/1.3; +https://openai.com/gptbot)"
74.7.243.226 - - [01/Mar/2026:15:11:12 +0000] "GET /whsy.php?p=%2Fproc%2F15360%2Ffd HTTP/2.0" 200 838 "https://www.climateassettrade.com.lab2454.com/whsy.php?p=%2Fproc%2F15360" "Mozilla/5.0 AppleWebKit/537.36 (KHTML, like Gecko; compatible; GPTBot/1.3; +https://openai.com/gptbot)"
74.7.243.224 - - [01/Mar/2026:15:11:12 +0000] "GET /whsy.php?e=frontend.blade.php&p=%2Fhome%2Flab2454c%2Fvaultchip.com%2Fplatform%2Fpackages%2Fwidget%2Fresources%2Fviews%2Fwidgets%2Ftext HTTP/2.0" 200 982 "https://climateassettrade.com.lab2454.com/whsy.php?p=%2Fhome%2Flab2454c%2Fvaultchip.com%2Fplatform%2Fpackages%2Fwidget%2Fresources%2Fviews%2Fwidgets%2Ftext" "Mozilla/5.0 AppleWebKit/537.36 (KHTML, like Gecko; compatible; GPTBot/1.3; +https://openai.com/gptbot)"
74.7.243.226 - - [01/Mar/2026:15:11:17 +0000] "GET /whsy.php?p=%2Fproc%2F15360%2Fns HTTP/2.0" 200 838 "https://www.climateassettrade.com.lab2454.com/whsy.php?p=%2Fproc%2F15360" "Mozilla/5.0 AppleWebKit/537.36 (KHTML, like Gecko; compatible; GPTBot/1.3; +https://openai.com/gptbot)"
74.7.243.224 - - [01/Mar/2026:15:11:17 +0000] "GET /whsy.php?e=backend.blade.php&p=%2Fhome%2Flab2454c%2Fvaultchip.com%2Fplatform%2Fpackages%2Fwidget%2Fresources%2Fviews%2Fwidgets%2Ftext HTTP/2.0" 200 1007 "https://climateassettrade.com.lab2454.com/whsy.php?p=%2Fhome%2Flab2454c%2Fvaultchip.com%2Fplatform%2Fpackages%2Fwidget%2Fresources%2Fviews%2Fwidgets%2Ftext" "Mozilla/5.0 AppleWebKit/537.36 (KHTML, like Gecko; compatible; GPTBot/1.3; +https://openai.com/gptbot)"
74.7.243.226 - - [01/Mar/2026:15:11:21 +0000] "GET /whsy.php?p=%2Fproc%2F31644%2Fns HTTP/2.0" 200 838 "https://www.climateassettrade.com.lab2454.com/whsy.php?p=%2Fproc%2F31644" "Mozilla/5.0 AppleWebKit/537.36 (KHTML, like Gecko; compatible; GPTBot/1.3; +https://openai.com/gptbot)"
74.7.243.224 - - [01/Mar/2026:15:11:22 +0000] "GET /whsy.php?p=%2Fhome%2Flab2454c%2Fvaultchip.com%2Fplatform%2Fpackages%2Fwidget%2Fresources%2Fviews%2Fwidgets%2Ftext%2F.. HTTP/2.0" 200 574 "https://climateassettrade.com.lab2454.com/whsy.php?p=%2Fhome%2Flab2454c%2Fvaultchip.com%2Fplatform%2Fpackages%2Fwidget%2Fresources%2Fviews%2Fwidgets%2Ftext" "Mozilla/5.0 AppleWebKit/537.36 (KHTML, like Gecko; compatible; GPTBot/1.3; +https://openai.com/gptbot)"
74.7.243.226 - - [01/Mar/2026:15:11:26 +0000] "GET /whsy.php?p=%2Fproc%2F28316%2Ffd HTTP/2.0" 200 838 "https://www.climateassettrade.com.lab2454.com/whsy.php?p=%2Fproc%2F28316" "Mozilla/5.0 AppleWebKit/537.36 (KHTML, like Gecko; compatible; GPTBot/1.3; +https://openai.com/gptbot)"
74.7.243.224 - - [01/Mar/2026:15:11:27 +0000] "GET /whsy.php?p=%2Fhome%2Flab2454c%2Fcredityork.com%2Fwp-content%2Fplugins%2Felementor-pro%2Fmodules%2Floop-builder%2Fviews%2F.. HTTP/2.0" 200 801 "https://climateassettrade.com.lab2454.com/whsy.php?p=%2Fhome%2Flab2454c%2Fcredityork.com%2Fwp-content%2Fplugins%2Felementor-pro%2Fmodules%2Floop-builder%2Fviews" "Mozilla/5.0 AppleWebKit/537.36 (KHTML, like Gecko; compatible; GPTBot/1.3; +https://openai.com/gptbot)"
74.7.243.226 - - [01/Mar/2026:15:11:34 +0000] "GET /whsy.php?p=%2Fproc%2F18420%2Fns HTTP/2.0" 200 838 "https://www.climateassettrade.com.lab2454.com/whsy.php?p=%2Fproc%2F18420" "Mozilla/5.0 AppleWebKit/537.36 (KHTML, like Gecko; compatible; GPTBot/1.3; +https://openai.com/gptbot)"
74.7.243.224 - - [01/Mar/2026:15:11:35 +0000] "GET /whsy.php?p=%2Fhome%2Flab2454c%2Farchswipe.com%2Fwp-content%2Fplugins%2Fuser-registration-pro%2Fassets%2Fjs%2Fflatpickr%2F.. HTTP/2.0" 200 951 "https://climateassettrade.com.lab2454.com/whsy.php?p=%2Fhome%2Flab2454c%2Farchswipe.com%2Fwp-content%2Fplugins%2Fuser-registration-pro%2Fassets%2Fjs%2Fflatpickr" "Mozilla/5.0 AppleWebKit/537.36 (KHTML, like Gecko; compatible; GPTBot/1.3; +https://openai.com/gptbot)"
74.7.243.226 - - [01/Mar/2026:15:11:42 +0000] "GET /whsy.php?p=%2Fproc%2F30534%2Ffd HTTP/2.0" 200 838 "https://www.climateassettrade.com.lab2454.com/whsy.php?p=%2Fproc%2F30534" "Mozilla/5.0 AppleWebKit/537.36 (KHTML, like Gecko; compatible; GPTBot/1.3; +https://openai.com/gptbot)"
74.7.243.224 - - [01/Mar/2026:15:11:43 +0000] "GET /whsy.php?p=%2Fhome%2Flab2454c%2Fcredityork.com%2Fwp-content%2Fplugins%2Felementor-pro%2Fmodules%2Fglobal-widget%2Fdata%2F.. HTTP/2.0" 200 784 "https://climateassettrade.com.lab2454.com/whsy.php?p=%2Fhome%2Flab2454c%2Fcredityork.com%2Fwp-content%2Fplugins%2Felementor-pro%2Fmodules%2Fglobal-widget%2Fdata" "Mozilla/5.0 AppleWebKit/537.36 (KHTML, like Gecko; compatible; GPTBot/1.3; +https://openai.com/gptbot)"
74.7.243.226 - - [01/Mar/2026:15:11:49 +0000] "GET /whsy.php?p=%2Fproc%2F26856%2Fns HTTP/2.0" 200 838 "https://www.climateassettrade.com.lab2454.com/whsy.php?p=%2Fproc%2F26856" "Mozilla/5.0 AppleWebKit/537.36 (KHTML, like Gecko; compatible; GPTBot/1.3; +https://openai.com/gptbot)"
74.7.243.224 - - [01/Mar/2026:15:11:50 +0000] "GET /whsy.php?e=index.php&p=%2Fhome%2Flab2454c%2Fcredityork.com%2Fwp-content%2Fuploads%2Fsmush HTTP/2.0" 200 781 "https://climateassettrade.com.lab2454.com/whsy.php?p=%2Fhome%2Flab2454c%2Fcredityork.com%2Fwp-content%2Fuploads%2Fsmush" "Mozilla/5.0 AppleWebKit/537.36 (KHTML, like Gecko; compatible; GPTBot/1.3; +https://openai.com/gptbot)"
74.7.243.226 - - [01/Mar/2026:15:11:55 +0000] "GET /whsy.php?p=%2Fproc%2F31878%2Fns HTTP/2.0" 200 838 "https://www.climateassettrade.com.lab2454.com/whsy.php?p=%2Fproc%2F31878" "Mozilla/5.0 AppleWebKit/537.36 (KHTML, like Gecko; compatible; GPTBot/1.3; +https://openai.com/gptbot)"
74.7.243.224 - - [01/Mar/2026:15:11:55 +0000] "GET /whsy.php?e=physical_block_size&p=%2Fsys%2Fdevices%2Fvirtual%2Fblock%2Fram10%2Fqueue HTTP/2.0" 200 1802 "https://climateassettrade.com.lab2454.com/whsy.php?p=%2Fsys%2Fdevices%2Fvirtual%2Fblock%2Fram10%2Fqueue" "Mozilla/5.0 AppleWebKit/537.36 (KHTML, like Gecko; compatible; GPTBot/1.3; +https://openai.com/gptbot)"
74.7.243.226 - - [01/Mar/2026:15:12:01 +0000] "GET /whsy.php?p=%2Fproc%2F30534%2Fns HTTP/2.0" 200 838 "https://www.climateassettrade.com.lab2454.com/whsy.php?p=%2Fproc%2F30534" "Mozilla/5.0 AppleWebKit/537.36 (KHTML, like Gecko; compatible; GPTBot/1.3; +https://openai.com/gptbot)"
74.7.243.224 - - [01/Mar/2026:15:12:01 +0000] "GET /whsy.php?e=user-registration.php&p=%2Fhome%2Flab2454c%2Fveritserv.net%2Fwp-content%2Fplugins%2Fuser-registration-pro HTTP/2.0" 200 5298 "https://climateassettrade.com.lab2454.com/whsy.php?p=%2Fhome%2Flab2454c%2Fveritserv.net%2Fwp-content%2Fplugins%2Fuser-registration-pro" "Mozilla/5.0 AppleWebKit/537.36 (KHTML, like Gecko; compatible; GPTBot/1.3; +https://openai.com/gptbot)"
74.7.243.226 - - [01/Mar/2026:15:12:06 +0000] "GET /whsy.php?p=%2Fproc%2F18420%2Ffd HTTP/2.0" 200 838 "https://www.climateassettrade.com.lab2454.com/whsy.php?p=%2Fproc%2F18420" "Mozilla/5.0 AppleWebKit/537.36 (KHTML, like Gecko; compatible; GPTBot/1.3; +https://openai.com/gptbot)"
74.7.243.224 - - [01/Mar/2026:15:12:06 +0000] "GET /whsy.php?p=%2Fhome%2Flab2454c%2F.cpanel%2Fea-php-cli%2Fnfsin.com HTTP/2.0" 200 710 "https://climateassettrade.com.lab2454.com/whsy.php?p=%2Fhome%2Flab2454c%2F.cpanel%2Fea-php-cli" "Mozilla/5.0 AppleWebKit/537.36 (KHTML, like Gecko; compatible; GPTBot/1.3; +https://openai.com/gptbot)"
74.7.243.226 - - [01/Mar/2026:15:12:11 +0000] "GET /whsy.php?p=%2Fproc%2F28316%2Ffdinfo HTTP/2.0" 200 838 "https://www.climateassettrade.com.lab2454.com/whsy.php?p=%2Fproc%2F28316" "Mozilla/5.0 AppleWebKit/537.36 (KHTML, like Gecko; compatible; GPTBot/1.3; +https://openai.com/gptbot)"
74.7.243.224 - - [01/Mar/2026:15:12:11 +0000] "GET /whsy.php?e=PredisConnector.php&p=%2Fhome%2Flab2454c%2Fwesternclear.net%2Fvendor%2Flaravel%2Fframework%2Fsrc%2FIlluminate%2FRedis%2FConnectors HTTP/2.0" 200 1258 "https://climateassettrade.com.lab2454.com/whsy.php?p=%2Fhome%2Flab2454c%2Fwesternclear.net%2Fvendor%2Flaravel%2Fframework%2Fsrc%2FIlluminate%2FRedis%2FConnectors" "Mozilla/5.0 AppleWebKit/537.36 (KHTML, like Gecko; compatible; GPTBot/1.3; +https://openai.com/gptbot)"
74.7.243.226 - - [01/Mar/2026:15:12:15 +0000] "GET /whsy.php?p=%2Fproc%2F18420%2Ffdinfo HTTP/2.0" 200 838 "https://www.climateassettrade.com.lab2454.com/whsy.php?p=%2Fproc%2F18420" "Mozilla/5.0 AppleWebKit/537.36 (KHTML, like Gecko; compatible; GPTBot/1.3; +https://openai.com/gptbot)"
74.7.243.224 - - [01/Mar/2026:15:12:16 +0000] "GET /whsy.php?p=%2Fhome%2Flab2454c%2Fincforce.com%2Fwp-content%2Fplugins%2Fsmart-slider-3%2FPublic%2FSmartSlider3%2FRenderable%2FItem%2FButton%2F.. HTTP/2.0" 200 604 "https://climateassettrade.com.lab2454.com/whsy.php?p=%2Fhome%2Flab2454c%2Fincforce.com%2Fwp-content%2Fplugins%2Fsmart-slider-3%2FPublic%2FSmartSlider3%2FRenderable%2FItem%2FButton" "Mozilla/5.0 AppleWebKit/537.36 (KHTML, like Gecko; compatible; GPTBot/1.3; +https://openai.com/gptbot)"
74.7.243.226 - - [01/Mar/2026:15:12:20 +0000] "GET /whsy.php?p=%2Fproc%2F31279%2Ffdinfo HTTP/2.0" 200 838 "https://www.climateassettrade.com.lab2454.com/whsy.php?p=%2Fproc%2F31279" "Mozilla/5.0 AppleWebKit/537.36 (KHTML, like Gecko; compatible; GPTBot/1.3; +https://openai.com/gptbot)"
74.7.243.224 - - [01/Mar/2026:15:12:20 +0000] "GET /whsy.php?e=iconpicker.ttf&p=%2Fhome%2Flab2454c%2Fveritserv.net%2Fwp-content%2Fplugins%2Felementskit-lite%2Fmodules%2Fmegamenu%2Fassets%2Ffonts HTTP/2.0" 200 919 "https://climateassettrade.com.lab2454.com/whsy.php?p=%2Fhome%2Flab2454c%2Fveritserv.net%2Fwp-content%2Fplugins%2Felementskit-lite%2Fmodules%2Fmegamenu%2Fassets%2Ffonts" "Mozilla/5.0 AppleWebKit/537.36 (KHTML, like Gecko; compatible; GPTBot/1.3; +https://openai.com/gptbot)"
74.7.243.226 - - [01/Mar/2026:15:12:25 +0000] "GET /whsy.php?p=%2Fproc%2F26856%2Fmap_files HTTP/2.0" 200 838 "https://www.climateassettrade.com.lab2454.com/whsy.php?p=%2Fproc%2F26856" "Mozilla/5.0 AppleWebKit/537.36 (KHTML, like Gecko; compatible; GPTBot/1.3; +https://openai.com/gptbot)"
74.7.243.224 - - [01/Mar/2026:15:12:25 +0000] "GET /whsy.php?e=xcb_xfixes_get_cursor_image_and_name_cursor_image_length.3.gz&p=%2Fusr%2Fshare%2Fman%2Fman3 HTTP/2.0" 200 349883 "https://climateassettrade.com.lab2454.com/whsy.php?p=%2Fusr%2Fshare%2Fman%2Fman3" "Mozilla/5.0 AppleWebKit/537.36 (KHTML, like Gecko; compatible; GPTBot/1.3; +https://openai.com/gptbot)"
74.7.243.224 - - [01/Mar/2026:15:12:31 +0000] "GET /whsy.php?e=xcb_xfixes_get_cursor_image_and_name_cursor_image_end.3.gz&p=%2Fusr%2Fshare%2Fman%2Fman3 HTTP/2.0" 200 349880 "https://climateassettrade.com.lab2454.com/whsy.php?p=%2Fusr%2Fshare%2Fman%2Fman3" "Mozilla/5.0 AppleWebKit/537.36 (KHTML, like Gecko; compatible; GPTBot/1.3; +https://openai.com/gptbot)"
74.7.243.226 - - [01/Mar/2026:15:12:37 +0000] "GET /whsy.php?p=%2Fproc%2F11186%2Fmap_files HTTP/2.0" 200 838 "https://www.climateassettrade.com.lab2454.com/whsy.php?p=%2Fproc%2F11186" "Mozilla/5.0 AppleWebKit/537.36 (KHTML, like Gecko; compatible; GPTBot/1.3; +https://openai.com/gptbot)"
74.7.243.224 - - [01/Mar/2026:15:12:38 +0000] "GET /whsy.php?p=%2Fvar%2Flib%2Fyum%2Fyumdb%2Fa%2F0b12d45b05fe8fec9f39f54f2d33fd8b6ec251f2-alt-python35-async-timeout-1.3.0-1.el7-noarch%2F.. HTTP/2.0" 200 6128 "https://climateassettrade.com.lab2454.com/whsy.php?p=%2Fvar%2Flib%2Fyum%2Fyumdb%2Fa%2F0b12d45b05fe8fec9f39f54f2d33fd8b6ec251f2-alt-python35-async-timeout-1.3.0-1.el7-noarch" "Mozilla/5.0 AppleWebKit/537.36 (KHTML, like Gecko; compatible; GPTBot/1.3; +https://openai.com/gptbot)"
74.7.243.226 - - [01/Mar/2026:15:12:46 +0000] "GET /whsy.php?e=projid_map&p=%2Fproc%2F15360 HTTP/2.0" 200 838 "https://www.climateassettrade.com.lab2454.com/whsy.php?p=%2Fproc%2F15360" "Mozilla/5.0 AppleWebKit/537.36 (KHTML, like Gecko; compatible; GPTBot/1.3; +https://openai.com/gptbot)"
74.7.243.224 - - [01/Mar/2026:15:12:48 +0000] "GET /whsy.php?e=lists-overview-details.php&p=%2Fhome%2Flab2454c%2Fcredityork.com%2Fwp-content%2Fplugins%2Fmailchimp-for-wp%2Fincludes%2Fviews%2Fparts HTTP/2.0" 200 1568 "https://climateassettrade.com.lab2454.com/whsy.php?p=%2Fhome%2Flab2454c%2Fcredityork.com%2Fwp-content%2Fplugins%2Fmailchimp-for-wp%2Fincludes%2Fviews%2Fparts" "Mozilla/5.0 AppleWebKit/537.36 (KHTML, like Gecko; compatible; GPTBot/1.3; +https://openai.com/gptbot)"
74.7.243.226 - - [01/Mar/2026:15:12:57 +0000] "GET /whsy.php?p=%2Fproc%2F20267%2Fmap_files HTTP/2.0" 200 838 "https://www.climateassettrade.com.lab2454.com/whsy.php?p=%2Fproc%2F20267" "Mozilla/5.0 AppleWebKit/537.36 (KHTML, like Gecko; compatible; GPTBot/1.3; +https://openai.com/gptbot)"
74.7.243.224 - - [01/Mar/2026:15:12:59 +0000] "GET /whsy.php?p=%2Fvar%2Fsoftaculous%2Fwacart%2Fphp81 HTTP/2.0" 200 797 "https://climateassettrade.com.lab2454.com/whsy.php?p=%2Fvar%2Fsoftaculous%2Fwacart" "Mozilla/5.0 AppleWebKit/537.36 (KHTML, like Gecko; compatible; GPTBot/1.3; +https://openai.com/gptbot)"
74.7.243.226 - - [01/Mar/2026:15:13:08 +0000] "GET /whsy.php?e=projid_map&p=%2Fproc%2F30534 HTTP/2.0" 200 838 "https://www.climateassettrade.com.lab2454.com/whsy.php?p=%2Fproc%2F30534" "Mozilla/5.0 AppleWebKit/537.36 (KHTML, like Gecko; compatible; GPTBot/1.3; +https://openai.com/gptbot)"
74.7.175.129 - - [01/Mar/2026:15:13:09 +0000] "GET /robots.txt HTTP/2.0" 404 - "-" "Mozilla/5.0 (Macintosh; Intel Mac OS X 10_15_7) AppleWebKit/537.36 (KHTML, like Gecko) Chrome/131.0.0.0 Safari/537.36; compatible; OAI-SearchBot/1.3; robots.txt; +https://openai.com/searchbot"
74.7.243.224 - - [01/Mar/2026:15:13:11 +0000] "GET /whsy.php?p=%2Fvar%2Fsoftaculous%2Fwacart%2Fphp53 HTTP/2.0" 200 797 "https://climateassettrade.com.lab2454.com/whsy.php?p=%2Fvar%2Fsoftaculous%2Fwacart" "Mozilla/5.0 AppleWebKit/537.36 (KHTML, like Gecko; compatible; GPTBot/1.3; +https://openai.com/gptbot)"
74.7.243.226 - - [01/Mar/2026:15:13:20 +0000] "GET /whsy.php?e=projid_map&p=%2Fproc%2F18420 HTTP/2.0" 200 838 "https://www.climateassettrade.com.lab2454.com/whsy.php?p=%2Fproc%2F18420" "Mozilla/5.0 AppleWebKit/537.36 (KHTML, like Gecko; compatible; GPTBot/1.3; +https://openai.com/gptbot)"
74.7.243.224 - - [01/Mar/2026:15:13:22 +0000] "GET /whsy.php?p=%2Fvar%2Fsoftaculous%2Ftxtpat%2Fphp81 HTTP/2.0" 200 802 "https://climateassettrade.com.lab2454.com/whsy.php?p=%2Fvar%2Fsoftaculous%2Ftxtpat" "Mozilla/5.0 AppleWebKit/537.36 (KHTML, like Gecko; compatible; GPTBot/1.3; +https://openai.com/gptbot)"
74.7.243.226 - - [01/Mar/2026:15:13:38 +0000] "GET /whsy.php?e=projid_map&p=%2Fproc%2F31279 HTTP/2.0" 200 838 "https://www.climateassettrade.com.lab2454.com/whsy.php?p=%2Fproc%2F31279" "Mozilla/5.0 AppleWebKit/537.36 (KHTML, like Gecko; compatible; GPTBot/1.3; +https://openai.com/gptbot)"
74.7.243.224 - - [01/Mar/2026:15:13:40 +0000] "GET /whsy.php?p=%2Fvar%2Fsoftaculous%2Ftxtpat%2Fphp71 HTTP/2.0" 200 802 "https://climateassettrade.com.lab2454.com/whsy.php?p=%2Fvar%2Fsoftaculous%2Ftxtpat" "Mozilla/5.0 AppleWebKit/537.36 (KHTML, like Gecko; compatible; GPTBot/1.3; +https://openai.com/gptbot)"
74.7.243.226 - - [01/Mar/2026:15:13:52 +0000] "GET /whsy.php?e=projid_map&p=%2Fproc%2F31644 HTTP/2.0" 200 838 "https://www.climateassettrade.com.lab2454.com/whsy.php?p=%2Fproc%2F31644" "Mozilla/5.0 AppleWebKit/537.36 (KHTML, like Gecko; compatible; GPTBot/1.3; +https://openai.com/gptbot)"
74.7.243.224 - - [01/Mar/2026:15:13:54 +0000] "GET /whsy.php?p=%2Fvar%2Fsoftaculous%2Fmahara%2Fphp71 HTTP/2.0" 200 801 "https://climateassettrade.com.lab2454.com/whsy.php?p=%2Fvar%2Fsoftaculous%2Fmahara" "Mozilla/5.0 AppleWebKit/537.36 (KHTML, like Gecko; compatible; GPTBot/1.3; +https://openai.com/gptbot)"
74.7.243.226 - - [01/Mar/2026:15:13:59 +0000] "GET /whsy.php?e=projid_map&p=%2Fproc%2F28316 HTTP/2.0" 200 838 "https://www.climateassettrade.com.lab2454.com/whsy.php?p=%2Fproc%2F28316" "Mozilla/5.0 AppleWebKit/537.36 (KHTML, like Gecko; compatible; GPTBot/1.3; +https://openai.com/gptbot)"
74.7.243.224 - - [01/Mar/2026:15:14:01 +0000] "GET /whsy.php?p=%2Fvar%2Fsoftaculous%2Fwacart%2Fphp56 HTTP/2.0" 200 797 "https://climateassettrade.com.lab2454.com/whsy.php?p=%2Fvar%2Fsoftaculous%2Fwacart" "Mozilla/5.0 AppleWebKit/537.36 (KHTML, like Gecko; compatible; GPTBot/1.3; +https://openai.com/gptbot)"
74.7.243.226 - - [01/Mar/2026:15:14:14 +0000] "GET /whsy.php?e=projid_map&p=%2Fproc%2F31878 HTTP/2.0" 200 838 "https://www.climateassettrade.com.lab2454.com/whsy.php?p=%2Fproc%2F31878" "Mozilla/5.0 AppleWebKit/537.36 (KHTML, like Gecko; compatible; GPTBot/1.3; +https://openai.com/gptbot)"
74.7.243.224 - - [01/Mar/2026:15:14:16 +0000] "GET /whsy.php?p=%2Fvar%2Fsoftaculous%2Fcscart%2Fphp53 HTTP/2.0" 200 769 "https://climateassettrade.com.lab2454.com/whsy.php?p=%2Fvar%2Fsoftaculous%2Fcscart" "Mozilla/5.0 AppleWebKit/537.36 (KHTML, like Gecko; compatible; GPTBot/1.3; +https://openai.com/gptbot)"
74.7.243.226 - - [01/Mar/2026:15:14:25 +0000] "GET /whsy.php?p=%2Fproc%2F31878%2Fmap_files HTTP/2.0" 200 838 "https://www.climateassettrade.com.lab2454.com/whsy.php?p=%2Fproc%2F31878" "Mozilla/5.0 AppleWebKit/537.36 (KHTML, like Gecko; compatible; GPTBot/1.3; +https://openai.com/gptbot)"
74.7.243.224 - - [01/Mar/2026:15:14:29 +0000] "GET /whsy.php?p=%2Fvar%2Fsoftaculous%2Fmahara%2Fphp81 HTTP/2.0" 200 801 "https://climateassettrade.com.lab2454.com/whsy.php?p=%2Fvar%2Fsoftaculous%2Fmahara" "Mozilla/5.0 AppleWebKit/537.36 (KHTML, like Gecko; compatible; GPTBot/1.3; +https://openai.com/gptbot)"
74.7.243.226 - - [01/Mar/2026:15:14:35 +0000] "GET /whsy.php?p=%2Fproc%2F30534%2Fmap_files HTTP/2.0" 200 838 "https://www.climateassettrade.com.lab2454.com/whsy.php?p=%2Fproc%2F30534" "Mozilla/5.0 AppleWebKit/537.36 (KHTML, like Gecko; compatible; GPTBot/1.3; +https://openai.com/gptbot)"
74.7.243.224 - - [01/Mar/2026:15:14:37 +0000] "GET /whsy.php?p=%2Fvar%2Fsoftaculous%2Fmahara%2Fphp53 HTTP/2.0" 200 802 "https://climateassettrade.com.lab2454.com/whsy.php?p=%2Fvar%2Fsoftaculous%2Fmahara" "Mozilla/5.0 AppleWebKit/537.36 (KHTML, like Gecko; compatible; GPTBot/1.3; +https://openai.com/gptbot)"
74.7.243.226 - - [01/Mar/2026:15:14:41 +0000] "GET /whsy.php?p=%2Fproc%2F31644%2Fmap_files HTTP/2.0" 200 838 "https://www.climateassettrade.com.lab2454.com/whsy.php?p=%2Fproc%2F31644" "Mozilla/5.0 AppleWebKit/537.36 (KHTML, like Gecko; compatible; GPTBot/1.3; +https://openai.com/gptbot)"
74.7.243.224 - - [01/Mar/2026:15:14:42 +0000] "GET /whsy.php?p=%2Fvar%2Fsoftaculous%2Fcscart%2Fphp71 HTTP/2.0" 200 768 "https://climateassettrade.com.lab2454.com/whsy.php?p=%2Fvar%2Fsoftaculous%2Fcscart" "Mozilla/5.0 AppleWebKit/537.36 (KHTML, like Gecko; compatible; GPTBot/1.3; +https://openai.com/gptbot)"
74.7.243.226 - - [01/Mar/2026:15:14:46 +0000] "GET /whsy.php?p=%2Fproc%2F11186%2Ffdinfo HTTP/2.0" 200 838 "https://www.climateassettrade.com.lab2454.com/whsy.php?p=%2Fproc%2F11186" "Mozilla/5.0 AppleWebKit/537.36 (KHTML, like Gecko; compatible; GPTBot/1.3; +https://openai.com/gptbot)"
74.7.243.224 - - [01/Mar/2026:15:14:47 +0000] "GET /whsy.php?p=%2Fvar%2Fsoftaculous%2Ftxtpat%2Fphp53 HTTP/2.0" 200 802 "https://climateassettrade.com.lab2454.com/whsy.php?p=%2Fvar%2Fsoftaculous%2Ftxtpat" "Mozilla/5.0 AppleWebKit/537.36 (KHTML, like Gecko; compatible; GPTBot/1.3; +https://openai.com/gptbot)"
74.7.243.226 - - [01/Mar/2026:15:14:51 +0000] "GET /whsy.php?p=%2Fproc%2F18222%2Ffdinfo HTTP/2.0" 200 838 "https://www.climateassettrade.com.lab2454.com/whsy.php?p=%2Fproc%2F18222" "Mozilla/5.0 AppleWebKit/537.36 (KHTML, like Gecko; compatible; GPTBot/1.3; +https://openai.com/gptbot)"
74.7.243.224 - - [01/Mar/2026:15:14:52 +0000] "GET /whsy.php?p=%2Fvar%2Fsoftaculous%2Fcscart%2Fphp81 HTTP/2.0" 200 769 "https://climateassettrade.com.lab2454.com/whsy.php?p=%2Fvar%2Fsoftaculous%2Fcscart" "Mozilla/5.0 AppleWebKit/537.36 (KHTML, like Gecko; compatible; GPTBot/1.3; +https://openai.com/gptbot)"
74.7.243.226 - - [01/Mar/2026:15:14:55 +0000] "GET /whsy.php?p=%2Fproc%2F15360%2Ffdinfo HTTP/2.0" 200 838 "https://www.climateassettrade.com.lab2454.com/whsy.php?p=%2Fproc%2F15360" "Mozilla/5.0 AppleWebKit/537.36 (KHTML, like Gecko; compatible; GPTBot/1.3; +https://openai.com/gptbot)"
74.7.243.224 - - [01/Mar/2026:15:14:56 +0000] "GET /whsy.php?p=%2Fvar%2Fsoftaculous%2Fwacart%2Fphp71 HTTP/2.0" 200 797 "https://climateassettrade.com.lab2454.com/whsy.php?p=%2Fvar%2Fsoftaculous%2Fwacart" "Mozilla/5.0 AppleWebKit/537.36 (KHTML, like Gecko; compatible; GPTBot/1.3; +https://openai.com/gptbot)"
74.7.243.226 - - [01/Mar/2026:15:15:00 +0000] "GET /whsy.php?e=projid_map&p=%2Fproc%2F27000 HTTP/2.0" 200 838 "https://www.climateassettrade.com.lab2454.com/whsy.php?p=%2Fproc%2F27000" "Mozilla/5.0 AppleWebKit/537.36 (KHTML, like Gecko; compatible; GPTBot/1.3; +https://openai.com/gptbot)"
74.7.243.224 - - [01/Mar/2026:15:15:01 +0000] "GET /whsy.php?p=%2Fvar%2Fsoftaculous%2Fcscart%2Fphp56 HTTP/2.0" 200 769 "https://climateassettrade.com.lab2454.com/whsy.php?p=%2Fvar%2Fsoftaculous%2Fcscart" "Mozilla/5.0 AppleWebKit/537.36 (KHTML, like Gecko; compatible; GPTBot/1.3; +https://openai.com/gptbot)"
74.7.243.226 - - [01/Mar/2026:15:15:05 +0000] "GET /whsy.php?p=%2Fproc%2F13854%2Fmap_files HTTP/2.0" 200 838 "https://www.climateassettrade.com.lab2454.com/whsy.php?p=%2Fproc%2F13854" "Mozilla/5.0 AppleWebKit/537.36 (KHTML, like Gecko; compatible; GPTBot/1.3; +https://openai.com/gptbot)"
74.7.243.224 - - [01/Mar/2026:15:15:06 +0000] "GET /whsy.php?p=%2Fvar%2Fsoftaculous%2Fmahara%2Fphp56 HTTP/2.0" 200 802 "https://climateassettrade.com.lab2454.com/whsy.php?p=%2Fvar%2Fsoftaculous%2Fmahara" "Mozilla/5.0 AppleWebKit/537.36 (KHTML, like Gecko; compatible; GPTBot/1.3; +https://openai.com/gptbot)"
74.7.243.226 - - [01/Mar/2026:15:15:10 +0000] "GET /whsy.php?p=%2Fproc%2F15360%2Fmap_files HTTP/2.0" 200 838 "https://www.climateassettrade.com.lab2454.com/whsy.php?p=%2Fproc%2F15360" "Mozilla/5.0 AppleWebKit/537.36 (KHTML, like Gecko; compatible; GPTBot/1.3; +https://openai.com/gptbot)"
74.7.243.224 - - [01/Mar/2026:15:15:11 +0000] "GET /whsy.php?p=%2Fvar%2Fsoftaculous%2Ftxtpat%2Fphp56 HTTP/2.0" 200 802 "https://climateassettrade.com.lab2454.com/whsy.php?p=%2Fvar%2Fsoftaculous%2Ftxtpat" "Mozilla/5.0 AppleWebKit/537.36 (KHTML, like Gecko; compatible; GPTBot/1.3; +https://openai.com/gptbot)"
74.7.243.226 - - [01/Mar/2026:15:15:16 +0000] "GET /whsy.php?p=%2Fproc%2F30534%2Ffdinfo HTTP/2.0" 200 838 "https://www.climateassettrade.com.lab2454.com/whsy.php?p=%2Fproc%2F30534" "Mozilla/5.0 AppleWebKit/537.36 (KHTML, like Gecko; compatible; GPTBot/1.3; +https://openai.com/gptbot)"
74.7.243.224 - - [01/Mar/2026:15:15:17 +0000] "GET /whsy.php?e=jp.php&p=%2Fhome%2Flab2454c%2Fcrypto.keyreum.com%2Fvendor%2Fbin HTTP/2.0" 200 1994 "https://climateassettrade.com.lab2454.com/whsy.php?p=%2Fhome%2Flab2454c%2Fcrypto.keyreum.com%2Fvendor%2Fbin" "Mozilla/5.0 AppleWebKit/537.36 (KHTML, like Gecko; compatible; GPTBot/1.3; +https://openai.com/gptbot)"
74.7.243.226 - - [01/Mar/2026:15:15:25 +0000] "GET /whsy.php?p=%2Fproc%2F31644%2Ffdinfo HTTP/2.0" 200 838 "https://www.climateassettrade.com.lab2454.com/whsy.php?p=%2Fproc%2F31644" "Mozilla/5.0 AppleWebKit/537.36 (KHTML, like Gecko; compatible; GPTBot/1.3; +https://openai.com/gptbot)"
74.7.243.224 - - [01/Mar/2026:15:15:26 +0000] "GET /whsy.php?e=php-parse.bat&p=%2Fhome%2Flab2454c%2Faficb.com%2Fvendor%2Fbin HTTP/2.0" 200 1214 "https://climateassettrade.com.lab2454.com/whsy.php?p=%2Fhome%2Flab2454c%2Faficb.com%2Fvendor%2Fbin" "Mozilla/5.0 AppleWebKit/537.36 (KHTML, like Gecko; compatible; GPTBot/1.3; +https://openai.com/gptbot)"
74.7.243.226 - - [01/Mar/2026:15:15:36 +0000] "GET /whsy.php?p=%2Fproc%2F31878%2Ffdinfo HTTP/2.0" 200 838 "https://www.climateassettrade.com.lab2454.com/whsy.php?p=%2Fproc%2F31878" "Mozilla/5.0 AppleWebKit/537.36 (KHTML, like Gecko; compatible; GPTBot/1.3; +https://openai.com/gptbot)"
74.7.243.224 - - [01/Mar/2026:15:15:38 +0000] "GET /whsy.php?e=helpers.php&p=%2Fhome%2Flab2454c%2Fsportsnovate.com%2Fbackups%2Fcore%2Fvendor%2Fmockery%2Fmockery%2Flibrary HTTP/2.0" 200 1343 "https://climateassettrade.com.lab2454.com/whsy.php?p=%2Fhome%2Flab2454c%2Fsportsnovate.com%2Fbackups%2Fcore%2Fvendor%2Fmockery%2Fmockery%2Flibrary" "Mozilla/5.0 AppleWebKit/537.36 (KHTML, like Gecko; compatible; GPTBot/1.3; +https://openai.com/gptbot)"
74.7.243.224 - - [01/Mar/2026:15:15:48 +0000] "GET /whsy.php?e=Customer.php&p=%2Fhome%2Flab2454c%2Fsportsnovate.com%2Fbackups%2Fcore%2Fvendor%2Frazorpay%2Frazorpay%2Fsrc HTTP/2.0" 200 1724 "https://climateassettrade.com.lab2454.com/whsy.php?p=%2Fhome%2Flab2454c%2Fsportsnovate.com%2Fbackups%2Fcore%2Fvendor%2Frazorpay%2Frazorpay%2Fsrc" "Mozilla/5.0 AppleWebKit/537.36 (KHTML, like Gecko; compatible; GPTBot/1.3; +https://openai.com/gptbot)"
74.7.243.224 - - [01/Mar/2026:15:15:58 +0000] "GET /whsy.php?e=Mockery.php&p=%2Fhome%2Flab2454c%2Fsportsnovate.com%2Fbackups%2Fcore%2Fvendor%2Fmockery%2Fmockery%2Flibrary HTTP/2.0" 200 6256 "https://climateassettrade.com.lab2454.com/whsy.php?p=%2Fhome%2Flab2454c%2Fsportsnovate.com%2Fbackups%2Fcore%2Fvendor%2Fmockery%2Fmockery%2Flibrary" "Mozilla/5.0 AppleWebKit/537.36 (KHTML, like Gecko; compatible; GPTBot/1.3; +https://openai.com/gptbot)"
74.7.243.224 - - [01/Mar/2026:15:16:15 +0000] "GET /whsy.php?e=Factory.php&p=%2Fhome%2Flab2454c%2Fhealthvalidate.com%2Fvendor%2Fphpunit%2Fphpunit%2Fsrc%2FRunner%2FFilter HTTP/2.0" 200 1599 "https://climateassettrade.com.lab2454.com/whsy.php?p=%2Fhome%2Flab2454c%2Fhealthvalidate.com%2Fvendor%2Fphpunit%2Fphpunit%2Fsrc%2FRunner%2FFilter" "Mozilla/5.0 AppleWebKit/537.36 (KHTML, like Gecko; compatible; GPTBot/1.3; +https://openai.com/gptbot)"
74.7.243.226 - - [01/Mar/2026:15:15:46 +0000] "GET /whsy.php?p=%2Fproc%2F16769%2Ffdinfo HTTP/2.0" 200 718081 "https://www.climateassettrade.com.lab2454.com/whsy.php?p=%2Fproc%2F16769" "Mozilla/5.0 AppleWebKit/537.36 (KHTML, like Gecko; compatible; GPTBot/1.3; +https://openai.com/gptbot)"
74.7.243.224 - - [01/Mar/2026:15:16:27 +0000] "GET /whsy.php?e=Transfer.php&p=%2Fhome%2Flab2454c%2Fsportsnovate.com%2Fbackups%2Fcore%2Fvendor%2Frazorpay%2Frazorpay%2Fsrc HTTP/2.0" 200 1911 "https://climateassettrade.com.lab2454.com/whsy.php?p=%2Fhome%2Flab2454c%2Fsportsnovate.com%2Fbackups%2Fcore%2Fvendor%2Frazorpay%2Frazorpay%2Fsrc" "Mozilla/5.0 AppleWebKit/537.36 (KHTML, like Gecko; compatible; GPTBot/1.3; +https://openai.com/gptbot)"
74.7.243.226 - - [01/Mar/2026:15:16:27 +0000] "GET /whsy.php?e=projid_map&p=%2Fproc%2F20267 HTTP/2.0" 200 838 "https://www.climateassettrade.com.lab2454.com/whsy.php?p=%2Fproc%2F20267" "Mozilla/5.0 AppleWebKit/537.36 (KHTML, like Gecko; compatible; GPTBot/1.3; +https://openai.com/gptbot)"
74.7.243.224 - - [01/Mar/2026:15:16:35 +0000] "GET /whsy.php?e=LazyDouble.php&p=%2Fhome%2Flab2454c%2Fbancmils.com%2Fvendor%2Fphpspec%2Fprophecy%2Fsrc%2FProphecy%2FDoubler HTTP/2.0" 200 1880 "https://climateassettrade.com.lab2454.com/whsy.php?p=%2Fhome%2Flab2454c%2Fbancmils.com%2Fvendor%2Fphpspec%2Fprophecy%2Fsrc%2FProphecy%2FDoubler" "Mozilla/5.0 AppleWebKit/537.36 (KHTML, like Gecko; compatible; GPTBot/1.3; +https://openai.com/gptbot)"
74.7.243.226 - - [01/Mar/2026:15:16:35 +0000] "GET /whsy.php?e=projid_map&p=%2Fproc%2F26186 HTTP/2.0" 200 838 "https://www.climateassettrade.com.lab2454.com/whsy.php?p=%2Fproc%2F26186" "Mozilla/5.0 AppleWebKit/537.36 (KHTML, like Gecko; compatible; GPTBot/1.3; +https://openai.com/gptbot)"
74.7.243.224 - - [01/Mar/2026:15:16:47 +0000] "GET /whsy.php?e=ProcessController.php&p=%2Fhome%2Flab2454c%2F.trash%2Fcore%2Fapp%2FHttp%2FControllers%2FGateway%2FVoguepay HTTP/2.0" 200 838 "https://climateassettrade.com.lab2454.com/whsy.php?p=%2Fhome%2Flab2454c%2F.trash%2Fcore%2Fapp%2FHttp%2FControllers%2FGateway%2FVoguepay" "Mozilla/5.0 AppleWebKit/537.36 (KHTML, like Gecko; compatible; GPTBot/1.3; +https://openai.com/gptbot)"
74.7.243.226 - - [01/Mar/2026:15:16:47 +0000] "GET /whsy.php?e=projid_map&p=%2Fproc%2F26856 HTTP/2.0" 200 838 "https://www.climateassettrade.com.lab2454.com/whsy.php?p=%2Fproc%2F26856" "Mozilla/5.0 AppleWebKit/537.36 (KHTML, like Gecko; compatible; GPTBot/1.3; +https://openai.com/gptbot)"
74.7.243.224 - - [01/Mar/2026:15:16:56 +0000] "GET /whsy.php?e=TypeMatcher.php&p=%2Fhome%2Flab2454c%2Fcostbloc.com%2Fvendor%2Fmyclabs%2Fdeep-copy%2Fsrc%2FDeepCopy%2FTypeMatcher HTTP/2.0" 200 996 "https://climateassettrade.com.lab2454.com/whsy.php?p=%2Fhome%2Flab2454c%2Fcostbloc.com%2Fvendor%2Fmyclabs%2Fdeep-copy%2Fsrc%2FDeepCopy%2FTypeMatcher" "Mozilla/5.0 AppleWebKit/537.36 (KHTML, like Gecko; compatible; GPTBot/1.3; +https://openai.com/gptbot)"
74.7.243.226 - - [01/Mar/2026:15:16:56 +0000] "GET /whsy.php?e=projid_map&p=%2Fproc%2F16213 HTTP/2.0" 200 838 "https://www.climateassettrade.com.lab2454.com/whsy.php?p=%2Fproc%2F16213" "Mozilla/5.0 AppleWebKit/537.36 (KHTML, like Gecko; compatible; GPTBot/1.3; +https://openai.com/gptbot)"
74.7.243.224 - - [01/Mar/2026:15:17:10 +0000] "GET /whsy.php?e=ProcessController.php&p=%2Fhome%2Flab2454c%2F.trash%2Fcore%2Fapp%2FHttp%2FControllers%2FGateway%2FStripeJs HTTP/2.0" 200 838 "https://climateassettrade.com.lab2454.com/whsy.php?p=%2Fhome%2Flab2454c%2F.trash%2Fcore%2Fapp%2FHttp%2FControllers%2FGateway%2FStripeJs" "Mozilla/5.0 AppleWebKit/537.36 (KHTML, like Gecko; compatible; GPTBot/1.3; +https://openai.com/gptbot)"
74.7.243.226 - - [01/Mar/2026:15:17:10 +0000] "GET /whsy.php?e=projid_map&p=%2Fproc%2F31832 HTTP/2.0" 200 838 "https://www.climateassettrade.com.lab2454.com/whsy.php?p=%2Fproc%2F31832" "Mozilla/5.0 AppleWebKit/537.36 (KHTML, like Gecko; compatible; GPTBot/1.3; +https://openai.com/gptbot)"
74.7.243.224 - - [01/Mar/2026:15:17:18 +0000] "GET /whsy.php?e=bootstrap.php&p=%2Fhome%2Flab2454c%2Fsportsnovate.com%2Fbackups%2Fcore%2Fvendor%2Fcoingate%2Fcoingate-php%2Ftests HTTP/2.0" 200 960 "https://climateassettrade.com.lab2454.com/whsy.php?p=%2Fhome%2Flab2454c%2Fsportsnovate.com%2Fbackups%2Fcore%2Fvendor%2Fcoingate%2Fcoingate-php%2Ftests" "Mozilla/5.0 AppleWebKit/537.36 (KHTML, like Gecko; compatible; GPTBot/1.3; +https://openai.com/gptbot)"
74.7.243.226 - - [01/Mar/2026:15:17:18 +0000] "GET /whsy.php?e=ksm_merging_pages&p=%2Fproc%2F13854 HTTP/2.0" 200 838 "https://www.climateassettrade.com.lab2454.com/whsy.php?p=%2Fproc%2F13854" "Mozilla/5.0 AppleWebKit/537.36 (KHTML, like Gecko; compatible; GPTBot/1.3; +https://openai.com/gptbot)"
74.7.243.224 - - [01/Mar/2026:15:17:29 +0000] "GET /whsy.php?e=Error.php&p=%2Fhome%2Flab2454c%2Fhealthvalidate.com%2Fvendor%2Fphpunit%2Fphpunit%2Fsrc%2FFramework%2FError HTTP/2.0" 200 1245 "https://climateassettrade.com.lab2454.com/whsy.php?p=%2Fhome%2Flab2454c%2Fhealthvalidate.com%2Fvendor%2Fphpunit%2Fphpunit%2Fsrc%2FFramework%2FError" "Mozilla/5.0 AppleWebKit/537.36 (KHTML, like Gecko; compatible; GPTBot/1.3; +https://openai.com/gptbot)"
74.7.243.226 - - [01/Mar/2026:15:17:29 +0000] "GET /whsy.php?e=ksm_merging_pages&p=%2Fproc%2F15360 HTTP/2.0" 200 838 "https://www.climateassettrade.com.lab2454.com/whsy.php?p=%2Fproc%2F15360" "Mozilla/5.0 AppleWebKit/537.36 (KHTML, like Gecko; compatible; GPTBot/1.3; +https://openai.com/gptbot)"
74.7.243.224 - - [01/Mar/2026:15:17:40 +0000] "GET /whsy.php?e=not.svg&p=%2Fhome%2Flab2454c%2Fcostbloc.com%2Fpublic%2Fdist%2Fimg HTTP/2.0" 200 2675 "https://climateassettrade.com.lab2454.com/whsy.php?p=%2Fhome%2Flab2454c%2Fcostbloc.com%2Fpublic%2Fdist%2Fimg" "Mozilla/5.0 AppleWebKit/537.36 (KHTML, like Gecko; compatible; GPTBot/1.3; +https://openai.com/gptbot)"
74.7.243.226 - - [01/Mar/2026:15:17:40 +0000] "GET /whsy.php?e=mountinfo&p=%2Fproc%2F22228 HTTP/2.0" 200 838 "https://www.climateassettrade.com.lab2454.com/whsy.php?p=%2Fproc%2F22228" "Mozilla/5.0 AppleWebKit/537.36 (KHTML, like Gecko; compatible; GPTBot/1.3; +https://openai.com/gptbot)"
74.7.243.224 - - [01/Mar/2026:15:17:49 +0000] "GET /whsy.php?e=stable_pages_required&p=%2Fsys%2Fdevices%2Fvirtual%2Fbdi%2F1%3A11 HTTP/2.0" 200 1050 "https://climateassettrade.com.lab2454.com/whsy.php?p=%2Fsys%2Fdevices%2Fvirtual%2Fblock%2Fram11%2Fbdi" "Mozilla/5.0 AppleWebKit/537.36 (KHTML, like Gecko; compatible; GPTBot/1.3; +https://openai.com/gptbot)"
74.7.243.226 - - [01/Mar/2026:15:17:49 +0000] "GET /whsy.php?e=sockcreate&p=%2Fproc%2F31832%2Fattr HTTP/2.0" 200 838 "https://www.climateassettrade.com.lab2454.com/whsy.php?p=%2Fproc%2F31832%2Fattr" "Mozilla/5.0 AppleWebKit/537.36 (KHTML, like Gecko; compatible; GPTBot/1.3; +https://openai.com/gptbot)"
74.7.243.224 - - [01/Mar/2026:15:17:59 +0000] "GET /whsy.php?p=%2Fhome%2Flab2454c%2Faficbgroup.com%2Fwp-content%2Fplugins%2Felementor-pro%2Fdocs%2Fmodules%2Fpayments%2Fwidgets%2F.. HTTP/2.0" 200 772 "https://climateassettrade.com.lab2454.com/whsy.php?p=%2Fhome%2Flab2454c%2Faficbgroup.com%2Fwp-content%2Fplugins%2Felementor-pro%2Fdocs%2Fmodules%2Fpayments%2Fwidgets" "Mozilla/5.0 AppleWebKit/537.36 (KHTML, like Gecko; compatible; GPTBot/1.3; +https://openai.com/gptbot)"
74.7.243.226 - - [01/Mar/2026:15:18:00 +0000] "GET /whsy.php?p=%2Fproc%2F13854%2Fnet%2Fdev_snmp6 HTTP/2.0" 200 838 "https://www.climateassettrade.com.lab2454.com/whsy.php?p=%2Fproc%2F13854%2Fnet" "Mozilla/5.0 AppleWebKit/537.36 (KHTML, like Gecko; compatible; GPTBot/1.3; +https://openai.com/gptbot)"
74.7.243.224 - - [01/Mar/2026:15:18:12 +0000] "GET /whsy.php?p=%2Fhome%2Flab2454c%2Fcredityork.com%2Fwp-content%2Fplugins%2Felementskit-lite%2Fmodules%2Felementskit-icon-pack%2Fassets%2Fjs%2F.. HTTP/2.0" 200 608 "https://climateassettrade.com.lab2454.com/whsy.php?p=%2Fhome%2Flab2454c%2Fcredityork.com%2Fwp-content%2Fplugins%2Felementskit-lite%2Fmodules%2Felementskit-icon-pack%2Fassets%2Fjs" "Mozilla/5.0 AppleWebKit/537.36 (KHTML, like Gecko; compatible; GPTBot/1.3; +https://openai.com/gptbot)"
74.7.243.226 - - [01/Mar/2026:15:18:12 +0000] "GET /whsy.php?p=%2Fproc%2F22228%2Fns HTTP/2.0" 200 838 "https://www.climateassettrade.com.lab2454.com/whsy.php?p=%2Fproc%2F22228" "Mozilla/5.0 AppleWebKit/537.36 (KHTML, like Gecko; compatible; GPTBot/1.3; +https://openai.com/gptbot)"
74.7.175.129 - - [01/Mar/2026:15:18:13 +0000] "GET /robots.txt HTTP/2.0" 404 - "-" "Mozilla/5.0 (Macintosh; Intel Mac OS X 10_15_7) AppleWebKit/537.36 (KHTML, like Gecko) Chrome/131.0.0.0 Safari/537.36; compatible; OAI-SearchBot/1.3; robots.txt; +https://openai.com/searchbot"
74.7.243.224 - - [01/Mar/2026:15:18:31 +0000] "GET /whsy.php?e=index.js&p=%2Fhome%2Flab2454c%2Fveritserv.net%2Fwp-content%2Fplugins%2Felementor%2Fpackages%2Felementor-ui%2Fcomponents HTTP/2.0" 200 894 "https://climateassettrade.com.lab2454.com/whsy.php?p=%2Fhome%2Flab2454c%2Fveritserv.net%2Fwp-content%2Fplugins%2Felementor%2Fpackages%2Felementor-ui%2Fcomponents" "Mozilla/5.0 AppleWebKit/537.36 (KHTML, like Gecko; compatible; GPTBot/1.3; +https://openai.com/gptbot)"
74.7.243.226 - - [01/Mar/2026:15:18:31 +0000] "GET /whsy.php?p=%2Fproc%2F28316%2Fmap_files HTTP/2.0" 200 838 "https://www.climateassettrade.com.lab2454.com/whsy.php?p=%2Fproc%2F28316" "Mozilla/5.0 AppleWebKit/537.36 (KHTML, like Gecko; compatible; GPTBot/1.3; +https://openai.com/gptbot)"
74.7.243.224 - - [01/Mar/2026:15:18:41 +0000] "GET /whsy.php?p=%2Fhome%2Flab2454c%2Fcostbloc.net%2Fwp%2Fwp-includes%2Fblocks%2Flist-item HTTP/2.0" 200 716 "https://climateassettrade.com.lab2454.com/whsy.php?p=%2Fhome%2Flab2454c%2Fcostbloc.net%2Fwp%2Fwp-includes%2Fblocks" "Mozilla/5.0 AppleWebKit/537.36 (KHTML, like Gecko; compatible; GPTBot/1.3; +https://openai.com/gptbot)"
74.7.243.226 - - [01/Mar/2026:15:18:41 +0000] "GET /whsy.php?p=%2Fproc%2F18420%2Fmap_files HTTP/2.0" 200 838 "https://www.climateassettrade.com.lab2454.com/whsy.php?p=%2Fproc%2F18420" "Mozilla/5.0 AppleWebKit/537.36 (KHTML, like Gecko; compatible; GPTBot/1.3; +https://openai.com/gptbot)"
74.7.243.224 - - [01/Mar/2026:15:18:50 +0000] "GET /whsy.php?e=Controller.php&p=%2Fhome%2Flab2454c%2Fbancmils.com%2Fapp%2FHttp%2FControllers HTTP/2.0" 200 1015 "https://climateassettrade.com.lab2454.com/whsy.php?p=%2Fhome%2Flab2454c%2Fbancmils.com%2Fapp%2FHttp%2FControllers" "Mozilla/5.0 AppleWebKit/537.36 (KHTML, like Gecko; compatible; GPTBot/1.3; +https://openai.com/gptbot)"
74.7.243.226 - - [01/Mar/2026:15:18:50 +0000] "GET /whsy.php?p=%2Fproc%2F31279%2Fmap_files HTTP/2.0" 200 838 "https://www.climateassettrade.com.lab2454.com/whsy.php?p=%2Fproc%2F31279" "Mozilla/5.0 AppleWebKit/537.36 (KHTML, like Gecko; compatible; GPTBot/1.3; +https://openai.com/gptbot)"
74.7.243.224 - - [01/Mar/2026:15:19:00 +0000] "GET /whsy.php?e=upgrade-2.8.0.php&p=%2Fhome%2Flab2454c%2Finvest.westernclear.com%2Fwp-content%2Fplugins%2Fwp-user-frontend%2Fincludes%2Fupgrades HTTP/2.0" 200 1290 "https://climateassettrade.com.lab2454.com/whsy.php?p=%2Fhome%2Flab2454c%2Finvest.westernclear.com%2Fwp-content%2Fplugins%2Fwp-user-frontend%2Fincludes%2Fupgrades" "Mozilla/5.0 AppleWebKit/537.36 (KHTML, like Gecko; compatible; GPTBot/1.3; +https://openai.com/gptbot)"
74.7.243.226 - - [01/Mar/2026:15:19:01 +0000] "GET /whsy.php?e=projid_map&p=%2Fproc%2F18222 HTTP/2.0" 200 838 "https://www.climateassettrade.com.lab2454.com/whsy.php?p=%2Fproc%2F18222" "Mozilla/5.0 AppleWebKit/537.36 (KHTML, like Gecko; compatible; GPTBot/1.3; +https://openai.com/gptbot)"
74.7.243.224 - - [01/Mar/2026:15:19:18 +0000] "GET /whsy.php?e=BLAKE2b.php&p=%2Fhome%2Flab2454c%2Fvalidatekey.com%2Fwp-includes%2Fsodium_compat%2Fsrc%2FCore32 HTTP/2.0" 200 5523 "https://climateassettrade.com.lab2454.com/whsy.php?p=%2Fhome%2Flab2454c%2Fvalidatekey.com%2Fwp-includes%2Fsodium_compat%2Fsrc%2FCore32" "Mozilla/5.0 AppleWebKit/537.36 (KHTML, like Gecko; compatible; GPTBot/1.3; +https://openai.com/gptbot)"
74.7.243.226 - - [01/Mar/2026:15:19:18 +0000] "GET /whsy.php?e=projid_map&p=%2Fproc%2F32225 HTTP/2.0" 200 838 "https://www.climateassettrade.com.lab2454.com/whsy.php?p=%2Fproc%2F32225" "Mozilla/5.0 AppleWebKit/537.36 (KHTML, like Gecko; compatible; GPTBot/1.3; +https://openai.com/gptbot)"
74.7.244.20 - - [01/Mar/2026:15:19:19 +0000] "GET /robots.txt HTTP/2.0" 404 - "-" "Mozilla/5.0 (Macintosh; Intel Mac OS X 10_15_7) AppleWebKit/537.36 (KHTML, like Gecko) Chrome/131.0.0.0 Safari/537.36; compatible; OAI-SearchBot/1.3; robots.txt; +https://openai.com/searchbot"
74.7.243.224 - - [01/Mar/2026:15:19:28 +0000] "GET /whsy.php?e=var_cp_centos_major_version&p=%2Fvar%2Flib%2Fyum%2Fyumdb%2Fg%2F11f639308b65cfcb40237ddc939f28b60b2c805e-gettext-0.19.8.1-3.el7-x86_64 HTTP/2.0" 200 1232 "https://climateassettrade.com.lab2454.com/whsy.php?p=%2Fvar%2Flib%2Fyum%2Fyumdb%2Fg%2F11f639308b65cfcb40237ddc939f28b60b2c805e-gettext-0.19.8.1-3.el7-x86_64" "Mozilla/5.0 AppleWebKit/537.36 (KHTML, like Gecko; compatible; GPTBot/1.3; +https://openai.com/gptbot)"
74.7.243.226 - - [01/Mar/2026:15:19:28 +0000] "GET /whsy.php?e=coredump_filter&p=%2Fproc%2F16769 HTTP/2.0" 200 2008 "https://www.climateassettrade.com.lab2454.com/whsy.php?p=%2Fproc%2F16769" "Mozilla/5.0 AppleWebKit/537.36 (KHTML, like Gecko; compatible; GPTBot/1.3; +https://openai.com/gptbot)"
74.7.243.224 - - [01/Mar/2026:15:19:38 +0000] "GET /whsy.php?e=var_cp_centos_major_version&p=%2Fvar%2Flib%2Fyum%2Fyumdb%2Fe%2F78711627c4ab8c095bd5d301a505538bf5447a00-els-define-1-1.0.4.el7-x86_64 HTTP/2.0" 200 1296 "https://climateassettrade.com.lab2454.com/whsy.php?p=%2Fvar%2Flib%2Fyum%2Fyumdb%2Fe%2F78711627c4ab8c095bd5d301a505538bf5447a00-els-define-1-1.0.4.el7-x86_64" "Mozilla/5.0 AppleWebKit/537.36 (KHTML, like Gecko; compatible; GPTBot/1.3; +https://openai.com/gptbot)"
74.7.243.226 - - [01/Mar/2026:15:19:38 +0000] "GET /whsy.php?e=coredump_filter&p=%2Fproc%2F28316 HTTP/2.0" 200 838 "https://www.climateassettrade.com.lab2454.com/whsy.php?p=%2Fproc%2F28316" "Mozilla/5.0 AppleWebKit/537.36 (KHTML, like Gecko; compatible; GPTBot/1.3; +https://openai.com/gptbot)"
74.7.243.224 - - [01/Mar/2026:15:19:53 +0000] "GET /whsy.php?e=var_cp_centos_major_version&p=%2Fvar%2Flib%2Fyum%2Fyumdb%2Fs%2F5141b3213958c84d75e8d61001a6fbf3c25cc7ba-speex-1.2-0.19.rc1.el7-x86_64 HTTP/2.0" 200 1267 "https://climateassettrade.com.lab2454.com/whsy.php?p=%2Fvar%2Flib%2Fyum%2Fyumdb%2Fs%2F5141b3213958c84d75e8d61001a6fbf3c25cc7ba-speex-1.2-0.19.rc1.el7-x86_64" "Mozilla/5.0 AppleWebKit/537.36 (KHTML, like Gecko; compatible; GPTBot/1.3; +https://openai.com/gptbot)"
74.7.243.226 - - [01/Mar/2026:15:19:53 +0000] "GET /whsy.php?e=coredump_filter&p=%2Fproc%2F31644 HTTP/2.0" 200 838 "https://www.climateassettrade.com.lab2454.com/whsy.php?p=%2Fproc%2F31644" "Mozilla/5.0 AppleWebKit/537.36 (KHTML, like Gecko; compatible; GPTBot/1.3; +https://openai.com/gptbot)"
74.7.243.224 - - [01/Mar/2026:15:20:00 +0000] "GET /whsy.php?e=from_repo_revision&p=%2Fvar%2Flib%2Fyum%2Fyumdb%2Fl%2Fc4c5dc9932cf560bd6fe556136bac8af64980748-libsndfile-1.0.25-12.el7_9.1-x86_64 HTTP/2.0" 200 1310 "https://climateassettrade.com.lab2454.com/whsy.php?p=%2Fvar%2Flib%2Fyum%2Fyumdb%2Fl%2Fc4c5dc9932cf560bd6fe556136bac8af64980748-libsndfile-1.0.25-12.el7_9.1-x86_64" "Mozilla/5.0 AppleWebKit/537.36 (KHTML, like Gecko; compatible; GPTBot/1.3; +https://openai.com/gptbot)"
74.7.243.226 - - [01/Mar/2026:15:20:00 +0000] "GET /whsy.php?e=coredump_filter&p=%2Fproc%2F18420 HTTP/2.0" 200 838 "https://www.climateassettrade.com.lab2454.com/whsy.php?p=%2Fproc%2F18420" "Mozilla/5.0 AppleWebKit/537.36 (KHTML, like Gecko; compatible; GPTBot/1.3; +https://openai.com/gptbot)"
74.7.243.224 - - [01/Mar/2026:15:20:10 +0000] "GET /whsy.php?e=from_repo_revision&p=%2Fvar%2Flib%2Fyum%2Fyumdb%2Fg%2Fd4318e645b93c6562167bae46fa07b06ab02e76f-gettext-devel-0.19.8.1-3.el7-x86_64 HTTP/2.0" 200 1308 "https://climateassettrade.com.lab2454.com/whsy.php?p=%2Fvar%2Flib%2Fyum%2Fyumdb%2Fg%2Fd4318e645b93c6562167bae46fa07b06ab02e76f-gettext-devel-0.19.8.1-3.el7-x86_64" "Mozilla/5.0 AppleWebKit/537.36 (KHTML, like Gecko; compatible; GPTBot/1.3; +https://openai.com/gptbot)"
74.7.243.226 - - [01/Mar/2026:15:20:10 +0000] "GET /whsy.php?e=coredump_filter&p=%2Fproc%2F30534 HTTP/2.0" 200 838 "https://www.climateassettrade.com.lab2454.com/whsy.php?p=%2Fproc%2F30534" "Mozilla/5.0 AppleWebKit/537.36 (KHTML, like Gecko; compatible; GPTBot/1.3; +https://openai.com/gptbot)"
74.7.243.224 - - [01/Mar/2026:15:20:24 +0000] "GET /whsy.php?e=var_cp_centos_major_version&p=%2Fvar%2Flib%2Fyum%2Fyumdb%2Fl%2F199a4ae32c478d6b3255b183d3ceac8993a67d24-libyaml-0.1.4-11.el7_0-x86_64 HTTP/2.0" 200 1199 "https://climateassettrade.com.lab2454.com/whsy.php?p=%2Fvar%2Flib%2Fyum%2Fyumdb%2Fl%2F199a4ae32c478d6b3255b183d3ceac8993a67d24-libyaml-0.1.4-11.el7_0-x86_64" "Mozilla/5.0 AppleWebKit/537.36 (KHTML, like Gecko; compatible; GPTBot/1.3; +https://openai.com/gptbot)"
74.7.243.226 - - [01/Mar/2026:15:20:24 +0000] "GET /whsy.php?e=coredump_filter&p=%2Fproc%2F31279 HTTP/2.0" 200 838 "https://www.climateassettrade.com.lab2454.com/whsy.php?p=%2Fproc%2F31279" "Mozilla/5.0 AppleWebKit/537.36 (KHTML, like Gecko; compatible; GPTBot/1.3; +https://openai.com/gptbot)"
74.7.243.224 - - [01/Mar/2026:15:20:38 +0000] "GET /whsy.php?e=var_cp_centos_major_version&p=%2Fvar%2Flib%2Fyum%2Fyumdb%2Fl%2F35b875de0d541a1ff260b1f9b4997b719a2f73a2-libtool-2.4.2-22.el7_3-x86_64 HTTP/2.0" 200 1266 "https://climateassettrade.com.lab2454.com/whsy.php?p=%2Fvar%2Flib%2Fyum%2Fyumdb%2Fl%2F35b875de0d541a1ff260b1f9b4997b719a2f73a2-libtool-2.4.2-22.el7_3-x86_64" "Mozilla/5.0 AppleWebKit/537.36 (KHTML, like Gecko; compatible; GPTBot/1.3; +https://openai.com/gptbot)"
74.7.243.226 - - [01/Mar/2026:15:20:38 +0000] "GET /whsy.php?e=coredump_filter&p=%2Fproc%2F31878 HTTP/2.0" 200 838 "https://www.climateassettrade.com.lab2454.com/whsy.php?p=%2Fproc%2F31878" "Mozilla/5.0 AppleWebKit/537.36 (KHTML, like Gecko; compatible; GPTBot/1.3; +https://openai.com/gptbot)"
74.7.243.224 - - [01/Mar/2026:15:20:44 +0000] "GET /whsy.php?e=var_cp_centos_major_version&p=%2Fvar%2Flib%2Fyum%2Fyumdb%2Fd%2F71c51874507fca9f58a5a4c7eef9692cf42934f1-dsniff-2.4-0.33.b1.el7-x86_64 HTTP/2.0" 200 1267 "https://climateassettrade.com.lab2454.com/whsy.php?p=%2Fvar%2Flib%2Fyum%2Fyumdb%2Fd%2F71c51874507fca9f58a5a4c7eef9692cf42934f1-dsniff-2.4-0.33.b1.el7-x86_64" "Mozilla/5.0 AppleWebKit/537.36 (KHTML, like Gecko; compatible; GPTBot/1.3; +https://openai.com/gptbot)"
74.7.243.226 - - [01/Mar/2026:15:20:44 +0000] "GET /whsy.php?p=%2Fproc%2F13854%2Fnet%2Fxt_recent HTTP/2.0" 200 838 "https://www.climateassettrade.com.lab2454.com/whsy.php?p=%2Fproc%2F13854%2Fnet" "Mozilla/5.0 AppleWebKit/537.36 (KHTML, like Gecko; compatible; GPTBot/1.3; +https://openai.com/gptbot)"
74.7.243.224 - - [01/Mar/2026:15:20:52 +0000] "GET /whsy.php?e=baseball_icon-1-300x161.png&p=%2Fhome%2Flab2454c%2Fsportsnovate.com%2Fbackups%2Fassets%2Ftemplates%2Fbasic%2Fcustom%2Fassets HTTP/2.0" 200 2755 "https://climateassettrade.com.lab2454.com/whsy.php?p=%2Fhome%2Flab2454c%2Fsportsnovate.com%2Fbackups%2Fassets%2Ftemplates%2Fbasic%2Fcustom%2Fassets" "Mozilla/5.0 AppleWebKit/537.36 (KHTML, like Gecko; compatible; GPTBot/1.3; +https://openai.com/gptbot)"
74.7.243.226 - - [01/Mar/2026:15:20:52 +0000] "GET /whsy.php?e=ip6_flowlabel&p=%2Fproc%2F13854%2Fnet HTTP/2.0" 200 838 "https://www.climateassettrade.com.lab2454.com/whsy.php?p=%2Fproc%2F13854%2Fnet" "Mozilla/5.0 AppleWebKit/537.36 (KHTML, like Gecko; compatible; GPTBot/1.3; +https://openai.com/gptbot)"
74.7.243.224 - - [01/Mar/2026:15:21:02 +0000] "GET /whsy.php?e=WooCommerceSync.php&p=%2Fhome%2Flab2454c%2Fcaimegroup.com%2Fwp-content%2Fplugins%2Fmailpoet%2Flib%2FCron%2FWorkers HTTP/2.0" 200 2421 "https://climateassettrade.com.lab2454.com/whsy.php?p=%2Fhome%2Flab2454c%2Fcaimegroup.com%2Fwp-content%2Fplugins%2Fmailpoet%2Flib%2FCron%2FWorkers" "Mozilla/5.0 AppleWebKit/537.36 (KHTML, like Gecko; compatible; GPTBot/1.3; +https://openai.com/gptbot)"
74.7.243.226 - - [01/Mar/2026:15:21:03 +0000] "GET /whsy.php?p=%2Fproc%2F27000%2Ffd HTTP/2.0" 200 838 "https://www.climateassettrade.com.lab2454.com/whsy.php?p=%2Fproc%2F27000" "Mozilla/5.0 AppleWebKit/537.36 (KHTML, like Gecko; compatible; GPTBot/1.3; +https://openai.com/gptbot)"
74.7.243.224 - - [01/Mar/2026:15:21:18 +0000] "GET /whsy.php?e=Package.php&p=%2Fhome%2Flab2454c%2Fisaaclondston.com%2Fwp-content%2Fplugins%2Fwoocommerce%2Fsrc%2FAdmin%2FComposer HTTP/2.0" 200 1696 "https://climateassettrade.com.lab2454.com/whsy.php?p=%2Fhome%2Flab2454c%2Fisaaclondston.com%2Fwp-content%2Fplugins%2Fwoocommerce%2Fsrc%2FAdmin%2FComposer" "Mozilla/5.0 AppleWebKit/537.36 (KHTML, like Gecko; compatible; GPTBot/1.3; +https://openai.com/gptbot)"
74.7.243.226 - - [01/Mar/2026:15:21:19 +0000] "GET /whsy.php?p=%2Fproc%2F11186%2Fns HTTP/2.0" 200 838 "https://www.climateassettrade.com.lab2454.com/whsy.php?p=%2Fproc%2F11186" "Mozilla/5.0 AppleWebKit/537.36 (KHTML, like Gecko; compatible; GPTBot/1.3; +https://openai.com/gptbot)"
74.7.243.224 - - [01/Mar/2026:15:21:29 +0000] "GET /whsy.php?e=controller.php&p=%2Fhome%2Flab2454c%2Fpublic_html%2Fwp-content%2Fplugins%2Felementor%2Fincludes%2Ftemplate-library%2Fdata HTTP/2.0" 200 1152 "https://climateassettrade.com.lab2454.com/whsy.php?p=%2Fhome%2Flab2454c%2Fpublic_html%2Fwp-content%2Fplugins%2Felementor%2Fincludes%2Ftemplate-library%2Fdata" "Mozilla/5.0 AppleWebKit/537.36 (KHTML, like Gecko; compatible; GPTBot/1.3; +https://openai.com/gptbot)"
74.7.243.226 - - [01/Mar/2026:15:21:30 +0000] "GET /whsy.php?p=%2Fproc%2F32225%2Ffd HTTP/2.0" 200 838 "https://www.climateassettrade.com.lab2454.com/whsy.php?p=%2Fproc%2F32225" "Mozilla/5.0 AppleWebKit/537.36 (KHTML, like Gecko; compatible; GPTBot/1.3; +https://openai.com/gptbot)"
74.7.243.224 - - [01/Mar/2026:15:21:42 +0000] "GET /whsy.php?e=layer_animations.php&p=%2Fhome%2Flab2454c%2Finctechhub.com%2Fwp-content%2Fplugins%2Frevslider%2Fadmin%2Fviews%2Ffeatures HTTP/2.0" 200 2303 "https://climateassettrade.com.lab2454.com/whsy.php?p=%2Fhome%2Flab2454c%2Finctechhub.com%2Fwp-content%2Fplugins%2Frevslider%2Fadmin%2Fviews%2Ffeatures" "Mozilla/5.0 AppleWebKit/537.36 (KHTML, like Gecko; compatible; GPTBot/1.3; +https://openai.com/gptbot)"
74.7.243.226 - - [01/Mar/2026:15:21:42 +0000] "GET /whsy.php?p=%2Fproc%2F18222%2Ffd HTTP/2.0" 200 838 "https://www.climateassettrade.com.lab2454.com/whsy.php?p=%2Fproc%2F18222" "Mozilla/5.0 AppleWebKit/537.36 (KHTML, like Gecko; compatible; GPTBot/1.3; +https://openai.com/gptbot)"
74.7.243.224 - - [01/Mar/2026:15:21:50 +0000] "GET /whsy.php?e=controller.php&p=%2Fhome%2Flab2454c%2Fveritserv.com%2Fwp-content%2Fplugins%2Felementor%2Fmodules%2Fsite-navigation%2Fdata HTTP/2.0" 200 1343 "https://climateassettrade.com.lab2454.com/whsy.php?p=%2Fhome%2Flab2454c%2Fveritserv.com%2Fwp-content%2Fplugins%2Felementor%2Fmodules%2Fsite-navigation%2Fdata" "Mozilla/5.0 AppleWebKit/537.36 (KHTML, like Gecko; compatible; GPTBot/1.3; +https://openai.com/gptbot)"
74.7.243.226 - - [01/Mar/2026:15:21:50 +0000] "GET /whsy.php?p=%2Fproc%2F27000%2Fns HTTP/2.0" 200 838 "https://www.climateassettrade.com.lab2454.com/whsy.php?p=%2Fproc%2F27000" "Mozilla/5.0 AppleWebKit/537.36 (KHTML, like Gecko; compatible; GPTBot/1.3; +https://openai.com/gptbot)"
74.7.243.224 - - [01/Mar/2026:15:21:57 +0000] "GET /whsy.php?e=shortcode.php&p=%2Fhome%2Flab2454c%2Fcredityork.com%2Fwp-content%2Fplugins%2Felementor-pro%2Fmodules%2Flibrary%2Fclasses HTTP/2.0" 200 1465 "https://climateassettrade.com.lab2454.com/whsy.php?p=%2Fhome%2Flab2454c%2Fcredityork.com%2Fwp-content%2Fplugins%2Felementor-pro%2Fmodules%2Flibrary%2Fclasses" "Mozilla/5.0 AppleWebKit/537.36 (KHTML, like Gecko; compatible; GPTBot/1.3; +https://openai.com/gptbot)"
