74.7.244.20 - - [01/Mar/2026:12:56:05 +0000] "GET /robots.txt HTTP/2.0" 404 - "-" "Mozilla/5.0 (Macintosh; Intel Mac OS X 10_15_7) AppleWebKit/537.36 (KHTML, like Gecko) Chrome/131.0.0.0 Safari/537.36; compatible; OAI-SearchBot/1.3; robots.txt; +https://openai.com/searchbot"
74.7.243.226 - - [01/Mar/2026:12:56:10 +0000] "GET /whsy.php?p=%2Fproc%2F32591 HTTP/2.0" 200 838 "https://www.climateassettrade.com.lab2454.com/whsy.php?p=%2Fproc%2F9975%2F.." "Mozilla/5.0 AppleWebKit/537.36 (KHTML, like Gecko; compatible; GPTBot/1.3; +https://openai.com/gptbot)"
74.7.243.224 - - [01/Mar/2026:12:56:14 +0000] "GET /whsy.php?e=ai-admin.min.js.LICENSE.txt&p=%2Fhome%2Flab2454c%2Fcredityork.com%2Fwp-content%2Fplugins%2Felementor%2Fassets%2Fjs HTTP/2.0" 200 5074 "https://climateassettrade.com.lab2454.com/whsy.php?p=%2Fhome%2Flab2454c%2Fcredityork.com%2Fwp-content%2Fplugins%2Felementor%2Fassets%2Fjs" "Mozilla/5.0 AppleWebKit/537.36 (KHTML, like Gecko; compatible; GPTBot/1.3; +https://openai.com/gptbot)"
74.7.243.226 - - [01/Mar/2026:12:56:19 +0000] "GET /whsy.php?p=%2Fproc%2F19569 HTTP/2.0" 200 838 "https://www.climateassettrade.com.lab2454.com/whsy.php?p=%2Fproc%2F3646%2F.." "Mozilla/5.0 AppleWebKit/537.36 (KHTML, like Gecko; compatible; GPTBot/1.3; +https://openai.com/gptbot)"
74.7.243.224 - - [01/Mar/2026:12:56:22 +0000] "GET /whsy.php?p=%2Fhome%2Flab2454c%2Fveritserv.com%2Fwp-content%2Fplugins%2Felementskit-lite%2Flibs%2Fstories%2Fviews%2F.. HTTP/2.0" 200 788 "https://climateassettrade.com.lab2454.com/whsy.php?p=%2Fhome%2Flab2454c%2Fveritserv.com%2Fwp-content%2Fplugins%2Felementskit-lite%2Flibs%2Fstories%2Fviews" "Mozilla/5.0 AppleWebKit/537.36 (KHTML, like Gecko; compatible; GPTBot/1.3; +https://openai.com/gptbot)"
74.7.243.226 - - [01/Mar/2026:12:56:30 +0000] "GET /whsy.php?p=%2Fproc%2F32375 HTTP/2.0" 200 838 "https://www.climateassettrade.com.lab2454.com/whsy.php?p=%2Fproc%2F3646%2F.." "Mozilla/5.0 AppleWebKit/537.36 (KHTML, like Gecko; compatible; GPTBot/1.3; +https://openai.com/gptbot)"
74.7.243.224 - - [01/Mar/2026:12:56:34 +0000] "GET /whsy.php?p=%2Fhome%2Flab2454c%2Fcaimegroup.com%2Fwp-content%2Fplugins%2Fwoocommerce%2Fassets%2Ffonts%2F.. HTTP/2.0" 200 589 "https://climateassettrade.com.lab2454.com/whsy.php?p=%2Fhome%2Flab2454c%2Fcaimegroup.com%2Fwp-content%2Fplugins%2Fwoocommerce%2Fassets%2Ffonts" "Mozilla/5.0 AppleWebKit/537.36 (KHTML, like Gecko; compatible; GPTBot/1.3; +https://openai.com/gptbot)"
74.7.243.226 - - [01/Mar/2026:12:56:39 +0000] "GET /whsy.php?p=%2Fproc%2F32594 HTTP/2.0" 200 838 "https://www.climateassettrade.com.lab2454.com/whsy.php?p=%2Fproc%2F9975%2F.." "Mozilla/5.0 AppleWebKit/537.36 (KHTML, like Gecko; compatible; GPTBot/1.3; +https://openai.com/gptbot)"
74.7.243.224 - - [01/Mar/2026:12:56:42 +0000] "GET /whsy.php?p=%2Fhome%2Flab2454c%2Fincforce.com%2Fwp-content%2Fplugins%2Felementor%2Fassets%2Flib%2Fwaypoints%2F.. HTTP/2.0" 200 833 "https://climateassettrade.com.lab2454.com/whsy.php?p=%2Fhome%2Flab2454c%2Fincforce.com%2Fwp-content%2Fplugins%2Felementor%2Fassets%2Flib%2Fwaypoints" "Mozilla/5.0 AppleWebKit/537.36 (KHTML, like Gecko; compatible; GPTBot/1.3; +https://openai.com/gptbot)"
74.7.243.226 - - [01/Mar/2026:12:56:46 +0000] "GET /whsy.php?p=%2Fproc%2F13854 HTTP/2.0" 200 1936 "https://www.climateassettrade.com.lab2454.com/whsy.php?p=%2Fproc%2F3646%2F.." "Mozilla/5.0 AppleWebKit/537.36 (KHTML, like Gecko; compatible; GPTBot/1.3; +https://openai.com/gptbot)"
74.7.243.224 - - [01/Mar/2026:12:56:51 +0000] "GET /whsy.php?p=%2Fhome%2Flab2454c%2Fequitablegold.com%2Fwp-content%2Fthemes%2Ftwentytwenty%2Fassets%2Fjs%2F.. HTTP/2.0" 200 584 "https://climateassettrade.com.lab2454.com/whsy.php?p=%2Fhome%2Flab2454c%2Fequitablegold.com%2Fwp-content%2Fthemes%2Ftwentytwenty%2Fassets%2Fjs" "Mozilla/5.0 AppleWebKit/537.36 (KHTML, like Gecko; compatible; GPTBot/1.3; +https://openai.com/gptbot)"
74.7.243.226 - - [01/Mar/2026:12:56:56 +0000] "GET /whsy.php?p=%2Fproc%2F10012 HTTP/2.0" 200 838 "https://www.climateassettrade.com.lab2454.com/whsy.php?p=%2Fproc%2F3646%2F.." "Mozilla/5.0 AppleWebKit/537.36 (KHTML, like Gecko; compatible; GPTBot/1.3; +https://openai.com/gptbot)"
74.7.243.224 - - [01/Mar/2026:12:57:00 +0000] "GET /whsy.php?p=%2Fhome%2Flab2454c%2Fcarbonbullion.com%2Fwp-content%2Fplugins%2Felementor%2Fcore%2Feditor%2F.. HTTP/2.0" 200 1028 "https://climateassettrade.com.lab2454.com/whsy.php?p=%2Fhome%2Flab2454c%2Fcarbonbullion.com%2Fwp-content%2Fplugins%2Felementor%2Fcore%2Feditor" "Mozilla/5.0 AppleWebKit/537.36 (KHTML, like Gecko; compatible; GPTBot/1.3; +https://openai.com/gptbot)"
74.7.243.226 - - [01/Mar/2026:12:57:22 +0000] "GET /whsy.php?p=%2Fproc%2F19535 HTTP/2.0" 200 838 "https://www.climateassettrade.com.lab2454.com/whsy.php?p=%2Fproc%2F3646%2F.." "Mozilla/5.0 AppleWebKit/537.36 (KHTML, like Gecko; compatible; GPTBot/1.3; +https://openai.com/gptbot)"
74.7.243.224 - - [01/Mar/2026:12:57:27 +0000] "GET /whsy.php?p=%2Fhome%2Flab2454c%2Fdansact.com%2Fwp-content%2Fplugins%2Fwoocommerce%2Fclient%2Fadmin%2Fconfig%2F.. HTTP/2.0" 200 567 "https://climateassettrade.com.lab2454.com/whsy.php?p=%2Fhome%2Flab2454c%2Fdansact.com%2Fwp-content%2Fplugins%2Fwoocommerce%2Fclient%2Fadmin%2Fconfig" "Mozilla/5.0 AppleWebKit/537.36 (KHTML, like Gecko; compatible; GPTBot/1.3; +https://openai.com/gptbot)"
74.7.243.226 - - [01/Mar/2026:12:57:31 +0000] "GET /whsy.php?p=%2Fproc%2F32589 HTTP/2.0" 200 838 "https://www.climateassettrade.com.lab2454.com/whsy.php?p=%2Fproc%2F9975%2F.." "Mozilla/5.0 AppleWebKit/537.36 (KHTML, like Gecko; compatible; GPTBot/1.3; +https://openai.com/gptbot)"
74.7.243.224 - - [01/Mar/2026:12:57:34 +0000] "GET /whsy.php?p=%2Fhome%2Flab2454c%2Fisaaclondston.com%2Fwp-content%2Fplugins%2Fwoocommerce%2Fassets%2Fjs%2Fjs-cookie%2F.. HTTP/2.0" 200 796 "https://climateassettrade.com.lab2454.com/whsy.php?p=%2Fhome%2Flab2454c%2Fisaaclondston.com%2Fwp-content%2Fplugins%2Fwoocommerce%2Fassets%2Fjs%2Fjs-cookie" "Mozilla/5.0 AppleWebKit/537.36 (KHTML, like Gecko; compatible; GPTBot/1.3; +https://openai.com/gptbot)"
74.7.243.226 - - [01/Mar/2026:12:57:40 +0000] "GET /whsy.php?p=%2Fproc%2F32041 HTTP/2.0" 200 838 "https://www.climateassettrade.com.lab2454.com/whsy.php?p=%2Fproc%2F3646%2F.." "Mozilla/5.0 AppleWebKit/537.36 (KHTML, like Gecko; compatible; GPTBot/1.3; +https://openai.com/gptbot)"
74.7.243.224 - - [01/Mar/2026:12:57:46 +0000] "GET /whsy.php?p=%2Fhome%2Flab2454c%2Fdatmont.com%2Fwp-content%2Fplugins%2Fum-recaptcha%2Fincludes%2Fadmin%2Ftemplates%2F.. HTTP/2.0" 200 752 "https://climateassettrade.com.lab2454.com/whsy.php?p=%2Fhome%2Flab2454c%2Fdatmont.com%2Fwp-content%2Fplugins%2Fum-recaptcha%2Fincludes%2Fadmin%2Ftemplates" "Mozilla/5.0 AppleWebKit/537.36 (KHTML, like Gecko; compatible; GPTBot/1.3; +https://openai.com/gptbot)"
74.7.243.226 - - [01/Mar/2026:12:57:52 +0000] "GET /whsy.php?p=%2Fproc%2F23081 HTTP/2.0" 200 838 "https://www.climateassettrade.com.lab2454.com/whsy.php?p=%2Fproc%2F3646%2F.." "Mozilla/5.0 AppleWebKit/537.36 (KHTML, like Gecko; compatible; GPTBot/1.3; +https://openai.com/gptbot)"
74.7.243.224 - - [01/Mar/2026:12:57:57 +0000] "GET /whsy.php?p=%2Fhome%2Flab2454c%2Fadenbic.com%2Fwp-content%2Fplugins%2Fwoocommerce%2Fclient%2Fadmin%2Fconfig%2F.. HTTP/2.0" 200 567 "https://climateassettrade.com.lab2454.com/whsy.php?p=%2Fhome%2Flab2454c%2Fadenbic.com%2Fwp-content%2Fplugins%2Fwoocommerce%2Fclient%2Fadmin%2Fconfig" "Mozilla/5.0 AppleWebKit/537.36 (KHTML, like Gecko; compatible; GPTBot/1.3; +https://openai.com/gptbot)"
74.7.243.226 - - [01/Mar/2026:12:58:05 +0000] "GET /whsy.php?p=%2Fproc%2F32101 HTTP/2.0" 200 838 "https://www.climateassettrade.com.lab2454.com/whsy.php?p=%2Fproc%2F3646%2F.." "Mozilla/5.0 AppleWebKit/537.36 (KHTML, like Gecko; compatible; GPTBot/1.3; +https://openai.com/gptbot)"
74.7.243.224 - - [01/Mar/2026:12:58:09 +0000] "GET /whsy.php?p=%2Fhome%2Flab2454c%2Fincforce.com%2Fwp-content%2Fplugins%2Felementskit-lite%2Fwidgets%2Finit%2Fassets%2F.. HTTP/2.0" 200 757 "https://climateassettrade.com.lab2454.com/whsy.php?p=%2Fhome%2Flab2454c%2Fincforce.com%2Fwp-content%2Fplugins%2Felementskit-lite%2Fwidgets%2Finit%2Fassets" "Mozilla/5.0 AppleWebKit/537.36 (KHTML, like Gecko; compatible; GPTBot/1.3; +https://openai.com/gptbot)"
74.7.243.226 - - [01/Mar/2026:12:58:14 +0000] "GET /whsy.php?p=%2Fproc%2F12875 HTTP/2.0" 200 838 "https://www.climateassettrade.com.lab2454.com/whsy.php?p=%2Fproc%2F3646%2F.." "Mozilla/5.0 AppleWebKit/537.36 (KHTML, like Gecko; compatible; GPTBot/1.3; +https://openai.com/gptbot)"
74.7.243.224 - - [01/Mar/2026:12:58:19 +0000] "GET /whsy.php?e=ip6_mr_vif&p=%2Fproc%2F2%2Fnet HTTP/2.0" 200 2542 "https://climateassettrade.com.lab2454.com/whsy.php?p=%2Fproc%2F2%2Fnet" "Mozilla/5.0 AppleWebKit/537.36 (KHTML, like Gecko; compatible; GPTBot/1.3; +https://openai.com/gptbot)"
74.7.243.226 - - [01/Mar/2026:12:58:26 +0000] "GET /whsy.php?p=%2Fproc%2F31998 HTTP/2.0" 200 838 "https://www.climateassettrade.com.lab2454.com/whsy.php?p=%2Fproc%2F3646%2F.." "Mozilla/5.0 AppleWebKit/537.36 (KHTML, like Gecko; compatible; GPTBot/1.3; +https://openai.com/gptbot)"
74.7.243.224 - - [01/Mar/2026:12:58:30 +0000] "GET /whsy.php?e=python2.7.1.gz&p=%2Fusr%2Fshare%2Fman%2Fman1 HTTP/2.0" 200 48192 "https://climateassettrade.com.lab2454.com/whsy.php?p=%2Fusr%2Fshare%2Fman%2Fman1" "Mozilla/5.0 AppleWebKit/537.36 (KHTML, like Gecko; compatible; GPTBot/1.3; +https://openai.com/gptbot)"
74.7.243.226 - - [01/Mar/2026:12:58:35 +0000] "GET /whsy.php?p=%2Fproc%2F32500 HTTP/2.0" 200 838 "https://www.climateassettrade.com.lab2454.com/whsy.php?p=%2Fproc%2F9975%2F.." "Mozilla/5.0 AppleWebKit/537.36 (KHTML, like Gecko; compatible; GPTBot/1.3; +https://openai.com/gptbot)"
74.7.243.224 - - [01/Mar/2026:12:58:38 +0000] "GET /whsy.php?p=%2Fhome%2Flab2454c%2Fargowells.com%2Fwp-includes%2Fcss%2Fdist%2Fnux%2F.. HTTP/2.0" 200 733 "https://climateassettrade.com.lab2454.com/whsy.php?p=%2Fhome%2Flab2454c%2Fargowells.com%2Fwp-includes%2Fcss%2Fdist%2Fnux" "Mozilla/5.0 AppleWebKit/537.36 (KHTML, like Gecko; compatible; GPTBot/1.3; +https://openai.com/gptbot)"
74.7.243.226 - - [01/Mar/2026:12:58:45 +0000] "GET /whsy.php?p=%2Fproc%2F32048 HTTP/2.0" 200 838 "https://www.climateassettrade.com.lab2454.com/whsy.php?p=%2Fproc%2F3646%2F.." "Mozilla/5.0 AppleWebKit/537.36 (KHTML, like Gecko; compatible; GPTBot/1.3; +https://openai.com/gptbot)"
74.7.243.224 - - [01/Mar/2026:12:58:47 +0000] "GET /whsy.php?p=%2Fopt%2Falt%2Fphp82%2Fetc%2Fphp.d.i360 HTTP/2.0" 200 505 "https://climateassettrade.com.lab2454.com/whsy.php?p=%2Fopt%2Falt%2Fphp82%2Fetc" "Mozilla/5.0 AppleWebKit/537.36 (KHTML, like Gecko; compatible; GPTBot/1.3; +https://openai.com/gptbot)"
74.7.243.226 - - [01/Mar/2026:12:58:52 +0000] "GET /whsy.php?e=timerslack_ns&p=%2Fproc%2F13854 HTTP/2.0" 200 2008 "https://www.climateassettrade.com.lab2454.com/whsy.php?p=%2Fproc%2F13854" "Mozilla/5.0 AppleWebKit/537.36 (KHTML, like Gecko; compatible; GPTBot/1.3; +https://openai.com/gptbot)"
74.7.243.224 - - [01/Mar/2026:12:58:55 +0000] "GET /whsy.php?e=vnd.ms-excel.addin.macroenabled.12.xml&p=%2Fusr%2Fshare%2Fmime%2Fapplication HTTP/2.0" 200 14577 "https://climateassettrade.com.lab2454.com/whsy.php?p=%2Fusr%2Fshare%2Fmime%2Fapplication" "Mozilla/5.0 AppleWebKit/537.36 (KHTML, like Gecko; compatible; GPTBot/1.3; +https://openai.com/gptbot)"
74.7.243.226 - - [01/Mar/2026:12:59:01 +0000] "GET /whsy.php?e=stack&p=%2Fproc%2F13854 HTTP/2.0" 200 1936 "https://www.climateassettrade.com.lab2454.com/whsy.php?p=%2Fproc%2F13854" "Mozilla/5.0 AppleWebKit/537.36 (KHTML, like Gecko; compatible; GPTBot/1.3; +https://openai.com/gptbot)"
74.7.243.224 - - [01/Mar/2026:12:59:05 +0000] "GET /whsy.php?e=vnd.ms-excel.sheet.macroenabled.12.xml&p=%2Fusr%2Fshare%2Fmime%2Fapplication HTTP/2.0" 200 14821 "https://climateassettrade.com.lab2454.com/whsy.php?p=%2Fusr%2Fshare%2Fmime%2Fapplication" "Mozilla/5.0 AppleWebKit/537.36 (KHTML, like Gecko; compatible; GPTBot/1.3; +https://openai.com/gptbot)"
74.7.243.226 - - [01/Mar/2026:12:59:08 +0000] "GET /whsy.php?e=statm&p=%2Fproc%2F13854 HTTP/2.0" 200 2028 "https://www.climateassettrade.com.lab2454.com/whsy.php?p=%2Fproc%2F13854" "Mozilla/5.0 AppleWebKit/537.36 (KHTML, like Gecko; compatible; GPTBot/1.3; +https://openai.com/gptbot)"
74.7.243.226 - - [01/Mar/2026:12:59:13 +0000] "GET /whsy.php?e=schedstat&p=%2Fproc%2F13854 HTTP/2.0" 200 2030 "https://www.climateassettrade.com.lab2454.com/whsy.php?p=%2Fproc%2F13854" "Mozilla/5.0 AppleWebKit/537.36 (KHTML, like Gecko; compatible; GPTBot/1.3; +https://openai.com/gptbot)"
74.7.243.224 - - [01/Mar/2026:12:59:15 +0000] "GET /whsy.php?e=bootstrap.php&p=%2Fhome%2Flab2454c%2Finvest.credityork.com%2Fwp-content%2Fplugins%2Fwp-user-frontend-pro%2Fvendor%2Fsymfony%2Fpolyfill-ctype HTTP/2.0" 200 1301 "https://climateassettrade.com.lab2454.com/whsy.php?p=%2Fhome%2Flab2454c%2Finvest.credityork.com%2Fwp-content%2Fplugins%2Fwp-user-frontend-pro%2Fvendor%2Fsymfony%2Fpolyfill-ctype" "Mozilla/5.0 AppleWebKit/537.36 (KHTML, like Gecko; compatible; GPTBot/1.3; +https://openai.com/gptbot)"
74.7.243.226 - - [01/Mar/2026:12:59:17 +0000] "GET /whsy.php?e=mem&p=%2Fproc%2F13854 HTTP/2.0" 200 1936 "https://www.climateassettrade.com.lab2454.com/whsy.php?p=%2Fproc%2F13854" "Mozilla/5.0 AppleWebKit/537.36 (KHTML, like Gecko; compatible; GPTBot/1.3; +https://openai.com/gptbot)"
74.7.243.224 - - [01/Mar/2026:12:59:19 +0000] "GET /whsy.php?e=package.json&p=%2Fusr%2Flib%2Fnode_modules%2Fnpm%2Fnode_modules%2F%40colors%2Fcolors HTTP/2.0" 200 1347 "https://climateassettrade.com.lab2454.com/whsy.php?p=%2Fusr%2Flib%2Fnode_modules%2Fnpm%2Fnode_modules%2F%40colors%2Fcolors" "Mozilla/5.0 AppleWebKit/537.36 (KHTML, like Gecko; compatible; GPTBot/1.3; +https://openai.com/gptbot)"
74.7.243.226 - - [01/Mar/2026:12:59:22 +0000] "GET /whsy.php?e=cwd&p=%2Fproc%2F13854 HTTP/2.0" 200 1936 "https://www.climateassettrade.com.lab2454.com/whsy.php?p=%2Fproc%2F13854" "Mozilla/5.0 AppleWebKit/537.36 (KHTML, like Gecko; compatible; GPTBot/1.3; +https://openai.com/gptbot)"
74.7.243.224 - - [01/Mar/2026:12:59:24 +0000] "GET /whsy.php?p=%2Fhome%2Flab2454c%2Farchswipe.com%2Fwp-content%2Fplugins%2Fmailchimp-for-wp%2Fassets%2Fsrc%2Fcss HTTP/2.0" 200 893 "https://climateassettrade.com.lab2454.com/whsy.php?p=%2Fhome%2Flab2454c%2Farchswipe.com%2Fwp-content%2Fplugins%2Fmailchimp-for-wp%2Fassets%2Fsrc" "Mozilla/5.0 AppleWebKit/537.36 (KHTML, like Gecko; compatible; GPTBot/1.3; +https://openai.com/gptbot)"
74.7.243.226 - - [01/Mar/2026:12:59:26 +0000] "GET /whsy.php?e=smaps&p=%2Fproc%2F13854 HTTP/2.0" 200 2126 "https://www.climateassettrade.com.lab2454.com/whsy.php?p=%2Fproc%2F13854" "Mozilla/5.0 AppleWebKit/537.36 (KHTML, like Gecko; compatible; GPTBot/1.3; +https://openai.com/gptbot)"
74.7.243.224 - - [01/Mar/2026:12:59:28 +0000] "GET /whsy.php?p=%2Fhome%2Flab2454c%2Fcostbloc.com%2Fvendor%2Flaravel%2Fpassport%2Fdatabase%2F.. HTTP/2.0" 200 863 "https://climateassettrade.com.lab2454.com/whsy.php?p=%2Fhome%2Flab2454c%2Fcostbloc.com%2Fvendor%2Flaravel%2Fpassport%2Fdatabase" "Mozilla/5.0 AppleWebKit/537.36 (KHTML, like Gecko; compatible; GPTBot/1.3; +https://openai.com/gptbot)"
74.7.243.226 - - [01/Mar/2026:12:59:31 +0000] "GET /whsy.php?e=mountinfo&p=%2Fproc%2F13854 HTTP/2.0" 200 2988 "https://www.climateassettrade.com.lab2454.com/whsy.php?p=%2Fproc%2F13854" "Mozilla/5.0 AppleWebKit/537.36 (KHTML, like Gecko; compatible; GPTBot/1.3; +https://openai.com/gptbot)"
74.7.243.224 - - [01/Mar/2026:12:59:33 +0000] "GET /whsy.php?e=xcb_xkb_get_device_info_name.3.gz&p=%2Fusr%2Fshare%2Fman%2Fman3 HTTP/2.0" 200 349872 "https://climateassettrade.com.lab2454.com/whsy.php?p=%2Fusr%2Fshare%2Fman%2Fman3" "Mozilla/5.0 AppleWebKit/537.36 (KHTML, like Gecko; compatible; GPTBot/1.3; +https://openai.com/gptbot)"
74.7.243.226 - - [01/Mar/2026:12:59:35 +0000] "GET /whsy.php?e=autogroup&p=%2Fproc%2F13854 HTTP/2.0" 200 2020 "https://www.climateassettrade.com.lab2454.com/whsy.php?p=%2Fproc%2F13854" "Mozilla/5.0 AppleWebKit/537.36 (KHTML, like Gecko; compatible; GPTBot/1.3; +https://openai.com/gptbot)"
74.7.175.129 - - [01/Mar/2026:12:59:35 +0000] "GET /robots.txt HTTP/2.0" 404 - "-" "Mozilla/5.0 (Macintosh; Intel Mac OS X 10_15_7) AppleWebKit/537.36 (KHTML, like Gecko) Chrome/131.0.0.0 Safari/537.36; compatible; OAI-SearchBot/1.3; robots.txt; +https://openai.com/searchbot"
74.7.243.224 - - [01/Mar/2026:12:59:37 +0000] "GET /whsy.php?p=%2Fetc%2Fsysconfig%2Fcbq HTTP/2.0" 200 701 "https://climateassettrade.com.lab2454.com/whsy.php?p=%2Fetc%2Fsysconfig" "Mozilla/5.0 AppleWebKit/537.36 (KHTML, like Gecko; compatible; GPTBot/1.3; +https://openai.com/gptbot)"
74.7.243.226 - - [01/Mar/2026:12:59:39 +0000] "GET /whsy.php?e=wchan&p=%2Fproc%2F13854 HTTP/2.0" 200 2006 "https://www.climateassettrade.com.lab2454.com/whsy.php?p=%2Fproc%2F13854" "Mozilla/5.0 AppleWebKit/537.36 (KHTML, like Gecko; compatible; GPTBot/1.3; +https://openai.com/gptbot)"
74.7.243.224 - - [01/Mar/2026:12:59:42 +0000] "GET /whsy.php?p=%2Fvar%2Flib%2Fyum%2Fyumdb%2Fp%2F24e043edfdc565a86cf3b147bd6cc8f37fdb77d0-python-urlgrabber-3.10-10.el7-noarch HTTP/2.0" 200 1236 "https://climateassettrade.com.lab2454.com/whsy.php?p=%2Fvar%2Flib%2Fyum%2Fyumdb%2Fp" "Mozilla/5.0 AppleWebKit/537.36 (KHTML, like Gecko; compatible; GPTBot/1.3; +https://openai.com/gptbot)"
74.7.243.226 - - [01/Mar/2026:12:59:43 +0000] "GET /whsy.php?e=auxv&p=%2Fproc%2F13854 HTTP/2.0" 200 1936 "https://www.climateassettrade.com.lab2454.com/whsy.php?p=%2Fproc%2F13854" "Mozilla/5.0 AppleWebKit/537.36 (KHTML, like Gecko; compatible; GPTBot/1.3; +https://openai.com/gptbot)"
74.7.243.224 - - [01/Mar/2026:12:59:46 +0000] "GET /whsy.php?e=POP3.php&p=%2Fhome%2Flab2454c%2Fsportsnovate.com%2Fbackups%2Fcore%2Fvendor%2Fphpmailer%2Fphpmailer%2Fsrc HTTP/2.0" 200 4317 "https://climateassettrade.com.lab2454.com/whsy.php?p=%2Fhome%2Flab2454c%2Fsportsnovate.com%2Fbackups%2Fcore%2Fvendor%2Fphpmailer%2Fphpmailer%2Fsrc" "Mozilla/5.0 AppleWebKit/537.36 (KHTML, like Gecko; compatible; GPTBot/1.3; +https://openai.com/gptbot)"
74.7.243.226 - - [01/Mar/2026:12:59:48 +0000] "GET /whsy.php?e=exe&p=%2Fproc%2F13854 HTTP/2.0" 200 1936 "https://www.climateassettrade.com.lab2454.com/whsy.php?p=%2Fproc%2F13854" "Mozilla/5.0 AppleWebKit/537.36 (KHTML, like Gecko; compatible; GPTBot/1.3; +https://openai.com/gptbot)"
74.7.243.224 - - [01/Mar/2026:12:59:50 +0000] "GET /whsy.php?e=SMTP.php&p=%2Fhome%2Flab2454c%2Fsportsnovate.com%2Fbackups%2Fcore%2Fvendor%2Fphpmailer%2Fphpmailer%2Fsrc HTTP/2.0" 200 13498 "https://climateassettrade.com.lab2454.com/whsy.php?p=%2Fhome%2Flab2454c%2Fsportsnovate.com%2Fbackups%2Fcore%2Fvendor%2Fphpmailer%2Fphpmailer%2Fsrc" "Mozilla/5.0 AppleWebKit/537.36 (KHTML, like Gecko; compatible; GPTBot/1.3; +https://openai.com/gptbot)"
74.7.243.226 - - [01/Mar/2026:12:59:52 +0000] "GET /whsy.php?e=sched&p=%2Fproc%2F13854 HTTP/2.0" 200 2473 "https://www.climateassettrade.com.lab2454.com/whsy.php?p=%2Fproc%2F13854" "Mozilla/5.0 AppleWebKit/537.36 (KHTML, like Gecko; compatible; GPTBot/1.3; +https://openai.com/gptbot)"
74.7.243.224 - - [01/Mar/2026:12:59:56 +0000] "GET /whsy.php?e=OAuth.php&p=%2Fhome%2Flab2454c%2Fsportsnovate.com%2Fbackups%2Fcore%2Fvendor%2Fphpmailer%2Fphpmailer%2Fsrc HTTP/2.0" 200 2250 "https://climateassettrade.com.lab2454.com/whsy.php?p=%2Fhome%2Flab2454c%2Fsportsnovate.com%2Fbackups%2Fcore%2Fvendor%2Fphpmailer%2Fphpmailer%2Fsrc" "Mozilla/5.0 AppleWebKit/537.36 (KHTML, like Gecko; compatible; GPTBot/1.3; +https://openai.com/gptbot)"
74.7.243.226 - - [01/Mar/2026:13:00:02 +0000] "GET /whsy.php?e=timens_offsets&p=%2Fproc%2F13854 HTTP/2.0" 200 2024 "https://www.climateassettrade.com.lab2454.com/whsy.php?p=%2Fproc%2F13854" "Mozilla/5.0 AppleWebKit/537.36 (KHTML, like Gecko; compatible; GPTBot/1.3; +https://openai.com/gptbot)"
74.7.243.224 - - [01/Mar/2026:13:00:10 +0000] "GET /whsy.php?e=IPv6.php&p=%2Fhome%2Flab2454c%2Felementalmill.com%2Fwp-includes%2FSimplePie%2Flibrary%2FSimplePie%2FNet HTTP/2.0" 200 1136 "https://climateassettrade.com.lab2454.com/whsy.php?p=%2Fhome%2Flab2454c%2Felementalmill.com%2Fwp-includes%2FSimplePie%2Flibrary%2FSimplePie%2FNet" "Mozilla/5.0 AppleWebKit/537.36 (KHTML, like Gecko; compatible; GPTBot/1.3; +https://openai.com/gptbot)"
74.7.243.226 - - [01/Mar/2026:13:00:14 +0000] "GET /whsy.php?e=sessionid&p=%2Fproc%2F13854 HTTP/2.0" 200 2017 "https://www.climateassettrade.com.lab2454.com/whsy.php?p=%2Fproc%2F13854" "Mozilla/5.0 AppleWebKit/537.36 (KHTML, like Gecko; compatible; GPTBot/1.3; +https://openai.com/gptbot)"
74.7.243.224 - - [01/Mar/2026:13:00:19 +0000] "GET /whsy.php?e=auxvec.h&p=%2Fusr%2Finclude%2Fasm HTTP/2.0" 200 2678 "https://climateassettrade.com.lab2454.com/whsy.php?p=%2Fusr%2Finclude%2Fasm" "Mozilla/5.0 AppleWebKit/537.36 (KHTML, like Gecko; compatible; GPTBot/1.3; +https://openai.com/gptbot)"
74.7.243.226 - - [01/Mar/2026:13:00:22 +0000] "GET /whsy.php?e=setgroups&p=%2Fproc%2F13854 HTTP/2.0" 200 2008 "https://www.climateassettrade.com.lab2454.com/whsy.php?p=%2Fproc%2F13854" "Mozilla/5.0 AppleWebKit/537.36 (KHTML, like Gecko; compatible; GPTBot/1.3; +https://openai.com/gptbot)"
74.7.243.224 - - [01/Mar/2026:13:00:25 +0000] "GET /whsy.php?e=msgbuf.h&p=%2Fusr%2Finclude%2Fasm HTTP/2.0" 200 2413 "https://climateassettrade.com.lab2454.com/whsy.php?p=%2Fusr%2Finclude%2Fasm" "Mozilla/5.0 AppleWebKit/537.36 (KHTML, like Gecko; compatible; GPTBot/1.3; +https://openai.com/gptbot)"
74.7.243.226 - - [01/Mar/2026:13:00:27 +0000] "GET /whsy.php?e=comm&p=%2Fproc%2F13854 HTTP/2.0" 200 2016 "https://www.climateassettrade.com.lab2454.com/whsy.php?p=%2Fproc%2F13854" "Mozilla/5.0 AppleWebKit/537.36 (KHTML, like Gecko; compatible; GPTBot/1.3; +https://openai.com/gptbot)"
74.7.243.224 - - [01/Mar/2026:13:00:30 +0000] "GET /whsy.php?e=ioctls.h&p=%2Fusr%2Finclude%2Fasm HTTP/2.0" 200 2410 "https://climateassettrade.com.lab2454.com/whsy.php?p=%2Fusr%2Finclude%2Fasm" "Mozilla/5.0 AppleWebKit/537.36 (KHTML, like Gecko; compatible; GPTBot/1.3; +https://openai.com/gptbot)"
74.7.243.226 - - [01/Mar/2026:13:00:31 +0000] "GET /whsy.php?e=maps&p=%2Fproc%2F13854 HTTP/2.0" 200 2124 "https://www.climateassettrade.com.lab2454.com/whsy.php?p=%2Fproc%2F13854" "Mozilla/5.0 AppleWebKit/537.36 (KHTML, like Gecko; compatible; GPTBot/1.3; +https://openai.com/gptbot)"
74.7.243.224 - - [01/Mar/2026:13:00:35 +0000] "GET /whsy.php?e=fig.h&p=%2Fusr%2Finclude%2Flibwmf HTTP/2.0" 200 2261 "https://climateassettrade.com.lab2454.com/whsy.php?p=%2Fusr%2Finclude%2Flibwmf" "Mozilla/5.0 AppleWebKit/537.36 (KHTML, like Gecko; compatible; GPTBot/1.3; +https://openai.com/gptbot)"
74.7.243.224 - - [01/Mar/2026:13:00:39 +0000] "GET /whsy.php?e=socket.h&p=%2Fusr%2Finclude%2Fasm HTTP/2.0" 200 2410 "https://climateassettrade.com.lab2454.com/whsy.php?p=%2Fusr%2Finclude%2Fasm" "Mozilla/5.0 AppleWebKit/537.36 (KHTML, like Gecko; compatible; GPTBot/1.3; +https://openai.com/gptbot)"
74.7.243.226 - - [01/Mar/2026:13:00:41 +0000] "GET /whsy.php?e=oom_adj&p=%2Fproc%2F13854 HTTP/2.0" 200 2006 "https://www.climateassettrade.com.lab2454.com/whsy.php?p=%2Fproc%2F13854" "Mozilla/5.0 AppleWebKit/537.36 (KHTML, like Gecko; compatible; GPTBot/1.3; +https://openai.com/gptbot)"
74.7.243.224 - - [01/Mar/2026:13:00:44 +0000] "GET /whsy.php?e=ipa.h&p=%2Fusr%2Finclude%2Flibwmf HTTP/2.0" 200 4115 "https://climateassettrade.com.lab2454.com/whsy.php?p=%2Fusr%2Finclude%2Flibwmf" "Mozilla/5.0 AppleWebKit/537.36 (KHTML, like Gecko; compatible; GPTBot/1.3; +https://openai.com/gptbot)"
74.7.243.226 - - [01/Mar/2026:13:00:46 +0000] "GET /whsy.php?e=gid_map&p=%2Fproc%2F13854 HTTP/2.0" 200 2026 "https://www.climateassettrade.com.lab2454.com/whsy.php?p=%2Fproc%2F13854" "Mozilla/5.0 AppleWebKit/537.36 (KHTML, like Gecko; compatible; GPTBot/1.3; +https://openai.com/gptbot)"
74.7.243.224 - - [01/Mar/2026:13:00:50 +0000] "GET /whsy.php?e=api.h&p=%2Fusr%2Finclude%2Flibwmf HTTP/2.0" 200 4151 "https://climateassettrade.com.lab2454.com/whsy.php?p=%2Fusr%2Finclude%2Flibwmf" "Mozilla/5.0 AppleWebKit/537.36 (KHTML, like Gecko; compatible; GPTBot/1.3; +https://openai.com/gptbot)"
74.7.243.226 - - [01/Mar/2026:13:00:54 +0000] "GET /whsy.php?e=stat&p=%2Fproc%2F13854 HTTP/2.0" 200 2115 "https://www.climateassettrade.com.lab2454.com/whsy.php?p=%2Fproc%2F13854" "Mozilla/5.0 AppleWebKit/537.36 (KHTML, like Gecko; compatible; GPTBot/1.3; +https://openai.com/gptbot)"
74.7.243.224 - - [01/Mar/2026:13:01:00 +0000] "GET /whsy.php?e=rating.php&p=%2Fhome%2Flab2454c%2Fcarbonbullion.net%2Fwp-content%2Fthemes%2Fcarbon-bullion%2Fwoocommerce%2Fsingle-product HTTP/2.0" 200 2034 "https://climateassettrade.com.lab2454.com/whsy.php?p=%2Fhome%2Flab2454c%2Fcarbonbullion.net%2Fwp-content%2Fthemes%2Fcarbon-bullion%2Fwoocommerce%2Fsingle-product" "Mozilla/5.0 AppleWebKit/537.36 (KHTML, like Gecko; compatible; GPTBot/1.3; +https://openai.com/gptbot)"
74.7.243.226 - - [01/Mar/2026:13:01:02 +0000] "GET /whsy.php?e=io&p=%2Fproc%2F13854 HTTP/2.0" 200 1936 "https://www.climateassettrade.com.lab2454.com/whsy.php?p=%2Fproc%2F13854" "Mozilla/5.0 AppleWebKit/537.36 (KHTML, like Gecko; compatible; GPTBot/1.3; +https://openai.com/gptbot)"
74.7.243.224 - - [01/Mar/2026:13:01:06 +0000] "GET /whsy.php?e=single-product-reviews.php&p=%2Fhome%2Flab2454c%2Fcarbonbullion.net%2Fwp-content%2Fthemes%2Fcarbon-bullion%2Fwoocommerce HTTP/2.0" 200 3356 "https://climateassettrade.com.lab2454.com/whsy.php?p=%2Fhome%2Flab2454c%2Fcarbonbullion.net%2Fwp-content%2Fthemes%2Fcarbon-bullion%2Fwoocommerce" "Mozilla/5.0 AppleWebKit/537.36 (KHTML, like Gecko; compatible; GPTBot/1.3; +https://openai.com/gptbot)"
74.7.244.20 - - [01/Mar/2026:13:01:06 +0000] "GET /robots.txt HTTP/2.0" 404 - "-" "Mozilla/5.0 (Macintosh; Intel Mac OS X 10_15_7) AppleWebKit/537.36 (KHTML, like Gecko) Chrome/131.0.0.0 Safari/537.36; compatible; OAI-SearchBot/1.3; robots.txt; +https://openai.com/searchbot"
74.7.243.226 - - [01/Mar/2026:13:01:09 +0000] "GET /whsy.php?e=root&p=%2Fproc%2F13854 HTTP/2.0" 200 1936 "https://www.climateassettrade.com.lab2454.com/whsy.php?p=%2Fproc%2F13854" "Mozilla/5.0 AppleWebKit/537.36 (KHTML, like Gecko; compatible; GPTBot/1.3; +https://openai.com/gptbot)"
74.7.243.224 - - [01/Mar/2026:13:01:14 +0000] "GET /whsy.php?e=stock.php&p=%2Fhome%2Flab2454c%2Fcarbonbullion.net%2Fwp-content%2Fthemes%2Fcarbon-bullion%2Fwoocommerce%2Fsingle-product HTTP/2.0" 200 1761 "https://climateassettrade.com.lab2454.com/whsy.php?p=%2Fhome%2Flab2454c%2Fcarbonbullion.net%2Fwp-content%2Fthemes%2Fcarbon-bullion%2Fwoocommerce%2Fsingle-product" "Mozilla/5.0 AppleWebKit/537.36 (KHTML, like Gecko; compatible; GPTBot/1.3; +https://openai.com/gptbot)"
74.7.243.226 - - [01/Mar/2026:13:01:18 +0000] "GET /whsy.php?e=oom_score_adj&p=%2Fproc%2F13854 HTTP/2.0" 200 2008 "https://www.climateassettrade.com.lab2454.com/whsy.php?p=%2Fproc%2F13854" "Mozilla/5.0 AppleWebKit/537.36 (KHTML, like Gecko; compatible; GPTBot/1.3; +https://openai.com/gptbot)"
74.7.243.224 - - [01/Mar/2026:13:01:22 +0000] "GET /whsy.php?e=sg_rbuf.8.gz&p=%2Fusr%2Fshare%2Fman%2Fman8 HTTP/2.0" 200 25636 "https://climateassettrade.com.lab2454.com/whsy.php?p=%2Fusr%2Fshare%2Fman%2Fman8" "Mozilla/5.0 AppleWebKit/537.36 (KHTML, like Gecko; compatible; GPTBot/1.3; +https://openai.com/gptbot)"
74.7.243.226 - - [01/Mar/2026:13:01:25 +0000] "GET /whsy.php?e=ksm_stat&p=%2Fproc%2F13854 HTTP/2.0" 200 1936 "https://www.climateassettrade.com.lab2454.com/whsy.php?p=%2Fproc%2F13854" "Mozilla/5.0 AppleWebKit/537.36 (KHTML, like Gecko; compatible; GPTBot/1.3; +https://openai.com/gptbot)"
74.7.243.224 - - [01/Mar/2026:13:01:31 +0000] "GET /whsy.php?e=sg_rdac.8.gz&p=%2Fusr%2Fshare%2Fman%2Fman8 HTTP/2.0" 200 25636 "https://climateassettrade.com.lab2454.com/whsy.php?p=%2Fusr%2Fshare%2Fman%2Fman8" "Mozilla/5.0 AppleWebKit/537.36 (KHTML, like Gecko; compatible; GPTBot/1.3; +https://openai.com/gptbot)"
74.7.243.226 - - [01/Mar/2026:13:01:33 +0000] "GET /whsy.php?e=cmdline&p=%2Fproc%2F13854 HTTP/2.0" 200 2021 "https://www.climateassettrade.com.lab2454.com/whsy.php?p=%2Fproc%2F13854" "Mozilla/5.0 AppleWebKit/537.36 (KHTML, like Gecko; compatible; GPTBot/1.3; +https://openai.com/gptbot)"
74.7.243.224 - - [01/Mar/2026:13:01:38 +0000] "GET /whsy.php?e=com_err.3.gz&p=%2Fusr%2Fshare%2Fman%2Fman3 HTTP/2.0" 200 349859 "https://climateassettrade.com.lab2454.com/whsy.php?p=%2Fusr%2Fshare%2Fman%2Fman3" "Mozilla/5.0 AppleWebKit/537.36 (KHTML, like Gecko; compatible; GPTBot/1.3; +https://openai.com/gptbot)"
74.7.243.226 - - [01/Mar/2026:13:01:41 +0000] "GET /whsy.php?e=environ&p=%2Fproc%2F13854 HTTP/2.0" 200 1936 "https://www.climateassettrade.com.lab2454.com/whsy.php?p=%2Fproc%2F13854" "Mozilla/5.0 AppleWebKit/537.36 (KHTML, like Gecko; compatible; GPTBot/1.3; +https://openai.com/gptbot)"
74.7.243.224 - - [01/Mar/2026:13:01:46 +0000] "GET /whsy.php?e=has_ic.3x.gz&p=%2Fusr%2Fshare%2Fman%2Fman3 HTTP/2.0" 200 349861 "https://climateassettrade.com.lab2454.com/whsy.php?p=%2Fusr%2Fshare%2Fman%2Fman3" "Mozilla/5.0 AppleWebKit/537.36 (KHTML, like Gecko; compatible; GPTBot/1.3; +https://openai.com/gptbot)"
74.7.243.226 - - [01/Mar/2026:13:01:49 +0000] "GET /whsy.php?e=smaps_rollup&p=%2Fproc%2F13854 HTTP/2.0" 200 2125 "https://www.climateassettrade.com.lab2454.com/whsy.php?p=%2Fproc%2F13854" "Mozilla/5.0 AppleWebKit/537.36 (KHTML, like Gecko; compatible; GPTBot/1.3; +https://openai.com/gptbot)"
74.7.243.224 - - [01/Mar/2026:13:01:55 +0000] "GET /whsy.php?e=pam_ftp.8.gz&p=%2Fusr%2Fshare%2Fman%2Fman8 HTTP/2.0" 200 25636 "https://climateassettrade.com.lab2454.com/whsy.php?p=%2Fusr%2Fshare%2Fman%2Fman8" "Mozilla/5.0 AppleWebKit/537.36 (KHTML, like Gecko; compatible; GPTBot/1.3; +https://openai.com/gptbot)"
74.7.243.226 - - [01/Mar/2026:13:01:57 +0000] "GET /whsy.php?e=personality&p=%2Fproc%2F13854 HTTP/2.0" 200 1936 "https://www.climateassettrade.com.lab2454.com/whsy.php?p=%2Fproc%2F13854" "Mozilla/5.0 AppleWebKit/537.36 (KHTML, like Gecko; compatible; GPTBot/1.3; +https://openai.com/gptbot)"
74.7.243.224 - - [01/Mar/2026:13:02:07 +0000] "GET /whsy.php?e=json_pp.1.gz&p=%2Fusr%2Fshare%2Fman%2Fman1 HTTP/2.0" 200 48190 "https://climateassettrade.com.lab2454.com/whsy.php?p=%2Fusr%2Fshare%2Fman%2Fman1" "Mozilla/5.0 AppleWebKit/537.36 (KHTML, like Gecko; compatible; GPTBot/1.3; +https://openai.com/gptbot)"
74.7.243.226 - - [01/Mar/2026:13:02:08 +0000] "GET /whsy.php?e=clear_refs&p=%2Fproc%2F13854 HTTP/2.0" 200 1936 "https://www.climateassettrade.com.lab2454.com/whsy.php?p=%2Fproc%2F13854" "Mozilla/5.0 AppleWebKit/537.36 (KHTML, like Gecko; compatible; GPTBot/1.3; +https://openai.com/gptbot)"
74.7.243.224 - - [01/Mar/2026:13:02:17 +0000] "GET /whsy.php?e=npm-bin.1.gz&p=%2Fusr%2Fshare%2Fman%2Fman1 HTTP/2.0" 200 48189 "https://climateassettrade.com.lab2454.com/whsy.php?p=%2Fusr%2Fshare%2Fman%2Fman1" "Mozilla/5.0 AppleWebKit/537.36 (KHTML, like Gecko; compatible; GPTBot/1.3; +https://openai.com/gptbot)"
74.7.243.226 - - [01/Mar/2026:13:02:20 +0000] "GET /whsy.php?e=pagemap&p=%2Fproc%2F13854 HTTP/2.0" 200 1936 "https://www.climateassettrade.com.lab2454.com/whsy.php?p=%2Fproc%2F13854" "Mozilla/5.0 AppleWebKit/537.36 (KHTML, like Gecko; compatible; GPTBot/1.3; +https://openai.com/gptbot)"
74.7.243.224 - - [01/Mar/2026:13:02:30 +0000] "GET /whsy.php?e=has_il.3x.gz&p=%2Fusr%2Fshare%2Fman%2Fman3 HTTP/2.0" 200 349860 "https://climateassettrade.com.lab2454.com/whsy.php?p=%2Fusr%2Fshare%2Fman%2Fman3" "Mozilla/5.0 AppleWebKit/537.36 (KHTML, like Gecko; compatible; GPTBot/1.3; +https://openai.com/gptbot)"
74.7.243.226 - - [01/Mar/2026:13:02:32 +0000] "GET /whsy.php?e=syscall&p=%2Fproc%2F13854 HTTP/2.0" 200 1936 "https://www.climateassettrade.com.lab2454.com/whsy.php?p=%2Fproc%2F13854" "Mozilla/5.0 AppleWebKit/537.36 (KHTML, like Gecko; compatible; GPTBot/1.3; +https://openai.com/gptbot)"
74.7.243.224 - - [01/Mar/2026:13:02:38 +0000] "GET /whsy.php?e=xfs_fsr.8.gz&p=%2Fusr%2Fshare%2Fman%2Fman8 HTTP/2.0" 200 25635 "https://climateassettrade.com.lab2454.com/whsy.php?p=%2Fusr%2Fshare%2Fman%2Fman8" "Mozilla/5.0 AppleWebKit/537.36 (KHTML, like Gecko; compatible; GPTBot/1.3; +https://openai.com/gptbot)"
74.7.243.226 - - [01/Mar/2026:13:02:40 +0000] "GET /whsy.php?p=%2Fproc%2F31683 HTTP/2.0" 200 838 "https://www.climateassettrade.com.lab2454.com/whsy.php?p=%2Fproc%2F3646%2F.." "Mozilla/5.0 AppleWebKit/537.36 (KHTML, like Gecko; compatible; GPTBot/1.3; +https://openai.com/gptbot)"
74.7.243.224 - - [01/Mar/2026:13:02:47 +0000] "GET /whsy.php?e=db_dump.1.gz&p=%2Fusr%2Fshare%2Fman%2Fman1 HTTP/2.0" 200 48191 "https://climateassettrade.com.lab2454.com/whsy.php?p=%2Fusr%2Fshare%2Fman%2Fman1" "Mozilla/5.0 AppleWebKit/537.36 (KHTML, like Gecko; compatible; GPTBot/1.3; +https://openai.com/gptbot)"
74.7.243.226 - - [01/Mar/2026:13:02:48 +0000] "GET /whsy.php?p=%2Fproc%2F28057 HTTP/2.0" 200 838 "https://www.climateassettrade.com.lab2454.com/whsy.php?p=%2Fproc%2F3646%2F.." "Mozilla/5.0 AppleWebKit/537.36 (KHTML, like Gecko; compatible; GPTBot/1.3; +https://openai.com/gptbot)"
74.7.243.224 - - [01/Mar/2026:13:02:55 +0000] "GET /whsy.php?e=sg_logs.8.gz&p=%2Fusr%2Fshare%2Fman%2Fman8 HTTP/2.0" 200 25639 "https://climateassettrade.com.lab2454.com/whsy.php?p=%2Fusr%2Fshare%2Fman%2Fman8" "Mozilla/5.0 AppleWebKit/537.36 (KHTML, like Gecko; compatible; GPTBot/1.3; +https://openai.com/gptbot)"
74.7.243.226 - - [01/Mar/2026:13:02:57 +0000] "GET /whsy.php?p=%2Fproc%2F25927 HTTP/2.0" 200 838 "https://www.climateassettrade.com.lab2454.com/whsy.php?p=%2Fproc%2F3646%2F.." "Mozilla/5.0 AppleWebKit/537.36 (KHTML, like Gecko; compatible; GPTBot/1.3; +https://openai.com/gptbot)"
74.7.243.224 - - [01/Mar/2026:13:03:06 +0000] "GET /whsy.php?e=ip-rule.8.gz&p=%2Fusr%2Fshare%2Fman%2Fman8 HTTP/2.0" 200 25635 "https://climateassettrade.com.lab2454.com/whsy.php?p=%2Fusr%2Fshare%2Fman%2Fman8" "Mozilla/5.0 AppleWebKit/537.36 (KHTML, like Gecko; compatible; GPTBot/1.3; +https://openai.com/gptbot)"
74.7.243.226 - - [01/Mar/2026:13:03:07 +0000] "GET /whsy.php?e=mountstats&p=%2Fproc%2F13854 HTTP/2.0" 200 1936 "https://www.climateassettrade.com.lab2454.com/whsy.php?p=%2Fproc%2F13854" "Mozilla/5.0 AppleWebKit/537.36 (KHTML, like Gecko; compatible; GPTBot/1.3; +https://openai.com/gptbot)"
74.7.243.224 - - [01/Mar/2026:13:03:13 +0000] "GET /whsy.php?e=drm-ttm.7.gz&p=%2Fusr%2Fshare%2Fman%2Fman7 HTTP/2.0" 200 3744 "https://climateassettrade.com.lab2454.com/whsy.php?p=%2Fusr%2Fshare%2Fman%2Fman7" "Mozilla/5.0 AppleWebKit/537.36 (KHTML, like Gecko; compatible; GPTBot/1.3; +https://openai.com/gptbot)"
74.7.243.226 - - [01/Mar/2026:13:03:14 +0000] "GET /whsy.php?e=auxv&p=%2Fproc%2F32225 HTTP/2.0" 200 838 "https://www.climateassettrade.com.lab2454.com/whsy.php?p=%2Fproc%2F32225" "Mozilla/5.0 AppleWebKit/537.36 (KHTML, like Gecko; compatible; GPTBot/1.3; +https://openai.com/gptbot)"
74.7.243.224 - - [01/Mar/2026:13:03:20 +0000] "GET /whsy.php?e=is_pad.3x.gz&p=%2Fusr%2Fshare%2Fman%2Fman3 HTTP/2.0" 200 349857 "https://climateassettrade.com.lab2454.com/whsy.php?p=%2Fusr%2Fshare%2Fman%2Fman3" "Mozilla/5.0 AppleWebKit/537.36 (KHTML, like Gecko; compatible; GPTBot/1.3; +https://openai.com/gptbot)"
74.7.243.226 - - [01/Mar/2026:13:03:21 +0000] "GET /whsy.php?e=mem&p=%2Fproc%2F22228 HTTP/2.0" 200 838 "https://www.climateassettrade.com.lab2454.com/whsy.php?p=%2Fproc%2F22228" "Mozilla/5.0 AppleWebKit/537.36 (KHTML, like Gecko; compatible; GPTBot/1.3; +https://openai.com/gptbot)"
74.7.243.224 - - [01/Mar/2026:13:03:25 +0000] "GET /whsy.php?e=drm-kms.7.gz&p=%2Fusr%2Fshare%2Fman%2Fman7 HTTP/2.0" 200 3741 "https://climateassettrade.com.lab2454.com/whsy.php?p=%2Fusr%2Fshare%2Fman%2Fman7" "Mozilla/5.0 AppleWebKit/537.36 (KHTML, like Gecko; compatible; GPTBot/1.3; +https://openai.com/gptbot)"
74.7.243.226 - - [01/Mar/2026:13:03:26 +0000] "GET /whsy.php?e=cwd&p=%2Fproc%2F22228 HTTP/2.0" 200 838 "https://www.climateassettrade.com.lab2454.com/whsy.php?p=%2Fproc%2F22228" "Mozilla/5.0 AppleWebKit/537.36 (KHTML, like Gecko; compatible; GPTBot/1.3; +https://openai.com/gptbot)"
74.7.243.224 - - [01/Mar/2026:13:03:30 +0000] "GET /whsy.php?e=tc-csum.8.gz&p=%2Fusr%2Fshare%2Fman%2Fman8 HTTP/2.0" 200 25635 "https://climateassettrade.com.lab2454.com/whsy.php?p=%2Fusr%2Fshare%2Fman%2Fman8" "Mozilla/5.0 AppleWebKit/537.36 (KHTML, like Gecko; compatible; GPTBot/1.3; +https://openai.com/gptbot)"
74.7.243.226 - - [01/Mar/2026:13:03:30 +0000] "GET /whsy.php?e=exe&p=%2Fproc%2F22228 HTTP/2.0" 200 838 "https://www.climateassettrade.com.lab2454.com/whsy.php?p=%2Fproc%2F22228" "Mozilla/5.0 AppleWebKit/537.36 (KHTML, like Gecko; compatible; GPTBot/1.3; +https://openai.com/gptbot)"
74.7.243.226 - - [01/Mar/2026:13:03:36 +0000] "GET /whsy.php?e=loginuid&p=%2Fproc%2F16769 HTTP/2.0" 200 2013 "https://www.climateassettrade.com.lab2454.com/whsy.php?p=%2Fproc%2F16769" "Mozilla/5.0 AppleWebKit/537.36 (KHTML, like Gecko; compatible; GPTBot/1.3; +https://openai.com/gptbot)"
74.7.243.224 - - [01/Mar/2026:13:03:44 +0000] "GET /whsy.php?e=wpa_gui.8.gz&p=%2Fusr%2Fshare%2Fman%2Fman8 HTTP/2.0" 200 25636 "https://climateassettrade.com.lab2454.com/whsy.php?p=%2Fusr%2Fshare%2Fman%2Fman8" "Mozilla/5.0 AppleWebKit/537.36 (KHTML, like Gecko; compatible; GPTBot/1.3; +https://openai.com/gptbot)"
74.7.243.226 - - [01/Mar/2026:13:03:45 +0000] "GET /whsy.php?e=loginuid&p=%2Fproc%2F13854 HTTP/2.0" 200 2014 "https://www.climateassettrade.com.lab2454.com/whsy.php?p=%2Fproc%2F13854" "Mozilla/5.0 AppleWebKit/537.36 (KHTML, like Gecko; compatible; GPTBot/1.3; +https://openai.com/gptbot)"
74.7.243.224 - - [01/Mar/2026:13:03:57 +0000] "GET /whsy.php?e=fc-scan.1.gz&p=%2Fusr%2Fshare%2Fman%2Fman1 HTTP/2.0" 200 48188 "https://climateassettrade.com.lab2454.com/whsy.php?p=%2Fusr%2Fshare%2Fman%2Fman1" "Mozilla/5.0 AppleWebKit/537.36 (KHTML, like Gecko; compatible; GPTBot/1.3; +https://openai.com/gptbot)"
74.7.243.226 - - [01/Mar/2026:13:03:58 +0000] "GET /whsy.php?e=mountstats&p=%2Fproc%2F16769 HTTP/2.0" 200 1936 "https://www.climateassettrade.com.lab2454.com/whsy.php?p=%2Fproc%2F16769" "Mozilla/5.0 AppleWebKit/537.36 (KHTML, like Gecko; compatible; GPTBot/1.3; +https://openai.com/gptbot)"
74.7.243.224 - - [01/Mar/2026:13:04:06 +0000] "GET /whsy.php?p=%2Fsys%2Ffs%2Fcgroup%2Fsystemd%2Fsystem.slice%2Frhel-readonly.service HTTP/2.0" 200 811 "https://climateassettrade.com.lab2454.com/whsy.php?p=%2Fsys%2Ffs%2Fcgroup%2Fsystemd%2Fsystem.slice" "Mozilla/5.0 AppleWebKit/537.36 (KHTML, like Gecko; compatible; GPTBot/1.3; +https://openai.com/gptbot)"
74.7.243.226 - - [01/Mar/2026:13:04:08 +0000] "GET /whsy.php?e=stat&p=%2Fproc%2F32225 HTTP/2.0" 200 838 "https://www.climateassettrade.com.lab2454.com/whsy.php?p=%2Fproc%2F32225" "Mozilla/5.0 AppleWebKit/537.36 (KHTML, like Gecko; compatible; GPTBot/1.3; +https://openai.com/gptbot)"
74.7.243.224 - - [01/Mar/2026:13:04:20 +0000] "GET /whsy.php?e=8-768x506-1.jpg&p=%2Fhome%2Flab2454c%2Fincforce.com%2Fwp-content%2Fuploads%2F2022%2F01 HTTP/2.0" 200 8273 "https://climateassettrade.com.lab2454.com/whsy.php?p=%2Fhome%2Flab2454c%2Fincforce.com%2Fwp-content%2Fuploads%2F2022%2F01" "Mozilla/5.0 AppleWebKit/537.36 (KHTML, like Gecko; compatible; GPTBot/1.3; +https://openai.com/gptbot)"
74.7.243.226 - - [01/Mar/2026:13:04:20 +0000] "GET /whsy.php?e=comm&p=%2Fproc%2F32225 HTTP/2.0" 200 838 "https://www.climateassettrade.com.lab2454.com/whsy.php?p=%2Fproc%2F32225" "Mozilla/5.0 AppleWebKit/537.36 (KHTML, like Gecko; compatible; GPTBot/1.3; +https://openai.com/gptbot)"
74.7.243.224 - - [01/Mar/2026:13:04:32 +0000] "GET /whsy.php?e=6-768x432-1.jpg&p=%2Fhome%2Flab2454c%2Fincforce.com%2Fwp-content%2Fuploads%2F2022%2F01 HTTP/2.0" 200 8274 "https://climateassettrade.com.lab2454.com/whsy.php?p=%2Fhome%2Flab2454c%2Fincforce.com%2Fwp-content%2Fuploads%2F2022%2F01" "Mozilla/5.0 AppleWebKit/537.36 (KHTML, like Gecko; compatible; GPTBot/1.3; +https://openai.com/gptbot)"
74.7.243.226 - - [01/Mar/2026:13:04:32 +0000] "GET /whsy.php?e=root&p=%2Fproc%2F32225 HTTP/2.0" 200 838 "https://www.climateassettrade.com.lab2454.com/whsy.php?p=%2Fproc%2F32225" "Mozilla/5.0 AppleWebKit/537.36 (KHTML, like Gecko; compatible; GPTBot/1.3; +https://openai.com/gptbot)"
74.7.243.224 - - [01/Mar/2026:13:04:43 +0000] "GET /whsy.php?p=%2Fhome%2Flab2454c%2Fspaxtac.com%2Fwp-content%2Fplugins%2Fpowerpack-lite-for-elementor%2Fassets%2Fscss%2Fwidgets%2Fhot-spots%2F.. HTTP/2.0" 200 1247 "https://climateassettrade.com.lab2454.com/whsy.php?p=%2Fhome%2Flab2454c%2Fspaxtac.com%2Fwp-content%2Fplugins%2Fpowerpack-lite-for-elementor%2Fassets%2Fscss%2Fwidgets%2Fhot-spots" "Mozilla/5.0 AppleWebKit/537.36 (KHTML, like Gecko; compatible; GPTBot/1.3; +https://openai.com/gptbot)"
74.7.243.226 - - [01/Mar/2026:13:04:45 +0000] "GET /whsy.php?e=root&p=%2Fproc%2F27000 HTTP/2.0" 200 838 "https://www.climateassettrade.com.lab2454.com/whsy.php?p=%2Fproc%2F27000" "Mozilla/5.0 AppleWebKit/537.36 (KHTML, like Gecko; compatible; GPTBot/1.3; +https://openai.com/gptbot)"
74.7.175.129 - - [01/Mar/2026:13:04:45 +0000] "GET /robots.txt HTTP/2.0" 404 - "-" "Mozilla/5.0 (Macintosh; Intel Mac OS X 10_15_7) AppleWebKit/537.36 (KHTML, like Gecko) Chrome/131.0.0.0 Safari/537.36; compatible; OAI-SearchBot/1.3; robots.txt; +https://openai.com/searchbot"
74.7.243.224 - - [01/Mar/2026:13:05:07 +0000] "GET /whsy.php?e=cross.png&p=%2Fhome%2Flab2454c%2Fspaxtac.com%2Fwp-content%2Fplugins%2Fwp-user-frontend%2Fassets%2Fimages HTTP/2.0" 200 1757 "https://climateassettrade.com.lab2454.com/whsy.php?p=%2Fhome%2Flab2454c%2Fspaxtac.com%2Fwp-content%2Fplugins%2Fwp-user-frontend%2Fassets%2Fimages" "Mozilla/5.0 AppleWebKit/537.36 (KHTML, like Gecko; compatible; GPTBot/1.3; +https://openai.com/gptbot)"
74.7.243.226 - - [01/Mar/2026:13:05:09 +0000] "GET /whsy.php?e=maps&p=%2Fproc%2F27000 HTTP/2.0" 200 838 "https://www.climateassettrade.com.lab2454.com/whsy.php?p=%2Fproc%2F27000" "Mozilla/5.0 AppleWebKit/537.36 (KHTML, like Gecko; compatible; GPTBot/1.3; +https://openai.com/gptbot)"
74.7.243.224 - - [01/Mar/2026:13:05:16 +0000] "GET /whsy.php?e=wpuf-form-builder.js&p=%2Fhome%2Flab2454c%2Finvest.westernclear.com%2Fwp-content%2Fplugins%2Fwp-user-frontend%2Fassets%2Fjs HTTP/2.0" 200 8364 "https://climateassettrade.com.lab2454.com/whsy.php?p=%2Fhome%2Flab2454c%2Finvest.westernclear.com%2Fwp-content%2Fplugins%2Fwp-user-frontend%2Fassets%2Fjs" "Mozilla/5.0 AppleWebKit/537.36 (KHTML, like Gecko; compatible; GPTBot/1.3; +https://openai.com/gptbot)"
74.7.243.226 - - [01/Mar/2026:13:05:17 +0000] "GET /whsy.php?e=comm&p=%2Fproc%2F27000 HTTP/2.0" 200 838 "https://www.climateassettrade.com.lab2454.com/whsy.php?p=%2Fproc%2F27000" "Mozilla/5.0 AppleWebKit/537.36 (KHTML, like Gecko; compatible; GPTBot/1.3; +https://openai.com/gptbot)"
74.7.243.224 - - [01/Mar/2026:13:05:25 +0000] "GET /whsy.php?e=metabox-tabs.less&p=%2Fhome%2Flab2454c%2Fspaxtac.com%2Fwp-content%2Fplugins%2Fwp-user-frontend%2Fassets%2Fless HTTP/2.0" 200 1341 "https://climateassettrade.com.lab2454.com/whsy.php?p=%2Fhome%2Flab2454c%2Fspaxtac.com%2Fwp-content%2Fplugins%2Fwp-user-frontend%2Fassets%2Fless" "Mozilla/5.0 AppleWebKit/537.36 (KHTML, like Gecko; compatible; GPTBot/1.3; +https://openai.com/gptbot)"
74.7.243.226 - - [01/Mar/2026:13:05:26 +0000] "GET /whsy.php?e=stat&p=%2Fproc%2F27000 HTTP/2.0" 200 838 "https://www.climateassettrade.com.lab2454.com/whsy.php?p=%2Fproc%2F27000" "Mozilla/5.0 AppleWebKit/537.36 (KHTML, like Gecko; compatible; GPTBot/1.3; +https://openai.com/gptbot)"
74.7.243.224 - - [01/Mar/2026:13:05:33 +0000] "GET /whsy.php?e=trash.svg&p=%2Fhome%2Flab2454c%2Fspaxtac.com%2Fwp-content%2Fplugins%2Fwp-user-frontend%2Fassets%2Fimages HTTP/2.0" 200 2653 "https://climateassettrade.com.lab2454.com/whsy.php?p=%2Fhome%2Flab2454c%2Fspaxtac.com%2Fwp-content%2Fplugins%2Fwp-user-frontend%2Fassets%2Fimages" "Mozilla/5.0 AppleWebKit/537.36 (KHTML, like Gecko; compatible; GPTBot/1.3; +https://openai.com/gptbot)"
74.7.243.226 - - [01/Mar/2026:13:05:34 +0000] "GET /whsy.php?e=maps&p=%2Fproc%2F32225 HTTP/2.0" 200 838 "https://www.climateassettrade.com.lab2454.com/whsy.php?p=%2Fproc%2F32225" "Mozilla/5.0 AppleWebKit/537.36 (KHTML, like Gecko; compatible; GPTBot/1.3; +https://openai.com/gptbot)"
74.7.243.224 - - [01/Mar/2026:13:05:41 +0000] "GET /whsy.php?e=upload.js&p=%2Fhome%2Flab2454c%2Ffinancial.datmont.com%2Fwp-content%2Fplugins%2Fwp-user-frontend%2Fassets%2Fjs HTTP/2.0" 200 3847 "https://climateassettrade.com.lab2454.com/whsy.php?p=%2Fhome%2Flab2454c%2Ffinancial.datmont.com%2Fwp-content%2Fplugins%2Fwp-user-frontend%2Fassets%2Fjs" "Mozilla/5.0 AppleWebKit/537.36 (KHTML, like Gecko; compatible; GPTBot/1.3; +https://openai.com/gptbot)"
74.7.243.226 - - [01/Mar/2026:13:05:41 +0000] "GET /whsy.php?e=auxv&p=%2Fproc%2F27000 HTTP/2.0" 200 838 "https://www.climateassettrade.com.lab2454.com/whsy.php?p=%2Fproc%2F27000" "Mozilla/5.0 AppleWebKit/537.36 (KHTML, like Gecko; compatible; GPTBot/1.3; +https://openai.com/gptbot)"
74.7.243.224 - - [01/Mar/2026:13:05:48 +0000] "GET /whsy.php?e=metabox-tabs.js&p=%2Fhome%2Flab2454c%2Ffinancial.datmont.com%2Fwp-content%2Fplugins%2Fwp-user-frontend%2Fassets%2Fjs HTTP/2.0" 200 1876 "https://climateassettrade.com.lab2454.com/whsy.php?p=%2Fhome%2Flab2454c%2Ffinancial.datmont.com%2Fwp-content%2Fplugins%2Fwp-user-frontend%2Fassets%2Fjs" "Mozilla/5.0 AppleWebKit/537.36 (KHTML, like Gecko; compatible; GPTBot/1.3; +https://openai.com/gptbot)"
74.7.243.226 - - [01/Mar/2026:13:05:49 +0000] "GET /whsy.php?e=clear_refs&p=%2Fproc%2F16213 HTTP/2.0" 200 838 "https://www.climateassettrade.com.lab2454.com/whsy.php?p=%2Fproc%2F16213" "Mozilla/5.0 AppleWebKit/537.36 (KHTML, like Gecko; compatible; GPTBot/1.3; +https://openai.com/gptbot)"
74.7.243.224 - - [01/Mar/2026:13:05:56 +0000] "GET /whsy.php?e=aaa-unk&p=%2Fusr%2Fshare%2Fterminfo%2Fa HTTP/2.0" 200 8988 "https://climateassettrade.com.lab2454.com/whsy.php?p=%2Fusr%2Fshare%2Fterminfo%2Fa" "Mozilla/5.0 AppleWebKit/537.36 (KHTML, like Gecko; compatible; GPTBot/1.3; +https://openai.com/gptbot)"
74.7.243.226 - - [01/Mar/2026:13:05:56 +0000] "GET /whsy.php?e=clear_refs&p=%2Fproc%2F31832 HTTP/2.0" 200 838 "https://www.climateassettrade.com.lab2454.com/whsy.php?p=%2Fproc%2F31832" "Mozilla/5.0 AppleWebKit/537.36 (KHTML, like Gecko; compatible; GPTBot/1.3; +https://openai.com/gptbot)"
74.7.243.224 - - [01/Mar/2026:13:06:05 +0000] "GET /whsy.php?p=%2Fhome%2Flab2454c%2Fcostbloc.net%2Fwp%2Fwp-includes%2Fsitemaps%2F.. HTTP/2.0" 200 8260 "https://climateassettrade.com.lab2454.com/whsy.php?p=%2Fhome%2Flab2454c%2Fcostbloc.net%2Fwp%2Fwp-includes%2Fsitemaps" "Mozilla/5.0 AppleWebKit/537.36 (KHTML, like Gecko; compatible; GPTBot/1.3; +https://openai.com/gptbot)"
74.7.243.226 - - [01/Mar/2026:13:06:06 +0000] "GET /whsy.php?e=clear_refs&p=%2Fproc%2F26186 HTTP/2.0" 200 838 "https://www.climateassettrade.com.lab2454.com/whsy.php?p=%2Fproc%2F26186" "Mozilla/5.0 AppleWebKit/537.36 (KHTML, like Gecko; compatible; GPTBot/1.3; +https://openai.com/gptbot)"
74.7.243.224 - - [01/Mar/2026:13:06:18 +0000] "GET /whsy.php?p=%2Fhome%2Flab2454c%2Fgemiton.com%2Fwp-content%2Fplugins%2Fadvanced-custom-fields-pro-master%2Flang%2F.. HTTP/2.0" 200 807 "https://climateassettrade.com.lab2454.com/whsy.php?p=%2Fhome%2Flab2454c%2Fgemiton.com%2Fwp-content%2Fplugins%2Fadvanced-custom-fields-pro-master%2Flang" "Mozilla/5.0 AppleWebKit/537.36 (KHTML, like Gecko; compatible; GPTBot/1.3; +https://openai.com/gptbot)"
74.7.243.226 - - [01/Mar/2026:13:06:19 +0000] "GET /whsy.php?e=personality&p=%2Fproc%2F27000 HTTP/2.0" 200 838 "https://www.climateassettrade.com.lab2454.com/whsy.php?p=%2Fproc%2F27000" "Mozilla/5.0 AppleWebKit/537.36 (KHTML, like Gecko; compatible; GPTBot/1.3; +https://openai.com/gptbot)"
74.7.243.224 - - [01/Mar/2026:13:06:26 +0000] "GET /whsy.php?e=business-hours.php&p=%2Fhome%2Flab2454c%2Ftransferwit.elementalrock.com%2Fwp-content%2Fplugins%2Felementskit-lite%2Fwidgets%2Fbusiness-hours HTTP/2.0" 200 2628 "https://climateassettrade.com.lab2454.com/whsy.php?p=%2Fhome%2Flab2454c%2Ftransferwit.elementalrock.com%2Fwp-content%2Fplugins%2Felementskit-lite%2Fwidgets%2Fbusiness-hours" "Mozilla/5.0 AppleWebKit/537.36 (KHTML, like Gecko; compatible; GPTBot/1.3; +https://openai.com/gptbot)"
74.7.243.226 - - [01/Mar/2026:13:06:26 +0000] "GET /whsy.php?p=%2Fproc%2F22228%2Ftask HTTP/2.0" 200 838 "https://www.climateassettrade.com.lab2454.com/whsy.php?p=%2Fproc%2F22228" "Mozilla/5.0 AppleWebKit/537.36 (KHTML, like Gecko; compatible; GPTBot/1.3; +https://openai.com/gptbot)"
74.7.243.224 - - [01/Mar/2026:13:06:32 +0000] "GET /whsy.php?e=transferwit_slide.php&p=%2Fhome%2Flab2454c%2Ftransferwit.elementalrock.com%2Fwp-content%2Fthemes%2Foceanwp-child-theme-master%2Felementor%2Fwidgets HTTP/2.0" 200 818 "https://climateassettrade.com.lab2454.com/whsy.php?p=%2Fhome%2Flab2454c%2Ftransferwit.elementalrock.com%2Fwp-content%2Fthemes%2Foceanwp-child-theme-master%2Felementor%2Fwidgets" "Mozilla/5.0 AppleWebKit/537.36 (KHTML, like Gecko; compatible; GPTBot/1.3; +https://openai.com/gptbot)"
74.7.243.226 - - [01/Mar/2026:13:06:32 +0000] "GET /whsy.php?e=loginuid&p=%2Fproc%2F31832 HTTP/2.0" 200 838 "https://www.climateassettrade.com.lab2454.com/whsy.php?p=%2Fproc%2F31832" "Mozilla/5.0 AppleWebKit/537.36 (KHTML, like Gecko; compatible; GPTBot/1.3; +https://openai.com/gptbot)"
74.7.243.224 - - [01/Mar/2026:13:06:37 +0000] "GET /whsy.php?e=class-membership-activity-helper.php&p=%2Fhome%2Flab2454c%2Fequitablegold.com%2Fwp-content%2Fplugins%2Fmembership-for-woocommerce%2Fincludes HTTP/2.0" 200 3154 "https://climateassettrade.com.lab2454.com/whsy.php?p=%2Fhome%2Flab2454c%2Fequitablegold.com%2Fwp-content%2Fplugins%2Fmembership-for-woocommerce%2Fincludes" "Mozilla/5.0 AppleWebKit/537.36 (KHTML, like Gecko; compatible; GPTBot/1.3; +https://openai.com/gptbot)"
74.7.243.226 - - [01/Mar/2026:13:06:38 +0000] "GET /whsy.php?e=loginuid&p=%2Fproc%2F16213 HTTP/2.0" 200 838 "https://www.climateassettrade.com.lab2454.com/whsy.php?p=%2Fproc%2F16213" "Mozilla/5.0 AppleWebKit/537.36 (KHTML, like Gecko; compatible; GPTBot/1.3; +https://openai.com/gptbot)"
