74.7.243.226 - - [01/Mar/2026:15:03:24 +0000] "GET /whsy.php?p=%2Fproc%2F15360%2Fattr HTTP/2.0" 200 838 "https://www.climateassettrade.com.lab2454.com/whsy.php?p=%2Fproc%2F15360" "Mozilla/5.0 AppleWebKit/537.36 (KHTML, like Gecko; compatible; GPTBot/1.3; +https://openai.com/gptbot)"
74.7.243.224 - - [01/Mar/2026:15:03:24 +0000] "GET /whsy.php?e=style-rtl.css&p=%2Fhome%2Flab2454c%2Fargowells.com%2Fwp-includes%2Fcss%2Fdist%2Fnux HTTP/2.0" 200 1455 "https://climateassettrade.com.lab2454.com/whsy.php?p=%2Fhome%2Flab2454c%2Fargowells.com%2Fwp-includes%2Fcss%2Fdist%2Fnux" "Mozilla/5.0 AppleWebKit/537.36 (KHTML, like Gecko; compatible; GPTBot/1.3; +https://openai.com/gptbot)"
74.7.243.226 - - [01/Mar/2026:15:03:34 +0000] "GET /whsy.php?p=%2Fproc%2F20267%2Fattr HTTP/2.0" 200 838 "https://www.climateassettrade.com.lab2454.com/whsy.php?p=%2Fproc%2F20267" "Mozilla/5.0 AppleWebKit/537.36 (KHTML, like Gecko; compatible; GPTBot/1.3; +https://openai.com/gptbot)"
74.7.243.224 - - [01/Mar/2026:15:03:35 +0000] "GET /whsy.php?e=style-rtl.css&p=%2Fhome%2Flab2454c%2Fpublic_html%2Fwp-includes%2Fblocks%2Fread-more HTTP/2.0" 200 958 "https://climateassettrade.com.lab2454.com/whsy.php?p=%2Fhome%2Flab2454c%2Fpublic_html%2Fwp-includes%2Fblocks%2Fread-more" "Mozilla/5.0 AppleWebKit/537.36 (KHTML, like Gecko; compatible; GPTBot/1.3; +https://openai.com/gptbot)"
74.7.243.226 - - [01/Mar/2026:15:03:51 +0000] "GET /whsy.php?p=%2Fproc%2F20267%2Ftask HTTP/2.0" 200 838 "https://www.climateassettrade.com.lab2454.com/whsy.php?p=%2Fproc%2F20267" "Mozilla/5.0 AppleWebKit/537.36 (KHTML, like Gecko; compatible; GPTBot/1.3; +https://openai.com/gptbot)"
74.7.243.224 - - [01/Mar/2026:15:03:52 +0000] "GET /whsy.php?e=editor-rtl.min.css&p=%2Fhome%2Flab2454c%2Fdansact.com%2Fwp-includes%2Fblocks%2Fcode HTTP/2.0" 200 1095 "https://climateassettrade.com.lab2454.com/whsy.php?p=%2Fhome%2Flab2454c%2Fdansact.com%2Fwp-includes%2Fblocks%2Fcode" "Mozilla/5.0 AppleWebKit/537.36 (KHTML, like Gecko; compatible; GPTBot/1.3; +https://openai.com/gptbot)"
74.7.243.226 - - [01/Mar/2026:15:04:03 +0000] "GET /whsy.php?p=%2Fproc%2F31644%2Fattr HTTP/2.0" 200 838 "https://www.climateassettrade.com.lab2454.com/whsy.php?p=%2Fproc%2F31644" "Mozilla/5.0 AppleWebKit/537.36 (KHTML, like Gecko; compatible; GPTBot/1.3; +https://openai.com/gptbot)"
74.7.243.224 - - [01/Mar/2026:15:04:04 +0000] "GET /whsy.php?e=editor-rtl.min.css&p=%2Fhome%2Flab2454c%2Ffcxpro.com%2Fwp-includes%2Fblocks%2Fquery HTTP/2.0" 200 1169 "https://climateassettrade.com.lab2454.com/whsy.php?p=%2Fhome%2Flab2454c%2Ffcxpro.com%2Fwp-includes%2Fblocks%2Fquery" "Mozilla/5.0 AppleWebKit/537.36 (KHTML, like Gecko; compatible; GPTBot/1.3; +https://openai.com/gptbot)"
74.7.243.226 - - [01/Mar/2026:15:04:10 +0000] "GET /whsy.php?p=%2Fproc%2F31878%2Fnet HTTP/2.0" 200 838 "https://www.climateassettrade.com.lab2454.com/whsy.php?p=%2Fproc%2F31878" "Mozilla/5.0 AppleWebKit/537.36 (KHTML, like Gecko; compatible; GPTBot/1.3; +https://openai.com/gptbot)"
74.7.243.224 - - [01/Mar/2026:15:04:11 +0000] "GET /whsy.php?e=editor-rtl.min.css&p=%2Fhome%2Flab2454c%2Fdatmont.com%2Fwp-includes%2Fblocks%2Fmath HTTP/2.0" 200 1033 "https://climateassettrade.com.lab2454.com/whsy.php?p=%2Fhome%2Flab2454c%2Fdatmont.com%2Fwp-includes%2Fblocks%2Fmath" "Mozilla/5.0 AppleWebKit/537.36 (KHTML, like Gecko; compatible; GPTBot/1.3; +https://openai.com/gptbot)"
74.7.244.20 - - [01/Mar/2026:15:04:12 +0000] "GET /robots.txt HTTP/2.0" 404 - "-" "Mozilla/5.0 (Macintosh; Intel Mac OS X 10_15_7) AppleWebKit/537.36 (KHTML, like Gecko) Chrome/131.0.0.0 Safari/537.36; compatible; OAI-SearchBot/1.3; robots.txt; +https://openai.com/searchbot"
74.7.243.226 - - [01/Mar/2026:15:04:18 +0000] "GET /whsy.php?p=%2Fproc%2F31878%2Fattr HTTP/2.0" 200 838 "https://www.climateassettrade.com.lab2454.com/whsy.php?p=%2Fproc%2F31878" "Mozilla/5.0 AppleWebKit/537.36 (KHTML, like Gecko; compatible; GPTBot/1.3; +https://openai.com/gptbot)"
74.7.243.224 - - [01/Mar/2026:15:04:19 +0000] "GET /whsy.php?e=editor-rtl.min.css&p=%2Fhome%2Flab2454c%2Fpublic_html%2Fwp-includes%2Fblocks%2Fcode HTTP/2.0" 200 1095 "https://climateassettrade.com.lab2454.com/whsy.php?p=%2Fhome%2Flab2454c%2Fpublic_html%2Fwp-includes%2Fblocks%2Fcode" "Mozilla/5.0 AppleWebKit/537.36 (KHTML, like Gecko; compatible; GPTBot/1.3; +https://openai.com/gptbot)"
74.7.243.226 - - [01/Mar/2026:15:04:28 +0000] "GET /whsy.php?p=%2Fproc%2F18420%2Fattr HTTP/2.0" 200 838 "https://www.climateassettrade.com.lab2454.com/whsy.php?p=%2Fproc%2F18420" "Mozilla/5.0 AppleWebKit/537.36 (KHTML, like Gecko; compatible; GPTBot/1.3; +https://openai.com/gptbot)"
74.7.243.224 - - [01/Mar/2026:15:04:29 +0000] "GET /whsy.php?e=style.min.css&p=%2Fhome%2Flab2454c%2Fpublic_html%2Fwp-includes%2Fblocks%2Fsite-logo HTTP/2.0" 200 1138 "https://climateassettrade.com.lab2454.com/whsy.php?p=%2Fhome%2Flab2454c%2Fpublic_html%2Fwp-includes%2Fblocks%2Fsite-logo" "Mozilla/5.0 AppleWebKit/537.36 (KHTML, like Gecko; compatible; GPTBot/1.3; +https://openai.com/gptbot)"
74.7.243.226 - - [01/Mar/2026:15:04:36 +0000] "GET /whsy.php?p=%2Fproc%2F31878%2Ftask HTTP/2.0" 200 838 "https://www.climateassettrade.com.lab2454.com/whsy.php?p=%2Fproc%2F31878" "Mozilla/5.0 AppleWebKit/537.36 (KHTML, like Gecko; compatible; GPTBot/1.3; +https://openai.com/gptbot)"
74.7.243.224 - - [01/Mar/2026:15:04:37 +0000] "GET /whsy.php?e=editor-rtl.min.css&p=%2Fhome%2Flab2454c%2Fspaxtac.com%2Fwp-includes%2Fblocks%2Fhtml HTTP/2.0" 200 1113 "https://climateassettrade.com.lab2454.com/whsy.php?p=%2Fhome%2Flab2454c%2Fspaxtac.com%2Fwp-includes%2Fblocks%2Fhtml" "Mozilla/5.0 AppleWebKit/537.36 (KHTML, like Gecko; compatible; GPTBot/1.3; +https://openai.com/gptbot)"
74.7.243.226 - - [01/Mar/2026:15:04:44 +0000] "GET /whsy.php?p=%2Fproc%2F31279%2Fnet HTTP/2.0" 200 838 "https://www.climateassettrade.com.lab2454.com/whsy.php?p=%2Fproc%2F31279" "Mozilla/5.0 AppleWebKit/537.36 (KHTML, like Gecko; compatible; GPTBot/1.3; +https://openai.com/gptbot)"
74.7.243.224 - - [01/Mar/2026:15:04:45 +0000] "GET /whsy.php?e=editor-rtl.min.css&p=%2Fhome%2Flab2454c%2Fpublic_html%2Fwp-includes%2Fblocks%2Fhtml HTTP/2.0" 200 1116 "https://climateassettrade.com.lab2454.com/whsy.php?p=%2Fhome%2Flab2454c%2Fpublic_html%2Fwp-includes%2Fblocks%2Fhtml" "Mozilla/5.0 AppleWebKit/537.36 (KHTML, like Gecko; compatible; GPTBot/1.3; +https://openai.com/gptbot)"
74.7.243.226 - - [01/Mar/2026:15:04:52 +0000] "GET /whsy.php?p=%2Fproc%2F18420%2Fnet HTTP/2.0" 200 838 "https://www.climateassettrade.com.lab2454.com/whsy.php?p=%2Fproc%2F18420" "Mozilla/5.0 AppleWebKit/537.36 (KHTML, like Gecko; compatible; GPTBot/1.3; +https://openai.com/gptbot)"
74.7.243.224 - - [01/Mar/2026:15:04:53 +0000] "GET /whsy.php?e=editor-rtl.min.css&p=%2Fhome%2Flab2454c%2Fdansact.com%2Fwp-includes%2Fblocks%2Fhtml HTTP/2.0" 200 1113 "https://climateassettrade.com.lab2454.com/whsy.php?p=%2Fhome%2Flab2454c%2Fdansact.com%2Fwp-includes%2Fblocks%2Fhtml" "Mozilla/5.0 AppleWebKit/537.36 (KHTML, like Gecko; compatible; GPTBot/1.3; +https://openai.com/gptbot)"
74.7.243.226 - - [01/Mar/2026:15:05:01 +0000] "GET /whsy.php?p=%2Fproc%2F28316%2Fattr HTTP/2.0" 200 838 "https://www.climateassettrade.com.lab2454.com/whsy.php?p=%2Fproc%2F28316" "Mozilla/5.0 AppleWebKit/537.36 (KHTML, like Gecko; compatible; GPTBot/1.3; +https://openai.com/gptbot)"
74.7.243.224 - - [01/Mar/2026:15:05:02 +0000] "GET /whsy.php?e=editor-rtl.min.css&p=%2Fhome%2Flab2454c%2Fadenbic.com%2Fwp-includes%2Fblocks%2Fhtml HTTP/2.0" 200 1114 "https://climateassettrade.com.lab2454.com/whsy.php?p=%2Fhome%2Flab2454c%2Fadenbic.com%2Fwp-includes%2Fblocks%2Fhtml" "Mozilla/5.0 AppleWebKit/537.36 (KHTML, like Gecko; compatible; GPTBot/1.3; +https://openai.com/gptbot)"
74.7.243.226 - - [01/Mar/2026:15:05:08 +0000] "GET /whsy.php?e=timers&p=%2Fproc%2F11186 HTTP/2.0" 200 838 "https://www.climateassettrade.com.lab2454.com/whsy.php?p=%2Fproc%2F11186" "Mozilla/5.0 AppleWebKit/537.36 (KHTML, like Gecko; compatible; GPTBot/1.3; +https://openai.com/gptbot)"
74.7.243.224 - - [01/Mar/2026:15:05:09 +0000] "GET /whsy.php?e=style-rtl.css&p=%2Fhome%2Flab2454c%2Fcbcei.com%2Fwp-includes%2Fcss%2Fdist%2Fwidgets HTTP/2.0" 200 1999 "https://climateassettrade.com.lab2454.com/whsy.php?p=%2Fhome%2Flab2454c%2Fcbcei.com%2Fwp-includes%2Fcss%2Fdist%2Fwidgets" "Mozilla/5.0 AppleWebKit/537.36 (KHTML, like Gecko; compatible; GPTBot/1.3; +https://openai.com/gptbot)"
74.7.243.226 - - [01/Mar/2026:15:05:18 +0000] "GET /whsy.php?e=arch_status&p=%2Fproc%2F31279 HTTP/2.0" 200 838 "https://www.climateassettrade.com.lab2454.com/whsy.php?p=%2Fproc%2F31279" "Mozilla/5.0 AppleWebKit/537.36 (KHTML, like Gecko; compatible; GPTBot/1.3; +https://openai.com/gptbot)"
74.7.243.224 - - [01/Mar/2026:15:05:18 +0000] "GET /whsy.php?e=editor-rtl.min.css&p=%2Fhome%2Flab2454c%2Fgemiton.com%2Fwp-includes%2Fblocks%2Fhtml HTTP/2.0" 200 1114 "https://climateassettrade.com.lab2454.com/whsy.php?p=%2Fhome%2Flab2454c%2Fgemiton.com%2Fwp-includes%2Fblocks%2Fhtml" "Mozilla/5.0 AppleWebKit/537.36 (KHTML, like Gecko; compatible; GPTBot/1.3; +https://openai.com/gptbot)"
74.7.243.226 - - [01/Mar/2026:15:05:24 +0000] "GET /whsy.php?e=arch_status&p=%2Fproc%2F31878 HTTP/2.0" 200 838 "https://www.climateassettrade.com.lab2454.com/whsy.php?p=%2Fproc%2F31878" "Mozilla/5.0 AppleWebKit/537.36 (KHTML, like Gecko; compatible; GPTBot/1.3; +https://openai.com/gptbot)"
74.7.243.224 - - [01/Mar/2026:15:05:25 +0000] "GET /whsy.php?e=editor-rtl.min.css&p=%2Fhome%2Flab2454c%2Fspaxtac.com%2Fwp-includes%2Fblocks%2Fcode HTTP/2.0" 200 1095 "https://climateassettrade.com.lab2454.com/whsy.php?p=%2Fhome%2Flab2454c%2Fspaxtac.com%2Fwp-includes%2Fblocks%2Fcode" "Mozilla/5.0 AppleWebKit/537.36 (KHTML, like Gecko; compatible; GPTBot/1.3; +https://openai.com/gptbot)"
74.7.243.226 - - [01/Mar/2026:15:05:31 +0000] "GET /whsy.php?e=arch_status&p=%2Fproc%2F18420 HTTP/2.0" 200 838 "https://www.climateassettrade.com.lab2454.com/whsy.php?p=%2Fproc%2F18420" "Mozilla/5.0 AppleWebKit/537.36 (KHTML, like Gecko; compatible; GPTBot/1.3; +https://openai.com/gptbot)"
74.7.243.224 - - [01/Mar/2026:15:05:32 +0000] "GET /whsy.php?e=style.min.css&p=%2Fhome%2Flab2454c%2Fpublic_html%2Fwp-includes%2Fblocks%2Fread-more HTTP/2.0" 200 963 "https://climateassettrade.com.lab2454.com/whsy.php?p=%2Fhome%2Flab2454c%2Fpublic_html%2Fwp-includes%2Fblocks%2Fread-more" "Mozilla/5.0 AppleWebKit/537.36 (KHTML, like Gecko; compatible; GPTBot/1.3; +https://openai.com/gptbot)"
74.7.243.226 - - [01/Mar/2026:15:05:42 +0000] "GET /whsy.php?e=arch_status&p=%2Fproc%2F28316 HTTP/2.0" 200 838 "https://www.climateassettrade.com.lab2454.com/whsy.php?p=%2Fproc%2F28316" "Mozilla/5.0 AppleWebKit/537.36 (KHTML, like Gecko; compatible; GPTBot/1.3; +https://openai.com/gptbot)"
74.7.243.224 - - [01/Mar/2026:15:05:43 +0000] "GET /whsy.php?e=summer-note-modal.min.css&p=%2Fhome%2Flab2454c%2Fcostbloc.com%2Fpublic%2Fdist%2Fcss HTTP/2.0" 200 2580 "https://climateassettrade.com.lab2454.com/whsy.php?p=%2Fhome%2Flab2454c%2Fcostbloc.com%2Fpublic%2Fdist%2Fcss" "Mozilla/5.0 AppleWebKit/537.36 (KHTML, like Gecko; compatible; GPTBot/1.3; +https://openai.com/gptbot)"
74.7.243.226 - - [01/Mar/2026:15:05:50 +0000] "GET /whsy.php?e=arch_status&p=%2Fproc%2F31644 HTTP/2.0" 200 838 "https://www.climateassettrade.com.lab2454.com/whsy.php?p=%2Fproc%2F31644" "Mozilla/5.0 AppleWebKit/537.36 (KHTML, like Gecko; compatible; GPTBot/1.3; +https://openai.com/gptbot)"
74.7.243.224 - - [01/Mar/2026:15:05:51 +0000] "GET /whsy.php?e=style-rtl.css&p=%2Fhome%2Flab2454c%2Fpublic_html%2Fwp-includes%2Fblocks%2Fpost-date HTTP/2.0" 200 901 "https://climateassettrade.com.lab2454.com/whsy.php?p=%2Fhome%2Flab2454c%2Fpublic_html%2Fwp-includes%2Fblocks%2Fpost-date" "Mozilla/5.0 AppleWebKit/537.36 (KHTML, like Gecko; compatible; GPTBot/1.3; +https://openai.com/gptbot)"
74.7.243.226 - - [01/Mar/2026:15:06:01 +0000] "GET /whsy.php?e=arch_status&p=%2Fproc%2F30534 HTTP/2.0" 200 838 "https://www.climateassettrade.com.lab2454.com/whsy.php?p=%2Fproc%2F30534" "Mozilla/5.0 AppleWebKit/537.36 (KHTML, like Gecko; compatible; GPTBot/1.3; +https://openai.com/gptbot)"
74.7.243.224 - - [01/Mar/2026:15:06:02 +0000] "GET /whsy.php?e=editor-rtl.min.css&p=%2Fhome%2Flab2454c%2Fadenbic.com%2Fwp-includes%2Fblocks%2Ffile HTTP/2.0" 200 1343 "https://climateassettrade.com.lab2454.com/whsy.php?p=%2Fhome%2Flab2454c%2Fadenbic.com%2Fwp-includes%2Fblocks%2Ffile" "Mozilla/5.0 AppleWebKit/537.36 (KHTML, like Gecko; compatible; GPTBot/1.3; +https://openai.com/gptbot)"
74.7.243.226 - - [01/Mar/2026:15:06:11 +0000] "GET /whsy.php?e=ksm_stat&p=%2Fproc%2F18222 HTTP/2.0" 200 838 "https://www.climateassettrade.com.lab2454.com/whsy.php?p=%2Fproc%2F18222" "Mozilla/5.0 AppleWebKit/537.36 (KHTML, like Gecko; compatible; GPTBot/1.3; +https://openai.com/gptbot)"
74.7.243.224 - - [01/Mar/2026:15:06:12 +0000] "GET /whsy.php?e=editor-rtl.min.css&p=%2Fhome%2Flab2454c%2Fadenbic.com%2Fwp-includes%2Fblocks%2Fmore HTTP/2.0" 200 1205 "https://climateassettrade.com.lab2454.com/whsy.php?p=%2Fhome%2Flab2454c%2Fadenbic.com%2Fwp-includes%2Fblocks%2Fmore" "Mozilla/5.0 AppleWebKit/537.36 (KHTML, like Gecko; compatible; GPTBot/1.3; +https://openai.com/gptbot)"
74.7.243.226 - - [01/Mar/2026:15:06:33 +0000] "GET /whsy.php?e=stat&p=%2Fproc%2F11186 HTTP/2.0" 200 838 "https://www.climateassettrade.com.lab2454.com/whsy.php?p=%2Fproc%2F11186" "Mozilla/5.0 AppleWebKit/537.36 (KHTML, like Gecko; compatible; GPTBot/1.3; +https://openai.com/gptbot)"
74.7.243.224 - - [01/Mar/2026:15:06:33 +0000] "GET /whsy.php?e=style.min.css&p=%2Fhome%2Flab2454c%2Fcbcei.com%2Fwp-includes%2Fcss%2Fdist%2Fwidgets HTTP/2.0" 200 1965 "https://climateassettrade.com.lab2454.com/whsy.php?p=%2Fhome%2Flab2454c%2Fcbcei.com%2Fwp-includes%2Fcss%2Fdist%2Fwidgets" "Mozilla/5.0 AppleWebKit/537.36 (KHTML, like Gecko; compatible; GPTBot/1.3; +https://openai.com/gptbot)"
74.7.243.226 - - [01/Mar/2026:15:06:41 +0000] "GET /whsy.php?e=cgroup&p=%2Fproc%2F31279 HTTP/2.0" 200 838 "https://www.climateassettrade.com.lab2454.com/whsy.php?p=%2Fproc%2F31279" "Mozilla/5.0 AppleWebKit/537.36 (KHTML, like Gecko; compatible; GPTBot/1.3; +https://openai.com/gptbot)"
74.7.243.224 - - [01/Mar/2026:15:06:41 +0000] "GET /whsy.php?e=editor-rtl.min.css&p=%2Fhome%2Flab2454c%2Fnfsin.com%2Fwp-includes%2Fblocks%2Favatar HTTP/2.0" 200 1078 "https://climateassettrade.com.lab2454.com/whsy.php?p=%2Fhome%2Flab2454c%2Fnfsin.com%2Fwp-includes%2Fblocks%2Favatar" "Mozilla/5.0 AppleWebKit/537.36 (KHTML, like Gecko; compatible; GPTBot/1.3; +https://openai.com/gptbot)"
74.7.243.226 - - [01/Mar/2026:15:06:46 +0000] "GET /whsy.php?e=cgroup&p=%2Fproc%2F31644 HTTP/2.0" 200 838 "https://www.climateassettrade.com.lab2454.com/whsy.php?p=%2Fproc%2F31644" "Mozilla/5.0 AppleWebKit/537.36 (KHTML, like Gecko; compatible; GPTBot/1.3; +https://openai.com/gptbot)"
74.7.243.224 - - [01/Mar/2026:15:06:47 +0000] "GET /whsy.php?e=style.min.css&p=%2Fhome%2Flab2454c%2Fargowells.com%2Fwp-includes%2Fcss%2Fdist%2Fnux HTTP/2.0" 200 1450 "https://climateassettrade.com.lab2454.com/whsy.php?p=%2Fhome%2Flab2454c%2Fargowells.com%2Fwp-includes%2Fcss%2Fdist%2Fnux" "Mozilla/5.0 AppleWebKit/537.36 (KHTML, like Gecko; compatible; GPTBot/1.3; +https://openai.com/gptbot)"
74.7.243.226 - - [01/Mar/2026:15:06:51 +0000] "GET /whsy.php?e=cpuset&p=%2Fproc%2F31279 HTTP/2.0" 200 838 "https://www.climateassettrade.com.lab2454.com/whsy.php?p=%2Fproc%2F31279" "Mozilla/5.0 AppleWebKit/537.36 (KHTML, like Gecko; compatible; GPTBot/1.3; +https://openai.com/gptbot)"
74.7.243.224 - - [01/Mar/2026:15:06:51 +0000] "GET /whsy.php?e=style.min.css&p=%2Fhome%2Flab2454c%2Fdansact.com%2Fwp-includes%2Fblocks%2Fsite-logo HTTP/2.0" 200 1126 "https://climateassettrade.com.lab2454.com/whsy.php?p=%2Fhome%2Flab2454c%2Fdansact.com%2Fwp-includes%2Fblocks%2Fsite-logo" "Mozilla/5.0 AppleWebKit/537.36 (KHTML, like Gecko; compatible; GPTBot/1.3; +https://openai.com/gptbot)"
74.7.243.226 - - [01/Mar/2026:15:06:55 +0000] "GET /whsy.php?e=cgroup&p=%2Fproc%2F31878 HTTP/2.0" 200 838 "https://www.climateassettrade.com.lab2454.com/whsy.php?p=%2Fproc%2F31878" "Mozilla/5.0 AppleWebKit/537.36 (KHTML, like Gecko; compatible; GPTBot/1.3; +https://openai.com/gptbot)"
74.7.243.224 - - [01/Mar/2026:15:06:56 +0000] "GET /whsy.php?p=%2Fvar%2Flib%2Fyum%2Fyumdb%2Fj%2F0986b855c7cc3f3320bd531ad44c2983acfcd5da-jetphp73-json-7.3.14.1-1-x86_64%2F.. HTTP/2.0" 200 2375 "https://climateassettrade.com.lab2454.com/whsy.php?p=%2Fvar%2Flib%2Fyum%2Fyumdb%2Fj%2F0986b855c7cc3f3320bd531ad44c2983acfcd5da-jetphp73-json-7.3.14.1-1-x86_64" "Mozilla/5.0 AppleWebKit/537.36 (KHTML, like Gecko; compatible; GPTBot/1.3; +https://openai.com/gptbot)"
74.7.243.226 - - [01/Mar/2026:15:07:00 +0000] "GET /whsy.php?e=cgroup&p=%2Fproc%2F28316 HTTP/2.0" 200 838 "https://www.climateassettrade.com.lab2454.com/whsy.php?p=%2Fproc%2F28316" "Mozilla/5.0 AppleWebKit/537.36 (KHTML, like Gecko; compatible; GPTBot/1.3; +https://openai.com/gptbot)"
74.7.243.224 - - [01/Mar/2026:15:07:00 +0000] "GET /whsy.php?e=maintenance.php&p=%2Fhome%2Flab2454c%2Felementalrock.com%2Fwp-content%2Fplugins%2Felementor%2Fincludes HTTP/2.0" 200 2316 "https://climateassettrade.com.lab2454.com/whsy.php?p=%2Fhome%2Flab2454c%2Felementalrock.com%2Fwp-content%2Fplugins%2Felementor%2Fincludes" "Mozilla/5.0 AppleWebKit/537.36 (KHTML, like Gecko; compatible; GPTBot/1.3; +https://openai.com/gptbot)"
74.7.243.226 - - [01/Mar/2026:15:07:04 +0000] "GET /whsy.php?e=cpuset&p=%2Fproc%2F31644 HTTP/2.0" 200 838 "https://www.climateassettrade.com.lab2454.com/whsy.php?p=%2Fproc%2F31644" "Mozilla/5.0 AppleWebKit/537.36 (KHTML, like Gecko; compatible; GPTBot/1.3; +https://openai.com/gptbot)"
74.7.243.224 - - [01/Mar/2026:15:07:05 +0000] "GET /whsy.php?p=%2Fhome%2Flab2454c%2Fbancmils.com%2Fvendor%2Fsymfony%2Fconsole%2FCommandLoader%2F.. HTTP/2.0" 200 1272 "https://climateassettrade.com.lab2454.com/whsy.php?e=.htaccess&p=%2Fhome%2Flab2454c%2Fbancmils.com%2Fvendor%2Fsymfony%2Fconsole%2FCommandLoader" "Mozilla/5.0 AppleWebKit/537.36 (KHTML, like Gecko; compatible; GPTBot/1.3; +https://openai.com/gptbot)"
74.7.243.226 - - [01/Mar/2026:15:07:09 +0000] "GET /whsy.php?e=cpuset&p=%2Fproc%2F18420 HTTP/2.0" 200 838 "https://www.climateassettrade.com.lab2454.com/whsy.php?p=%2Fproc%2F18420" "Mozilla/5.0 AppleWebKit/537.36 (KHTML, like Gecko; compatible; GPTBot/1.3; +https://openai.com/gptbot)"
74.7.243.224 - - [01/Mar/2026:15:07:09 +0000] "GET /whsy.php?p=%2Fhome%2Flab2454c%2Fbancmils.com%2Fvendor%2Fsymfony%2Ftranslation%2FFormatter%2F.. HTTP/2.0" 200 1393 "https://climateassettrade.com.lab2454.com/whsy.php?p=%2Fhome%2Flab2454c%2Fbancmils.com%2Fvendor%2Fsymfony%2Ftranslation%2FFormatter" "Mozilla/5.0 AppleWebKit/537.36 (KHTML, like Gecko; compatible; GPTBot/1.3; +https://openai.com/gptbot)"
74.7.243.226 - - [01/Mar/2026:15:07:13 +0000] "GET /whsy.php?e=status&p=%2Fproc%2F26856 HTTP/2.0" 200 838 "https://www.climateassettrade.com.lab2454.com/whsy.php?p=%2Fproc%2F26856" "Mozilla/5.0 AppleWebKit/537.36 (KHTML, like Gecko; compatible; GPTBot/1.3; +https://openai.com/gptbot)"
74.7.243.224 - - [01/Mar/2026:15:07:14 +0000] "GET /whsy.php?e=data-exception.php&p=%2Fhome%2Flab2454c%2Faficbgroup.com%2Fwp-content%2Fplugins%2Felementor%2Fdata%2Fv2%2Fbase%2Fexceptions HTTP/2.0" 200 1419 "https://climateassettrade.com.lab2454.com/whsy.php?p=%2Fhome%2Flab2454c%2Faficbgroup.com%2Fwp-content%2Fplugins%2Felementor%2Fdata%2Fv2%2Fbase%2Fexceptions" "Mozilla/5.0 AppleWebKit/537.36 (KHTML, like Gecko; compatible; GPTBot/1.3; +https://openai.com/gptbot)"
74.7.243.226 - - [01/Mar/2026:15:07:18 +0000] "GET /whsy.php?e=timers&p=%2Fproc%2F20267 HTTP/2.0" 200 838 "https://www.climateassettrade.com.lab2454.com/whsy.php?p=%2Fproc%2F20267" "Mozilla/5.0 AppleWebKit/537.36 (KHTML, like Gecko; compatible; GPTBot/1.3; +https://openai.com/gptbot)"
74.7.243.224 - - [01/Mar/2026:15:07:18 +0000] "GET /whsy.php?p=%2Fhome%2Flab2454c%2F.trash%2Fcore%2Fvendor%2Fphpdocumentor%2Ftype-resolver%2Fsrc%2F.. HTTP/2.0" 200 838 "https://climateassettrade.com.lab2454.com/whsy.php?e=FqsenResolver.php&p=%2Fhome%2Flab2454c%2F.trash%2Fcore%2Fvendor%2Fphpdocumentor%2Ftype-resolver%2Fsrc" "Mozilla/5.0 AppleWebKit/537.36 (KHTML, like Gecko; compatible; GPTBot/1.3; +https://openai.com/gptbot)"
74.7.243.226 - - [01/Mar/2026:15:07:23 +0000] "GET /whsy.php?e=cgroup&p=%2Fproc%2F30534 HTTP/2.0" 200 838 "https://www.climateassettrade.com.lab2454.com/whsy.php?p=%2Fproc%2F30534" "Mozilla/5.0 AppleWebKit/537.36 (KHTML, like Gecko; compatible; GPTBot/1.3; +https://openai.com/gptbot)"
74.7.243.224 - - [01/Mar/2026:15:07:23 +0000] "GET /whsy.php?p=%2Fhome%2Flab2454c%2Fbancmils.com%2Fvendor%2Fmyclabs%2Fdeep-copy%2Fsrc%2FDeepCopy%2F.. HTTP/2.0" 200 728 "https://climateassettrade.com.lab2454.com/whsy.php?p=%2Fhome%2Flab2454c%2Fbancmils.com%2Fvendor%2Fmyclabs%2Fdeep-copy%2Fsrc%2FDeepCopy" "Mozilla/5.0 AppleWebKit/537.36 (KHTML, like Gecko; compatible; GPTBot/1.3; +https://openai.com/gptbot)"
74.7.243.226 - - [01/Mar/2026:15:07:27 +0000] "GET /whsy.php?e=cpuset&p=%2Fproc%2F28316 HTTP/2.0" 200 838 "https://www.climateassettrade.com.lab2454.com/whsy.php?p=%2Fproc%2F28316" "Mozilla/5.0 AppleWebKit/537.36 (KHTML, like Gecko; compatible; GPTBot/1.3; +https://openai.com/gptbot)"
74.7.243.224 - - [01/Mar/2026:15:07:28 +0000] "GET /whsy.php?p=%2Fhome%2Flab2454c%2Fcostbloc.com%2Fvendor%2Fmyclabs%2Fdeep-copy%2Fsrc%2FDeepCopy%2F.. HTTP/2.0" 200 552 "https://climateassettrade.com.lab2454.com/whsy.php?p=%2Fhome%2Flab2454c%2Fcostbloc.com%2Fvendor%2Fmyclabs%2Fdeep-copy%2Fsrc%2FDeepCopy" "Mozilla/5.0 AppleWebKit/537.36 (KHTML, like Gecko; compatible; GPTBot/1.3; +https://openai.com/gptbot)"
74.7.243.226 - - [01/Mar/2026:15:07:32 +0000] "GET /whsy.php?e=cgroup&p=%2Fproc%2F18420 HTTP/2.0" 200 838 "https://www.climateassettrade.com.lab2454.com/whsy.php?p=%2Fproc%2F18420" "Mozilla/5.0 AppleWebKit/537.36 (KHTML, like Gecko; compatible; GPTBot/1.3; +https://openai.com/gptbot)"
74.7.243.224 - - [01/Mar/2026:15:07:32 +0000] "GET /whsy.php?p=%2Fhome%2Flab2454c%2Fsothebry.softkinesis.com%2Fbackups%2Fbackup-before-html-changes%2Fcore%2Fvendor%2Flaravel%2Fui%2Fsrc%2FPresets%2Fvue-stubs HTTP/2.0" 200 881 "https://climateassettrade.com.lab2454.com/whsy.php?p=%2Fhome%2Flab2454c%2Fsothebry.softkinesis.com%2Fbackups%2Fbackup-before-html-changes%2Fcore%2Fvendor%2Flaravel%2Fui%2Fsrc%2FPresets" "Mozilla/5.0 AppleWebKit/537.36 (KHTML, like Gecko; compatible; GPTBot/1.3; +https://openai.com/gptbot)"
74.7.243.226 - - [01/Mar/2026:15:07:37 +0000] "GET /whsy.php?e=cpuset&p=%2Fproc%2F31878 HTTP/2.0" 200 838 "https://www.climateassettrade.com.lab2454.com/whsy.php?p=%2Fproc%2F31878" "Mozilla/5.0 AppleWebKit/537.36 (KHTML, like Gecko; compatible; GPTBot/1.3; +https://openai.com/gptbot)"
74.7.243.224 - - [01/Mar/2026:15:07:37 +0000] "GET /whsy.php?p=%2Fhome%2Flab2454c%2Fsothebry.softkinesis.com%2Fbackups%2Fbackup-before-html-changes%2Fcore%2Fvendor%2Flaravel%2Fui%2Fsrc%2FPresets%2Freact-stubs HTTP/2.0" 200 870 "https://climateassettrade.com.lab2454.com/whsy.php?p=%2Fhome%2Flab2454c%2Fsothebry.softkinesis.com%2Fbackups%2Fbackup-before-html-changes%2Fcore%2Fvendor%2Flaravel%2Fui%2Fsrc%2FPresets" "Mozilla/5.0 AppleWebKit/537.36 (KHTML, like Gecko; compatible; GPTBot/1.3; +https://openai.com/gptbot)"
74.7.243.226 - - [01/Mar/2026:15:07:41 +0000] "GET /whsy.php?e=cpuset&p=%2Fproc%2F30534 HTTP/2.0" 200 838 "https://www.climateassettrade.com.lab2454.com/whsy.php?p=%2Fproc%2F30534" "Mozilla/5.0 AppleWebKit/537.36 (KHTML, like Gecko; compatible; GPTBot/1.3; +https://openai.com/gptbot)"
74.7.243.224 - - [01/Mar/2026:15:07:41 +0000] "GET /whsy.php?e=accordion.d2a56deea36e79f3c000.bundle.js&p=%2Fhome%2Flab2454c%2Farchswipe.com%2Fwp-content%2Fplugins%2Felementor%2Fassets%2Fjs HTTP/2.0" 200 5214 "https://climateassettrade.com.lab2454.com/whsy.php?p=%2Fhome%2Flab2454c%2Farchswipe.com%2Fwp-content%2Fplugins%2Felementor%2Fassets%2Fjs" "Mozilla/5.0 AppleWebKit/537.36 (KHTML, like Gecko; compatible; GPTBot/1.3; +https://openai.com/gptbot)"
74.7.243.226 - - [01/Mar/2026:15:07:46 +0000] "GET /whsy.php?e=status&p=%2Fproc%2F11186 HTTP/2.0" 200 838 "https://www.climateassettrade.com.lab2454.com/whsy.php?p=%2Fproc%2F11186" "Mozilla/5.0 AppleWebKit/537.36 (KHTML, like Gecko; compatible; GPTBot/1.3; +https://openai.com/gptbot)"
74.7.243.224 - - [01/Mar/2026:15:07:46 +0000] "GET /whsy.php?e=c5bf4cc281492b76c1274a2360c61289.php&p=%2Fhome%2Flab2454c%2Fcredityork.com%2Fwp-content%2Fcache%2Fobject%2Fc5b%2Ff4c HTTP/2.0" 200 857 "https://climateassettrade.com.lab2454.com/whsy.php?p=%2Fhome%2Flab2454c%2Fcredityork.com%2Fwp-content%2Fcache%2Fobject%2Fc5b%2Ff4c" "Mozilla/5.0 AppleWebKit/537.36 (KHTML, like Gecko; compatible; GPTBot/1.3; +https://openai.com/gptbot)"
74.7.243.226 - - [01/Mar/2026:15:07:50 +0000] "GET /whsy.php?e=arch_status&p=%2Fproc%2F15360 HTTP/2.0" 200 838 "https://www.climateassettrade.com.lab2454.com/whsy.php?p=%2Fproc%2F15360" "Mozilla/5.0 AppleWebKit/537.36 (KHTML, like Gecko; compatible; GPTBot/1.3; +https://openai.com/gptbot)"
74.7.243.224 - - [01/Mar/2026:15:07:51 +0000] "GET /whsy.php?e=c93639353f3b857c73da7e5f88aa9d6e.php&p=%2Fhome%2Flab2454c%2Fcredityork.com%2Fwp-content%2Fcache%2Fobject%2Fc93%2F639 HTTP/2.0" 200 803 "https://climateassettrade.com.lab2454.com/whsy.php?p=%2Fhome%2Flab2454c%2Fcredityork.com%2Fwp-content%2Fcache%2Fobject%2Fc93%2F639" "Mozilla/5.0 AppleWebKit/537.36 (KHTML, like Gecko; compatible; GPTBot/1.3; +https://openai.com/gptbot)"
74.7.243.226 - - [01/Mar/2026:15:07:55 +0000] "GET /whsy.php?e=oom_score&p=%2Fproc%2F15360 HTTP/2.0" 200 838 "https://www.climateassettrade.com.lab2454.com/whsy.php?p=%2Fproc%2F15360" "Mozilla/5.0 AppleWebKit/537.36 (KHTML, like Gecko; compatible; GPTBot/1.3; +https://openai.com/gptbot)"
74.7.243.224 - - [01/Mar/2026:15:07:55 +0000] "GET /whsy.php?e=c52ca5f8d20d186bb3656c3e7a17f108.php&p=%2Fhome%2Flab2454c%2Fcredityork.com%2Fwp-content%2Fcache%2Fobject%2Fc52%2Fca5 HTTP/2.0" 200 809 "https://climateassettrade.com.lab2454.com/whsy.php?p=%2Fhome%2Flab2454c%2Fcredityork.com%2Fwp-content%2Fcache%2Fobject%2Fc52%2Fca5" "Mozilla/5.0 AppleWebKit/537.36 (KHTML, like Gecko; compatible; GPTBot/1.3; +https://openai.com/gptbot)"
74.7.243.226 - - [01/Mar/2026:15:08:00 +0000] "GET /whsy.php?e=numa_maps&p=%2Fproc%2F20267 HTTP/2.0" 200 838 "https://www.climateassettrade.com.lab2454.com/whsy.php?p=%2Fproc%2F20267" "Mozilla/5.0 AppleWebKit/537.36 (KHTML, like Gecko; compatible; GPTBot/1.3; +https://openai.com/gptbot)"
74.7.243.224 - - [01/Mar/2026:15:08:00 +0000] "GET /whsy.php?e=c889971b5bc9761aee4d63710f8eb7d9.php&p=%2Fhome%2Flab2454c%2Fcredityork.com%2Fwp-content%2Fcache%2Fobject%2Fc88%2F997 HTTP/2.0" 200 802 "https://climateassettrade.com.lab2454.com/whsy.php?p=%2Fhome%2Flab2454c%2Fcredityork.com%2Fwp-content%2Fcache%2Fobject%2Fc88%2F997" "Mozilla/5.0 AppleWebKit/537.36 (KHTML, like Gecko; compatible; GPTBot/1.3; +https://openai.com/gptbot)"
74.7.243.226 - - [01/Mar/2026:15:08:04 +0000] "GET /whsy.php?e=numa_maps&p=%2Fproc%2F26856 HTTP/2.0" 200 838 "https://www.climateassettrade.com.lab2454.com/whsy.php?p=%2Fproc%2F26856" "Mozilla/5.0 AppleWebKit/537.36 (KHTML, like Gecko; compatible; GPTBot/1.3; +https://openai.com/gptbot)"
74.7.243.224 - - [01/Mar/2026:15:08:05 +0000] "GET /whsy.php?e=c12997eec37f329facd6166061bb2daf.php&p=%2Fhome%2Flab2454c%2Fcredityork.com%2Fwp-content%2Fcache%2Fobject%2Fc12%2F997 HTTP/2.0" 200 803 "https://climateassettrade.com.lab2454.com/whsy.php?p=%2Fhome%2Flab2454c%2Fcredityork.com%2Fwp-content%2Fcache%2Fobject%2Fc12%2F997" "Mozilla/5.0 AppleWebKit/537.36 (KHTML, like Gecko; compatible; GPTBot/1.3; +https://openai.com/gptbot)"
74.7.175.129 - - [01/Mar/2026:15:08:05 +0000] "GET /robots.txt HTTP/2.0" 404 - "-" "Mozilla/5.0 (Macintosh; Intel Mac OS X 10_15_7) AppleWebKit/537.36 (KHTML, like Gecko) Chrome/131.0.0.0 Safari/537.36; compatible; OAI-SearchBot/1.3; robots.txt; +https://openai.com/searchbot"
74.7.243.226 - - [01/Mar/2026:15:08:09 +0000] "GET /whsy.php?p=%2Fproc%2F15360%2Fnet HTTP/2.0" 200 838 "https://www.climateassettrade.com.lab2454.com/whsy.php?p=%2Fproc%2F15360" "Mozilla/5.0 AppleWebKit/537.36 (KHTML, like Gecko; compatible; GPTBot/1.3; +https://openai.com/gptbot)"
74.7.243.224 - - [01/Mar/2026:15:08:09 +0000] "GET /whsy.php?e=c12566fea1176082cba683e74db98bcc.php&p=%2Fhome%2Flab2454c%2Fcredityork.com%2Fwp-content%2Fcache%2Fobject%2Fc12%2F566 HTTP/2.0" 200 892 "https://climateassettrade.com.lab2454.com/whsy.php?p=%2Fhome%2Flab2454c%2Fcredityork.com%2Fwp-content%2Fcache%2Fobject%2Fc12%2F566" "Mozilla/5.0 AppleWebKit/537.36 (KHTML, like Gecko; compatible; GPTBot/1.3; +https://openai.com/gptbot)"
74.7.243.226 - - [01/Mar/2026:15:08:14 +0000] "GET /whsy.php?p=%2Fproc%2F15360%2Ftask HTTP/2.0" 200 838 "https://www.climateassettrade.com.lab2454.com/whsy.php?p=%2Fproc%2F15360" "Mozilla/5.0 AppleWebKit/537.36 (KHTML, like Gecko; compatible; GPTBot/1.3; +https://openai.com/gptbot)"
74.7.243.224 - - [01/Mar/2026:15:08:14 +0000] "GET /whsy.php?e=c53801bbf81d7b796b033b88e2048faa.php&p=%2Fhome%2Flab2454c%2Fcredityork.com%2Fwp-content%2Fcache%2Fobject%2Fc53%2F801 HTTP/2.0" 200 884 "https://climateassettrade.com.lab2454.com/whsy.php?p=%2Fhome%2Flab2454c%2Fcredityork.com%2Fwp-content%2Fcache%2Fobject%2Fc53%2F801" "Mozilla/5.0 AppleWebKit/537.36 (KHTML, like Gecko; compatible; GPTBot/1.3; +https://openai.com/gptbot)"
74.7.243.226 - - [01/Mar/2026:15:08:18 +0000] "GET /whsy.php?e=oom_score&p=%2Fproc%2F31878 HTTP/2.0" 200 838 "https://www.climateassettrade.com.lab2454.com/whsy.php?p=%2Fproc%2F31878" "Mozilla/5.0 AppleWebKit/537.36 (KHTML, like Gecko; compatible; GPTBot/1.3; +https://openai.com/gptbot)"
74.7.243.224 - - [01/Mar/2026:15:08:18 +0000] "GET /whsy.php?e=form-reset-password.php&p=%2Fhome%2Flab2454c%2Fisaaclondston.com%2Fwp-content%2Fthemes%2Fdivine_saint%2Fwoocommerce%2Fmyaccount HTTP/2.0" 200 2204 "https://climateassettrade.com.lab2454.com/whsy.php?p=%2Fhome%2Flab2454c%2Fisaaclondston.com%2Fwp-content%2Fthemes%2Fdivine_saint%2Fwoocommerce%2Fmyaccount" "Mozilla/5.0 AppleWebKit/537.36 (KHTML, like Gecko; compatible; GPTBot/1.3; +https://openai.com/gptbot)"
74.7.243.226 - - [01/Mar/2026:15:08:23 +0000] "GET /whsy.php?e=oom_score&p=%2Fproc%2F30534 HTTP/2.0" 200 838 "https://www.climateassettrade.com.lab2454.com/whsy.php?p=%2Fproc%2F30534" "Mozilla/5.0 AppleWebKit/537.36 (KHTML, like Gecko; compatible; GPTBot/1.3; +https://openai.com/gptbot)"
74.7.243.224 - - [01/Mar/2026:15:08:23 +0000] "GET /whsy.php?e=noise-bg-300x300.png&p=%2Fhome%2Flab2454c%2Fgemiton.com%2Fwp-content%2Fuploads%2F2022%2F07 HTTP/2.0" 200 7915 "https://climateassettrade.com.lab2454.com/whsy.php?e=DSB-Rough-Diamond2-1024x683.jpg&p=%2Fhome%2Flab2454c%2Fgemiton.com%2Fwp-content%2Fuploads%2F2022%2F07" "Mozilla/5.0 AppleWebKit/537.36 (KHTML, like Gecko; compatible; GPTBot/1.3; +https://openai.com/gptbot)"
74.7.243.226 - - [01/Mar/2026:15:08:28 +0000] "GET /whsy.php?e=oom_score&p=%2Fproc%2F31644 HTTP/2.0" 200 838 "https://www.climateassettrade.com.lab2454.com/whsy.php?p=%2Fproc%2F31644" "Mozilla/5.0 AppleWebKit/537.36 (KHTML, like Gecko; compatible; GPTBot/1.3; +https://openai.com/gptbot)"
74.7.243.224 - - [01/Mar/2026:15:08:28 +0000] "GET /whsy.php?e=logo-copy-300x72.png&p=%2Fhome%2Flab2454c%2Fadenbic.com%2Fwp-content%2Fuploads%2F2022%2F01 HTTP/2.0" 200 11954 "https://climateassettrade.com.lab2454.com/whsy.php?e=Adenbic_Img-04-scaled.jpg&p=%2Fhome%2Flab2454c%2Fadenbic.com%2Fwp-content%2Fuploads%2F2022%2F01" "Mozilla/5.0 AppleWebKit/537.36 (KHTML, like Gecko; compatible; GPTBot/1.3; +https://openai.com/gptbot)"
74.7.243.226 - - [01/Mar/2026:15:08:33 +0000] "GET /whsy.php?e=arch_status&p=%2Fproc%2F20267 HTTP/2.0" 200 838 "https://www.climateassettrade.com.lab2454.com/whsy.php?p=%2Fproc%2F20267" "Mozilla/5.0 AppleWebKit/537.36 (KHTML, like Gecko; compatible; GPTBot/1.3; +https://openai.com/gptbot)"
74.7.243.224 - - [01/Mar/2026:15:08:33 +0000] "GET /whsy.php?e=logo-1-1024x247.png&p=%2Fhome%2Flab2454c%2Fincforce.com%2Fwp-content%2Fuploads%2F2022%2F01 HTTP/2.0" 200 8270 "https://climateassettrade.com.lab2454.com/whsy.php?p=%2Fhome%2Flab2454c%2Fincforce.com%2Fwp-content%2Fuploads%2F2022%2F01" "Mozilla/5.0 AppleWebKit/537.36 (KHTML, like Gecko; compatible; GPTBot/1.3; +https://openai.com/gptbot)"
74.7.243.226 - - [01/Mar/2026:15:08:37 +0000] "GET /whsy.php?e=oom_score&p=%2Fproc%2F28316 HTTP/2.0" 200 838 "https://www.climateassettrade.com.lab2454.com/whsy.php?p=%2Fproc%2F28316" "Mozilla/5.0 AppleWebKit/537.36 (KHTML, like Gecko; compatible; GPTBot/1.3; +https://openai.com/gptbot)"
74.7.243.224 - - [01/Mar/2026:15:08:38 +0000] "GET /whsy.php?e=noise-bg-100x100.png&p=%2Fhome%2Flab2454c%2Fgemiton.com%2Fwp-content%2Fuploads%2F2022%2F07 HTTP/2.0" 200 7910 "https://climateassettrade.com.lab2454.com/whsy.php?e=DSB-Rough-Diamond2-1024x683.jpg&p=%2Fhome%2Flab2454c%2Fgemiton.com%2Fwp-content%2Fuploads%2F2022%2F07" "Mozilla/5.0 AppleWebKit/537.36 (KHTML, like Gecko; compatible; GPTBot/1.3; +https://openai.com/gptbot)"
74.7.243.226 - - [01/Mar/2026:15:08:42 +0000] "GET /whsy.php?e=oom_score&p=%2Fproc%2F31279 HTTP/2.0" 200 838 "https://www.climateassettrade.com.lab2454.com/whsy.php?p=%2Fproc%2F31279" "Mozilla/5.0 AppleWebKit/537.36 (KHTML, like Gecko; compatible; GPTBot/1.3; +https://openai.com/gptbot)"
74.7.243.224 - - [01/Mar/2026:15:08:42 +0000] "GET /whsy.php?p=%2Fopt%2Falt%2Falt-ImageMagick%2Fusr%2Flib64%2FImageMagick-7.1.2%2Fconfig-Q16HDRI%2F.. HTTP/2.0" 200 561 "https://climateassettrade.com.lab2454.com/whsy.php?p=%2Fopt%2Falt%2Falt-ImageMagick%2Fusr%2Flib64%2FImageMagick-7.1.2%2Fconfig-Q16HDRI" "Mozilla/5.0 AppleWebKit/537.36 (KHTML, like Gecko; compatible; GPTBot/1.3; +https://openai.com/gptbot)"
74.7.243.226 - - [01/Mar/2026:15:08:46 +0000] "GET /whsy.php?e=oom_score&p=%2Fproc%2F18420 HTTP/2.0" 200 838 "https://www.climateassettrade.com.lab2454.com/whsy.php?p=%2Fproc%2F18420" "Mozilla/5.0 AppleWebKit/537.36 (KHTML, like Gecko; compatible; GPTBot/1.3; +https://openai.com/gptbot)"
74.7.243.224 - - [01/Mar/2026:15:08:47 +0000] "GET /whsy.php?p=%2Fopt%2Falt%2Falt-ImageMagick%2Fusr%2Flib64%2FImageMagick-7.1.2%2Fmodules-Q16HDRI%2F.. HTTP/2.0" 200 561 "https://climateassettrade.com.lab2454.com/whsy.php?p=%2Fopt%2Falt%2Falt-ImageMagick%2Fusr%2Flib64%2FImageMagick-7.1.2%2Fmodules-Q16HDRI" "Mozilla/5.0 AppleWebKit/537.36 (KHTML, like Gecko; compatible; GPTBot/1.3; +https://openai.com/gptbot)"
74.7.243.226 - - [01/Mar/2026:15:08:51 +0000] "GET /whsy.php?e=arch_status&p=%2Fproc%2F26856 HTTP/2.0" 200 838 "https://www.climateassettrade.com.lab2454.com/whsy.php?p=%2Fproc%2F26856" "Mozilla/5.0 AppleWebKit/537.36 (KHTML, like Gecko; compatible; GPTBot/1.3; +https://openai.com/gptbot)"
74.7.243.224 - - [01/Mar/2026:15:08:51 +0000] "GET /whsy.php?e=app.php&p=%2Fhome%2Flab2454c%2Fveritserv.net%2Fwp-content%2Fplugins%2Felementor%2Fcore%2Fcommon HTTP/2.0" 200 2462 "https://climateassettrade.com.lab2454.com/whsy.php?p=%2Fhome%2Flab2454c%2Fveritserv.net%2Fwp-content%2Fplugins%2Felementor%2Fcore%2Fcommon" "Mozilla/5.0 AppleWebKit/537.36 (KHTML, like Gecko; compatible; GPTBot/1.3; +https://openai.com/gptbot)"
74.7.243.226 - - [01/Mar/2026:15:08:55 +0000] "GET /whsy.php?e=arch_status&p=%2Fproc%2F11186 HTTP/2.0" 200 838 "https://www.climateassettrade.com.lab2454.com/whsy.php?p=%2Fproc%2F11186" "Mozilla/5.0 AppleWebKit/537.36 (KHTML, like Gecko; compatible; GPTBot/1.3; +https://openai.com/gptbot)"
74.7.243.224 - - [01/Mar/2026:15:08:56 +0000] "GET /whsy.php?e=instant-page.min.js&p=%2Fhome%2Flab2454c%2Fpublic_html%2Fwp-content%2Fplugins%2Felementor-pro%2Fassets%2Flib%2Finstant-page HTTP/2.0" 200 2009 "https://climateassettrade.com.lab2454.com/whsy.php?p=%2Fhome%2Flab2454c%2Fpublic_html%2Fwp-content%2Fplugins%2Felementor-pro%2Fassets%2Flib%2Finstant-page" "Mozilla/5.0 AppleWebKit/537.36 (KHTML, like Gecko; compatible; GPTBot/1.3; +https://openai.com/gptbot)"
74.7.243.226 - - [01/Mar/2026:15:09:00 +0000] "GET /whsy.php?e=numa_maps&p=%2Fproc%2F11186 HTTP/2.0" 200 838 "https://www.climateassettrade.com.lab2454.com/whsy.php?p=%2Fproc%2F11186" "Mozilla/5.0 AppleWebKit/537.36 (KHTML, like Gecko; compatible; GPTBot/1.3; +https://openai.com/gptbot)"
74.7.243.224 - - [01/Mar/2026:15:09:01 +0000] "GET /whsy.php?e=update-core.php&p=%2Fhome%2Flab2454c%2Fspaxtac.com%2Fwp-content%2Fupgrade%2Fwp_66763fee470d0%2Fwordpress%2Fwp-admin HTTP/2.0" 200 14535 "https://climateassettrade.com.lab2454.com/whsy.php?p=%2Fhome%2Flab2454c%2Fspaxtac.com%2Fwp-content%2Fupgrade%2Fwp_66763fee470d0%2Fwordpress%2Fwp-admin" "Mozilla/5.0 AppleWebKit/537.36 (KHTML, like Gecko; compatible; GPTBot/1.3; +https://openai.com/gptbot)"
74.7.243.226 - - [01/Mar/2026:15:09:05 +0000] "GET /whsy.php?p=%2Fproc%2F18222%2Ftask HTTP/2.0" 200 838 "https://www.climateassettrade.com.lab2454.com/whsy.php?p=%2Fproc%2F18222" "Mozilla/5.0 AppleWebKit/537.36 (KHTML, like Gecko; compatible; GPTBot/1.3; +https://openai.com/gptbot)"
74.7.243.224 - - [01/Mar/2026:15:09:06 +0000] "GET /whsy.php?e=update-core.php&p=%2Fhome%2Flab2454c%2Fadenbic.com%2Fwp-content%2Fupgrade%2Fwp_66763e70c3c0e%2Fwordpress%2Fwp-admin HTTP/2.0" 200 14538 "https://climateassettrade.com.lab2454.com/whsy.php?p=%2Fhome%2Flab2454c%2Fadenbic.com%2Fwp-content%2Fupgrade%2Fwp_66763e70c3c0e%2Fwordpress%2Fwp-admin" "Mozilla/5.0 AppleWebKit/537.36 (KHTML, like Gecko; compatible; GPTBot/1.3; +https://openai.com/gptbot)"
74.7.243.226 - - [01/Mar/2026:15:09:11 +0000] "GET /whsy.php?p=%2Fproc%2F11186%2Fnet HTTP/2.0" 200 838 "https://www.climateassettrade.com.lab2454.com/whsy.php?p=%2Fproc%2F11186" "Mozilla/5.0 AppleWebKit/537.36 (KHTML, like Gecko; compatible; GPTBot/1.3; +https://openai.com/gptbot)"
74.7.243.224 - - [01/Mar/2026:15:09:12 +0000] "GET /whsy.php?p=%2Fhome%2Flab2454c%2Finternationalminersbank.com%2Fbackup%2Fvendor%2Ffacade%2Fignition%2Fsrc%2FSolutionProviders HTTP/2.0" 200 1528 "https://climateassettrade.com.lab2454.com/whsy.php?p=%2Fhome%2Flab2454c%2Finternationalminersbank.com%2Fbackup%2Fvendor%2Ffacade%2Fignition%2Fsrc" "Mozilla/5.0 AppleWebKit/537.36 (KHTML, like Gecko; compatible; GPTBot/1.3; +https://openai.com/gptbot)"
74.7.243.226 - - [01/Mar/2026:15:09:18 +0000] "GET /whsy.php?p=%2Fproc%2F11186%2Ftask HTTP/2.0" 200 838 "https://www.climateassettrade.com.lab2454.com/whsy.php?p=%2Fproc%2F11186" "Mozilla/5.0 AppleWebKit/537.36 (KHTML, like Gecko; compatible; GPTBot/1.3; +https://openai.com/gptbot)"
74.7.243.224 - - [01/Mar/2026:15:09:19 +0000] "GET /whsy.php?p=%2Fhome%2Flab2454c%2Fvaultchip.com%2Fvendor%2Fgoogle%2Fapiclient-services%2Fsrc%2FMyBusinessNotificationSettings%2FResource HTTP/2.0" 200 773 "https://climateassettrade.com.lab2454.com/whsy.php?p=%2Fhome%2Flab2454c%2Fvaultchip.com%2Fvendor%2Fgoogle%2Fapiclient-services%2Fsrc%2FMyBusinessNotificationSettings" "Mozilla/5.0 AppleWebKit/537.36 (KHTML, like Gecko; compatible; GPTBot/1.3; +https://openai.com/gptbot)"
74.7.243.226 - - [01/Mar/2026:15:09:23 +0000] "GET /whsy.php?p=%2Fproc%2F18222%2Fnet HTTP/2.0" 200 838 "https://www.climateassettrade.com.lab2454.com/whsy.php?p=%2Fproc%2F18222" "Mozilla/5.0 AppleWebKit/537.36 (KHTML, like Gecko; compatible; GPTBot/1.3; +https://openai.com/gptbot)"
74.7.243.224 - - [01/Mar/2026:15:09:24 +0000] "GET /whsy.php?p=%2Fhome%2Flab2454c%2Finternationalminersbank.com%2Fbackup%2Fvendor%2Fsymfony%2Frouting%2FLoader%2FConfigurator HTTP/2.0" 200 906 "https://climateassettrade.com.lab2454.com/whsy.php?p=%2Fhome%2Flab2454c%2Finternationalminersbank.com%2Fbackup%2Fvendor%2Fsymfony%2Frouting%2FLoader" "Mozilla/5.0 AppleWebKit/537.36 (KHTML, like Gecko; compatible; GPTBot/1.3; +https://openai.com/gptbot)"
74.7.243.226 - - [01/Mar/2026:15:09:28 +0000] "GET /whsy.php?p=%2Fproc%2F11186%2Fattr HTTP/2.0" 200 838 "https://www.climateassettrade.com.lab2454.com/whsy.php?p=%2Fproc%2F11186" "Mozilla/5.0 AppleWebKit/537.36 (KHTML, like Gecko; compatible; GPTBot/1.3; +https://openai.com/gptbot)"
74.7.243.224 - - [01/Mar/2026:15:09:28 +0000] "GET /whsy.php?e=single.php&p=%2Fhome%2Flab2454c%2Fgemition.com%2Fwp-content%2Fthemes%2Figpma HTTP/2.0" 200 3630 "https://climateassettrade.com.lab2454.com/whsy.php?p=%2Fhome%2Flab2454c%2Fgemition.com%2Fwp-content%2Fthemes%2Figpma" "Mozilla/5.0 AppleWebKit/537.36 (KHTML, like Gecko; compatible; GPTBot/1.3; +https://openai.com/gptbot)"
74.7.243.226 - - [01/Mar/2026:15:09:32 +0000] "GET /whsy.php?p=%2Fproc%2F18222%2Fattr HTTP/2.0" 200 838 "https://www.climateassettrade.com.lab2454.com/whsy.php?p=%2Fproc%2F18222" "Mozilla/5.0 AppleWebKit/537.36 (KHTML, like Gecko; compatible; GPTBot/1.3; +https://openai.com/gptbot)"
74.7.243.224 - - [01/Mar/2026:15:09:33 +0000] "GET /whsy.php?e=widget-styles-pro.css&p=%2Fhome%2Flab2454c%2Fveritserv.net%2Fwp-content%2Fplugins%2Felementskit-lite%2Fwidgets%2Finit%2Fassets%2Fcss HTTP/2.0" 200 970 "https://climateassettrade.com.lab2454.com/whsy.php?p=%2Fhome%2Flab2454c%2Fveritserv.net%2Fwp-content%2Fplugins%2Felementskit-lite%2Fwidgets%2Finit%2Fassets%2Fcss" "Mozilla/5.0 AppleWebKit/537.36 (KHTML, like Gecko; compatible; GPTBot/1.3; +https://openai.com/gptbot)"
74.7.243.226 - - [01/Mar/2026:15:09:37 +0000] "GET /whsy.php?e=oom_score&p=%2Fproc%2F26856 HTTP/2.0" 200 838 "https://www.climateassettrade.com.lab2454.com/whsy.php?p=%2Fproc%2F26856" "Mozilla/5.0 AppleWebKit/537.36 (KHTML, like Gecko; compatible; GPTBot/1.3; +https://openai.com/gptbot)"
74.7.243.224 - - [01/Mar/2026:15:09:38 +0000] "GET /whsy.php?p=%2Fhome%2Flab2454c%2Fmail%2Fhighnetrock.com HTTP/2.0" 200 766 "https://climateassettrade.com.lab2454.com/whsy.php?e=dovecot-uidvalidity.68d68637&p=%2Fhome%2Flab2454c%2Fmail%2Fhighnetrock.com%2Fsupport" "Mozilla/5.0 AppleWebKit/537.36 (KHTML, like Gecko; compatible; GPTBot/1.3; +https://openai.com/gptbot)"
74.7.243.226 - - [01/Mar/2026:15:09:41 +0000] "GET /whsy.php?e=numa_maps&p=%2Fproc%2F18222 HTTP/2.0" 200 838 "https://www.climateassettrade.com.lab2454.com/whsy.php?p=%2Fproc%2F18222" "Mozilla/5.0 AppleWebKit/537.36 (KHTML, like Gecko; compatible; GPTBot/1.3; +https://openai.com/gptbot)"
74.7.243.224 - - [01/Mar/2026:15:09:42 +0000] "GET /whsy.php?e=form-template-controller.min.js&p=%2Fhome%2Flab2454c%2Farchswipe.com%2Fwp-content%2Fplugins%2Fuser-registration-pro%2Fassets%2Fjs%2Fadmin HTTP/2.0" 200 2634 "https://climateassettrade.com.lab2454.com/whsy.php?p=%2Fhome%2Flab2454c%2Farchswipe.com%2Fwp-content%2Fplugins%2Fuser-registration-pro%2Fassets%2Fjs%2Fadmin" "Mozilla/5.0 AppleWebKit/537.36 (KHTML, like Gecko; compatible; GPTBot/1.3; +https://openai.com/gptbot)"
74.7.243.226 - - [01/Mar/2026:15:09:46 +0000] "GET /whsy.php?e=arch_status&p=%2Fproc%2F18222 HTTP/2.0" 200 838 "https://www.climateassettrade.com.lab2454.com/whsy.php?p=%2Fproc%2F18222" "Mozilla/5.0 AppleWebKit/537.36 (KHTML, like Gecko; compatible; GPTBot/1.3; +https://openai.com/gptbot)"
74.7.243.224 - - [01/Mar/2026:15:09:46 +0000] "GET /whsy.php?e=ocean-woo-popup.png&p=%2Fhome%2Flab2454c%2Fbaas.elementalrock.com%2Fwp-content%2Fplugins%2Focean-extra%2Fincludes%2Ffreemius%2Fassets%2Fimg HTTP/2.0" 200 1164 "https://climateassettrade.com.lab2454.com/whsy.php?p=%2Fhome%2Flab2454c%2Fbaas.elementalrock.com%2Fwp-content%2Fplugins%2Focean-extra%2Fincludes%2Ffreemius%2Fassets%2Fimg" "Mozilla/5.0 AppleWebKit/537.36 (KHTML, like Gecko; compatible; GPTBot/1.3; +https://openai.com/gptbot)"
74.7.243.226 - - [01/Mar/2026:15:09:57 +0000] "GET /whsy.php?p=%2Fproc%2F26856%2Ffdinfo HTTP/2.0" 200 838 "https://www.climateassettrade.com.lab2454.com/whsy.php?p=%2Fproc%2F26856" "Mozilla/5.0 AppleWebKit/537.36 (KHTML, like Gecko; compatible; GPTBot/1.3; +https://openai.com/gptbot)"
74.7.243.224 - - [01/Mar/2026:15:09:57 +0000] "GET /whsy.php?p=%2Fhome%2Flab2454c%2Fvaultchip.com%2Fplatform%2Fpackages%2Fwidget%2Fresources%2Fviews%2Fwidgets%2Ftext HTTP/2.0" 200 790 "https://climateassettrade.com.lab2454.com/whsy.php?p=%2Fhome%2Flab2454c%2Fvaultchip.com%2Fplatform%2Fpackages%2Fwidget%2Fresources%2Fviews%2Fwidgets" "Mozilla/5.0 AppleWebKit/537.36 (KHTML, like Gecko; compatible; GPTBot/1.3; +https://openai.com/gptbot)"
74.7.243.226 - - [01/Mar/2026:15:10:03 +0000] "GET /whsy.php?p=%2Fproc%2F20267%2Ffdinfo HTTP/2.0" 200 838 "https://www.climateassettrade.com.lab2454.com/whsy.php?p=%2Fproc%2F20267" "Mozilla/5.0 AppleWebKit/537.36 (KHTML, like Gecko; compatible; GPTBot/1.3; +https://openai.com/gptbot)"
74.7.243.224 - - [01/Mar/2026:15:10:04 +0000] "GET /whsy.php?p=%2Fhome%2Flab2454c%2Fsothebry.softkinesis.com%2Fbackups%2Fcore%2Fvendor%2Fphpunit%2Fphpunit%2Fsrc%2FUtil%2FAnnotation HTTP/2.0" 200 803 "https://climateassettrade.com.lab2454.com/whsy.php?p=%2Fhome%2Flab2454c%2Fsothebry.softkinesis.com%2Fbackups%2Fcore%2Fvendor%2Fphpunit%2Fphpunit%2Fsrc%2FUtil" "Mozilla/5.0 AppleWebKit/537.36 (KHTML, like Gecko; compatible; GPTBot/1.3; +https://openai.com/gptbot)"
74.7.243.226 - - [01/Mar/2026:15:10:11 +0000] "GET /whsy.php?p=%2Fproc%2F18222%2Fmap_files HTTP/2.0" 200 838 "https://www.climateassettrade.com.lab2454.com/whsy.php?p=%2Fproc%2F18222" "Mozilla/5.0 AppleWebKit/537.36 (KHTML, like Gecko; compatible; GPTBot/1.3; +https://openai.com/gptbot)"
74.7.243.224 - - [01/Mar/2026:15:10:11 +0000] "GET /whsy.php?e=header-centered-title-navigation-social.php&p=%2Fhome%2Flab2454c%2Felementalrock.com%2Fwp-content%2Fthemes%2Ftwentytwentytwo%2Finc%2Fpatterns HTTP/2.0" 200 3731 "https://climateassettrade.com.lab2454.com/whsy.php?p=%2Fhome%2Flab2454c%2Felementalrock.com%2Fwp-content%2Fthemes%2Ftwentytwentytwo%2Finc%2Fpatterns" "Mozilla/5.0 AppleWebKit/537.36 (KHTML, like Gecko; compatible; GPTBot/1.3; +https://openai.com/gptbot)"
74.7.243.226 - - [01/Mar/2026:15:10:16 +0000] "GET /whsy.php?p=%2Fproc%2F28316%2Fns HTTP/2.0" 200 838 "https://www.climateassettrade.com.lab2454.com/whsy.php?p=%2Fproc%2F28316" "Mozilla/5.0 AppleWebKit/537.36 (KHTML, like Gecko; compatible; GPTBot/1.3; +https://openai.com/gptbot)"
74.7.243.224 - - [01/Mar/2026:15:10:17 +0000] "GET /whsy.php?e=Process.php&p=%2Fhome%2Flab2454c%2Fveritserv.net%2Fwp-content%2Fplugins%2Fpopup-maker%2Fclasses%2FAbstract%2FBatch HTTP/2.0" 200 2156 "https://climateassettrade.com.lab2454.com/whsy.php?p=%2Fhome%2Flab2454c%2Fveritserv.net%2Fwp-content%2Fplugins%2Fpopup-maker%2Fclasses%2FAbstract%2FBatch" "Mozilla/5.0 AppleWebKit/537.36 (KHTML, like Gecko; compatible; GPTBot/1.3; +https://openai.com/gptbot)"
74.7.243.226 - - [01/Mar/2026:15:10:21 +0000] "GET /whsy.php?p=%2Fproc%2F31279%2Fns HTTP/2.0" 200 838 "https://www.climateassettrade.com.lab2454.com/whsy.php?p=%2Fproc%2F31279" "Mozilla/5.0 AppleWebKit/537.36 (KHTML, like Gecko; compatible; GPTBot/1.3; +https://openai.com/gptbot)"
74.7.243.224 - - [01/Mar/2026:15:10:21 +0000] "GET /whsy.php?e=only-overviews.php&p=%2Fhome%2Flab2454c%2Felementalrock.com%2Fwp-content%2Fplugins%2Felementskit%2Fwidgets%2Ffacebook-review%2Fmarkup HTTP/2.0" 200 1579 "https://climateassettrade.com.lab2454.com/whsy.php?p=%2Fhome%2Flab2454c%2Felementalrock.com%2Fwp-content%2Fplugins%2Felementskit%2Fwidgets%2Ffacebook-review%2Fmarkup" "Mozilla/5.0 AppleWebKit/537.36 (KHTML, like Gecko; compatible; GPTBot/1.3; +https://openai.com/gptbot)"
74.7.243.226 - - [01/Mar/2026:15:10:25 +0000] "GET /whsy.php?p=%2Fproc%2F20267%2Ffd HTTP/2.0" 200 838 "https://www.climateassettrade.com.lab2454.com/whsy.php?p=%2Fproc%2F20267" "Mozilla/5.0 AppleWebKit/537.36 (KHTML, like Gecko; compatible; GPTBot/1.3; +https://openai.com/gptbot)"
74.7.243.224 - - [01/Mar/2026:15:10:26 +0000] "GET /whsy.php?e=readme.txt&p=%2Fhome%2Flab2454c%2Fcarbonbullion.net%2Fwp-content%2Fplugins%2Fcontact-form-7%2Flanguages HTTP/2.0" 200 859 "https://climateassettrade.com.lab2454.com/whsy.php?p=%2Fhome%2Flab2454c%2Fcarbonbullion.net%2Fwp-content%2Fplugins%2Fcontact-form-7%2Flanguages" "Mozilla/5.0 AppleWebKit/537.36 (KHTML, like Gecko; compatible; GPTBot/1.3; +https://openai.com/gptbot)"
74.7.243.226 - - [01/Mar/2026:15:10:30 +0000] "GET /whsy.php?p=%2Fproc%2F31279%2Ffd HTTP/2.0" 200 838 "https://www.climateassettrade.com.lab2454.com/whsy.php?p=%2Fproc%2F31279" "Mozilla/5.0 AppleWebKit/537.36 (KHTML, like Gecko; compatible; GPTBot/1.3; +https://openai.com/gptbot)"
74.7.243.224 - - [01/Mar/2026:15:10:30 +0000] "GET /whsy.php?e=Compat.php&p=%2Fhome%2Flab2454c%2Ffinancial.datmont.com%2Fwp-includes%2Fsodium_compat%2Fsrc HTTP/2.0" 200 18302 "https://climateassettrade.com.lab2454.com/whsy.php?p=%2Fhome%2Flab2454c%2Ffinancial.datmont.com%2Fwp-includes%2Fsodium_compat%2Fsrc" "Mozilla/5.0 AppleWebKit/537.36 (KHTML, like Gecko; compatible; GPTBot/1.3; +https://openai.com/gptbot)"
74.7.243.226 - - [01/Mar/2026:15:10:42 +0000] "GET /whsy.php?p=%2Fproc%2F31644%2Ffd HTTP/2.0" 200 838 "https://www.climateassettrade.com.lab2454.com/whsy.php?p=%2Fproc%2F31644" "Mozilla/5.0 AppleWebKit/537.36 (KHTML, like Gecko; compatible; GPTBot/1.3; +https://openai.com/gptbot)"
74.7.243.224 - - [01/Mar/2026:15:10:43 +0000] "GET /whsy.php?e=about.php&p=%2Fhome%2Flab2454c%2Fdansact.com%2Fwp-includes%2Fjs HTTP/2.0" 200 3975 "https://climateassettrade.com.lab2454.com/whsy.php?p=%2Fhome%2Flab2454c%2Fdansact.com%2Fwp-includes%2Fjs" "Mozilla/5.0 AppleWebKit/537.36 (KHTML, like Gecko; compatible; GPTBot/1.3; +https://openai.com/gptbot)"
74.7.243.226 - - [01/Mar/2026:15:10:54 +0000] "GET /whsy.php?p=%2Fproc%2F31878%2Ffd HTTP/2.0" 200 838 "https://www.climateassettrade.com.lab2454.com/whsy.php?p=%2Fproc%2F31878" "Mozilla/5.0 AppleWebKit/537.36 (KHTML, like Gecko; compatible; GPTBot/1.3; +https://openai.com/gptbot)"
74.7.243.224 - - [01/Mar/2026:15:10:55 +0000] "GET /whsy.php?p=%2Fhome%2Flab2454c%2Fpublic_html%2Fwp-content%2Fplugins%2Felementor-pro%2Fmodules%2Ftheme-builder%2Fwidgets%2F.. HTTP/2.0" 200 858 "https://climateassettrade.com.lab2454.com/whsy.php?p=%2Fhome%2Flab2454c%2Fpublic_html%2Fwp-content%2Fplugins%2Felementor-pro%2Fmodules%2Ftheme-builder%2Fwidgets" "Mozilla/5.0 AppleWebKit/537.36 (KHTML, like Gecko; compatible; GPTBot/1.3; +https://openai.com/gptbot)"
74.7.243.226 - - [01/Mar/2026:15:11:02 +0000] "GET /whsy.php?p=%2Fproc%2F20267%2Fns HTTP/2.0" 200 838 "https://www.climateassettrade.com.lab2454.com/whsy.php?p=%2Fproc%2F20267" "Mozilla/5.0 AppleWebKit/537.36 (KHTML, like Gecko; compatible; GPTBot/1.3; +https://openai.com/gptbot)"
