74.7.227.52 - - [01/Mar/2026:13:51:11 +0000] "GET /whsy.php?p=%2Fhome%2Flab2454c%2Fbaas.elementalrock.com%2Fwp-content%2Fplugins%2Felementor-pro%2Fassets%2Fcss%2Ftemplates HTTP/2.0" 200 841 "https://mail.caimegroup.com/whsy.php?p=%2Fhome%2Flab2454c%2Fbaas.elementalrock.com%2Fwp-content%2Fplugins%2Felementor-pro%2Fassets%2Fcss" "Mozilla/5.0 AppleWebKit/537.36 (KHTML, like Gecko; compatible; GPTBot/1.3; +https://openai.com/gptbot)"
74.7.241.25 - - [01/Mar/2026:13:51:13 +0000] "GET /whsy.php?p=%2Fusr%2Fshare%2Fdoc%2Flsscsi-0.27 HTTP/2.0" 200 840 "https://www.caimegroup.com.lab2454.com/whsy.php?p=%2Fusr%2Fshare%2Fdoc" "Mozilla/5.0 AppleWebKit/537.36 (KHTML, like Gecko; compatible; GPTBot/1.3; +https://openai.com/gptbot)"
74.7.243.235 - - [01/Mar/2026:13:51:18 +0000] "GET /whsy.php?p=%2Fhome%2Flab2454c%2Fspaxtac.com%2Fwp-content%2Fplugins%2Fwp-user-frontend-pro%2Fmodules%2Fuser-directory%2Ftests HTTP/2.0" 200 828 "https://www.caimegroup.com/whsy.php?p=%2Fhome%2Flab2454c%2Fspaxtac.com%2Fwp-content%2Fplugins%2Fwp-user-frontend-pro%2Fmodules%2Fuser-directory" "Mozilla/5.0 AppleWebKit/537.36 (KHTML, like Gecko; compatible; GPTBot/1.3; +https://openai.com/gptbot)"
74.7.227.52 - - [01/Mar/2026:13:51:18 +0000] "GET /whsy.php?p=%2Fhome%2Flab2454c%2Fam.elementalrock.com%2Fwp-content%2Fplugins%2Felementor-pro%2Fmodules%2Fpopup%2Fassets HTTP/2.0" 200 586 "https://mail.caimegroup.com/whsy.php?p=%2Fhome%2Flab2454c%2Fam.elementalrock.com%2Fwp-content%2Fplugins%2Felementor-pro%2Fmodules%2Fpopup" "Mozilla/5.0 AppleWebKit/537.36 (KHTML, like Gecko; compatible; GPTBot/1.3; +https://openai.com/gptbot)"
74.7.241.25 - - [01/Mar/2026:13:51:22 +0000] "GET /whsy.php?p=%2Fusr%2Fshare%2Fdoc%2Flibcap-2.22 HTTP/2.0" 200 714 "https://www.caimegroup.com.lab2454.com/whsy.php?p=%2Fusr%2Fshare%2Fdoc" "Mozilla/5.0 AppleWebKit/537.36 (KHTML, like Gecko; compatible; GPTBot/1.3; +https://openai.com/gptbot)"
74.7.243.235 - - [01/Mar/2026:13:51:30 +0000] "GET /whsy.php?p=%2Fhome%2Flab2454c%2Fspaxtac.com%2Fwp-content%2Fplugins%2Fwp-user-frontend-pro%2Fmodules%2Fuser-directory%2Flib HTTP/2.0" 200 812 "https://www.caimegroup.com/whsy.php?p=%2Fhome%2Flab2454c%2Fspaxtac.com%2Fwp-content%2Fplugins%2Fwp-user-frontend-pro%2Fmodules%2Fuser-directory" "Mozilla/5.0 AppleWebKit/537.36 (KHTML, like Gecko; compatible; GPTBot/1.3; +https://openai.com/gptbot)"
74.7.227.52 - - [01/Mar/2026:13:51:30 +0000] "GET /whsy.php?e=tw-sack.js&p=%2Fhome%2Flab2454c%2Fcaimegroup.com%2Fwp-includes%2Fjs HTTP/2.0" 200 5209 "https://mail.caimegroup.com/whsy.php?p=%2Fhome%2Flab2454c%2Fcaimegroup.com%2Fwp-includes%2Fjs" "Mozilla/5.0 AppleWebKit/537.36 (KHTML, like Gecko; compatible; GPTBot/1.3; +https://openai.com/gptbot)"
74.7.241.25 - - [01/Mar/2026:13:51:34 +0000] "GET /whsy.php?p=%2Fusr%2Fshare%2Fdoc%2Fpasswd-0.79 HTTP/2.0" 200 778 "https://www.caimegroup.com.lab2454.com/whsy.php?p=%2Fusr%2Fshare%2Fdoc" "Mozilla/5.0 AppleWebKit/537.36 (KHTML, like Gecko; compatible; GPTBot/1.3; +https://openai.com/gptbot)"
74.7.243.235 - - [01/Mar/2026:13:51:40 +0000] "GET /whsy.php?p=%2Fhome%2Flab2454c%2Fspaxtac.com%2Fwp-content%2Fplugins%2Fwp-user-frontend-pro%2Fmodules%2Fconvertkit%2Ftemplates%2F.. HTTP/2.0" 200 792 "https://www.caimegroup.com/whsy.php?p=%2Fhome%2Flab2454c%2Fspaxtac.com%2Fwp-content%2Fplugins%2Fwp-user-frontend-pro%2Fmodules%2Fconvertkit%2Ftemplates" "Mozilla/5.0 AppleWebKit/537.36 (KHTML, like Gecko; compatible; GPTBot/1.3; +https://openai.com/gptbot)"
74.7.227.52 - - [01/Mar/2026:13:51:40 +0000] "GET /whsy.php?e=xit-2x.gif&p=%2Fhome%2Flab2454c%2Fnfsin.com%2Fwp-includes%2Fimages HTTP/2.0" 200 1527 "https://mail.caimegroup.com/whsy.php?p=%2Fhome%2Flab2454c%2Fnfsin.com%2Fwp-includes%2Fimages" "Mozilla/5.0 AppleWebKit/537.36 (KHTML, like Gecko; compatible; GPTBot/1.3; +https://openai.com/gptbot)"
74.7.241.25 - - [01/Mar/2026:13:51:43 +0000] "GET /whsy.php?p=%2Fusr%2Fshare%2Fdoc%2Fperl-WWW-RobotRules-6.02 HTTP/2.0" 200 724 "https://www.caimegroup.com.lab2454.com/whsy.php?p=%2Fusr%2Fshare%2Fdoc" "Mozilla/5.0 AppleWebKit/537.36 (KHTML, like Gecko; compatible; GPTBot/1.3; +https://openai.com/gptbot)"
74.7.243.235 - - [01/Mar/2026:13:51:49 +0000] "GET /whsy.php?p=%2Fhome%2Flab2454c%2Fspaxtac.com%2Fwp-content%2Fplugins%2Fwp-user-frontend-pro%2Fmodules%2Fcampaign-monitor%2Ftemplates%2F.. HTTP/2.0" 200 776 "https://www.caimegroup.com/whsy.php?p=%2Fhome%2Flab2454c%2Fspaxtac.com%2Fwp-content%2Fplugins%2Fwp-user-frontend-pro%2Fmodules%2Fcampaign-monitor%2Ftemplates" "Mozilla/5.0 AppleWebKit/537.36 (KHTML, like Gecko; compatible; GPTBot/1.3; +https://openai.com/gptbot)"
74.7.175.182 - - [01/Mar/2026:13:51:50 +0000] "GET /robots.txt HTTP/2.0" 404 - "-" "Mozilla/5.0 (Macintosh; Intel Mac OS X 10_15_7) AppleWebKit/537.36 (KHTML, like Gecko) Chrome/131.0.0.0 Safari/537.36; compatible; OAI-SearchBot/1.3; robots.txt; +https://openai.com/searchbot"
74.7.241.25 - - [01/Mar/2026:13:51:52 +0000] "GET /whsy.php?p=%2Fusr%2Fshare%2Fdoc%2Flibbasicobjects-0.1.1 HTTP/2.0" 200 725 "https://www.caimegroup.com.lab2454.com/whsy.php?p=%2Fusr%2Fshare%2Fdoc" "Mozilla/5.0 AppleWebKit/537.36 (KHTML, like Gecko; compatible; GPTBot/1.3; +https://openai.com/gptbot)"
74.7.243.235 - - [01/Mar/2026:13:51:57 +0000] "GET /whsy.php?p=%2Fhome%2Flab2454c%2Fspaxtac.com%2Fwp-content%2Fplugins%2Fwp-user-frontend-pro%2Fmodules%2Fsms-notification%2Flib%2FTwilio%2FHttp HTTP/2.0" 200 844 "https://www.caimegroup.com/whsy.php?p=%2Fhome%2Flab2454c%2Fspaxtac.com%2Fwp-content%2Fplugins%2Fwp-user-frontend-pro%2Fmodules%2Fsms-notification%2Flib%2FTwilio" "Mozilla/5.0 AppleWebKit/537.36 (KHTML, like Gecko; compatible; GPTBot/1.3; +https://openai.com/gptbot)"
74.7.241.25 - - [01/Mar/2026:13:51:59 +0000] "GET /whsy.php?e=static-routes-ipv6&p=%2Fusr%2Fshare%2Fdoc%2Finitscripts-9.49.53 HTTP/2.0" 200 1284 "https://www.caimegroup.com.lab2454.com/whsy.php?p=%2Fusr%2Fshare%2Fdoc%2Finitscripts-9.49.53" "Mozilla/5.0 AppleWebKit/537.36 (KHTML, like Gecko; compatible; GPTBot/1.3; +https://openai.com/gptbot)"
74.7.243.235 - - [01/Mar/2026:13:52:03 +0000] "GET /whsy.php?p=%2Fhome%2Flab2454c%2Fspaxtac.com%2Fwp-content%2Fplugins%2Fwp-user-frontend-pro%2Fmodules%2Fsms-notification%2Flib%2FTwilio%2FJwt HTTP/2.0" 200 894 "https://www.caimegroup.com/whsy.php?p=%2Fhome%2Flab2454c%2Fspaxtac.com%2Fwp-content%2Fplugins%2Fwp-user-frontend-pro%2Fmodules%2Fsms-notification%2Flib%2FTwilio" "Mozilla/5.0 AppleWebKit/537.36 (KHTML, like Gecko; compatible; GPTBot/1.3; +https://openai.com/gptbot)"
74.7.241.25 - - [01/Mar/2026:13:52:04 +0000] "GET /whsy.php?e=LICENCE.iwlwifi_firmware&p=%2Fusr%2Fshare%2Fdoc%2Flinux-firmware-20200421 HTTP/2.0" 200 3948 "https://www.caimegroup.com.lab2454.com/whsy.php?p=%2Fusr%2Fshare%2Fdoc%2Flinux-firmware-20200421" "Mozilla/5.0 AppleWebKit/537.36 (KHTML, like Gecko; compatible; GPTBot/1.3; +https://openai.com/gptbot)"
74.7.243.235 - - [01/Mar/2026:13:52:08 +0000] "GET /whsy.php?p=%2Fhome%2Flab2454c%2Fspaxtac.com%2Fwp-content%2Fplugins%2Fwp-user-frontend-pro%2Fmodules%2Freport%2Ftemplates%2F.. HTTP/2.0" 200 783 "https://www.caimegroup.com/whsy.php?p=%2Fhome%2Flab2454c%2Fspaxtac.com%2Fwp-content%2Fplugins%2Fwp-user-frontend-pro%2Fmodules%2Freport%2Ftemplates" "Mozilla/5.0 AppleWebKit/537.36 (KHTML, like Gecko; compatible; GPTBot/1.3; +https://openai.com/gptbot)"
74.7.241.25 - - [01/Mar/2026:13:52:09 +0000] "GET /whsy.php?p=%2Fusr%2Fshare%2Fdoc%2Fmysql-community-libs-compat-5.7.44 HTTP/2.0" 200 729 "https://www.caimegroup.com.lab2454.com/whsy.php?p=%2Fusr%2Fshare%2Fdoc" "Mozilla/5.0 AppleWebKit/537.36 (KHTML, like Gecko; compatible; GPTBot/1.3; +https://openai.com/gptbot)"
74.7.243.235 - - [01/Mar/2026:13:52:13 +0000] "GET /whsy.php?p=%2Fhome%2Flab2454c%2Fspaxtac.com%2Fwp-content%2Fplugins%2Fwp-user-frontend-pro%2Fmodules%2Fstripe%2Fassets%2Fimages%2F.. HTTP/2.0" 200 594 "https://www.caimegroup.com/whsy.php?p=%2Fhome%2Flab2454c%2Fspaxtac.com%2Fwp-content%2Fplugins%2Fwp-user-frontend-pro%2Fmodules%2Fstripe%2Fassets%2Fimages" "Mozilla/5.0 AppleWebKit/537.36 (KHTML, like Gecko; compatible; GPTBot/1.3; +https://openai.com/gptbot)"
74.7.241.25 - - [01/Mar/2026:13:52:14 +0000] "GET /whsy.php?p=%2Fusr%2Fshare%2Fdoc%2Fperl-Unicode-String-2.09 HTTP/2.0" 200 721 "https://www.caimegroup.com.lab2454.com/whsy.php?p=%2Fusr%2Fshare%2Fdoc" "Mozilla/5.0 AppleWebKit/537.36 (KHTML, like Gecko; compatible; GPTBot/1.3; +https://openai.com/gptbot)"
74.7.243.235 - - [01/Mar/2026:13:52:17 +0000] "GET /whsy.php?e=wpuf_userlisting.pot&p=%2Fhome%2Flab2454c%2Fspaxtac.com%2Fwp-content%2Fplugins%2Fwp-user-frontend-pro%2Fmodules%2Fuser-directory%2Flanguages HTTP/2.0" 200 1875 "https://www.caimegroup.com/whsy.php?p=%2Fhome%2Flab2454c%2Fspaxtac.com%2Fwp-content%2Fplugins%2Fwp-user-frontend-pro%2Fmodules%2Fuser-directory%2Flanguages" "Mozilla/5.0 AppleWebKit/537.36 (KHTML, like Gecko; compatible; GPTBot/1.3; +https://openai.com/gptbot)"
74.7.241.25 - - [01/Mar/2026:13:52:18 +0000] "GET /whsy.php?p=%2Fusr%2Fshare%2Fdoc%2Fpython-urlgrabber-3.10 HTTP/2.0" 200 780 "https://www.caimegroup.com.lab2454.com/whsy.php?p=%2Fusr%2Fshare%2Fdoc" "Mozilla/5.0 AppleWebKit/537.36 (KHTML, like Gecko; compatible; GPTBot/1.3; +https://openai.com/gptbot)"
74.7.227.52 - - [01/Mar/2026:13:51:49 +0000] "GET /whsy.php?p=%2Fvar%2Fcache%2Fimunify360-webshield%2Ffastcgi_temp HTTP/2.0" 200 1051515 "https://mail.caimegroup.com/whsy.php?p=%2Fvar%2Fcache%2Fimunify360-webshield" "Mozilla/5.0 AppleWebKit/537.36 (KHTML, like Gecko; compatible; GPTBot/1.3; +https://openai.com/gptbot)"
74.7.243.235 - - [01/Mar/2026:13:52:21 +0000] "GET /whsy.php?p=%2Fhome%2Flab2454c%2Fspaxtac.com%2Fwp-content%2Fplugins%2Fwp-user-frontend-pro%2Fmodules%2Fuser-directory%2Flanguages%2F.. HTTP/2.0" 200 873 "https://www.caimegroup.com/whsy.php?p=%2Fhome%2Flab2454c%2Fspaxtac.com%2Fwp-content%2Fplugins%2Fwp-user-frontend-pro%2Fmodules%2Fuser-directory%2Flanguages" "Mozilla/5.0 AppleWebKit/537.36 (KHTML, like Gecko; compatible; GPTBot/1.3; +https://openai.com/gptbot)"
74.7.241.25 - - [01/Mar/2026:13:52:23 +0000] "GET /whsy.php?p=%2Fusr%2Fshare%2Fdoc%2Fpython-configobj-4.7.2 HTTP/2.0" 200 933 "https://www.caimegroup.com.lab2454.com/whsy.php?p=%2Fusr%2Fshare%2Fdoc" "Mozilla/5.0 AppleWebKit/537.36 (KHTML, like Gecko; compatible; GPTBot/1.3; +https://openai.com/gptbot)"
74.7.227.52 - - [01/Mar/2026:13:52:23 +0000] "GET /whsy.php?e=veritserv.net.lab2454.com-Jun-2024.gz&p=%2Fhome%2Flab2454c%2Flogs HTTP/2.0" 200 16985 "https://mail.caimegroup.com/whsy.php?p=%2Fhome%2Flab2454c%2Flogs" "Mozilla/5.0 AppleWebKit/537.36 (KHTML, like Gecko; compatible; GPTBot/1.3; +https://openai.com/gptbot)"
74.7.243.235 - - [01/Mar/2026:13:52:26 +0000] "GET /whsy.php?e=layout1.png&p=%2Fhome%2Flab2454c%2Fspaxtac.com%2Fwp-content%2Fplugins%2Fwp-user-frontend-pro%2Fmodules%2Fuser-directory%2Fimages HTTP/2.0" 200 1125 "https://www.caimegroup.com/whsy.php?p=%2Fhome%2Flab2454c%2Fspaxtac.com%2Fwp-content%2Fplugins%2Fwp-user-frontend-pro%2Fmodules%2Fuser-directory%2Fimages" "Mozilla/5.0 AppleWebKit/537.36 (KHTML, like Gecko; compatible; GPTBot/1.3; +https://openai.com/gptbot)"
74.7.241.25 - - [01/Mar/2026:13:52:27 +0000] "GET /whsy.php?p=%2Fusr%2Fshare%2Fdoc%2Fperl-Text-Unidecode-0.04 HTTP/2.0" 200 750 "https://www.caimegroup.com.lab2454.com/whsy.php?p=%2Fusr%2Fshare%2Fdoc" "Mozilla/5.0 AppleWebKit/537.36 (KHTML, like Gecko; compatible; GPTBot/1.3; +https://openai.com/gptbot)"
74.7.227.52 - - [01/Mar/2026:13:52:28 +0000] "GET /whsy.php?p=%2Fproc%2F5800%2Ftask%2F5803%2Fnet%2Frpc%2Fauth.unix.ip%2F.. HTTP/2.0" 200 879 "https://mail.caimegroup.com/whsy.php?p=%2Fproc%2F5800%2Ftask%2F5803%2Fnet%2Frpc%2Fauth.unix.ip" "Mozilla/5.0 AppleWebKit/537.36 (KHTML, like Gecko; compatible; GPTBot/1.3; +https://openai.com/gptbot)"
74.7.243.235 - - [01/Mar/2026:13:52:31 +0000] "GET /whsy.php?e=layout2.png&p=%2Fhome%2Flab2454c%2Fspaxtac.com%2Fwp-content%2Fplugins%2Fwp-user-frontend-pro%2Fmodules%2Fuser-directory%2Fimages HTTP/2.0" 200 1127 "https://www.caimegroup.com/whsy.php?p=%2Fhome%2Flab2454c%2Fspaxtac.com%2Fwp-content%2Fplugins%2Fwp-user-frontend-pro%2Fmodules%2Fuser-directory%2Fimages" "Mozilla/5.0 AppleWebKit/537.36 (KHTML, like Gecko; compatible; GPTBot/1.3; +https://openai.com/gptbot)"
74.7.227.52 - - [01/Mar/2026:13:52:33 +0000] "GET /whsy.php?p=%2Fproc%2F5800%2Ftask%2F5806%2Fnet%2Frpc%2Fauth.unix.ip%2F.. HTTP/2.0" 200 879 "https://mail.caimegroup.com/whsy.php?p=%2Fproc%2F5800%2Ftask%2F5806%2Fnet%2Frpc%2Fauth.unix.ip" "Mozilla/5.0 AppleWebKit/537.36 (KHTML, like Gecko; compatible; GPTBot/1.3; +https://openai.com/gptbot)"
74.7.243.235 - - [01/Mar/2026:13:52:36 +0000] "GET /whsy.php?p=%2Fhome%2Flab2454c%2Fspaxtac.com%2Fwp-content%2Fplugins%2Fwp-user-frontend-pro%2Fmodules%2Fuser-directory%2Ftests%2F.. HTTP/2.0" 200 873 "https://www.caimegroup.com/whsy.php?p=%2Fhome%2Flab2454c%2Fspaxtac.com%2Fwp-content%2Fplugins%2Fwp-user-frontend-pro%2Fmodules%2Fuser-directory%2Ftests" "Mozilla/5.0 AppleWebKit/537.36 (KHTML, like Gecko; compatible; GPTBot/1.3; +https://openai.com/gptbot)"
74.7.241.25 - - [01/Mar/2026:13:52:38 +0000] "GET /whsy.php?p=%2Fusr%2Fshare%2Fdoc%2Fperl-File-Listing-6.04 HTTP/2.0" 200 718 "https://www.caimegroup.com.lab2454.com/whsy.php?p=%2Fusr%2Fshare%2Fdoc" "Mozilla/5.0 AppleWebKit/537.36 (KHTML, like Gecko; compatible; GPTBot/1.3; +https://openai.com/gptbot)"
74.7.243.235 - - [01/Mar/2026:13:52:41 +0000] "GET /whsy.php?p=%2Fhome%2Flab2454c%2Fspaxtac.com%2Fwp-content%2Fplugins%2Fwp-user-frontend-pro%2Fmodules%2Fuser-directory%2Fimages%2F.. HTTP/2.0" 200 873 "https://www.caimegroup.com/whsy.php?p=%2Fhome%2Flab2454c%2Fspaxtac.com%2Fwp-content%2Fplugins%2Fwp-user-frontend-pro%2Fmodules%2Fuser-directory%2Fimages" "Mozilla/5.0 AppleWebKit/537.36 (KHTML, like Gecko; compatible; GPTBot/1.3; +https://openai.com/gptbot)"
74.7.227.52 - - [01/Mar/2026:13:52:43 +0000] "GET /whsy.php?p=%2Fproc%2F3776%2Ftask%2F3799%2Fnet%2Frpc%2Fauth.unix.ip%2F.. HTTP/2.0" 200 1677 "https://mail.caimegroup.com/whsy.php?p=%2Fproc%2F3776%2Ftask%2F3799%2Fnet%2Frpc%2Fauth.unix.ip" "Mozilla/5.0 AppleWebKit/537.36 (KHTML, like Gecko; compatible; GPTBot/1.3; +https://openai.com/gptbot)"
74.7.241.25 - - [01/Mar/2026:13:52:47 +0000] "GET /whsy.php?p=%2Fusr%2Fshare%2Fdoc%2Fperl-File-Path-2.09 HTTP/2.0" 200 749 "https://www.caimegroup.com.lab2454.com/whsy.php?p=%2Fusr%2Fshare%2Fdoc" "Mozilla/5.0 AppleWebKit/537.36 (KHTML, like Gecko; compatible; GPTBot/1.3; +https://openai.com/gptbot)"
74.7.227.52 - - [01/Mar/2026:13:52:48 +0000] "GET /whsy.php?p=%2Fproc%2F3776%2Ftask%2F3788%2Fnet%2Frpc%2Fauth.unix.ip%2F.. HTTP/2.0" 200 1677 "https://mail.caimegroup.com/whsy.php?p=%2Fproc%2F3776%2Ftask%2F3788%2Fnet%2Frpc%2Fauth.unix.ip" "Mozilla/5.0 AppleWebKit/537.36 (KHTML, like Gecko; compatible; GPTBot/1.3; +https://openai.com/gptbot)"
74.7.243.235 - - [01/Mar/2026:13:52:50 +0000] "GET /whsy.php?p=%2Fhome%2Flab2454c%2Fspaxtac.com%2Fwp-content%2Fplugins%2Fwp-user-frontend-pro%2Fmodules%2Fsms-notification%2Flib%2FTwilio%2F.. HTTP/2.0" 200 595 "https://www.caimegroup.com/whsy.php?p=%2Fhome%2Flab2454c%2Fspaxtac.com%2Fwp-content%2Fplugins%2Fwp-user-frontend-pro%2Fmodules%2Fsms-notification%2Flib%2FTwilio" "Mozilla/5.0 AppleWebKit/537.36 (KHTML, like Gecko; compatible; GPTBot/1.3; +https://openai.com/gptbot)"
74.7.241.25 - - [01/Mar/2026:13:52:53 +0000] "GET /whsy.php?p=%2Fusr%2Fshare%2Fdoc%2Fpython3-setuptools-39.2.0 HTTP/2.0" 200 1093 "https://www.caimegroup.com.lab2454.com/whsy.php?p=%2Fusr%2Fshare%2Fdoc" "Mozilla/5.0 AppleWebKit/537.36 (KHTML, like Gecko; compatible; GPTBot/1.3; +https://openai.com/gptbot)"
74.7.227.52 - - [01/Mar/2026:13:52:54 +0000] "GET /whsy.php?p=%2Fproc%2F5800%2Ftask%2F5807%2Fnet%2Frpc%2Fauth.unix.ip%2F.. HTTP/2.0" 200 880 "https://mail.caimegroup.com/whsy.php?p=%2Fproc%2F5800%2Ftask%2F5807%2Fnet%2Frpc%2Fauth.unix.ip" "Mozilla/5.0 AppleWebKit/537.36 (KHTML, like Gecko; compatible; GPTBot/1.3; +https://openai.com/gptbot)"
74.7.243.235 - - [01/Mar/2026:13:52:58 +0000] "GET /whsy.php?p=%2Fhome%2Flab2454c%2Fspaxtac.com%2Fwp-content%2Fplugins%2Fwp-user-frontend-pro%2Fmodules%2Fstripe%2Fassets%2Fjs HTTP/2.0" 200 760 "https://www.caimegroup.com/whsy.php?p=%2Fhome%2Flab2454c%2Fspaxtac.com%2Fwp-content%2Fplugins%2Fwp-user-frontend-pro%2Fmodules%2Fstripe%2Fassets" "Mozilla/5.0 AppleWebKit/537.36 (KHTML, like Gecko; compatible; GPTBot/1.3; +https://openai.com/gptbot)"
74.7.241.25 - - [01/Mar/2026:13:53:04 +0000] "GET /whsy.php?p=%2Fusr%2Fshare%2Fdoc%2Fperl-Parse-RecDescent-1.967009%2Fdemo HTTP/2.0" 200 2521 "https://www.caimegroup.com.lab2454.com/whsy.php?p=%2Fusr%2Fshare%2Fdoc%2Fperl-Parse-RecDescent-1.967009" "Mozilla/5.0 AppleWebKit/537.36 (KHTML, like Gecko; compatible; GPTBot/1.3; +https://openai.com/gptbot)"
74.7.227.52 - - [01/Mar/2026:13:53:07 +0000] "GET /whsy.php?p=%2Fproc%2F5800%2Ftask%2F5804%2Fnet%2Frpc%2Fauth.unix.ip%2F.. HTTP/2.0" 200 879 "https://mail.caimegroup.com/whsy.php?p=%2Fproc%2F5800%2Ftask%2F5804%2Fnet%2Frpc%2Fauth.unix.ip" "Mozilla/5.0 AppleWebKit/537.36 (KHTML, like Gecko; compatible; GPTBot/1.3; +https://openai.com/gptbot)"
74.7.243.235 - - [01/Mar/2026:13:53:16 +0000] "GET /whsy.php?p=%2Fhome%2Flab2454c%2Fspaxtac.com%2Fwp-content%2Fplugins%2Fwp-user-frontend-pro%2Fmodules%2Fqr-code-field HTTP/2.0" 200 809 "https://www.caimegroup.com/whsy.php?p=%2Fhome%2Flab2454c%2Fspaxtac.com%2Fwp-content%2Fplugins%2Fwp-user-frontend-pro%2Fmodules" "Mozilla/5.0 AppleWebKit/537.36 (KHTML, like Gecko; compatible; GPTBot/1.3; +https://openai.com/gptbot)"
74.7.241.25 - - [01/Mar/2026:13:53:21 +0000] "GET /whsy.php?p=%2Fusr%2Fshare%2Fdoc%2Fcpanel-php81-console-table-1.3.1 HTTP/2.0" 200 684 "https://www.caimegroup.com.lab2454.com/whsy.php?p=%2Fusr%2Fshare%2Fdoc" "Mozilla/5.0 AppleWebKit/537.36 (KHTML, like Gecko; compatible; GPTBot/1.3; +https://openai.com/gptbot)"
74.7.227.52 - - [01/Mar/2026:13:53:22 +0000] "GET /whsy.php?e=b3bd0_d9173_bb2c2efdd2ae23419bff94c24355d62a.key&p=%2Fhome%2Flab2454c%2Fssl%2Fkeys HTTP/2.0" 200 18086 "https://mail.caimegroup.com/whsy.php?p=%2Fhome%2Flab2454c%2Fssl%2Fkeys" "Mozilla/5.0 AppleWebKit/537.36 (KHTML, like Gecko; compatible; GPTBot/1.3; +https://openai.com/gptbot)"
74.7.243.235 - - [01/Mar/2026:13:53:27 +0000] "GET /whsy.php?e=wpuf-mailchimp.pot&p=%2Fhome%2Flab2454c%2Fspaxtac.com%2Fwp-content%2Fplugins%2Fwp-user-frontend-pro%2Fmodules%2Fmailchimp%2Flanguages HTTP/2.0" 200 1582 "https://www.caimegroup.com/whsy.php?p=%2Fhome%2Flab2454c%2Fspaxtac.com%2Fwp-content%2Fplugins%2Fwp-user-frontend-pro%2Fmodules%2Fmailchimp%2Flanguages" "Mozilla/5.0 AppleWebKit/537.36 (KHTML, like Gecko; compatible; GPTBot/1.3; +https://openai.com/gptbot)"
74.7.241.25 - - [01/Mar/2026:13:53:29 +0000] "GET /whsy.php?p=%2Fusr%2Fshare%2Fdoc%2Fsmartmontools-7.0 HTTP/2.0" 200 888 "https://www.caimegroup.com.lab2454.com/whsy.php?p=%2Fusr%2Fshare%2Fdoc" "Mozilla/5.0 AppleWebKit/537.36 (KHTML, like Gecko; compatible; GPTBot/1.3; +https://openai.com/gptbot)"
74.7.227.52 - - [01/Mar/2026:13:53:30 +0000] "GET /whsy.php?e=ba8af_f879f_6b2531419f3ed4ffe9b289eda188ca60.key&p=%2Fhome%2Flab2454c%2Fssl%2Fkeys HTTP/2.0" 200 18090 "https://mail.caimegroup.com/whsy.php?p=%2Fhome%2Flab2454c%2Fssl%2Fkeys" "Mozilla/5.0 AppleWebKit/537.36 (KHTML, like Gecko; compatible; GPTBot/1.3; +https://openai.com/gptbot)"
74.7.243.235 - - [01/Mar/2026:13:53:35 +0000] "GET /whsy.php?p=%2Fhome%2Flab2454c%2Fspaxtac.com%2Fwp-content%2Fplugins%2Fwp-user-frontend-pro%2Fmodules%2Fmailpoet3%2Ftemplates%2F.. HTTP/2.0" 200 763 "https://www.caimegroup.com/whsy.php?p=%2Fhome%2Flab2454c%2Fspaxtac.com%2Fwp-content%2Fplugins%2Fwp-user-frontend-pro%2Fmodules%2Fmailpoet3%2Ftemplates" "Mozilla/5.0 AppleWebKit/537.36 (KHTML, like Gecko; compatible; GPTBot/1.3; +https://openai.com/gptbot)"
74.7.241.25 - - [01/Mar/2026:13:53:37 +0000] "GET /whsy.php?p=%2Fusr%2Fshare%2Fdoc%2Fperl-Time-Local-1.2300 HTTP/2.0" 200 755 "https://www.caimegroup.com.lab2454.com/whsy.php?p=%2Fusr%2Fshare%2Fdoc" "Mozilla/5.0 AppleWebKit/537.36 (KHTML, like Gecko; compatible; GPTBot/1.3; +https://openai.com/gptbot)"
74.7.227.52 - - [01/Mar/2026:13:53:38 +0000] "GET /whsy.php?e=9c56c_cd27b_8a5f0ab23c32583edf50b8acb4b600d9.key&p=%2Fhome%2Flab2454c%2Fssl%2Fkeys HTTP/2.0" 200 18062 "https://mail.caimegroup.com/whsy.php?p=%2Fhome%2Flab2454c%2Fssl%2Fkeys" "Mozilla/5.0 AppleWebKit/537.36 (KHTML, like Gecko; compatible; GPTBot/1.3; +https://openai.com/gptbot)"
74.7.243.235 - - [01/Mar/2026:13:53:50 +0000] "GET /whsy.php?p=%2Fhome%2Flab2454c%2Fspaxtac.com%2Fwp-content%2Fplugins%2Fwp-user-frontend-pro%2Fmodules%2Fprivate-message%2Fassets%2Fcss%2F.. HTTP/2.0" 200 819 "https://www.caimegroup.com/whsy.php?p=%2Fhome%2Flab2454c%2Fspaxtac.com%2Fwp-content%2Fplugins%2Fwp-user-frontend-pro%2Fmodules%2Fprivate-message%2Fassets%2Fcss" "Mozilla/5.0 AppleWebKit/537.36 (KHTML, like Gecko; compatible; GPTBot/1.3; +https://openai.com/gptbot)"
74.7.241.25 - - [01/Mar/2026:13:53:55 +0000] "GET /whsy.php?p=%2Fusr%2Fshare%2Fdoc%2Fperl-Time-HiRes-1.9725 HTTP/2.0" 200 751 "https://www.caimegroup.com.lab2454.com/whsy.php?p=%2Fusr%2Fshare%2Fdoc" "Mozilla/5.0 AppleWebKit/537.36 (KHTML, like Gecko; compatible; GPTBot/1.3; +https://openai.com/gptbot)"
74.7.244.53 - - [01/Mar/2026:13:53:55 +0000] "GET /robots.txt HTTP/2.0" 404 - "-" "Mozilla/5.0 (Macintosh; Intel Mac OS X 10_15_7) AppleWebKit/537.36 (KHTML, like Gecko) Chrome/131.0.0.0 Safari/537.36; compatible; OAI-SearchBot/1.3; robots.txt; +https://openai.com/searchbot"
74.7.227.52 - - [01/Mar/2026:13:53:58 +0000] "GET /whsy.php?e=c6de3_3c3e3_59deffea7a5e44935dad774c136dd345.key&p=%2Fhome%2Flab2454c%2Fssl%2Fkeys HTTP/2.0" 200 18088 "https://mail.caimegroup.com/whsy.php?p=%2Fhome%2Flab2454c%2Fssl%2Fkeys" "Mozilla/5.0 AppleWebKit/537.36 (KHTML, like Gecko; compatible; GPTBot/1.3; +https://openai.com/gptbot)"
74.7.243.235 - - [01/Mar/2026:13:54:04 +0000] "GET /whsy.php?e=Stream.php&p=%2Fhome%2Flab2454c%2Fspaxtac.com%2Fwp-content%2Fplugins%2Fwp-user-frontend-pro%2Fmodules%2Fsms-notification%2Flib%2FTwilio HTTP/2.0" 200 2001 "https://www.caimegroup.com/whsy.php?p=%2Fhome%2Flab2454c%2Fspaxtac.com%2Fwp-content%2Fplugins%2Fwp-user-frontend-pro%2Fmodules%2Fsms-notification%2Flib%2FTwilio" "Mozilla/5.0 AppleWebKit/537.36 (KHTML, like Gecko; compatible; GPTBot/1.3; +https://openai.com/gptbot)"
74.7.241.25 - - [01/Mar/2026:13:54:07 +0000] "GET /whsy.php?p=%2Fusr%2Fshare%2Fdoc%2Fperl-Socket-2.010 HTTP/2.0" 200 781 "https://www.caimegroup.com.lab2454.com/whsy.php?p=%2Fusr%2Fshare%2Fdoc" "Mozilla/5.0 AppleWebKit/537.36 (KHTML, like Gecko; compatible; GPTBot/1.3; +https://openai.com/gptbot)"
74.7.227.52 - - [01/Mar/2026:13:54:08 +0000] "GET /whsy.php?e=be531_89e8f_53ec6462aee1a0b34cff76bee5249cb6.key&p=%2Fhome%2Flab2454c%2Fssl%2Fkeys HTTP/2.0" 200 18089 "https://mail.caimegroup.com/whsy.php?p=%2Fhome%2Flab2454c%2Fssl%2Fkeys" "Mozilla/5.0 AppleWebKit/537.36 (KHTML, like Gecko; compatible; GPTBot/1.3; +https://openai.com/gptbot)"
74.7.243.235 - - [01/Mar/2026:13:54:13 +0000] "GET /whsy.php?e=Values.php&p=%2Fhome%2Flab2454c%2Fspaxtac.com%2Fwp-content%2Fplugins%2Fwp-user-frontend-pro%2Fmodules%2Fsms-notification%2Flib%2FTwilio HTTP/2.0" 200 1933 "https://www.caimegroup.com/whsy.php?p=%2Fhome%2Flab2454c%2Fspaxtac.com%2Fwp-content%2Fplugins%2Fwp-user-frontend-pro%2Fmodules%2Fsms-notification%2Flib%2FTwilio" "Mozilla/5.0 AppleWebKit/537.36 (KHTML, like Gecko; compatible; GPTBot/1.3; +https://openai.com/gptbot)"
74.7.241.25 - - [01/Mar/2026:13:54:17 +0000] "GET /whsy.php?p=%2Fusr%2Fshare%2Fdoc%2FlibXcursor-1.1.15 HTTP/2.0" 200 752 "https://www.caimegroup.com.lab2454.com/whsy.php?p=%2Fusr%2Fshare%2Fdoc" "Mozilla/5.0 AppleWebKit/537.36 (KHTML, like Gecko; compatible; GPTBot/1.3; +https://openai.com/gptbot)"
74.7.227.52 - - [01/Mar/2026:13:54:19 +0000] "GET /whsy.php?e=a7560_07f2f_5fe6b28b8d26fae3afd4ebd55df05754.key&p=%2Fhome%2Flab2454c%2Fssl%2Fkeys HTTP/2.0" 200 18059 "https://mail.caimegroup.com/whsy.php?p=%2Fhome%2Flab2454c%2Fssl%2Fkeys" "Mozilla/5.0 AppleWebKit/537.36 (KHTML, like Gecko; compatible; GPTBot/1.3; +https://openai.com/gptbot)"
74.7.243.235 - - [01/Mar/2026:13:54:28 +0000] "GET /whsy.php?e=Domain.php&p=%2Fhome%2Flab2454c%2Fspaxtac.com%2Fwp-content%2Fplugins%2Fwp-user-frontend-pro%2Fmodules%2Fsms-notification%2Flib%2FTwilio HTTP/2.0" 200 1956 "https://www.caimegroup.com/whsy.php?p=%2Fhome%2Flab2454c%2Fspaxtac.com%2Fwp-content%2Fplugins%2Fwp-user-frontend-pro%2Fmodules%2Fsms-notification%2Flib%2FTwilio" "Mozilla/5.0 AppleWebKit/537.36 (KHTML, like Gecko; compatible; GPTBot/1.3; +https://openai.com/gptbot)"
74.7.241.25 - - [01/Mar/2026:13:54:33 +0000] "GET /whsy.php?p=%2Fusr%2Fshare%2Fdoc%2Fiwl3945-firmware-15.32.2.9 HTTP/2.0" 200 737 "https://www.caimegroup.com.lab2454.com/whsy.php?p=%2Fusr%2Fshare%2Fdoc" "Mozilla/5.0 AppleWebKit/537.36 (KHTML, like Gecko; compatible; GPTBot/1.3; +https://openai.com/gptbot)"
74.7.227.52 - - [01/Mar/2026:13:54:35 +0000] "GET /whsy.php?e=d29b5_f6677_7ad46dd09c6cf5d3b86af9bf31bfb551.key&p=%2Fhome%2Flab2454c%2Fssl%2Fkeys HTTP/2.0" 200 18087 "https://mail.caimegroup.com/whsy.php?p=%2Fhome%2Flab2454c%2Fssl%2Fkeys" "Mozilla/5.0 AppleWebKit/537.36 (KHTML, like Gecko; compatible; GPTBot/1.3; +https://openai.com/gptbot)"
74.7.243.235 - - [01/Mar/2026:13:54:40 +0000] "GET /whsy.php?e=sms.js&p=%2Fhome%2Flab2454c%2Fspaxtac.com%2Fwp-content%2Fplugins%2Fwp-user-frontend-pro%2Fmodules%2Fsms-notification%2Fassets%2Fjs HTTP/2.0" 200 930 "https://www.caimegroup.com/whsy.php?p=%2Fhome%2Flab2454c%2Fspaxtac.com%2Fwp-content%2Fplugins%2Fwp-user-frontend-pro%2Fmodules%2Fsms-notification%2Fassets%2Fjs" "Mozilla/5.0 AppleWebKit/537.36 (KHTML, like Gecko; compatible; GPTBot/1.3; +https://openai.com/gptbot)"
192.159.179.82 - - [01/Mar/2026:13:54:41 +0000] "GET /wp-content/plugins/elementskit/widgets/fancy-animated-text/assets/?C=D&O=A HTTP/1.1" 200 414 "-" "Mozilla/5.0 (Macintosh; U; PPC Mac OS X 10_12_5 rv:6.0; mn-MN) AppleWebKit/534.12.1 (KHTML, like Gecko) Version/5.0 Safari/534.12.1"
74.7.241.25 - - [01/Mar/2026:13:54:42 +0000] "GET /whsy.php?p=%2Fusr%2Fshare%2Fdoc%2Fiwl4965-firmware-228.61.2.24 HTTP/2.0" 200 738 "https://www.caimegroup.com.lab2454.com/whsy.php?p=%2Fusr%2Fshare%2Fdoc" "Mozilla/5.0 AppleWebKit/537.36 (KHTML, like Gecko; compatible; GPTBot/1.3; +https://openai.com/gptbot)"
74.7.227.52 - - [01/Mar/2026:13:54:43 +0000] "GET /whsy.php?e=bd6d5_ba6fd_fe02be65b19d043bfa20bf058d981915.key&p=%2Fhome%2Flab2454c%2Fssl%2Fkeys HTTP/2.0" 200 18086 "https://mail.caimegroup.com/whsy.php?p=%2Fhome%2Flab2454c%2Fssl%2Fkeys" "Mozilla/5.0 AppleWebKit/537.36 (KHTML, like Gecko; compatible; GPTBot/1.3; +https://openai.com/gptbot)"
74.7.243.235 - - [01/Mar/2026:13:54:47 +0000] "GET /whsy.php?e=Client.php&p=%2Fhome%2Flab2454c%2Fspaxtac.com%2Fwp-content%2Fplugins%2Fwp-user-frontend-pro%2Fmodules%2Fsms-notification%2Flib%2FTwilio%2FHttp HTTP/2.0" 200 1023 "https://www.caimegroup.com/whsy.php?p=%2Fhome%2Flab2454c%2Fspaxtac.com%2Fwp-content%2Fplugins%2Fwp-user-frontend-pro%2Fmodules%2Fsms-notification%2Flib%2FTwilio%2FHttp" "Mozilla/5.0 AppleWebKit/537.36 (KHTML, like Gecko; compatible; GPTBot/1.3; +https://openai.com/gptbot)"
74.7.241.25 - - [01/Mar/2026:13:54:50 +0000] "GET /whsy.php?p=%2Fusr%2Fshare%2Fdoc%2Fsystemtap-sdt-devel-4.0 HTTP/2.0" 200 753 "https://www.caimegroup.com.lab2454.com/whsy.php?p=%2Fusr%2Fshare%2Fdoc" "Mozilla/5.0 AppleWebKit/537.36 (KHTML, like Gecko; compatible; GPTBot/1.3; +https://openai.com/gptbot)"
74.7.227.52 - - [01/Mar/2026:13:54:52 +0000] "GET /whsy.php?e=bec26_563c5_9ec21a025add1aa6270ff2387cfd46ad.key&p=%2Fhome%2Flab2454c%2Fssl%2Fkeys HTTP/2.0" 200 18087 "https://mail.caimegroup.com/whsy.php?p=%2Fhome%2Flab2454c%2Fssl%2Fkeys" "Mozilla/5.0 AppleWebKit/537.36 (KHTML, like Gecko; compatible; GPTBot/1.3; +https://openai.com/gptbot)"
74.7.243.235 - - [01/Mar/2026:13:54:55 +0000] "GET /whsy.php?e=Client.php&p=%2Fhome%2Flab2454c%2Fspaxtac.com%2Fwp-content%2Fplugins%2Fwp-user-frontend-pro%2Fmodules%2Fsms-notification%2Flib%2FTwilio%2FRest HTTP/2.0" 200 4755 "https://www.caimegroup.com/whsy.php?p=%2Fhome%2Flab2454c%2Fspaxtac.com%2Fwp-content%2Fplugins%2Fwp-user-frontend-pro%2Fmodules%2Fsms-notification%2Flib%2FTwilio%2FRest" "Mozilla/5.0 AppleWebKit/537.36 (KHTML, like Gecko; compatible; GPTBot/1.3; +https://openai.com/gptbot)"
74.7.241.25 - - [01/Mar/2026:13:54:58 +0000] "GET /whsy.php?p=%2Fusr%2Fshare%2Fdoc%2Fperl-Locale-Maketext-1.23 HTTP/2.0" 200 721 "https://www.caimegroup.com.lab2454.com/whsy.php?p=%2Fusr%2Fshare%2Fdoc" "Mozilla/5.0 AppleWebKit/537.36 (KHTML, like Gecko; compatible; GPTBot/1.3; +https://openai.com/gptbot)"
74.7.227.52 - - [01/Mar/2026:13:55:00 +0000] "GET /whsy.php?e=a3e5c_e4d67_22d370ee21556d0eaa54bd23bbf6a4a9.key&p=%2Fhome%2Flab2454c%2Fssl%2Fkeys HTTP/2.0" 200 18085 "https://mail.caimegroup.com/whsy.php?p=%2Fhome%2Flab2454c%2Fssl%2Fkeys" "Mozilla/5.0 AppleWebKit/537.36 (KHTML, like Gecko; compatible; GPTBot/1.3; +https://openai.com/gptbot)"
74.7.243.235 - - [01/Mar/2026:13:55:04 +0000] "GET /whsy.php?e=autoload.php&p=%2Fhome%2Flab2454c%2Fspaxtac.com%2Fwp-content%2Fplugins%2Fwp-user-frontend-pro%2Fmodules%2Fsms-notification%2Flib%2FTwilio HTTP/2.0" 200 3106 "https://www.caimegroup.com/whsy.php?p=%2Fhome%2Flab2454c%2Fspaxtac.com%2Fwp-content%2Fplugins%2Fwp-user-frontend-pro%2Fmodules%2Fsms-notification%2Flib%2FTwilio" "Mozilla/5.0 AppleWebKit/537.36 (KHTML, like Gecko; compatible; GPTBot/1.3; +https://openai.com/gptbot)"
74.7.241.25 - - [01/Mar/2026:13:55:07 +0000] "GET /whsy.php?e=demo_cpp.pl&p=%2Fusr%2Fshare%2Fdoc%2Fperl-Parse-RecDescent-1.967009%2Fdemo HTTP/2.0" 200 3185 "https://www.caimegroup.com.lab2454.com/whsy.php?p=%2Fusr%2Fshare%2Fdoc%2Fperl-Parse-RecDescent-1.967009%2Fdemo" "Mozilla/5.0 AppleWebKit/537.36 (KHTML, like Gecko; compatible; GPTBot/1.3; +https://openai.com/gptbot)"
74.7.227.52 - - [01/Mar/2026:13:55:09 +0000] "GET /whsy.php?e=b4d37_f33b3_d2a20c1d6de6364ed18e41ab47c4bed4.key&p=%2Fhome%2Flab2454c%2Fssl%2Fkeys HTTP/2.0" 200 18094 "https://mail.caimegroup.com/whsy.php?p=%2Fhome%2Flab2454c%2Fssl%2Fkeys" "Mozilla/5.0 AppleWebKit/537.36 (KHTML, like Gecko; compatible; GPTBot/1.3; +https://openai.com/gptbot)"
74.7.243.235 - - [01/Mar/2026:13:55:13 +0000] "GET /whsy.php?p=%2Fhome%2Flab2454c%2Fspaxtac.com%2Fwp-content%2Fplugins%2Fwp-user-frontend-pro%2Fmodules%2Fqr-code-field%2F.. HTTP/2.0" 200 799 "https://www.caimegroup.com/whsy.php?p=%2Fhome%2Flab2454c%2Fspaxtac.com%2Fwp-content%2Fplugins%2Fwp-user-frontend-pro%2Fmodules%2Fqr-code-field" "Mozilla/5.0 AppleWebKit/537.36 (KHTML, like Gecko; compatible; GPTBot/1.3; +https://openai.com/gptbot)"
74.7.241.25 - - [01/Mar/2026:13:55:15 +0000] "GET /whsy.php?p=%2Fusr%2Fshare%2Fdoc%2Fperl-Business-ISBN-2.06 HTTP/2.0" 200 757 "https://www.caimegroup.com.lab2454.com/whsy.php?p=%2Fusr%2Fshare%2Fdoc" "Mozilla/5.0 AppleWebKit/537.36 (KHTML, like Gecko; compatible; GPTBot/1.3; +https://openai.com/gptbot)"
74.7.227.52 - - [01/Mar/2026:13:55:16 +0000] "GET /whsy.php?e=b5163_fdd09_7e9de2c55d2ac7f40c67acca05e003a8.key&p=%2Fhome%2Flab2454c%2Fssl%2Fkeys HTTP/2.0" 200 18086 "https://mail.caimegroup.com/whsy.php?p=%2Fhome%2Flab2454c%2Fssl%2Fkeys" "Mozilla/5.0 AppleWebKit/537.36 (KHTML, like Gecko; compatible; GPTBot/1.3; +https://openai.com/gptbot)"
74.7.244.45 - - [01/Mar/2026:13:55:17 +0000] "GET /robots.txt HTTP/2.0" 404 - "-" "Mozilla/5.0 (Macintosh; Intel Mac OS X 10_15_7) AppleWebKit/537.36 (KHTML, like Gecko) Chrome/131.0.0.0 Safari/537.36; compatible; OAI-SearchBot/1.3; robots.txt; +https://openai.com/searchbot"
74.7.243.235 - - [01/Mar/2026:13:55:19 +0000] "GET /whsy.php?p=%2Fhome%2Flab2454c%2Fspaxtac.com%2Fwp-content%2Fplugins%2Fwp-user-frontend-pro%2Fmodules%2Fqr-code-field%2Ftemplates HTTP/2.0" 200 822 "https://www.caimegroup.com/whsy.php?p=%2Fhome%2Flab2454c%2Fspaxtac.com%2Fwp-content%2Fplugins%2Fwp-user-frontend-pro%2Fmodules%2Fqr-code-field" "Mozilla/5.0 AppleWebKit/537.36 (KHTML, like Gecko; compatible; GPTBot/1.3; +https://openai.com/gptbot)"
74.7.241.25 - - [01/Mar/2026:13:55:21 +0000] "GET /whsy.php?p=%2Fusr%2Fshare%2Fdoc%2Fperl-Scalar-List-Utils-1.27 HTTP/2.0" 200 723 "https://www.caimegroup.com.lab2454.com/whsy.php?p=%2Fusr%2Fshare%2Fdoc" "Mozilla/5.0 AppleWebKit/537.36 (KHTML, like Gecko; compatible; GPTBot/1.3; +https://openai.com/gptbot)"
74.7.227.52 - - [01/Mar/2026:13:55:22 +0000] "GET /whsy.php?e=c27de_295dd_62605ae6ca8aa6e211db731a490dca5d.key&p=%2Fhome%2Flab2454c%2Fssl%2Fkeys HTTP/2.0" 200 18093 "https://mail.caimegroup.com/whsy.php?p=%2Fhome%2Flab2454c%2Fssl%2Fkeys" "Mozilla/5.0 AppleWebKit/537.36 (KHTML, like Gecko; compatible; GPTBot/1.3; +https://openai.com/gptbot)"
74.7.243.235 - - [01/Mar/2026:13:55:26 +0000] "GET /whsy.php?p=%2Fhome%2Flab2454c%2Fspaxtac.com%2Fwp-content%2Fplugins%2Fwp-user-frontend-pro%2Fmodules%2Fqr-code-field%2Fjs HTTP/2.0" 200 820 "https://www.caimegroup.com/whsy.php?p=%2Fhome%2Flab2454c%2Fspaxtac.com%2Fwp-content%2Fplugins%2Fwp-user-frontend-pro%2Fmodules%2Fqr-code-field" "Mozilla/5.0 AppleWebKit/537.36 (KHTML, like Gecko; compatible; GPTBot/1.3; +https://openai.com/gptbot)"
74.7.241.25 - - [01/Mar/2026:13:55:29 +0000] "GET /whsy.php?p=%2Fusr%2Fshare%2Fdoc%2Fperl-HTTP-Message-6.06 HTTP/2.0" 200 721 "https://www.caimegroup.com.lab2454.com/whsy.php?p=%2Fusr%2Fshare%2Fdoc" "Mozilla/5.0 AppleWebKit/537.36 (KHTML, like Gecko; compatible; GPTBot/1.3; +https://openai.com/gptbot)"
74.7.227.52 - - [01/Mar/2026:13:55:32 +0000] "GET /whsy.php?e=c1f12_dd9e7_a4c01e9aa552aef9839a383f06be15ac.key&p=%2Fhome%2Flab2454c%2Fssl%2Fkeys HTTP/2.0" 200 18092 "https://mail.caimegroup.com/whsy.php?p=%2Fhome%2Flab2454c%2Fssl%2Fkeys" "Mozilla/5.0 AppleWebKit/537.36 (KHTML, like Gecko; compatible; GPTBot/1.3; +https://openai.com/gptbot)"
74.7.243.235 - - [01/Mar/2026:13:55:36 +0000] "GET /whsy.php?p=%2Fhome%2Flab2454c%2Fspaxtac.com%2Fwp-content%2Fplugins%2Fwp-user-frontend-pro%2Fmodules%2Fqr-code-field%2Ffields HTTP/2.0" 200 764 "https://www.caimegroup.com/whsy.php?p=%2Fhome%2Flab2454c%2Fspaxtac.com%2Fwp-content%2Fplugins%2Fwp-user-frontend-pro%2Fmodules%2Fqr-code-field" "Mozilla/5.0 AppleWebKit/537.36 (KHTML, like Gecko; compatible; GPTBot/1.3; +https://openai.com/gptbot)"
74.7.241.25 - - [01/Mar/2026:13:55:42 +0000] "GET /whsy.php?p=%2Fusr%2Fshare%2Fdoc%2Fperl-Encode-Locale-1.03 HTTP/2.0" 200 720 "https://www.caimegroup.com.lab2454.com/whsy.php?p=%2Fusr%2Fshare%2Fdoc" "Mozilla/5.0 AppleWebKit/537.36 (KHTML, like Gecko; compatible; GPTBot/1.3; +https://openai.com/gptbot)"
74.7.227.52 - - [01/Mar/2026:13:55:48 +0000] "GET /whsy.php?e=ba4f7_d57e7_a40eb1279041eb6e4f8ccf940c569ece.key&p=%2Fhome%2Flab2454c%2Fssl%2Fkeys HTTP/2.0" 200 18092 "https://mail.caimegroup.com/whsy.php?p=%2Fhome%2Flab2454c%2Fssl%2Fkeys" "Mozilla/5.0 AppleWebKit/537.36 (KHTML, like Gecko; compatible; GPTBot/1.3; +https://openai.com/gptbot)"
74.7.243.235 - - [01/Mar/2026:13:55:52 +0000] "GET /whsy.php?p=%2Fhome%2Flab2454c%2Fspaxtac.com%2Fwp-content%2Fplugins%2Fwp-user-frontend-pro%2Fmodules%2Fqr-code-field%2Fimages HTTP/2.0" 200 1079 "https://www.caimegroup.com/whsy.php?p=%2Fhome%2Flab2454c%2Fspaxtac.com%2Fwp-content%2Fplugins%2Fwp-user-frontend-pro%2Fmodules%2Fqr-code-field" "Mozilla/5.0 AppleWebKit/537.36 (KHTML, like Gecko; compatible; GPTBot/1.3; +https://openai.com/gptbot)"
74.7.227.52 - - [01/Mar/2026:13:55:57 +0000] "GET /whsy.php?e=daee7_6ee3b_ff663cda7bc8b889b00764b17805b4e5.key&p=%2Fhome%2Flab2454c%2Fssl%2Fkeys HTTP/2.0" 200 18087 "https://mail.caimegroup.com/whsy.php?p=%2Fhome%2Flab2454c%2Fssl%2Fkeys" "Mozilla/5.0 AppleWebKit/537.36 (KHTML, like Gecko; compatible; GPTBot/1.3; +https://openai.com/gptbot)"
74.7.241.25 - - [01/Mar/2026:13:55:55 +0000] "GET /whsy.php?p=%2Fusr%2Fshare%2Fdoc%2Fperl-Params-Check-0.38 HTTP/2.0" 200 723 "https://www.caimegroup.com.lab2454.com/whsy.php?p=%2Fusr%2Fshare%2Fdoc" "Mozilla/5.0 AppleWebKit/537.36 (KHTML, like Gecko; compatible; GPTBot/1.3; +https://openai.com/gptbot)"
74.7.243.235 - - [01/Mar/2026:13:56:00 +0000] "GET /whsy.php?p=%2Fhome%2Flab2454c%2Fspaxtac.com%2Fwp-content%2Fplugins%2Fwp-user-frontend-pro%2Fmodules%2Fqr-code-field%2Fcss HTTP/2.0" 200 754 "https://www.caimegroup.com/whsy.php?p=%2Fhome%2Flab2454c%2Fspaxtac.com%2Fwp-content%2Fplugins%2Fwp-user-frontend-pro%2Fmodules%2Fqr-code-field" "Mozilla/5.0 AppleWebKit/537.36 (KHTML, like Gecko; compatible; GPTBot/1.3; +https://openai.com/gptbot)"
74.7.241.25 - - [01/Mar/2026:13:56:02 +0000] "GET /whsy.php?p=%2Fusr%2Fshare%2Fdoc%2Fperl-Parse-RecDescent-1.967009%2Ftutorial%2F.. HTTP/2.0" 200 775 "https://www.caimegroup.com.lab2454.com/whsy.php?p=%2Fusr%2Fshare%2Fdoc%2Fperl-Parse-RecDescent-1.967009%2Ftutorial" "Mozilla/5.0 AppleWebKit/537.36 (KHTML, like Gecko; compatible; GPTBot/1.3; +https://openai.com/gptbot)"
74.7.227.52 - - [01/Mar/2026:13:56:03 +0000] "GET /whsy.php?e=ec7d5_b9da5_c59d2d25dc49d332bc398cf5a2b515c8.key&p=%2Fhome%2Flab2454c%2Fssl%2Fkeys HTTP/2.0" 200 18092 "https://mail.caimegroup.com/whsy.php?p=%2Fhome%2Flab2454c%2Fssl%2Fkeys" "Mozilla/5.0 AppleWebKit/537.36 (KHTML, like Gecko; compatible; GPTBot/1.3; +https://openai.com/gptbot)"
74.7.243.235 - - [01/Mar/2026:13:56:06 +0000] "GET /whsy.php?e=Serialize.php&p=%2Fhome%2Flab2454c%2Fspaxtac.com%2Fwp-content%2Fplugins%2Fwp-user-frontend-pro%2Fmodules%2Fsms-notification%2Flib%2FTwilio HTTP/2.0" 200 1607 "https://www.caimegroup.com/whsy.php?p=%2Fhome%2Flab2454c%2Fspaxtac.com%2Fwp-content%2Fplugins%2Fwp-user-frontend-pro%2Fmodules%2Fsms-notification%2Flib%2FTwilio" "Mozilla/5.0 AppleWebKit/537.36 (KHTML, like Gecko; compatible; GPTBot/1.3; +https://openai.com/gptbot)"
74.7.241.25 - - [01/Mar/2026:13:56:08 +0000] "GET /whsy.php?p=%2Fusr%2Fshare%2Fdoc%2FImageMagick-6.9.10.68 HTTP/2.0" 200 912 "https://www.caimegroup.com.lab2454.com/whsy.php?p=%2Fusr%2Fshare%2Fdoc" "Mozilla/5.0 AppleWebKit/537.36 (KHTML, like Gecko; compatible; GPTBot/1.3; +https://openai.com/gptbot)"
74.7.227.52 - - [01/Mar/2026:13:56:09 +0000] "GET /whsy.php?e=c11d2_0e143_72764fc3dcb0b3abeff040d9471eaae7.key&p=%2Fhome%2Flab2454c%2Fssl%2Fkeys HTTP/2.0" 200 18080 "https://mail.caimegroup.com/whsy.php?p=%2Fhome%2Flab2454c%2Fssl%2Fkeys" "Mozilla/5.0 AppleWebKit/537.36 (KHTML, like Gecko; compatible; GPTBot/1.3; +https://openai.com/gptbot)"
74.7.243.235 - - [01/Mar/2026:13:56:11 +0000] "GET /whsy.php?e=zapier-settings-tab.php&p=%2Fhome%2Flab2454c%2Fspaxtac.com%2Fwp-content%2Fplugins%2Fwp-user-frontend-pro%2Fmodules%2Fzapier%2Ftemplates HTTP/2.0" 200 1303 "https://www.caimegroup.com/whsy.php?p=%2Fhome%2Flab2454c%2Fspaxtac.com%2Fwp-content%2Fplugins%2Fwp-user-frontend-pro%2Fmodules%2Fzapier%2Ftemplates" "Mozilla/5.0 AppleWebKit/537.36 (KHTML, like Gecko; compatible; GPTBot/1.3; +https://openai.com/gptbot)"
74.7.241.25 - - [01/Mar/2026:13:56:12 +0000] "GET /whsy.php?p=%2Fusr%2Fshare%2Fdoc%2Fperl-Parse-RecDescent-1.967009%2Fdemo%2F.. HTTP/2.0" 200 775 "https://www.caimegroup.com.lab2454.com/whsy.php?p=%2Fusr%2Fshare%2Fdoc%2Fperl-Parse-RecDescent-1.967009%2Fdemo" "Mozilla/5.0 AppleWebKit/537.36 (KHTML, like Gecko; compatible; GPTBot/1.3; +https://openai.com/gptbot)"
74.7.227.52 - - [01/Mar/2026:13:56:13 +0000] "GET /whsy.php?e=91cae_322e9_5b4affeb50759ff88520eb26aa467cab.key&p=%2Fhome%2Flab2454c%2Fssl%2Fkeys HTTP/2.0" 200 18088 "https://mail.caimegroup.com/whsy.php?p=%2Fhome%2Flab2454c%2Fssl%2Fkeys" "Mozilla/5.0 AppleWebKit/537.36 (KHTML, like Gecko; compatible; GPTBot/1.3; +https://openai.com/gptbot)"
74.7.243.235 - - [01/Mar/2026:13:56:15 +0000] "GET /whsy.php?e=Chat.php&p=%2Fhome%2Flab2454c%2Fspaxtac.com%2Fwp-content%2Fplugins%2Fwp-user-frontend-pro%2Fmodules%2Fsms-notification%2Flib%2FTwilio%2FRest HTTP/2.0" 200 2033 "https://www.caimegroup.com/whsy.php?p=%2Fhome%2Flab2454c%2Fspaxtac.com%2Fwp-content%2Fplugins%2Fwp-user-frontend-pro%2Fmodules%2Fsms-notification%2Flib%2FTwilio%2FRest" "Mozilla/5.0 AppleWebKit/537.36 (KHTML, like Gecko; compatible; GPTBot/1.3; +https://openai.com/gptbot)"
74.7.241.25 - - [01/Mar/2026:13:56:17 +0000] "GET /whsy.php?p=%2Fusr%2Fshare%2Fdoc%2Fgraphite2-devel-1.3.10 HTTP/2.0" 200 681 "https://www.caimegroup.com.lab2454.com/whsy.php?p=%2Fusr%2Fshare%2Fdoc" "Mozilla/5.0 AppleWebKit/537.36 (KHTML, like Gecko; compatible; GPTBot/1.3; +https://openai.com/gptbot)"
74.7.227.52 - - [01/Mar/2026:13:56:18 +0000] "GET /whsy.php?e=a9ec2_374a9_518ba3ae82ac08edcaf5933fe6f9363e.key&p=%2Fhome%2Flab2454c%2Fssl%2Fkeys HTTP/2.0" 200 18089 "https://mail.caimegroup.com/whsy.php?p=%2Fhome%2Flab2454c%2Fssl%2Fkeys" "Mozilla/5.0 AppleWebKit/537.36 (KHTML, like Gecko; compatible; GPTBot/1.3; +https://openai.com/gptbot)"
74.7.243.235 - - [01/Mar/2026:13:56:20 +0000] "GET /whsy.php?e=script.js&p=%2Fhome%2Flab2454c%2Fspaxtac.com%2Fwp-content%2Fplugins%2Fwp-user-frontend-pro%2Fmodules%2Fmailchimp%2Fjs HTTP/2.0" 200 828 "https://www.caimegroup.com/whsy.php?p=%2Fhome%2Flab2454c%2Fspaxtac.com%2Fwp-content%2Fplugins%2Fwp-user-frontend-pro%2Fmodules%2Fmailchimp%2Fjs" "Mozilla/5.0 AppleWebKit/537.36 (KHTML, like Gecko; compatible; GPTBot/1.3; +https://openai.com/gptbot)"
74.7.241.25 - - [01/Mar/2026:13:56:21 +0000] "GET /whsy.php?p=%2Fusr%2Fshare%2Fdoc%2Fcpanel-php81-date-holidays-0.21.8%2Fexamples HTTP/2.0" 200 918 "https://www.caimegroup.com.lab2454.com/whsy.php?p=%2Fusr%2Fshare%2Fdoc%2Fcpanel-php81-date-holidays-0.21.8" "Mozilla/5.0 AppleWebKit/537.36 (KHTML, like Gecko; compatible; GPTBot/1.3; +https://openai.com/gptbot)"
74.7.227.52 - - [01/Mar/2026:13:56:22 +0000] "GET /whsy.php?e=ca2cc_4fe0f_204ecc141921842d871cf09fb9bfc0b2.key&p=%2Fhome%2Flab2454c%2Fssl%2Fkeys HTTP/2.0" 200 18090 "https://mail.caimegroup.com/whsy.php?p=%2Fhome%2Flab2454c%2Fssl%2Fkeys" "Mozilla/5.0 AppleWebKit/537.36 (KHTML, like Gecko; compatible; GPTBot/1.3; +https://openai.com/gptbot)"
74.7.243.235 - - [01/Mar/2026:13:56:24 +0000] "GET /whsy.php?e=modal.php&p=%2Fhome%2Flab2454c%2Fspaxtac.com%2Fwp-content%2Fplugins%2Fwp-user-frontend-pro%2Fmodules%2Fprivate-message%2Ftemplates HTTP/2.0" 200 1787 "https://www.caimegroup.com/whsy.php?p=%2Fhome%2Flab2454c%2Fspaxtac.com%2Fwp-content%2Fplugins%2Fwp-user-frontend-pro%2Fmodules%2Fprivate-message%2Ftemplates" "Mozilla/5.0 AppleWebKit/537.36 (KHTML, like Gecko; compatible; GPTBot/1.3; +https://openai.com/gptbot)"
74.7.241.25 - - [01/Mar/2026:13:56:25 +0000] "GET /whsy.php?p=%2Fusr%2Fshare%2Fdoc%2Fiputils-20160308 HTTP/2.0" 200 722 "https://www.caimegroup.com.lab2454.com/whsy.php?p=%2Fusr%2Fshare%2Fdoc" "Mozilla/5.0 AppleWebKit/537.36 (KHTML, like Gecko; compatible; GPTBot/1.3; +https://openai.com/gptbot)"
74.7.227.52 - - [01/Mar/2026:13:56:27 +0000] "GET /whsy.php?e=b51ef_7ac3f_902a8876a23e479f5e7eacd8e9367eac.key&p=%2Fhome%2Flab2454c%2Fssl%2Fkeys HTTP/2.0" 200 18095 "https://mail.caimegroup.com/whsy.php?p=%2Fhome%2Flab2454c%2Fssl%2Fkeys" "Mozilla/5.0 AppleWebKit/537.36 (KHTML, like Gecko; compatible; GPTBot/1.3; +https://openai.com/gptbot)"
74.7.243.235 - - [01/Mar/2026:13:56:28 +0000] "GET /whsy.php?e=gateways.php&p=%2Fhome%2Flab2454c%2Fspaxtac.com%2Fwp-content%2Fplugins%2Fwp-user-frontend-pro%2Fmodules%2Fsms-notification%2Fclass HTTP/2.0" 200 2633 "https://www.caimegroup.com/whsy.php?p=%2Fhome%2Flab2454c%2Fspaxtac.com%2Fwp-content%2Fplugins%2Fwp-user-frontend-pro%2Fmodules%2Fsms-notification%2Fclass" "Mozilla/5.0 AppleWebKit/537.36 (KHTML, like Gecko; compatible; GPTBot/1.3; +https://openai.com/gptbot)"
74.7.241.25 - - [01/Mar/2026:13:56:30 +0000] "GET /whsy.php?p=%2Fusr%2Fshare%2Fdoc%2Fwhich-2.20 HTTP/2.0" 200 808 "https://www.caimegroup.com.lab2454.com/whsy.php?p=%2Fusr%2Fshare%2Fdoc" "Mozilla/5.0 AppleWebKit/537.36 (KHTML, like Gecko; compatible; GPTBot/1.3; +https://openai.com/gptbot)"
74.7.227.52 - - [01/Mar/2026:13:56:32 +0000] "GET /whsy.php?e=f7cf4_1a72b_fc4ce3d8150bba312ab8908e716b86ac.key&p=%2Fhome%2Flab2454c%2Fssl%2Fkeys HTTP/2.0" 200 18055 "https://mail.caimegroup.com/whsy.php?p=%2Fhome%2Flab2454c%2Fssl%2Fkeys" "Mozilla/5.0 AppleWebKit/537.36 (KHTML, like Gecko; compatible; GPTBot/1.3; +https://openai.com/gptbot)"
74.7.243.235 - - [01/Mar/2026:13:56:33 +0000] "GET /whsy.php?e=list5.png&p=%2Fhome%2Flab2454c%2Fspaxtac.com%2Fwp-content%2Fplugins%2Fwp-user-frontend-pro%2Fmodules%2Fuser-directory%2Fimages HTTP/2.0" 200 1126 "https://www.caimegroup.com/whsy.php?p=%2Fhome%2Flab2454c%2Fspaxtac.com%2Fwp-content%2Fplugins%2Fwp-user-frontend-pro%2Fmodules%2Fuser-directory%2Fimages" "Mozilla/5.0 AppleWebKit/537.36 (KHTML, like Gecko; compatible; GPTBot/1.3; +https://openai.com/gptbot)"
74.7.241.25 - - [01/Mar/2026:13:56:35 +0000] "GET /whsy.php?p=%2Fusr%2Fshare%2Fdoc%2Flibtiff-devel-4.0.3%2Fhtml HTTP/2.0" 200 2053 "https://www.caimegroup.com.lab2454.com/whsy.php?p=%2Fusr%2Fshare%2Fdoc%2Flibtiff-devel-4.0.3" "Mozilla/5.0 AppleWebKit/537.36 (KHTML, like Gecko; compatible; GPTBot/1.3; +https://openai.com/gptbot)"
74.7.227.52 - - [01/Mar/2026:13:56:37 +0000] "GET /whsy.php?e=style.min.css&p=%2Fhome%2Flab2454c%2Fargowells.com%2Fwp-includes%2Fblocks%2Fbutton HTTP/2.0" 200 1462 "https://mail.caimegroup.com/whsy.php?p=%2Fhome%2Flab2454c%2Fargowells.com%2Fwp-includes%2Fblocks%2Fbutton" "Mozilla/5.0 AppleWebKit/537.36 (KHTML, like Gecko; compatible; GPTBot/1.3; +https://openai.com/gptbot)"
74.7.243.235 - - [01/Mar/2026:13:56:38 +0000] "GET /whsy.php?e=admin-script.js&p=%2Fhome%2Flab2454c%2Fspaxtac.com%2Fwp-content%2Fplugins%2Fwp-user-frontend-pro%2Fmodules%2Fqr-code-field%2Fjs HTTP/2.0" 200 1021 "https://www.caimegroup.com/whsy.php?p=%2Fhome%2Flab2454c%2Fspaxtac.com%2Fwp-content%2Fplugins%2Fwp-user-frontend-pro%2Fmodules%2Fqr-code-field%2Fjs" "Mozilla/5.0 AppleWebKit/537.36 (KHTML, like Gecko; compatible; GPTBot/1.3; +https://openai.com/gptbot)"
74.7.227.52 - - [01/Mar/2026:13:56:42 +0000] "GET /whsy.php?e=style-rtl.css&p=%2Fhome%2Flab2454c%2Fnfsin.com%2Fwp-includes%2Fblocks%2Farchives HTTP/2.0" 200 1048 "https://mail.caimegroup.com/whsy.php?p=%2Fhome%2Flab2454c%2Fnfsin.com%2Fwp-includes%2Fblocks%2Farchives" "Mozilla/5.0 AppleWebKit/537.36 (KHTML, like Gecko; compatible; GPTBot/1.3; +https://openai.com/gptbot)"
74.7.243.235 - - [01/Mar/2026:13:56:44 +0000] "GET /whsy.php?e=cards.png&p=%2Fhome%2Flab2454c%2Fspaxtac.com%2Fwp-content%2Fplugins%2Fwp-user-frontend-pro%2Fmodules%2Fstripe%2Fassets%2Fimages HTTP/2.0" 200 860 "https://www.caimegroup.com/whsy.php?p=%2Fhome%2Flab2454c%2Fspaxtac.com%2Fwp-content%2Fplugins%2Fwp-user-frontend-pro%2Fmodules%2Fstripe%2Fassets%2Fimages" "Mozilla/5.0 AppleWebKit/537.36 (KHTML, like Gecko; compatible; GPTBot/1.3; +https://openai.com/gptbot)"
74.7.241.25 - - [01/Mar/2026:13:56:47 +0000] "GET /whsy.php?e=run&p=%2Fsys%2Fkernel%2Fmm%2Fksm HTTP/2.0" 200 1431 "https://www.caimegroup.com.lab2454.com/whsy.php?p=%2Fsys%2Fkernel%2Fmm%2Fksm" "Mozilla/5.0 AppleWebKit/537.36 (KHTML, like Gecko; compatible; GPTBot/1.3; +https://openai.com/gptbot)"
74.7.227.52 - - [01/Mar/2026:13:56:49 +0000] "GET /whsy.php?e=style-rtl.css&p=%2Fhome%2Flab2454c%2Fargowells.com%2Fwp-includes%2Fblocks%2Fcode HTTP/2.0" 200 1164 "https://mail.caimegroup.com/whsy.php?p=%2Fhome%2Flab2454c%2Fargowells.com%2Fwp-includes%2Fblocks%2Fcode" "Mozilla/5.0 AppleWebKit/537.36 (KHTML, like Gecko; compatible; GPTBot/1.3; +https://openai.com/gptbot)"
74.7.243.235 - - [01/Mar/2026:13:56:51 +0000] "GET /whsy.php?e=wpuf_5339111.jpg&p=%2Fhome%2Flab2454c%2Fspaxtac.com%2Fwp-content%2Fplugins%2Fwp-user-frontend-pro%2Fmodules%2Fqr-code-field%2Fimages HTTP/2.0" 200 1141 "https://www.caimegroup.com/whsy.php?p=%2Fhome%2Flab2454c%2Fspaxtac.com%2Fwp-content%2Fplugins%2Fwp-user-frontend-pro%2Fmodules%2Fqr-code-field%2Fimages" "Mozilla/5.0 AppleWebKit/537.36 (KHTML, like Gecko; compatible; GPTBot/1.3; +https://openai.com/gptbot)"
74.7.175.182 - - [01/Mar/2026:13:56:52 +0000] "GET /robots.txt HTTP/2.0" 404 - "-" "Mozilla/5.0 (Macintosh; Intel Mac OS X 10_15_7) AppleWebKit/537.36 (KHTML, like Gecko) Chrome/131.0.0.0 Safari/537.36; compatible; OAI-SearchBot/1.3; robots.txt; +https://openai.com/searchbot"
74.7.241.25 - - [01/Mar/2026:13:56:55 +0000] "GET /whsy.php?p=%2Fusr%2Fshare%2Fdoc%2Fpython36-PyYAML-3.13%2Fexamples HTTP/2.0" 200 558 "https://www.caimegroup.com.lab2454.com/whsy.php?p=%2Fusr%2Fshare%2Fdoc%2Fpython36-PyYAML-3.13" "Mozilla/5.0 AppleWebKit/537.36 (KHTML, like Gecko; compatible; GPTBot/1.3; +https://openai.com/gptbot)"
74.7.227.52 - - [01/Mar/2026:13:56:58 +0000] "GET /whsy.php?e=style.css&p=%2Fhome%2Flab2454c%2Fargowells.com%2Fwp-includes%2Fcss%2Fdist%2Feditor HTTP/2.0" 200 11396 "https://mail.caimegroup.com/whsy.php?p=%2Fhome%2Flab2454c%2Fargowells.com%2Fwp-includes%2Fcss%2Fdist%2Feditor" "Mozilla/5.0 AppleWebKit/537.36 (KHTML, like Gecko; compatible; GPTBot/1.3; +https://openai.com/gptbot)"
74.7.243.235 - - [01/Mar/2026:13:57:01 +0000] "GET /whsy.php?e=delete.png&p=%2Fhome%2Flab2454c%2Fspaxtac.com%2Fwp-content%2Fplugins%2Fwp-user-frontend-pro%2Fmodules%2Fuser-directory%2Fimages HTTP/2.0" 200 1125 "https://www.caimegroup.com/whsy.php?p=%2Fhome%2Flab2454c%2Fspaxtac.com%2Fwp-content%2Fplugins%2Fwp-user-frontend-pro%2Fmodules%2Fuser-directory%2Fimages" "Mozilla/5.0 AppleWebKit/537.36 (KHTML, like Gecko; compatible; GPTBot/1.3; +https://openai.com/gptbot)"
74.7.241.25 - - [01/Mar/2026:13:57:04 +0000] "GET /whsy.php?p=%2Fusr%2Fshare%2Fdoc%2Fperl-Business-ISBN-Data-20120719.001%2F.. HTTP/2.0" 200 10750 "https://www.caimegroup.com.lab2454.com/whsy.php?p=%2Fusr%2Fshare%2Fdoc%2Fperl-Business-ISBN-Data-20120719.001" "Mozilla/5.0 AppleWebKit/537.36 (KHTML, like Gecko; compatible; GPTBot/1.3; +https://openai.com/gptbot)"
74.7.227.52 - - [01/Mar/2026:13:57:07 +0000] "GET /whsy.php?e=editor.min.css&p=%2Fhome%2Flab2454c%2Fargowells.com%2Fwp-includes%2Fblocks%2Fhtml HTTP/2.0" 200 1138 "https://mail.caimegroup.com/whsy.php?p=%2Fhome%2Flab2454c%2Fargowells.com%2Fwp-includes%2Fblocks%2Fhtml" "Mozilla/5.0 AppleWebKit/537.36 (KHTML, like Gecko; compatible; GPTBot/1.3; +https://openai.com/gptbot)"
