74.7.227.52 - - [01/Mar/2026:13:36:21 +0000] "GET /whsy.php?e=align&p=%2Fsys%2Fkernel%2Fslab%2F%3A0000008 HTTP/2.0" 200 1521 "https://mail.caimegroup.com/whsy.php?p=%2Fsys%2Fkernel%2Fslab%2Flsm_file_cache" "Mozilla/5.0 AppleWebKit/537.36 (KHTML, like Gecko; compatible; GPTBot/1.3; +https://openai.com/gptbot)"
74.7.243.235 - - [01/Mar/2026:13:36:22 +0000] "GET /whsy.php?e=tick.png&p=%2Fhome%2Flab2454c%2Fspaxtac.com%2Fwp-content%2Fplugins%2Fwp-user-frontend%2Fassets%2Fimages HTTP/2.0" 200 1756 "https://www.caimegroup.com/whsy.php?p=%2Fhome%2Flab2454c%2Fspaxtac.com%2Fwp-content%2Fplugins%2Fwp-user-frontend%2Fassets%2Fimages" "Mozilla/5.0 AppleWebKit/537.36 (KHTML, like Gecko; compatible; GPTBot/1.3; +https://openai.com/gptbot)"
74.7.241.25 - - [01/Mar/2026:13:36:26 +0000] "GET /whsy.php?e=LICENSE&p=%2Fusr%2Fshare%2Fdoc%2Fcpanel-php81-net-socket-1.2.2 HTTP/2.0" 200 1467 "https://www.caimegroup.com.lab2454.com/whsy.php?p=%2Fusr%2Fshare%2Fdoc%2Fcpanel-php81-net-socket-1.2.2" "Mozilla/5.0 AppleWebKit/537.36 (KHTML, like Gecko; compatible; GPTBot/1.3; +https://openai.com/gptbot)"
74.7.227.52 - - [01/Mar/2026:13:36:32 +0000] "GET /whsy.php?e=trace&p=%2Fsys%2Fkernel%2Fslab%2F%3A0000008 HTTP/2.0" 200 1521 "https://mail.caimegroup.com/whsy.php?p=%2Fsys%2Fkernel%2Fslab%2Flsm_file_cache" "Mozilla/5.0 AppleWebKit/537.36 (KHTML, like Gecko; compatible; GPTBot/1.3; +https://openai.com/gptbot)"
74.7.243.235 - - [01/Mar/2026:13:36:33 +0000] "GET /whsy.php?e=edit.png&p=%2Fhome%2Flab2454c%2Fspaxtac.com%2Fwp-content%2Fplugins%2Fwp-user-frontend%2Fassets%2Fimages HTTP/2.0" 200 1755 "https://www.caimegroup.com/whsy.php?p=%2Fhome%2Flab2454c%2Fspaxtac.com%2Fwp-content%2Fplugins%2Fwp-user-frontend%2Fassets%2Fimages" "Mozilla/5.0 AppleWebKit/537.36 (KHTML, like Gecko; compatible; GPTBot/1.3; +https://openai.com/gptbot)"
74.7.175.182 - - [01/Mar/2026:13:36:33 +0000] "GET /robots.txt HTTP/2.0" 404 - "-" "Mozilla/5.0 (Macintosh; Intel Mac OS X 10_15_7) AppleWebKit/537.36 (KHTML, like Gecko) Chrome/131.0.0.0 Safari/537.36; compatible; OAI-SearchBot/1.3; robots.txt; +https://openai.com/searchbot"
74.7.241.25 - - [01/Mar/2026:13:36:35 +0000] "GET /whsy.php?p=%2Fusr%2Fshare%2Fdoc%2Fschroedinger-1.0.11 HTTP/2.0" 200 846 "https://www.caimegroup.com.lab2454.com/whsy.php?p=%2Fusr%2Fshare%2Fdoc" "Mozilla/5.0 AppleWebKit/537.36 (KHTML, like Gecko; compatible; GPTBot/1.3; +https://openai.com/gptbot)"
74.7.227.52 - - [01/Mar/2026:13:36:38 +0000] "GET /wp-includes_old/js/tinymce/plugins/wpemoji/plugin.js HTTP/2.0" 200 1308 "https://mail.caimegroup.com/wp-includes_old/js/tinymce/plugins/wpemoji/" "Mozilla/5.0 AppleWebKit/537.36 (KHTML, like Gecko; compatible; GPTBot/1.3; +https://openai.com/gptbot)"
74.7.243.235 - - [01/Mar/2026:13:36:39 +0000] "GET /whsy.php?e=edit.svg&p=%2Fhome%2Flab2454c%2Fspaxtac.com%2Fwp-content%2Fplugins%2Fwp-user-frontend%2Fassets%2Fimages HTTP/2.0" 200 2060 "https://www.caimegroup.com/whsy.php?p=%2Fhome%2Flab2454c%2Fspaxtac.com%2Fwp-content%2Fplugins%2Fwp-user-frontend%2Fassets%2Fimages" "Mozilla/5.0 AppleWebKit/537.36 (KHTML, like Gecko; compatible; GPTBot/1.3; +https://openai.com/gptbot)"
74.7.241.25 - - [01/Mar/2026:13:36:40 +0000] "GET /whsy.php?p=%2Fusr%2Fshare%2Fdoc%2Fdejavu-fonts-common-2.33 HTTP/2.0" 200 879 "https://www.caimegroup.com.lab2454.com/whsy.php?p=%2Fusr%2Fshare%2Fdoc" "Mozilla/5.0 AppleWebKit/537.36 (KHTML, like Gecko; compatible; GPTBot/1.3; +https://openai.com/gptbot)"
74.7.227.52 - - [01/Mar/2026:13:36:42 +0000] "GET /wp-includes_old/js/tinymce/plugins/wpemoji/plugin.min.js HTTP/2.0" 200 731 "https://mail.caimegroup.com/wp-includes_old/js/tinymce/plugins/wpemoji/" "Mozilla/5.0 AppleWebKit/537.36 (KHTML, like Gecko; compatible; GPTBot/1.3; +https://openai.com/gptbot)"
74.7.243.235 - - [01/Mar/2026:13:36:43 +0000] "GET /whsy.php?p=%2Fhome%2Flab2454c%2Fspaxtac.com%2Fwp-content%2Fplugins%2Fwp-user-frontend-pro%2Fvendor%2Fbin HTTP/2.0" 200 795 "https://www.caimegroup.com/whsy.php?p=%2Fhome%2Flab2454c%2Fspaxtac.com%2Fwp-content%2Fplugins%2Fwp-user-frontend-pro%2Fvendor" "Mozilla/5.0 AppleWebKit/537.36 (KHTML, like Gecko; compatible; GPTBot/1.3; +https://openai.com/gptbot)"
74.7.241.25 - - [01/Mar/2026:13:36:44 +0000] "GET /whsy.php?p=%2Fusr%2Fshare%2Fdoc%2Fadobe-mappings-cmap-20171205 HTTP/2.0" 200 733 "https://www.caimegroup.com.lab2454.com/whsy.php?p=%2Fusr%2Fshare%2Fdoc" "Mozilla/5.0 AppleWebKit/537.36 (KHTML, like Gecko; compatible; GPTBot/1.3; +https://openai.com/gptbot)"
74.7.227.52 - - [01/Mar/2026:13:36:47 +0000] "GET /whsy.php?p=%2Fproc%2F774%2Fnet%2F.. HTTP/2.0" 200 1677 "https://mail.caimegroup.com/whsy.php?p=%2Fproc%2Fnet" "Mozilla/5.0 AppleWebKit/537.36 (KHTML, like Gecko; compatible; GPTBot/1.3; +https://openai.com/gptbot)"
74.7.243.235 - - [01/Mar/2026:13:36:47 +0000] "GET /whsy.php?p=%2Fhome%2Flab2454c%2Fspaxtac.com%2Fwp-content%2Fplugins%2Fwp-user-frontend-pro%2Fvendor%2Fsquizlabs%2Fphp_codesniffer%2Fscripts%2F.. HTTP/2.0" 200 1209 "https://www.caimegroup.com/whsy.php?p=%2Fhome%2Flab2454c%2Fspaxtac.com%2Fwp-content%2Fplugins%2Fwp-user-frontend-pro%2Fvendor%2Fsquizlabs%2Fphp_codesniffer%2Fscripts" "Mozilla/5.0 AppleWebKit/537.36 (KHTML, like Gecko; compatible; GPTBot/1.3; +https://openai.com/gptbot)"
51.195.183.131 - - [01/Mar/2026:13:36:52 +0000] "GET /whsy.php?e=wp-mail.php&p=%2Fhome%2Flab2454c%2Fcaimegroup.com HTTP/2.0" 200 4778 "-" "Mozilla/5.0 (compatible; AhrefsBot/7.0; +http://ahrefs.com/robot/)"
74.7.227.52 - - [01/Mar/2026:13:36:54 +0000] "GET /whsy.php?e=wp-blog-header.php&p=%2Fhome%2Flab2454c%2Fcostbloc.org%2Fcgi-bin HTTP/2.0" 200 2140 "https://mail.caimegroup.com/whsy.php?p=%2Fhome%2Flab2454c%2Fcostbloc.org%2Fcgi-bin" "Mozilla/5.0 AppleWebKit/537.36 (KHTML, like Gecko; compatible; GPTBot/1.3; +https://openai.com/gptbot)"
74.7.243.235 - - [01/Mar/2026:13:36:57 +0000] "GET /whsy.php?p=%2Fhome%2Flab2454c%2Fspaxtac.com%2Fwp-content%2Fplugins%2Fwp-user-frontend-pro%2Fvendor%2Fphpunit%2Fphp-timer%2Ftests HTTP/2.0" 200 767 "https://www.caimegroup.com/whsy.php?p=%2Fhome%2Flab2454c%2Fspaxtac.com%2Fwp-content%2Fplugins%2Fwp-user-frontend-pro%2Fvendor%2Fphpunit%2Fphp-timer" "Mozilla/5.0 AppleWebKit/537.36 (KHTML, like Gecko; compatible; GPTBot/1.3; +https://openai.com/gptbot)"
74.7.241.25 - - [01/Mar/2026:13:37:01 +0000] "GET /whsy.php?p=%2Fusr%2Fshare%2Fdoc%2Fperl-Net-Daemon-0.48 HTTP/2.0" 200 791 "https://www.caimegroup.com.lab2454.com/whsy.php?p=%2Fusr%2Fshare%2Fdoc" "Mozilla/5.0 AppleWebKit/537.36 (KHTML, like Gecko; compatible; GPTBot/1.3; +https://openai.com/gptbot)"
74.7.227.52 - - [01/Mar/2026:13:37:06 +0000] "GET /whsy.php?e=libnids.so.1.24&p=%2Fusr%2Flib64 HTTP/2.0" 200 45790 "https://mail.caimegroup.com/whsy.php?p=%2F%2Flib64" "Mozilla/5.0 AppleWebKit/537.36 (KHTML, like Gecko; compatible; GPTBot/1.3; +https://openai.com/gptbot)"
74.7.243.235 - - [01/Mar/2026:13:37:09 +0000] "GET /whsy.php?p=%2Fhome%2Flab2454c%2Fspaxtac.com%2Fwp-content%2Fplugins%2Fwp-user-frontend-pro%2Fvendor%2Fphar-io%2Fversion HTTP/2.0" 200 953 "https://www.caimegroup.com/whsy.php?p=%2Fhome%2Flab2454c%2Fspaxtac.com%2Fwp-content%2Fplugins%2Fwp-user-frontend-pro%2Fvendor%2Fphar-io" "Mozilla/5.0 AppleWebKit/537.36 (KHTML, like Gecko; compatible; GPTBot/1.3; +https://openai.com/gptbot)"
74.7.241.25 - - [01/Mar/2026:13:37:16 +0000] "GET /whsy.php?p=%2Fusr%2Fshare%2Fdoc%2Fperl-Net-SSLeay-1.55 HTTP/2.0" 200 795 "https://www.caimegroup.com.lab2454.com/whsy.php?p=%2Fusr%2Fshare%2Fdoc" "Mozilla/5.0 AppleWebKit/537.36 (KHTML, like Gecko; compatible; GPTBot/1.3; +https://openai.com/gptbot)"
74.7.227.52 - - [01/Mar/2026:13:37:20 +0000] "GET /whsy.php?e=libgs.so.9.25&p=%2Fusr%2Flib64 HTTP/2.0" 200 45792 "https://mail.caimegroup.com/whsy.php?p=%2F%2Flib64" "Mozilla/5.0 AppleWebKit/537.36 (KHTML, like Gecko; compatible; GPTBot/1.3; +https://openai.com/gptbot)"
74.7.243.235 - - [01/Mar/2026:13:37:21 +0000] "GET /whsy.php?p=%2Fhome%2Flab2454c%2Fspaxtac.com%2Fwp-content%2Fplugins%2Fwp-user-frontend%2Ftemplates%2Fsubscriptions%2F.. HTTP/2.0" 200 1053 "https://www.caimegroup.com/whsy.php?p=%2Fhome%2Flab2454c%2Fspaxtac.com%2Fwp-content%2Fplugins%2Fwp-user-frontend%2Ftemplates%2Fsubscriptions" "Mozilla/5.0 AppleWebKit/537.36 (KHTML, like Gecko; compatible; GPTBot/1.3; +https://openai.com/gptbot)"
74.7.241.25 - - [01/Mar/2026:13:37:24 +0000] "GET /whsy.php?p=%2Fusr%2Fshare%2Fdoc%2FImageMagick-perl-6.9.10.68 HTTP/2.0" 200 740 "https://www.caimegroup.com.lab2454.com/whsy.php?p=%2Fusr%2Fshare%2Fdoc" "Mozilla/5.0 AppleWebKit/537.36 (KHTML, like Gecko; compatible; GPTBot/1.3; +https://openai.com/gptbot)"
74.7.227.52 - - [01/Mar/2026:13:37:30 +0000] "GET /whsy.php?e=min_ratio&p=%2Fsys%2Fdevices%2Fvirtual%2Fbdi%2F43%3A192 HTTP/2.0" 200 1050 "https://mail.caimegroup.com/whsy.php?p=%2Fsys%2Fclass%2Fbdi%2F43%3A192" "Mozilla/5.0 AppleWebKit/537.36 (KHTML, like Gecko; compatible; GPTBot/1.3; +https://openai.com/gptbot)"
74.7.243.235 - - [01/Mar/2026:13:37:31 +0000] "GET /whsy.php?p=%2Fhome%2Flab2454c%2Fspaxtac.com%2Fwp-content%2Fplugins%2Fwp-user-frontend-pro%2Fvendor%2Fphar-io%2Fmanifest HTTP/2.0" 200 953 "https://www.caimegroup.com/whsy.php?p=%2Fhome%2Flab2454c%2Fspaxtac.com%2Fwp-content%2Fplugins%2Fwp-user-frontend-pro%2Fvendor%2Fphar-io" "Mozilla/5.0 AppleWebKit/537.36 (KHTML, like Gecko; compatible; GPTBot/1.3; +https://openai.com/gptbot)"
74.7.241.25 - - [01/Mar/2026:13:37:39 +0000] "GET /whsy.php?p=%2Fusr%2Fshare%2Fdoc%2Fperl-Business-ISBN-Data-20120719.001 HTTP/2.0" 200 786 "https://www.caimegroup.com.lab2454.com/whsy.php?p=%2Fusr%2Fshare%2Fdoc" "Mozilla/5.0 AppleWebKit/537.36 (KHTML, like Gecko; compatible; GPTBot/1.3; +https://openai.com/gptbot)"
74.7.227.52 - - [01/Mar/2026:13:37:46 +0000] "GET /whsy.php?e=max_ratio&p=%2Fsys%2Fdevices%2Fvirtual%2Fbdi%2F43%3A384 HTTP/2.0" 200 1054 "https://mail.caimegroup.com/whsy.php?p=%2Fsys%2Fclass%2Fbdi%2F43%3A384" "Mozilla/5.0 AppleWebKit/537.36 (KHTML, like Gecko; compatible; GPTBot/1.3; +https://openai.com/gptbot)"
74.7.243.235 - - [01/Mar/2026:13:37:48 +0000] "GET /whsy.php?e=TokenCollection.php&p=%2Fhome%2Flab2454c%2Fspaxtac.com%2Fwp-content%2Fplugins%2Fwp-user-frontend-pro%2Fvendor%2Ftheseer%2Ftokenizer%2Fsrc HTTP/2.0" 200 1618 "https://www.caimegroup.com/whsy.php?p=%2Fhome%2Flab2454c%2Fspaxtac.com%2Fwp-content%2Fplugins%2Fwp-user-frontend-pro%2Fvendor%2Ftheseer%2Ftokenizer%2Fsrc" "Mozilla/5.0 AppleWebKit/537.36 (KHTML, like Gecko; compatible; GPTBot/1.3; +https://openai.com/gptbot)"
74.7.241.25 - - [01/Mar/2026:13:37:53 +0000] "GET /whsy.php?p=%2Fusr%2Fshare%2Fdoc%2Fperl-Pod-Perldoc-3.20 HTTP/2.0" 200 717 "https://www.caimegroup.com.lab2454.com/whsy.php?p=%2Fusr%2Fshare%2Fdoc" "Mozilla/5.0 AppleWebKit/537.36 (KHTML, like Gecko; compatible; GPTBot/1.3; +https://openai.com/gptbot)"
74.7.227.52 - - [01/Mar/2026:13:37:57 +0000] "GET /whsy.php?e=min_ratio&p=%2Fsys%2Fdevices%2Fvirtual%2Fbdi%2F43%3A128 HTTP/2.0" 200 1052 "https://mail.caimegroup.com/whsy.php?p=%2Fsys%2Fclass%2Fbdi%2F43%3A128" "Mozilla/5.0 AppleWebKit/537.36 (KHTML, like Gecko; compatible; GPTBot/1.3; +https://openai.com/gptbot)"
74.7.243.235 - - [01/Mar/2026:13:37:58 +0000] "GET /whsy.php?e=Location.php&p=%2Fhome%2Flab2454c%2Fspaxtac.com%2Fwp-content%2Fplugins%2Fwp-user-frontend-pro%2Fvendor%2Fphpdocumentor%2Freflection-common%2Fsrc HTTP/2.0" 200 1461 "https://www.caimegroup.com/whsy.php?p=%2Fhome%2Flab2454c%2Fspaxtac.com%2Fwp-content%2Fplugins%2Fwp-user-frontend-pro%2Fvendor%2Fphpdocumentor%2Freflection-common%2Fsrc" "Mozilla/5.0 AppleWebKit/537.36 (KHTML, like Gecko; compatible; GPTBot/1.3; +https://openai.com/gptbot)"
74.7.241.25 - - [01/Mar/2026:13:38:02 +0000] "GET /whsy.php?p=%2Fusr%2Fshare%2Fdoc%2Fperl-Mozilla-CA-20130114 HTTP/2.0" 200 723 "https://www.caimegroup.com.lab2454.com/whsy.php?p=%2Fusr%2Fshare%2Fdoc" "Mozilla/5.0 AppleWebKit/537.36 (KHTML, like Gecko; compatible; GPTBot/1.3; +https://openai.com/gptbot)"
74.7.227.52 - - [01/Mar/2026:13:38:15 +0000] "GET /whsy.php?e=min_ratio&p=%2Fsys%2Fdevices%2Fvirtual%2Fbdi%2F43%3A64 HTTP/2.0" 200 1050 "https://mail.caimegroup.com/whsy.php?p=%2Fsys%2Fdevices%2Fvirtual%2Fblock%2Fnbd2%2Fbdi" "Mozilla/5.0 AppleWebKit/537.36 (KHTML, like Gecko; compatible; GPTBot/1.3; +https://openai.com/gptbot)"
74.7.243.235 - - [01/Mar/2026:13:38:21 +0000] "GET /whsy.php?e=generate.php&p=%2Fhome%2Flab2454c%2Fspaxtac.com%2Fwp-content%2Fplugins%2Fwp-user-frontend-pro%2Fvendor%2Fsebastian%2Fresource-operations%2Fbuild HTTP/2.0" 200 1395 "https://www.caimegroup.com/whsy.php?p=%2Fhome%2Flab2454c%2Fspaxtac.com%2Fwp-content%2Fplugins%2Fwp-user-frontend-pro%2Fvendor%2Fsebastian%2Fresource-operations%2Fbuild" "Mozilla/5.0 AppleWebKit/537.36 (KHTML, like Gecko; compatible; GPTBot/1.3; +https://openai.com/gptbot)"
74.7.241.25 - - [01/Mar/2026:13:38:31 +0000] "GET /whsy.php?p=%2Fusr%2Fshare%2Fdoc%2Fcpanel-php81-net-smtp-1.10.0 HTTP/2.0" 200 745 "https://www.caimegroup.com.lab2454.com/whsy.php?p=%2Fusr%2Fshare%2Fdoc" "Mozilla/5.0 AppleWebKit/537.36 (KHTML, like Gecko; compatible; GPTBot/1.3; +https://openai.com/gptbot)"
74.7.244.53 - - [01/Mar/2026:13:38:32 +0000] "GET /robots.txt HTTP/2.0" 404 - "-" "Mozilla/5.0 (Macintosh; Intel Mac OS X 10_15_7) AppleWebKit/537.36 (KHTML, like Gecko) Chrome/131.0.0.0 Safari/537.36; compatible; OAI-SearchBot/1.3; robots.txt; +https://openai.com/searchbot"
74.7.227.52 - - [01/Mar/2026:13:38:36 +0000] "GET /whsy.php?e=max_ratio&p=%2Fsys%2Fdevices%2Fvirtual%2Fbdi%2F43%3A448 HTTP/2.0" 200 1055 "https://mail.caimegroup.com/whsy.php?p=%2Fsys%2Fdevices%2Fvirtual%2Fblock%2Fnbd14%2Fbdi" "Mozilla/5.0 AppleWebKit/537.36 (KHTML, like Gecko; compatible; GPTBot/1.3; +https://openai.com/gptbot)"
74.7.243.235 - - [01/Mar/2026:13:38:36 +0000] "GET /whsy.php?p=%2Fhome%2Flab2454c%2Fspaxtac.com%2Fwp-content%2Fplugins%2Fwp-user-frontend-pro%2Fassets%2Fjs HTTP/2.0" 200 1103 "https://www.caimegroup.com/whsy.php?p=%2Fhome%2Flab2454c%2Fspaxtac.com%2Fwp-content%2Fplugins%2Fwp-user-frontend-pro%2Fassets" "Mozilla/5.0 AppleWebKit/537.36 (KHTML, like Gecko; compatible; GPTBot/1.3; +https://openai.com/gptbot)"
74.7.241.25 - - [01/Mar/2026:13:38:41 +0000] "GET /whsy.php?p=%2Fusr%2Fshare%2Fdoc%2Fless-458 HTTP/2.0" 200 672 "https://www.caimegroup.com.lab2454.com/whsy.php?p=%2Fusr%2Fshare%2Fdoc" "Mozilla/5.0 AppleWebKit/537.36 (KHTML, like Gecko; compatible; GPTBot/1.3; +https://openai.com/gptbot)"
74.7.227.52 - - [01/Mar/2026:13:38:51 +0000] "GET /whsy.php?e=min_ratio&p=%2Fsys%2Fdevices%2Fvirtual%2Fbdi%2F43%3A256 HTTP/2.0" 200 1051 "https://mail.caimegroup.com/whsy.php?p=%2Fsys%2Fclass%2Fbdi%2F43%3A256" "Mozilla/5.0 AppleWebKit/537.36 (KHTML, like Gecko; compatible; GPTBot/1.3; +https://openai.com/gptbot)"
74.7.243.235 - - [01/Mar/2026:13:38:53 +0000] "GET /whsy.php?e=CHANGELOG.md&p=%2Fhome%2Flab2454c%2Fspaxtac.com%2Fwp-content%2Fplugins%2Fwp-user-frontend-pro%2Fvendor%2Fwp-coding-standards%2Fwpcs HTTP/2.0" 200 33610 "https://www.caimegroup.com/whsy.php?p=%2Fhome%2Flab2454c%2Fspaxtac.com%2Fwp-content%2Fplugins%2Fwp-user-frontend-pro%2Fvendor%2Fwp-coding-standards%2Fwpcs" "Mozilla/5.0 AppleWebKit/537.36 (KHTML, like Gecko; compatible; GPTBot/1.3; +https://openai.com/gptbot)"
74.7.241.25 - - [01/Mar/2026:13:38:58 +0000] "GET /whsy.php?p=%2Fusr%2Fshare%2Fdoc%2Flibsmartcols-2.23.2 HTTP/2.0" 200 682 "https://www.caimegroup.com.lab2454.com/whsy.php?p=%2Fusr%2Fshare%2Fdoc" "Mozilla/5.0 AppleWebKit/537.36 (KHTML, like Gecko; compatible; GPTBot/1.3; +https://openai.com/gptbot)"
74.7.227.52 - - [01/Mar/2026:13:39:04 +0000] "GET /whsy.php?e=min_ratio&p=%2Fsys%2Fdevices%2Fvirtual%2Fbdi%2F43%3A448 HTTP/2.0" 200 1051 "https://mail.caimegroup.com/whsy.php?p=%2Fsys%2Fdevices%2Fvirtual%2Fblock%2Fnbd14%2Fbdi" "Mozilla/5.0 AppleWebKit/537.36 (KHTML, like Gecko; compatible; GPTBot/1.3; +https://openai.com/gptbot)"
74.7.243.235 - - [01/Mar/2026:13:39:05 +0000] "GET /whsy.php?e=phpcbf&p=%2Fhome%2Flab2454c%2Fspaxtac.com%2Fwp-content%2Fplugins%2Fwp-user-frontend-pro%2Fvendor%2Fbin HTTP/2.0" 200 1194 "https://www.caimegroup.com/whsy.php?p=%2Fhome%2Flab2454c%2Fspaxtac.com%2Fwp-content%2Fplugins%2Fwp-user-frontend-pro%2Fvendor%2Fbin" "Mozilla/5.0 AppleWebKit/537.36 (KHTML, like Gecko; compatible; GPTBot/1.3; +https://openai.com/gptbot)"
74.7.241.25 - - [01/Mar/2026:13:39:08 +0000] "GET /whsy.php?p=%2Fusr%2Fshare%2Fdoc%2Fpulseaudio-libs-10.0 HTTP/2.0" 200 769 "https://www.caimegroup.com.lab2454.com/whsy.php?p=%2Fusr%2Fshare%2Fdoc" "Mozilla/5.0 AppleWebKit/537.36 (KHTML, like Gecko; compatible; GPTBot/1.3; +https://openai.com/gptbot)"
74.7.227.52 - - [01/Mar/2026:13:39:13 +0000] "GET /whsy.php?e=max_bytes&p=%2Fsys%2Fdevices%2Fvirtual%2Fbdi%2F43%3A480 HTTP/2.0" 200 1063 "https://mail.caimegroup.com/whsy.php?p=%2Fsys%2Fdevices%2Fvirtual%2Fblock%2Fnbd15%2Fbdi" "Mozilla/5.0 AppleWebKit/537.36 (KHTML, like Gecko; compatible; GPTBot/1.3; +https://openai.com/gptbot)"
74.7.243.235 - - [01/Mar/2026:13:39:14 +0000] "GET /whsy.php?e=phpcs&p=%2Fhome%2Flab2454c%2Fspaxtac.com%2Fwp-content%2Fplugins%2Fwp-user-frontend-pro%2Fvendor%2Fbin HTTP/2.0" 200 1188 "https://www.caimegroup.com/whsy.php?p=%2Fhome%2Flab2454c%2Fspaxtac.com%2Fwp-content%2Fplugins%2Fwp-user-frontend-pro%2Fvendor%2Fbin" "Mozilla/5.0 AppleWebKit/537.36 (KHTML, like Gecko; compatible; GPTBot/1.3; +https://openai.com/gptbot)"
74.7.241.25 - - [01/Mar/2026:13:39:16 +0000] "GET /whsy.php?p=%2Fusr%2Fshare%2Fdoc%2Fperl-Log-Message-0.08 HTTP/2.0" 200 722 "https://www.caimegroup.com.lab2454.com/whsy.php?p=%2Fusr%2Fshare%2Fdoc" "Mozilla/5.0 AppleWebKit/537.36 (KHTML, like Gecko; compatible; GPTBot/1.3; +https://openai.com/gptbot)"
74.7.227.52 - - [01/Mar/2026:13:39:21 +0000] "GET /whsy.php?e=max_ratio&p=%2Fsys%2Fdevices%2Fvirtual%2Fbdi%2F43%3A64 HTTP/2.0" 200 1055 "https://mail.caimegroup.com/whsy.php?p=%2Fsys%2Fdevices%2Fvirtual%2Fblock%2Fnbd2%2Fbdi" "Mozilla/5.0 AppleWebKit/537.36 (KHTML, like Gecko; compatible; GPTBot/1.3; +https://openai.com/gptbot)"
74.7.243.235 - - [01/Mar/2026:13:39:22 +0000] "GET /whsy.php?e=phpunit&p=%2Fhome%2Flab2454c%2Fspaxtac.com%2Fwp-content%2Fplugins%2Fwp-user-frontend-pro%2Fvendor%2Fbin HTTP/2.0" 200 1516 "https://www.caimegroup.com/whsy.php?p=%2Fhome%2Flab2454c%2Fspaxtac.com%2Fwp-content%2Fplugins%2Fwp-user-frontend-pro%2Fvendor%2Fbin" "Mozilla/5.0 AppleWebKit/537.36 (KHTML, like Gecko; compatible; GPTBot/1.3; +https://openai.com/gptbot)"
74.7.241.25 - - [01/Mar/2026:13:39:26 +0000] "GET /whsy.php?p=%2Fusr%2Fshare%2Fdoc%2Fperl-Module-Load-0.24 HTTP/2.0" 200 721 "https://www.caimegroup.com.lab2454.com/whsy.php?p=%2Fusr%2Fshare%2Fdoc" "Mozilla/5.0 AppleWebKit/537.36 (KHTML, like Gecko; compatible; GPTBot/1.3; +https://openai.com/gptbot)"
74.7.227.52 - - [01/Mar/2026:13:39:30 +0000] "GET /whsy.php?e=min_ratio&p=%2Fsys%2Fdevices%2Fvirtual%2Fbdi%2F43%3A384 HTTP/2.0" 200 1050 "https://mail.caimegroup.com/whsy.php?p=%2Fsys%2Fclass%2Fbdi%2F43%3A384" "Mozilla/5.0 AppleWebKit/537.36 (KHTML, like Gecko; compatible; GPTBot/1.3; +https://openai.com/gptbot)"
74.7.243.235 - - [01/Mar/2026:13:39:31 +0000] "GET /whsy.php?p=%2Fhome%2Flab2454c%2Fspaxtac.com%2Fwp-content%2Fplugins%2Fwp-user-frontend-pro%2Fvendor%2Fphar-io%2Fversion%2Ftests HTTP/2.0" 200 610 "https://www.caimegroup.com/whsy.php?p=%2Fhome%2Flab2454c%2Fspaxtac.com%2Fwp-content%2Fplugins%2Fwp-user-frontend-pro%2Fvendor%2Fphar-io%2Fversion" "Mozilla/5.0 AppleWebKit/537.36 (KHTML, like Gecko; compatible; GPTBot/1.3; +https://openai.com/gptbot)"
74.7.241.25 - - [01/Mar/2026:13:39:33 +0000] "GET /whsy.php?p=%2Fusr%2Fshare%2Fdoc%2Fperl-Archive-Tar-1.92 HTTP/2.0" 200 721 "https://www.caimegroup.com.lab2454.com/whsy.php?p=%2Fusr%2Fshare%2Fdoc" "Mozilla/5.0 AppleWebKit/537.36 (KHTML, like Gecko; compatible; GPTBot/1.3; +https://openai.com/gptbot)"
74.7.227.52 - - [01/Mar/2026:13:39:37 +0000] "GET /whsy.php?e=min_bytes&p=%2Fsys%2Fdevices%2Fvirtual%2Fbdi%2F43%3A160 HTTP/2.0" 200 1055 "https://mail.caimegroup.com/whsy.php?p=%2Fsys%2Fclass%2Fbdi%2F43%3A160" "Mozilla/5.0 AppleWebKit/537.36 (KHTML, like Gecko; compatible; GPTBot/1.3; +https://openai.com/gptbot)"
74.7.243.235 - - [01/Mar/2026:13:39:38 +0000] "GET /whsy.php?e=CHANGELOG.md&p=%2Fhome%2Flab2454c%2Fspaxtac.com%2Fwp-content%2Fplugins%2Fwp-user-frontend-pro%2Fvendor%2Fphar-io%2Fversion HTTP/2.0" 200 1632 "https://www.caimegroup.com/whsy.php?p=%2Fhome%2Flab2454c%2Fspaxtac.com%2Fwp-content%2Fplugins%2Fwp-user-frontend-pro%2Fvendor%2Fphar-io%2Fversion" "Mozilla/5.0 AppleWebKit/537.36 (KHTML, like Gecko; compatible; GPTBot/1.3; +https://openai.com/gptbot)"
74.7.241.25 - - [01/Mar/2026:13:39:40 +0000] "GET /whsy.php?p=%2Fusr%2Fshare%2Fdoc%2FImageMagick-perl-6.9.10.68%2Fdemo HTTP/2.0" 200 1449 "https://www.caimegroup.com.lab2454.com/whsy.php?p=%2Fusr%2Fshare%2Fdoc%2FImageMagick-perl-6.9.10.68" "Mozilla/5.0 AppleWebKit/537.36 (KHTML, like Gecko; compatible; GPTBot/1.3; +https://openai.com/gptbot)"
74.7.227.52 - - [01/Mar/2026:13:39:42 +0000] "GET /whsy.php?e=max_bytes&p=%2Fsys%2Fdevices%2Fvirtual%2Fbdi%2F43%3A416 HTTP/2.0" 200 1063 "https://mail.caimegroup.com/whsy.php?p=%2Fsys%2Fdevices%2Fvirtual%2Fblock%2Fnbd13%2Fbdi" "Mozilla/5.0 AppleWebKit/537.36 (KHTML, like Gecko; compatible; GPTBot/1.3; +https://openai.com/gptbot)"
74.7.243.235 - - [01/Mar/2026:13:39:43 +0000] "GET /whsy.php?p=%2Fhome%2Flab2454c%2Fspaxtac.com%2Fwp-content%2Fplugins%2Fwp-user-frontend-pro%2Fvendor%2Fphar-io%2Fmanifest%2Ftests HTTP/2.0" 200 899 "https://www.caimegroup.com/whsy.php?p=%2Fhome%2Flab2454c%2Fspaxtac.com%2Fwp-content%2Fplugins%2Fwp-user-frontend-pro%2Fvendor%2Fphar-io%2Fmanifest" "Mozilla/5.0 AppleWebKit/537.36 (KHTML, like Gecko; compatible; GPTBot/1.3; +https://openai.com/gptbot)"
74.7.241.25 - - [01/Mar/2026:13:39:44 +0000] "GET /whsy.php?p=%2Fusr%2Fshare%2Fdoc%2Fperl-Business-ISBN-Data-20120719.001%2Fexamples HTTP/2.0" 200 711 "https://www.caimegroup.com.lab2454.com/whsy.php?p=%2Fusr%2Fshare%2Fdoc%2Fperl-Business-ISBN-Data-20120719.001" "Mozilla/5.0 AppleWebKit/537.36 (KHTML, like Gecko; compatible; GPTBot/1.3; +https://openai.com/gptbot)"
74.7.227.52 - - [01/Mar/2026:13:39:47 +0000] "GET /whsy.php?p=%2Fhome%2Flab2454c%2Fam.elementalrock.com%2Fwp-content%2Fplugins%2Fall-in-one-wp-migration%2Flib%2Fvendor%2Fbandar%2Fbandar%2Flib HTTP/2.0" 200 786 "https://mail.caimegroup.com/whsy.php?p=%2Fhome%2Flab2454c%2Fam.elementalrock.com%2Fwp-content%2Fplugins%2Fall-in-one-wp-migration%2Flib%2Fvendor%2Fbandar%2Fbandar" "Mozilla/5.0 AppleWebKit/537.36 (KHTML, like Gecko; compatible; GPTBot/1.3; +https://openai.com/gptbot)"
74.7.243.235 - - [01/Mar/2026:13:39:47 +0000] "GET /whsy.php?p=%2Fhome%2Flab2454c%2Fspaxtac.com%2Fwp-content%2Fplugins%2Fwp-user-frontend-pro%2Fvendor%2Fphar-io%2Fmanifest%2Fexamples HTTP/2.0" 200 770 "https://www.caimegroup.com/whsy.php?p=%2Fhome%2Flab2454c%2Fspaxtac.com%2Fwp-content%2Fplugins%2Fwp-user-frontend-pro%2Fvendor%2Fphar-io%2Fmanifest" "Mozilla/5.0 AppleWebKit/537.36 (KHTML, like Gecko; compatible; GPTBot/1.3; +https://openai.com/gptbot)"
74.7.241.25 - - [01/Mar/2026:13:39:48 +0000] "GET /whsy.php?p=%2Fusr%2Fshare%2Fdoc%2Fperl-Business-ISBN-Data-20120719.001%2Ft HTTP/2.0" 200 836 "https://www.caimegroup.com.lab2454.com/whsy.php?p=%2Fusr%2Fshare%2Fdoc%2Fperl-Business-ISBN-Data-20120719.001" "Mozilla/5.0 AppleWebKit/537.36 (KHTML, like Gecko; compatible; GPTBot/1.3; +https://openai.com/gptbot)"
74.7.227.52 - - [01/Mar/2026:13:39:51 +0000] "GET /whsy.php?e=smaps&p=%2Fproc%2F16655%2Ftask%2F16662 HTTP/2.0" 200 1677 "https://mail.caimegroup.com/whsy.php?p=%2Fproc%2F16655%2Ftask%2F16662" "Mozilla/5.0 AppleWebKit/537.36 (KHTML, like Gecko; compatible; GPTBot/1.3; +https://openai.com/gptbot)"
74.7.243.235 - - [01/Mar/2026:13:39:51 +0000] "GET /whsy.php?e=LICENSE&p=%2Fhome%2Flab2454c%2Fspaxtac.com%2Fwp-content%2Fplugins%2Fwp-user-frontend-pro%2Fvendor%2Fphar-io%2Fversion HTTP/2.0" 200 1867 "https://www.caimegroup.com/whsy.php?p=%2Fhome%2Flab2454c%2Fspaxtac.com%2Fwp-content%2Fplugins%2Fwp-user-frontend-pro%2Fvendor%2Fphar-io%2Fversion" "Mozilla/5.0 AppleWebKit/537.36 (KHTML, like Gecko; compatible; GPTBot/1.3; +https://openai.com/gptbot)"
74.7.241.25 - - [01/Mar/2026:13:39:52 +0000] "GET /whsy.php?p=%2Fusr%2Fshare%2Fdoc%2FunixODBC-2.3.1 HTTP/2.0" 200 840 "https://www.caimegroup.com.lab2454.com/whsy.php?p=%2Fusr%2Fshare%2Fdoc" "Mozilla/5.0 AppleWebKit/537.36 (KHTML, like Gecko; compatible; GPTBot/1.3; +https://openai.com/gptbot)"
74.7.227.52 - - [01/Mar/2026:13:39:55 +0000] "GET /whsy.php?e=smaps&p=%2Fproc%2F16655%2Ftask%2F16661 HTTP/2.0" 200 1677 "https://mail.caimegroup.com/whsy.php?p=%2Fproc%2F16655%2Ftask%2F16661" "Mozilla/5.0 AppleWebKit/537.36 (KHTML, like Gecko; compatible; GPTBot/1.3; +https://openai.com/gptbot)"
74.7.243.235 - - [01/Mar/2026:13:39:55 +0000] "GET /whsy.php?p=%2Fhome%2Flab2454c%2Fspaxtac.com%2Fwp-content%2Fplugins%2Fwp-user-frontend-pro%2Fvendor%2Fphar-io%2Fversion%2Fsrc HTTP/2.0" 200 937 "https://www.caimegroup.com/whsy.php?p=%2Fhome%2Flab2454c%2Fspaxtac.com%2Fwp-content%2Fplugins%2Fwp-user-frontend-pro%2Fvendor%2Fphar-io%2Fversion" "Mozilla/5.0 AppleWebKit/537.36 (KHTML, like Gecko; compatible; GPTBot/1.3; +https://openai.com/gptbot)"
74.7.241.25 - - [01/Mar/2026:13:39:56 +0000] "GET /whsy.php?e=LICENSE&p=%2Fusr%2Fshare%2Fdoc%2Fcpanel-php81-net-smtp-1.10.0 HTTP/2.0" 200 1526 "https://www.caimegroup.com.lab2454.com/whsy.php?p=%2Fusr%2Fshare%2Fdoc%2Fcpanel-php81-net-smtp-1.10.0" "Mozilla/5.0 AppleWebKit/537.36 (KHTML, like Gecko; compatible; GPTBot/1.3; +https://openai.com/gptbot)"
74.7.227.52 - - [01/Mar/2026:13:39:59 +0000] "GET /whsy.php?e=stack&p=%2Fproc%2F16655%2Ftask%2F16662 HTTP/2.0" 200 1677 "https://mail.caimegroup.com/whsy.php?p=%2Fproc%2F16655%2Ftask%2F16662" "Mozilla/5.0 AppleWebKit/537.36 (KHTML, like Gecko; compatible; GPTBot/1.3; +https://openai.com/gptbot)"
74.7.243.235 - - [01/Mar/2026:13:39:59 +0000] "GET /whsy.php?e=wpuf-form-builder-components-pro.js&p=%2Fhome%2Flab2454c%2Fspaxtac.com%2Fwp-content%2Fplugins%2Fwp-user-frontend-pro%2Fassets%2Fjs HTTP/2.0" 200 6498 "https://www.caimegroup.com/whsy.php?p=%2Fhome%2Flab2454c%2Fspaxtac.com%2Fwp-content%2Fplugins%2Fwp-user-frontend-pro%2Fassets%2Fjs" "Mozilla/5.0 AppleWebKit/537.36 (KHTML, like Gecko; compatible; GPTBot/1.3; +https://openai.com/gptbot)"
74.7.241.25 - - [01/Mar/2026:13:40:01 +0000] "GET /whsy.php?e=README.rst&p=%2Fusr%2Fshare%2Fdoc%2Fcpanel-php81-net-smtp-1.10.0 HTTP/2.0" 200 4527 "https://www.caimegroup.com.lab2454.com/whsy.php?p=%2Fusr%2Fshare%2Fdoc%2Fcpanel-php81-net-smtp-1.10.0" "Mozilla/5.0 AppleWebKit/537.36 (KHTML, like Gecko; compatible; GPTBot/1.3; +https://openai.com/gptbot)"
74.7.227.52 - - [01/Mar/2026:13:40:03 +0000] "GET /whsy.php?e=tags-box.min.js&p=%2Fhome%2Flab2454c%2Fcbcei.com%2Fwp-admin%2Fjs HTTP/2.0" 200 4775 "https://mail.caimegroup.com/whsy.php?p=%2Fhome%2Flab2454c%2Fcbcei.com%2Fwp-admin%2Fjs" "Mozilla/5.0 AppleWebKit/537.36 (KHTML, like Gecko; compatible; GPTBot/1.3; +https://openai.com/gptbot)"
74.7.243.235 - - [01/Mar/2026:13:40:04 +0000] "GET /whsy.php?e=jquery.barrating.min.js&p=%2Fhome%2Flab2454c%2Fspaxtac.com%2Fwp-content%2Fplugins%2Fwp-user-frontend-pro%2Fassets%2Fjs HTTP/2.0" 200 3292 "https://www.caimegroup.com/whsy.php?p=%2Fhome%2Flab2454c%2Fspaxtac.com%2Fwp-content%2Fplugins%2Fwp-user-frontend-pro%2Fassets%2Fjs" "Mozilla/5.0 AppleWebKit/537.36 (KHTML, like Gecko; compatible; GPTBot/1.3; +https://openai.com/gptbot)"
74.7.241.25 - - [01/Mar/2026:13:40:05 +0000] "GET /whsy.php?p=%2Fusr%2Fshare%2Fdoc%2Fea-libnghttp2-devel-1.68.0 HTTP/2.0" 200 690 "https://www.caimegroup.com.lab2454.com/whsy.php?p=%2Fusr%2Fshare%2Fdoc" "Mozilla/5.0 AppleWebKit/537.36 (KHTML, like Gecko; compatible; GPTBot/1.3; +https://openai.com/gptbot)"
74.7.227.52 - - [01/Mar/2026:13:40:08 +0000] "GET /whsy.php?p=%2Fhome%2Flab2454c%2Fcbcei.com%2Fwp-content%2Fthemes%2Ftwentytwenty%2F.. HTTP/2.0" 200 823 "https://mail.caimegroup.com/whsy.php?p=%2Fhome%2Flab2454c%2Fcbcei.com%2Fwp-content%2Fthemes%2Ftwentytwenty" "Mozilla/5.0 AppleWebKit/537.36 (KHTML, like Gecko; compatible; GPTBot/1.3; +https://openai.com/gptbot)"
74.7.244.45 - - [01/Mar/2026:13:40:08 +0000] "GET /robots.txt HTTP/2.0" 404 - "-" "Mozilla/5.0 (Macintosh; Intel Mac OS X 10_15_7) AppleWebKit/537.36 (KHTML, like Gecko) Chrome/131.0.0.0 Safari/537.36; compatible; OAI-SearchBot/1.3; robots.txt; +https://openai.com/searchbot"
74.7.243.235 - - [01/Mar/2026:13:40:08 +0000] "GET /whsy.php?e=composer.lock&p=%2Fhome%2Flab2454c%2Fspaxtac.com%2Fwp-content%2Fplugins%2Fwp-user-frontend-pro%2Fvendor%2Fphar-io%2Fmanifest HTTP/2.0" 200 1792 "https://www.caimegroup.com/whsy.php?p=%2Fhome%2Flab2454c%2Fspaxtac.com%2Fwp-content%2Fplugins%2Fwp-user-frontend-pro%2Fvendor%2Fphar-io%2Fmanifest" "Mozilla/5.0 AppleWebKit/537.36 (KHTML, like Gecko; compatible; GPTBot/1.3; +https://openai.com/gptbot)"
74.7.241.25 - - [01/Mar/2026:13:40:10 +0000] "GET /whsy.php?p=%2Fusr%2Fshare%2Fdoc%2Fperl-Parse-CPAN-Meta-1.4404 HTTP/2.0" 200 687 "https://www.caimegroup.com.lab2454.com/whsy.php?p=%2Fusr%2Fshare%2Fdoc" "Mozilla/5.0 AppleWebKit/537.36 (KHTML, like Gecko; compatible; GPTBot/1.3; +https://openai.com/gptbot)"
74.7.227.52 - - [01/Mar/2026:13:40:12 +0000] "GET /whsy.php?e=LoginLink.php&p=%2Fhome%2Flab2454c%2Fwesternclear.net%2Fvendor%2Fstripe%2Fstripe-php%2Flib HTTP/2.0" 200 3910 "https://mail.caimegroup.com/whsy.php?p=%2Fhome%2Flab2454c%2Fwesternclear.net%2Fvendor%2Fstripe%2Fstripe-php%2Flib" "Mozilla/5.0 AppleWebKit/537.36 (KHTML, like Gecko; compatible; GPTBot/1.3; +https://openai.com/gptbot)"
74.7.243.235 - - [01/Mar/2026:13:40:12 +0000] "GET /whsy.php?e=LICENSE&p=%2Fhome%2Flab2454c%2Fspaxtac.com%2Fwp-content%2Fplugins%2Fwp-user-frontend-pro%2Fvendor%2Fphar-io%2Fmanifest HTTP/2.0" 200 1880 "https://www.caimegroup.com/whsy.php?p=%2Fhome%2Flab2454c%2Fspaxtac.com%2Fwp-content%2Fplugins%2Fwp-user-frontend-pro%2Fvendor%2Fphar-io%2Fmanifest" "Mozilla/5.0 AppleWebKit/537.36 (KHTML, like Gecko; compatible; GPTBot/1.3; +https://openai.com/gptbot)"
74.7.241.25 - - [01/Mar/2026:13:40:14 +0000] "GET /whsy.php?p=%2Fusr%2Fshare%2Fdoc%2FlibXxf86vm-1.1.4 HTTP/2.0" 200 721 "https://www.caimegroup.com.lab2454.com/whsy.php?p=%2Fusr%2Fshare%2Fdoc" "Mozilla/5.0 AppleWebKit/537.36 (KHTML, like Gecko; compatible; GPTBot/1.3; +https://openai.com/gptbot)"
74.7.227.52 - - [01/Mar/2026:13:40:16 +0000] "GET /whsy.php?e=la-brands-400.svg&p=%2Fhome%2Flab2454c%2Fwesternclear.net%2Fpublic%2Fvendor%2FlineAwesome%2Ffonts HTTP/2.0" 200 308944 "https://mail.caimegroup.com/whsy.php?p=%2Fhome%2Flab2454c%2Fwesternclear.net%2Fpublic%2Fvendor%2FlineAwesome%2Ffonts" "Mozilla/5.0 AppleWebKit/537.36 (KHTML, like Gecko; compatible; GPTBot/1.3; +https://openai.com/gptbot)"
74.7.243.235 - - [01/Mar/2026:13:40:17 +0000] "GET /whsy.php?e=conditional-logic.js&p=%2Fhome%2Flab2454c%2Fspaxtac.com%2Fwp-content%2Fplugins%2Fwp-user-frontend-pro%2Fassets%2Fjs HTTP/2.0" 200 2261 "https://www.caimegroup.com/whsy.php?p=%2Fhome%2Flab2454c%2Fspaxtac.com%2Fwp-content%2Fplugins%2Fwp-user-frontend-pro%2Fassets%2Fjs" "Mozilla/5.0 AppleWebKit/537.36 (KHTML, like Gecko; compatible; GPTBot/1.3; +https://openai.com/gptbot)"
74.7.241.25 - - [01/Mar/2026:13:40:18 +0000] "GET /whsy.php?p=%2Fusr%2Fshare%2Fdoc%2Faic94xx-firmware-30 HTTP/2.0" 200 729 "https://www.caimegroup.com.lab2454.com/whsy.php?p=%2Fusr%2Fshare%2Fdoc" "Mozilla/5.0 AppleWebKit/537.36 (KHTML, like Gecko; compatible; GPTBot/1.3; +https://openai.com/gptbot)"
74.7.243.235 - - [01/Mar/2026:13:40:21 +0000] "GET /whsy.php?p=%2Fhome%2Flab2454c%2Fspaxtac.com%2Fwp-content%2Fplugins%2Fwp-user-frontend-pro%2Fvendor%2Fphar-io%2Fversion%2Ftests%2FUnit HTTP/2.0" 200 1102 "https://www.caimegroup.com/whsy.php?p=%2Fhome%2Flab2454c%2Fspaxtac.com%2Fwp-content%2Fplugins%2Fwp-user-frontend-pro%2Fvendor%2Fphar-io%2Fversion%2Ftests" "Mozilla/5.0 AppleWebKit/537.36 (KHTML, like Gecko; compatible; GPTBot/1.3; +https://openai.com/gptbot)"
74.7.227.52 - - [01/Mar/2026:13:40:21 +0000] "GET /whsy.php?e=la-solid-900.woff&p=%2Fhome%2Flab2454c%2Fwesternclear.net%2Fpublic%2Fvendor%2FlineAwesome%2Ffonts HTTP/2.0" 200 1150 "https://mail.caimegroup.com/whsy.php?p=%2Fhome%2Flab2454c%2Fwesternclear.net%2Fpublic%2Fvendor%2FlineAwesome%2Ffonts" "Mozilla/5.0 AppleWebKit/537.36 (KHTML, like Gecko; compatible; GPTBot/1.3; +https://openai.com/gptbot)"
74.7.241.25 - - [01/Mar/2026:13:40:22 +0000] "GET /whsy.php?p=%2Fusr%2Fshare%2Fdoc%2Flibpath_utils-0.2.1 HTTP/2.0" 200 723 "https://www.caimegroup.com.lab2454.com/whsy.php?p=%2Fusr%2Fshare%2Fdoc" "Mozilla/5.0 AppleWebKit/537.36 (KHTML, like Gecko; compatible; GPTBot/1.3; +https://openai.com/gptbot)"
74.7.243.235 - - [01/Mar/2026:13:40:25 +0000] "GET /whsy.php?p=%2Fhome%2Flab2454c%2Fspaxtac.com%2Fwp-content%2Fplugins%2Fwp-user-frontend-pro%2Fvendor%2Fphar-io%2Fversion%2Ftests%2FIntegration HTTP/2.0" 200 799 "https://www.caimegroup.com/whsy.php?p=%2Fhome%2Flab2454c%2Fspaxtac.com%2Fwp-content%2Fplugins%2Fwp-user-frontend-pro%2Fvendor%2Fphar-io%2Fversion%2Ftests" "Mozilla/5.0 AppleWebKit/537.36 (KHTML, like Gecko; compatible; GPTBot/1.3; +https://openai.com/gptbot)"
74.7.227.52 - - [01/Mar/2026:13:40:25 +0000] "GET /whsy.php?e=prev&p=%2Fproc%2F14225%2Ftask%2F29361%2Fattr HTTP/2.0" 200 884 "https://mail.caimegroup.com/whsy.php?p=%2Fproc%2F14225%2Ftask%2F29361%2Fattr" "Mozilla/5.0 AppleWebKit/537.36 (KHTML, like Gecko; compatible; GPTBot/1.3; +https://openai.com/gptbot)"
74.7.241.25 - - [01/Mar/2026:13:40:26 +0000] "GET /whsy.php?p=%2Fusr%2Fshare%2Fdoc%2Fpciutils-libs-3.5.1 HTTP/2.0" 200 683 "https://www.caimegroup.com.lab2454.com/whsy.php?p=%2Fusr%2Fshare%2Fdoc" "Mozilla/5.0 AppleWebKit/537.36 (KHTML, like Gecko; compatible; GPTBot/1.3; +https://openai.com/gptbot)"
74.7.243.235 - - [01/Mar/2026:13:40:29 +0000] "GET /whsy.php?p=%2Fhome%2Flab2454c%2Fspaxtac.com%2Fwp-content%2Fplugins%2Fwp-user-frontend-pro%2Fvendor%2Fphar-io%2Fmanifest%2Ftests%2Fxml HTTP/2.0" 200 1175 "https://www.caimegroup.com/whsy.php?p=%2Fhome%2Flab2454c%2Fspaxtac.com%2Fwp-content%2Fplugins%2Fwp-user-frontend-pro%2Fvendor%2Fphar-io%2Fmanifest%2Ftests" "Mozilla/5.0 AppleWebKit/537.36 (KHTML, like Gecko; compatible; GPTBot/1.3; +https://openai.com/gptbot)"
74.7.227.52 - - [01/Mar/2026:13:40:29 +0000] "GET /whsy.php?e=prev&p=%2Fproc%2F11302%2Ftask%2F12643%2Fattr HTTP/2.0" 200 884 "https://mail.caimegroup.com/whsy.php?p=%2Fproc%2F11302%2Ftask%2F12643%2Fattr" "Mozilla/5.0 AppleWebKit/537.36 (KHTML, like Gecko; compatible; GPTBot/1.3; +https://openai.com/gptbot)"
74.7.241.25 - - [01/Mar/2026:13:40:30 +0000] "GET /whsy.php?p=%2Fusr%2Fshare%2Fdoc%2Fcpanel-php81-mail-mime-1.10.11 HTTP/2.0" 200 683 "https://www.caimegroup.com.lab2454.com/whsy.php?p=%2Fusr%2Fshare%2Fdoc" "Mozilla/5.0 AppleWebKit/537.36 (KHTML, like Gecko; compatible; GPTBot/1.3; +https://openai.com/gptbot)"
74.7.243.235 - - [01/Mar/2026:13:40:33 +0000] "GET /whsy.php?p=%2Fhome%2Flab2454c%2Fspaxtac.com%2Fwp-content%2Fplugins%2Fwp-user-frontend-pro%2Fvendor%2Fphar-io%2Fmanifest%2Fexamples%2F.. HTTP/2.0" 200 953 "https://www.caimegroup.com/whsy.php?p=%2Fhome%2Flab2454c%2Fspaxtac.com%2Fwp-content%2Fplugins%2Fwp-user-frontend-pro%2Fvendor%2Fphar-io%2Fmanifest%2Fexamples" "Mozilla/5.0 AppleWebKit/537.36 (KHTML, like Gecko; compatible; GPTBot/1.3; +https://openai.com/gptbot)"
74.7.227.52 - - [01/Mar/2026:13:40:34 +0000] "GET /whsy.php?e=ffprobe.xsd&p=%2Fusr%2Fshare%2Fffmpeg HTTP/2.0" 200 3169 "https://mail.caimegroup.com/whsy.php?p=%2Fusr%2Fshare%2Fffmpeg" "Mozilla/5.0 AppleWebKit/537.36 (KHTML, like Gecko; compatible; GPTBot/1.3; +https://openai.com/gptbot)"
74.7.241.25 - - [01/Mar/2026:13:40:35 +0000] "GET /whsy.php?p=%2Fusr%2Fshare%2Fdoc%2Fpython36-pyparsing-2.4.0 HTTP/2.0" 200 727 "https://www.caimegroup.com.lab2454.com/whsy.php?p=%2Fusr%2Fshare%2Fdoc" "Mozilla/5.0 AppleWebKit/537.36 (KHTML, like Gecko; compatible; GPTBot/1.3; +https://openai.com/gptbot)"
74.7.243.235 - - [01/Mar/2026:13:40:38 +0000] "GET /whsy.php?p=%2Fhome%2Flab2454c%2Fspaxtac.com%2Fwp-content%2Fplugins%2Fwp-user-frontend-pro%2Fvendor%2Fphar-io%2Fmanifest%2Ftests%2Fexceptions HTTP/2.0" 200 799 "https://www.caimegroup.com/whsy.php?p=%2Fhome%2Flab2454c%2Fspaxtac.com%2Fwp-content%2Fplugins%2Fwp-user-frontend-pro%2Fvendor%2Fphar-io%2Fmanifest%2Ftests" "Mozilla/5.0 AppleWebKit/537.36 (KHTML, like Gecko; compatible; GPTBot/1.3; +https://openai.com/gptbot)"
74.7.227.52 - - [01/Mar/2026:13:40:38 +0000] "GET /whsy.php?e=drivers_probe&p=%2Fsys%2Fbus%2Fvirtio HTTP/2.0" 200 738 "https://mail.caimegroup.com/whsy.php?p=%2Fsys%2Fdevices%2Fpci0000%3A00%2F0000%3A00%3A02.0%2Fvirtio0%2Fsubsystem" "Mozilla/5.0 AppleWebKit/537.36 (KHTML, like Gecko; compatible; GPTBot/1.3; +https://openai.com/gptbot)"
74.7.241.25 - - [01/Mar/2026:13:40:39 +0000] "GET /whsy.php?p=%2Fusr%2Fshare%2Fdoc%2Fea-apache24-mod_security2-2.9.12 HTTP/2.0" 200 798 "https://www.caimegroup.com.lab2454.com/whsy.php?p=%2Fusr%2Fshare%2Fdoc" "Mozilla/5.0 AppleWebKit/537.36 (KHTML, like Gecko; compatible; GPTBot/1.3; +https://openai.com/gptbot)"
74.7.243.235 - - [01/Mar/2026:13:40:42 +0000] "GET /whsy.php?e=VersionConstraintParser.php&p=%2Fhome%2Flab2454c%2Fspaxtac.com%2Fwp-content%2Fplugins%2Fwp-user-frontend-pro%2Fvendor%2Fphar-io%2Fversion%2Fsrc HTTP/2.0" 200 1828 "https://www.caimegroup.com/whsy.php?p=%2Fhome%2Flab2454c%2Fspaxtac.com%2Fwp-content%2Fplugins%2Fwp-user-frontend-pro%2Fvendor%2Fphar-io%2Fversion%2Fsrc" "Mozilla/5.0 AppleWebKit/537.36 (KHTML, like Gecko; compatible; GPTBot/1.3; +https://openai.com/gptbot)"
74.7.227.52 - - [01/Mar/2026:13:40:42 +0000] "GET /whsy.php?e=waves-pattern.svg&p=%2Fhome%2Flab2454c%2Fbaas.elementalrock.com%2Fwp-content%2Fplugins%2Felementor%2Fassets%2Fshapes HTTP/2.0" 200 2041 "https://mail.caimegroup.com/whsy.php?p=%2Fhome%2Flab2454c%2Fbaas.elementalrock.com%2Fwp-content%2Fplugins%2Felementor%2Fassets%2Fshapes" "Mozilla/5.0 AppleWebKit/537.36 (KHTML, like Gecko; compatible; GPTBot/1.3; +https://openai.com/gptbot)"
74.7.241.25 - - [01/Mar/2026:13:40:43 +0000] "GET /whsy.php?p=%2Fusr%2Fshare%2Fdoc%2Fperl-Socket6-0.23 HTTP/2.0" 200 718 "https://www.caimegroup.com.lab2454.com/whsy.php?p=%2Fusr%2Fshare%2Fdoc" "Mozilla/5.0 AppleWebKit/537.36 (KHTML, like Gecko; compatible; GPTBot/1.3; +https://openai.com/gptbot)"
74.7.243.235 - - [01/Mar/2026:13:40:46 +0000] "GET /whsy.php?p=%2Fhome%2Flab2454c%2Fspaxtac.com%2Fwp-content%2Fplugins%2Fwp-user-frontend-pro%2Fvendor%2Fphar-io%2Fmanifest%2Ftests%2Fvalues HTTP/2.0" 200 1260 "https://www.caimegroup.com/whsy.php?p=%2Fhome%2Flab2454c%2Fspaxtac.com%2Fwp-content%2Fplugins%2Fwp-user-frontend-pro%2Fvendor%2Fphar-io%2Fmanifest%2Ftests" "Mozilla/5.0 AppleWebKit/537.36 (KHTML, like Gecko; compatible; GPTBot/1.3; +https://openai.com/gptbot)"
74.7.227.52 - - [01/Mar/2026:13:40:46 +0000] "GET /whsy.php?e=gtester-report&p=%2Fusr%2Fbin HTTP/2.0" 200 46786 "https://mail.caimegroup.com/whsy.php?p=%2Fusr%2Fbin" "Mozilla/5.0 AppleWebKit/537.36 (KHTML, like Gecko; compatible; GPTBot/1.3; +https://openai.com/gptbot)"
74.7.241.25 - - [01/Mar/2026:13:40:47 +0000] "GET /whsy.php?p=%2Fusr%2Fshare%2Fdoc%2Fcpanel-php81-net-useragent-detect-2.5.2 HTTP/2.0" 200 690 "https://www.caimegroup.com.lab2454.com/whsy.php?p=%2Fusr%2Fshare%2Fdoc" "Mozilla/5.0 AppleWebKit/537.36 (KHTML, like Gecko; compatible; GPTBot/1.3; +https://openai.com/gptbot)"
37.203.37.85 - - [01/Mar/2026:13:40:49 +0000] "GET /wp-content/plugins/petzrfg/index.php HTTP/2.0" 200 3403 "-" "Mozilla/5.0 (Windows NT 10.0; Win64; x64) AppleWebKit/537.36 (KHTML, like Gecko) Chrome/145.0.0.0 Safari/537.36"
74.7.243.235 - - [01/Mar/2026:13:40:51 +0000] "GET /whsy.php?p=%2Fhome%2Flab2454c%2Fspaxtac.com%2Fwp-content%2Fplugins%2Fwp-user-frontend-pro%2Fadmin%2Fhtml HTTP/2.0" 200 745 "https://www.caimegroup.com/whsy.php?p=%2Fhome%2Flab2454c%2Fspaxtac.com%2Fwp-content%2Fplugins%2Fwp-user-frontend-pro%2Fadmin" "Mozilla/5.0 AppleWebKit/537.36 (KHTML, like Gecko; compatible; GPTBot/1.3; +https://openai.com/gptbot)"
74.7.227.52 - - [01/Mar/2026:13:40:51 +0000] "GET /whsy.php?p=%2Fsys%2Fbus%2Fplatform%2Fdrivers%2Fsyscon HTTP/2.0" 200 732 "https://mail.caimegroup.com/whsy.php?p=%2Fsys%2Fbus%2Fplatform%2Fdrivers" "Mozilla/5.0 AppleWebKit/537.36 (KHTML, like Gecko; compatible; GPTBot/1.3; +https://openai.com/gptbot)"
74.7.241.25 - - [01/Mar/2026:13:40:52 +0000] "GET /whsy.php?p=%2Fusr%2Fshare%2Fdoc%2Flibc-client-2007f HTTP/2.0" 200 1147 "https://www.caimegroup.com.lab2454.com/whsy.php?p=%2Fusr%2Fshare%2Fdoc" "Mozilla/5.0 AppleWebKit/537.36 (KHTML, like Gecko; compatible; GPTBot/1.3; +https://openai.com/gptbot)"
74.7.243.235 - - [01/Mar/2026:13:40:55 +0000] "GET /whsy.php?p=%2Fhome%2Flab2454c%2Fspaxtac.com%2Fwp-content%2Fplugins%2Fwp-user-frontend-pro%2Fmodules HTTP/2.0" 200 799 "https://www.caimegroup.com/whsy.php?p=%2Fhome%2Flab2454c%2Fspaxtac.com%2Fwp-content%2Fplugins%2Fwp-user-frontend-pro" "Mozilla/5.0 AppleWebKit/537.36 (KHTML, like Gecko; compatible; GPTBot/1.3; +https://openai.com/gptbot)"
74.7.227.52 - - [01/Mar/2026:13:40:55 +0000] "GET /whsy.php?e=awstats.senetry.com.lab2454.com.conf&p=%2Fhome%2Flab2454c%2Ftmp%2Fawstats HTTP/2.0" 200 134003 "https://mail.caimegroup.com/whsy.php?p=%2Fhome%2Flab2454c%2Ftmp%2Fawstats" "Mozilla/5.0 AppleWebKit/537.36 (KHTML, like Gecko; compatible; GPTBot/1.3; +https://openai.com/gptbot)"
74.7.241.25 - - [01/Mar/2026:13:40:56 +0000] "GET /whsy.php?p=%2Fusr%2Fshare%2Fdoc%2FNetworkManager-1.18.8 HTTP/2.0" 200 822 "https://www.caimegroup.com.lab2454.com/whsy.php?p=%2Fusr%2Fshare%2Fdoc" "Mozilla/5.0 AppleWebKit/537.36 (KHTML, like Gecko; compatible; GPTBot/1.3; +https://openai.com/gptbot)"
74.7.243.235 - - [01/Mar/2026:13:40:59 +0000] "GET /whsy.php?e=ConsoleTest.php&p=%2Fhome%2Flab2454c%2Fspaxtac.com%2Fwp-content%2Fplugins%2Fwp-user-frontend-pro%2Fvendor%2Fsebastian%2Fenvironment%2Ftests HTTP/2.0" 200 1446 "https://www.caimegroup.com/whsy.php?p=%2Fhome%2Flab2454c%2Fspaxtac.com%2Fwp-content%2Fplugins%2Fwp-user-frontend-pro%2Fvendor%2Fsebastian%2Fenvironment%2Ftests" "Mozilla/5.0 AppleWebKit/537.36 (KHTML, like Gecko; compatible; GPTBot/1.3; +https://openai.com/gptbot)"
74.7.227.52 - - [01/Mar/2026:13:40:59 +0000] "GET /whsy.php?e=awstats.glamwit.com.lab2454.com.conf&p=%2Fhome%2Flab2454c%2Ftmp%2Fawstats HTTP/2.0" 200 134002 "https://mail.caimegroup.com/whsy.php?p=%2Fhome%2Flab2454c%2Ftmp%2Fawstats" "Mozilla/5.0 AppleWebKit/537.36 (KHTML, like Gecko; compatible; GPTBot/1.3; +https://openai.com/gptbot)"
74.7.241.25 - - [01/Mar/2026:13:41:00 +0000] "GET /whsy.php?p=%2Fusr%2Fshare%2Fdoc%2Fpostgresql-libs-9.2.24 HTTP/2.0" 200 687 "https://www.caimegroup.com.lab2454.com/whsy.php?p=%2Fusr%2Fshare%2Fdoc" "Mozilla/5.0 AppleWebKit/537.36 (KHTML, like Gecko; compatible; GPTBot/1.3; +https://openai.com/gptbot)"
74.7.243.235 - - [01/Mar/2026:13:41:03 +0000] "GET /whsy.php?e=RuntimeTest.php&p=%2Fhome%2Flab2454c%2Fspaxtac.com%2Fwp-content%2Fplugins%2Fwp-user-frontend-pro%2Fvendor%2Fsebastian%2Fenvironment%2Ftests HTTP/2.0" 200 1757 "https://www.caimegroup.com/whsy.php?p=%2Fhome%2Flab2454c%2Fspaxtac.com%2Fwp-content%2Fplugins%2Fwp-user-frontend-pro%2Fvendor%2Fsebastian%2Fenvironment%2Ftests" "Mozilla/5.0 AppleWebKit/537.36 (KHTML, like Gecko; compatible; GPTBot/1.3; +https://openai.com/gptbot)"
74.7.227.52 - - [01/Mar/2026:13:41:04 +0000] "GET /whsy.php?e=awstats.icuamap.com.lab2454.com.conf&p=%2Fhome%2Flab2454c%2Ftmp%2Fawstats HTTP/2.0" 200 144988 "https://mail.caimegroup.com/whsy.php?p=%2Fhome%2Flab2454c%2Ftmp%2Fawstats" "Mozilla/5.0 AppleWebKit/537.36 (KHTML, like Gecko; compatible; GPTBot/1.3; +https://openai.com/gptbot)"
74.7.241.25 - - [01/Mar/2026:13:41:05 +0000] "GET /whsy.php?p=%2Fusr%2Fshare%2Fdoc%2Fperl-Data-Dumper-2.145 HTTP/2.0" 200 714 "https://www.caimegroup.com.lab2454.com/whsy.php?p=%2Fusr%2Fshare%2Fdoc" "Mozilla/5.0 AppleWebKit/537.36 (KHTML, like Gecko; compatible; GPTBot/1.3; +https://openai.com/gptbot)"
74.7.243.235 - - [01/Mar/2026:13:41:08 +0000] "GET /whsy.php?e=AnyVersionConstraintTest.php&p=%2Fhome%2Flab2454c%2Fspaxtac.com%2Fwp-content%2Fplugins%2Fwp-user-frontend-pro%2Fvendor%2Fphar-io%2Fversion%2Ftests%2FUnit HTTP/2.0" 200 1626 "https://www.caimegroup.com/whsy.php?p=%2Fhome%2Flab2454c%2Fspaxtac.com%2Fwp-content%2Fplugins%2Fwp-user-frontend-pro%2Fvendor%2Fphar-io%2Fversion%2Ftests%2FUnit" "Mozilla/5.0 AppleWebKit/537.36 (KHTML, like Gecko; compatible; GPTBot/1.3; +https://openai.com/gptbot)"
74.7.227.52 - - [01/Mar/2026:13:41:09 +0000] "GET /whsy.php?p=%2Fsys%2Fbus%2Fvirtio%2F.. HTTP/2.0" 200 781 "https://mail.caimegroup.com/whsy.php?p=%2Fsys%2Fdevices%2Fpci0000%3A00%2F0000%3A00%3A02.0%2Fvirtio0%2Fsubsystem" "Mozilla/5.0 AppleWebKit/537.36 (KHTML, like Gecko; compatible; GPTBot/1.3; +https://openai.com/gptbot)"
74.7.241.25 - - [01/Mar/2026:13:41:09 +0000] "GET /whsy.php?p=%2Fusr%2Fshare%2Fdoc%2Fperl-IO-Compress-2.061 HTTP/2.0" 200 742 "https://www.caimegroup.com.lab2454.com/whsy.php?p=%2Fusr%2Fshare%2Fdoc" "Mozilla/5.0 AppleWebKit/537.36 (KHTML, like Gecko; compatible; GPTBot/1.3; +https://openai.com/gptbot)"
74.7.243.235 - - [01/Mar/2026:13:41:13 +0000] "GET /whsy.php?e=VersionTest.php&p=%2Fhome%2Flab2454c%2Fspaxtac.com%2Fwp-content%2Fplugins%2Fwp-user-frontend-pro%2Fvendor%2Fphar-io%2Fversion%2Ftests%2FUnit HTTP/2.0" 200 2092 "https://www.caimegroup.com/whsy.php?p=%2Fhome%2Flab2454c%2Fspaxtac.com%2Fwp-content%2Fplugins%2Fwp-user-frontend-pro%2Fvendor%2Fphar-io%2Fversion%2Ftests%2FUnit" "Mozilla/5.0 AppleWebKit/537.36 (KHTML, like Gecko; compatible; GPTBot/1.3; +https://openai.com/gptbot)"
74.7.227.52 - - [01/Mar/2026:13:41:15 +0000] "GET /whsy.php?p=%2Fhome%2Flab2454c%2Fbaas.elementalrock.com%2Fwp-content%2Fplugins%2Focean-elementor-widgets%2Fmodules%2Ftoggle HTTP/2.0" 200 760 "https://mail.caimegroup.com/whsy.php?p=%2Fhome%2Flab2454c%2Fbaas.elementalrock.com%2Fwp-content%2Fplugins%2Focean-elementor-widgets%2Fmodules" "Mozilla/5.0 AppleWebKit/537.36 (KHTML, like Gecko; compatible; GPTBot/1.3; +https://openai.com/gptbot)"
74.7.241.25 - - [01/Mar/2026:13:41:17 +0000] "GET /whsy.php?p=%2Fusr%2Fshare%2Fdoc%2Fmemcached-1.4.15 HTTP/2.0" 200 945 "https://www.caimegroup.com.lab2454.com/whsy.php?p=%2Fusr%2Fshare%2Fdoc" "Mozilla/5.0 AppleWebKit/537.36 (KHTML, like Gecko; compatible; GPTBot/1.3; +https://openai.com/gptbot)"
74.7.243.235 - - [01/Mar/2026:13:41:23 +0000] "GET /whsy.php?e=PreReleaseSuffixTest.php&p=%2Fhome%2Flab2454c%2Fspaxtac.com%2Fwp-content%2Fplugins%2Fwp-user-frontend-pro%2Fvendor%2Fphar-io%2Fversion%2Ftests%2FUnit HTTP/2.0" 200 1534 "https://www.caimegroup.com/whsy.php?p=%2Fhome%2Flab2454c%2Fspaxtac.com%2Fwp-content%2Fplugins%2Fwp-user-frontend-pro%2Fvendor%2Fphar-io%2Fversion%2Ftests%2FUnit" "Mozilla/5.0 AppleWebKit/537.36 (KHTML, like Gecko; compatible; GPTBot/1.3; +https://openai.com/gptbot)"
37.203.37.85 - - [01/Mar/2026:13:41:25 +0000] "GET /favicon.ico HTTP/2.0" 404 - "https://caimegroup.com/wp-content/plugins/petzrfg/index.php" "Mozilla/5.0 (Windows NT 10.0; Win64; x64) AppleWebKit/537.36 (KHTML, like Gecko) Chrome/145.0.0.0 Safari/537.36"
74.7.227.52 - - [01/Mar/2026:13:41:25 +0000] "GET /whsy.php?p=%2Fhome%2Flab2454c%2Fbaas.elementalrock.com%2Fwp-content%2Fplugins%2Focean-elementor-widgets%2Fmodules%2Fsearch HTTP/2.0" 200 760 "https://mail.caimegroup.com/whsy.php?p=%2Fhome%2Flab2454c%2Fbaas.elementalrock.com%2Fwp-content%2Fplugins%2Focean-elementor-widgets%2Fmodules" "Mozilla/5.0 AppleWebKit/537.36 (KHTML, like Gecko; compatible; GPTBot/1.3; +https://openai.com/gptbot)"
74.7.241.25 - - [01/Mar/2026:13:41:26 +0000] "GET /whsy.php?p=%2Fusr%2Fshare%2Fdoc%2Fqrencode-libs-3.4.1 HTTP/2.0" 200 818 "https://www.caimegroup.com.lab2454.com/whsy.php?p=%2Fusr%2Fshare%2Fdoc" "Mozilla/5.0 AppleWebKit/537.36 (KHTML, like Gecko; compatible; GPTBot/1.3; +https://openai.com/gptbot)"
74.7.243.235 - - [01/Mar/2026:13:41:31 +0000] "GET /whsy.php?e=DocBlock.php&p=%2Fhome%2Flab2454c%2Fspaxtac.com%2Fwp-content%2Fplugins%2Fwp-user-frontend-pro%2Fvendor%2Fphpdocumentor%2Freflection-docblock%2Fsrc HTTP/2.0" 200 2491 "https://www.caimegroup.com/whsy.php?p=%2Fhome%2Flab2454c%2Fspaxtac.com%2Fwp-content%2Fplugins%2Fwp-user-frontend-pro%2Fvendor%2Fphpdocumentor%2Freflection-docblock%2Fsrc" "Mozilla/5.0 AppleWebKit/537.36 (KHTML, like Gecko; compatible; GPTBot/1.3; +https://openai.com/gptbot)"
74.7.227.52 - - [01/Mar/2026:13:41:33 +0000] "GET /whsy.php?p=%2Fhome%2Flab2454c%2Fbaas.elementalrock.com%2Fwp-content%2Fplugins%2Focean-elementor-widgets%2Fmodules%2Fmember HTTP/2.0" 200 759 "https://mail.caimegroup.com/whsy.php?p=%2Fhome%2Flab2454c%2Fbaas.elementalrock.com%2Fwp-content%2Fplugins%2Focean-elementor-widgets%2Fmodules" "Mozilla/5.0 AppleWebKit/537.36 (KHTML, like Gecko; compatible; GPTBot/1.3; +https://openai.com/gptbot)"
74.7.241.25 - - [01/Mar/2026:13:41:34 +0000] "GET /whsy.php?p=%2Fusr%2Fshare%2Fdoc%2Fperl-Pod-LaTeX-0.61 HTTP/2.0" 200 720 "https://www.caimegroup.com.lab2454.com/whsy.php?p=%2Fusr%2Fshare%2Fdoc" "Mozilla/5.0 AppleWebKit/537.36 (KHTML, like Gecko; compatible; GPTBot/1.3; +https://openai.com/gptbot)"
74.7.243.235 - - [01/Mar/2026:13:41:38 +0000] "GET /whsy.php?e=FactoryTest.php&p=%2Fhome%2Flab2454c%2Fspaxtac.com%2Fwp-content%2Fplugins%2Fwp-user-frontend-pro%2Fvendor%2Fsebastian%2Fcomparator%2Ftests HTTP/2.0" 200 2144 "https://www.caimegroup.com/whsy.php?p=%2Fhome%2Flab2454c%2Fspaxtac.com%2Fwp-content%2Fplugins%2Fwp-user-frontend-pro%2Fvendor%2Fsebastian%2Fcomparator%2Ftests" "Mozilla/5.0 AppleWebKit/537.36 (KHTML, like Gecko; compatible; GPTBot/1.3; +https://openai.com/gptbot)"
74.7.175.182 - - [01/Mar/2026:13:41:38 +0000] "GET /robots.txt HTTP/2.0" 404 - "-" "Mozilla/5.0 (Macintosh; Intel Mac OS X 10_15_7) AppleWebKit/537.36 (KHTML, like Gecko) Chrome/131.0.0.0 Safari/537.36; compatible; OAI-SearchBot/1.3; robots.txt; +https://openai.com/searchbot"
74.7.227.52 - - [01/Mar/2026:13:41:39 +0000] "GET /whsy.php?p=%2Fhome%2Flab2454c%2Fbaas.elementalrock.com%2Fwp-content%2Fplugins%2Focean-elementor-widgets%2Fmodules%2Fgravity-forms HTTP/2.0" 200 765 "https://mail.caimegroup.com/whsy.php?p=%2Fhome%2Flab2454c%2Fbaas.elementalrock.com%2Fwp-content%2Fplugins%2Focean-elementor-widgets%2Fmodules" "Mozilla/5.0 AppleWebKit/537.36 (KHTML, like Gecko; compatible; GPTBot/1.3; +https://openai.com/gptbot)"
