74.7.243.235 - - [01/Mar/2026:14:14:55 +0000] "GET /whsy.php?e=report-template.php&p=%2Fhome%2Flab2454c%2Fspaxtac.com%2Fwp-content%2Fplugins%2Fwp-user-frontend-pro%2Fmodules%2Freport%2Ftemplates HTTP/2.0" 200 8123 "https://www.caimegroup.com/whsy.php?p=%2Fhome%2Flab2454c%2Fspaxtac.com%2Fwp-content%2Fplugins%2Fwp-user-frontend-pro%2Fmodules%2Freport%2Ftemplates" "Mozilla/5.0 AppleWebKit/537.36 (KHTML, like Gecko; compatible; GPTBot/1.3; +https://openai.com/gptbot)"
74.7.241.25 - - [01/Mar/2026:14:15:01 +0000] "GET /whsy.php?p=%2Fusr%2Fshare%2Fdoc%2Fpython-pycurl-7.19.0%2Fexamples HTTP/2.0" 200 898 "https://www.caimegroup.com.lab2454.com/whsy.php?p=%2Fusr%2Fshare%2Fdoc%2Fpython-pycurl-7.19.0" "Mozilla/5.0 AppleWebKit/537.36 (KHTML, like Gecko; compatible; GPTBot/1.3; +https://openai.com/gptbot)"
74.7.227.52 - - [01/Mar/2026:14:15:03 +0000] "GET /whsy.php?e=style.min.css&p=%2Fhome%2Flab2454c%2Fcaimegroup.com%2Fwp-includes%2Fblocks%2Fverse HTTP/2.0" 200 944 "https://mail.caimegroup.com/whsy.php?p=%2Fhome%2Flab2454c%2Fcaimegroup.com%2Fwp-includes%2Fblocks%2Fverse" "Mozilla/5.0 AppleWebKit/537.36 (KHTML, like Gecko; compatible; GPTBot/1.3; +https://openai.com/gptbot)"
74.7.243.235 - - [01/Mar/2026:14:15:08 +0000] "GET /whsy.php?e=CHANGELOG.md&p=%2Fhome%2Flab2454c%2Fspaxtac.com%2Fwp-content%2Fplugins%2Fwp-user-frontend-pro%2Fvendor%2Ftheseer%2Ftokenizer HTTP/2.0" 200 1505 "https://www.caimegroup.com/whsy.php?p=%2Fhome%2Flab2454c%2Fspaxtac.com%2Fwp-content%2Fplugins%2Fwp-user-frontend-pro%2Fvendor%2Ftheseer%2Ftokenizer" "Mozilla/5.0 AppleWebKit/537.36 (KHTML, like Gecko; compatible; GPTBot/1.3; +https://openai.com/gptbot)"
74.7.241.25 - - [01/Mar/2026:14:15:13 +0000] "GET /whsy.php?p=%2Fusr%2Fshare%2Fdoc%2Fperl-Test-Harness-3.28 HTTP/2.0" 200 765 "https://www.caimegroup.com.lab2454.com/whsy.php?p=%2Fusr%2Fshare%2Fdoc" "Mozilla/5.0 AppleWebKit/537.36 (KHTML, like Gecko; compatible; GPTBot/1.3; +https://openai.com/gptbot)"
74.7.227.52 - - [01/Mar/2026:14:15:14 +0000] "GET /whsy.php?e=style.css&p=%2Fhome%2Flab2454c%2Fnfsin.com%2Fwp-includes%2Fblocks%2Flatest-posts HTTP/2.0" 200 1506 "https://mail.caimegroup.com/whsy.php?p=%2Fhome%2Flab2454c%2Fnfsin.com%2Fwp-includes%2Fblocks%2Flatest-posts" "Mozilla/5.0 AppleWebKit/537.36 (KHTML, like Gecko; compatible; GPTBot/1.3; +https://openai.com/gptbot)"
74.7.243.235 - - [01/Mar/2026:14:15:20 +0000] "GET /whsy.php?e=DiffOutputBuilderInterface.php&p=%2Fhome%2Flab2454c%2Fspaxtac.com%2Fwp-content%2Fplugins%2Fwp-user-frontend-pro%2Fvendor%2Fsebastian%2Fdiff%2Fsrc%2FOutput HTTP/2.0" 200 1284 "https://www.caimegroup.com/whsy.php?p=%2Fhome%2Flab2454c%2Fspaxtac.com%2Fwp-content%2Fplugins%2Fwp-user-frontend-pro%2Fvendor%2Fsebastian%2Fdiff%2Fsrc%2FOutput" "Mozilla/5.0 AppleWebKit/537.36 (KHTML, like Gecko; compatible; GPTBot/1.3; +https://openai.com/gptbot)"
74.7.241.25 - - [01/Mar/2026:14:15:41 +0000] "GET /whsy.php?p=%2Fusr%2Fshare%2Fdoc%2Fperl-IO-Compress-2.061%2Fio HTTP/2.0" 200 709 "https://www.caimegroup.com.lab2454.com/whsy.php?p=%2Fusr%2Fshare%2Fdoc%2Fperl-IO-Compress-2.061" "Mozilla/5.0 AppleWebKit/537.36 (KHTML, like Gecko; compatible; GPTBot/1.3; +https://openai.com/gptbot)"
74.7.227.52 - - [01/Mar/2026:14:15:43 +0000] "GET /whsy.php?e=editor.css&p=%2Fhome%2Flab2454c%2Figpma.com%2Fwp-includes%2Fblocks%2Fgroup HTTP/2.0" 200 1694 "https://mail.caimegroup.com/whsy.php?p=%2Fhome%2Flab2454c%2Figpma.com%2Fwp-includes%2Fblocks%2Fgroup" "Mozilla/5.0 AppleWebKit/537.36 (KHTML, like Gecko; compatible; GPTBot/1.3; +https://openai.com/gptbot)"
74.7.243.235 - - [01/Mar/2026:14:15:48 +0000] "GET /whsy.php?e=AbstractChunkOutputBuilder.php&p=%2Fhome%2Flab2454c%2Fspaxtac.com%2Fwp-content%2Fplugins%2Fwp-user-frontend-pro%2Fvendor%2Fsebastian%2Fdiff%2Fsrc%2FOutput HTTP/2.0" 200 1555 "https://www.caimegroup.com/whsy.php?p=%2Fhome%2Flab2454c%2Fspaxtac.com%2Fwp-content%2Fplugins%2Fwp-user-frontend-pro%2Fvendor%2Fsebastian%2Fdiff%2Fsrc%2FOutput" "Mozilla/5.0 AppleWebKit/537.36 (KHTML, like Gecko; compatible; GPTBot/1.3; +https://openai.com/gptbot)"
74.7.241.25 - - [01/Mar/2026:14:15:54 +0000] "GET /whsy.php?p=%2Fusr%2Fshare%2Fdoc%2Fpython-pycurl-7.19.0%2Ftests HTTP/2.0" 200 1461 "https://www.caimegroup.com.lab2454.com/whsy.php?p=%2Fusr%2Fshare%2Fdoc%2Fpython-pycurl-7.19.0" "Mozilla/5.0 AppleWebKit/537.36 (KHTML, like Gecko; compatible; GPTBot/1.3; +https://openai.com/gptbot)"
74.7.227.52 - - [01/Mar/2026:14:15:55 +0000] "GET /whsy.php?e=theme.min.css&p=%2Fhome%2Flab2454c%2Fcaimegroup.com%2Fwp-includes%2Fblocks%2Fvideo HTTP/2.0" 200 1149 "https://mail.caimegroup.com/whsy.php?p=%2Fhome%2Flab2454c%2Fcaimegroup.com%2Fwp-includes%2Fblocks%2Fvideo" "Mozilla/5.0 AppleWebKit/537.36 (KHTML, like Gecko; compatible; GPTBot/1.3; +https://openai.com/gptbot)"
74.7.243.235 - - [01/Mar/2026:14:15:59 +0000] "GET /whsy.php?e=OperatingSystemTest.php&p=%2Fhome%2Flab2454c%2Fspaxtac.com%2Fwp-content%2Fplugins%2Fwp-user-frontend-pro%2Fvendor%2Fsebastian%2Fenvironment%2Ftests HTTP/2.0" 200 1411 "https://www.caimegroup.com/whsy.php?p=%2Fhome%2Flab2454c%2Fspaxtac.com%2Fwp-content%2Fplugins%2Fwp-user-frontend-pro%2Fvendor%2Fsebastian%2Fenvironment%2Ftests" "Mozilla/5.0 AppleWebKit/537.36 (KHTML, like Gecko; compatible; GPTBot/1.3; +https://openai.com/gptbot)"
74.7.241.25 - - [01/Mar/2026:14:16:03 +0000] "GET /whsy.php?p=%2Fusr%2Fshare%2Fdoc%2Flibxml2-python-2.9.1 HTTP/2.0" 200 2078 "https://www.caimegroup.com.lab2454.com/whsy.php?p=%2Fusr%2Fshare%2Fdoc" "Mozilla/5.0 AppleWebKit/537.36 (KHTML, like Gecko; compatible; GPTBot/1.3; +https://openai.com/gptbot)"
74.7.227.52 - - [01/Mar/2026:14:16:05 +0000] "GET /whsy.php?e=style.css&p=%2Fhome%2Flab2454c%2Fcaimegroup.com%2Fwp-includes%2Fblocks%2Fgroup HTTP/2.0" 200 1144 "https://mail.caimegroup.com/whsy.php?p=%2Fhome%2Flab2454c%2Fcaimegroup.com%2Fwp-includes%2Fblocks%2Fgroup" "Mozilla/5.0 AppleWebKit/537.36 (KHTML, like Gecko; compatible; GPTBot/1.3; +https://openai.com/gptbot)"
74.7.243.235 - - [01/Mar/2026:14:16:09 +0000] "GET /whsy.php?p=%2Fhome%2Flab2454c%2Fspaxtac.com%2Fwp-content%2Fplugins%2Fwp-user-frontend-pro%2Fvendor%2Fsquizlabs%2Fphp_codesniffer%2Fsrc%2FStandards%2FMySource%2FTests%2FChannels HTTP/2.0" 200 1009 "https://www.caimegroup.com/whsy.php?p=%2Fhome%2Flab2454c%2Fspaxtac.com%2Fwp-content%2Fplugins%2Fwp-user-frontend-pro%2Fvendor%2Fsquizlabs%2Fphp_codesniffer%2Fsrc%2FStandards%2FMySource%2FTests" "Mozilla/5.0 AppleWebKit/537.36 (KHTML, like Gecko; compatible; GPTBot/1.3; +https://openai.com/gptbot)"
74.7.241.25 - - [01/Mar/2026:14:16:13 +0000] "GET /whsy.php?p=%2Fusr%2Fshare%2Fdoc%2Fperl-HTTP-Tiny-0.033 HTTP/2.0" 200 804 "https://www.caimegroup.com.lab2454.com/whsy.php?p=%2Fusr%2Fshare%2Fdoc" "Mozilla/5.0 AppleWebKit/537.36 (KHTML, like Gecko; compatible; GPTBot/1.3; +https://openai.com/gptbot)"
74.7.243.235 - - [01/Mar/2026:14:16:18 +0000] "GET /whsy.php?p=%2Fhome%2Flab2454c%2Fspaxtac.com%2Fwp-content%2Fplugins%2Fwp-user-frontend-pro%2Fvendor%2Fsquizlabs%2Fphp_codesniffer%2Fsrc%2FStandards%2FMySource%2FSniffs%2FStrings HTTP/2.0" 200 831 "https://www.caimegroup.com/whsy.php?p=%2Fhome%2Flab2454c%2Fspaxtac.com%2Fwp-content%2Fplugins%2Fwp-user-frontend-pro%2Fvendor%2Fsquizlabs%2Fphp_codesniffer%2Fsrc%2FStandards%2FMySource%2FSniffs" "Mozilla/5.0 AppleWebKit/537.36 (KHTML, like Gecko; compatible; GPTBot/1.3; +https://openai.com/gptbot)"
74.7.227.52 - - [01/Mar/2026:14:16:15 +0000] "GET /whsy.php?e=style.min.css&p=%2Fhome%2Flab2454c%2Fnfsin.com%2Fwp-includes%2Fblocks%2Farchives HTTP/2.0" 200 1052 "https://mail.caimegroup.com/whsy.php?p=%2Fhome%2Flab2454c%2Fnfsin.com%2Fwp-includes%2Fblocks%2Farchives" "Mozilla/5.0 AppleWebKit/537.36 (KHTML, like Gecko; compatible; GPTBot/1.3; +https://openai.com/gptbot)"
74.7.241.25 - - [01/Mar/2026:14:16:22 +0000] "GET /whsy.php?p=%2Fusr%2Fshare%2Fdoc%2Fqemu-guest-agent-2.12.0 HTTP/2.0" 200 724 "https://www.caimegroup.com.lab2454.com/whsy.php?p=%2Fusr%2Fshare%2Fdoc" "Mozilla/5.0 AppleWebKit/537.36 (KHTML, like Gecko; compatible; GPTBot/1.3; +https://openai.com/gptbot)"
74.7.227.52 - - [01/Mar/2026:14:16:24 +0000] "GET /whsy.php?e=editor-rtl.css&p=%2Fhome%2Flab2454c%2Figpma.com%2Fwp-includes%2Fblocks%2Farchives HTTP/2.0" 200 1006 "https://mail.caimegroup.com/whsy.php?p=%2Fhome%2Flab2454c%2Figpma.com%2Fwp-includes%2Fblocks%2Farchives" "Mozilla/5.0 AppleWebKit/537.36 (KHTML, like Gecko; compatible; GPTBot/1.3; +https://openai.com/gptbot)"
74.7.243.235 - - [01/Mar/2026:14:16:27 +0000] "GET /whsy.php?p=%2Fhome%2Flab2454c%2Fspaxtac.com%2Fwp-content%2Fplugins%2Fwp-user-frontend-pro%2Fvendor%2Fsquizlabs%2Fphp_codesniffer%2Fsrc%2FStandards%2FMySource%2FSniffs%2FObjects HTTP/2.0" 200 932 "https://www.caimegroup.com/whsy.php?p=%2Fhome%2Flab2454c%2Fspaxtac.com%2Fwp-content%2Fplugins%2Fwp-user-frontend-pro%2Fvendor%2Fsquizlabs%2Fphp_codesniffer%2Fsrc%2FStandards%2FMySource%2FSniffs" "Mozilla/5.0 AppleWebKit/537.36 (KHTML, like Gecko; compatible; GPTBot/1.3; +https://openai.com/gptbot)"
74.7.241.25 - - [01/Mar/2026:14:16:31 +0000] "GET /whsy.php?p=%2Fusr%2Fshare%2Fdoc%2Fcpanel-pure-ftpd-1.0.52 HTTP/2.0" 200 1214 "https://www.caimegroup.com.lab2454.com/whsy.php?p=%2Fusr%2Fshare%2Fdoc" "Mozilla/5.0 AppleWebKit/537.36 (KHTML, like Gecko; compatible; GPTBot/1.3; +https://openai.com/gptbot)"
74.7.227.52 - - [01/Mar/2026:14:16:32 +0000] "GET /whsy.php?e=theme-rtl.css&p=%2Fhome%2Flab2454c%2Fcaimegroup.com%2Fwp-includes%2Fblocks%2Ftable HTTP/2.0" 200 1182 "https://mail.caimegroup.com/whsy.php?p=%2Fhome%2Flab2454c%2Fcaimegroup.com%2Fwp-includes%2Fblocks%2Ftable" "Mozilla/5.0 AppleWebKit/537.36 (KHTML, like Gecko; compatible; GPTBot/1.3; +https://openai.com/gptbot)"
74.7.243.235 - - [01/Mar/2026:14:16:35 +0000] "GET /whsy.php?p=%2Fhome%2Flab2454c%2Fspaxtac.com%2Fwp-content%2Fplugins%2Fwp-user-frontend-pro%2Fvendor%2Fsquizlabs%2Fphp_codesniffer%2Fsrc%2FStandards%2FMySource%2FTests%2FCommenting HTTP/2.0" 200 874 "https://www.caimegroup.com/whsy.php?p=%2Fhome%2Flab2454c%2Fspaxtac.com%2Fwp-content%2Fplugins%2Fwp-user-frontend-pro%2Fvendor%2Fsquizlabs%2Fphp_codesniffer%2Fsrc%2FStandards%2FMySource%2FTests" "Mozilla/5.0 AppleWebKit/537.36 (KHTML, like Gecko; compatible; GPTBot/1.3; +https://openai.com/gptbot)"
74.7.241.25 - - [01/Mar/2026:14:16:39 +0000] "GET /whsy.php?e=ChangeLog&p=%2Fusr%2Fshare%2Fdoc%2Fperl-Locale-Codes-3.26 HTTP/2.0" 200 910 "https://www.caimegroup.com.lab2454.com/whsy.php?p=%2Fusr%2Fshare%2Fdoc%2Fperl-Locale-Codes-3.26" "Mozilla/5.0 AppleWebKit/537.36 (KHTML, like Gecko; compatible; GPTBot/1.3; +https://openai.com/gptbot)"
74.7.227.52 - - [01/Mar/2026:14:16:40 +0000] "GET /whsy.php?e=style.min.css&p=%2Fhome%2Flab2454c%2Fnfsin.com%2Fwp-includes%2Fblocks%2Floginout HTTP/2.0" 200 943 "https://mail.caimegroup.com/whsy.php?p=%2Fhome%2Flab2454c%2Fnfsin.com%2Fwp-includes%2Fblocks%2Floginout" "Mozilla/5.0 AppleWebKit/537.36 (KHTML, like Gecko; compatible; GPTBot/1.3; +https://openai.com/gptbot)"
74.7.243.235 - - [01/Mar/2026:14:16:43 +0000] "GET /whsy.php?p=%2Fhome%2Flab2454c%2Fspaxtac.com%2Fwp-content%2Fplugins%2Fwp-user-frontend-pro%2Fvendor%2Fsquizlabs%2Fphp_codesniffer%2Fsrc%2FStandards%2FMySource%2FSniffs%2FChannels HTTP/2.0" 200 956 "https://www.caimegroup.com/whsy.php?p=%2Fhome%2Flab2454c%2Fspaxtac.com%2Fwp-content%2Fplugins%2Fwp-user-frontend-pro%2Fvendor%2Fsquizlabs%2Fphp_codesniffer%2Fsrc%2FStandards%2FMySource%2FSniffs" "Mozilla/5.0 AppleWebKit/537.36 (KHTML, like Gecko; compatible; GPTBot/1.3; +https://openai.com/gptbot)"
74.7.241.25 - - [01/Mar/2026:14:16:47 +0000] "GET /whsy.php?p=%2Fusr%2Fshare%2Fdoc%2Fperl-Module-Pluggable-4.8 HTTP/2.0" 200 721 "https://www.caimegroup.com.lab2454.com/whsy.php?p=%2Fusr%2Fshare%2Fdoc" "Mozilla/5.0 AppleWebKit/537.36 (KHTML, like Gecko; compatible; GPTBot/1.3; +https://openai.com/gptbot)"
74.7.227.52 - - [01/Mar/2026:14:16:49 +0000] "GET /whsy.php?e=editor.css&p=%2Fhome%2Flab2454c%2Figpma.com%2Fwp-includes%2Fblocks%2Farchives HTTP/2.0" 200 1004 "https://mail.caimegroup.com/whsy.php?p=%2Fhome%2Flab2454c%2Figpma.com%2Fwp-includes%2Fblocks%2Farchives" "Mozilla/5.0 AppleWebKit/537.36 (KHTML, like Gecko; compatible; GPTBot/1.3; +https://openai.com/gptbot)"
74.7.243.235 - - [01/Mar/2026:14:16:53 +0000] "GET /whsy.php?p=%2Fhome%2Flab2454c%2Fspaxtac.com%2Fwp-content%2Fplugins%2Fwp-user-frontend-pro%2Fvendor%2Fsquizlabs%2Fphp_codesniffer%2Fsrc%2FStandards%2FMySource%2FTests%2FDebug HTTP/2.0" 200 935 "https://www.caimegroup.com/whsy.php?p=%2Fhome%2Flab2454c%2Fspaxtac.com%2Fwp-content%2Fplugins%2Fwp-user-frontend-pro%2Fvendor%2Fsquizlabs%2Fphp_codesniffer%2Fsrc%2FStandards%2FMySource%2FTests" "Mozilla/5.0 AppleWebKit/537.36 (KHTML, like Gecko; compatible; GPTBot/1.3; +https://openai.com/gptbot)"
74.7.241.25 - - [01/Mar/2026:14:16:56 +0000] "GET /whsy.php?p=%2Fusr%2Fshare%2Fdoc%2Fpolkit-pkla-compat-0.1 HTTP/2.0" 200 784 "https://www.caimegroup.com.lab2454.com/whsy.php?p=%2Fusr%2Fshare%2Fdoc" "Mozilla/5.0 AppleWebKit/537.36 (KHTML, like Gecko; compatible; GPTBot/1.3; +https://openai.com/gptbot)"
74.7.227.52 - - [01/Mar/2026:14:17:00 +0000] "GET /whsy.php?e=style-rtl.css&p=%2Fhome%2Flab2454c%2Fargowells.com%2Fwp-includes%2Fblocks%2Ffile HTTP/2.0" 200 1307 "https://mail.caimegroup.com/whsy.php?p=%2Fhome%2Flab2454c%2Fargowells.com%2Fwp-includes%2Fblocks%2Ffile" "Mozilla/5.0 AppleWebKit/537.36 (KHTML, like Gecko; compatible; GPTBot/1.3; +https://openai.com/gptbot)"
74.7.243.235 - - [01/Mar/2026:14:17:11 +0000] "GET /whsy.php?e=ComparisonFailureTest.php&p=%2Fhome%2Flab2454c%2Fspaxtac.com%2Fwp-content%2Fplugins%2Fwp-user-frontend-pro%2Fvendor%2Fsebastian%2Fcomparator%2Ftests HTTP/2.0" 200 1798 "https://www.caimegroup.com/whsy.php?p=%2Fhome%2Flab2454c%2Fspaxtac.com%2Fwp-content%2Fplugins%2Fwp-user-frontend-pro%2Fvendor%2Fsebastian%2Fcomparator%2Ftests" "Mozilla/5.0 AppleWebKit/537.36 (KHTML, like Gecko; compatible; GPTBot/1.3; +https://openai.com/gptbot)"
74.7.241.25 - - [01/Mar/2026:14:17:20 +0000] "GET /whsy.php?p=%2Fusr%2Fshare%2Fdoc%2Fcpanel-php81-date-holidays-phpdotnet-0.1.2 HTTP/2.0" 200 690 "https://www.caimegroup.com.lab2454.com/whsy.php?p=%2Fusr%2Fshare%2Fdoc" "Mozilla/5.0 AppleWebKit/537.36 (KHTML, like Gecko; compatible; GPTBot/1.3; +https://openai.com/gptbot)"
74.7.227.52 - - [01/Mar/2026:14:17:23 +0000] "GET /whsy.php?e=editor.css&p=%2Fhome%2Flab2454c%2Fargowells.com%2Fwp-includes%2Fblocks%2Ffile HTTP/2.0" 200 1375 "https://mail.caimegroup.com/whsy.php?p=%2Fhome%2Flab2454c%2Fargowells.com%2Fwp-includes%2Fblocks%2Ffile" "Mozilla/5.0 AppleWebKit/537.36 (KHTML, like Gecko; compatible; GPTBot/1.3; +https://openai.com/gptbot)"
74.7.243.235 - - [01/Mar/2026:14:17:27 +0000] "GET /whsy.php?e=LongestCommonSubsequenceTest.php&p=%2Fhome%2Flab2454c%2Fspaxtac.com%2Fwp-content%2Fplugins%2Fwp-user-frontend-pro%2Fvendor%2Fsebastian%2Fdiff%2Ftests HTTP/2.0" 200 2236 "https://www.caimegroup.com/whsy.php?p=%2Fhome%2Flab2454c%2Fspaxtac.com%2Fwp-content%2Fplugins%2Fwp-user-frontend-pro%2Fvendor%2Fsebastian%2Fdiff%2Ftests" "Mozilla/5.0 AppleWebKit/537.36 (KHTML, like Gecko; compatible; GPTBot/1.3; +https://openai.com/gptbot)"
74.7.241.25 - - [01/Mar/2026:14:17:34 +0000] "GET /whsy.php?p=%2Fusr%2Fshare%2Fdoc%2Fperl-Error-0.17020 HTTP/2.0" 200 733 "https://www.caimegroup.com.lab2454.com/whsy.php?p=%2Fusr%2Fshare%2Fdoc" "Mozilla/5.0 AppleWebKit/537.36 (KHTML, like Gecko; compatible; GPTBot/1.3; +https://openai.com/gptbot)"
74.7.227.52 - - [01/Mar/2026:14:17:39 +0000] "GET /whsy.php?e=style.min.css&p=%2Fhome%2Flab2454c%2Fcaimegroup.com%2Fwp-includes%2Fblocks%2Fgroup HTTP/2.0" 200 1135 "https://mail.caimegroup.com/whsy.php?p=%2Fhome%2Flab2454c%2Fcaimegroup.com%2Fwp-includes%2Fblocks%2Fgroup" "Mozilla/5.0 AppleWebKit/537.36 (KHTML, like Gecko; compatible; GPTBot/1.3; +https://openai.com/gptbot)"
74.7.243.235 - - [01/Mar/2026:14:17:45 +0000] "GET /whsy.php?p=%2Fhome%2Flab2454c%2Fspaxtac.com%2Fwp-content%2Fplugins%2Fwp-user-frontend-pro%2Flanguages%2F.. HTTP/2.0" 200 937 "https://www.caimegroup.com/whsy.php?p=%2Fhome%2Flab2454c%2Fspaxtac.com%2Fwp-content%2Fplugins%2Fwp-user-frontend-pro%2Flanguages" "Mozilla/5.0 AppleWebKit/537.36 (KHTML, like Gecko; compatible; GPTBot/1.3; +https://openai.com/gptbot)"
74.7.241.25 - - [01/Mar/2026:14:17:48 +0000] "GET /whsy.php?p=%2Fusr%2Fshare%2Fdoc%2Fcpanel-php81-file-fstab-2.0.3 HTTP/2.0" 200 682 "https://www.caimegroup.com.lab2454.com/whsy.php?p=%2Fusr%2Fshare%2Fdoc" "Mozilla/5.0 AppleWebKit/537.36 (KHTML, like Gecko; compatible; GPTBot/1.3; +https://openai.com/gptbot)"
74.7.227.52 - - [01/Mar/2026:14:17:52 +0000] "GET /whsy.php?e=style-rtl.css&p=%2Fhome%2Flab2454c%2Fcaimegroup.com%2Fwp-includes%2Fblocks%2Ftable HTTP/2.0" 200 1690 "https://mail.caimegroup.com/whsy.php?p=%2Fhome%2Flab2454c%2Fcaimegroup.com%2Fwp-includes%2Fblocks%2Ftable" "Mozilla/5.0 AppleWebKit/537.36 (KHTML, like Gecko; compatible; GPTBot/1.3; +https://openai.com/gptbot)"
74.7.243.235 - - [01/Mar/2026:14:17:58 +0000] "GET /whsy.php?e=class-field-textarea.php&p=%2Fhome%2Flab2454c%2Fspaxtac.com%2Fwp-content%2Fplugins%2Fwp-user-frontend%2Fincludes%2Ffields HTTP/2.0" 200 3242 "https://www.caimegroup.com/whsy.php?p=%2Fhome%2Flab2454c%2Fspaxtac.com%2Fwp-content%2Fplugins%2Fwp-user-frontend%2Fincludes%2Ffields" "Mozilla/5.0 AppleWebKit/537.36 (KHTML, like Gecko; compatible; GPTBot/1.3; +https://openai.com/gptbot)"
74.7.241.25 - - [01/Mar/2026:14:18:00 +0000] "GET /whsy.php?p=%2Fusr%2Fshare%2Fdoc%2Fpython36-PyYAML-3.13%2Fexamples%2Fyaml-highlight HTTP/2.0" 200 750 "https://www.caimegroup.com.lab2454.com/whsy.php?p=%2Fusr%2Fshare%2Fdoc%2Fpython36-PyYAML-3.13%2Fexamples" "Mozilla/5.0 AppleWebKit/537.36 (KHTML, like Gecko; compatible; GPTBot/1.3; +https://openai.com/gptbot)"
74.7.227.52 - - [01/Mar/2026:14:18:02 +0000] "GET /whsy.php?e=style.css&p=%2Fhome%2Flab2454c%2Fargowells.com%2Fwp-includes%2Fblocks%2Fterm-name HTTP/2.0" 200 917 "https://mail.caimegroup.com/whsy.php?p=%2Fhome%2Flab2454c%2Fargowells.com%2Fwp-includes%2Fblocks%2Fterm-name" "Mozilla/5.0 AppleWebKit/537.36 (KHTML, like Gecko; compatible; GPTBot/1.3; +https://openai.com/gptbot)"
74.7.243.235 - - [01/Mar/2026:14:18:05 +0000] "GET /whsy.php?e=class-field-checkbox.php&p=%2Fhome%2Flab2454c%2Fspaxtac.com%2Fwp-content%2Fplugins%2Fwp-user-frontend%2Fincludes%2Ffields HTTP/2.0" 200 3358 "https://www.caimegroup.com/whsy.php?p=%2Fhome%2Flab2454c%2Fspaxtac.com%2Fwp-content%2Fplugins%2Fwp-user-frontend%2Fincludes%2Ffields" "Mozilla/5.0 AppleWebKit/537.36 (KHTML, like Gecko; compatible; GPTBot/1.3; +https://openai.com/gptbot)"
74.7.241.25 - - [01/Mar/2026:14:18:07 +0000] "GET /whsy.php?p=%2Fusr%2Fshare%2Fdoc%2Flibjpeg-turbo-1.2.90 HTTP/2.0" 200 789 "https://www.caimegroup.com.lab2454.com/whsy.php?p=%2Fusr%2Fshare%2Fdoc" "Mozilla/5.0 AppleWebKit/537.36 (KHTML, like Gecko; compatible; GPTBot/1.3; +https://openai.com/gptbot)"
74.7.227.52 - - [01/Mar/2026:14:18:09 +0000] "GET /whsy.php?e=theme.css&p=%2Fhome%2Flab2454c%2Fcaimegroup.com%2Fwp-includes%2Fblocks%2Fvideo HTTP/2.0" 200 1162 "https://mail.caimegroup.com/whsy.php?p=%2Fhome%2Flab2454c%2Fcaimegroup.com%2Fwp-includes%2Fblocks%2Fvideo" "Mozilla/5.0 AppleWebKit/537.36 (KHTML, like Gecko; compatible; GPTBot/1.3; +https://openai.com/gptbot)"
74.7.243.235 - - [01/Mar/2026:14:18:17 +0000] "GET /whsy.php?e=class-field-dropdown.php&p=%2Fhome%2Flab2454c%2Fspaxtac.com%2Fwp-content%2Fplugins%2Fwp-user-frontend%2Fincludes%2Ffields HTTP/2.0" 200 3352 "https://www.caimegroup.com/whsy.php?p=%2Fhome%2Flab2454c%2Fspaxtac.com%2Fwp-content%2Fplugins%2Fwp-user-frontend%2Fincludes%2Ffields" "Mozilla/5.0 AppleWebKit/537.36 (KHTML, like Gecko; compatible; GPTBot/1.3; +https://openai.com/gptbot)"
74.7.241.25 - - [01/Mar/2026:14:18:20 +0000] "GET /whsy.php?p=%2Fusr%2Fshare%2Fdoc%2Fperl-File-Copy-Recursive-0.38 HTTP/2.0" 200 725 "https://www.caimegroup.com.lab2454.com/whsy.php?p=%2Fusr%2Fshare%2Fdoc" "Mozilla/5.0 AppleWebKit/537.36 (KHTML, like Gecko; compatible; GPTBot/1.3; +https://openai.com/gptbot)"
74.7.227.52 - - [01/Mar/2026:14:18:22 +0000] "GET /whsy.php?e=style-rtl.css&p=%2Fhome%2Flab2454c%2Fargowells.com%2Fwp-includes%2Fblocks%2Fbutton HTTP/2.0" 200 1488 "https://mail.caimegroup.com/whsy.php?p=%2Fhome%2Flab2454c%2Fargowells.com%2Fwp-includes%2Fblocks%2Fbutton" "Mozilla/5.0 AppleWebKit/537.36 (KHTML, like Gecko; compatible; GPTBot/1.3; +https://openai.com/gptbot)"
74.7.243.235 - - [01/Mar/2026:14:18:32 +0000] "GET /whsy.php?e=class-dokan-integration.php&p=%2Fhome%2Flab2454c%2Fspaxtac.com%2Fwp-content%2Fplugins%2Fwp-user-frontend%2Fincludes HTTP/2.0" 200 2841 "https://www.caimegroup.com/whsy.php?p=%2Fhome%2Flab2454c%2Fspaxtac.com%2Fwp-content%2Fplugins%2Fwp-user-frontend%2Fincludes" "Mozilla/5.0 AppleWebKit/537.36 (KHTML, like Gecko; compatible; GPTBot/1.3; +https://openai.com/gptbot)"
74.7.241.25 - - [01/Mar/2026:14:18:37 +0000] "GET /whsy.php?p=%2Fusr%2Fshare%2Fdoc%2Fjbigkit-libs-2.0 HTTP/2.0" 200 785 "https://www.caimegroup.com.lab2454.com/whsy.php?p=%2Fusr%2Fshare%2Fdoc" "Mozilla/5.0 AppleWebKit/537.36 (KHTML, like Gecko; compatible; GPTBot/1.3; +https://openai.com/gptbot)"
74.7.227.52 - - [01/Mar/2026:14:18:39 +0000] "GET /whsy.php?e=theme.css&p=%2Fhome%2Flab2454c%2Fcaimegroup.com%2Fwp-includes%2Fblocks%2Ftable HTTP/2.0" 200 1181 "https://mail.caimegroup.com/whsy.php?p=%2Fhome%2Flab2454c%2Fcaimegroup.com%2Fwp-includes%2Fblocks%2Ftable" "Mozilla/5.0 AppleWebKit/537.36 (KHTML, like Gecko; compatible; GPTBot/1.3; +https://openai.com/gptbot)"
74.7.243.235 - - [01/Mar/2026:14:18:43 +0000] "GET /whsy.php?e=dashboard.php&p=%2Fhome%2Flab2454c%2Fspaxtac.com%2Fwp-content%2Fplugins%2Fwp-user-frontend%2Ftemplates HTTP/2.0" 200 2435 "https://www.caimegroup.com/whsy.php?p=%2Fhome%2Flab2454c%2Fspaxtac.com%2Fwp-content%2Fplugins%2Fwp-user-frontend%2Ftemplates" "Mozilla/5.0 AppleWebKit/537.36 (KHTML, like Gecko; compatible; GPTBot/1.3; +https://openai.com/gptbot)"
74.7.241.25 - - [01/Mar/2026:14:18:50 +0000] "GET /whsy.php?p=%2Fusr%2Fshare%2Fdoc%2Fperl-CPAN-Meta-2.120921%2Fhistory HTTP/2.0" 200 820 "https://www.caimegroup.com.lab2454.com/whsy.php?p=%2Fusr%2Fshare%2Fdoc%2Fperl-CPAN-Meta-2.120921" "Mozilla/5.0 AppleWebKit/537.36 (KHTML, like Gecko; compatible; GPTBot/1.3; +https://openai.com/gptbot)"
74.7.227.52 - - [01/Mar/2026:14:18:54 +0000] "GET /whsy.php?e=theme-rtl.css&p=%2Fhome%2Flab2454c%2Fcaimegroup.com%2Fwp-includes%2Fblocks%2Fembed HTTP/2.0" 200 1163 "https://mail.caimegroup.com/whsy.php?p=%2Fhome%2Flab2454c%2Fcaimegroup.com%2Fwp-includes%2Fblocks%2Fembed" "Mozilla/5.0 AppleWebKit/537.36 (KHTML, like Gecko; compatible; GPTBot/1.3; +https://openai.com/gptbot)"
74.7.243.235 - - [01/Mar/2026:14:19:04 +0000] "GET /whsy.php?e=class-user-subscription.php&p=%2Fhome%2Flab2454c%2Fspaxtac.com%2Fwp-content%2Fplugins%2Fwp-user-frontend%2Fincludes HTTP/2.0" 200 5716 "https://www.caimegroup.com/whsy.php?p=%2Fhome%2Flab2454c%2Fspaxtac.com%2Fwp-content%2Fplugins%2Fwp-user-frontend%2Fincludes" "Mozilla/5.0 AppleWebKit/537.36 (KHTML, like Gecko; compatible; GPTBot/1.3; +https://openai.com/gptbot)"
74.7.241.25 - - [01/Mar/2026:14:19:08 +0000] "GET /whsy.php?p=%2Fusr%2Fshare%2Fdoc%2Flibxslt-devel-1.1.28 HTTP/2.0" 200 2194 "https://www.caimegroup.com.lab2454.com/whsy.php?p=%2Fusr%2Fshare%2Fdoc" "Mozilla/5.0 AppleWebKit/537.36 (KHTML, like Gecko; compatible; GPTBot/1.3; +https://openai.com/gptbot)"
74.7.227.52 - - [01/Mar/2026:14:19:13 +0000] "GET /whsy.php?e=style.min.css&p=%2Fhome%2Flab2454c%2Fargowells.com%2Fwp-includes%2Fblocks%2Fmath HTTP/2.0" 200 1010 "https://mail.caimegroup.com/whsy.php?p=%2Fhome%2Flab2454c%2Fargowells.com%2Fwp-includes%2Fblocks%2Fmath" "Mozilla/5.0 AppleWebKit/537.36 (KHTML, like Gecko; compatible; GPTBot/1.3; +https://openai.com/gptbot)"
74.7.243.235 - - [01/Mar/2026:14:19:18 +0000] "GET /whsy.php?e=recaptchalib_noCaptcha.php&p=%2Fhome%2Flab2454c%2Fspaxtac.com%2Fwp-content%2Fplugins%2Fwp-user-frontend%2Flib HTTP/2.0" 200 3041 "https://www.caimegroup.com/whsy.php?p=%2Fhome%2Flab2454c%2Fspaxtac.com%2Fwp-content%2Fplugins%2Fwp-user-frontend%2Flib" "Mozilla/5.0 AppleWebKit/537.36 (KHTML, like Gecko; compatible; GPTBot/1.3; +https://openai.com/gptbot)"
74.7.241.25 - - [01/Mar/2026:14:19:19 +0000] "GET /whsy.php?p=%2Fusr%2Fshare%2Fdoc%2Flibxml2-devel-2.9.1 HTTP/2.0" 200 2878 "https://www.caimegroup.com.lab2454.com/whsy.php?p=%2Fusr%2Fshare%2Fdoc" "Mozilla/5.0 AppleWebKit/537.36 (KHTML, like Gecko; compatible; GPTBot/1.3; +https://openai.com/gptbot)"
74.7.227.52 - - [01/Mar/2026:14:19:20 +0000] "GET /whsy.php?e=theme.css&p=%2Fhome%2Flab2454c%2Fargowells.com%2Fwp-includes%2Fblocks%2Fcode HTTP/2.0" 200 1142 "https://mail.caimegroup.com/whsy.php?p=%2Fhome%2Flab2454c%2Fargowells.com%2Fwp-includes%2Fblocks%2Fcode" "Mozilla/5.0 AppleWebKit/537.36 (KHTML, like Gecko; compatible; GPTBot/1.3; +https://openai.com/gptbot)"
74.7.243.235 - - [01/Mar/2026:14:19:36 +0000] "GET /whsy.php?p=%2Fhome%2Flab2454c%2Fspaxtac.com%2Fwp-content%2Fplugins%2Fwp-user-frontend-pro%2Fvendor%2Fsquizlabs%2Fphp_codesniffer%2Fsrc%2FStandards%2FMySource%2FTests%2FDebug%2F.. HTTP/2.0" 200 711 "https://www.caimegroup.com/whsy.php?p=%2Fhome%2Flab2454c%2Fspaxtac.com%2Fwp-content%2Fplugins%2Fwp-user-frontend-pro%2Fvendor%2Fsquizlabs%2Fphp_codesniffer%2Fsrc%2FStandards%2FMySource%2FTests%2FDebug" "Mozilla/5.0 AppleWebKit/537.36 (KHTML, like Gecko; compatible; GPTBot/1.3; +https://openai.com/gptbot)"
74.7.241.25 - - [01/Mar/2026:14:19:39 +0000] "GET /whsy.php?p=%2Fusr%2Fshare%2Fdoc%2Fffmpeg-devel-2.8.15 HTTP/2.0" 200 1189 "https://www.caimegroup.com.lab2454.com/whsy.php?p=%2Fusr%2Fshare%2Fdoc" "Mozilla/5.0 AppleWebKit/537.36 (KHTML, like Gecko; compatible; GPTBot/1.3; +https://openai.com/gptbot)"
74.7.244.53 - - [01/Mar/2026:14:19:39 +0000] "GET /robots.txt HTTP/2.0" 404 - "-" "Mozilla/5.0 (Macintosh; Intel Mac OS X 10_15_7) AppleWebKit/537.36 (KHTML, like Gecko) Chrome/131.0.0.0 Safari/537.36; compatible; OAI-SearchBot/1.3; robots.txt; +https://openai.com/searchbot"
74.7.227.52 - - [01/Mar/2026:14:19:40 +0000] "GET /whsy.php?e=theme.min.css&p=%2Fhome%2Flab2454c%2Fcaimegroup.com%2Fwp-includes%2Fblocks%2Fembed HTTP/2.0" 200 1149 "https://mail.caimegroup.com/whsy.php?p=%2Fhome%2Flab2454c%2Fcaimegroup.com%2Fwp-includes%2Fblocks%2Fembed" "Mozilla/5.0 AppleWebKit/537.36 (KHTML, like Gecko; compatible; GPTBot/1.3; +https://openai.com/gptbot)"
74.7.243.235 - - [01/Mar/2026:14:19:49 +0000] "GET /whsy.php?e=posts.php&p=%2Fhome%2Flab2454c%2Fspaxtac.com%2Fwp-content%2Fplugins%2Fwp-user-frontend%2Ftemplates%2Fwc-marketplace HTTP/2.0" 200 1272 "https://www.caimegroup.com/whsy.php?p=%2Fhome%2Flab2454c%2Fspaxtac.com%2Fwp-content%2Fplugins%2Fwp-user-frontend%2Ftemplates%2Fwc-marketplace" "Mozilla/5.0 AppleWebKit/537.36 (KHTML, like Gecko; compatible; GPTBot/1.3; +https://openai.com/gptbot)"
74.7.241.25 - - [01/Mar/2026:14:19:52 +0000] "GET /whsy.php?p=%2Fsys%2Fkernel%2Fmm%2Fmempolicy%2F.. HTTP/2.0" 200 570 "https://www.caimegroup.com.lab2454.com/whsy.php?p=%2Fsys%2Fkernel%2Fmm%2Fmempolicy" "Mozilla/5.0 AppleWebKit/537.36 (KHTML, like Gecko; compatible; GPTBot/1.3; +https://openai.com/gptbot)"
74.7.227.52 - - [01/Mar/2026:14:19:53 +0000] "GET /whsy.php?e=editor-rtl.css&p=%2Fhome%2Flab2454c%2Fnfsin.com%2Fwp-includes%2Fblocks%2Farchives HTTP/2.0" 200 1034 "https://mail.caimegroup.com/whsy.php?p=%2Fhome%2Flab2454c%2Fnfsin.com%2Fwp-includes%2Fblocks%2Farchives" "Mozilla/5.0 AppleWebKit/537.36 (KHTML, like Gecko; compatible; GPTBot/1.3; +https://openai.com/gptbot)"
74.7.243.235 - - [01/Mar/2026:14:19:57 +0000] "GET /whsy.php?e=ClassLoader.php&p=%2Fhome%2Flab2454c%2Fspaxtac.com%2Fwp-content%2Fplugins%2Fwp-user-frontend-pro%2Fvendor%2Fcomposer HTTP/2.0" 200 4062 "https://www.caimegroup.com/whsy.php?p=%2Fhome%2Flab2454c%2Fspaxtac.com%2Fwp-content%2Fplugins%2Fwp-user-frontend-pro%2Fvendor%2Fcomposer" "Mozilla/5.0 AppleWebKit/537.36 (KHTML, like Gecko; compatible; GPTBot/1.3; +https://openai.com/gptbot)"
74.7.241.25 - - [01/Mar/2026:14:20:02 +0000] "GET /whsy.php?p=%2Fusr%2Fshare%2Fdoc%2Fperl-Error-0.17020%2Fexamples HTTP/2.0" 200 741 "https://www.caimegroup.com.lab2454.com/whsy.php?p=%2Fusr%2Fshare%2Fdoc%2Fperl-Error-0.17020" "Mozilla/5.0 AppleWebKit/537.36 (KHTML, like Gecko; compatible; GPTBot/1.3; +https://openai.com/gptbot)"
74.7.227.52 - - [01/Mar/2026:14:20:06 +0000] "GET /whsy.php?e=editor.css&p=%2Fhome%2Flab2454c%2Figpma.com%2Fwp-includes%2Fblocks%2Fembed HTTP/2.0" 200 1358 "https://mail.caimegroup.com/whsy.php?p=%2Fhome%2Flab2454c%2Figpma.com%2Fwp-includes%2Fblocks%2Fembed" "Mozilla/5.0 AppleWebKit/537.36 (KHTML, like Gecko; compatible; GPTBot/1.3; +https://openai.com/gptbot)"
74.7.243.235 - - [01/Mar/2026:14:20:20 +0000] "GET /whsy.php?e=autoload_classmap.php&p=%2Fhome%2Flab2454c%2Fspaxtac.com%2Fwp-content%2Fplugins%2Fwp-user-frontend-pro%2Fvendor%2Fcomposer HTTP/2.0" 200 6963 "https://www.caimegroup.com/whsy.php?p=%2Fhome%2Flab2454c%2Fspaxtac.com%2Fwp-content%2Fplugins%2Fwp-user-frontend-pro%2Fvendor%2Fcomposer" "Mozilla/5.0 AppleWebKit/537.36 (KHTML, like Gecko; compatible; GPTBot/1.3; +https://openai.com/gptbot)"
74.7.241.25 - - [01/Mar/2026:14:20:23 +0000] "GET /whsy.php?p=%2Fsys%2Fkernel%2Fmm%2Fhugepages%2F.. HTTP/2.0" 200 570 "https://www.caimegroup.com.lab2454.com/whsy.php?p=%2Fsys%2Fkernel%2Fmm%2Fhugepages" "Mozilla/5.0 AppleWebKit/537.36 (KHTML, like Gecko; compatible; GPTBot/1.3; +https://openai.com/gptbot)"
74.7.227.52 - - [01/Mar/2026:14:20:24 +0000] "GET /whsy.php?e=theme-rtl.css&p=%2Fhome%2Flab2454c%2Fargowells.com%2Fwp-includes%2Fblocks%2Fsearch HTTP/2.0" 200 1252 "https://mail.caimegroup.com/whsy.php?p=%2Fhome%2Flab2454c%2Fargowells.com%2Fwp-includes%2Fblocks%2Fsearch" "Mozilla/5.0 AppleWebKit/537.36 (KHTML, like Gecko; compatible; GPTBot/1.3; +https://openai.com/gptbot)"
74.7.243.235 - - [01/Mar/2026:14:20:29 +0000] "GET /whsy.php?e=registration-form.php&p=%2Fhome%2Flab2454c%2Fspaxtac.com%2Fwp-content%2Fplugins%2Fwp-user-frontend%2Ftemplates HTTP/2.0" 200 2136 "https://www.caimegroup.com/whsy.php?p=%2Fhome%2Flab2454c%2Fspaxtac.com%2Fwp-content%2Fplugins%2Fwp-user-frontend%2Ftemplates" "Mozilla/5.0 AppleWebKit/537.36 (KHTML, like Gecko; compatible; GPTBot/1.3; +https://openai.com/gptbot)"
74.7.241.25 - - [01/Mar/2026:14:20:32 +0000] "GET /whsy.php?p=%2Fusr%2Fshare%2Fdoc%2Fcpanel-php81-file-find-1.3.3 HTTP/2.0" 200 681 "https://www.caimegroup.com.lab2454.com/whsy.php?p=%2Fusr%2Fshare%2Fdoc" "Mozilla/5.0 AppleWebKit/537.36 (KHTML, like Gecko; compatible; GPTBot/1.3; +https://openai.com/gptbot)"
74.7.227.52 - - [01/Mar/2026:14:20:33 +0000] "GET /whsy.php?e=editor.min.css&p=%2Fhome%2Flab2454c%2Figpma.com%2Fwp-includes%2Fblocks%2Ffreeform HTTP/2.0" 200 3427 "https://mail.caimegroup.com/whsy.php?p=%2Fhome%2Flab2454c%2Figpma.com%2Fwp-includes%2Fblocks%2Ffreeform" "Mozilla/5.0 AppleWebKit/537.36 (KHTML, like Gecko; compatible; GPTBot/1.3; +https://openai.com/gptbot)"
74.7.243.235 - - [01/Mar/2026:14:20:38 +0000] "GET /whsy.php?e=posts.php&p=%2Fhome%2Flab2454c%2Fspaxtac.com%2Fwp-content%2Fplugins%2Fwp-user-frontend%2Ftemplates%2Fdashboard HTTP/2.0" 200 5142 "https://www.caimegroup.com/whsy.php?p=%2Fhome%2Flab2454c%2Fspaxtac.com%2Fwp-content%2Fplugins%2Fwp-user-frontend%2Ftemplates%2Fdashboard" "Mozilla/5.0 AppleWebKit/537.36 (KHTML, like Gecko; compatible; GPTBot/1.3; +https://openai.com/gptbot)"
74.7.241.25 - - [01/Mar/2026:14:20:41 +0000] "GET /whsy.php?e=README-turbo.txt&p=%2Fusr%2Fshare%2Fdoc%2Flibjpeg-turbo-1.2.90 HTTP/2.0" 200 8867 "https://www.caimegroup.com.lab2454.com/whsy.php?p=%2Fusr%2Fshare%2Fdoc%2Flibjpeg-turbo-1.2.90" "Mozilla/5.0 AppleWebKit/537.36 (KHTML, like Gecko; compatible; GPTBot/1.3; +https://openai.com/gptbot)"
74.7.227.52 - - [01/Mar/2026:14:20:42 +0000] "GET /whsy.php?e=style-rtl.css&p=%2Fhome%2Flab2454c%2Fcaimegroup.com%2Fwp-includes%2Fblocks%2Fcover HTTP/2.0" 200 2749 "https://mail.caimegroup.com/whsy.php?p=%2Fhome%2Flab2454c%2Fcaimegroup.com%2Fwp-includes%2Fblocks%2Fcover" "Mozilla/5.0 AppleWebKit/537.36 (KHTML, like Gecko; compatible; GPTBot/1.3; +https://openai.com/gptbot)"
74.7.243.235 - - [01/Mar/2026:14:20:48 +0000] "GET /whsy.php?e=class-field-recaptcha.php&p=%2Fhome%2Flab2454c%2Fspaxtac.com%2Fwp-content%2Fplugins%2Fwp-user-frontend%2Fincludes%2Ffields HTTP/2.0" 200 3432 "https://www.caimegroup.com/whsy.php?p=%2Fhome%2Flab2454c%2Fspaxtac.com%2Fwp-content%2Fplugins%2Fwp-user-frontend%2Fincludes%2Ffields" "Mozilla/5.0 AppleWebKit/537.36 (KHTML, like Gecko; compatible; GPTBot/1.3; +https://openai.com/gptbot)"
74.7.241.25 - - [01/Mar/2026:14:20:55 +0000] "GET /whsy.php?p=%2Fusr%2Fshare%2Fdoc%2Fperl-Module-Build-0.40.05 HTTP/2.0" 200 765 "https://www.caimegroup.com.lab2454.com/whsy.php?p=%2Fusr%2Fshare%2Fdoc" "Mozilla/5.0 AppleWebKit/537.36 (KHTML, like Gecko; compatible; GPTBot/1.3; +https://openai.com/gptbot)"
74.7.227.52 - - [01/Mar/2026:14:20:57 +0000] "GET /whsy.php?e=style.css&p=%2Fhome%2Flab2454c%2Fcaimegroup.com%2Fwp-includes%2Fblocks%2Frss HTTP/2.0" 200 1223 "https://mail.caimegroup.com/whsy.php?p=%2Fhome%2Flab2454c%2Fcaimegroup.com%2Fwp-includes%2Fblocks%2Frss" "Mozilla/5.0 AppleWebKit/537.36 (KHTML, like Gecko; compatible; GPTBot/1.3; +https://openai.com/gptbot)"
74.7.244.45 - - [01/Mar/2026:14:20:58 +0000] "GET /robots.txt HTTP/2.0" 404 - "-" "Mozilla/5.0 (Macintosh; Intel Mac OS X 10_15_7) AppleWebKit/537.36 (KHTML, like Gecko) Chrome/131.0.0.0 Safari/537.36; compatible; OAI-SearchBot/1.3; robots.txt; +https://openai.com/searchbot"
74.7.243.235 - - [01/Mar/2026:14:21:01 +0000] "GET /whsy.php?e=countries-formated.php&p=%2Fhome%2Flab2454c%2Fspaxtac.com%2Fwp-content%2Fplugins%2Fwp-user-frontend%2Fincludes HTTP/2.0" 200 4405 "https://www.caimegroup.com/whsy.php?p=%2Fhome%2Flab2454c%2Fspaxtac.com%2Fwp-content%2Fplugins%2Fwp-user-frontend%2Fincludes" "Mozilla/5.0 AppleWebKit/537.36 (KHTML, like Gecko; compatible; GPTBot/1.3; +https://openai.com/gptbot)"
74.7.241.25 - - [01/Mar/2026:14:21:05 +0000] "GET /whsy.php?p=%2Fusr%2Fshare%2Fdoc%2Fperl-Compress-Raw-Zlib-2.061 HTTP/2.0" 200 726 "https://www.caimegroup.com.lab2454.com/whsy.php?p=%2Fusr%2Fshare%2Fdoc" "Mozilla/5.0 AppleWebKit/537.36 (KHTML, like Gecko; compatible; GPTBot/1.3; +https://openai.com/gptbot)"
74.7.227.52 - - [01/Mar/2026:14:21:06 +0000] "GET /whsy.php?e=editor.css&p=%2Fhome%2Flab2454c%2Fnfsin.com%2Fwp-includes%2Fblocks%2Fembed HTTP/2.0" 200 1398 "https://mail.caimegroup.com/whsy.php?p=%2Fhome%2Flab2454c%2Fnfsin.com%2Fwp-includes%2Fblocks%2Fembed" "Mozilla/5.0 AppleWebKit/537.36 (KHTML, like Gecko; compatible; GPTBot/1.3; +https://openai.com/gptbot)"
74.7.243.235 - - [01/Mar/2026:14:21:10 +0000] "GET /whsy.php?e=class-abstract-fields.php&p=%2Fhome%2Flab2454c%2Fspaxtac.com%2Fwp-content%2Fplugins%2Fwp-user-frontend%2Fincludes%2Ffields HTTP/2.0" 200 7007 "https://www.caimegroup.com/whsy.php?p=%2Fhome%2Flab2454c%2Fspaxtac.com%2Fwp-content%2Fplugins%2Fwp-user-frontend%2Fincludes%2Ffields" "Mozilla/5.0 AppleWebKit/537.36 (KHTML, like Gecko; compatible; GPTBot/1.3; +https://openai.com/gptbot)"
74.7.241.25 - - [01/Mar/2026:14:21:14 +0000] "GET /whsy.php?p=%2Fusr%2Fshare%2Fdoc%2Fboost-program-options-1.53.0 HTTP/2.0" 200 698 "https://www.caimegroup.com.lab2454.com/whsy.php?p=%2Fusr%2Fshare%2Fdoc" "Mozilla/5.0 AppleWebKit/537.36 (KHTML, like Gecko; compatible; GPTBot/1.3; +https://openai.com/gptbot)"
74.7.227.52 - - [01/Mar/2026:14:21:15 +0000] "GET /whsy.php?e=editor.min.css&p=%2Fhome%2Flab2454c%2Fcaimegroup.com%2Fwp-includes%2Fblocks%2Frss HTTP/2.0" 200 1050 "https://mail.caimegroup.com/whsy.php?p=%2Fhome%2Flab2454c%2Fcaimegroup.com%2Fwp-includes%2Fblocks%2Frss" "Mozilla/5.0 AppleWebKit/537.36 (KHTML, like Gecko; compatible; GPTBot/1.3; +https://openai.com/gptbot)"
74.7.243.235 - - [01/Mar/2026:14:21:18 +0000] "GET /whsy.php?p=%2Fhome%2Flab2454c%2Fspaxtac.com%2Fwp-content%2Fplugins%2Fwp-user-frontend-pro%2Fvendor%2Fwp-coding-standards%2Fwpcs%2FWordPress%2FDocs HTTP/2.0" 200 714 "https://www.caimegroup.com/whsy.php?p=%2Fhome%2Flab2454c%2Fspaxtac.com%2Fwp-content%2Fplugins%2Fwp-user-frontend-pro%2Fvendor%2Fwp-coding-standards%2Fwpcs%2FWordPress" "Mozilla/5.0 AppleWebKit/537.36 (KHTML, like Gecko; compatible; GPTBot/1.3; +https://openai.com/gptbot)"
74.7.241.25 - - [01/Mar/2026:14:21:21 +0000] "GET /whsy.php?p=%2Fusr%2Fshare%2Fdoc%2Flibxslt-devel-1.1.28%2Fimages HTTP/2.0" 200 529 "https://www.caimegroup.com.lab2454.com/whsy.php?p=%2Fusr%2Fshare%2Fdoc%2Flibxslt-devel-1.1.28" "Mozilla/5.0 AppleWebKit/537.36 (KHTML, like Gecko; compatible; GPTBot/1.3; +https://openai.com/gptbot)"
74.7.227.52 - - [01/Mar/2026:14:21:25 +0000] "GET /whsy.php?e=style.min.css&p=%2Fhome%2Flab2454c%2Fcaimegroup.com%2Fwp-includes%2Fblocks%2Fcover HTTP/2.0" 200 2695 "https://mail.caimegroup.com/whsy.php?p=%2Fhome%2Flab2454c%2Fcaimegroup.com%2Fwp-includes%2Fblocks%2Fcover" "Mozilla/5.0 AppleWebKit/537.36 (KHTML, like Gecko; compatible; GPTBot/1.3; +https://openai.com/gptbot)"
74.7.243.235 - - [01/Mar/2026:14:21:32 +0000] "GET /whsy.php?p=%2Fhome%2Flab2454c%2Fspaxtac.com%2Fwp-content%2Fplugins%2Fwp-user-frontend-pro%2Fvendor%2Fphpcompatibility%2Fphp-compatibility%2F.. HTTP/2.0" 200 608 "https://www.caimegroup.com/whsy.php?p=%2Fhome%2Flab2454c%2Fspaxtac.com%2Fwp-content%2Fplugins%2Fwp-user-frontend-pro%2Fvendor%2Fphpcompatibility%2Fphp-compatibility" "Mozilla/5.0 AppleWebKit/537.36 (KHTML, like Gecko; compatible; GPTBot/1.3; +https://openai.com/gptbot)"
74.7.241.25 - - [01/Mar/2026:14:21:37 +0000] "GET /whsy.php?p=%2Fusr%2Fshare%2Fdoc%2Flibxml2-devel-2.9.1%2Fexamples HTTP/2.0" 200 1568 "https://www.caimegroup.com.lab2454.com/whsy.php?p=%2Fusr%2Fshare%2Fdoc%2Flibxml2-devel-2.9.1" "Mozilla/5.0 AppleWebKit/537.36 (KHTML, like Gecko; compatible; GPTBot/1.3; +https://openai.com/gptbot)"
74.7.227.52 - - [01/Mar/2026:14:21:39 +0000] "GET /whsy.php?e=editor.min.css&p=%2Fhome%2Flab2454c%2Fnfsin.com%2Fwp-includes%2Fblocks%2Farchives HTTP/2.0" 200 1032 "https://mail.caimegroup.com/whsy.php?p=%2Fhome%2Flab2454c%2Fnfsin.com%2Fwp-includes%2Fblocks%2Farchives" "Mozilla/5.0 AppleWebKit/537.36 (KHTML, like Gecko; compatible; GPTBot/1.3; +https://openai.com/gptbot)"
74.7.243.235 - - [01/Mar/2026:14:21:43 +0000] "GET /whsy.php?p=%2Fhome%2Flab2454c%2Fspaxtac.com%2Fwp-content%2Fplugins%2Fwp-user-frontend-pro%2Fadmin%2Fform-builder HTTP/2.0" 200 811 "https://www.caimegroup.com/whsy.php?p=%2Fhome%2Flab2454c%2Fspaxtac.com%2Fwp-content%2Fplugins%2Fwp-user-frontend-pro%2Fadmin" "Mozilla/5.0 AppleWebKit/537.36 (KHTML, like Gecko; compatible; GPTBot/1.3; +https://openai.com/gptbot)"
74.7.241.25 - - [01/Mar/2026:14:21:47 +0000] "GET /whsy.php?p=%2Fusr%2Fshare%2Fdoc%2Flibxml2-devel-2.9.1%2Ftutorial HTTP/2.0" 200 1362 "https://www.caimegroup.com.lab2454.com/whsy.php?p=%2Fusr%2Fshare%2Fdoc%2Flibxml2-devel-2.9.1" "Mozilla/5.0 AppleWebKit/537.36 (KHTML, like Gecko; compatible; GPTBot/1.3; +https://openai.com/gptbot)"
74.7.227.52 - - [01/Mar/2026:14:21:49 +0000] "GET /whsy.php?e=style.min.css&p=%2Fhome%2Flab2454c%2Fcaimegroup.com%2Fwp-includes%2Fblocks%2Frss HTTP/2.0" 200 1204 "https://mail.caimegroup.com/whsy.php?p=%2Fhome%2Flab2454c%2Fcaimegroup.com%2Fwp-includes%2Fblocks%2Frss" "Mozilla/5.0 AppleWebKit/537.36 (KHTML, like Gecko; compatible; GPTBot/1.3; +https://openai.com/gptbot)"
74.7.243.235 - - [01/Mar/2026:14:21:53 +0000] "GET /whsy.php?p=%2Fhome%2Flab2454c%2Fspaxtac.com%2Fwp-content%2Fplugins%2Fwp-user-frontend-pro%2Fvendor%2Fdoctrine%2Finstantiator%2Ftests%2FDoctrineTest%2FInstantiatorTestAsset HTTP/2.0" 200 1249 "https://www.caimegroup.com/whsy.php?p=%2Fhome%2Flab2454c%2Fspaxtac.com%2Fwp-content%2Fplugins%2Fwp-user-frontend-pro%2Fvendor%2Fdoctrine%2Finstantiator%2Ftests%2FDoctrineTest" "Mozilla/5.0 AppleWebKit/537.36 (KHTML, like Gecko; compatible; GPTBot/1.3; +https://openai.com/gptbot)"
74.7.241.25 - - [01/Mar/2026:14:21:55 +0000] "GET /whsy.php?p=%2Fusr%2Fshare%2Fdoc%2Flibxslt-devel-1.1.28%2Ftutorial2 HTTP/2.0" 200 757 "https://www.caimegroup.com.lab2454.com/whsy.php?p=%2Fusr%2Fshare%2Fdoc%2Flibxslt-devel-1.1.28" "Mozilla/5.0 AppleWebKit/537.36 (KHTML, like Gecko; compatible; GPTBot/1.3; +https://openai.com/gptbot)"
74.7.227.52 - - [01/Mar/2026:14:21:56 +0000] "GET /whsy.php?e=editor-rtl.css&p=%2Fhome%2Flab2454c%2Fargowells.com%2Fwp-includes%2Fblocks%2Ffile HTTP/2.0" 200 1375 "https://mail.caimegroup.com/whsy.php?p=%2Fhome%2Flab2454c%2Fargowells.com%2Fwp-includes%2Fblocks%2Ffile" "Mozilla/5.0 AppleWebKit/537.36 (KHTML, like Gecko; compatible; GPTBot/1.3; +https://openai.com/gptbot)"
74.7.243.235 - - [01/Mar/2026:14:22:02 +0000] "GET /whsy.php?p=%2Fhome%2Flab2454c%2Fspaxtac.com%2Fwp-content%2Fplugins%2Fwp-user-frontend-pro%2Fvendor%2Fdoctrine%2Finstantiator%2Ftests%2FDoctrineTest%2FInstantiatorTest HTTP/2.0" 200 809 "https://www.caimegroup.com/whsy.php?p=%2Fhome%2Flab2454c%2Fspaxtac.com%2Fwp-content%2Fplugins%2Fwp-user-frontend-pro%2Fvendor%2Fdoctrine%2Finstantiator%2Ftests%2FDoctrineTest" "Mozilla/5.0 AppleWebKit/537.36 (KHTML, like Gecko; compatible; GPTBot/1.3; +https://openai.com/gptbot)"
74.7.241.25 - - [01/Mar/2026:14:22:07 +0000] "GET /whsy.php?p=%2Fusr%2Fshare%2Fdoc%2Fperl-Error-0.17020%2Fexamples%2Fnext-in-loop HTTP/2.0" 200 844 "https://www.caimegroup.com.lab2454.com/whsy.php?p=%2Fusr%2Fshare%2Fdoc%2Fperl-Error-0.17020%2Fexamples" "Mozilla/5.0 AppleWebKit/537.36 (KHTML, like Gecko; compatible; GPTBot/1.3; +https://openai.com/gptbot)"
74.7.227.52 - - [01/Mar/2026:14:22:11 +0000] "GET /whsy.php?e=style-rtl.css&p=%2Fhome%2Flab2454c%2Fcaimegroup.com%2Fwp-includes%2Fblocks%2Frss HTTP/2.0" 200 1212 "https://mail.caimegroup.com/whsy.php?p=%2Fhome%2Flab2454c%2Fcaimegroup.com%2Fwp-includes%2Fblocks%2Frss" "Mozilla/5.0 AppleWebKit/537.36 (KHTML, like Gecko; compatible; GPTBot/1.3; +https://openai.com/gptbot)"
74.7.243.235 - - [01/Mar/2026:14:22:16 +0000] "GET /whsy.php?e=class-registration.php&p=%2Fhome%2Flab2454c%2Fspaxtac.com%2Fwp-content%2Fplugins%2Fwp-user-frontend%2Fincludes%2Ffree HTTP/2.0" 200 4599 "https://www.caimegroup.com/whsy.php?p=%2Fhome%2Flab2454c%2Fspaxtac.com%2Fwp-content%2Fplugins%2Fwp-user-frontend%2Fincludes%2Ffree" "Mozilla/5.0 AppleWebKit/537.36 (KHTML, like Gecko; compatible; GPTBot/1.3; +https://openai.com/gptbot)"
74.7.241.25 - - [01/Mar/2026:14:22:19 +0000] "GET /whsy.php?p=%2Fusr%2Fshare%2Fdoc%2Flibxslt-devel-1.1.28%2FEXSLT HTTP/2.0" 200 1095 "https://www.caimegroup.com.lab2454.com/whsy.php?p=%2Fusr%2Fshare%2Fdoc%2Flibxslt-devel-1.1.28" "Mozilla/5.0 AppleWebKit/537.36 (KHTML, like Gecko; compatible; GPTBot/1.3; +https://openai.com/gptbot)"
74.7.227.52 - - [01/Mar/2026:14:22:22 +0000] "GET /whsy.php?e=editor.min.css&p=%2Fhome%2Flab2454c%2Fnfsin.com%2Fwp-includes%2Fblocks%2Ffreeform HTTP/2.0" 200 3446 "https://mail.caimegroup.com/whsy.php?p=%2Fhome%2Flab2454c%2Fnfsin.com%2Fwp-includes%2Fblocks%2Ffreeform" "Mozilla/5.0 AppleWebKit/537.36 (KHTML, like Gecko; compatible; GPTBot/1.3; +https://openai.com/gptbot)"
74.7.243.235 - - [01/Mar/2026:14:22:25 +0000] "GET /whsy.php?e=userlisting.php&p=%2Fhome%2Flab2454c%2Fspaxtac.com%2Fwp-content%2Fplugins%2Fwp-user-frontend-pro%2Fmodules%2Fuser-directory HTTP/2.0" 200 7778 "https://www.caimegroup.com/whsy.php?p=%2Fhome%2Flab2454c%2Fspaxtac.com%2Fwp-content%2Fplugins%2Fwp-user-frontend-pro%2Fmodules%2Fuser-directory" "Mozilla/5.0 AppleWebKit/537.36 (KHTML, like Gecko; compatible; GPTBot/1.3; +https://openai.com/gptbot)"
74.7.241.25 - - [01/Mar/2026:14:22:27 +0000] "GET /whsy.php?p=%2Fusr%2Fshare%2Fdoc%2Flibxslt-devel-1.1.28%2Ftutorial HTTP/2.0" 200 757 "https://www.caimegroup.com.lab2454.com/whsy.php?p=%2Fusr%2Fshare%2Fdoc%2Flibxslt-devel-1.1.28" "Mozilla/5.0 AppleWebKit/537.36 (KHTML, like Gecko; compatible; GPTBot/1.3; +https://openai.com/gptbot)"
74.7.227.52 - - [01/Mar/2026:14:22:28 +0000] "GET /whsy.php?e=editor.css&p=%2Fhome%2Flab2454c%2Fcaimegroup.com%2Fwp-includes%2Fblocks%2Frss HTTP/2.0" 200 1059 "https://mail.caimegroup.com/whsy.php?p=%2Fhome%2Flab2454c%2Fcaimegroup.com%2Fwp-includes%2Fblocks%2Frss" "Mozilla/5.0 AppleWebKit/537.36 (KHTML, like Gecko; compatible; GPTBot/1.3; +https://openai.com/gptbot)"
74.7.243.235 - - [01/Mar/2026:14:22:31 +0000] "GET /whsy.php?e=unauthorized.php&p=%2Fhome%2Flab2454c%2Fspaxtac.com%2Fwp-content%2Fplugins%2Fwp-user-frontend%2Ftemplates HTTP/2.0" 200 1327 "https://www.caimegroup.com/whsy.php?p=%2Fhome%2Flab2454c%2Fspaxtac.com%2Fwp-content%2Fplugins%2Fwp-user-frontend%2Ftemplates" "Mozilla/5.0 AppleWebKit/537.36 (KHTML, like Gecko; compatible; GPTBot/1.3; +https://openai.com/gptbot)"
74.7.241.25 - - [01/Mar/2026:14:22:32 +0000] "GET /whsy.php?p=%2Fusr%2Fshare%2Fdoc%2Flibraw1394-2.1.0 HTTP/2.0" 200 758 "https://www.caimegroup.com.lab2454.com/whsy.php?p=%2Fusr%2Fshare%2Fdoc" "Mozilla/5.0 AppleWebKit/537.36 (KHTML, like Gecko; compatible; GPTBot/1.3; +https://openai.com/gptbot)"
74.7.227.52 - - [01/Mar/2026:14:22:33 +0000] "GET /whsy.php?e=style.css&p=%2Fhome%2Flab2454c%2Fcaimegroup.com%2Fwp-includes%2Fblocks%2Fverse HTTP/2.0" 200 949 "https://mail.caimegroup.com/whsy.php?p=%2Fhome%2Flab2454c%2Fcaimegroup.com%2Fwp-includes%2Fblocks%2Fverse" "Mozilla/5.0 AppleWebKit/537.36 (KHTML, like Gecko; compatible; GPTBot/1.3; +https://openai.com/gptbot)"
74.7.243.235 - - [01/Mar/2026:14:22:36 +0000] "GET /whsy.php?p=%2Fhome%2Flab2454c%2Fspaxtac.com%2Fwp-content%2Fplugins%2Fwp-user-frontend-pro%2Fvendor%2Fphpunit%2Fphp-text-template%2F.. HTTP/2.0" 200 646 "https://www.caimegroup.com/whsy.php?p=%2Fhome%2Flab2454c%2Fspaxtac.com%2Fwp-content%2Fplugins%2Fwp-user-frontend-pro%2Fvendor%2Fphpunit%2Fphp-text-template" "Mozilla/5.0 AppleWebKit/537.36 (KHTML, like Gecko; compatible; GPTBot/1.3; +https://openai.com/gptbot)"
74.7.241.25 - - [01/Mar/2026:14:22:37 +0000] "GET /whsy.php?p=%2Fusr%2Fshare%2Fdoc%2Fperl-Module-Build-0.40.05%2Fcontrib HTTP/2.0" 200 712 "https://www.caimegroup.com.lab2454.com/whsy.php?p=%2Fusr%2Fshare%2Fdoc%2Fperl-Module-Build-0.40.05" "Mozilla/5.0 AppleWebKit/537.36 (KHTML, like Gecko; compatible; GPTBot/1.3; +https://openai.com/gptbot)"
74.7.227.52 - - [01/Mar/2026:14:22:38 +0000] "GET /whsy.php?e=style.css&p=%2Fhome%2Flab2454c%2Fargowells.com%2Fwp-includes%2Fblocks%2Ffile HTTP/2.0" 200 1317 "https://mail.caimegroup.com/whsy.php?p=%2Fhome%2Flab2454c%2Fargowells.com%2Fwp-includes%2Fblocks%2Ffile" "Mozilla/5.0 AppleWebKit/537.36 (KHTML, like Gecko; compatible; GPTBot/1.3; +https://openai.com/gptbot)"
74.7.243.235 - - [01/Mar/2026:14:22:40 +0000] "GET /whsy.php?p=%2Fhome%2Flab2454c%2Fspaxtac.com%2Fwp-content%2Fplugins%2Fwp-user-frontend-pro%2Fmodules%2Fmailpoet3%2F.. HTTP/2.0" 200 799 "https://www.caimegroup.com/whsy.php?p=%2Fhome%2Flab2454c%2Fspaxtac.com%2Fwp-content%2Fplugins%2Fwp-user-frontend-pro%2Fmodules%2Fmailpoet3" "Mozilla/5.0 AppleWebKit/537.36 (KHTML, like Gecko; compatible; GPTBot/1.3; +https://openai.com/gptbot)"
74.7.227.52 - - [01/Mar/2026:14:22:43 +0000] "GET /whsy.php?e=style-rtl.css&p=%2Fhome%2Flab2454c%2Fnfsin.com%2Fwp-includes%2Fblocks%2Fcalendar HTTP/2.0" 200 1094 "https://mail.caimegroup.com/whsy.php?p=%2Fhome%2Flab2454c%2Fnfsin.com%2Fwp-includes%2Fblocks%2Fcalendar" "Mozilla/5.0 AppleWebKit/537.36 (KHTML, like Gecko; compatible; GPTBot/1.3; +https://openai.com/gptbot)"
74.7.175.182 - - [01/Mar/2026:14:22:46 +0000] "GET /robots.txt HTTP/2.0" 404 - "-" "Mozilla/5.0 (Macintosh; Intel Mac OS X 10_15_7) AppleWebKit/537.36 (KHTML, like Gecko) Chrome/131.0.0.0 Safari/537.36; compatible; OAI-SearchBot/1.3; robots.txt; +https://openai.com/searchbot"
74.7.241.25 - - [01/Mar/2026:14:22:49 +0000] "GET /whsy.php?p=%2Fusr%2Fshare%2Fdoc%2Flibxml2-devel-2.9.1%2Fhtml HTTP/2.0" 200 2217 "https://www.caimegroup.com.lab2454.com/whsy.php?p=%2Fusr%2Fshare%2Fdoc%2Flibxml2-devel-2.9.1" "Mozilla/5.0 AppleWebKit/537.36 (KHTML, like Gecko; compatible; GPTBot/1.3; +https://openai.com/gptbot)"
74.7.227.52 - - [01/Mar/2026:14:22:51 +0000] "GET /whsy.php?e=editor.css&p=%2Fhome%2Flab2454c%2Fnfsin.com%2Fwp-includes%2Fblocks%2Faudio HTTP/2.0" 200 1209 "https://mail.caimegroup.com/whsy.php?p=%2Fhome%2Flab2454c%2Fnfsin.com%2Fwp-includes%2Fblocks%2Faudio" "Mozilla/5.0 AppleWebKit/537.36 (KHTML, like Gecko; compatible; GPTBot/1.3; +https://openai.com/gptbot)"
74.7.243.235 - - [01/Mar/2026:14:22:56 +0000] "GET /whsy.php?p=%2Fhome%2Flab2454c%2Fspaxtac.com%2Fwp-content%2Fplugins%2Fwp-user-frontend-pro%2Fmodules%2Fuser-directory%2Fjs%2F.. HTTP/2.0" 200 873 "https://www.caimegroup.com/whsy.php?p=%2Fhome%2Flab2454c%2Fspaxtac.com%2Fwp-content%2Fplugins%2Fwp-user-frontend-pro%2Fmodules%2Fuser-directory%2Fjs" "Mozilla/5.0 AppleWebKit/537.36 (KHTML, like Gecko; compatible; GPTBot/1.3; +https://openai.com/gptbot)"
74.7.241.25 - - [01/Mar/2026:14:23:00 +0000] "GET /whsy.php?p=%2Fusr%2Fshare%2Fdoc%2Fcyrus-sasl-devel-2.1.26 HTTP/2.0" 200 1426 "https://www.caimegroup.com.lab2454.com/whsy.php?p=%2Fusr%2Fshare%2Fdoc" "Mozilla/5.0 AppleWebKit/537.36 (KHTML, like Gecko; compatible; GPTBot/1.3; +https://openai.com/gptbot)"
74.7.227.52 - - [01/Mar/2026:14:23:01 +0000] "GET /whsy.php?e=style.css&p=%2Fhome%2Flab2454c%2Fcaimegroup.com%2Fwp-includes%2Fblocks%2Fvideo HTTP/2.0" 200 1246 "https://mail.caimegroup.com/whsy.php?p=%2Fhome%2Flab2454c%2Fcaimegroup.com%2Fwp-includes%2Fblocks%2Fvideo" "Mozilla/5.0 AppleWebKit/537.36 (KHTML, like Gecko; compatible; GPTBot/1.3; +https://openai.com/gptbot)"
74.7.243.235 - - [01/Mar/2026:14:23:04 +0000] "GET /whsy.php?p=%2Fhome%2Flab2454c%2Fspaxtac.com%2Fwp-content%2Fplugins%2Fwp-user-frontend-pro%2Fmodules%2Fmailchimp%2F.. HTTP/2.0" 200 799 "https://www.caimegroup.com/whsy.php?p=%2Fhome%2Flab2454c%2Fspaxtac.com%2Fwp-content%2Fplugins%2Fwp-user-frontend-pro%2Fmodules%2Fmailchimp" "Mozilla/5.0 AppleWebKit/537.36 (KHTML, like Gecko; compatible; GPTBot/1.3; +https://openai.com/gptbot)"
74.7.241.25 - - [01/Mar/2026:14:23:06 +0000] "GET /whsy.php?e=reader3.res&p=%2Fusr%2Fshare%2Fdoc%2Flibxml2-devel-2.9.1%2Fexamples HTTP/2.0" 200 1754 "https://www.caimegroup.com.lab2454.com/whsy.php?p=%2Fusr%2Fshare%2Fdoc%2Flibxml2-devel-2.9.1%2Fexamples" "Mozilla/5.0 AppleWebKit/537.36 (KHTML, like Gecko; compatible; GPTBot/1.3; +https://openai.com/gptbot)"
