PATH:
var
/
log
/
apache2
/
domlogs
/
lab2454c
20.151.11.236 - - [01/Mar/2026:12:15:11 +0000] "GET /goat.php HTTP/1.1" 404 66351 "-" "-"
20.151.11.236 - - [01/Mar/2026:12:15:14 +0000] "GET /155.php HTTP/1.1" 404 66351 "-" "-"
57.141.20.23 - - [01/Mar/2026:12:15:17 +0000] "GET /shopping/products/16201429634 HTTP/1.1" 404 66351 "-" "meta-externalagent/1.1 (+https://developers.facebook.com/docs/sharing/webmasters/crawler)"
20.151.11.236 - - [01/Mar/2026:12:15:17 +0000] "GET /we.php HTTP/1.1" 404 66351 "-" "-"
20.151.11.236 - - [01/Mar/2026:12:15:21 +0000] "GET /alpha.php HTTP/1.1" 404 66351 "-" "-"
20.151.11.236 - - [01/Mar/2026:12:15:24 +0000] "GET /makeasmtp.php?p= HTTP/1.1" 301 1978 "-" "-"
57.141.20.37 - - [01/Mar/2026:12:15:26 +0000] "GET /shopping/products/162099356006 HTTP/1.1" 404 66351 "-" "meta-externalagent/1.1 (+https://developers.facebook.com/docs/sharing/webmasters/crawler)"
20.151.11.236 - - [01/Mar/2026:12:15:27 +0000] "GET /makeasmtp.php HTTP/1.1" 404 66351 "-" "-"
20.151.11.236 - - [01/Mar/2026:12:15:30 +0000] "GET /wp-michan.php HTTP/1.1" 404 66351 "-" "-"
20.151.11.236 - - [01/Mar/2026:12:15:33 +0000] "GET //wp-content/cong.php HTTP/1.1" 301 1978 "-" "-"
20.151.11.236 - - [01/Mar/2026:12:15:35 +0000] "GET /wp-content/cong.php HTTP/1.1" 404 66351 "-" "-"
57.141.20.53 - - [01/Mar/2026:12:15:36 +0000] "GET /shopping/products/16206394302 HTTP/1.1" 404 66351 "-" "meta-externalagent/1.1 (+https://developers.facebook.com/docs/sharing/webmasters/crawler)"
139.162.194.112 - - [01/Mar/2026:12:15:38 +0000] "POST /wp-cron.php?doing_wp_cron=1772367338.9394919872283935546875 HTTP/1.1" 404 13186 "-" "WordPress/6.9.1; https://elementalmill.com"
139.162.194.112 - - [01/Mar/2026:12:15:39 +0000] "POST /wp-cron.php?doing_wp_cron=1772367339.6577789783477783203125 HTTP/1.1" 404 13186 "-" "WordPress/6.9.1; https://elementalmill.com"
20.151.11.236 - - [01/Mar/2026:12:15:40 +0000] "GET /wp-the.php HTTP/1.1" 404 66351 "-" "-"
20.151.11.236 - - [01/Mar/2026:12:15:43 +0000] "GET //wp-includes/css/dist/ HTTP/1.1" 301 1978 "-" "-"
57.141.20.6 - - [01/Mar/2026:12:15:46 +0000] "GET /shopping/products/16182816965 HTTP/1.1" 404 66351 "-" "meta-externalagent/1.1 (+https://developers.facebook.com/docs/sharing/webmasters/crawler)"
20.151.11.236 - - [01/Mar/2026:12:15:46 +0000] "GET /wp-includes/css/dist/ HTTP/1.1" 404 66351 "-" "-"
20.151.11.236 - - [01/Mar/2026:12:15:49 +0000] "GET /BDKR28WP.php HTTP/1.1" 404 66351 "-" "-"
20.151.11.236 - - [01/Mar/2026:12:15:52 +0000] "GET //wp-includes/l10n/ HTTP/1.1" 301 1978 "-" "-"
20.151.11.236 - - [01/Mar/2026:12:15:55 +0000] "GET /wp-includes/l10n/ HTTP/1.1" 404 66351 "-" "-"
57.141.20.45 - - [01/Mar/2026:12:15:55 +0000] "GET /shopping/products/162265603174 HTTP/1.1" 404 66351 "-" "meta-externalagent/1.1 (+https://developers.facebook.com/docs/sharing/webmasters/crawler)"
20.151.11.236 - - [01/Mar/2026:12:15:58 +0000] "GET /wp.php HTTP/1.1" 404 66351 "-" "-"
20.151.11.236 - - [01/Mar/2026:12:16:01 +0000] "GET //assets/css/index.php?p= HTTP/1.1" 301 1978 "-" "-"
20.151.11.236 - - [01/Mar/2026:12:16:04 +0000] "GET /assets/css/ HTTP/1.1" 404 66351 "-" "-"
57.141.20.26 - - [01/Mar/2026:12:16:05 +0000] "GET /shopping/products/162149427858 HTTP/1.1" 404 66351 "-" "meta-externalagent/1.1 (+https://developers.facebook.com/docs/sharing/webmasters/crawler)"
20.151.11.236 - - [01/Mar/2026:12:16:07 +0000] "GET /w4.php HTTP/1.1" 404 66351 "-" "-"
74.7.227.51 - - [01/Mar/2026:12:16:10 +0000] "GET /shop/pg/161880361 HTTP/1.1" 200 24193 "http://elementalmill.com/shop/pg/76501" "Mozilla/5.0 AppleWebKit/537.36 (KHTML, like Gecko; compatible; GPTBot/1.3; +https://openai.com/gptbot)"
20.151.11.236 - - [01/Mar/2026:12:16:10 +0000] "GET //wp-admin/js/widgets/index.php HTTP/1.1" 301 - "-" "-"
185.191.171.13 - - [01/Mar/2026:12:16:12 +0000] "GET /shop/pg/16201429120 HTTP/1.1" 200 24179 "-" "Mozilla/5.0 (compatible; SemrushBot/7~bl; +http://www.semrush.com/bot.html)"
20.151.11.236 - - [01/Mar/2026:12:16:12 +0000] "GET /wp-admin/js/widgets/ HTTP/1.1" 404 58439 "-" "-"
57.141.20.5 - - [01/Mar/2026:12:16:14 +0000] "GET /shopping/products/162183939494 HTTP/1.1" 404 66351 "-" "meta-externalagent/1.1 (+https://developers.facebook.com/docs/sharing/webmasters/crawler)"
20.151.11.236 - - [01/Mar/2026:12:16:15 +0000] "GET /ok.php HTTP/1.1" 404 66351 "-" "-"
20.151.11.236 - - [01/Mar/2026:12:16:18 +0000] "GET //about.php HTTP/1.1" 200 349 "-" "-"
185.191.171.16 - - [01/Mar/2026:12:16:19 +0000] "GET /shop/pg/1618334220 HTTP/1.1" 200 24182 "-" "Mozilla/5.0 (compatible; SemrushBot/7~bl; +http://www.semrush.com/bot.html)"
20.151.11.236 - - [01/Mar/2026:12:16:19 +0000] "GET /tymn.php?p= HTTP/1.1" 301 1978 "-" "-"
20.151.11.236 - - [01/Mar/2026:12:16:21 +0000] "GET /tymn.php HTTP/1.1" 404 66351 "-" "-"
85.208.96.202 - - [01/Mar/2026:12:16:23 +0000] "GET /shop/pg/161894305 HTTP/1.1" 200 24545 "-" "Mozilla/5.0 (compatible; SemrushBot/7~bl; +http://www.semrush.com/bot.html)"
57.141.20.28 - - [01/Mar/2026:12:16:24 +0000] "GET /shopping/products/16185680875 HTTP/1.1" 404 66351 "-" "meta-externalagent/1.1 (+https://developers.facebook.com/docs/sharing/webmasters/crawler)"
20.151.11.236 - - [01/Mar/2026:12:16:25 +0000] "GET //bak.php HTTP/1.1" 301 1978 "-" "-"
20.151.11.236 - - [01/Mar/2026:12:16:27 +0000] "GET /bak.php HTTP/1.1" 404 66351 "-" "-"
20.151.11.236 - - [01/Mar/2026:12:16:30 +0000] "GET /wp-admin/js/fi.php HTTP/1.1" 404 58439 "-" "-"
185.191.171.17 - - [01/Mar/2026:12:16:33 +0000] "GET /shop/pg/917764 HTTP/1.1" 200 24455 "-" "Mozilla/5.0 (compatible; SemrushBot/7~bl; +http://www.semrush.com/bot.html)"
20.151.11.236 - - [01/Mar/2026:12:16:33 +0000] "GET /fe5.php HTTP/1.1" 404 66351 "-" "-"
57.141.20.57 - - [01/Mar/2026:12:16:33 +0000] "GET /shopping/products/16211585483 HTTP/1.1" 404 66351 "-" "meta-externalagent/1.1 (+https://developers.facebook.com/docs/sharing/webmasters/crawler)"
20.151.11.236 - - [01/Mar/2026:12:16:36 +0000] "GET /kj.php HTTP/1.1" 404 66351 "-" "-"
74.7.227.51 - - [01/Mar/2026:12:16:40 +0000] "GET /shop/pg/161896597 HTTP/1.1" 200 24488 "http://elementalmill.com/shop/pg/92725" "Mozilla/5.0 AppleWebKit/537.36 (KHTML, like Gecko; compatible; GPTBot/1.3; +https://openai.com/gptbot)"
20.151.11.236 - - [01/Mar/2026:12:16:39 +0000] "GET //wp-content/uploads/2021/02/index.php HTTP/1.1" 301 1978 "-" "-"
139.162.194.112 - - [01/Mar/2026:12:16:42 +0000] "POST /wp-cron.php?doing_wp_cron=1772367402.3610138893127441406250 HTTP/1.1" 404 13186 "-" "WordPress/6.9.1; https://elementalmill.com"
20.151.11.236 - - [01/Mar/2026:12:16:42 +0000] "GET /wp-content/uploads/2021/02/ HTTP/1.1" 404 66351 "-" "-"
185.191.171.13 - - [01/Mar/2026:12:16:44 +0000] "GET /shop/pg/16211590918 HTTP/1.1" 200 24449 "-" "Mozilla/5.0 (compatible; SemrushBot/7~bl; +http://www.semrush.com/bot.html)"
57.141.20.30 - - [01/Mar/2026:12:16:43 +0000] "GET /shopping/products/16203738080 HTTP/1.1" 404 66351 "-" "meta-externalagent/1.1 (+https://developers.facebook.com/docs/sharing/webmasters/crawler)"
20.151.11.236 - - [01/Mar/2026:12:16:46 +0000] "GET /av.php HTTP/1.1" 404 66351 "-" "-"
85.208.96.194 - - [01/Mar/2026:12:16:50 +0000] "GET /shop/pg/2085936 HTTP/1.1" 200 25237 "-" "Mozilla/5.0 (compatible; SemrushBot/7~bl; +http://www.semrush.com/bot.html)"
20.151.11.236 - - [01/Mar/2026:12:16:49 +0000] "GET /abcd.php HTTP/1.1" 404 66351 "-" "-"
20.151.11.236 - - [01/Mar/2026:12:16:52 +0000] "GET /init.php HTTP/1.1" 404 66351 "-" "-"
57.141.20.11 - - [01/Mar/2026:12:16:52 +0000] "GET /shopping/products/16214308256 HTTP/1.1" 404 66351 "-" "meta-externalagent/1.1 (+https://developers.facebook.com/docs/sharing/webmasters/crawler)"
20.151.11.236 - - [01/Mar/2026:12:16:55 +0000] "GET /fi.php HTTP/1.1" 404 66351 "-" "-"
20.151.11.236 - - [01/Mar/2026:12:16:58 +0000] "GET //a1.php HTTP/1.1" 301 1978 "-" "-"
20.151.11.236 - - [01/Mar/2026:12:17:01 +0000] "GET /a1.php HTTP/1.1" 404 66351 "-" "-"
57.141.20.57 - - [01/Mar/2026:12:17:02 +0000] "GET /shopping/products/162014492879 HTTP/1.1" 404 66351 "-" "meta-externalagent/1.1 (+https://developers.facebook.com/docs/sharing/webmasters/crawler)"
20.151.11.236 - - [01/Mar/2026:12:17:04 +0000] "GET /update/f35.php HTTP/1.1" 404 66351 "-" "-"
20.151.11.236 - - [01/Mar/2026:12:17:07 +0000] "GET /wp-includes/Text/Diff/Engine/about.php HTTP/1.1" 404 66351 "-" "-"
20.151.11.236 - - [01/Mar/2026:12:17:10 +0000] "GET /f35.php HTTP/1.1" 404 66351 "-" "-"
57.141.20.1 - - [01/Mar/2026:12:17:11 +0000] "GET /shopping/products/162197137369 HTTP/1.1" 404 66351 "-" "meta-externalagent/1.1 (+https://developers.facebook.com/docs/sharing/webmasters/crawler)"
20.151.11.236 - - [01/Mar/2026:12:17:13 +0000] "GET /hi.php HTTP/1.1" 404 66351 "-" "-"
20.151.11.236 - - [01/Mar/2026:12:17:16 +0000] "GET //lala.php HTTP/1.1" 301 1978 "-" "-"
20.151.11.236 - - [01/Mar/2026:12:17:19 +0000] "GET /lala.php HTTP/1.1" 404 66351 "-" "-"
57.141.20.49 - - [01/Mar/2026:12:17:21 +0000] "GET /shopping/products/16193347930 HTTP/1.1" 404 66351 "-" "meta-externalagent/1.1 (+https://developers.facebook.com/docs/sharing/webmasters/crawler)"
20.151.11.236 - - [01/Mar/2026:12:17:22 +0000] "GET /lb.php HTTP/1.1" 404 66351 "-" "-"
185.191.171.3 - - [01/Mar/2026:12:17:27 +0000] "GET /shop/pg/1618321383 HTTP/1.1" 200 24099 "-" "Mozilla/5.0 (compatible; SemrushBot/7~bl; +http://www.semrush.com/bot.html)"
20.151.11.236 - - [01/Mar/2026:12:17:25 +0000] "GET //wp-includes/css/index.php?p= HTTP/1.1" 301 1978 "-" "-"
185.191.171.3 - - [01/Mar/2026:12:17:30 +0000] "GET /shop/pg/16201384705 HTTP/1.1" 200 25996 "-" "Mozilla/5.0 (compatible; SemrushBot/7~bl; +http://www.semrush.com/bot.html)"
20.151.11.236 - - [01/Mar/2026:12:17:28 +0000] "GET /wp-includes/css/ HTTP/1.1" 404 66351 "-" "-"
57.141.20.2 - - [01/Mar/2026:12:17:30 +0000] "GET /shopping/products/162295024891 HTTP/1.1" 404 66351 "-" "meta-externalagent/1.1 (+https://developers.facebook.com/docs/sharing/webmasters/crawler)"
20.151.11.236 - - [01/Mar/2026:12:17:31 +0000] "GET /0.php HTTP/1.1" 404 66351 "-" "-"
20.151.11.236 - - [01/Mar/2026:12:17:34 +0000] "GET /core.php HTTP/1.1" 404 66351 "-" "-"
20.151.11.236 - - [01/Mar/2026:12:17:37 +0000] "GET /autogooey.php HTTP/1.1" 404 66351 "-" "-"
85.208.96.200 - - [01/Mar/2026:12:17:42 +0000] "GET /shop/pg/2201062 HTTP/1.1" 200 24618 "-" "Mozilla/5.0 (compatible; SemrushBot/7~bl; +http://www.semrush.com/bot.html)"
57.141.20.48 - - [01/Mar/2026:12:17:40 +0000] "GET /shopping/products/16182851243 HTTP/1.1" 404 66351 "-" "meta-externalagent/1.1 (+https://developers.facebook.com/docs/sharing/webmasters/crawler)"
20.151.11.236 - - [01/Mar/2026:12:17:41 +0000] "GET /wp-includes/SimplePie/ HTTP/1.1" 404 66351 "-" "-"
139.162.194.112 - - [01/Mar/2026:12:17:43 +0000] "POST /wp-cron.php?doing_wp_cron=1772367463.0485661029815673828125 HTTP/1.1" 404 13186 "-" "WordPress/6.9.1; https://elementalmill.com"
139.162.194.112 - - [01/Mar/2026:12:17:43 +0000] "POST /wp-cron.php?doing_wp_cron=1772367463.6688530445098876953125 HTTP/1.1" 404 13186 "-" "WordPress/6.9.1; https://elementalmill.com"
20.151.11.236 - - [01/Mar/2026:12:17:44 +0000] "GET /prv8.php HTTP/1.1" 404 66351 "-" "-"
20.151.11.236 - - [01/Mar/2026:12:17:47 +0000] "GET /k.php HTTP/1.1" 404 66351 "-" "-"
85.208.96.200 - - [01/Mar/2026:12:17:51 +0000] "GET /shop/pg/1618132118 HTTP/1.1" 200 24320 "-" "Mozilla/5.0 (compatible; SemrushBot/7~bl; +http://www.semrush.com/bot.html)"
57.141.20.58 - - [01/Mar/2026:12:17:49 +0000] "GET /shopping/products/16222137077 HTTP/1.1" 404 66351 "-" "meta-externalagent/1.1 (+https://developers.facebook.com/docs/sharing/webmasters/crawler)"
20.151.11.236 - - [01/Mar/2026:12:17:50 +0000] "GET /dev.php HTTP/1.1" 404 66351 "-" "-"
185.191.171.9 - - [01/Mar/2026:12:17:53 +0000] "GET /shop/pg/1619904258 HTTP/1.1" 200 25244 "-" "Mozilla/5.0 (compatible; SemrushBot/7~bl; +http://www.semrush.com/bot.html)"
74.7.227.51 - - [01/Mar/2026:12:17:55 +0000] "GET /shop/pg/161896531 HTTP/1.1" 200 24925 "http://elementalmill.com/shop/pg/92649" "Mozilla/5.0 AppleWebKit/537.36 (KHTML, like Gecko; compatible; GPTBot/1.3; +https://openai.com/gptbot)"
20.151.11.236 - - [01/Mar/2026:12:17:54 +0000] "GET /x123x.php HTTP/1.1" 404 66351 "-" "-"
20.151.11.236 - - [01/Mar/2026:12:17:57 +0000] "GET /bal.php HTTP/1.1" 404 66351 "-" "-"
57.141.20.29 - - [01/Mar/2026:12:17:59 +0000] "GET /shopping/products/16201144260 HTTP/1.1" 404 66351 "-" "meta-externalagent/1.1 (+https://developers.facebook.com/docs/sharing/webmasters/crawler)"
20.151.11.236 - - [01/Mar/2026:12:18:00 +0000] "GET /in.php HTTP/1.1" 404 66351 "-" "-"
20.151.11.236 - - [01/Mar/2026:12:18:03 +0000] "GET /gssdd.php HTTP/1.1" 404 66351 "-" "-"
20.151.11.236 - - [01/Mar/2026:12:18:06 +0000] "GET /motu.php HTTP/1.1" 404 66351 "-" "-"
57.141.20.11 - - [01/Mar/2026:12:18:08 +0000] "GET /shopping/products/162183727112 HTTP/1.1" 404 66351 "-" "meta-externalagent/1.1 (+https://developers.facebook.com/docs/sharing/webmasters/crawler)"
20.151.11.236 - - [01/Mar/2026:12:18:09 +0000] "GET /bs1.php HTTP/1.1" 404 66351 "-" "-"
85.208.96.195 - - [01/Mar/2026:12:18:11 +0000] "GET /shop/pg/950146 HTTP/1.1" 200 24845 "-" "Mozilla/5.0 (compatible; SemrushBot/7~bl; +http://www.semrush.com/bot.html)"
20.151.11.236 - - [01/Mar/2026:12:18:12 +0000] "GET /bengi.php HTTP/1.1" 404 66351 "-" "-"
185.191.171.6 - - [01/Mar/2026:12:18:15 +0000] "GET /shop/pg/16211753824 HTTP/1.1" 200 25192 "-" "Mozilla/5.0 (compatible; SemrushBot/7~bl; +http://www.semrush.com/bot.html)"
20.151.11.236 - - [01/Mar/2026:12:18:15 +0000] "GET //log.php HTTP/1.1" 301 1978 "-" "-"
85.208.96.204 - - [01/Mar/2026:12:18:18 +0000] "GET /shop/pg/1619511778 HTTP/1.1" 200 25052 "-" "Mozilla/5.0 (compatible; SemrushBot/7~bl; +http://www.semrush.com/bot.html)"
20.151.11.236 - - [01/Mar/2026:12:18:17 +0000] "GET /log.php HTTP/1.1" 404 66351 "-" "-"
57.141.20.57 - - [01/Mar/2026:12:18:18 +0000] "GET /shopping/products/161813723667 HTTP/1.1" 404 66351 "-" "meta-externalagent/1.1 (+https://developers.facebook.com/docs/sharing/webmasters/crawler)"
185.191.171.3 - - [01/Mar/2026:12:18:21 +0000] "GET /shop/pg/2143153 HTTP/1.1" 200 25536 "-" "Mozilla/5.0 (compatible; SemrushBot/7~bl; +http://www.semrush.com/bot.html)"
20.151.11.236 - - [01/Mar/2026:12:18:20 +0000] "GET /miansha.php HTTP/1.1" 404 66351 "-" "-"
20.151.11.236 - - [01/Mar/2026:12:18:23 +0000] "GET //erty.php HTTP/1.1" 301 1978 "-" "-"
185.191.171.12 - - [01/Mar/2026:12:18:26 +0000] "GET /shop/pg/16222044703 HTTP/1.1" 200 24705 "-" "Mozilla/5.0 (compatible; SemrushBot/7~bl; +http://www.semrush.com/bot.html)"
20.151.11.236 - - [01/Mar/2026:12:18:26 +0000] "GET /erty.php HTTP/1.1" 404 66351 "-" "-"
57.141.20.29 - - [01/Mar/2026:12:18:27 +0000] "GET /shopping/products/161847687933 HTTP/1.1" 404 66351 "-" "meta-externalagent/1.1 (+https://developers.facebook.com/docs/sharing/webmasters/crawler)"
85.208.96.200 - - [01/Mar/2026:12:18:30 +0000] "GET /shop/pg/2069144 HTTP/1.1" 200 25377 "-" "Mozilla/5.0 (compatible; SemrushBot/7~bl; +http://www.semrush.com/bot.html)"
20.151.11.236 - - [01/Mar/2026:12:18:29 +0000] "GET /wp-content/plugins/pwnd/as.php HTTP/1.1" 404 66351 "-" "-"
74.7.227.51 - - [01/Mar/2026:12:18:31 +0000] "GET /shop/pg/161874685 HTTP/1.1" 200 25386 "http://elementalmill.com/shop/pg/70823" "Mozilla/5.0 AppleWebKit/537.36 (KHTML, like Gecko; compatible; GPTBot/1.3; +https://openai.com/gptbot)"
185.191.171.14 - - [01/Mar/2026:12:18:32 +0000] "GET /shop/pg/2257940 HTTP/1.1" 200 25395 "-" "Mozilla/5.0 (compatible; SemrushBot/7~bl; +http://www.semrush.com/bot.html)"
20.151.11.236 - - [01/Mar/2026:12:18:32 +0000] "GET /X57.php HTTP/1.1" 404 66351 "-" "-"
20.151.11.236 - - [01/Mar/2026:12:18:35 +0000] "GET /axx.php HTTP/1.1" 404 66351 "-" "-"
57.141.20.35 - - [01/Mar/2026:12:18:37 +0000] "GET /shopping/products/16222128273 HTTP/1.1" 404 66351 "-" "meta-externalagent/1.1 (+https://developers.facebook.com/docs/sharing/webmasters/crawler)"
20.151.11.236 - - [01/Mar/2026:12:18:38 +0000] "GET /alfashell.php HTTP/1.1" 404 66351 "-" "-"
20.151.11.236 - - [01/Mar/2026:12:18:41 +0000] "GET /myfile.php HTTP/1.1" 404 66351 "-" "-"
85.208.96.201 - - [01/Mar/2026:12:18:44 +0000] "GET /shop/pg/316103 HTTP/1.1" 200 25127 "-" "Mozilla/5.0 (compatible; SemrushBot/7~bl; +http://www.semrush.com/bot.html)"
139.162.194.112 - - [01/Mar/2026:12:18:44 +0000] "POST /wp-cron.php?doing_wp_cron=1772367524.2214019298553466796875 HTTP/1.1" 404 13186 "-" "WordPress/6.9.1; https://elementalmill.com"
20.151.11.236 - - [01/Mar/2026:12:18:45 +0000] "GET /re.php HTTP/1.1" 404 66351 "-" "-"
185.191.171.3 - - [01/Mar/2026:12:18:47 +0000] "GET /shop/pg/289882 HTTP/1.1" 200 24442 "-" "Mozilla/5.0 (compatible; SemrushBot/7~bl; +http://www.semrush.com/bot.html)"
57.141.20.28 - - [01/Mar/2026:12:18:47 +0000] "GET /shopping/products/16211619044 HTTP/1.1" 404 66351 "-" "meta-externalagent/1.1 (+https://developers.facebook.com/docs/sharing/webmasters/crawler)"
20.151.11.236 - - [01/Mar/2026:12:18:48 +0000] "GET /styll.php HTTP/1.1" 404 66351 "-" "-"
20.151.11.236 - - [01/Mar/2026:12:18:51 +0000] "GET /flower.php HTTP/1.1" 404 66351 "-" "-"
20.151.11.236 - - [01/Mar/2026:12:18:54 +0000] "GET /flower2.php HTTP/1.1" 404 66351 "-" "-"
20.151.11.236 - - [01/Mar/2026:12:18:57 +0000] "GET /4h.php HTTP/1.1" 404 66351 "-" "-"
57.141.20.44 - - [01/Mar/2026:12:18:56 +0000] "GET /sitemap648.xml HTTP/1.1" 200 166442 "-" "meta-externalagent/1.1 (+https://developers.facebook.com/docs/sharing/webmasters/crawler)"
74.7.227.51 - - [01/Mar/2026:12:19:01 +0000] "GET /shop/pg/161896201 HTTP/1.1" 200 24856 "http://elementalmill.com/shop/pg/92341" "Mozilla/5.0 AppleWebKit/537.36 (KHTML, like Gecko; compatible; GPTBot/1.3; +https://openai.com/gptbot)"
20.151.11.236 - - [01/Mar/2026:12:19:00 +0000] "GET /gettest.php HTTP/1.1" 404 66351 "-" "-"
20.151.11.236 - - [01/Mar/2026:12:19:03 +0000] "GET /acp.php HTTP/1.1" 404 66351 "-" "-"
57.141.20.57 - - [01/Mar/2026:12:19:05 +0000] "GET /shopping/products/162083273161 HTTP/1.1" 404 66351 "-" "meta-externalagent/1.1 (+https://developers.facebook.com/docs/sharing/webmasters/crawler)"
20.151.11.236 - - [01/Mar/2026:12:19:07 +0000] "GET /database.php HTTP/1.1" 404 66351 "-" "-"
57.141.20.34 - - [01/Mar/2026:12:19:14 +0000] "GET /shopping/products/16203730712 HTTP/1.1" 404 66351 "-" "meta-externalagent/1.1 (+https://developers.facebook.com/docs/sharing/webmasters/crawler)"
57.141.20.13 - - [01/Mar/2026:12:19:23 +0000] "GET /shopping/products/161816062659 HTTP/1.1" 404 66351 "-" "meta-externalagent/1.1 (+https://developers.facebook.com/docs/sharing/webmasters/crawler)"
57.141.20.28 - - [01/Mar/2026:12:19:32 +0000] "GET /shopping/products/16185705789 HTTP/1.1" 404 66351 "-" "meta-externalagent/1.1 (+https://developers.facebook.com/docs/sharing/webmasters/crawler)"
57.141.20.30 - - [01/Mar/2026:12:19:40 +0000] "GET /shopping/products/16224920275 HTTP/1.1" 404 66351 "-" "meta-externalagent/1.1 (+https://developers.facebook.com/docs/sharing/webmasters/crawler)"
57.141.20.46 - - [01/Mar/2026:12:19:49 +0000] "GET /shopping/products/16216929020 HTTP/1.1" 404 66351 "-" "meta-externalagent/1.1 (+https://developers.facebook.com/docs/sharing/webmasters/crawler)"
139.162.194.112 - - [01/Mar/2026:12:19:52 +0000] "POST /wp-cron.php?doing_wp_cron=1772367592.3738949298858642578125 HTTP/1.1" 404 13186 "-" "WordPress/6.9.1; https://elementalmill.com"
57.141.20.10 - - [01/Mar/2026:12:19:58 +0000] "GET /shopping/products/162295054589 HTTP/1.1" 404 66351 "-" "meta-externalagent/1.1 (+https://developers.facebook.com/docs/sharing/webmasters/crawler)"
57.141.20.37 - - [01/Mar/2026:12:20:06 +0000] "GET /shopping/products/16196143594 HTTP/1.1" 404 66351 "-" "meta-externalagent/1.1 (+https://developers.facebook.com/docs/sharing/webmasters/crawler)"
57.141.20.50 - - [01/Mar/2026:12:20:15 +0000] "GET /shopping/products/161916643717 HTTP/1.1" 404 66351 "-" "meta-externalagent/1.1 (+https://developers.facebook.com/docs/sharing/webmasters/crawler)"
85.208.96.206 - - [01/Mar/2026:12:20:21 +0000] "GET /shop/pg/1618147198 HTTP/1.1" 200 24890 "-" "Mozilla/5.0 (compatible; SemrushBot/7~bl; +http://www.semrush.com/bot.html)"
74.7.227.51 - - [01/Mar/2026:12:20:21 +0000] "GET /shop/pg/161828122 HTTP/1.1" 200 24228 "http://elementalmill.com/shop/pg/24264" "Mozilla/5.0 AppleWebKit/537.36 (KHTML, like Gecko; compatible; GPTBot/1.3; +https://openai.com/gptbot)"
85.208.96.203 - - [01/Mar/2026:12:20:23 +0000] "GET /shop/pg/1619938969 HTTP/1.1" 200 24732 "-" "Mozilla/5.0 (compatible; SemrushBot/7~bl; +http://www.semrush.com/bot.html)"
57.141.20.32 - - [01/Mar/2026:12:20:24 +0000] "GET /shopping/products/162144039126 HTTP/1.1" 404 66351 "-" "meta-externalagent/1.1 (+https://developers.facebook.com/docs/sharing/webmasters/crawler)"
85.208.96.207 - - [01/Mar/2026:12:20:29 +0000] "GET /shop/pg/1619938165 HTTP/1.1" 200 25327 "-" "Mozilla/5.0 (compatible; SemrushBot/7~bl; +http://www.semrush.com/bot.html)"
57.141.20.42 - - [01/Mar/2026:12:20:33 +0000] "GET /shopping/products/16222127884 HTTP/1.1" 404 66351 "-" "meta-externalagent/1.1 (+https://developers.facebook.com/docs/sharing/webmasters/crawler)"
85.208.96.196 - - [01/Mar/2026:12:20:38 +0000] "GET /shop/pg/125231 HTTP/1.1" 200 25051 "-" "Mozilla/5.0 (compatible; SemrushBot/7~bl; +http://www.semrush.com/bot.html)"
57.141.20.46 - - [01/Mar/2026:12:20:41 +0000] "GET /shopping/products/162093722240 HTTP/1.1" 404 66351 "-" "meta-externalagent/1.1 (+https://developers.facebook.com/docs/sharing/webmasters/crawler)"
185.191.171.1 - - [01/Mar/2026:12:20:47 +0000] "GET /shop/pg/945906 HTTP/1.1" 200 25760 "-" "Mozilla/5.0 (compatible; SemrushBot/7~bl; +http://www.semrush.com/bot.html)"
57.141.20.13 - - [01/Mar/2026:12:20:50 +0000] "GET /shopping/products/161848029105 HTTP/1.1" 404 66351 "-" "meta-externalagent/1.1 (+https://developers.facebook.com/docs/sharing/webmasters/crawler)"
139.162.194.112 - - [01/Mar/2026:12:20:53 +0000] "POST /wp-cron.php?doing_wp_cron=1772367653.1444149017333984375000 HTTP/1.1" 404 13186 "-" "WordPress/6.9.1; https://elementalmill.com"
85.208.96.196 - - [01/Mar/2026:12:20:57 +0000] "GET /shop/pg/1619922773 HTTP/1.1" 200 25400 "-" "Mozilla/5.0 (compatible; SemrushBot/7~bl; +http://www.semrush.com/bot.html)"
57.141.20.34 - - [01/Mar/2026:12:20:58 +0000] "GET /shopping/products/162149254579 HTTP/1.1" 404 66351 "-" "meta-externalagent/1.1 (+https://developers.facebook.com/docs/sharing/webmasters/crawler)"
57.141.20.43 - - [01/Mar/2026:12:21:07 +0000] "GET /shopping/products/16214262133 HTTP/1.1" 404 66351 "-" "meta-externalagent/1.1 (+https://developers.facebook.com/docs/sharing/webmasters/crawler)"
57.141.20.38 - - [01/Mar/2026:12:21:16 +0000] "GET /shopping/products/161884938737 HTTP/1.1" 404 66351 "-" "meta-externalagent/1.1 (+https://developers.facebook.com/docs/sharing/webmasters/crawler)"
57.141.20.10 - - [01/Mar/2026:12:21:25 +0000] "GET /shopping/products/16193456811 HTTP/1.1" 404 66351 "-" "meta-externalagent/1.1 (+https://developers.facebook.com/docs/sharing/webmasters/crawler)"
85.208.96.198 - - [01/Mar/2026:12:21:31 +0000] "GET /shop/pg/1619908889 HTTP/1.1" 200 25136 "-" "Mozilla/5.0 (compatible; SemrushBot/7~bl; +http://www.semrush.com/bot.html)"
57.141.20.46 - - [01/Mar/2026:12:21:33 +0000] "GET /shopping/products/16183138764 HTTP/1.1" 404 66351 "-" "meta-externalagent/1.1 (+https://developers.facebook.com/docs/sharing/webmasters/crawler)"
85.208.96.198 - - [01/Mar/2026:12:21:37 +0000] "GET /shop/pg/1618254483 HTTP/1.1" 200 25144 "-" "Mozilla/5.0 (compatible; SemrushBot/7~bl; +http://www.semrush.com/bot.html)"
57.141.20.57 - - [01/Mar/2026:12:21:42 +0000] "GET /shopping/products/16227413467 HTTP/1.1" 404 66351 "-" "meta-externalagent/1.1 (+https://developers.facebook.com/docs/sharing/webmasters/crawler)"
85.208.96.196 - - [01/Mar/2026:12:21:44 +0000] "GET /shop/pg/1323345 HTTP/1.1" 200 24547 "-" "Mozilla/5.0 (compatible; SemrushBot/7~bl; +http://www.semrush.com/bot.html)"
85.208.96.196 - - [01/Mar/2026:12:21:53 +0000] "GET /shop/pg/1618462203 HTTP/1.1" 200 24502 "-" "Mozilla/5.0 (compatible; SemrushBot/7~bl; +http://www.semrush.com/bot.html)"
57.141.20.47 - - [01/Mar/2026:12:21:51 +0000] "GET /shopping/products/162144076215 HTTP/1.1" 404 66351 "-" "meta-externalagent/1.1 (+https://developers.facebook.com/docs/sharing/webmasters/crawler)"
139.162.194.112 - - [01/Mar/2026:12:21:53 +0000] "POST /wp-cron.php?doing_wp_cron=1772367713.7458829879760742187500 HTTP/1.1" 404 13186 "-" "WordPress/6.9.1; https://elementalmill.com"
85.208.96.207 - - [01/Mar/2026:12:21:57 +0000] "GET /shop/pg/16201311366 HTTP/1.1" 200 25045 "-" "Mozilla/5.0 (compatible; SemrushBot/7~bl; +http://www.semrush.com/bot.html)"
74.7.227.51 - - [01/Mar/2026:12:22:00 +0000] "GET /shop/pg/1618357754 HTTP/1.1" 200 24540 "http://elementalmill.com/shop/pg/161874685" "Mozilla/5.0 AppleWebKit/537.36 (KHTML, like Gecko; compatible; GPTBot/1.3; +https://openai.com/gptbot)"
57.141.20.3 - - [01/Mar/2026:12:21:59 +0000] "GET /shopping/products/162297438925 HTTP/1.1" 404 66351 "-" "meta-externalagent/1.1 (+https://developers.facebook.com/docs/sharing/webmasters/crawler)"
57.141.20.56 - - [01/Mar/2026:12:22:08 +0000] "GET /shopping/products/1619815085 HTTP/1.1" 404 66351 "-" "meta-externalagent/1.1 (+https://developers.facebook.com/docs/sharing/webmasters/crawler)"
57.141.20.34 - - [01/Mar/2026:12:22:17 +0000] "GET /shopping/products/161818678734 HTTP/1.1" 404 66351 "-" "meta-externalagent/1.1 (+https://developers.facebook.com/docs/sharing/webmasters/crawler)"
85.208.96.193 - - [01/Mar/2026:12:22:20 +0000] "GET /shop/pg/16211514452 HTTP/1.1" 200 24858 "-" "Mozilla/5.0 (compatible; SemrushBot/7~bl; +http://www.semrush.com/bot.html)"
185.191.171.14 - - [01/Mar/2026:12:22:23 +0000] "GET /shop/pg/1619925891 HTTP/1.1" 200 24195 "-" "Mozilla/5.0 (compatible; SemrushBot/7~bl; +http://www.semrush.com/bot.html)"
185.191.171.15 - - [01/Mar/2026:12:22:26 +0000] "GET /shop/pg/1619906105 HTTP/1.1" 200 26185 "-" "Mozilla/5.0 (compatible; SemrushBot/7~bl; +http://www.semrush.com/bot.html)"
57.141.20.40 - - [01/Mar/2026:12:22:25 +0000] "GET /shopping/products/1619101520721 HTTP/1.1" 404 66351 "-" "meta-externalagent/1.1 (+https://developers.facebook.com/docs/sharing/webmasters/crawler)"
85.208.96.197 - - [01/Mar/2026:12:22:28 +0000] "GET /shop/pg/1619924607 HTTP/1.1" 200 24528 "-" "Mozilla/5.0 (compatible; SemrushBot/7~bl; +http://www.semrush.com/bot.html)"
185.191.171.14 - - [01/Mar/2026:12:22:30 +0000] "GET /shop/pg/1619902874 HTTP/1.1" 200 25098 "-" "Mozilla/5.0 (compatible; SemrushBot/7~bl; +http://www.semrush.com/bot.html)"
85.208.96.198 - - [01/Mar/2026:12:22:33 +0000] "GET /shop/pg/16211721411 HTTP/1.1" 200 25688 "-" "Mozilla/5.0 (compatible; SemrushBot/7~bl; +http://www.semrush.com/bot.html)"
85.208.96.206 - - [01/Mar/2026:12:22:36 +0000] "GET /shop/pg/1618309041 HTTP/1.1" 200 25107 "-" "Mozilla/5.0 (compatible; SemrushBot/7~bl; +http://www.semrush.com/bot.html)"
57.141.20.14 - - [01/Mar/2026:12:22:34 +0000] "GET /shopping/products/162061934369 HTTP/1.1" 404 66351 "-" "meta-externalagent/1.1 (+https://developers.facebook.com/docs/sharing/webmasters/crawler)"
57.141.20.51 - - [01/Mar/2026:12:22:43 +0000] "GET /shopping/products/16214502788 HTTP/1.1" 404 66351 "-" "meta-externalagent/1.1 (+https://developers.facebook.com/docs/sharing/webmasters/crawler)"
185.191.171.19 - - [01/Mar/2026:12:22:53 +0000] "GET /shop/pg/16222018843 HTTP/1.1" 200 24416 "-" "Mozilla/5.0 (compatible; SemrushBot/7~bl; +http://www.semrush.com/bot.html)"
57.141.20.39 - - [01/Mar/2026:12:22:52 +0000] "GET /shopping/products/16185768534 HTTP/1.1" 404 66351 "-" "meta-externalagent/1.1 (+https://developers.facebook.com/docs/sharing/webmasters/crawler)"
139.162.194.112 - - [01/Mar/2026:12:22:55 +0000] "POST /wp-cron.php?doing_wp_cron=1772367774.9877200126647949218750 HTTP/1.1" 404 13186 "-" "WordPress/6.9.1; https://elementalmill.com"
85.208.96.196 - - [01/Mar/2026:12:22:58 +0000] "GET /shop/pg/84014 HTTP/1.1" 200 24585 "-" "Mozilla/5.0 (compatible; SemrushBot/7~bl; +http://www.semrush.com/bot.html)"
57.141.20.24 - - [01/Mar/2026:12:23:01 +0000] "GET /shopping/products/162297750981 HTTP/1.1" 404 66351 "-" "meta-externalagent/1.1 (+https://developers.facebook.com/docs/sharing/webmasters/crawler)"
57.141.20.6 - - [01/Mar/2026:12:23:09 +0000] "GET /shopping/products/161879470211 HTTP/1.1" 404 66351 "-" "meta-externalagent/1.1 (+https://developers.facebook.com/docs/sharing/webmasters/crawler)"
74.7.227.51 - - [01/Mar/2026:12:23:13 +0000] "GET /shop/pg/1618379246 HTTP/1.1" 200 24663 "http://elementalmill.com/shop/pg/161896201" "Mozilla/5.0 AppleWebKit/537.36 (KHTML, like Gecko; compatible; GPTBot/1.3; +https://openai.com/gptbot)"
57.141.20.15 - - [01/Mar/2026:12:23:18 +0000] "GET /shopping/products/1618487035 HTTP/1.1" 404 66351 "-" "meta-externalagent/1.1 (+https://developers.facebook.com/docs/sharing/webmasters/crawler)"
57.141.20.22 - - [01/Mar/2026:12:23:26 +0000] "GET /shopping/products/16203904108 HTTP/1.1" 404 66351 "-" "meta-externalagent/1.1 (+https://developers.facebook.com/docs/sharing/webmasters/crawler)"
57.141.20.48 - - [01/Mar/2026:12:23:35 +0000] "GET /shopping/products/16235154593 HTTP/1.1" 404 66351 "-" "meta-externalagent/1.1 (+https://developers.facebook.com/docs/sharing/webmasters/crawler)"
57.141.20.35 - - [01/Mar/2026:12:23:44 +0000] "GET /shopping/products/161945586325 HTTP/1.1" 404 66351 "-" "meta-externalagent/1.1 (+https://developers.facebook.com/docs/sharing/webmasters/crawler)"
57.141.20.16 - - [01/Mar/2026:12:23:53 +0000] "GET /shopping/products/16209020912 HTTP/1.1" 404 66351 "-" "meta-externalagent/1.1 (+https://developers.facebook.com/docs/sharing/webmasters/crawler)"
139.162.194.112 - - [01/Mar/2026:12:23:55 +0000] "POST /wp-cron.php?doing_wp_cron=1772367835.6377000808715820312500 HTTP/1.1" 404 13186 "-" "WordPress/6.9.1; https://elementalmill.com"
57.141.20.38 - - [01/Mar/2026:12:24:01 +0000] "GET /shopping/products/16224911733 HTTP/1.1" 404 66351 "-" "meta-externalagent/1.1 (+https://developers.facebook.com/docs/sharing/webmasters/crawler)"
57.141.20.43 - - [01/Mar/2026:12:24:10 +0000] "GET /shopping/products/16203949183 HTTP/1.1" 404 66351 "-" "meta-externalagent/1.1 (+https://developers.facebook.com/docs/sharing/webmasters/crawler)"
57.141.20.5 - - [01/Mar/2026:12:24:19 +0000] "GET /shopping/products/162146921880 HTTP/1.1" 404 66351 "-" "meta-externalagent/1.1 (+https://developers.facebook.com/docs/sharing/webmasters/crawler)"
74.7.227.51 - - [01/Mar/2026:12:24:21 +0000] "GET /shop/pg/161880622 HTTP/1.1" 200 24251 "http://elementalmill.com/shop/pg/76738" "Mozilla/5.0 AppleWebKit/537.36 (KHTML, like Gecko; compatible; GPTBot/1.3; +https://openai.com/gptbot)"
85.208.96.207 - - [01/Mar/2026:12:24:27 +0000] "GET /shop/pg/1619910302 HTTP/1.1" 200 26708 "-" "Mozilla/5.0 (compatible; SemrushBot/7~bl; +http://www.semrush.com/bot.html)"
57.141.20.0 - - [01/Mar/2026:12:24:27 +0000] "GET /shopping/products/162191749789 HTTP/1.1" 404 66351 "-" "meta-externalagent/1.1 (+https://developers.facebook.com/docs/sharing/webmasters/crawler)"
185.191.171.10 - - [01/Mar/2026:12:24:32 +0000] "GET /shop/pg/1181629 HTTP/1.1" 200 24575 "-" "Mozilla/5.0 (compatible; SemrushBot/7~bl; +http://www.semrush.com/bot.html)"
185.191.171.19 - - [01/Mar/2026:12:24:37 +0000] "GET /shop/pg/377440 HTTP/1.1" 200 24170 "-" "Mozilla/5.0 (compatible; SemrushBot/7~bl; +http://www.semrush.com/bot.html)"
57.141.20.15 - - [01/Mar/2026:12:24:36 +0000] "GET /shopping/products/16206391292 HTTP/1.1" 404 66351 "-" "meta-externalagent/1.1 (+https://developers.facebook.com/docs/sharing/webmasters/crawler)"
185.191.171.3 - - [01/Mar/2026:12:24:42 +0000] "GET /shop/pg/16211504501 HTTP/1.1" 200 24949 "-" "Mozilla/5.0 (compatible; SemrushBot/7~bl; +http://www.semrush.com/bot.html)"
80.94.95.173 - - [01/Mar/2026:12:24:45 +0000] "GET / HTTP/1.0" 301 1978 "http://elementalmill.com/" "Mozilla/5.0 (Windows NT 10.0; Win64; x64) AppleWebKit/537.36 (KHTML, like Gecko) Chrome/129.0.0.0 Safari/537.36"
57.141.20.21 - - [01/Mar/2026:12:24:45 +0000] "GET /shopping/products/162379318444 HTTP/1.1" 404 66351 "-" "meta-externalagent/1.1 (+https://developers.facebook.com/docs/sharing/webmasters/crawler)"
185.191.171.13 - - [01/Mar/2026:12:24:55 +0000] "GET /shop/pg/128411 HTTP/1.1" 200 24287 "-" "Mozilla/5.0 (compatible; SemrushBot/7~bl; +http://www.semrush.com/bot.html)"
57.141.20.29 - - [01/Mar/2026:12:24:53 +0000] "GET /shopping/products/16193155189 HTTP/1.1" 404 66351 "-" "meta-externalagent/1.1 (+https://developers.facebook.com/docs/sharing/webmasters/crawler)"
139.162.194.112 - - [01/Mar/2026:12:24:56 +0000] "POST /wp-cron.php?doing_wp_cron=1772367896.2991499900817871093750 HTTP/1.1" 404 13186 "-" "WordPress/6.9.1; https://elementalmill.com"
57.141.20.17 - - [01/Mar/2026:12:25:02 +0000] "GET /shopping/products/162191746090 HTTP/1.1" 404 66351 "-" "meta-externalagent/1.1 (+https://developers.facebook.com/docs/sharing/webmasters/crawler)"
85.208.96.199 - - [01/Mar/2026:12:25:05 +0000] "GET /shop/pg/1854845 HTTP/1.1" 200 24950 "-" "Mozilla/5.0 (compatible; SemrushBot/7~bl; +http://www.semrush.com/bot.html)"
57.141.20.44 - - [01/Mar/2026:12:25:11 +0000] "GET /shopping/products/16204093169 HTTP/1.1" 404 66351 "-" "meta-externalagent/1.1 (+https://developers.facebook.com/docs/sharing/webmasters/crawler)"
57.141.20.30 - - [01/Mar/2026:12:25:20 +0000] "GET /shopping/products/16183068065 HTTP/1.1" 404 66351 "-" "meta-externalagent/1.1 (+https://developers.facebook.com/docs/sharing/webmasters/crawler)"
74.7.227.51 - - [01/Mar/2026:12:25:26 +0000] "GET /shop/pg/161871193 HTTP/1.1" 200 24849 "http://elementalmill.com/shop/pg/67325" "Mozilla/5.0 AppleWebKit/537.36 (KHTML, like Gecko; compatible; GPTBot/1.3; +https://openai.com/gptbot)"
57.141.20.51 - - [01/Mar/2026:12:25:28 +0000] "GET /shopping/products/1621102122425 HTTP/1.1" 404 66351 "-" "meta-externalagent/1.1 (+https://developers.facebook.com/docs/sharing/webmasters/crawler)"
57.141.20.34 - - [01/Mar/2026:12:25:37 +0000] "GET /shopping/products/161945800840 HTTP/1.1" 404 66351 "-" "meta-externalagent/1.1 (+https://developers.facebook.com/docs/sharing/webmasters/crawler)"
85.208.96.206 - - [01/Mar/2026:12:25:39 +0000] "GET /shop/pg/130914 HTTP/1.1" 200 24118 "-" "Mozilla/5.0 (compatible; SemrushBot/7~bl; +http://www.semrush.com/bot.html)"
74.7.227.51 - - [01/Mar/2026:12:25:41 +0000] "GET /shop/pg/161845102 HTTP/1.1" 200 24827 "http://elementalmill.com/shop/pg/41246" "Mozilla/5.0 AppleWebKit/537.36 (KHTML, like Gecko; compatible; GPTBot/1.3; +https://openai.com/gptbot)"
185.191.171.8 - - [01/Mar/2026:12:25:42 +0000] "GET /shop/pg/201267 HTTP/1.1" 200 24105 "-" "Mozilla/5.0 (compatible; SemrushBot/7~bl; +http://www.semrush.com/bot.html)"
57.141.20.9 - - [01/Mar/2026:12:25:46 +0000] "GET /shopping/products/161998912881 HTTP/1.1" 404 66351 "-" "meta-externalagent/1.1 (+https://developers.facebook.com/docs/sharing/webmasters/crawler)"
74.7.227.51 - - [01/Mar/2026:12:25:51 +0000] "GET /shop/pg/161896966 HTTP/1.1" 200 24742 "http://elementalmill.com/shop/pg/93112" "Mozilla/5.0 AppleWebKit/537.36 (KHTML, like Gecko; compatible; GPTBot/1.3; +https://openai.com/gptbot)"
185.191.171.2 - - [01/Mar/2026:12:25:51 +0000] "GET /shop/pg/1619504701 HTTP/1.1" 200 24573 "-" "Mozilla/5.0 (compatible; SemrushBot/7~bl; +http://www.semrush.com/bot.html)"
57.141.20.1 - - [01/Mar/2026:12:25:54 +0000] "GET /shopping/products/162247078210 HTTP/1.1" 404 66351 "-" "meta-externalagent/1.1 (+https://developers.facebook.com/docs/sharing/webmasters/crawler)"
85.208.96.210 - - [01/Mar/2026:12:25:57 +0000] "GET /shop/pg/191036 HTTP/1.1" 200 24314 "-" "Mozilla/5.0 (compatible; SemrushBot/7~bl; +http://www.semrush.com/bot.html)"
139.162.194.112 - - [01/Mar/2026:12:25:57 +0000] "POST /wp-cron.php?doing_wp_cron=1772367957.2906880378723144531250 HTTP/1.1" 404 13186 "-" "WordPress/6.9.1; https://elementalmill.com"
74.7.227.51 - - [01/Mar/2026:12:26:03 +0000] "GET /shop/pg/161824867 HTTP/1.1" 200 25044 "http://elementalmill.com/shop/pg/20989" "Mozilla/5.0 AppleWebKit/537.36 (KHTML, like Gecko; compatible; GPTBot/1.3; +https://openai.com/gptbot)"
57.141.20.39 - - [01/Mar/2026:12:26:03 +0000] "GET /shopping/products/16222066250 HTTP/1.1" 404 66351 "-" "meta-externalagent/1.1 (+https://developers.facebook.com/docs/sharing/webmasters/crawler)"
57.141.20.52 - - [01/Mar/2026:12:26:12 +0000] "GET /shopping/products/162062054159 HTTP/1.1" 404 66351 "-" "meta-externalagent/1.1 (+https://developers.facebook.com/docs/sharing/webmasters/crawler)"
185.191.171.16 - - [01/Mar/2026:12:26:19 +0000] "GET /shop/pg/16222060507 HTTP/1.1" 200 25563 "-" "Mozilla/5.0 (compatible; SemrushBot/7~bl; +http://www.semrush.com/bot.html)"
57.141.20.47 - - [01/Mar/2026:12:26:20 +0000] "GET /shopping/products/16224672562 HTTP/1.1" 404 66351 "-" "meta-externalagent/1.1 (+https://developers.facebook.com/docs/sharing/webmasters/crawler)"
74.7.227.51 - - [01/Mar/2026:12:26:23 +0000] "GET /shop/pg/161866780 HTTP/1.1" 200 25179 "http://elementalmill.com/shop/pg/62920" "Mozilla/5.0 AppleWebKit/537.36 (KHTML, like Gecko; compatible; GPTBot/1.3; +https://openai.com/gptbot)"
185.191.171.12 - - [01/Mar/2026:12:26:24 +0000] "GET /shop/pg/1619918685 HTTP/1.1" 200 24567 "-" "Mozilla/5.0 (compatible; SemrushBot/7~bl; +http://www.semrush.com/bot.html)"
85.208.96.207 - - [01/Mar/2026:12:26:26 +0000] "GET /shop/pg/1773449 HTTP/1.1" 200 25513 "-" "Mozilla/5.0 (compatible; SemrushBot/7~bl; +http://www.semrush.com/bot.html)"
85.208.96.205 - - [01/Mar/2026:12:26:28 +0000] "GET /shop/pg/1618127179 HTTP/1.1" 200 24411 "-" "Mozilla/5.0 (compatible; SemrushBot/7~bl; +http://www.semrush.com/bot.html)"
85.208.96.201 - - [01/Mar/2026:12:26:30 +0000] "GET /shop/pg/1619983118 HTTP/1.1" 200 25533 "-" "Mozilla/5.0 (compatible; SemrushBot/7~bl; +http://www.semrush.com/bot.html)"
57.141.20.24 - - [01/Mar/2026:12:26:29 +0000] "GET /shopping/products/16206677283 HTTP/1.1" 404 66351 "-" "meta-externalagent/1.1 (+https://developers.facebook.com/docs/sharing/webmasters/crawler)"
185.191.171.3 - - [01/Mar/2026:12:26:33 +0000] "GET /shop/pg/904526 HTTP/1.1" 200 24509 "-" "Mozilla/5.0 (compatible; SemrushBot/7~bl; +http://www.semrush.com/bot.html)"
85.208.96.197 - - [01/Mar/2026:12:26:39 +0000] "GET /shop/pg/1618154184 HTTP/1.1" 200 24567 "-" "Mozilla/5.0 (compatible; SemrushBot/7~bl; +http://www.semrush.com/bot.html)"
57.141.20.22 - - [01/Mar/2026:12:26:38 +0000] "GET /shopping/products/162265775164 HTTP/1.1" 404 66351 "-" "meta-externalagent/1.1 (+https://developers.facebook.com/docs/sharing/webmasters/crawler)"
185.191.171.8 - - [01/Mar/2026:12:26:46 +0000] "GET /shop/pg/773418 HTTP/1.1" 200 24592 "-" "Mozilla/5.0 (compatible; SemrushBot/7~bl; +http://www.semrush.com/bot.html)"
74.7.227.51 - - [01/Mar/2026:12:26:47 +0000] "GET /shop/pg/1619523463 HTTP/1.1" 200 24750 "http://elementalmill.com/shop/pg/1618379246" "Mozilla/5.0 AppleWebKit/537.36 (KHTML, like Gecko; compatible; GPTBot/1.3; +https://openai.com/gptbot)"
57.141.20.40 - - [01/Mar/2026:12:26:46 +0000] "GET /shopping/products/162397923106 HTTP/1.1" 404 66351 "-" "meta-externalagent/1.1 (+https://developers.facebook.com/docs/sharing/webmasters/crawler)"
85.208.96.201 - - [01/Mar/2026:12:26:51 +0000] "GET /shop/pg/905544 HTTP/1.1" 200 24086 "-" "Mozilla/5.0 (compatible; SemrushBot/7~bl; +http://www.semrush.com/bot.html)"
57.141.20.36 - - [01/Mar/2026:12:26:55 +0000] "GET /shopping/products/16185334215 HTTP/1.1" 404 66351 "-" "meta-externalagent/1.1 (+https://developers.facebook.com/docs/sharing/webmasters/crawler)"
139.162.194.112 - - [01/Mar/2026:12:26:58 +0000] "POST /wp-cron.php?doing_wp_cron=1772368018.2478449344635009765625 HTTP/1.1" 404 13186 "-" "WordPress/6.9.1; https://elementalmill.com"
57.141.20.46 - - [01/Mar/2026:12:27:04 +0000] "GET /shopping/products/16211615343 HTTP/1.1" 404 66351 "-" "meta-externalagent/1.1 (+https://developers.facebook.com/docs/sharing/webmasters/crawler)"
57.141.20.46 - - [01/Mar/2026:12:27:12 +0000] "GET /shopping/products/162094158596 HTTP/1.1" 404 66351 "-" "meta-externalagent/1.1 (+https://developers.facebook.com/docs/sharing/webmasters/crawler)"
85.208.96.205 - - [01/Mar/2026:12:27:16 +0000] "GET /shop/pg/207120 HTTP/1.1" 200 24517 "-" "Mozilla/5.0 (compatible; SemrushBot/7~bl; +http://www.semrush.com/bot.html)"
74.7.227.51 - - [01/Mar/2026:12:27:16 +0000] "GET /shop/pg/161868058 HTTP/1.1" 200 24510 "http://elementalmill.com/shop/pg/64210" "Mozilla/5.0 AppleWebKit/537.36 (KHTML, like Gecko; compatible; GPTBot/1.3; +https://openai.com/gptbot)"
57.141.20.46 - - [01/Mar/2026:12:27:21 +0000] "GET /shopping/products/161845451361 HTTP/1.1" 404 66351 "-" "meta-externalagent/1.1 (+https://developers.facebook.com/docs/sharing/webmasters/crawler)"
74.7.227.51 - - [01/Mar/2026:12:27:28 +0000] "GET /shop/pg/161860804 HTTP/1.1" 200 24128 "http://elementalmill.com/shop/pg/56932" "Mozilla/5.0 AppleWebKit/537.36 (KHTML, like Gecko; compatible; GPTBot/1.3; +https://openai.com/gptbot)"
57.141.20.59 - - [01/Mar/2026:12:27:30 +0000] "GET /shopping/products/16227703607 HTTP/1.1" 404 66351 "-" "meta-externalagent/1.1 (+https://developers.facebook.com/docs/sharing/webmasters/crawler)"
57.141.20.30 - - [01/Mar/2026:12:27:39 +0000] "GET /shopping/products/16182660988 HTTP/1.1" 404 66351 "-" "meta-externalagent/1.1 (+https://developers.facebook.com/docs/sharing/webmasters/crawler)"
57.141.20.17 - - [01/Mar/2026:12:27:47 +0000] "GET /shopping/products/16193207762 HTTP/1.1" 404 66351 "-" "meta-externalagent/1.1 (+https://developers.facebook.com/docs/sharing/webmasters/crawler)"
57.141.20.27 - - [01/Mar/2026:12:27:56 +0000] "GET /shopping/products/16222055904 HTTP/1.1" 404 66351 "-" "meta-externalagent/1.1 (+https://developers.facebook.com/docs/sharing/webmasters/crawler)"
139.162.194.112 - - [01/Mar/2026:12:27:59 +0000] "POST /wp-cron.php?doing_wp_cron=1772368079.0873389244079589843750 HTTP/1.1" 404 13186 "-" "WordPress/6.9.1; https://elementalmill.com"
74.7.227.51 - - [01/Mar/2026:12:28:05 +0000] "GET /shop/pg/1618380047 HTTP/1.1" 200 24588 "http://elementalmill.com/shop/pg/161896966" "Mozilla/5.0 AppleWebKit/537.36 (KHTML, like Gecko; compatible; GPTBot/1.3; +https://openai.com/gptbot)"
57.141.20.48 - - [01/Mar/2026:12:28:05 +0000] "GET /shopping/products/16188186383 HTTP/1.1" 404 66351 "-" "meta-externalagent/1.1 (+https://developers.facebook.com/docs/sharing/webmasters/crawler)"
74.7.227.51 - - [01/Mar/2026:12:28:13 +0000] "GET /shop/pg/1618307930 HTTP/1.1" 200 25148 "http://elementalmill.com/shop/pg/161824867" "Mozilla/5.0 AppleWebKit/537.36 (KHTML, like Gecko; compatible; GPTBot/1.3; +https://openai.com/gptbot)"
57.141.20.16 - - [01/Mar/2026:12:28:13 +0000] "GET /shopping/products/162162632283 HTTP/1.1" 404 66351 "-" "meta-externalagent/1.1 (+https://developers.facebook.com/docs/sharing/webmasters/crawler)"
74.7.227.51 - - [01/Mar/2026:12:28:23 +0000] "GET /shop/pg/161894728 HTTP/1.1" 200 24571 "http://elementalmill.com/shop/pg/90854" "Mozilla/5.0 AppleWebKit/537.36 (KHTML, like Gecko; compatible; GPTBot/1.3; +https://openai.com/gptbot)"
57.141.20.26 - - [01/Mar/2026:12:28:22 +0000] "GET /shopping/products/16206328924 HTTP/1.1" 404 66351 "-" "meta-externalagent/1.1 (+https://developers.facebook.com/docs/sharing/webmasters/crawler)"
185.191.171.18 - - [01/Mar/2026:12:28:32 +0000] "GET /shop/pg/10616 HTTP/1.1" 200 24344 "-" "Mozilla/5.0 (compatible; SemrushBot/7~bl; +http://www.semrush.com/bot.html)"
57.141.20.44 - - [01/Mar/2026:12:28:31 +0000] "GET /shopping/products/162043854851 HTTP/1.1" 404 66351 "-" "meta-externalagent/1.1 (+https://developers.facebook.com/docs/sharing/webmasters/crawler)"
74.7.227.51 - - [01/Mar/2026:12:28:39 +0000] "GET /shop/pg/1664602 HTTP/1.1" 200 24793 "http://elementalmill.com/shop/pg/1619523463" "Mozilla/5.0 AppleWebKit/537.36 (KHTML, like Gecko; compatible; GPTBot/1.3; +https://openai.com/gptbot)"
57.141.20.34 - - [01/Mar/2026:12:28:39 +0000] "GET /shopping/products/16216981728 HTTP/1.1" 404 66351 "-" "meta-externalagent/1.1 (+https://developers.facebook.com/docs/sharing/webmasters/crawler)"
85.208.96.197 - - [01/Mar/2026:12:28:44 +0000] "GET /shop/pg/1619939941 HTTP/1.1" 200 24408 "-" "Mozilla/5.0 (compatible; SemrushBot/7~bl; +http://www.semrush.com/bot.html)"
85.208.96.208 - - [01/Mar/2026:12:28:46 +0000] "GET /robots.txt HTTP/1.1" 200 154 "-" "Mozilla/5.0 (compatible; SemrushBot/7~bl; +http://www.semrush.com/bot.html)"
185.191.171.15 - - [01/Mar/2026:12:28:47 +0000] "GET /shop/pg/917933 HTTP/1.1" 200 24691 "-" "Mozilla/5.0 (compatible; SemrushBot/7~bl; +http://www.semrush.com/bot.html)"
185.191.171.10 - - [01/Mar/2026:12:28:49 +0000] "GET /shop/pg/896938 HTTP/1.1" 200 24012 "-" "Mozilla/5.0 (compatible; SemrushBot/7~bl; +http://www.semrush.com/bot.html)"
57.141.20.20 - - [01/Mar/2026:12:28:48 +0000] "GET /shopping/products/16222139825 HTTP/1.1" 404 66351 "-" "meta-externalagent/1.1 (+https://developers.facebook.com/docs/sharing/webmasters/crawler)"
74.7.227.51 - - [01/Mar/2026:12:28:55 +0000] "GET /shop/pg/161861431 HTTP/1.1" 200 24609 "http://elementalmill.com/shop/pg/57555" "Mozilla/5.0 AppleWebKit/537.36 (KHTML, like Gecko; compatible; GPTBot/1.3; +https://openai.com/gptbot)"
185.191.171.8 - - [01/Mar/2026:12:28:55 +0000] "GET /shop/pg/904949 HTTP/1.1" 200 24325 "-" "Mozilla/5.0 (compatible; SemrushBot/7~bl; +http://www.semrush.com/bot.html)"
57.141.20.16 - - [01/Mar/2026:12:28:57 +0000] "GET /shopping/products/161816346690 HTTP/1.1" 404 66351 "-" "meta-externalagent/1.1 (+https://developers.facebook.com/docs/sharing/webmasters/crawler)"
139.162.194.112 - - [01/Mar/2026:12:28:59 +0000] "POST /wp-cron.php?doing_wp_cron=1772368139.7862479686737060546875 HTTP/1.1" 404 13186 "-" "WordPress/6.9.1; https://elementalmill.com"
57.141.20.32 - - [01/Mar/2026:12:29:06 +0000] "GET /shopping/products/16211881869 HTTP/1.1" 404 66351 "-" "meta-externalagent/1.1 (+https://developers.facebook.com/docs/sharing/webmasters/crawler)"
85.208.96.194 - - [01/Mar/2026:12:29:08 +0000] "GET /shop/pg/190450 HTTP/1.1" 200 24331 "-" "Mozilla/5.0 (compatible; SemrushBot/7~bl; +http://www.semrush.com/bot.html)"
57.141.20.54 - - [01/Mar/2026:12:29:14 +0000] "GET /shopping/products/16222289528 HTTP/1.1" 404 66351 "-" "meta-externalagent/1.1 (+https://developers.facebook.com/docs/sharing/webmasters/crawler)"
57.141.20.17 - - [01/Mar/2026:12:29:23 +0000] "GET /shopping/products/16182909777 HTTP/1.1" 404 66351 "-" "meta-externalagent/1.1 (+https://developers.facebook.com/docs/sharing/webmasters/crawler)"
74.7.227.51 - - [01/Mar/2026:12:29:28 +0000] "GET /shop/pg/161811946 HTTP/1.1" 200 24406 "http://elementalmill.com/shop/pg/8176" "Mozilla/5.0 AppleWebKit/537.36 (KHTML, like Gecko; compatible; GPTBot/1.3; +https://openai.com/gptbot)"
57.141.20.22 - - [01/Mar/2026:12:29:32 +0000] "GET /shopping/products/16222307510 HTTP/1.1" 404 66351 "-" "meta-externalagent/1.1 (+https://developers.facebook.com/docs/sharing/webmasters/crawler)"
74.7.227.51 - - [01/Mar/2026:12:29:35 +0000] "GET /shop/pg/161840350 HTTP/1.1" 200 24399 "http://elementalmill.com/shop/pg/36482" "Mozilla/5.0 AppleWebKit/537.36 (KHTML, like Gecko; compatible; GPTBot/1.3; +https://openai.com/gptbot)"
57.141.20.47 - - [01/Mar/2026:12:29:40 +0000] "GET /shopping/products/16203730735 HTTP/1.1" 404 66351 "-" "meta-externalagent/1.1 (+https://developers.facebook.com/docs/sharing/webmasters/crawler)"
185.191.171.10 - - [01/Mar/2026:12:29:47 +0000] "GET /shop/pg/16201151103 HTTP/1.1" 200 24706 "-" "Mozilla/5.0 (compatible; SemrushBot/7~bl; +http://www.semrush.com/bot.html)"
185.191.171.13 - - [01/Mar/2026:12:29:50 +0000] "GET /shop/pg/1269861 HTTP/1.1" 200 25633 "-" "Mozilla/5.0 (compatible; SemrushBot/7~bl; +http://www.semrush.com/bot.html)"
57.141.20.11 - - [01/Mar/2026:12:29:49 +0000] "GET /shopping/products/16232590963 HTTP/1.1" 404 66351 "-" "meta-externalagent/1.1 (+https://developers.facebook.com/docs/sharing/webmasters/crawler)"
85.208.96.212 - - [01/Mar/2026:12:29:53 +0000] "GET /shop/pg/16211521328 HTTP/1.1" 200 24793 "-" "Mozilla/5.0 (compatible; SemrushBot/7~bl; +http://www.semrush.com/bot.html)"
57.141.20.5 - - [01/Mar/2026:12:29:58 +0000] "GET /shopping/products/16225006383 HTTP/1.1" 404 66351 "-" "meta-externalagent/1.1 (+https://developers.facebook.com/docs/sharing/webmasters/crawler)"
139.162.194.112 - - [01/Mar/2026:12:30:00 +0000] "POST /wp-cron.php?doing_wp_cron=1772368200.7381129264831542968750 HTTP/1.1" 404 13186 "-" "WordPress/6.9.1; https://elementalmill.com"
185.191.171.18 - - [01/Mar/2026:12:30:05 +0000] "GET /shop/pg/1618172508 HTTP/1.1" 200 24719 "-" "Mozilla/5.0 (compatible; SemrushBot/7~bl; +http://www.semrush.com/bot.html)"
57.141.20.12 - - [01/Mar/2026:12:30:06 +0000] "GET /shopping/products/161919170134 HTTP/1.1" 404 66351 "-" "meta-externalagent/1.1 (+https://developers.facebook.com/docs/sharing/webmasters/crawler)"
57.141.20.11 - - [01/Mar/2026:12:30:15 +0000] "GET /shopping/products/1619578009 HTTP/1.1" 404 66351 "-" "meta-externalagent/1.1 (+https://developers.facebook.com/docs/sharing/webmasters/crawler)"
57.141.20.35 - - [01/Mar/2026:12:30:24 +0000] "GET /shopping/products/16237855502 HTTP/1.1" 404 66351 "-" "meta-externalagent/1.1 (+https://developers.facebook.com/docs/sharing/webmasters/crawler)"
85.208.96.198 - - [01/Mar/2026:12:30:27 +0000] "GET /shop/pg/941095 HTTP/1.1" 200 24214 "-" "Mozilla/5.0 (compatible; SemrushBot/7~bl; +http://www.semrush.com/bot.html)"
185.191.171.18 - - [01/Mar/2026:12:30:29 +0000] "GET /shop/pg/1619551090 HTTP/1.1" 200 24315 "-" "Mozilla/5.0 (compatible; SemrushBot/7~bl; +http://www.semrush.com/bot.html)"
85.208.96.209 - - [01/Mar/2026:12:30:32 +0000] "GET /shop/pg/1094747 HTTP/1.1" 200 25626 "-" "Mozilla/5.0 (compatible; SemrushBot/7~bl; +http://www.semrush.com/bot.html)"
74.7.227.51 - - [01/Mar/2026:12:30:33 +0000] "GET /shop/pg/161845975 HTTP/1.1" 200 24332 "http://elementalmill.com/shop/pg/42131" "Mozilla/5.0 AppleWebKit/537.36 (KHTML, like Gecko; compatible; GPTBot/1.3; +https://openai.com/gptbot)"
