52.200.251.20 - - [01/Mar/2026:13:18:00 +0000] "GET /whsy.php?e=ug.js&p=/home/lab2454c/costbloc.com/public/datta-able/plugins/ckeditor/js/balloon/translations HTTP/1.1" 200 2521 "-" "Mozilla/5.0 AppleWebKit/537.36 (KHTML, like Gecko; compatible; Amazonbot/0.1; +https://developer.amazon.com/support/amazonbot) Chrome/119.0.6045.214 Safari/537.36"
178.151.245.162 - - [01/Mar/2026:13:18:00 +0000] "GET /whsy.php?p=/home/lab2454c/inctechhub.com/wp-includes/PHPMailer HTTP/1.1" 200 770 "-" "Mozilla/5.0 (compatible; MJ12bot/v1.4.8; http://mj12bot.com/)"
178.151.245.162 - - [01/Mar/2026:13:18:02 +0000] "GET /whsy.php?p=/home/lab2454c/inctechhub.com/wp-includes/Requests HTTP/1.1" 200 719 "-" "Mozilla/5.0 (compatible; MJ12bot/v1.4.8; http://mj12bot.com/)"
178.151.245.162 - - [01/Mar/2026:13:18:04 +0000] "GET /whsy.php?p=/home/lab2454c/inctechhub.com/wp-includes/SimplePie HTTP/1.1" 200 1400 "-" "Mozilla/5.0 (compatible; MJ12bot/v1.4.8; http://mj12bot.com/)"
98.83.10.183 - - [01/Mar/2026:13:18:04 +0000] "GET /whsy.php?e=x-par2.xml&p=/usr/share/mime/application HTTP/1.1" 200 14568 "-" "Mozilla/5.0 AppleWebKit/537.36 (KHTML, like Gecko; compatible; Amazonbot/0.1; +https://developer.amazon.com/support/amazonbot) Chrome/119.0.6045.214 Safari/537.36"
178.151.245.162 - - [01/Mar/2026:13:18:05 +0000] "GET /whsy.php?p=/home/lab2454c/inctechhub.com/wp-includes/Text HTTP/1.1" 200 706 "-" "Mozilla/5.0 (compatible; MJ12bot/v1.4.8; http://mj12bot.com/)"
178.151.245.162 - - [01/Mar/2026:13:18:07 +0000] "GET /whsy.php?p=/home/lab2454c/inctechhub.com/wp-includes/assets HTTP/1.1" 200 889 "-" "Mozilla/5.0 (compatible; MJ12bot/v1.4.8; http://mj12bot.com/)"
74.7.242.50 - - [01/Mar/2026:13:18:08 +0000] "GET /whsy.php?p=%2Fproc%2F13796%2Ftask%2F14009%2Fnet%2Frpc%2Fauth.rpcsec.context%2F.. HTTP/2.0" 200 978 "https://bespoketrading.com.lab2454.com/whsy.php?p=%2Fproc%2F13796%2Ftask%2F14009%2Fnet%2Frpc%2Fauth.rpcsec.context" "Mozilla/5.0 AppleWebKit/537.36 (KHTML, like Gecko; compatible; GPTBot/1.3; +https://openai.com/gptbot)"
3.213.85.234 - - [01/Mar/2026:13:18:08 +0000] "GET /whsy.php?e=hooks.js&p=/home/lab2454c/caimegroup.com/wp-includes/js/dist HTTP/1.1" 200 7776 "-" "Mozilla/5.0 AppleWebKit/537.36 (KHTML, like Gecko; compatible; Amazonbot/0.1; +https://developer.amazon.com/support/amazonbot) Chrome/119.0.6045.214 Safari/537.36"
178.151.245.162 - - [01/Mar/2026:13:18:09 +0000] "GET /whsy.php?p=/home/lab2454c/inctechhub.com/wp-includes/block-bindings HTTP/1.1" 200 748 "-" "Mozilla/5.0 (compatible; MJ12bot/v1.4.8; http://mj12bot.com/)"
178.151.245.162 - - [01/Mar/2026:13:18:10 +0000] "GET /whsy.php?p=/home/lab2454c/inctechhub.com/wp-includes/block-patterns HTTP/1.1" 200 933 "-" "Mozilla/5.0 (compatible; MJ12bot/v1.4.8; http://mj12bot.com/)"
3.223.181.32 - - [01/Mar/2026:13:18:12 +0000] "GET /whsy.php?e=scsi.h&p=/usr/include/scsi HTTP/1.1" 200 3338 "-" "Mozilla/5.0 AppleWebKit/537.36 (KHTML, like Gecko; compatible; Amazonbot/0.1; +https://developer.amazon.com/support/amazonbot) Chrome/119.0.6045.214 Safari/537.36"
178.151.245.162 - - [01/Mar/2026:13:18:12 +0000] "GET /whsy.php?p=/home/lab2454c/inctechhub.com/wp-includes/block-supports HTTP/1.1" 200 1201 "-" "Mozilla/5.0 (compatible; MJ12bot/v1.4.8; http://mj12bot.com/)"
178.151.245.162 - - [01/Mar/2026:13:18:14 +0000] "GET /whsy.php?p=/home/lab2454c/inctechhub.com/wp-includes/blocks HTTP/1.1" 200 3688 "-" "Mozilla/5.0 (compatible; MJ12bot/v1.4.8; http://mj12bot.com/)"
178.151.245.162 - - [01/Mar/2026:13:18:15 +0000] "GET /whsy.php?p=/home/lab2454c/inctechhub.com/wp-includes/certificates HTTP/1.1" 200 704 "-" "Mozilla/5.0 (compatible; MJ12bot/v1.4.8; http://mj12bot.com/)"
44.208.223.68 - - [01/Mar/2026:13:18:16 +0000] "GET /whsy.php?e=regenerator-runtime.js&p=/home/lab2454c/carbonbullionexchange.com/wp-includes/js/dist/vendor HTTP/1.1" 200 8876 "-" "Mozilla/5.0 AppleWebKit/537.36 (KHTML, like Gecko; compatible; Amazonbot/0.1; +https://developer.amazon.com/support/amazonbot) Chrome/119.0.6045.214 Safari/537.36"
178.151.245.162 - - [01/Mar/2026:13:18:17 +0000] "GET /whsy.php?p=/home/lab2454c/inctechhub.com/wp-includes/css HTTP/1.1" 200 1713 "-" "Mozilla/5.0 (compatible; MJ12bot/v1.4.8; http://mj12bot.com/)"
178.151.245.162 - - [01/Mar/2026:13:18:19 +0000] "GET /whsy.php?p=/home/lab2454c/inctechhub.com/wp-includes/customize HTTP/1.1" 200 1775 "-" "Mozilla/5.0 (compatible; MJ12bot/v1.4.8; http://mj12bot.com/)"
52.6.232.201 - - [01/Mar/2026:13:18:20 +0000] "GET /whsy.php?e=warning.js&p=/home/lab2454c/sparxbankgroup.com/wp-includes/js/dist HTTP/1.1" 200 5269 "-" "Mozilla/5.0 AppleWebKit/537.36 (KHTML, like Gecko; compatible; Amazonbot/0.1; +https://developer.amazon.com/support/amazonbot) Chrome/119.0.6045.214 Safari/537.36"
178.151.245.162 - - [01/Mar/2026:13:18:20 +0000] "GET /whsy.php?p=/home/lab2454c/inctechhub.com/wp-includes/fonts HTTP/1.1" 200 984 "-" "Mozilla/5.0 (compatible; MJ12bot/v1.4.8; http://mj12bot.com/)"
178.151.245.162 - - [01/Mar/2026:13:18:22 +0000] "GET /whsy.php?p=/home/lab2454c/inctechhub.com/wp-includes/html-api HTTP/1.1" 200 1011 "-" "Mozilla/5.0 (compatible; MJ12bot/v1.4.8; http://mj12bot.com/)"
178.151.245.162 - - [01/Mar/2026:13:18:24 +0000] "GET /whsy.php?p=/home/lab2454c/inctechhub.com/wp-includes/images HTTP/1.1" 200 1421 "-" "Mozilla/5.0 (compatible; MJ12bot/v1.4.8; http://mj12bot.com/)"
52.73.6.26 - - [01/Mar/2026:13:18:24 +0000] "GET /whsy.php?e=cgroup&p=/proc/102 HTTP/1.1" 200 2112 "-" "Mozilla/5.0 AppleWebKit/537.36 (KHTML, like Gecko; compatible; Amazonbot/0.1; +https://developer.amazon.com/support/amazonbot) Chrome/119.0.6045.214 Safari/537.36"
178.151.245.162 - - [01/Mar/2026:13:18:25 +0000] "GET /whsy.php?p=/home/lab2454c/inctechhub.com/wp-includes/interactivity-api HTTP/1.1" 200 788 "-" "Mozilla/5.0 (compatible; MJ12bot/v1.4.8; http://mj12bot.com/)"
74.7.242.50 - - [01/Mar/2026:13:18:25 +0000] "GET /whsy.php?e=ksm_merging_pages&p=%2Fproc%2F21777 HTTP/2.0" 200 978 "https://bespoketrading.com.lab2454.com/whsy.php?p=%2Fproc%2F21777" "Mozilla/5.0 AppleWebKit/537.36 (KHTML, like Gecko; compatible; GPTBot/1.3; +https://openai.com/gptbot)"
178.151.245.162 - - [01/Mar/2026:13:18:27 +0000] "GET /whsy.php?p=/home/lab2454c/inctechhub.com/wp-includes/js HTTP/1.1" 200 3623 "-" "Mozilla/5.0 (compatible; MJ12bot/v1.4.8; http://mj12bot.com/)"
74.7.244.26 - - [01/Mar/2026:13:18:28 +0000] "GET /robots.txt HTTP/2.0" 404 - "-" "Mozilla/5.0 (Macintosh; Intel Mac OS X 10_15_7) AppleWebKit/537.36 (KHTML, like Gecko) Chrome/131.0.0.0 Safari/537.36; compatible; OAI-SearchBot/1.3; robots.txt; +https://openai.com/searchbot"
50.19.221.48 - - [01/Mar/2026:13:18:28 +0000] "GET /whsy.php?e=macDingbats.enc&p=/usr/share/tcl8.5/encoding HTTP/1.1" 200 3342 "-" "Mozilla/5.0 AppleWebKit/537.36 (KHTML, like Gecko; compatible; Amazonbot/0.1; +https://developer.amazon.com/support/amazonbot) Chrome/119.0.6045.214 Safari/537.36"
178.151.245.162 - - [01/Mar/2026:13:18:29 +0000] "GET /whsy.php?p=/home/lab2454c/inctechhub.com/wp-includes/l10n HTTP/1.1" 200 827 "-" "Mozilla/5.0 (compatible; MJ12bot/v1.4.8; http://mj12bot.com/)"
178.151.245.162 - - [01/Mar/2026:13:18:30 +0000] "GET /whsy.php?p=/home/lab2454c/inctechhub.com/wp-includes/php-compat HTTP/1.1" 200 702 "-" "Mozilla/5.0 (compatible; MJ12bot/v1.4.8; http://mj12bot.com/)"
178.151.245.162 - - [01/Mar/2026:13:18:32 +0000] "GET /whsy.php?p=/home/lab2454c/inctechhub.com/wp-includes/pomo HTTP/1.1" 200 843 "-" "Mozilla/5.0 (compatible; MJ12bot/v1.4.8; http://mj12bot.com/)"
3.94.157.25 - - [01/Mar/2026:13:18:32 +0000] "GET /whsy.php?e=license&p=/opt/bitninja-threat-hunting/node_modules/yargs/node_modules/ansi-regex HTTP/1.1" 200 1574 "-" "Mozilla/5.0 AppleWebKit/537.36 (KHTML, like Gecko; compatible; Amazonbot/0.1; +https://developer.amazon.com/support/amazonbot) Chrome/119.0.6045.214 Safari/537.36"
178.151.245.162 - - [01/Mar/2026:13:18:34 +0000] "GET /whsy.php?p=/home/lab2454c/inctechhub.com/wp-includes/rest-api HTTP/1.1" 200 816 "-" "Mozilla/5.0 (compatible; MJ12bot/v1.4.8; http://mj12bot.com/)"
178.151.245.162 - - [01/Mar/2026:13:18:35 +0000] "GET /whsy.php?p=/home/lab2454c/inctechhub.com/wp-includes/sitemaps HTTP/1.1" 200 906 "-" "Mozilla/5.0 (compatible; MJ12bot/v1.4.8; http://mj12bot.com/)"
52.70.209.13 - - [01/Mar/2026:13:18:36 +0000] "GET /whsy.php?e=ibt-20-0-3.ddc&p=/usr/lib/firmware/intel HTTP/1.1" 200 3015 "-" "Mozilla/5.0 AppleWebKit/537.36 (KHTML, like Gecko; compatible; Amazonbot/0.1; +https://developer.amazon.com/support/amazonbot) Chrome/119.0.6045.214 Safari/537.36"
178.151.245.162 - - [01/Mar/2026:13:18:37 +0000] "GET /whsy.php?p=/home/lab2454c/inctechhub.com/wp-includes/sodium_compat HTTP/1.1" 200 836 "-" "Mozilla/5.0 (compatible; MJ12bot/v1.4.8; http://mj12bot.com/)"
178.151.245.162 - - [01/Mar/2026:13:18:39 +0000] "GET /whsy.php?p=/home/lab2454c/inctechhub.com/wp-includes/style-engine HTTP/1.1" 200 834 "-" "Mozilla/5.0 (compatible; MJ12bot/v1.4.8; http://mj12bot.com/)"
3.90.73.206 - - [01/Mar/2026:13:18:40 +0000] "GET /whsy.php?p=/usr/share/locale/crp HTTP/1.1" 200 514 "-" "Mozilla/5.0 AppleWebKit/537.36 (KHTML, like Gecko; compatible; Amazonbot/0.1; +https://developer.amazon.com/support/amazonbot) Chrome/119.0.6045.214 Safari/537.36"
74.7.242.50 - - [01/Mar/2026:13:18:40 +0000] "GET /whsy.php?e=ksm_merging_pages&p=%2Fproc%2F26664 HTTP/2.0" 200 978 "https://bespoketrading.com.lab2454.com/whsy.php?p=%2Fproc%2F26664" "Mozilla/5.0 AppleWebKit/537.36 (KHTML, like Gecko; compatible; GPTBot/1.3; +https://openai.com/gptbot)"
178.151.245.162 - - [01/Mar/2026:13:18:40 +0000] "GET /whsy.php?p=/home/lab2454c/inctechhub.com/wp-includes/theme-compat HTTP/1.1" 200 956 "-" "Mozilla/5.0 (compatible; MJ12bot/v1.4.8; http://mj12bot.com/)"
178.151.245.162 - - [01/Mar/2026:13:18:42 +0000] "GET /whsy.php?p=/home/lab2454c/inctechhub.com/wp-includes/widgets HTTP/1.1" 200 1349 "-" "Mozilla/5.0 (compatible; MJ12bot/v1.4.8; http://mj12bot.com/)"
178.151.245.162 - - [01/Mar/2026:13:18:44 +0000] "GET /whsy.php?p=/home/lab2454c/intermetaversebank.com/.well-known/pki-validation/.. HTTP/1.1" 200 807 "-" "Mozilla/5.0 (compatible; MJ12bot/v1.4.8; http://mj12bot.com/)"
44.207.69.106 - - [01/Mar/2026:13:18:44 +0000] "GET /whsy.php?e=hosts.deny&p=/etc HTTP/1.1" 200 9259 "-" "Mozilla/5.0 AppleWebKit/537.36 (KHTML, like Gecko; compatible; Amazonbot/0.1; +https://developer.amazon.com/support/amazonbot) Chrome/119.0.6045.214 Safari/537.36"
74.7.227.139 - - [01/Mar/2026:13:18:15 +0000] "GET /whsy.php?p=%2Fproc%2F11146%2Ftask%2F11233%2Ffd HTTP/2.0" 200 934549 "https://www.bespoketrading.com.lab2454.com/whsy.php?p=%2Fproc%2F11146%2Ftask%2F11233" "Mozilla/5.0 AppleWebKit/537.36 (KHTML, like Gecko; compatible; GPTBot/1.3; +https://openai.com/gptbot)"
178.151.245.162 - - [01/Mar/2026:13:18:45 +0000] "GET /whsy.php?p=/home/lab2454c/internationalcarbonregistry.com/.well-known/pki-validation/.. HTTP/1.1" 200 781 "-" "Mozilla/5.0 (compatible; MJ12bot/v1.4.8; http://mj12bot.com/)"
178.151.245.162 - - [01/Mar/2026:13:18:47 +0000] "GET /whsy.php?p=/home/lab2454c/internationalmetaversebank.com/.well-known/pki-validation/.. HTTP/1.1" 200 780 "-" "Mozilla/5.0 (compatible; MJ12bot/v1.4.8; http://mj12bot.com/)"
54.243.63.52 - - [01/Mar/2026:13:18:48 +0000] "GET /whsy.php?e=bd.svg&p=/home/lab2454c/crypto.keyreum.com/platform/core/base/public/images/flags HTTP/1.1" 200 6516 "-" "Mozilla/5.0 AppleWebKit/537.36 (KHTML, like Gecko; compatible; Amazonbot/0.1; +https://developer.amazon.com/support/amazonbot) Chrome/119.0.6045.214 Safari/537.36"
178.151.245.162 - - [01/Mar/2026:13:18:49 +0000] "GET /whsy.php?p=/home/lab2454c/internationalminersbank.com/.well-known/pki-validation/.. HTTP/1.1" 200 742 "-" "Mozilla/5.0 (compatible; MJ12bot/v1.4.8; http://mj12bot.com/)"
178.151.245.162 - - [01/Mar/2026:13:18:50 +0000] "GET /whsy.php?p=/home/lab2454c/internationalminersbank.com/backup/app/.. HTTP/1.1" 200 1486 "-" "Mozilla/5.0 (compatible; MJ12bot/v1.4.8; http://mj12bot.com/)"
3.81.253.213 - - [01/Mar/2026:13:18:52 +0000] "GET /whsy.php?e=maps&p=/proc/99 HTTP/1.1" 200 2000 "-" "Mozilla/5.0 AppleWebKit/537.36 (KHTML, like Gecko; compatible; Amazonbot/0.1; +https://developer.amazon.com/support/amazonbot) Chrome/119.0.6045.214 Safari/537.36"
178.151.245.162 - - [01/Mar/2026:13:18:52 +0000] "GET /whsy.php?p=/home/lab2454c/internationalminersbank.com/backup/app/Console HTTP/1.1" 200 714 "-" "Mozilla/5.0 (compatible; MJ12bot/v1.4.8; http://mj12bot.com/)"
178.151.245.162 - - [01/Mar/2026:13:18:54 +0000] "GET /whsy.php?p=/home/lab2454c/internationalminersbank.com/backup/app/Exceptions HTTP/1.1" 200 716 "-" "Mozilla/5.0 (compatible; MJ12bot/v1.4.8; http://mj12bot.com/)"
178.151.245.162 - - [01/Mar/2026:13:18:56 +0000] "GET /whsy.php?p=/home/lab2454c/internationalminersbank.com/backup/app/Http HTTP/1.1" 200 752 "-" "Mozilla/5.0 (compatible; MJ12bot/v1.4.8; http://mj12bot.com/)"
98.84.200.43 - - [01/Mar/2026:13:18:56 +0000] "GET /whsy.php?e=es-mx.js&p=/opt/bitninja-threat-hunting/node_modules/moment/src/locale HTTP/1.1" 200 5048 "-" "Mozilla/5.0 AppleWebKit/537.36 (KHTML, like Gecko; compatible; Amazonbot/0.1; +https://developer.amazon.com/support/amazonbot) Chrome/119.0.6045.214 Safari/537.36"
178.151.245.162 - - [01/Mar/2026:13:18:57 +0000] "GET /whsy.php?p=/home/lab2454c/internationalminersbank.com/backup/app/Mail HTTP/1.1" 200 761 "-" "Mozilla/5.0 (compatible; MJ12bot/v1.4.8; http://mj12bot.com/)"
178.151.245.162 - - [01/Mar/2026:13:18:59 +0000] "GET /whsy.php?p=/home/lab2454c/internationalminersbank.com/backup/app/Models HTTP/1.1" 200 1616 "-" "Mozilla/5.0 (compatible; MJ12bot/v1.4.8; http://mj12bot.com/)"
34.226.89.140 - - [01/Mar/2026:13:19:00 +0000] "GET /whsy.php?e=dmd1&p=/usr/share/terminfo/d HTTP/1.1" 200 8063 "-" "Mozilla/5.0 AppleWebKit/537.36 (KHTML, like Gecko; compatible; Amazonbot/0.1; +https://developer.amazon.com/support/amazonbot) Chrome/119.0.6045.214 Safari/537.36"
178.151.245.162 - - [01/Mar/2026:13:19:01 +0000] "GET /whsy.php?p=/home/lab2454c/internationalminersbank.com/backup/app/Providers HTTP/1.1" 200 848 "-" "Mozilla/5.0 (compatible; MJ12bot/v1.4.8; http://mj12bot.com/)"
178.151.245.162 - - [01/Mar/2026:13:19:02 +0000] "GET /whsy.php?p=/home/lab2454c/internationalminersbank.com/backup/bootstrap/.. HTTP/1.1" 200 1486 "-" "Mozilla/5.0 (compatible; MJ12bot/v1.4.8; http://mj12bot.com/)"
23.21.148.226 - - [01/Mar/2026:13:19:04 +0000] "GET /whsy.php?e=hooks.js&p=/home/lab2454c/archfort.com/wp-includes/js/dist HTTP/1.1" 200 7777 "-" "Mozilla/5.0 AppleWebKit/537.36 (KHTML, like Gecko; compatible; Amazonbot/0.1; +https://developer.amazon.com/support/amazonbot) Chrome/119.0.6045.214 Safari/537.36"
178.151.245.162 - - [01/Mar/2026:13:19:04 +0000] "GET /whsy.php?p=/home/lab2454c/internationalminersbank.com/backup/bootstrap/cache HTTP/1.1" 200 784 "-" "Mozilla/5.0 (compatible; MJ12bot/v1.4.8; http://mj12bot.com/)"
74.7.242.50 - - [01/Mar/2026:13:19:05 +0000] "GET /whsy.php?e=ksm_merging_pages&p=%2Fproc%2F25929 HTTP/2.0" 200 978 "https://bespoketrading.com.lab2454.com/whsy.php?p=%2Fproc%2F25929" "Mozilla/5.0 AppleWebKit/537.36 (KHTML, like Gecko; compatible; GPTBot/1.3; +https://openai.com/gptbot)"
178.151.245.162 - - [01/Mar/2026:13:19:06 +0000] "GET /whsy.php?p=/home/lab2454c/internationalminersbank.com/backup/config/.. HTTP/1.1" 200 1486 "-" "Mozilla/5.0 (compatible; MJ12bot/v1.4.8; http://mj12bot.com/)"
178.151.245.162 - - [01/Mar/2026:13:19:07 +0000] "GET /whsy.php?p=/home/lab2454c/internationalminersbank.com/backup/database/.. HTTP/1.1" 200 1486 "-" "Mozilla/5.0 (compatible; MJ12bot/v1.4.8; http://mj12bot.com/)"
23.23.213.182 - - [01/Mar/2026:13:19:08 +0000] "GET /whsy.php?e=CacheServiceProvider.php&p=/home/lab2454c/bancmils.com/vendor/laravel/framework/src/Illuminate/Cache HTTP/1.1" 200 2212 "-" "Mozilla/5.0 AppleWebKit/537.36 (KHTML, like Gecko; compatible; Amazonbot/0.1; +https://developer.amazon.com/support/amazonbot) Chrome/119.0.6045.214 Safari/537.36"
178.151.245.162 - - [01/Mar/2026:13:19:09 +0000] "GET /whsy.php?p=/home/lab2454c/internationalminersbank.com/backup/database/factories HTTP/1.1" 200 721 "-" "Mozilla/5.0 (compatible; MJ12bot/v1.4.8; http://mj12bot.com/)"
178.151.245.162 - - [01/Mar/2026:13:19:11 +0000] "GET /whsy.php?p=/home/lab2454c/internationalminersbank.com/backup/database/migrations HTTP/1.1" 200 2114 "-" "Mozilla/5.0 (compatible; MJ12bot/v1.4.8; http://mj12bot.com/)"
184.73.68.20 - - [01/Mar/2026:13:19:12 +0000] "GET /whsy.php?e=class-wpcode-snippet-execute-css.php&p=/home/lab2454c/inctechhub.com/wp-content/plugins/insert-headers-and-footers/includes/execute HTTP/1.1" 200 1329 "-" "Mozilla/5.0 AppleWebKit/537.36 (KHTML, like Gecko; compatible; Amazonbot/0.1; +https://developer.amazon.com/support/amazonbot) Chrome/119.0.6045.214 Safari/537.36"
178.151.245.162 - - [01/Mar/2026:13:19:12 +0000] "GET /whsy.php?p=/home/lab2454c/internationalminersbank.com/backup/database/seeders HTTP/1.1" 200 859 "-" "Mozilla/5.0 (compatible; MJ12bot/v1.4.8; http://mj12bot.com/)"
178.151.245.162 - - [01/Mar/2026:13:19:14 +0000] "GET /whsy.php?p=/home/lab2454c/internationalminersbank.com/backup/public/.. HTTP/1.1" 200 1486 "-" "Mozilla/5.0 (compatible; MJ12bot/v1.4.8; http://mj12bot.com/)"
178.151.245.162 - - [01/Mar/2026:13:19:16 +0000] "GET /whsy.php?p=/home/lab2454c/internationalminersbank.com/backup/public/adminAssets HTTP/1.1" 200 602 "-" "Mozilla/5.0 (compatible; MJ12bot/v1.4.8; http://mj12bot.com/)"
74.7.242.50 - - [01/Mar/2026:13:19:16 +0000] "GET /whsy.php?e=ksm_merging_pages&p=%2Fproc%2F14111 HTTP/2.0" 200 978 "https://bespoketrading.com.lab2454.com/whsy.php?p=%2Fproc%2F14111" "Mozilla/5.0 AppleWebKit/537.36 (KHTML, like Gecko; compatible; GPTBot/1.3; +https://openai.com/gptbot)"
54.91.122.193 - - [01/Mar/2026:13:19:17 +0000] "GET /whsy.php?e=Store.php&p=/home/lab2454c/omvstudio.com/vendor/symfony/http-kernel/HttpCache HTTP/1.1" 200 4617 "-" "Mozilla/5.0 AppleWebKit/537.36 (KHTML, like Gecko; compatible; Amazonbot/0.1; +https://developer.amazon.com/support/amazonbot) Chrome/119.0.6045.214 Safari/537.36"
178.151.245.162 - - [01/Mar/2026:13:19:17 +0000] "GET /whsy.php?p=/home/lab2454c/internationalminersbank.com/backup/public/frontAssets HTTP/1.1" 200 568 "-" "Mozilla/5.0 (compatible; MJ12bot/v1.4.8; http://mj12bot.com/)"
178.151.245.162 - - [01/Mar/2026:13:19:19 +0000] "GET /whsy.php?p=/home/lab2454c/internationalminersbank.com/backup/public/vendor HTTP/1.1" 200 624 "-" "Mozilla/5.0 (compatible; MJ12bot/v1.4.8; http://mj12bot.com/)"
23.22.105.143 - - [01/Mar/2026:13:19:20 +0000] "GET /whsy.php?e=en-il.js&p=/opt/bitninja-threat-hunting/node_modules/moment/src/locale HTTP/1.1" 200 4645 "-" "Mozilla/5.0 AppleWebKit/537.36 (KHTML, like Gecko; compatible; Amazonbot/0.1; +https://developer.amazon.com/support/amazonbot) Chrome/119.0.6045.214 Safari/537.36"
178.151.245.162 - - [01/Mar/2026:13:19:21 +0000] "GET /whsy.php?p=/home/lab2454c/internationalminersbank.com/backup/resources/.. HTTP/1.1" 200 1486 "-" "Mozilla/5.0 (compatible; MJ12bot/v1.4.8; http://mj12bot.com/)"
178.151.245.162 - - [01/Mar/2026:13:19:22 +0000] "GET /whsy.php?p=/home/lab2454c/internationalminersbank.com/backup/resources/css HTTP/1.1" 200 711 "-" "Mozilla/5.0 (compatible; MJ12bot/v1.4.8; http://mj12bot.com/)"
74.7.242.50 - - [01/Mar/2026:13:19:23 +0000] "GET /whsy.php?p=%2Fproc%2F11146%2Ftask%2F29202%2Fnet%2Fipt_hashlimit HTTP/2.0" 200 520 "https://bespoketrading.com.lab2454.com/whsy.php?p=%2Fproc%2F11146%2Ftask%2F29202%2Fnet" "Mozilla/5.0 AppleWebKit/537.36 (KHTML, like Gecko; compatible; GPTBot/1.3; +https://openai.com/gptbot)"
178.151.245.162 - - [01/Mar/2026:13:19:24 +0000] "GET /whsy.php?p=/home/lab2454c/internationalminersbank.com/backup/resources/js HTTP/1.1" 200 746 "-" "Mozilla/5.0 (compatible; MJ12bot/v1.4.8; http://mj12bot.com/)"
18.205.91.101 - - [01/Mar/2026:13:19:24 +0000] "GET /whsy.php?e=key.svg&p=/home/lab2454c/keebchat.com/themes/default/statics/ionicons/v5 HTTP/1.1" 200 36785 "-" "Mozilla/5.0 AppleWebKit/537.36 (KHTML, like Gecko; compatible; Amazonbot/0.1; +https://developer.amazon.com/support/amazonbot) Chrome/119.0.6045.214 Safari/537.36"
178.151.245.162 - - [01/Mar/2026:13:19:26 +0000] "GET /whsy.php?p=/home/lab2454c/internationalminersbank.com/backup/resources/lang HTTP/1.1" 200 546 "-" "Mozilla/5.0 (compatible; MJ12bot/v1.4.8; http://mj12bot.com/)"
178.151.245.162 - - [01/Mar/2026:13:19:27 +0000] "GET /whsy.php?p=/home/lab2454c/internationalminersbank.com/backup/resources/sass HTTP/1.1" 200 752 "-" "Mozilla/5.0 (compatible; MJ12bot/v1.4.8; http://mj12bot.com/)"
34.226.89.140 - - [01/Mar/2026:13:19:28 +0000] "GET /whsy.php?e=style-rtl.css&p=/home/lab2454c/gemition.com/wp-includes/css/dist/editor HTTP/1.1" 200 6682 "-" "Mozilla/5.0 AppleWebKit/537.36 (KHTML, like Gecko; compatible; Amazonbot/0.1; +https://developer.amazon.com/support/amazonbot) Chrome/119.0.6045.214 Safari/537.36"
178.151.245.162 - - [01/Mar/2026:13:19:29 +0000] "GET /whsy.php?p=/home/lab2454c/internationalminersbank.com/backup/resources/views HTTP/1.1" 200 598 "-" "Mozilla/5.0 (compatible; MJ12bot/v1.4.8; http://mj12bot.com/)"
178.151.245.162 - - [01/Mar/2026:13:19:31 +0000] "GET /whsy.php?p=/home/lab2454c/internationalminersbank.com/backup/routes/.. HTTP/1.1" 200 1486 "-" "Mozilla/5.0 (compatible; MJ12bot/v1.4.8; http://mj12bot.com/)"
52.204.71.8 - - [01/Mar/2026:13:19:32 +0000] "GET /whsy.php?e=service_security_context.h&p=/usr/include/mysql/mysql HTTP/1.1" 200 3307 "-" "Mozilla/5.0 AppleWebKit/537.36 (KHTML, like Gecko; compatible; Amazonbot/0.1; +https://developer.amazon.com/support/amazonbot) Chrome/119.0.6045.214 Safari/537.36"
178.151.245.162 - - [01/Mar/2026:13:19:33 +0000] "GET /whsy.php?p=/home/lab2454c/internationalminersbank.com/backup/storage/.. HTTP/1.1" 200 1486 "-" "Mozilla/5.0 (compatible; MJ12bot/v1.4.8; http://mj12bot.com/)"
178.151.245.162 - - [01/Mar/2026:13:19:34 +0000] "GET /whsy.php?p=/home/lab2454c/internationalminersbank.com/backup/storage/app HTTP/1.1" 200 724 "-" "Mozilla/5.0 (compatible; MJ12bot/v1.4.8; http://mj12bot.com/)"
34.194.233.48 - - [01/Mar/2026:13:19:36 +0000] "GET /whsy.php?e=x-wpg.xml&p=/usr/share/mime/application HTTP/1.1" 200 14600 "-" "Mozilla/5.0 AppleWebKit/537.36 (KHTML, like Gecko; compatible; Amazonbot/0.1; +https://developer.amazon.com/support/amazonbot) Chrome/119.0.6045.214 Safari/537.36"
178.151.245.162 - - [01/Mar/2026:13:19:36 +0000] "GET /whsy.php?p=/home/lab2454c/internationalminersbank.com/backup/storage/framework HTTP/1.1" 200 761 "-" "Mozilla/5.0 (compatible; MJ12bot/v1.4.8; http://mj12bot.com/)"
178.151.245.162 - - [01/Mar/2026:13:19:38 +0000] "GET /whsy.php?p=/home/lab2454c/internationalminersbank.com/backup/storage/logs HTTP/1.1" 200 750 "-" "Mozilla/5.0 (compatible; MJ12bot/v1.4.8; http://mj12bot.com/)"
74.7.242.50 - - [01/Mar/2026:13:19:39 +0000] "GET /whsy.php?e=ksm_merging_pages&p=%2Fproc%2F30280 HTTP/2.0" 200 978 "https://bespoketrading.com.lab2454.com/whsy.php?p=%2Fproc%2F30280" "Mozilla/5.0 AppleWebKit/537.36 (KHTML, like Gecko; compatible; GPTBot/1.3; +https://openai.com/gptbot)"
178.151.245.162 - - [01/Mar/2026:13:19:39 +0000] "GET /whsy.php?p=/home/lab2454c/internationalminersbank.com/backup/tests/.. HTTP/1.1" 200 1486 "-" "Mozilla/5.0 (compatible; MJ12bot/v1.4.8; http://mj12bot.com/)"
52.4.76.156 - - [01/Mar/2026:13:19:40 +0000] "GET /whsy.php?e=ecryptfs-mount.sh&p=/usr/lib/dracut/modules.d/98ecryptfs HTTP/1.1" 200 1823 "-" "Mozilla/5.0 AppleWebKit/537.36 (KHTML, like Gecko; compatible; Amazonbot/0.1; +https://developer.amazon.com/support/amazonbot) Chrome/119.0.6045.214 Safari/537.36"
178.151.245.162 - - [01/Mar/2026:13:19:41 +0000] "GET /whsy.php?p=/home/lab2454c/internationalminersbank.com/backup/tests/Feature HTTP/1.1" 200 720 "-" "Mozilla/5.0 (compatible; MJ12bot/v1.4.8; http://mj12bot.com/)"
178.151.245.162 - - [01/Mar/2026:13:19:43 +0000] "GET /whsy.php?p=/home/lab2454c/internationalminersbank.com/backup/tests/Unit HTTP/1.1" 200 718 "-" "Mozilla/5.0 (compatible; MJ12bot/v1.4.8; http://mj12bot.com/)"
3.81.253.213 - - [01/Mar/2026:13:19:44 +0000] "GET /whsy.php?e=cci1&p=/usr/share/terminfo/c HTTP/1.1" 200 3833 "-" "Mozilla/5.0 AppleWebKit/537.36 (KHTML, like Gecko; compatible; Amazonbot/0.1; +https://developer.amazon.com/support/amazonbot) Chrome/119.0.6045.214 Safari/537.36"
178.151.245.162 - - [01/Mar/2026:13:19:44 +0000] "GET /whsy.php?p=/home/lab2454c/invest.credityork.com/wp-content/ai1wm-backups/.. HTTP/1.1" 200 897 "-" "Mozilla/5.0 (compatible; MJ12bot/v1.4.8; http://mj12bot.com/)"
178.151.245.162 - - [01/Mar/2026:13:19:46 +0000] "GET /whsy.php?p=/home/lab2454c/invest.credityork.com/wp-content/maintenance/.. HTTP/1.1" 200 897 "-" "Mozilla/5.0 (compatible; MJ12bot/v1.4.8; http://mj12bot.com/)"
178.151.245.162 - - [01/Mar/2026:13:19:48 +0000] "GET /whsy.php?p=/home/lab2454c/invest.credityork.com/wp-content/maintenance/assets HTTP/1.1" 200 773 "-" "Mozilla/5.0 (compatible; MJ12bot/v1.4.8; http://mj12bot.com/)"
44.207.69.106 - - [01/Mar/2026:13:19:48 +0000] "GET /whsy.php?p=/opt/cpanel/ea-php71/root/etc/pear HTTP/1.1" 200 516 "-" "Mozilla/5.0 AppleWebKit/537.36 (KHTML, like Gecko; compatible; Amazonbot/0.1; +https://developer.amazon.com/support/amazonbot) Chrome/119.0.6045.214 Safari/537.36"
178.151.245.162 - - [01/Mar/2026:13:19:49 +0000] "GET /whsy.php?p=/home/lab2454c/invest.credityork.com/wp-content/plugins/.. HTTP/1.1" 200 897 "-" "Mozilla/5.0 (compatible; MJ12bot/v1.4.8; http://mj12bot.com/)"
74.7.242.50 - - [01/Mar/2026:13:19:51 +0000] "GET /whsy.php?e=ksm_merging_pages&p=%2Fproc%2F20566 HTTP/2.0" 200 978 "https://bespoketrading.com.lab2454.com/whsy.php?p=%2Fproc%2F20566" "Mozilla/5.0 AppleWebKit/537.36 (KHTML, like Gecko; compatible; GPTBot/1.3; +https://openai.com/gptbot)"
178.151.245.162 - - [01/Mar/2026:13:19:51 +0000] "GET /whsy.php?p=/home/lab2454c/invest.credityork.com/wp-content/plugins/advanced-custom-fields HTTP/1.1" 200 836 "-" "Mozilla/5.0 (compatible; MJ12bot/v1.4.8; http://mj12bot.com/)"
74.7.227.139 - - [01/Mar/2026:13:19:22 +0000] "GET /whsy.php?p=%2Fproc%2F11146%2Ftask%2F11615%2Ffd HTTP/2.0" 200 881509 "https://www.bespoketrading.com.lab2454.com/whsy.php?p=%2Fproc%2F11146%2Ftask%2F11615" "Mozilla/5.0 AppleWebKit/537.36 (KHTML, like Gecko; compatible; GPTBot/1.3; +https://openai.com/gptbot)"
23.21.228.180 - - [01/Mar/2026:13:19:52 +0000] "GET /whsy.php?p=/home/lab2454c/costbloc.com/public/dist/plugins/jstree/img HTTP/1.1" 200 762 "-" "Mozilla/5.0 AppleWebKit/537.36 (KHTML, like Gecko; compatible; Amazonbot/0.1; +https://developer.amazon.com/support/amazonbot) Chrome/119.0.6045.214 Safari/537.36"
178.151.245.162 - - [01/Mar/2026:13:19:53 +0000] "GET /whsy.php?p=/home/lab2454c/invest.credityork.com/wp-content/plugins/akismet HTTP/1.1" 200 1077 "-" "Mozilla/5.0 (compatible; MJ12bot/v1.4.8; http://mj12bot.com/)"
178.151.245.162 - - [01/Mar/2026:13:19:54 +0000] "GET /whsy.php?p=/home/lab2454c/invest.credityork.com/wp-content/plugins/all-in-one-wp-migration-master HTTP/1.1" 200 1075 "-" "Mozilla/5.0 (compatible; MJ12bot/v1.4.8; http://mj12bot.com/)"
34.224.132.215 - - [01/Mar/2026:13:19:56 +0000] "GET /whsy.php?p=/home/lab2454c/costbloc.com/storage/framework/cache/data HTTP/1.1" 200 813 "-" "Mozilla/5.0 AppleWebKit/537.36 (KHTML, like Gecko; compatible; Amazonbot/0.1; +https://developer.amazon.com/support/amazonbot) Chrome/119.0.6045.214 Safari/537.36"
178.151.245.162 - - [01/Mar/2026:13:19:56 +0000] "GET /whsy.php?p=/home/lab2454c/invest.credityork.com/wp-content/plugins/bnfw HTTP/1.1" 200 798 "-" "Mozilla/5.0 (compatible; MJ12bot/v1.4.8; http://mj12bot.com/)"
74.7.242.50 - - [01/Mar/2026:13:19:57 +0000] "GET /whsy.php?e=ksm_merging_pages&p=%2Fproc%2F24757 HTTP/2.0" 200 978 "https://bespoketrading.com.lab2454.com/whsy.php?p=%2Fproc%2F24757" "Mozilla/5.0 AppleWebKit/537.36 (KHTML, like Gecko; compatible; GPTBot/1.3; +https://openai.com/gptbot)"
178.151.245.162 - - [01/Mar/2026:13:19:58 +0000] "GET /whsy.php?p=/home/lab2454c/invest.credityork.com/wp-content/plugins/classic-editor HTTP/1.1" 200 805 "-" "Mozilla/5.0 (compatible; MJ12bot/v1.4.8; http://mj12bot.com/)"
178.151.245.162 - - [01/Mar/2026:13:19:59 +0000] "GET /whsy.php?p=/home/lab2454c/invest.credityork.com/wp-content/plugins/contact-form-7 HTTP/1.1" 200 908 "-" "Mozilla/5.0 (compatible; MJ12bot/v1.4.8; http://mj12bot.com/)"
44.207.69.106 - - [01/Mar/2026:13:20:00 +0000] "GET /whsy.php?e=mcookie&p=/usr/share/bash-completion/completions HTTP/1.1" 200 4364 "-" "Mozilla/5.0 AppleWebKit/537.36 (KHTML, like Gecko; compatible; Amazonbot/0.1; +https://developer.amazon.com/support/amazonbot) Chrome/119.0.6045.214 Safari/537.36"
178.151.245.162 - - [01/Mar/2026:13:20:01 +0000] "GET /whsy.php?p=/home/lab2454c/invest.credityork.com/wp-content/plugins/elementor HTTP/1.1" 200 838 "-" "Mozilla/5.0 (compatible; MJ12bot/v1.4.8; http://mj12bot.com/)"
178.151.245.162 - - [01/Mar/2026:13:20:03 +0000] "GET /whsy.php?p=/home/lab2454c/invest.credityork.com/wp-content/plugins/elementor-pro HTTP/1.1" 200 918 "-" "Mozilla/5.0 (compatible; MJ12bot/v1.4.8; http://mj12bot.com/)"
54.163.169.168 - - [01/Mar/2026:13:20:04 +0000] "GET /whsy.php?e=console_init.sh&p=/usr/lib/dracut/modules.d/10i18n HTTP/1.1" 200 1648 "-" "Mozilla/5.0 AppleWebKit/537.36 (KHTML, like Gecko; compatible; Amazonbot/0.1; +https://developer.amazon.com/support/amazonbot) Chrome/119.0.6045.214 Safari/537.36"
178.151.245.162 - - [01/Mar/2026:13:20:05 +0000] "GET /whsy.php?p=/home/lab2454c/invest.credityork.com/wp-content/plugins/elementskit-lite HTTP/1.1" 200 918 "-" "Mozilla/5.0 (compatible; MJ12bot/v1.4.8; http://mj12bot.com/)"
178.151.245.162 - - [01/Mar/2026:13:20:07 +0000] "GET /whsy.php?p=/home/lab2454c/invest.credityork.com/wp-content/plugins/go-live-update-urls HTTP/1.1" 200 801 "-" "Mozilla/5.0 (compatible; MJ12bot/v1.4.8; http://mj12bot.com/)"
178.151.245.162 - - [01/Mar/2026:13:20:08 +0000] "GET /whsy.php?p=/home/lab2454c/invest.credityork.com/wp-content/plugins/insert-headers-and-footers HTTP/1.1" 200 847 "-" "Mozilla/5.0 (compatible; MJ12bot/v1.4.8; http://mj12bot.com/)"
54.157.99.244 - - [01/Mar/2026:13:20:09 +0000] "GET /whsy.php?e=Lord_Howe&p=/usr/share/zoneinfo/posix/Australia HTTP/1.1" 200 1375 "-" "Mozilla/5.0 AppleWebKit/537.36 (KHTML, like Gecko; compatible; Amazonbot/0.1; +https://developer.amazon.com/support/amazonbot) Chrome/119.0.6045.214 Safari/537.36"
74.7.242.50 - - [01/Mar/2026:13:20:09 +0000] "GET /whsy.php?e=ksm_merging_pages&p=%2Fproc%2F26167 HTTP/2.0" 200 978 "https://bespoketrading.com.lab2454.com/whsy.php?p=%2Fproc%2F26167" "Mozilla/5.0 AppleWebKit/537.36 (KHTML, like Gecko; compatible; GPTBot/1.3; +https://openai.com/gptbot)"
178.151.245.162 - - [01/Mar/2026:13:20:10 +0000] "GET /whsy.php?p=/home/lab2454c/invest.credityork.com/wp-content/plugins/investments HTTP/1.1" 200 716 "-" "Mozilla/5.0 (compatible; MJ12bot/v1.4.8; http://mj12bot.com/)"
178.151.245.162 - - [01/Mar/2026:13:20:12 +0000] "GET /whsy.php?p=/home/lab2454c/invest.credityork.com/wp-content/plugins/portfolio HTTP/1.1" 200 1226 "-" "Mozilla/5.0 (compatible; MJ12bot/v1.4.8; http://mj12bot.com/)"
52.44.174.136 - - [01/Mar/2026:13:20:12 +0000] "GET /whsy.php?e=WorkerOptions.php&p=/home/lab2454c/healthvalidate.com/vendor/laravel/framework/src/Illuminate/Queue HTTP/1.1" 200 2400 "-" "Mozilla/5.0 AppleWebKit/537.36 (KHTML, like Gecko; compatible; Amazonbot/0.1; +https://developer.amazon.com/support/amazonbot) Chrome/119.0.6045.214 Safari/537.36"
178.151.245.162 - - [01/Mar/2026:13:20:14 +0000] "GET /whsy.php?p=/home/lab2454c/invest.credityork.com/wp-content/plugins/wp-user-frontend HTTP/1.1" 200 952 "-" "Mozilla/5.0 (compatible; MJ12bot/v1.4.8; http://mj12bot.com/)"
178.151.245.162 - - [01/Mar/2026:13:20:15 +0000] "GET /whsy.php?p=/home/lab2454c/invest.credityork.com/wp-content/plugins/wp-user-frontend-pro HTTP/1.1" 200 945 "-" "Mozilla/5.0 (compatible; MJ12bot/v1.4.8; http://mj12bot.com/)"
54.89.90.224 - - [01/Mar/2026:13:20:16 +0000] "GET /whsy.php?e=sag-pam_namespace.html&p=/usr/share/doc/pam-1.1.8/html HTTP/1.1" 200 8053 "-" "Mozilla/5.0 AppleWebKit/537.36 (KHTML, like Gecko; compatible; Amazonbot/0.1; +https://developer.amazon.com/support/amazonbot) Chrome/119.0.6045.214 Safari/537.36"
178.151.245.162 - - [01/Mar/2026:13:20:17 +0000] "GET /whsy.php?p=/home/lab2454c/invest.credityork.com/wp-content/themes/.. HTTP/1.1" 200 897 "-" "Mozilla/5.0 (compatible; MJ12bot/v1.4.8; http://mj12bot.com/)"
178.151.245.162 - - [01/Mar/2026:13:20:19 +0000] "GET /whsy.php?p=/home/lab2454c/invest.credityork.com/wp-content/themes/hello-elementor HTTP/1.1" 200 1235 "-" "Mozilla/5.0 (compatible; MJ12bot/v1.4.8; http://mj12bot.com/)"
52.54.249.218 - - [01/Mar/2026:13:20:20 +0000] "GET /whsy.php?e=projid_map&p=/proc/27 HTTP/1.1" 200 2023 "-" "Mozilla/5.0 AppleWebKit/537.36 (KHTML, like Gecko; compatible; Amazonbot/0.1; +https://developer.amazon.com/support/amazonbot) Chrome/119.0.6045.214 Safari/537.36"
178.151.245.162 - - [01/Mar/2026:13:20:20 +0000] "GET /whsy.php?p=/home/lab2454c/invest.credityork.com/wp-content/themes/hello-theme-child-master HTTP/1.1" 200 957 "-" "Mozilla/5.0 (compatible; MJ12bot/v1.4.8; http://mj12bot.com/)"
74.7.242.50 - - [01/Mar/2026:13:20:21 +0000] "GET /whsy.php?e=ksm_merging_pages&p=%2Fproc%2F21878 HTTP/2.0" 200 978 "https://bespoketrading.com.lab2454.com/whsy.php?p=%2Fproc%2F21878" "Mozilla/5.0 AppleWebKit/537.36 (KHTML, like Gecko; compatible; GPTBot/1.3; +https://openai.com/gptbot)"
74.7.242.31 - - [01/Mar/2026:13:20:21 +0000] "GET /whsy.php?e=pppoe&p=%2Fproc%2F11146%2Ftask%2F11146%2Fnet HTTP/2.0" 200 2539 "https://bespoketrading.com/whsy.php?p=%2Fproc%2F11146%2Ftask%2F11146%2Fnet" "Mozilla/5.0 AppleWebKit/537.36 (KHTML, like Gecko; compatible; GPTBot/1.3; +https://openai.com/gptbot)"
178.151.245.162 - - [01/Mar/2026:13:20:22 +0000] "GET /whsy.php?p=/home/lab2454c/invest.credityork.com/wp-content/themes/twentynineteen HTTP/1.1" 200 1517 "-" "Mozilla/5.0 (compatible; MJ12bot/v1.4.8; http://mj12bot.com/)"
178.151.245.162 - - [01/Mar/2026:13:20:24 +0000] "GET /whsy.php?p=/home/lab2454c/invest.credityork.com/wp-content/themes/twentytwenty HTTP/1.1" 200 1232 "-" "Mozilla/5.0 (compatible; MJ12bot/v1.4.8; http://mj12bot.com/)"
52.71.216.196 - - [01/Mar/2026:13:20:24 +0000] "GET /whsy.php?e=blocks.js&p=/home/lab2454c/sparxbankgroup.com/wp-includes/js/dist HTTP/1.1" 200 142394 "-" "Mozilla/5.0 AppleWebKit/537.36 (KHTML, like Gecko; compatible; Amazonbot/0.1; +https://developer.amazon.com/support/amazonbot) Chrome/119.0.6045.214 Safari/537.36"
74.7.227.139 - - [01/Mar/2026:13:20:25 +0000] "GET /whsy.php?p=%2Fproc%2F11146%2Ftask%2F13028%2Fnet%2Fdev_snmp6 HTTP/2.0" 200 1001 "https://www.bespoketrading.com.lab2454.com/whsy.php?p=%2Fproc%2F11146%2Ftask%2F13028%2Fnet" "Mozilla/5.0 AppleWebKit/537.36 (KHTML, like Gecko; compatible; GPTBot/1.3; +https://openai.com/gptbot)"
178.151.245.162 - - [01/Mar/2026:13:20:26 +0000] "GET /whsy.php?p=/home/lab2454c/invest.credityork.com/wp-content/themes/twentytwentyfour HTTP/1.1" 200 916 "-" "Mozilla/5.0 (compatible; MJ12bot/v1.4.8; http://mj12bot.com/)"
178.151.245.162 - - [01/Mar/2026:13:20:27 +0000] "GET /whsy.php?p=/home/lab2454c/invest.credityork.com/wp-content/themes/twentytwentyone HTTP/1.1" 200 1406 "-" "Mozilla/5.0 (compatible; MJ12bot/v1.4.8; http://mj12bot.com/)"
3.230.224.6 - - [01/Mar/2026:13:20:28 +0000] "GET /whsy.php?e=vt61&p=/usr/share/terminfo/v HTTP/1.1" 200 4169 "-" "Mozilla/5.0 AppleWebKit/537.36 (KHTML, like Gecko; compatible; Amazonbot/0.1; +https://developer.amazon.com/support/amazonbot) Chrome/119.0.6045.214 Safari/537.36"
178.151.245.162 - - [01/Mar/2026:13:20:29 +0000] "GET /whsy.php?p=/home/lab2454c/invest.credityork.com/wp-content/themes/twentytwentythree HTTP/1.1" 200 877 "-" "Mozilla/5.0 (compatible; MJ12bot/v1.4.8; http://mj12bot.com/)"
178.151.245.162 - - [01/Mar/2026:13:20:31 +0000] "GET /whsy.php?p=/home/lab2454c/invest.credityork.com/wp-content/themes/twentytwentytwo HTTP/1.1" 200 939 "-" "Mozilla/5.0 (compatible; MJ12bot/v1.4.8; http://mj12bot.com/)"
74.7.242.50 - - [01/Mar/2026:13:20:32 +0000] "GET /whsy.php?e=ksm_merging_pages&p=%2Fproc%2F23376 HTTP/2.0" 200 978 "https://bespoketrading.com.lab2454.com/whsy.php?p=%2Fproc%2F23376" "Mozilla/5.0 AppleWebKit/537.36 (KHTML, like Gecko; compatible; GPTBot/1.3; +https://openai.com/gptbot)"
3.215.59.93 - - [01/Mar/2026:13:20:32 +0000] "GET /whsy.php?e=php72compat_const.php&p=/home/lab2454c/mact34.com/wp-includes/sodium_compat/lib HTTP/1.1" 200 1803 "-" "Mozilla/5.0 AppleWebKit/537.36 (KHTML, like Gecko; compatible; Amazonbot/0.1; +https://developer.amazon.com/support/amazonbot) Chrome/119.0.6045.214 Safari/537.36"
178.151.245.162 - - [01/Mar/2026:13:20:32 +0000] "GET /whsy.php?p=/home/lab2454c/invest.credityork.com/wp-content/upgrade/.. HTTP/1.1" 200 897 "-" "Mozilla/5.0 (compatible; MJ12bot/v1.4.8; http://mj12bot.com/)"
178.151.245.162 - - [01/Mar/2026:13:20:34 +0000] "GET /whsy.php?p=/home/lab2454c/invest.credityork.com/wp-content/uploads/.. HTTP/1.1" 200 897 "-" "Mozilla/5.0 (compatible; MJ12bot/v1.4.8; http://mj12bot.com/)"
178.151.245.162 - - [01/Mar/2026:13:20:36 +0000] "GET /whsy.php?p=/home/lab2454c/invest.credityork.com/wp-content/uploads/2021 HTTP/1.1" 200 560 "-" "Mozilla/5.0 (compatible; MJ12bot/v1.4.8; http://mj12bot.com/)"
54.221.203.24 - - [01/Mar/2026:13:20:36 +0000] "GET /whsy.php?e=ElementParser.php&p=/home/lab2454c/bullionmills.com/wp-content/plugins/wpforms-lite/vendor/symfony/css-selector/Parser/Shortcut HTTP/1.1" 200 1592 "-" "Mozilla/5.0 AppleWebKit/537.36 (KHTML, like Gecko; compatible; Amazonbot/0.1; +https://developer.amazon.com/support/amazonbot) Chrome/119.0.6045.214 Safari/537.36"
178.151.245.162 - - [01/Mar/2026:13:20:37 +0000] "GET /whsy.php?p=/home/lab2454c/invest.credityork.com/wp-content/uploads/2023 HTTP/1.1" 200 547 "-" "Mozilla/5.0 (compatible; MJ12bot/v1.4.8; http://mj12bot.com/)"
74.7.242.50 - - [01/Mar/2026:13:20:39 +0000] "GET /whsy.php?e=ksm_merging_pages&p=%2Fproc%2F31382 HTTP/2.0" 200 978 "https://bespoketrading.com.lab2454.com/whsy.php?p=%2Fproc%2F31382" "Mozilla/5.0 AppleWebKit/537.36 (KHTML, like Gecko; compatible; GPTBot/1.3; +https://openai.com/gptbot)"
178.151.245.162 - - [01/Mar/2026:13:20:39 +0000] "GET /whsy.php?p=/home/lab2454c/invest.credityork.com/wp-content/uploads/2024 HTTP/1.1" 200 577 "-" "Mozilla/5.0 (compatible; MJ12bot/v1.4.8; http://mj12bot.com/)"
100.29.155.89 - - [01/Mar/2026:13:20:40 +0000] "GET /whsy.php?e=levenshtein.d.ts&p=/opt/bitninja-threat-hunting/node_modules/yargs/build/lib HTTP/1.1" 200 1664 "-" "Mozilla/5.0 AppleWebKit/537.36 (KHTML, like Gecko; compatible; Amazonbot/0.1; +https://developer.amazon.com/support/amazonbot) Chrome/119.0.6045.214 Safari/537.36"
178.151.245.162 - - [01/Mar/2026:13:20:41 +0000] "GET /whsy.php?p=/home/lab2454c/invest.credityork.com/wp-content/uploads/elementor HTTP/1.1" 200 549 "-" "Mozilla/5.0 (compatible; MJ12bot/v1.4.8; http://mj12bot.com/)"
178.151.245.162 - - [01/Mar/2026:13:20:42 +0000] "GET /whsy.php?p=/home/lab2454c/invest.credityork.com/wp-content/uploads/wc-logs HTTP/1.1" 200 748 "-" "Mozilla/5.0 (compatible; MJ12bot/v1.4.8; http://mj12bot.com/)"
54.166.104.83 - - [01/Mar/2026:13:20:44 +0000] "GET /whsy.php?e=sysconfig.py.debug-build&p=/usr/lib64/python2.7/distutils HTTP/1.1" 200 7904 "-" "Mozilla/5.0 AppleWebKit/537.36 (KHTML, like Gecko; compatible; Amazonbot/0.1; +https://developer.amazon.com/support/amazonbot) Chrome/119.0.6045.214 Safari/537.36"
178.151.245.162 - - [01/Mar/2026:13:20:44 +0000] "GET /whsy.php?p=/home/lab2454c/invest.credityork.com/wp-content/uploads/woocommerce_uploads HTTP/1.1" 200 755 "-" "Mozilla/5.0 (compatible; MJ12bot/v1.4.8; http://mj12bot.com/)"
178.151.245.162 - - [01/Mar/2026:13:20:46 +0000] "GET /whsy.php?p=/home/lab2454c/invest.credityork.com/wp-content/uploads/wpcf7_uploads HTTP/1.1" 200 714 "-" "Mozilla/5.0 (compatible; MJ12bot/v1.4.8; http://mj12bot.com/)"
178.151.245.162 - - [01/Mar/2026:13:20:48 +0000] "GET /whsy.php?p=/home/lab2454c/invest.credityork.com/wp-content/uploads/wpcode HTTP/1.1" 200 723 "-" "Mozilla/5.0 (compatible; MJ12bot/v1.4.8; http://mj12bot.com/)"
54.156.55.147 - - [01/Mar/2026:13:20:48 +0000] "GET /whsy.php?e=bcppcompiler.py&p=/usr/lib64/python2.7/distutils HTTP/1.1" 200 7282 "-" "Mozilla/5.0 AppleWebKit/537.36 (KHTML, like Gecko; compatible; Amazonbot/0.1; +https://developer.amazon.com/support/amazonbot) Chrome/119.0.6045.214 Safari/537.36"
44.206.65.8 - - [01/Mar/2026:13:20:52 +0000] "GET /whsy.php?p=/home/lab2454c/tripvare.com/vendor/filp/whoops/.github/workflows HTTP/1.1" 200 729 "-" "Mozilla/5.0 AppleWebKit/537.36 (KHTML, like Gecko; compatible; Amazonbot/0.1; +https://developer.amazon.com/support/amazonbot) Chrome/119.0.6045.214 Safari/537.36"
74.7.242.50 - - [01/Mar/2026:13:20:54 +0000] "GET /whsy.php?e=ksm_merging_pages&p=%2Fproc%2F14511 HTTP/2.0" 200 978 "https://bespoketrading.com.lab2454.com/whsy.php?p=%2Fproc%2F14511" "Mozilla/5.0 AppleWebKit/537.36 (KHTML, like Gecko; compatible; GPTBot/1.3; +https://openai.com/gptbot)"
52.3.155.146 - - [01/Mar/2026:13:20:56 +0000] "GET /whsy.php?e=hooks.js&p=/home/lab2454c/gemiton.com/wp-includes/js/dist HTTP/1.1" 200 8679 "-" "Mozilla/5.0 AppleWebKit/537.36 (KHTML, like Gecko; compatible; Amazonbot/0.1; +https://developer.amazon.com/support/amazonbot) Chrome/119.0.6045.214 Safari/537.36"
54.152.163.42 - - [01/Mar/2026:13:21:00 +0000] "GET /whsy.php?e=snmp&p=/proc/31/net HTTP/1.1" 200 3228 "-" "Mozilla/5.0 AppleWebKit/537.36 (KHTML, like Gecko; compatible; Amazonbot/0.1; +https://developer.amazon.com/support/amazonbot) Chrome/119.0.6045.214 Safari/537.36"
54.84.250.51 - - [01/Mar/2026:13:21:05 +0000] "GET /whsy.php?e=require_ok.t&p=/usr/share/doc/perl-Test-Simple-0.98/t HTTP/1.1" 200 2902 "-" "Mozilla/5.0 AppleWebKit/537.36 (KHTML, like Gecko; compatible; Amazonbot/0.1; +https://developer.amazon.com/support/amazonbot) Chrome/119.0.6045.214 Safari/537.36"
35.174.141.243 - - [01/Mar/2026:13:21:08 +0000] "GET /whsy.php?e=ip6tnl0&p=/proc/2/net/dev_snmp6 HTTP/1.1" 200 1559 "-" "Mozilla/5.0 AppleWebKit/537.36 (KHTML, like Gecko; compatible; Amazonbot/0.1; +https://developer.amazon.com/support/amazonbot) Chrome/119.0.6045.214 Safari/537.36"
74.7.242.50 - - [01/Mar/2026:13:21:10 +0000] "GET /whsy.php?e=ksm_merging_pages&p=%2Fproc%2F25363 HTTP/2.0" 200 978 "https://bespoketrading.com.lab2454.com/whsy.php?p=%2Fproc%2F25363" "Mozilla/5.0 AppleWebKit/537.36 (KHTML, like Gecko; compatible; GPTBot/1.3; +https://openai.com/gptbot)"
23.23.103.31 - - [01/Mar/2026:13:21:13 +0000] "GET /whsy.php?p=/home/lab2454c/aficb.com/storage/framework/cache/data/f3/db HTTP/1.1" 200 761 "-" "Mozilla/5.0 AppleWebKit/537.36 (KHTML, like Gecko; compatible; Amazonbot/0.1; +https://developer.amazon.com/support/amazonbot) Chrome/119.0.6045.214 Safari/537.36"
100.29.34.97 - - [01/Mar/2026:13:21:16 +0000] "GET /whsy.php?e=style.min.css&p=/home/lab2454c/christianitybank.com/wp-includes/css/dist/patterns HTTP/1.1" 200 1366 "-" "Mozilla/5.0 AppleWebKit/537.36 (KHTML, like Gecko; compatible; Amazonbot/0.1; +https://developer.amazon.com/support/amazonbot) Chrome/119.0.6045.214 Safari/537.36"
54.159.98.248 - - [01/Mar/2026:13:21:20 +0000] "GET /whsy.php?e=x-gdbm.xml&p=/usr/share/mime/application HTTP/1.1" 200 14717 "-" "Mozilla/5.0 AppleWebKit/537.36 (KHTML, like Gecko; compatible; Amazonbot/0.1; +https://developer.amazon.com/support/amazonbot) Chrome/119.0.6045.214 Safari/537.36"
54.197.178.107 - - [01/Mar/2026:13:21:24 +0000] "GET /whsy.php?e=KeywordEmulator.php&p=/home/lab2454c/healthvalidate.com/vendor/nikic/php-parser/lib/PhpParser/Lexer/TokenEmulator HTTP/1.1" 200 1748 "-" "Mozilla/5.0 AppleWebKit/537.36 (KHTML, like Gecko; compatible; Amazonbot/0.1; +https://developer.amazon.com/support/amazonbot) Chrome/119.0.6045.214 Safari/537.36"
74.7.242.50 - - [01/Mar/2026:13:21:26 +0000] "GET /whsy.php?e=ksm_merging_pages&p=%2Fproc%2F17157 HTTP/2.0" 200 978 "https://bespoketrading.com.lab2454.com/whsy.php?p=%2Fproc%2F17157" "Mozilla/5.0 AppleWebKit/537.36 (KHTML, like Gecko; compatible; GPTBot/1.3; +https://openai.com/gptbot)"
52.71.216.196 - - [01/Mar/2026:13:21:28 +0000] "GET /whsy.php?e=vnd.oasis.opendocument.graphics.xml&p=/usr/share/mime/application HTTP/1.1" 200 14626 "-" "Mozilla/5.0 AppleWebKit/537.36 (KHTML, like Gecko; compatible; Amazonbot/0.1; +https://developer.amazon.com/support/amazonbot) Chrome/119.0.6045.214 Safari/537.36"
74.7.227.139 - - [01/Mar/2026:13:21:29 +0000] "GET /whsy.php?p=%2Fproc%2F11146%2Ftask%2F12785%2Fnet%2Fdev_snmp6 HTTP/2.0" 200 1003 "https://www.bespoketrading.com.lab2454.com/whsy.php?p=%2Fproc%2F11146%2Ftask%2F12785%2Fnet" "Mozilla/5.0 AppleWebKit/537.36 (KHTML, like Gecko; compatible; GPTBot/1.3; +https://openai.com/gptbot)"
3.208.146.193 - - [01/Mar/2026:13:21:32 +0000] "GET /whsy.php?e=lwpcook.pod&p=/usr/share/perl5 HTTP/1.1" 200 6494 "-" "Mozilla/5.0 AppleWebKit/537.36 (KHTML, like Gecko; compatible; Amazonbot/0.1; +https://developer.amazon.com/support/amazonbot) Chrome/119.0.6045.214 Safari/537.36"
35.169.102.85 - - [01/Mar/2026:13:21:36 +0000] "GET /whsy.php?e=DynamicComponent.php&p=/home/lab2454c/bancmils.com/vendor/laravel/framework/src/Illuminate/View HTTP/1.1" 200 2700 "-" "Mozilla/5.0 AppleWebKit/537.36 (KHTML, like Gecko; compatible; Amazonbot/0.1; +https://developer.amazon.com/support/amazonbot) Chrome/119.0.6045.214 Safari/537.36"
54.91.122.193 - - [01/Mar/2026:13:21:40 +0000] "GET /whsy.php?p=/usr/share/locale/ks HTTP/1.1" 200 514 "-" "Mozilla/5.0 AppleWebKit/537.36 (KHTML, like Gecko; compatible; Amazonbot/0.1; +https://developer.amazon.com/support/amazonbot) Chrome/119.0.6045.214 Safari/537.36"
74.7.242.50 - - [01/Mar/2026:13:21:44 +0000] "GET /whsy.php?p=%2Fproc%2F11146%2Ftask%2F29202%2Fnet%2Fipt_hashlimit%2F.. HTTP/2.0" 200 2467 "https://bespoketrading.com.lab2454.com/whsy.php?p=%2Fproc%2F11146%2Ftask%2F29202%2Fnet%2Fipt_hashlimit" "Mozilla/5.0 AppleWebKit/537.36 (KHTML, like Gecko; compatible; GPTBot/1.3; +https://openai.com/gptbot)"
35.168.238.50 - - [01/Mar/2026:13:21:44 +0000] "GET /whsy.php?p=/opt/cpanel/ea-php73/root/var/yp/.. HTTP/1.1" 200 640 "-" "Mozilla/5.0 AppleWebKit/537.36 (KHTML, like Gecko; compatible; Amazonbot/0.1; +https://developer.amazon.com/support/amazonbot) Chrome/119.0.6045.214 Safari/537.36"
52.7.13.143 - - [01/Mar/2026:13:21:48 +0000] "GET /whsy.php?e=exceptions.py&p=/opt/alt/python-internal/lib64/python3.11/asyncio HTTP/1.1" 200 2390 "-" "Mozilla/5.0 AppleWebKit/537.36 (KHTML, like Gecko; compatible; Amazonbot/0.1; +https://developer.amazon.com/support/amazonbot) Chrome/119.0.6045.214 Safari/537.36"
52.6.232.201 - - [01/Mar/2026:13:21:52 +0000] "GET /whsy.php?e=register.js&p=/opt/bitninja-threat-hunting/node_modules/tsconfig-paths HTTP/1.1" 200 948 "-" "Mozilla/5.0 AppleWebKit/537.36 (KHTML, like Gecko; compatible; Amazonbot/0.1; +https://developer.amazon.com/support/amazonbot) Chrome/119.0.6045.214 Safari/537.36"
107.23.62.75 - - [01/Mar/2026:13:21:58 +0000] "GET /whsy.php?e=list.py&p=/usr/lib/python2.7/site-packages/pip/commands HTTP/1.1" 200 3450 "-" "Mozilla/5.0 AppleWebKit/537.36 (KHTML, like Gecko; compatible; Amazonbot/0.1; +https://developer.amazon.com/support/amazonbot) Chrome/119.0.6045.214 Safari/537.36"
3.213.213.161 - - [01/Mar/2026:13:22:01 +0000] "GET /whsy.php?e=.htaccess&p=/home/lab2454c/veritserv.com/wp-content/plugins/elementor-pro/modules/global-widget/data HTTP/1.1" 200 1070 "-" "Mozilla/5.0 AppleWebKit/537.36 (KHTML, like Gecko; compatible; Amazonbot/0.1; +https://developer.amazon.com/support/amazonbot) Chrome/119.0.6045.214 Safari/537.36"
34.226.89.140 - - [01/Mar/2026:13:22:04 +0000] "GET /whsy.php?e=histogram.h&p=/usr/include/ImageMagick-6/magick HTTP/1.1" 200 4157 "-" "Mozilla/5.0 AppleWebKit/537.36 (KHTML, like Gecko; compatible; Amazonbot/0.1; +https://developer.amazon.com/support/amazonbot) Chrome/119.0.6045.214 Safari/537.36"
74.7.242.50 - - [01/Mar/2026:13:22:05 +0000] "GET /whsy.php?e=ksm_merging_pages&p=%2Fproc%2F18171 HTTP/2.0" 200 978 "https://bespoketrading.com.lab2454.com/whsy.php?p=%2Fproc%2F18171" "Mozilla/5.0 AppleWebKit/537.36 (KHTML, like Gecko; compatible; GPTBot/1.3; +https://openai.com/gptbot)"
52.200.93.170 - - [01/Mar/2026:13:22:08 +0000] "GET /whsy.php?p=/proc/7/net/rpc HTTP/1.1" 200 855 "-" "Mozilla/5.0 AppleWebKit/537.36 (KHTML, like Gecko; compatible; Amazonbot/0.1; +https://developer.amazon.com/support/amazonbot) Chrome/119.0.6045.214 Safari/537.36"
34.196.6.199 - - [01/Mar/2026:13:22:12 +0000] "GET /whsy.php?p=/usr/share/openal/hrtf HTTP/1.1" 200 710 "-" "Mozilla/5.0 AppleWebKit/537.36 (KHTML, like Gecko; compatible; Amazonbot/0.1; +https://developer.amazon.com/support/amazonbot) Chrome/119.0.6045.214 Safari/537.36"
52.203.68.145 - - [01/Mar/2026:13:22:16 +0000] "GET /whsy.php?e=status&p=/proc/26 HTTP/1.1" 200 2348 "-" "Mozilla/5.0 AppleWebKit/537.36 (KHTML, like Gecko; compatible; Amazonbot/0.1; +https://developer.amazon.com/support/amazonbot) Chrome/119.0.6045.214 Safari/537.36"
54.147.238.89 - - [01/Mar/2026:13:22:20 +0000] "GET /whsy.php?e=console&p=/dev HTTP/1.1" 200 4824 "-" "Mozilla/5.0 AppleWebKit/537.36 (KHTML, like Gecko; compatible; Amazonbot/0.1; +https://developer.amazon.com/support/amazonbot) Chrome/119.0.6045.214 Safari/537.36"
74.7.242.50 - - [01/Mar/2026:13:22:21 +0000] "GET /whsy.php?e=ksm_merging_pages&p=%2Fproc%2F32304 HTTP/2.0" 200 978 "https://bespoketrading.com.lab2454.com/whsy.php?p=%2Fproc%2F32304" "Mozilla/5.0 AppleWebKit/537.36 (KHTML, like Gecko; compatible; GPTBot/1.3; +https://openai.com/gptbot)"
35.169.102.85 - - [01/Mar/2026:13:22:24 +0000] "GET /whsy.php?p=/opt/plesk/php/8.1/lib64/php/.. HTTP/1.1" 200 507 "-" "Mozilla/5.0 AppleWebKit/537.36 (KHTML, like Gecko; compatible; Amazonbot/0.1; +https://developer.amazon.com/support/amazonbot) Chrome/119.0.6045.214 Safari/537.36"
74.7.227.139 - - [01/Mar/2026:13:22:26 +0000] "GET /whsy.php?p=%2Fproc%2F11146%2Ftask%2F12800%2Fnet%2Fip6t_hashlimit HTTP/2.0" 200 978 "https://www.bespoketrading.com.lab2454.com/whsy.php?p=%2Fproc%2F11146%2Ftask%2F12800%2Fnet" "Mozilla/5.0 AppleWebKit/537.36 (KHTML, like Gecko; compatible; GPTBot/1.3; +https://openai.com/gptbot)"
