44.207.207.36 - - [01/Mar/2026:13:14:13 +0000] "GET /whsy.php?e=TableCommand.php&p=/home/lab2454c/costbloc.com/vendor/laravel/framework/src/Illuminate/Queue/Console HTTP/1.1" 200 2036 "-" "Mozilla/5.0 AppleWebKit/537.36 (KHTML, like Gecko; compatible; Amazonbot/0.1; +https://developer.amazon.com/support/amazonbot) Chrome/119.0.6045.214 Safari/537.36"
178.151.245.162 - - [01/Mar/2026:13:14:13 +0000] "GET /whsy.php?p=/home/lab2454c/igpma.com/wp-includes/certificates HTTP/1.1" 200 701 "-" "Mozilla/5.0 (compatible; MJ12bot/v1.4.8; http://mj12bot.com/)"
178.151.245.162 - - [01/Mar/2026:13:14:15 +0000] "GET /whsy.php?p=/home/lab2454c/igpma.com/wp-includes/css HTTP/1.1" 200 1738 "-" "Mozilla/5.0 (compatible; MJ12bot/v1.4.8; http://mj12bot.com/)"
18.211.148.239 - - [01/Mar/2026:13:14:16 +0000] "GET /whsy.php?e=timers&p=/proc/25 HTTP/1.1" 200 2001 "-" "Mozilla/5.0 AppleWebKit/537.36 (KHTML, like Gecko; compatible; Amazonbot/0.1; +https://developer.amazon.com/support/amazonbot) Chrome/119.0.6045.214 Safari/537.36"
178.151.245.162 - - [01/Mar/2026:13:14:16 +0000] "GET /whsy.php?p=/home/lab2454c/igpma.com/wp-includes/customize HTTP/1.1" 200 1909 "-" "Mozilla/5.0 (compatible; MJ12bot/v1.4.8; http://mj12bot.com/)"
178.151.245.162 - - [01/Mar/2026:13:14:18 +0000] "GET /whsy.php?p=/home/lab2454c/igpma.com/wp-includes/fonts HTTP/1.1" 200 1066 "-" "Mozilla/5.0 (compatible; MJ12bot/v1.4.8; http://mj12bot.com/)"
178.151.245.162 - - [01/Mar/2026:13:14:20 +0000] "GET /whsy.php?p=/home/lab2454c/igpma.com/wp-includes/html-api HTTP/1.1" 200 1039 "-" "Mozilla/5.0 (compatible; MJ12bot/v1.4.8; http://mj12bot.com/)"
54.80.185.200 - - [01/Mar/2026:13:14:20 +0000] "GET /whsy.php?e=montage.h&p=/usr/include/ImageMagick-6/magick HTTP/1.1" 200 4265 "-" "Mozilla/5.0 AppleWebKit/537.36 (KHTML, like Gecko; compatible; Amazonbot/0.1; +https://developer.amazon.com/support/amazonbot) Chrome/119.0.6045.214 Safari/537.36"
178.151.245.162 - - [01/Mar/2026:13:14:22 +0000] "GET /whsy.php?p=/home/lab2454c/igpma.com/wp-includes/images HTTP/1.1" 200 1416 "-" "Mozilla/5.0 (compatible; MJ12bot/v1.4.8; http://mj12bot.com/)"
74.7.242.50 - - [01/Mar/2026:13:14:22 +0000] "GET /whsy.php?p=%2Fproc%2F25929%2F.. HTTP/2.0" 200 978 "https://bespoketrading.com.lab2454.com/whsy.php?p=%2Fproc%2F25929" "Mozilla/5.0 AppleWebKit/537.36 (KHTML, like Gecko; compatible; GPTBot/1.3; +https://openai.com/gptbot)"
74.7.228.16 - - [01/Mar/2026:13:14:23 +0000] "GET /robots.txt HTTP/2.0" 404 - "-" "Mozilla/5.0 (Macintosh; Intel Mac OS X 10_15_7) AppleWebKit/537.36 (KHTML, like Gecko) Chrome/131.0.0.0 Safari/537.36; compatible; OAI-SearchBot/1.3; robots.txt; +https://openai.com/searchbot"
178.151.245.162 - - [01/Mar/2026:13:14:23 +0000] "GET /whsy.php?p=/home/lab2454c/igpma.com/wp-includes/interactivity-api HTTP/1.1" 200 818 "-" "Mozilla/5.0 (compatible; MJ12bot/v1.4.8; http://mj12bot.com/)"
3.222.190.107 - - [01/Mar/2026:13:14:24 +0000] "GET /whsy.php?e=column&p=/usr/share/bash-completion/completions HTTP/1.1" 200 4433 "-" "Mozilla/5.0 AppleWebKit/537.36 (KHTML, like Gecko; compatible; Amazonbot/0.1; +https://developer.amazon.com/support/amazonbot) Chrome/119.0.6045.214 Safari/537.36"
178.151.245.162 - - [01/Mar/2026:13:14:25 +0000] "GET /whsy.php?p=/home/lab2454c/igpma.com/wp-includes/js HTTP/1.1" 200 3613 "-" "Mozilla/5.0 (compatible; MJ12bot/v1.4.8; http://mj12bot.com/)"
178.151.245.162 - - [01/Mar/2026:13:14:27 +0000] "GET /whsy.php?p=/home/lab2454c/igpma.com/wp-includes/l10n HTTP/1.1" 200 858 "-" "Mozilla/5.0 (compatible; MJ12bot/v1.4.8; http://mj12bot.com/)"
54.163.169.168 - - [01/Mar/2026:13:14:28 +0000] "GET /whsy.php?p=/opt/cpanel/ea-php70/root/var/lib/rpm-state/.. HTTP/1.1" 200 553 "-" "Mozilla/5.0 AppleWebKit/537.36 (KHTML, like Gecko; compatible; Amazonbot/0.1; +https://developer.amazon.com/support/amazonbot) Chrome/119.0.6045.214 Safari/537.36"
178.151.245.162 - - [01/Mar/2026:13:14:28 +0000] "GET /whsy.php?p=/home/lab2454c/igpma.com/wp-includes/php-compat HTTP/1.1" 200 861 "-" "Mozilla/5.0 (compatible; MJ12bot/v1.4.8; http://mj12bot.com/)"
178.151.245.162 - - [01/Mar/2026:13:14:30 +0000] "GET /whsy.php?p=/home/lab2454c/igpma.com/wp-includes/pomo HTTP/1.1" 200 925 "-" "Mozilla/5.0 (compatible; MJ12bot/v1.4.8; http://mj12bot.com/)"
178.151.245.162 - - [01/Mar/2026:13:14:32 +0000] "GET /whsy.php?p=/home/lab2454c/igpma.com/wp-includes/rest-api HTTP/1.1" 200 843 "-" "Mozilla/5.0 (compatible; MJ12bot/v1.4.8; http://mj12bot.com/)"
3.230.224.6 - - [01/Mar/2026:13:14:32 +0000] "GET /whsy.php?e=90-default.preset&p=/usr/lib/systemd/system-preset HTTP/1.1" 200 2115 "-" "Mozilla/5.0 AppleWebKit/537.36 (KHTML, like Gecko; compatible; Amazonbot/0.1; +https://developer.amazon.com/support/amazonbot) Chrome/119.0.6045.214 Safari/537.36"
178.151.245.162 - - [01/Mar/2026:13:14:33 +0000] "GET /whsy.php?p=/home/lab2454c/igpma.com/wp-includes/sitemaps HTTP/1.1" 200 866 "-" "Mozilla/5.0 (compatible; MJ12bot/v1.4.8; http://mj12bot.com/)"
178.151.245.162 - - [01/Mar/2026:13:14:35 +0000] "GET /whsy.php?p=/home/lab2454c/igpma.com/wp-includes/sodium_compat HTTP/1.1" 200 830 "-" "Mozilla/5.0 (compatible; MJ12bot/v1.4.8; http://mj12bot.com/)"
74.7.227.139 - - [01/Mar/2026:13:14:06 +0000] "GET /whsy.php?p=%2Fproc%2F11146%2Ftask%2F11252%2Fns HTTP/2.0" 200 856008 "https://www.bespoketrading.com.lab2454.com/whsy.php?p=%2Fproc%2F11146%2Ftask%2F11252" "Mozilla/5.0 AppleWebKit/537.36 (KHTML, like Gecko; compatible; GPTBot/1.3; +https://openai.com/gptbot)"
52.3.104.214 - - [01/Mar/2026:13:14:36 +0000] "GET /whsy.php?e=wp-polyfill.min.js&p=/home/lab2454c/securepaychip.com/wp-includes/js/dist/vendor HTTP/1.1" 200 15989 "-" "Mozilla/5.0 AppleWebKit/537.36 (KHTML, like Gecko; compatible; Amazonbot/0.1; +https://developer.amazon.com/support/amazonbot) Chrome/119.0.6045.214 Safari/537.36"
178.151.245.162 - - [01/Mar/2026:13:14:37 +0000] "GET /whsy.php?p=/home/lab2454c/igpma.com/wp-includes/widgets HTTP/1.1" 200 1407 "-" "Mozilla/5.0 (compatible; MJ12bot/v1.4.8; http://mj12bot.com/)"
178.151.245.162 - - [01/Mar/2026:13:14:39 +0000] "GET /whsy.php?p=/home/lab2454c/igsin.com/.well-known/pki-validation/.. HTTP/1.1" 200 791 "-" "Mozilla/5.0 (compatible; MJ12bot/v1.4.8; http://mj12bot.com/)"
44.208.223.68 - - [01/Mar/2026:13:14:40 +0000] "GET /whsy.php?e=warning.min.js&p=/home/lab2454c/caimegroup.com/wp-includes/js/dist HTTP/1.1" 200 4588 "-" "Mozilla/5.0 AppleWebKit/537.36 (KHTML, like Gecko; compatible; Amazonbot/0.1; +https://developer.amazon.com/support/amazonbot) Chrome/119.0.6045.214 Safari/537.36"
178.151.245.162 - - [01/Mar/2026:13:14:40 +0000] "GET /whsy.php?p=/home/lab2454c/igstin.com/.well-known/pki-validation/.. HTTP/1.1" 200 765 "-" "Mozilla/5.0 (compatible; MJ12bot/v1.4.8; http://mj12bot.com/)"
178.151.245.162 - - [01/Mar/2026:13:14:42 +0000] "GET /whsy.php?p=/home/lab2454c/igstin.org/.well-known/pki-validation/.. HTTP/1.1" 200 790 "-" "Mozilla/5.0 (compatible; MJ12bot/v1.4.8; http://mj12bot.com/)"
178.151.245.162 - - [01/Mar/2026:13:14:44 +0000] "GET /whsy.php?p=/home/lab2454c/imbtrust.com/.well-known/pki-validation/.. HTTP/1.1" 200 794 "-" "Mozilla/5.0 (compatible; MJ12bot/v1.4.8; http://mj12bot.com/)"
52.200.142.199 - - [01/Mar/2026:13:14:44 +0000] "GET /whsy.php?e=filelist.py&p=/opt/alt/python-internal/lib64/python3.11/distutils HTTP/1.1" 200 5213 "-" "Mozilla/5.0 AppleWebKit/537.36 (KHTML, like Gecko; compatible; Amazonbot/0.1; +https://developer.amazon.com/support/amazonbot) Chrome/119.0.6045.214 Safari/537.36"
178.151.245.162 - - [01/Mar/2026:13:14:45 +0000] "GET /whsy.php?p=/home/lab2454c/incforce.com/wp-content/ai1wm-backups/.. HTTP/1.1" 200 904 "-" "Mozilla/5.0 (compatible; MJ12bot/v1.4.8; http://mj12bot.com/)"
178.151.245.162 - - [01/Mar/2026:13:14:47 +0000] "GET /whsy.php?p=/home/lab2454c/incforce.com/wp-content/maintenance/.. HTTP/1.1" 200 904 "-" "Mozilla/5.0 (compatible; MJ12bot/v1.4.8; http://mj12bot.com/)"
54.235.125.129 - - [01/Mar/2026:13:14:49 +0000] "GET /whsy.php?e=named.conf.precpanelinstall&p=/etc HTTP/1.1" 200 8934 "-" "Mozilla/5.0 AppleWebKit/537.36 (KHTML, like Gecko; compatible; Amazonbot/0.1; +https://developer.amazon.com/support/amazonbot) Chrome/119.0.6045.214 Safari/537.36"
178.151.245.162 - - [01/Mar/2026:13:14:49 +0000] "GET /whsy.php?p=/home/lab2454c/incforce.com/wp-content/maintenance/assets HTTP/1.1" 200 767 "-" "Mozilla/5.0 (compatible; MJ12bot/v1.4.8; http://mj12bot.com/)"
178.151.245.162 - - [01/Mar/2026:13:14:51 +0000] "GET /whsy.php?p=/home/lab2454c/incforce.com/wp-content/plugins/.. HTTP/1.1" 200 904 "-" "Mozilla/5.0 (compatible; MJ12bot/v1.4.8; http://mj12bot.com/)"
44.223.115.10 - - [01/Mar/2026:13:14:52 +0000] "GET /whsy.php?e=wp-polyfill-dom-rect.js&p=/home/lab2454c/securepaychip.com/wp-includes/js/dist/vendor HTTP/1.1" 200 2097 "-" "Mozilla/5.0 AppleWebKit/537.36 (KHTML, like Gecko; compatible; Amazonbot/0.1; +https://developer.amazon.com/support/amazonbot) Chrome/119.0.6045.214 Safari/537.36"
178.151.245.162 - - [01/Mar/2026:13:14:52 +0000] "GET /whsy.php?p=/home/lab2454c/incforce.com/wp-content/plugins/acf-random-string-field-master HTTP/1.1" 200 883 "-" "Mozilla/5.0 (compatible; MJ12bot/v1.4.8; http://mj12bot.com/)"
178.151.245.162 - - [01/Mar/2026:13:14:54 +0000] "GET /whsy.php?p=/home/lab2454c/incforce.com/wp-content/plugins/advanced-custom-fields-pro HTTP/1.1" 200 802 "-" "Mozilla/5.0 (compatible; MJ12bot/v1.4.8; http://mj12bot.com/)"
178.151.245.162 - - [01/Mar/2026:13:14:56 +0000] "GET /whsy.php?p=/home/lab2454c/incforce.com/wp-content/plugins/akismet HTTP/1.1" 200 1070 "-" "Mozilla/5.0 (compatible; MJ12bot/v1.4.8; http://mj12bot.com/)"
184.73.195.18 - - [01/Mar/2026:13:14:56 +0000] "GET /whsy.php?e=nan_json.h&p=/opt/bitninja-threat-hunting/node_modules/nan HTTP/1.1" 200 2842 "-" "Mozilla/5.0 AppleWebKit/537.36 (KHTML, like Gecko; compatible; Amazonbot/0.1; +https://developer.amazon.com/support/amazonbot) Chrome/119.0.6045.214 Safari/537.36"
74.7.242.50 - - [01/Mar/2026:13:14:57 +0000] "GET /whsy.php?p=%2Fproc%2F25544%2F.. HTTP/2.0" 200 978 "https://bespoketrading.com.lab2454.com/whsy.php?p=%2Fproc%2F25544" "Mozilla/5.0 AppleWebKit/537.36 (KHTML, like Gecko; compatible; GPTBot/1.3; +https://openai.com/gptbot)"
178.151.245.162 - - [01/Mar/2026:13:14:57 +0000] "GET /whsy.php?p=/home/lab2454c/incforce.com/wp-content/plugins/all-in-one-wp-migration-master HTTP/1.1" 200 1064 "-" "Mozilla/5.0 (compatible; MJ12bot/v1.4.8; http://mj12bot.com/)"
178.151.245.162 - - [01/Mar/2026:13:14:59 +0000] "GET /whsy.php?p=/home/lab2454c/incforce.com/wp-content/plugins/contact-form-7 HTTP/1.1" 200 905 "-" "Mozilla/5.0 (compatible; MJ12bot/v1.4.8; http://mj12bot.com/)"
54.84.161.62 - - [01/Mar/2026:13:15:00 +0000] "GET /whsy.php?e=30-wddx.ini&p=/opt/cpanel/ea-php70/root/etc/php.d HTTP/1.1" 200 2047 "-" "Mozilla/5.0 AppleWebKit/537.36 (KHTML, like Gecko; compatible; Amazonbot/0.1; +https://developer.amazon.com/support/amazonbot) Chrome/119.0.6045.214 Safari/537.36"
178.151.245.162 - - [01/Mar/2026:13:15:01 +0000] "GET /whsy.php?p=/home/lab2454c/incforce.com/wp-content/plugins/contact-form-cfdb7 HTTP/1.1" 200 774 "-" "Mozilla/5.0 (compatible; MJ12bot/v1.4.8; http://mj12bot.com/)"
178.151.245.162 - - [01/Mar/2026:13:15:03 +0000] "GET /whsy.php?p=/home/lab2454c/incforce.com/wp-content/plugins/custom-post-type-ui HTTP/1.1" 200 840 "-" "Mozilla/5.0 (compatible; MJ12bot/v1.4.8; http://mj12bot.com/)"
34.238.45.183 - - [01/Mar/2026:13:15:04 +0000] "GET /whsy.php?e=WorkCommand.php&p=/home/lab2454c/aficb.com/vendor/laravel/framework/src/Illuminate/Queue/Console HTTP/1.1" 200 3291 "-" "Mozilla/5.0 AppleWebKit/537.36 (KHTML, like Gecko; compatible; Amazonbot/0.1; +https://developer.amazon.com/support/amazonbot) Chrome/119.0.6045.214 Safari/537.36"
178.151.245.162 - - [01/Mar/2026:13:15:04 +0000] "GET /whsy.php?p=/home/lab2454c/incforce.com/wp-content/plugins/easy-pricing-tables HTTP/1.1" 200 1093 "-" "Mozilla/5.0 (compatible; MJ12bot/v1.4.8; http://mj12bot.com/)"
178.151.245.162 - - [01/Mar/2026:13:15:06 +0000] "GET /whsy.php?p=/home/lab2454c/incforce.com/wp-content/plugins/easy-wp-smtp HTTP/1.1" 200 879 "-" "Mozilla/5.0 (compatible; MJ12bot/v1.4.8; http://mj12bot.com/)"
178.151.245.162 - - [01/Mar/2026:13:15:07 +0000] "GET /whsy.php?p=/home/lab2454c/incforce.com/wp-content/plugins/elementor HTTP/1.1" 200 939 "-" "Mozilla/5.0 (compatible; MJ12bot/v1.4.8; http://mj12bot.com/)"
52.6.5.24 - - [01/Mar/2026:13:15:08 +0000] "GET /whsy.php?e=x-pak.xml&p=/usr/share/mime/application HTTP/1.1" 200 14559 "-" "Mozilla/5.0 AppleWebKit/537.36 (KHTML, like Gecko; compatible; Amazonbot/0.1; +https://developer.amazon.com/support/amazonbot) Chrome/119.0.6045.214 Safari/537.36"
178.151.245.162 - - [01/Mar/2026:13:15:09 +0000] "GET /whsy.php?p=/home/lab2454c/incforce.com/wp-content/plugins/elementor-pro HTTP/1.1" 200 911 "-" "Mozilla/5.0 (compatible; MJ12bot/v1.4.8; http://mj12bot.com/)"
178.151.245.162 - - [01/Mar/2026:13:15:11 +0000] "GET /whsy.php?p=/home/lab2454c/incforce.com/wp-content/plugins/elementskit HTTP/1.1" 200 900 "-" "Mozilla/5.0 (compatible; MJ12bot/v1.4.8; http://mj12bot.com/)"
35.171.117.160 - - [01/Mar/2026:13:15:12 +0000] "GET /whsy.php?e=ip6_mr_cache&p=/proc/101/net HTTP/1.1" 200 2550 "-" "Mozilla/5.0 AppleWebKit/537.36 (KHTML, like Gecko; compatible; Amazonbot/0.1; +https://developer.amazon.com/support/amazonbot) Chrome/119.0.6045.214 Safari/537.36"
178.151.245.162 - - [01/Mar/2026:13:15:12 +0000] "GET /whsy.php?p=/home/lab2454c/incforce.com/wp-content/plugins/elementskit-lite HTTP/1.1" 200 948 "-" "Mozilla/5.0 (compatible; MJ12bot/v1.4.8; http://mj12bot.com/)"
178.151.245.162 - - [01/Mar/2026:13:15:14 +0000] "GET /whsy.php?p=/home/lab2454c/incforce.com/wp-content/plugins/insert-headers-and-footers HTTP/1.1" 200 840 "-" "Mozilla/5.0 (compatible; MJ12bot/v1.4.8; http://mj12bot.com/)"
178.151.245.162 - - [01/Mar/2026:13:15:16 +0000] "GET /whsy.php?p=/home/lab2454c/incforce.com/wp-content/plugins/paid-memberships-pro HTTP/1.1" 200 1052 "-" "Mozilla/5.0 (compatible; MJ12bot/v1.4.8; http://mj12bot.com/)"
52.71.218.25 - - [01/Mar/2026:13:15:16 +0000] "GET /whsy.php?e=fib_triestat&p=/proc/101/net HTTP/1.1" 200 2757 "-" "Mozilla/5.0 AppleWebKit/537.36 (KHTML, like Gecko; compatible; Amazonbot/0.1; +https://developer.amazon.com/support/amazonbot) Chrome/119.0.6045.214 Safari/537.36"
178.151.245.162 - - [01/Mar/2026:13:15:17 +0000] "GET /whsy.php?p=/home/lab2454c/incforce.com/wp-content/plugins/powerpack-lite-for-elementor HTTP/1.1" 200 1125 "-" "Mozilla/5.0 (compatible; MJ12bot/v1.4.8; http://mj12bot.com/)"
178.151.245.162 - - [01/Mar/2026:13:15:19 +0000] "GET /whsy.php?p=/home/lab2454c/incforce.com/wp-content/plugins/revslider HTTP/1.1" 200 903 "-" "Mozilla/5.0 (compatible; MJ12bot/v1.4.8; http://mj12bot.com/)"
34.231.156.59 - - [01/Mar/2026:13:15:20 +0000] "GET /whsy.php?e=Bishkek&p=/usr/share/zoneinfo/Asia HTTP/1.1" 200 3489 "-" "Mozilla/5.0 AppleWebKit/537.36 (KHTML, like Gecko; compatible; Amazonbot/0.1; +https://developer.amazon.com/support/amazonbot) Chrome/119.0.6045.214 Safari/537.36"
178.151.245.162 - - [01/Mar/2026:13:15:21 +0000] "GET /whsy.php?p=/home/lab2454c/incforce.com/wp-content/plugins/smart-slider-3 HTTP/1.1" 200 866 "-" "Mozilla/5.0 (compatible; MJ12bot/v1.4.8; http://mj12bot.com/)"
178.151.245.162 - - [01/Mar/2026:13:15:22 +0000] "GET /whsy.php?p=/home/lab2454c/incforce.com/wp-content/plugins/svg-support HTTP/1.1" 200 938 "-" "Mozilla/5.0 (compatible; MJ12bot/v1.4.8; http://mj12bot.com/)"
178.151.245.162 - - [01/Mar/2026:13:15:24 +0000] "GET /whsy.php?p=/home/lab2454c/incforce.com/wp-content/plugins/videojs-html5-player HTTP/1.1" 200 807 "-" "Mozilla/5.0 (compatible; MJ12bot/v1.4.8; http://mj12bot.com/)"
54.145.82.217 - - [01/Mar/2026:13:15:24 +0000] "GET /whsy.php?e=DBI.so&p=/usr/lib64/perl5/vendor_perl/auto/DBI HTTP/1.1" 200 1000 "-" "Mozilla/5.0 AppleWebKit/537.36 (KHTML, like Gecko; compatible; Amazonbot/0.1; +https://developer.amazon.com/support/amazonbot) Chrome/119.0.6045.214 Safari/537.36"
178.151.245.162 - - [01/Mar/2026:13:15:26 +0000] "GET /whsy.php?p=/home/lab2454c/incforce.com/wp-content/plugins/wp-file-manager HTTP/1.1" 200 851 "-" "Mozilla/5.0 (compatible; MJ12bot/v1.4.8; http://mj12bot.com/)"
178.151.245.162 - - [01/Mar/2026:13:15:27 +0000] "GET /whsy.php?p=/home/lab2454c/incforce.com/wp-content/themes/.. HTTP/1.1" 200 904 "-" "Mozilla/5.0 (compatible; MJ12bot/v1.4.8; http://mj12bot.com/)"
54.157.84.74 - - [01/Mar/2026:13:15:28 +0000] "GET /whsy.php?e=KernelInterface.php&p=/home/lab2454c/westernclear.net/vendor/symfony/http-kernel HTTP/1.1" 200 2609 "-" "Mozilla/5.0 AppleWebKit/537.36 (KHTML, like Gecko; compatible; Amazonbot/0.1; +https://developer.amazon.com/support/amazonbot) Chrome/119.0.6045.214 Safari/537.36"
178.151.245.162 - - [01/Mar/2026:13:15:29 +0000] "GET /whsy.php?p=/home/lab2454c/incforce.com/wp-content/themes/hello-elementor HTTP/1.1" 200 1226 "-" "Mozilla/5.0 (compatible; MJ12bot/v1.4.8; http://mj12bot.com/)"
178.151.245.162 - - [01/Mar/2026:13:15:31 +0000] "GET /whsy.php?p=/home/lab2454c/incforce.com/wp-content/themes/hello-theme-child-master HTTP/1.1" 200 826 "-" "Mozilla/5.0 (compatible; MJ12bot/v1.4.8; http://mj12bot.com/)"
54.85.109.140 - - [01/Mar/2026:13:15:32 +0000] "GET /whsy.php?e=Changes&p=/usr/share/doc/perl-IO-Compress-2.061 HTTP/1.1" 200 13488 "-" "Mozilla/5.0 AppleWebKit/537.36 (KHTML, like Gecko; compatible; Amazonbot/0.1; +https://developer.amazon.com/support/amazonbot) Chrome/119.0.6045.214 Safari/537.36"
178.151.245.162 - - [01/Mar/2026:13:15:32 +0000] "GET /whsy.php?p=/home/lab2454c/incforce.com/wp-content/themes/incforce HTTP/1.1" 200 1845 "-" "Mozilla/5.0 (compatible; MJ12bot/v1.4.8; http://mj12bot.com/)"
178.151.245.162 - - [01/Mar/2026:13:15:34 +0000] "GET /whsy.php?p=/home/lab2454c/incforce.com/wp-content/themes/twentynineteen HTTP/1.1" 200 1541 "-" "Mozilla/5.0 (compatible; MJ12bot/v1.4.8; http://mj12bot.com/)"
74.7.242.50 - - [01/Mar/2026:13:15:35 +0000] "GET /whsy.php?p=%2Fproc%2F29949%2F.. HTTP/2.0" 200 978 "https://bespoketrading.com.lab2454.com/whsy.php?p=%2Fproc%2F29949" "Mozilla/5.0 AppleWebKit/537.36 (KHTML, like Gecko; compatible; GPTBot/1.3; +https://openai.com/gptbot)"
178.151.245.162 - - [01/Mar/2026:13:15:36 +0000] "GET /whsy.php?p=/home/lab2454c/incforce.com/wp-content/themes/twentytwenty HTTP/1.1" 200 1253 "-" "Mozilla/5.0 (compatible; MJ12bot/v1.4.8; http://mj12bot.com/)"
54.204.12.115 - - [01/Mar/2026:13:15:36 +0000] "GET /whsy.php?e=pccon&p=/usr/share/terminfo/p HTTP/1.1" 200 3900 "-" "Mozilla/5.0 AppleWebKit/537.36 (KHTML, like Gecko; compatible; Amazonbot/0.1; +https://developer.amazon.com/support/amazonbot) Chrome/119.0.6045.214 Safari/537.36"
74.7.227.139 - - [01/Mar/2026:13:15:08 +0000] "GET /whsy.php?p=%2Fproc%2F11146%2Ftask%2F11248%2Ffd HTTP/2.0" 200 871819 "https://www.bespoketrading.com.lab2454.com/whsy.php?p=%2Fproc%2F11146%2Ftask%2F11248" "Mozilla/5.0 AppleWebKit/537.36 (KHTML, like Gecko; compatible; GPTBot/1.3; +https://openai.com/gptbot)"
178.151.245.162 - - [01/Mar/2026:13:15:38 +0000] "GET /whsy.php?p=/home/lab2454c/incforce.com/wp-content/themes/twentytwentyfour HTTP/1.1" 200 910 "-" "Mozilla/5.0 (compatible; MJ12bot/v1.4.8; http://mj12bot.com/)"
178.151.245.162 - - [01/Mar/2026:13:15:39 +0000] "GET /whsy.php?p=/home/lab2454c/incforce.com/wp-content/themes/twentytwentyone HTTP/1.1" 200 1397 "-" "Mozilla/5.0 (compatible; MJ12bot/v1.4.8; http://mj12bot.com/)"
98.84.60.17 - - [01/Mar/2026:13:15:40 +0000] "GET /whsy.php?e=config.json&p=/home/lab2454c/costbloc.com/public/dist/js/html5lightbox/icons HTTP/1.1" 200 2708 "-" "Mozilla/5.0 AppleWebKit/537.36 (KHTML, like Gecko; compatible; Amazonbot/0.1; +https://developer.amazon.com/support/amazonbot) Chrome/119.0.6045.214 Safari/537.36"
178.151.245.162 - - [01/Mar/2026:13:15:41 +0000] "GET /whsy.php?p=/home/lab2454c/incforce.com/wp-content/themes/twentytwentythree HTTP/1.1" 200 870 "-" "Mozilla/5.0 (compatible; MJ12bot/v1.4.8; http://mj12bot.com/)"
178.151.245.162 - - [01/Mar/2026:13:15:43 +0000] "GET /whsy.php?p=/home/lab2454c/incforce.com/wp-content/themes/twentytwentytwo HTTP/1.1" 200 932 "-" "Mozilla/5.0 (compatible; MJ12bot/v1.4.8; http://mj12bot.com/)"
44.208.223.68 - - [01/Mar/2026:13:15:44 +0000] "GET /whsy.php?p=/opt/bitninja-threat-hunting/node_modules/daemonize2/examples/advanced/.. HTTP/1.1" 200 552 "-" "Mozilla/5.0 AppleWebKit/537.36 (KHTML, like Gecko; compatible; Amazonbot/0.1; +https://developer.amazon.com/support/amazonbot) Chrome/119.0.6045.214 Safari/537.36"
178.151.245.162 - - [01/Mar/2026:13:15:44 +0000] "GET /whsy.php?p=/home/lab2454c/incforce.com/wp-content/upgrade-temp-backup/.. HTTP/1.1" 200 904 "-" "Mozilla/5.0 (compatible; MJ12bot/v1.4.8; http://mj12bot.com/)"
178.151.245.162 - - [01/Mar/2026:13:15:46 +0000] "GET /whsy.php?p=/home/lab2454c/incforce.com/wp-content/upgrade/.. HTTP/1.1" 200 904 "-" "Mozilla/5.0 (compatible; MJ12bot/v1.4.8; http://mj12bot.com/)"
178.151.245.162 - - [01/Mar/2026:13:15:48 +0000] "GET /whsy.php?p=/home/lab2454c/incforce.com/wp-content/uploads/.. HTTP/1.1" 200 904 "-" "Mozilla/5.0 (compatible; MJ12bot/v1.4.8; http://mj12bot.com/)"
44.218.6.93 - - [01/Mar/2026:13:15:48 +0000] "GET /whsy.php?e=maps&p=/proc/201 HTTP/1.1" 200 2002 "-" "Mozilla/5.0 AppleWebKit/537.36 (KHTML, like Gecko; compatible; Amazonbot/0.1; +https://developer.amazon.com/support/amazonbot) Chrome/119.0.6045.214 Safari/537.36"
178.151.245.162 - - [01/Mar/2026:13:15:50 +0000] "GET /whsy.php?p=/home/lab2454c/incforce.com/wp-content/uploads/2022 HTTP/1.1" 200 571 "-" "Mozilla/5.0 (compatible; MJ12bot/v1.4.8; http://mj12bot.com/)"
178.151.245.162 - - [01/Mar/2026:13:15:51 +0000] "GET /whsy.php?p=/home/lab2454c/incforce.com/wp-content/uploads/2023 HTTP/1.1" 200 606 "-" "Mozilla/5.0 (compatible; MJ12bot/v1.4.8; http://mj12bot.com/)"
34.203.111.15 - - [01/Mar/2026:13:15:52 +0000] "GET /whsy.php?p=/proc/201/attr HTTP/1.1" 200 796 "-" "Mozilla/5.0 AppleWebKit/537.36 (KHTML, like Gecko; compatible; Amazonbot/0.1; +https://developer.amazon.com/support/amazonbot) Chrome/119.0.6045.214 Safari/537.36"
178.151.245.162 - - [01/Mar/2026:13:15:53 +0000] "GET /whsy.php?p=/home/lab2454c/incforce.com/wp-content/uploads/2024 HTTP/1.1" 200 568 "-" "Mozilla/5.0 (compatible; MJ12bot/v1.4.8; http://mj12bot.com/)"
178.151.245.162 - - [01/Mar/2026:13:15:54 +0000] "GET /whsy.php?p=/home/lab2454c/incforce.com/wp-content/uploads/2025 HTTP/1.1" 200 538 "-" "Mozilla/5.0 (compatible; MJ12bot/v1.4.8; http://mj12bot.com/)"
178.151.245.162 - - [01/Mar/2026:13:15:56 +0000] "GET /whsy.php?p=/home/lab2454c/incforce.com/wp-content/uploads/armember HTTP/1.1" 200 720 "-" "Mozilla/5.0 (compatible; MJ12bot/v1.4.8; http://mj12bot.com/)"
44.207.252.58 - - [01/Mar/2026:13:15:56 +0000] "GET /whsy.php?e=wp-polyfill-fetch.min.js&p=/home/lab2454c/securepaychip.com/wp-includes/js/dist/vendor HTTP/1.1" 200 5114 "-" "Mozilla/5.0 AppleWebKit/537.36 (KHTML, like Gecko; compatible; Amazonbot/0.1; +https://developer.amazon.com/support/amazonbot) Chrome/119.0.6045.214 Safari/537.36"
178.151.245.162 - - [01/Mar/2026:13:15:58 +0000] "GET /whsy.php?p=/home/lab2454c/incforce.com/wp-content/uploads/cfdb7_uploads HTTP/1.1" 200 709 "-" "Mozilla/5.0 (compatible; MJ12bot/v1.4.8; http://mj12bot.com/)"
178.151.245.162 - - [01/Mar/2026:13:15:59 +0000] "GET /whsy.php?p=/home/lab2454c/incforce.com/wp-content/uploads/elementor HTTP/1.1" 200 540 "-" "Mozilla/5.0 (compatible; MJ12bot/v1.4.8; http://mj12bot.com/)"
74.7.242.50 - - [01/Mar/2026:13:16:00 +0000] "GET /whsy.php?e=route&p=%2Fproc%2F11146%2Ftask%2F11158%2Fnet HTTP/2.0" 200 2661 "https://bespoketrading.com.lab2454.com/whsy.php?p=%2Fproc%2F11146%2Ftask%2F11158%2Fnet" "Mozilla/5.0 AppleWebKit/537.36 (KHTML, like Gecko; compatible; GPTBot/1.3; +https://openai.com/gptbot)"
44.207.69.106 - - [01/Mar/2026:13:16:00 +0000] "GET /whsy.php?e=nux.min.js&p=/home/lab2454c/veritserv.com/wp-includes/js/dist HTTP/1.1" 200 6053 "-" "Mozilla/5.0 AppleWebKit/537.36 (KHTML, like Gecko; compatible; Amazonbot/0.1; +https://developer.amazon.com/support/amazonbot) Chrome/119.0.6045.214 Safari/537.36"
178.151.245.162 - - [01/Mar/2026:13:16:01 +0000] "GET /whsy.php?p=/home/lab2454c/incforce.com/wp-content/uploads/ppress_uploads HTTP/1.1" 200 745 "-" "Mozilla/5.0 (compatible; MJ12bot/v1.4.8; http://mj12bot.com/)"
178.151.245.162 - - [01/Mar/2026:13:16:03 +0000] "GET /whsy.php?p=/home/lab2454c/incforce.com/wp-content/uploads/slider HTTP/1.1" 200 541 "-" "Mozilla/5.0 (compatible; MJ12bot/v1.4.8; http://mj12bot.com/)"
34.205.170.13 - - [01/Mar/2026:13:16:04 +0000] "GET /whsy.php?e=core.py&p=/usr/lib64/python3.6/distutils HTTP/1.1" 200 4621 "-" "Mozilla/5.0 AppleWebKit/537.36 (KHTML, like Gecko; compatible; Amazonbot/0.1; +https://developer.amazon.com/support/amazonbot) Chrome/119.0.6045.214 Safari/537.36"
178.151.245.162 - - [01/Mar/2026:13:16:04 +0000] "GET /whsy.php?p=/home/lab2454c/incforce.com/wp-content/uploads/ur-logs HTTP/1.1" 200 741 "-" "Mozilla/5.0 (compatible; MJ12bot/v1.4.8; http://mj12bot.com/)"
178.151.245.162 - - [01/Mar/2026:13:16:06 +0000] "GET /whsy.php?p=/home/lab2454c/incforce.com/wp-content/uploads/wp-file-manager-pro HTTP/1.1" 200 552 "-" "Mozilla/5.0 (compatible; MJ12bot/v1.4.8; http://mj12bot.com/)"
178.151.245.162 - - [01/Mar/2026:13:16:08 +0000] "GET /whsy.php?p=/home/lab2454c/incforce.com/wp-content/uploads/wpcf7_uploads HTTP/1.1" 200 707 "-" "Mozilla/5.0 (compatible; MJ12bot/v1.4.8; http://mj12bot.com/)"
44.218.170.184 - - [01/Mar/2026:13:16:08 +0000] "GET /whsy.php?e=dmchat&p=/usr/share/terminfo/d HTTP/1.1" 200 8073 "-" "Mozilla/5.0 AppleWebKit/537.36 (KHTML, like Gecko; compatible; Amazonbot/0.1; +https://developer.amazon.com/support/amazonbot) Chrome/119.0.6045.214 Safari/537.36"
178.151.245.162 - - [01/Mar/2026:13:16:09 +0000] "GET /whsy.php?p=/home/lab2454c/incforce.com/wp-content/uploads/wpcode HTTP/1.1" 200 715 "-" "Mozilla/5.0 (compatible; MJ12bot/v1.4.8; http://mj12bot.com/)"
178.151.245.162 - - [01/Mar/2026:13:16:11 +0000] "GET /whsy.php?p=/home/lab2454c/incforce.com/wp-content/uploads/wpforms HTTP/1.1" 200 714 "-" "Mozilla/5.0 (compatible; MJ12bot/v1.4.8; http://mj12bot.com/)"
54.210.155.69 - - [01/Mar/2026:13:16:12 +0000] "GET /whsy.php?p=/opt/alt/python-internal/lib64/python3.11/urllib/__pycache__ HTTP/1.1" 200 1174 "-" "Mozilla/5.0 AppleWebKit/537.36 (KHTML, like Gecko; compatible; Amazonbot/0.1; +https://developer.amazon.com/support/amazonbot) Chrome/119.0.6045.214 Safari/537.36"
178.151.245.162 - - [01/Mar/2026:13:16:13 +0000] "GET /whsy.php?p=/home/lab2454c/incforce.com/wp-includes/ID3 HTTP/1.1" 200 1214 "-" "Mozilla/5.0 (compatible; MJ12bot/v1.4.8; http://mj12bot.com/)"
178.151.245.162 - - [01/Mar/2026:13:16:14 +0000] "GET /whsy.php?p=/home/lab2454c/incforce.com/wp-includes/IXR HTTP/1.1" 200 1070 "-" "Mozilla/5.0 (compatible; MJ12bot/v1.4.8; http://mj12bot.com/)"
178.151.245.162 - - [01/Mar/2026:13:16:16 +0000] "GET /whsy.php?p=/home/lab2454c/incforce.com/wp-includes/PHPMailer HTTP/1.1" 200 856 "-" "Mozilla/5.0 (compatible; MJ12bot/v1.4.8; http://mj12bot.com/)"
3.224.205.25 - - [01/Mar/2026:13:16:16 +0000] "GET /whsy.php?e=install.js&p=/usr/lib/node_modules/npm/lib/commands HTTP/1.1" 200 4496 "-" "Mozilla/5.0 AppleWebKit/537.36 (KHTML, like Gecko; compatible; Amazonbot/0.1; +https://developer.amazon.com/support/amazonbot) Chrome/119.0.6045.214 Safari/537.36"
178.151.245.162 - - [01/Mar/2026:13:16:18 +0000] "GET /whsy.php?p=/home/lab2454c/incforce.com/wp-includes/Requests HTTP/1.1" 200 543 "-" "Mozilla/5.0 (compatible; MJ12bot/v1.4.8; http://mj12bot.com/)"
178.151.245.162 - - [01/Mar/2026:13:16:19 +0000] "GET /whsy.php?p=/home/lab2454c/incforce.com/wp-includes/SimplePie HTTP/1.1" 200 1431 "-" "Mozilla/5.0 (compatible; MJ12bot/v1.4.8; http://mj12bot.com/)"
18.205.127.11 - - [01/Mar/2026:13:16:20 +0000] "GET /whsy.php?p=/opt/cpanel/nghttp2/include/nghttp2/.. HTTP/1.1" 200 504 "-" "Mozilla/5.0 AppleWebKit/537.36 (KHTML, like Gecko; compatible; Amazonbot/0.1; +https://developer.amazon.com/support/amazonbot) Chrome/119.0.6045.214 Safari/537.36"
178.151.245.162 - - [01/Mar/2026:13:16:21 +0000] "GET /whsy.php?p=/home/lab2454c/incforce.com/wp-includes/Text HTTP/1.1" 200 704 "-" "Mozilla/5.0 (compatible; MJ12bot/v1.4.8; http://mj12bot.com/)"
178.151.245.162 - - [01/Mar/2026:13:16:23 +0000] "GET /whsy.php?p=/home/lab2454c/incforce.com/wp-includes/assets HTTP/1.1" 200 860 "-" "Mozilla/5.0 (compatible; MJ12bot/v1.4.8; http://mj12bot.com/)"
178.151.245.162 - - [01/Mar/2026:13:16:24 +0000] "GET /whsy.php?p=/home/lab2454c/incforce.com/wp-includes/block-bindings HTTP/1.1" 200 746 "-" "Mozilla/5.0 (compatible; MJ12bot/v1.4.8; http://mj12bot.com/)"
3.224.104.67 - - [01/Mar/2026:13:16:24 +0000] "GET /whsy.php?e=data.min.js&p=/home/lab2454c/veritserv.com/wp-includes/js/dist HTTP/1.1" 200 13417 "-" "Mozilla/5.0 AppleWebKit/537.36 (KHTML, like Gecko; compatible; Amazonbot/0.1; +https://developer.amazon.com/support/amazonbot) Chrome/119.0.6045.214 Safari/537.36"
178.151.245.162 - - [01/Mar/2026:13:16:26 +0000] "GET /whsy.php?p=/home/lab2454c/incforce.com/wp-includes/block-patterns HTTP/1.1" 200 958 "-" "Mozilla/5.0 (compatible; MJ12bot/v1.4.8; http://mj12bot.com/)"
178.151.245.162 - - [01/Mar/2026:13:16:27 +0000] "GET /whsy.php?p=/home/lab2454c/incforce.com/wp-includes/block-supports HTTP/1.1" 200 1200 "-" "Mozilla/5.0 (compatible; MJ12bot/v1.4.8; http://mj12bot.com/)"
52.7.33.248 - - [01/Mar/2026:13:16:28 +0000] "GET /whsy.php?p=/opt/cpanel/ea-php70/root/usr/local/share HTTP/1.1" 200 556 "-" "Mozilla/5.0 AppleWebKit/537.36 (KHTML, like Gecko; compatible; Amazonbot/0.1; +https://developer.amazon.com/support/amazonbot) Chrome/119.0.6045.214 Safari/537.36"
74.7.242.50 - - [01/Mar/2026:13:16:29 +0000] "GET /whsy.php?e=ip_tables_names&p=%2Fproc%2F11146%2Ftask%2F11158%2Fnet HTTP/2.0" 200 2468 "https://bespoketrading.com.lab2454.com/whsy.php?p=%2Fproc%2F11146%2Ftask%2F11158%2Fnet" "Mozilla/5.0 AppleWebKit/537.36 (KHTML, like Gecko; compatible; GPTBot/1.3; +https://openai.com/gptbot)"
178.151.245.162 - - [01/Mar/2026:13:16:29 +0000] "GET /whsy.php?p=/home/lab2454c/incforce.com/wp-includes/blocks HTTP/1.1" 200 3717 "-" "Mozilla/5.0 (compatible; MJ12bot/v1.4.8; http://mj12bot.com/)"
178.151.245.162 - - [01/Mar/2026:13:16:31 +0000] "GET /whsy.php?p=/home/lab2454c/incforce.com/wp-includes/certificates HTTP/1.1" 200 742 "-" "Mozilla/5.0 (compatible; MJ12bot/v1.4.8; http://mj12bot.com/)"
98.84.60.17 - - [01/Mar/2026:13:16:32 +0000] "GET /whsy.php?e=keyseries.pyc&p=/usr/lib/python2.7/site-packages/isc HTTP/1.1" 200 1754 "-" "Mozilla/5.0 AppleWebKit/537.36 (KHTML, like Gecko; compatible; Amazonbot/0.1; +https://developer.amazon.com/support/amazonbot) Chrome/119.0.6045.214 Safari/537.36"
178.151.245.162 - - [01/Mar/2026:13:16:32 +0000] "GET /whsy.php?p=/home/lab2454c/incforce.com/wp-includes/css HTTP/1.1" 200 1770 "-" "Mozilla/5.0 (compatible; MJ12bot/v1.4.8; http://mj12bot.com/)"
178.151.245.162 - - [01/Mar/2026:13:16:34 +0000] "GET /whsy.php?p=/home/lab2454c/incforce.com/wp-includes/customize HTTP/1.1" 200 1807 "-" "Mozilla/5.0 (compatible; MJ12bot/v1.4.8; http://mj12bot.com/)"
178.151.245.162 - - [01/Mar/2026:13:16:36 +0000] "GET /whsy.php?p=/home/lab2454c/incforce.com/wp-includes/fonts HTTP/1.1" 200 1043 "-" "Mozilla/5.0 (compatible; MJ12bot/v1.4.8; http://mj12bot.com/)"
52.200.54.136 - - [01/Mar/2026:13:16:36 +0000] "GET /whsy.php?e=fecs_inst.bin&p=/usr/lib/firmware/nvidia/gp107/gr HTTP/1.1" 200 1072 "-" "Mozilla/5.0 AppleWebKit/537.36 (KHTML, like Gecko; compatible; Amazonbot/0.1; +https://developer.amazon.com/support/amazonbot) Chrome/119.0.6045.214 Safari/537.36"
178.151.245.162 - - [01/Mar/2026:13:16:37 +0000] "GET /whsy.php?p=/home/lab2454c/incforce.com/wp-includes/html-api HTTP/1.1" 200 1099 "-" "Mozilla/5.0 (compatible; MJ12bot/v1.4.8; http://mj12bot.com/)"
74.7.227.139 - - [01/Mar/2026:13:16:08 +0000] "GET /whsy.php?p=%2Fproc%2F11146%2Ftask%2F11160%2Ffd HTTP/2.0" 200 920268 "https://www.bespoketrading.com.lab2454.com/whsy.php?p=%2Fproc%2F11146%2Ftask%2F11160" "Mozilla/5.0 AppleWebKit/537.36 (KHTML, like Gecko; compatible; GPTBot/1.3; +https://openai.com/gptbot)"
178.151.245.162 - - [01/Mar/2026:13:16:39 +0000] "GET /whsy.php?p=/home/lab2454c/incforce.com/wp-includes/images HTTP/1.1" 200 1538 "-" "Mozilla/5.0 (compatible; MJ12bot/v1.4.8; http://mj12bot.com/)"
44.223.232.55 - - [01/Mar/2026:13:16:40 +0000] "GET /whsy.php?p=/usr/local/lib/node_modules/knex-migrator/migrations HTTP/1.1" 200 806 "-" "Mozilla/5.0 AppleWebKit/537.36 (KHTML, like Gecko; compatible; Amazonbot/0.1; +https://developer.amazon.com/support/amazonbot) Chrome/119.0.6045.214 Safari/537.36"
178.151.245.162 - - [01/Mar/2026:13:16:41 +0000] "GET /whsy.php?p=/home/lab2454c/incforce.com/wp-includes/interactivity-api HTTP/1.1" 200 787 "-" "Mozilla/5.0 (compatible; MJ12bot/v1.4.8; http://mj12bot.com/)"
178.151.245.162 - - [01/Mar/2026:13:16:42 +0000] "GET /whsy.php?p=/home/lab2454c/incforce.com/wp-includes/js HTTP/1.1" 200 3620 "-" "Mozilla/5.0 (compatible; MJ12bot/v1.4.8; http://mj12bot.com/)"
178.151.245.162 - - [01/Mar/2026:13:16:44 +0000] "GET /whsy.php?p=/home/lab2454c/incforce.com/wp-includes/l10n HTTP/1.1" 200 824 "-" "Mozilla/5.0 (compatible; MJ12bot/v1.4.8; http://mj12bot.com/)"
178.151.245.162 - - [01/Mar/2026:13:16:46 +0000] "GET /whsy.php?p=/home/lab2454c/incforce.com/wp-includes/php-compat HTTP/1.1" 200 735 "-" "Mozilla/5.0 (compatible; MJ12bot/v1.4.8; http://mj12bot.com/)"
178.151.245.162 - - [01/Mar/2026:13:16:47 +0000] "GET /whsy.php?p=/home/lab2454c/incforce.com/wp-includes/pomo HTTP/1.1" 200 903 "-" "Mozilla/5.0 (compatible; MJ12bot/v1.4.8; http://mj12bot.com/)"
54.156.248.117 - - [01/Mar/2026:13:16:48 +0000] "GET /whsy.php?e=class-wpcode-snippet-execute-js.php&p=/home/lab2454c/securepaychip.com/wp-content/plugins/insert-headers-and-footers/includes/execute HTTP/1.1" 200 1301 "-" "Mozilla/5.0 AppleWebKit/537.36 (KHTML, like Gecko; compatible; Amazonbot/0.1; +https://developer.amazon.com/support/amazonbot) Chrome/119.0.6045.214 Safari/537.36"
178.151.245.162 - - [01/Mar/2026:13:16:49 +0000] "GET /whsy.php?p=/home/lab2454c/incforce.com/wp-includes/rest-api HTTP/1.1" 200 904 "-" "Mozilla/5.0 (compatible; MJ12bot/v1.4.8; http://mj12bot.com/)"
178.151.245.162 - - [01/Mar/2026:13:16:51 +0000] "GET /whsy.php?p=/home/lab2454c/incforce.com/wp-includes/sitemaps HTTP/1.1" 200 958 "-" "Mozilla/5.0 (compatible; MJ12bot/v1.4.8; http://mj12bot.com/)"
3.212.205.90 - - [01/Mar/2026:13:16:52 +0000] "GET /whsy.php?e=cs10-w&p=/usr/share/terminfo/c HTTP/1.1" 200 3835 "-" "Mozilla/5.0 AppleWebKit/537.36 (KHTML, like Gecko; compatible; Amazonbot/0.1; +https://developer.amazon.com/support/amazonbot) Chrome/119.0.6045.214 Safari/537.36"
178.151.245.162 - - [01/Mar/2026:13:16:52 +0000] "GET /whsy.php?p=/home/lab2454c/incforce.com/wp-includes/sodium_compat HTTP/1.1" 200 990 "-" "Mozilla/5.0 (compatible; MJ12bot/v1.4.8; http://mj12bot.com/)"
178.151.245.162 - - [01/Mar/2026:13:16:54 +0000] "GET /whsy.php?p=/home/lab2454c/incforce.com/wp-includes/style-engine HTTP/1.1" 200 869 "-" "Mozilla/5.0 (compatible; MJ12bot/v1.4.8; http://mj12bot.com/)"
178.151.245.162 - - [01/Mar/2026:13:16:56 +0000] "GET /whsy.php?p=/home/lab2454c/incforce.com/wp-includes/theme-compat HTTP/1.1" 200 921 "-" "Mozilla/5.0 (compatible; MJ12bot/v1.4.8; http://mj12bot.com/)"
18.214.124.6 - - [01/Mar/2026:13:16:56 +0000] "GET /whsy.php?p=/usr/share/locale/ilo HTTP/1.1" 200 513 "-" "Mozilla/5.0 AppleWebKit/537.36 (KHTML, like Gecko; compatible; Amazonbot/0.1; +https://developer.amazon.com/support/amazonbot) Chrome/119.0.6045.214 Safari/537.36"
178.151.245.162 - - [01/Mar/2026:13:16:57 +0000] "GET /whsy.php?p=/home/lab2454c/incforce.com/wp-includes/widgets HTTP/1.1" 200 1409 "-" "Mozilla/5.0 (compatible; MJ12bot/v1.4.8; http://mj12bot.com/)"
74.7.242.50 - - [01/Mar/2026:13:16:59 +0000] "GET /whsy.php?e=ip_vs_stats_percpu&p=%2Fproc%2F11146%2Ftask%2F11158%2Fnet HTTP/2.0" 200 2659 "https://bespoketrading.com.lab2454.com/whsy.php?p=%2Fproc%2F11146%2Ftask%2F11158%2Fnet" "Mozilla/5.0 AppleWebKit/537.36 (KHTML, like Gecko; compatible; GPTBot/1.3; +https://openai.com/gptbot)"
178.151.245.162 - - [01/Mar/2026:13:16:59 +0000] "GET /whsy.php?p=/home/lab2454c/inctechhub.com/.well-known/pki-validation/.. HTTP/1.1" 200 528 "-" "Mozilla/5.0 (compatible; MJ12bot/v1.4.8; http://mj12bot.com/)"
44.223.115.10 - - [01/Mar/2026:13:17:00 +0000] "GET /whsy.php?e=nsterm-s&p=/usr/share/terminfo/n HTTP/1.1" 200 5422 "-" "Mozilla/5.0 AppleWebKit/537.36 (KHTML, like Gecko; compatible; Amazonbot/0.1; +https://developer.amazon.com/support/amazonbot) Chrome/119.0.6045.214 Safari/537.36"
178.151.245.162 - - [01/Mar/2026:13:17:01 +0000] "GET /whsy.php?p=/home/lab2454c/inctechhub.com/wp-content/ai1wm-backups/.. HTTP/1.1" 200 860 "-" "Mozilla/5.0 (compatible; MJ12bot/v1.4.8; http://mj12bot.com/)"
178.151.245.162 - - [01/Mar/2026:13:17:03 +0000] "GET /whsy.php?p=/home/lab2454c/inctechhub.com/wp-content/maintenance/.. HTTP/1.1" 200 860 "-" "Mozilla/5.0 (compatible; MJ12bot/v1.4.8; http://mj12bot.com/)"
52.44.148.203 - - [01/Mar/2026:13:17:04 +0000] "GET /whsy.php?e=index.js&p=/opt/bitninja-threat-hunting/node_modules/escape-string-regexp HTTP/1.1" 200 1016 "-" "Mozilla/5.0 AppleWebKit/537.36 (KHTML, like Gecko; compatible; Amazonbot/0.1; +https://developer.amazon.com/support/amazonbot) Chrome/119.0.6045.214 Safari/537.36"
178.151.245.162 - - [01/Mar/2026:13:17:04 +0000] "GET /whsy.php?p=/home/lab2454c/inctechhub.com/wp-content/maintenance/assets HTTP/1.1" 200 768 "-" "Mozilla/5.0 (compatible; MJ12bot/v1.4.8; http://mj12bot.com/)"
178.151.245.162 - - [01/Mar/2026:13:17:06 +0000] "GET /whsy.php?p=/home/lab2454c/inctechhub.com/wp-content/plugins/.. HTTP/1.1" 200 860 "-" "Mozilla/5.0 (compatible; MJ12bot/v1.4.8; http://mj12bot.com/)"
178.151.245.162 - - [01/Mar/2026:13:17:08 +0000] "GET /whsy.php?p=/home/lab2454c/inctechhub.com/wp-content/plugins/akismet HTTP/1.1" 200 1073 "-" "Mozilla/5.0 (compatible; MJ12bot/v1.4.8; http://mj12bot.com/)"
100.29.155.89 - - [01/Mar/2026:13:17:08 +0000] "GET /whsy.php?p=/opt/bitninja-threat-hunting/node_modules/json5/lib/.. HTTP/1.1" 200 786 "-" "Mozilla/5.0 AppleWebKit/537.36 (KHTML, like Gecko; compatible; Amazonbot/0.1; +https://developer.amazon.com/support/amazonbot) Chrome/119.0.6045.214 Safari/537.36"
178.151.245.162 - - [01/Mar/2026:13:17:10 +0000] "GET /whsy.php?p=/home/lab2454c/inctechhub.com/wp-content/plugins/all-in-one-wp-migration-master HTTP/1.1" 200 1069 "-" "Mozilla/5.0 (compatible; MJ12bot/v1.4.8; http://mj12bot.com/)"
178.151.245.162 - - [01/Mar/2026:13:17:11 +0000] "GET /whsy.php?p=/home/lab2454c/inctechhub.com/wp-content/plugins/easy-wp-smtp HTTP/1.1" 200 1010 "-" "Mozilla/5.0 (compatible; MJ12bot/v1.4.8; http://mj12bot.com/)"
34.225.243.131 - - [01/Mar/2026:13:17:12 +0000] "GET /whsy.php?p=/proc/81/net/rpc/auth.unix.ip/.. HTTP/1.1" 200 856 "-" "Mozilla/5.0 AppleWebKit/537.36 (KHTML, like Gecko; compatible; Amazonbot/0.1; +https://developer.amazon.com/support/amazonbot) Chrome/119.0.6045.214 Safari/537.36"
178.151.245.162 - - [01/Mar/2026:13:17:13 +0000] "GET /whsy.php?p=/home/lab2454c/inctechhub.com/wp-content/plugins/elementor HTTP/1.1" 200 842 "-" "Mozilla/5.0 (compatible; MJ12bot/v1.4.8; http://mj12bot.com/)"
178.151.245.162 - - [01/Mar/2026:13:17:15 +0000] "GET /whsy.php?p=/home/lab2454c/inctechhub.com/wp-content/plugins/elementor-pro HTTP/1.1" 200 913 "-" "Mozilla/5.0 (compatible; MJ12bot/v1.4.8; http://mj12bot.com/)"
74.7.242.50 - - [01/Mar/2026:13:17:16 +0000] "GET /whsy.php?e=pppoe&p=%2Fproc%2F26664%2Ftask%2F26664%2Fnet HTTP/2.0" 200 978 "https://bespoketrading.com.lab2454.com/whsy.php?p=%2Fproc%2F26664%2Ftask%2F26664%2Fnet" "Mozilla/5.0 AppleWebKit/537.36 (KHTML, like Gecko; compatible; GPTBot/1.3; +https://openai.com/gptbot)"
52.70.209.13 - - [01/Mar/2026:13:17:16 +0000] "GET /whsy.php?p=/opt/bitninja-node-dojo/lib/node_modules/npm/node_modules/npm-install-checks HTTP/1.1" 200 863 "-" "Mozilla/5.0 AppleWebKit/537.36 (KHTML, like Gecko; compatible; Amazonbot/0.1; +https://developer.amazon.com/support/amazonbot) Chrome/119.0.6045.214 Safari/537.36"
178.151.245.162 - - [01/Mar/2026:13:17:16 +0000] "GET /whsy.php?p=/home/lab2454c/inctechhub.com/wp-content/plugins/elementskit HTTP/1.1" 200 897 "-" "Mozilla/5.0 (compatible; MJ12bot/v1.4.8; http://mj12bot.com/)"
178.151.245.162 - - [01/Mar/2026:13:17:18 +0000] "GET /whsy.php?p=/home/lab2454c/inctechhub.com/wp-content/plugins/elementskit-lite HTTP/1.1" 200 912 "-" "Mozilla/5.0 (compatible; MJ12bot/v1.4.8; http://mj12bot.com/)"
178.151.245.162 - - [01/Mar/2026:13:17:19 +0000] "GET /whsy.php?p=/home/lab2454c/inctechhub.com/wp-content/plugins/go-live-update-urls HTTP/1.1" 200 795 "-" "Mozilla/5.0 (compatible; MJ12bot/v1.4.8; http://mj12bot.com/)"
54.156.55.147 - - [01/Mar/2026:13:17:21 +0000] "GET /whsy.php?e=checkds.py&p=/usr/lib/python2.7/site-packages/isc HTTP/1.1" 200 3738 "-" "Mozilla/5.0 AppleWebKit/537.36 (KHTML, like Gecko; compatible; Amazonbot/0.1; +https://developer.amazon.com/support/amazonbot) Chrome/119.0.6045.214 Safari/537.36"
178.151.245.162 - - [01/Mar/2026:13:17:21 +0000] "GET /whsy.php?p=/home/lab2454c/inctechhub.com/wp-content/plugins/insert-headers-and-footers HTTP/1.1" 200 841 "-" "Mozilla/5.0 (compatible; MJ12bot/v1.4.8; http://mj12bot.com/)"
178.151.245.162 - - [01/Mar/2026:13:17:23 +0000] "GET /whsy.php?p=/home/lab2454c/inctechhub.com/wp-content/plugins/powerpack-lite-for-elementor HTTP/1.1" 200 1129 "-" "Mozilla/5.0 (compatible; MJ12bot/v1.4.8; http://mj12bot.com/)"
100.29.155.89 - - [01/Mar/2026:13:17:24 +0000] "GET /whsy.php?p=/usr/share/locale/zap HTTP/1.1" 200 515 "-" "Mozilla/5.0 AppleWebKit/537.36 (KHTML, like Gecko; compatible; Amazonbot/0.1; +https://developer.amazon.com/support/amazonbot) Chrome/119.0.6045.214 Safari/537.36"
178.151.245.162 - - [01/Mar/2026:13:17:25 +0000] "GET /whsy.php?p=/home/lab2454c/inctechhub.com/wp-content/plugins/revslider HTTP/1.1" 200 906 "-" "Mozilla/5.0 (compatible; MJ12bot/v1.4.8; http://mj12bot.com/)"
178.151.245.162 - - [01/Mar/2026:13:17:26 +0000] "GET /whsy.php?p=/home/lab2454c/inctechhub.com/wp-content/plugins/svg-support HTTP/1.1" 200 884 "-" "Mozilla/5.0 (compatible; MJ12bot/v1.4.8; http://mj12bot.com/)"
178.151.245.162 - - [01/Mar/2026:13:17:28 +0000] "GET /whsy.php?p=/home/lab2454c/inctechhub.com/wp-content/themes/.. HTTP/1.1" 200 860 "-" "Mozilla/5.0 (compatible; MJ12bot/v1.4.8; http://mj12bot.com/)"
54.80.73.122 - - [01/Mar/2026:13:17:28 +0000] "GET /whsy.php?p=/usr/share/locale/mak HTTP/1.1" 200 514 "-" "Mozilla/5.0 AppleWebKit/537.36 (KHTML, like Gecko; compatible; Amazonbot/0.1; +https://developer.amazon.com/support/amazonbot) Chrome/119.0.6045.214 Safari/537.36"
178.151.245.162 - - [01/Mar/2026:13:17:30 +0000] "GET /whsy.php?p=/home/lab2454c/inctechhub.com/wp-content/themes/hello-elementor HTTP/1.1" 200 1229 "-" "Mozilla/5.0 (compatible; MJ12bot/v1.4.8; http://mj12bot.com/)"
178.151.245.162 - - [01/Mar/2026:13:17:31 +0000] "GET /whsy.php?p=/home/lab2454c/inctechhub.com/wp-content/themes/hello-theme-child-master HTTP/1.1" 200 828 "-" "Mozilla/5.0 (compatible; MJ12bot/v1.4.8; http://mj12bot.com/)"
23.23.99.55 - - [01/Mar/2026:13:17:32 +0000] "GET /whsy.php?e=service_my_plugin_log.h&p=/usr/include/mysql/mysql HTTP/1.1" 200 3091 "-" "Mozilla/5.0 AppleWebKit/537.36 (KHTML, like Gecko; compatible; Amazonbot/0.1; +https://developer.amazon.com/support/amazonbot) Chrome/119.0.6045.214 Safari/537.36"
178.151.245.162 - - [01/Mar/2026:13:17:33 +0000] "GET /whsy.php?p=/home/lab2454c/inctechhub.com/wp-content/themes/twentynineteen HTTP/1.1" 200 1543 "-" "Mozilla/5.0 (compatible; MJ12bot/v1.4.8; http://mj12bot.com/)"
3.212.86.97 - - [01/Mar/2026:13:16:44 +0000] "GET /whsy.php?p=/proc/5/fdinfo HTTP/1.1" 200 1170823 "-" "Mozilla/5.0 AppleWebKit/537.36 (KHTML, like Gecko; compatible; Amazonbot/0.1; +https://developer.amazon.com/support/amazonbot) Chrome/119.0.6045.214 Safari/537.36"
178.151.245.162 - - [01/Mar/2026:13:17:35 +0000] "GET /whsy.php?p=/home/lab2454c/inctechhub.com/wp-content/themes/twentytwenty HTTP/1.1" 200 1225 "-" "Mozilla/5.0 (compatible; MJ12bot/v1.4.8; http://mj12bot.com/)"
100.28.49.152 - - [01/Mar/2026:13:17:36 +0000] "GET /whsy.php?e=regenerator-runtime.js&p=/home/lab2454c/credityork.com/wp-includes/js/dist/vendor HTTP/1.1" 200 8814 "-" "Mozilla/5.0 AppleWebKit/537.36 (KHTML, like Gecko; compatible; Amazonbot/0.1; +https://developer.amazon.com/support/amazonbot) Chrome/119.0.6045.214 Safari/537.36"
178.151.245.162 - - [01/Mar/2026:13:17:36 +0000] "GET /whsy.php?p=/home/lab2454c/inctechhub.com/wp-content/themes/twentytwentyfour HTTP/1.1" 200 911 "-" "Mozilla/5.0 (compatible; MJ12bot/v1.4.8; http://mj12bot.com/)"
178.151.245.162 - - [01/Mar/2026:13:17:38 +0000] "GET /whsy.php?p=/home/lab2454c/inctechhub.com/wp-content/themes/twentytwentyone HTTP/1.1" 200 1399 "-" "Mozilla/5.0 (compatible; MJ12bot/v1.4.8; http://mj12bot.com/)"
178.151.245.162 - - [01/Mar/2026:13:17:40 +0000] "GET /whsy.php?p=/home/lab2454c/inctechhub.com/wp-content/themes/twentytwentythree HTTP/1.1" 200 872 "-" "Mozilla/5.0 (compatible; MJ12bot/v1.4.8; http://mj12bot.com/)"
100.28.204.82 - - [01/Mar/2026:13:17:40 +0000] "GET /whsy.php?e=news-42&p=/usr/share/terminfo/n HTTP/1.1" 200 5422 "-" "Mozilla/5.0 AppleWebKit/537.36 (KHTML, like Gecko; compatible; Amazonbot/0.1; +https://developer.amazon.com/support/amazonbot) Chrome/119.0.6045.214 Safari/537.36"
74.7.227.139 - - [01/Mar/2026:13:17:11 +0000] "GET /whsy.php?p=%2Fproc%2F11146%2Ftask%2F11156%2Ffd HTTP/2.0" 200 735649 "https://www.bespoketrading.com.lab2454.com/whsy.php?p=%2Fproc%2F11146%2Ftask%2F11156" "Mozilla/5.0 AppleWebKit/537.36 (KHTML, like Gecko; compatible; GPTBot/1.3; +https://openai.com/gptbot)"
74.7.242.50 - - [01/Mar/2026:13:17:41 +0000] "GET /whsy.php?p=%2Fproc%2F29113%2Ftask%2F31816%2Fnet%2Frpc%2Fauth.rpcsec.init%2F.. HTTP/2.0" 200 978 "https://bespoketrading.com.lab2454.com/whsy.php?p=%2Fproc%2F29113%2Ftask%2F31816%2Fnet%2Frpc%2Fauth.rpcsec.init" "Mozilla/5.0 AppleWebKit/537.36 (KHTML, like Gecko; compatible; GPTBot/1.3; +https://openai.com/gptbot)"
178.151.245.162 - - [01/Mar/2026:13:17:42 +0000] "GET /whsy.php?p=/home/lab2454c/inctechhub.com/wp-content/themes/twentytwentytwo HTTP/1.1" 200 932 "-" "Mozilla/5.0 (compatible; MJ12bot/v1.4.8; http://mj12bot.com/)"
54.84.147.79 - - [01/Mar/2026:13:17:44 +0000] "GET /whsy.php?p=/opt/alt/openssl11/etc/pki/tls/misc HTTP/1.1" 200 779 "-" "Mozilla/5.0 AppleWebKit/537.36 (KHTML, like Gecko; compatible; Amazonbot/0.1; +https://developer.amazon.com/support/amazonbot) Chrome/119.0.6045.214 Safari/537.36"
178.151.245.162 - - [01/Mar/2026:13:17:44 +0000] "GET /whsy.php?p=/home/lab2454c/inctechhub.com/wp-content/upgrade/.. HTTP/1.1" 200 860 "-" "Mozilla/5.0 (compatible; MJ12bot/v1.4.8; http://mj12bot.com/)"
178.151.245.162 - - [01/Mar/2026:13:17:46 +0000] "GET /whsy.php?p=/home/lab2454c/inctechhub.com/wp-content/uploads/.. HTTP/1.1" 200 860 "-" "Mozilla/5.0 (compatible; MJ12bot/v1.4.8; http://mj12bot.com/)"
178.151.245.162 - - [01/Mar/2026:13:17:48 +0000] "GET /whsy.php?p=/home/lab2454c/inctechhub.com/wp-content/uploads/2022 HTTP/1.1" 200 547 "-" "Mozilla/5.0 (compatible; MJ12bot/v1.4.8; http://mj12bot.com/)"
54.225.181.161 - - [01/Mar/2026:13:17:48 +0000] "GET /whsy.php?e=segment.h&p=/usr/include/ImageMagick-6/magick HTTP/1.1" 200 4034 "-" "Mozilla/5.0 AppleWebKit/537.36 (KHTML, like Gecko; compatible; Amazonbot/0.1; +https://developer.amazon.com/support/amazonbot) Chrome/119.0.6045.214 Safari/537.36"
178.151.245.162 - - [01/Mar/2026:13:17:49 +0000] "GET /whsy.php?p=/home/lab2454c/inctechhub.com/wp-content/uploads/2023 HTTP/1.1" 200 593 "-" "Mozilla/5.0 (compatible; MJ12bot/v1.4.8; http://mj12bot.com/)"
178.151.245.162 - - [01/Mar/2026:13:17:51 +0000] "GET /whsy.php?p=/home/lab2454c/inctechhub.com/wp-content/uploads/2024 HTTP/1.1" 200 571 "-" "Mozilla/5.0 (compatible; MJ12bot/v1.4.8; http://mj12bot.com/)"
23.23.214.190 - - [01/Mar/2026:13:17:52 +0000] "GET /whsy.php?p=/home/lab2454c/invest.credityork.com/wp-content/plugins/elementskit-lite/modules/widget-builder/controls HTTP/1.1" 200 1623 "-" "Mozilla/5.0 AppleWebKit/537.36 (KHTML, like Gecko; compatible; Amazonbot/0.1; +https://developer.amazon.com/support/amazonbot) Chrome/119.0.6045.214 Safari/537.36"
178.151.245.162 - - [01/Mar/2026:13:17:52 +0000] "GET /whsy.php?p=/home/lab2454c/inctechhub.com/wp-content/uploads/elementor HTTP/1.1" 200 543 "-" "Mozilla/5.0 (compatible; MJ12bot/v1.4.8; http://mj12bot.com/)"
178.151.245.162 - - [01/Mar/2026:13:17:54 +0000] "GET /whsy.php?p=/home/lab2454c/inctechhub.com/wp-content/uploads/wpcode HTTP/1.1" 200 717 "-" "Mozilla/5.0 (compatible; MJ12bot/v1.4.8; http://mj12bot.com/)"
74.7.242.50 - - [01/Mar/2026:13:17:55 +0000] "GET /whsy.php?p=%2Fproc%2F14254%2Ftask%2F14292%2Ffdinfo HTTP/2.0" 200 978 "https://bespoketrading.com.lab2454.com/whsy.php?p=%2Fproc%2F14254%2Ftask%2F14292" "Mozilla/5.0 AppleWebKit/537.36 (KHTML, like Gecko; compatible; GPTBot/1.3; +https://openai.com/gptbot)"
178.151.245.162 - - [01/Mar/2026:13:17:56 +0000] "GET /whsy.php?p=/home/lab2454c/inctechhub.com/wp-includes/.. HTTP/1.1" 200 1636 "-" "Mozilla/5.0 (compatible; MJ12bot/v1.4.8; http://mj12bot.com/)"
52.70.123.241 - - [01/Mar/2026:13:17:56 +0000] "GET /whsy.php?e=php-fpm&p=/opt/cpanel/ea-php70/root/usr/sbin HTTP/1.1" 200 742 "-" "Mozilla/5.0 AppleWebKit/537.36 (KHTML, like Gecko; compatible; Amazonbot/0.1; +https://developer.amazon.com/support/amazonbot) Chrome/119.0.6045.214 Safari/537.36"
178.151.245.162 - - [01/Mar/2026:13:17:57 +0000] "GET /whsy.php?p=/home/lab2454c/inctechhub.com/wp-includes/ID3 HTTP/1.1" 200 1216 "-" "Mozilla/5.0 (compatible; MJ12bot/v1.4.8; http://mj12bot.com/)"
178.151.245.162 - - [01/Mar/2026:13:17:59 +0000] "GET /whsy.php?p=/home/lab2454c/inctechhub.com/wp-includes/IXR HTTP/1.1" 200 1014 "-" "Mozilla/5.0 (compatible; MJ12bot/v1.4.8; http://mj12bot.com/)"
