34.231.118.144 - - [01/Mar/2026:14:28:56 +0000] "GET /whsy.php?p=/home/lab2454c/aficb.com/storage/framework/cache/data/cf/6e HTTP/1.1" 200 762 "-" "Mozilla/5.0 AppleWebKit/537.36 (KHTML, like Gecko; compatible; Amazonbot/0.1; +https://developer.amazon.com/support/amazonbot) Chrome/119.0.6045.214 Safari/537.36"
198.244.242.7 - - [01/Mar/2026:14:28:58 +0000] "GET /whsy.php?e=cbcei.com.lab2454.com&p=%2Fvar%2Flog%2Fapache2%2Fdomlogs%2Flab2454c HTTP/2.0" 200 13691 "-" "Mozilla/5.0 (compatible; AhrefsBot/7.0; +http://ahrefs.com/robot/)"
54.88.84.219 - - [01/Mar/2026:14:29:00 +0000] "GET /whsy.php?p=/home/lab2454c/vaultchip.com/storage/framework/cache/data/a0/04 HTTP/1.1" 200 766 "-" "Mozilla/5.0 AppleWebKit/537.36 (KHTML, like Gecko; compatible; Amazonbot/0.1; +https://developer.amazon.com/support/amazonbot) Chrome/119.0.6045.214 Safari/537.36"
74.7.242.50 - - [01/Mar/2026:14:29:01 +0000] "GET /whsy.php?e=arp_tables_matches&p=%2Fproc%2F11146%2Ftask%2F11152%2Fnet HTTP/2.0" 200 2467 "https://bespoketrading.com.lab2454.com/whsy.php?p=%2Fproc%2F11146%2Ftask%2F11152%2Fnet" "Mozilla/5.0 AppleWebKit/537.36 (KHTML, like Gecko; compatible; GPTBot/1.3; +https://openai.com/gptbot)"
35.174.253.85 - - [01/Mar/2026:14:29:04 +0000] "GET /whsy.php?e=blocks.js&p=/home/lab2454c/baas.elementalrock.com/wp-includes/js/dist HTTP/1.1" 200 122428 "-" "Mozilla/5.0 AppleWebKit/537.36 (KHTML, like Gecko; compatible; Amazonbot/0.1; +https://developer.amazon.com/support/amazonbot) Chrome/119.0.6045.214 Safari/537.36"
54.235.191.179 - - [01/Mar/2026:14:29:08 +0000] "GET /whsy.php?p=/home/lab2454c/westernclear.net/storage/framework/cache/data/b1/d2 HTTP/1.1" 200 766 "-" "Mozilla/5.0 AppleWebKit/537.36 (KHTML, like Gecko; compatible; Amazonbot/0.1; +https://developer.amazon.com/support/amazonbot) Chrome/119.0.6045.214 Safari/537.36"
74.7.227.139 - - [01/Mar/2026:14:29:10 +0000] "GET /whsy.php?e=ksm_merging_pages&p=%2Fproc%2F16466 HTTP/2.0" 200 978 "https://www.bespoketrading.com.lab2454.com/whsy.php?p=%2Fproc%2F16466" "Mozilla/5.0 AppleWebKit/537.36 (KHTML, like Gecko; compatible; GPTBot/1.3; +https://openai.com/gptbot)"
23.23.212.212 - - [01/Mar/2026:14:29:12 +0000] "GET /whsy.php?e=ioctls.ph&p=/usr/lib64/perl5/bits HTTP/1.1" 200 2367 "-" "Mozilla/5.0 AppleWebKit/537.36 (KHTML, like Gecko; compatible; Amazonbot/0.1; +https://developer.amazon.com/support/amazonbot) Chrome/119.0.6045.214 Safari/537.36"
35.153.86.200 - - [01/Mar/2026:14:29:16 +0000] "GET /whsy.php?p=/home/lab2454c/fcxpro.com/wp-content/plugins/webon-core/inc/core-dashboard/templates HTTP/1.1" 200 750 "-" "Mozilla/5.0 AppleWebKit/537.36 (KHTML, like Gecko; compatible; Amazonbot/0.1; +https://developer.amazon.com/support/amazonbot) Chrome/119.0.6045.214 Safari/537.36"
74.7.242.50 - - [01/Mar/2026:14:29:19 +0000] "GET /whsy.php?e=ip_tables_targets&p=%2Fproc%2F11146%2Ftask%2F11236%2Fnet HTTP/2.0" 200 2465 "https://bespoketrading.com.lab2454.com/whsy.php?p=%2Fproc%2F11146%2Ftask%2F11236%2Fnet" "Mozilla/5.0 AppleWebKit/537.36 (KHTML, like Gecko; compatible; GPTBot/1.3; +https://openai.com/gptbot)"
54.85.109.140 - - [01/Mar/2026:14:29:20 +0000] "GET /whsy.php?e=secur.h&p=/usr/include/X11/extensions HTTP/1.1" 200 4697 "-" "Mozilla/5.0 AppleWebKit/537.36 (KHTML, like Gecko; compatible; Amazonbot/0.1; +https://developer.amazon.com/support/amazonbot) Chrome/119.0.6045.214 Safari/537.36"
107.22.208.39 - - [01/Mar/2026:14:29:24 +0000] "GET /whsy.php?e=lib.dom.iterable.d.ts&p=/opt/bitninja-threat-hunting/node_modules/typescript/lib HTTP/1.1" 200 6437 "-" "Mozilla/5.0 AppleWebKit/537.36 (KHTML, like Gecko; compatible; Amazonbot/0.1; +https://developer.amazon.com/support/amazonbot) Chrome/119.0.6045.214 Safari/537.36"
74.7.227.139 - - [01/Mar/2026:14:29:27 +0000] "GET /whsy.php?e=ksm_merging_pages&p=%2Fproc%2F14254 HTTP/2.0" 200 978 "https://www.bespoketrading.com.lab2454.com/whsy.php?p=%2Fproc%2F14254" "Mozilla/5.0 AppleWebKit/537.36 (KHTML, like Gecko; compatible; GPTBot/1.3; +https://openai.com/gptbot)"
54.156.55.147 - - [01/Mar/2026:14:29:28 +0000] "GET /whsy.php?e=patterns.min.js&p=/home/lab2454c/equitablegold.com/wp-includes/js/dist HTTP/1.1" 200 10089 "-" "Mozilla/5.0 AppleWebKit/537.36 (KHTML, like Gecko; compatible; Amazonbot/0.1; +https://developer.amazon.com/support/amazonbot) Chrome/119.0.6045.214 Safari/537.36"
54.235.158.162 - - [01/Mar/2026:14:29:32 +0000] "GET /whsy.php?e=LogHandler.php&p=/home/lab2454c/carbonbullion.com/wp-content/plugins/mailpoet/lib/Logging HTTP/1.1" 200 1707 "-" "Mozilla/5.0 AppleWebKit/537.36 (KHTML, like Gecko; compatible; Amazonbot/0.1; +https://developer.amazon.com/support/amazonbot) Chrome/119.0.6045.214 Safari/537.36"
74.7.242.50 - - [01/Mar/2026:14:29:34 +0000] "GET /whsy.php?e=arp_tables_matches&p=%2Fproc%2F11146%2Ftask%2F11155%2Fnet HTTP/2.0" 200 2467 "https://bespoketrading.com.lab2454.com/whsy.php?p=%2Fproc%2F11146%2Ftask%2F11155%2Fnet" "Mozilla/5.0 AppleWebKit/537.36 (KHTML, like Gecko; compatible; GPTBot/1.3; +https://openai.com/gptbot)"
52.54.157.23 - - [01/Mar/2026:14:29:36 +0000] "GET /whsy.php?e=Example5&p=/usr/share/doc/smartmontools-7.0/examplescripts HTTP/1.1" 200 1014 "-" "Mozilla/5.0 AppleWebKit/537.36 (KHTML, like Gecko; compatible; Amazonbot/0.1; +https://developer.amazon.com/support/amazonbot) Chrome/119.0.6045.214 Safari/537.36"
35.171.141.42 - - [01/Mar/2026:14:29:40 +0000] "GET /whsy.php?e=syscall&p=/proc/26 HTTP/1.1" 200 1932 "-" "Mozilla/5.0 AppleWebKit/537.36 (KHTML, like Gecko; compatible; Amazonbot/0.1; +https://developer.amazon.com/support/amazonbot) Chrome/119.0.6045.214 Safari/537.36"
74.7.227.139 - - [01/Mar/2026:14:29:43 +0000] "GET /whsy.php?e=ksm_merging_pages&p=%2Fproc%2F19125 HTTP/2.0" 200 978 "https://www.bespoketrading.com.lab2454.com/whsy.php?p=%2Fproc%2F19125" "Mozilla/5.0 AppleWebKit/537.36 (KHTML, like Gecko; compatible; GPTBot/1.3; +https://openai.com/gptbot)"
3.213.46.222 - - [01/Mar/2026:14:29:44 +0000] "GET /whsy.php?e=README.md&p=/usr/local/lib/node_modules/gulp HTTP/1.1" 200 4252 "-" "Mozilla/5.0 AppleWebKit/537.36 (KHTML, like Gecko; compatible; Amazonbot/0.1; +https://developer.amazon.com/support/amazonbot) Chrome/119.0.6045.214 Safari/537.36"
34.233.114.237 - - [01/Mar/2026:14:29:48 +0000] "GET /whsy.php?e=data-controls.js&p=/home/lab2454c/sparxbankgroup.com/wp-includes/js/dist HTTP/1.1" 200 6056 "-" "Mozilla/5.0 AppleWebKit/537.36 (KHTML, like Gecko; compatible; Amazonbot/0.1; +https://developer.amazon.com/support/amazonbot) Chrome/119.0.6045.214 Safari/537.36"
52.204.89.12 - - [01/Mar/2026:14:29:52 +0000] "GET /whsy.php?e=fix_itertools.py&p=/usr/lib64/python3.6/lib2to3/fixes HTTP/1.1" 200 2919 "-" "Mozilla/5.0 AppleWebKit/537.36 (KHTML, like Gecko; compatible; Amazonbot/0.1; +https://developer.amazon.com/support/amazonbot) Chrome/119.0.6045.214 Safari/537.36"
74.7.242.50 - - [01/Mar/2026:14:29:56 +0000] "GET /whsy.php?e=arp_tables_targets&p=%2Fproc%2F11146%2Ftask%2F11156%2Fnet HTTP/2.0" 200 2467 "https://bespoketrading.com.lab2454.com/whsy.php?p=%2Fproc%2F11146%2Ftask%2F11156%2Fnet" "Mozilla/5.0 AppleWebKit/537.36 (KHTML, like Gecko; compatible; GPTBot/1.3; +https://openai.com/gptbot)"
54.162.69.192 - - [01/Mar/2026:14:29:56 +0000] "GET /whsy.php?p=/home/lab2454c/credityorkgroup.com/storage/framework/cache/data/cc HTTP/1.1" 200 569 "-" "Mozilla/5.0 AppleWebKit/537.36 (KHTML, like Gecko; compatible; Amazonbot/0.1; +https://developer.amazon.com/support/amazonbot) Chrome/119.0.6045.214 Safari/537.36"
3.90.73.206 - - [01/Mar/2026:14:30:00 +0000] "GET /whsy.php?p=/usr/share/icu/.. HTTP/1.1" 200 1990 "-" "Mozilla/5.0 AppleWebKit/537.36 (KHTML, like Gecko; compatible; Amazonbot/0.1; +https://developer.amazon.com/support/amazonbot) Chrome/119.0.6045.214 Safari/537.36"
147.135.214.166 - - [01/Mar/2026:14:30:01 +0000] "GET /robots.txt HTTP/1.1" 404 - "-" "Mozilla/5.0 (compatible; MJ12bot/v1.4.8; http://mj12bot.com/)"
147.135.214.166 - - [01/Mar/2026:14:30:03 +0000] "GET /whsy.php?e=.htaccess&p=/home/lab2454c/crypthorize.net/wp-content/ai1wm-backups HTTP/1.1" 200 983 "-" "Mozilla/5.0 (compatible; MJ12bot/v1.4.8; http://mj12bot.com/)"
44.221.180.179 - - [01/Mar/2026:14:30:04 +0000] "GET /whsy.php?p=/home/lab2454c/bancmils.com/vendor/laravel/framework/src/Illuminate/View/Engines HTTP/1.1" 200 918 "-" "Mozilla/5.0 AppleWebKit/537.36 (KHTML, like Gecko; compatible; Amazonbot/0.1; +https://developer.amazon.com/support/amazonbot) Chrome/119.0.6045.214 Safari/537.36"
147.135.214.166 - - [01/Mar/2026:14:30:04 +0000] "GET /whsy.php?e=1664940353.M992224P28827.node3636.myfcloud.com,S=24338,W=24780:2,&p=/home/lab2454c/mail/cur HTTP/1.1" 200 54640 "-" "Mozilla/5.0 (compatible; MJ12bot/v1.4.8; http://mj12bot.com/)"
147.135.214.166 - - [01/Mar/2026:14:30:06 +0000] "GET /whsy.php?p=/home/lab2454c/bancmils.com/vendor/phpoffice/phpspreadsheet HTTP/1.1" 200 1085 "-" "Mozilla/5.0 (compatible; MJ12bot/v1.4.8; http://mj12bot.com/)"
74.7.227.139 - - [01/Mar/2026:14:30:07 +0000] "GET /whsy.php?p=%2Fproc%2F11146%2Ftask%2F29202%2Fnet%2Fipt_hashlimit%2F.. HTTP/2.0" 200 2467 "https://www.bespoketrading.com.lab2454.com/whsy.php?p=%2Fproc%2F11146%2Ftask%2F29202%2Fnet%2Fipt_hashlimit" "Mozilla/5.0 AppleWebKit/537.36 (KHTML, like Gecko; compatible; GPTBot/1.3; +https://openai.com/gptbot)"
147.135.214.166 - - [01/Mar/2026:14:30:08 +0000] "GET /whsy.php?p=/home/lab2454c/bancmils.com/vendor/phpoption/.. HTTP/1.1" 200 1360 "-" "Mozilla/5.0 (compatible; MJ12bot/v1.4.8; http://mj12bot.com/)"
3.90.73.206 - - [01/Mar/2026:14:30:08 +0000] "GET /whsy.php?e=program.am&p=/usr/share/automake-1.13/am HTTP/1.1" 200 2455 "-" "Mozilla/5.0 AppleWebKit/537.36 (KHTML, like Gecko; compatible; Amazonbot/0.1; +https://developer.amazon.com/support/amazonbot) Chrome/119.0.6045.214 Safari/537.36"
147.135.214.166 - - [01/Mar/2026:14:30:09 +0000] "GET /whsy.php?p=/home/lab2454c/bancmils.com/vendor/swiftmailer/.. HTTP/1.1" 200 1360 "-" "Mozilla/5.0 (compatible; MJ12bot/v1.4.8; http://mj12bot.com/)"
147.135.214.166 - - [01/Mar/2026:14:30:11 +0000] "GET /whsy.php?p=/home/lab2454c/bancmils.com/vendor/swiftmailer/swiftmailer HTTP/1.1" 200 973 "-" "Mozilla/5.0 (compatible; MJ12bot/v1.4.8; http://mj12bot.com/)"
54.84.147.79 - - [01/Mar/2026:14:30:12 +0000] "GET /whsy.php?e=rt6_stats&p=/proc/7/net HTTP/1.1" 200 2527 "-" "Mozilla/5.0 AppleWebKit/537.36 (KHTML, like Gecko; compatible; Amazonbot/0.1; +https://developer.amazon.com/support/amazonbot) Chrome/119.0.6045.214 Safari/537.36"
74.7.242.50 - - [01/Mar/2026:14:30:12 +0000] "GET /whsy.php?e=arp_tables_targets&p=%2Fproc%2F11146%2Ftask%2F11158%2Fnet HTTP/2.0" 200 2468 "https://bespoketrading.com.lab2454.com/whsy.php?p=%2Fproc%2F11146%2Ftask%2F11158%2Fnet" "Mozilla/5.0 AppleWebKit/537.36 (KHTML, like Gecko; compatible; GPTBot/1.3; +https://openai.com/gptbot)"
147.135.214.166 - - [01/Mar/2026:14:30:12 +0000] "GET /whsy.php?p=/home/lab2454c/bancmils.com/vendor/theseer/.. HTTP/1.1" 200 1360 "-" "Mozilla/5.0 (compatible; MJ12bot/v1.4.8; http://mj12bot.com/)"
147.135.214.166 - - [01/Mar/2026:14:30:14 +0000] "GET /whsy.php?p=/home/lab2454c/dansact.com/wp-includes/Requests HTTP/1.1" 200 543 "-" "Mozilla/5.0 (compatible; MJ12bot/v1.4.8; http://mj12bot.com/)"
147.135.214.166 - - [01/Mar/2026:14:30:16 +0000] "GET /whsy.php?p=/home/lab2454c/dansact.com/wp-includes/SimplePie HTTP/1.1" 200 1361 "-" "Mozilla/5.0 (compatible; MJ12bot/v1.4.8; http://mj12bot.com/)"
184.73.195.18 - - [01/Mar/2026:14:30:16 +0000] "GET /whsy.php?e=ExecutableFinder.php&p=/home/lab2454c/vaultchip.com/vendor/symfony/process HTTP/1.1" 200 2035 "-" "Mozilla/5.0 AppleWebKit/537.36 (KHTML, like Gecko; compatible; Amazonbot/0.1; +https://developer.amazon.com/support/amazonbot) Chrome/119.0.6045.214 Safari/537.36"
74.7.227.139 - - [01/Mar/2026:14:30:17 +0000] "GET /whsy.php?e=ksm_merging_pages&p=%2Fproc%2F21334 HTTP/2.0" 200 978 "https://www.bespoketrading.com.lab2454.com/whsy.php?p=%2Fproc%2F21334" "Mozilla/5.0 AppleWebKit/537.36 (KHTML, like Gecko; compatible; GPTBot/1.3; +https://openai.com/gptbot)"
147.135.214.166 - - [01/Mar/2026:14:30:17 +0000] "GET /whsy.php?p=/home/lab2454c/gemiton.com/wp-includes/l10n HTTP/1.1" 200 825 "-" "Mozilla/5.0 (compatible; MJ12bot/v1.4.8; http://mj12bot.com/)"
147.135.214.166 - - [01/Mar/2026:14:30:19 +0000] "GET /whsy.php?p=/home/lab2454c/igpma.com/wp-includes/blocks HTTP/1.1" 200 3757 "-" "Mozilla/5.0 (compatible; MJ12bot/v1.4.8; http://mj12bot.com/)"
52.70.123.241 - - [01/Mar/2026:14:30:20 +0000] "GET /whsy.php?p=/home/lab2454c/credityorkgroup.com/storage/framework/cache/data/dc HTTP/1.1" 200 584 "-" "Mozilla/5.0 AppleWebKit/537.36 (KHTML, like Gecko; compatible; Amazonbot/0.1; +https://developer.amazon.com/support/amazonbot) Chrome/119.0.6045.214 Safari/537.36"
147.135.214.166 - - [01/Mar/2026:14:30:21 +0000] "GET /whsy.php?p=/home/lab2454c/igpma.com/wp-includes/style-engine HTTP/1.1" 200 925 "-" "Mozilla/5.0 (compatible; MJ12bot/v1.4.8; http://mj12bot.com/)"
147.135.214.166 - - [01/Mar/2026:14:30:22 +0000] "GET /whsy.php?p=/home/lab2454c/igpma.com/wp-includes/theme-compat HTTP/1.1" 200 1039 "-" "Mozilla/5.0 (compatible; MJ12bot/v1.4.8; http://mj12bot.com/)"
147.135.214.166 - - [01/Mar/2026:14:30:24 +0000] "GET /whsy.php?p=/home/lab2454c/incforce.com/wp-content/plugins/go-live-update-urls HTTP/1.1" 200 792 "-" "Mozilla/5.0 (compatible; MJ12bot/v1.4.8; http://mj12bot.com/)"
74.7.242.50 - - [01/Mar/2026:14:30:24 +0000] "GET /whsy.php?e=ip6_tables_matches&p=%2Fproc%2F11146%2Ftask%2F11252%2Fnet HTTP/2.0" 200 2466 "https://bespoketrading.com.lab2454.com/whsy.php?p=%2Fproc%2F11146%2Ftask%2F11252%2Fnet" "Mozilla/5.0 AppleWebKit/537.36 (KHTML, like Gecko; compatible; GPTBot/1.3; +https://openai.com/gptbot)"
184.73.239.35 - - [01/Mar/2026:14:30:25 +0000] "GET /whsy.php?e=media-utils.min.js&p=/home/lab2454c/baas.elementalrock.com/wp-includes/js/dist HTTP/1.1" 200 6785 "-" "Mozilla/5.0 AppleWebKit/537.36 (KHTML, like Gecko; compatible; Amazonbot/0.1; +https://developer.amazon.com/support/amazonbot) Chrome/119.0.6045.214 Safari/537.36"
147.135.214.166 - - [01/Mar/2026:14:30:26 +0000] "GET /whsy.php?p=/home/lab2454c/invest.credityork.com/wp-includes/.. HTTP/1.1" 200 1352 "-" "Mozilla/5.0 (compatible; MJ12bot/v1.4.8; http://mj12bot.com/)"
50.19.221.48 - - [01/Mar/2026:14:30:28 +0000] "GET /whsy.php?e=net-lib.sh&p=/usr/lib/dracut/modules.d/40network HTTP/1.1" 200 7739 "-" "Mozilla/5.0 AppleWebKit/537.36 (KHTML, like Gecko; compatible; Amazonbot/0.1; +https://developer.amazon.com/support/amazonbot) Chrome/119.0.6045.214 Safari/537.36"
147.135.214.166 - - [01/Mar/2026:14:30:28 +0000] "GET /whsy.php?p=/home/lab2454c/invest.credityork.com/wp-includes/ID3 HTTP/1.1" 200 1222 "-" "Mozilla/5.0 (compatible; MJ12bot/v1.4.8; http://mj12bot.com/)"
147.135.214.166 - - [01/Mar/2026:14:30:30 +0000] "GET /whsy.php?p=/home/lab2454c/invest.credityork.com/wp-includes/IXR HTTP/1.1" 200 990 "-" "Mozilla/5.0 (compatible; MJ12bot/v1.4.8; http://mj12bot.com/)"
147.135.214.166 - - [01/Mar/2026:14:30:31 +0000] "GET /whsy.php?p=/home/lab2454c/invest.credityork.com/wp-includes/PHPMailer HTTP/1.1" 200 775 "-" "Mozilla/5.0 (compatible; MJ12bot/v1.4.8; http://mj12bot.com/)"
52.205.141.124 - - [01/Mar/2026:14:30:32 +0000] "GET /whsy.php?e=ec.svg&p=/home/lab2454c/vaultchip.com/vendor/botble/platform/base/public/images/flags HTTP/1.1" 200 13787 "-" "Mozilla/5.0 AppleWebKit/537.36 (KHTML, like Gecko; compatible; Amazonbot/0.1; +https://developer.amazon.com/support/amazonbot) Chrome/119.0.6045.214 Safari/537.36"
147.135.214.166 - - [01/Mar/2026:14:30:33 +0000] "GET /whsy.php?p=/home/lab2454c/invest.credityork.com/wp-includes/Text HTTP/1.1" 200 713 "-" "Mozilla/5.0 (compatible; MJ12bot/v1.4.8; http://mj12bot.com/)"
74.7.227.139 - - [01/Mar/2026:14:30:33 +0000] "GET /whsy.php?e=ksm_merging_pages&p=%2Fproc%2F10811 HTTP/2.0" 200 978 "https://www.bespoketrading.com.lab2454.com/whsy.php?p=%2Fproc%2F10811" "Mozilla/5.0 AppleWebKit/537.36 (KHTML, like Gecko; compatible; GPTBot/1.3; +https://openai.com/gptbot)"
147.135.214.166 - - [01/Mar/2026:14:30:34 +0000] "GET /whsy.php?p=/home/lab2454c/invest.credityork.com/wp-includes/assets HTTP/1.1" 200 866 "-" "Mozilla/5.0 (compatible; MJ12bot/v1.4.8; http://mj12bot.com/)"
23.21.119.232 - - [01/Mar/2026:14:30:36 +0000] "GET /whsy.php?e=d430-unix-w-ccc&p=/usr/share/terminfo/d HTTP/1.1" 200 8080 "-" "Mozilla/5.0 AppleWebKit/537.36 (KHTML, like Gecko; compatible; Amazonbot/0.1; +https://developer.amazon.com/support/amazonbot) Chrome/119.0.6045.214 Safari/537.36"
147.135.214.166 - - [01/Mar/2026:14:30:36 +0000] "GET /whsy.php?p=/home/lab2454c/invest.credityork.com/wp-includes/block-bindings HTTP/1.1" 200 753 "-" "Mozilla/5.0 (compatible; MJ12bot/v1.4.8; http://mj12bot.com/)"
74.7.242.50 - - [01/Mar/2026:14:30:37 +0000] "GET /whsy.php?e=ip_tables_targets&p=%2Fproc%2F11146%2Ftask%2F11234%2Fnet HTTP/2.0" 200 2466 "https://bespoketrading.com.lab2454.com/whsy.php?p=%2Fproc%2F11146%2Ftask%2F11234%2Fnet" "Mozilla/5.0 AppleWebKit/537.36 (KHTML, like Gecko; compatible; GPTBot/1.3; +https://openai.com/gptbot)"
74.7.228.16 - - [01/Mar/2026:14:30:37 +0000] "GET /robots.txt HTTP/2.0" 404 - "-" "Mozilla/5.0 (Macintosh; Intel Mac OS X 10_15_7) AppleWebKit/537.36 (KHTML, like Gecko) Chrome/131.0.0.0 Safari/537.36; compatible; OAI-SearchBot/1.3; robots.txt; +https://openai.com/searchbot"
147.135.214.166 - - [01/Mar/2026:14:30:38 +0000] "GET /whsy.php?p=/home/lab2454c/invest.credityork.com/wp-includes/block-patterns HTTP/1.1" 200 936 "-" "Mozilla/5.0 (compatible; MJ12bot/v1.4.8; http://mj12bot.com/)"
147.135.214.166 - - [01/Mar/2026:14:30:40 +0000] "GET /whsy.php?p=/home/lab2454c/invest.credityork.com/wp-includes/block-supports HTTP/1.1" 200 1158 "-" "Mozilla/5.0 (compatible; MJ12bot/v1.4.8; http://mj12bot.com/)"
44.210.204.255 - - [01/Mar/2026:14:30:40 +0000] "GET /whsy.php?e=Helvetica-BoldOblique.afm&p=/home/lab2454c/crypto.keyreum.com/vendor/dompdf/dompdf/lib/fonts HTTP/1.1" 200 15476 "-" "Mozilla/5.0 AppleWebKit/537.36 (KHTML, like Gecko; compatible; Amazonbot/0.1; +https://developer.amazon.com/support/amazonbot) Chrome/119.0.6045.214 Safari/537.36"
147.135.214.166 - - [01/Mar/2026:14:30:41 +0000] "GET /whsy.php?p=/home/lab2454c/invest.credityork.com/wp-includes/blocks HTTP/1.1" 200 3680 "-" "Mozilla/5.0 (compatible; MJ12bot/v1.4.8; http://mj12bot.com/)"
147.135.214.166 - - [01/Mar/2026:14:30:43 +0000] "GET /whsy.php?p=/home/lab2454c/invest.credityork.com/wp-includes/certificates HTTP/1.1" 200 710 "-" "Mozilla/5.0 (compatible; MJ12bot/v1.4.8; http://mj12bot.com/)"
52.203.152.231 - - [01/Mar/2026:14:30:44 +0000] "GET /whsy.php?p=/home/lab2454c/bullionmills.com/wp-content/plugins/wpforms-lite/vendor/symfony/css-selector/Parser/Shortcut/.. HTTP/1.1" 200 939 "-" "Mozilla/5.0 AppleWebKit/537.36 (KHTML, like Gecko; compatible; Amazonbot/0.1; +https://developer.amazon.com/support/amazonbot) Chrome/119.0.6045.214 Safari/537.36"
147.135.214.166 - - [01/Mar/2026:14:30:45 +0000] "GET /whsy.php?p=/home/lab2454c/invest.credityork.com/wp-includes/css HTTP/1.1" 200 1715 "-" "Mozilla/5.0 (compatible; MJ12bot/v1.4.8; http://mj12bot.com/)"
74.7.227.139 - - [01/Mar/2026:14:30:45 +0000] "GET /whsy.php?e=ksm_merging_pages&p=%2Fproc%2F27565 HTTP/2.0" 200 1936 "https://www.bespoketrading.com.lab2454.com/whsy.php?p=%2Fproc%2F27565" "Mozilla/5.0 AppleWebKit/537.36 (KHTML, like Gecko; compatible; GPTBot/1.3; +https://openai.com/gptbot)"
147.135.214.166 - - [01/Mar/2026:14:30:46 +0000] "GET /whsy.php?p=/home/lab2454c/invest.credityork.com/wp-includes/customize HTTP/1.1" 200 1751 "-" "Mozilla/5.0 (compatible; MJ12bot/v1.4.8; http://mj12bot.com/)"
74.7.242.50 - - [01/Mar/2026:14:30:48 +0000] "GET /whsy.php?e=ip_tables_matches&p=%2Fproc%2F11146%2Ftask%2F11162%2Fnet HTTP/2.0" 200 2465 "https://bespoketrading.com.lab2454.com/whsy.php?p=%2Fproc%2F11146%2Ftask%2F11162%2Fnet" "Mozilla/5.0 AppleWebKit/537.36 (KHTML, like Gecko; compatible; GPTBot/1.3; +https://openai.com/gptbot)"
35.169.119.108 - - [01/Mar/2026:14:30:48 +0000] "GET /whsy.php?e=d400-dg&p=/usr/share/terminfo/d HTTP/1.1" 200 8075 "-" "Mozilla/5.0 AppleWebKit/537.36 (KHTML, like Gecko; compatible; Amazonbot/0.1; +https://developer.amazon.com/support/amazonbot) Chrome/119.0.6045.214 Safari/537.36"
147.135.214.166 - - [01/Mar/2026:14:30:48 +0000] "GET /whsy.php?p=/home/lab2454c/invest.credityork.com/wp-includes/fonts HTTP/1.1" 200 990 "-" "Mozilla/5.0 (compatible; MJ12bot/v1.4.8; http://mj12bot.com/)"
147.135.214.166 - - [01/Mar/2026:14:30:50 +0000] "GET /whsy.php?p=/home/lab2454c/invest.credityork.com/wp-includes/html-api HTTP/1.1" 200 1015 "-" "Mozilla/5.0 (compatible; MJ12bot/v1.4.8; http://mj12bot.com/)"
147.135.214.166 - - [01/Mar/2026:14:30:51 +0000] "GET /whsy.php?p=/home/lab2454c/invest.credityork.com/wp-includes/images HTTP/1.1" 200 1425 "-" "Mozilla/5.0 (compatible; MJ12bot/v1.4.8; http://mj12bot.com/)"
34.194.226.74 - - [01/Mar/2026:14:30:52 +0000] "GET /whsy.php?e=projid_map&p=/proc/36 HTTP/1.1" 200 2023 "-" "Mozilla/5.0 AppleWebKit/537.36 (KHTML, like Gecko; compatible; Amazonbot/0.1; +https://developer.amazon.com/support/amazonbot) Chrome/119.0.6045.214 Safari/537.36"
147.135.214.166 - - [01/Mar/2026:14:30:53 +0000] "GET /whsy.php?p=/home/lab2454c/invest.credityork.com/wp-includes/interactivity-api HTTP/1.1" 200 793 "-" "Mozilla/5.0 (compatible; MJ12bot/v1.4.8; http://mj12bot.com/)"
147.135.214.166 - - [01/Mar/2026:14:30:55 +0000] "GET /whsy.php?p=/home/lab2454c/invest.credityork.com/wp-includes/js HTTP/1.1" 200 3614 "-" "Mozilla/5.0 (compatible; MJ12bot/v1.4.8; http://mj12bot.com/)"
107.20.181.148 - - [01/Mar/2026:14:30:56 +0000] "GET /whsy.php?p=/home/lab2454c/mact34.com/wp-content/plugins/updraftplus/images HTTP/1.1" 200 1599 "-" "Mozilla/5.0 AppleWebKit/537.36 (KHTML, like Gecko; compatible; Amazonbot/0.1; +https://developer.amazon.com/support/amazonbot) Chrome/119.0.6045.214 Safari/537.36"
147.135.214.166 - - [01/Mar/2026:14:30:56 +0000] "GET /whsy.php?p=/home/lab2454c/invest.credityork.com/wp-includes/l10n HTTP/1.1" 200 832 "-" "Mozilla/5.0 (compatible; MJ12bot/v1.4.8; http://mj12bot.com/)"
74.7.227.139 - - [01/Mar/2026:14:30:57 +0000] "GET /whsy.php?e=ksm_merging_pages&p=%2Fproc%2F15218 HTTP/2.0" 200 978 "https://www.bespoketrading.com.lab2454.com/whsy.php?p=%2Fproc%2F15218" "Mozilla/5.0 AppleWebKit/537.36 (KHTML, like Gecko; compatible; GPTBot/1.3; +https://openai.com/gptbot)"
147.135.214.166 - - [01/Mar/2026:14:30:58 +0000] "GET /whsy.php?p=/home/lab2454c/invest.credityork.com/wp-includes/php-compat HTTP/1.1" 200 708 "-" "Mozilla/5.0 (compatible; MJ12bot/v1.4.8; http://mj12bot.com/)"
147.135.214.166 - - [01/Mar/2026:14:31:00 +0000] "GET /whsy.php?p=/home/lab2454c/invest.credityork.com/wp-includes/pomo HTTP/1.1" 200 848 "-" "Mozilla/5.0 (compatible; MJ12bot/v1.4.8; http://mj12bot.com/)"
3.230.224.6 - - [01/Mar/2026:14:31:00 +0000] "GET /whsy.php?e=wp-polyfill-dom-rect.min.js&p=/home/lab2454c/carbonbullionexchange.com/wp-includes/js/dist/vendor HTTP/1.1" 200 1915 "-" "Mozilla/5.0 AppleWebKit/537.36 (KHTML, like Gecko; compatible; Amazonbot/0.1; +https://developer.amazon.com/support/amazonbot) Chrome/119.0.6045.214 Safari/537.36"
147.135.214.166 - - [01/Mar/2026:14:31:02 +0000] "GET /whsy.php?p=/home/lab2454c/invest.credityork.com/wp-includes/rest-api HTTP/1.1" 200 822 "-" "Mozilla/5.0 (compatible; MJ12bot/v1.4.8; http://mj12bot.com/)"
147.135.214.166 - - [01/Mar/2026:14:31:03 +0000] "GET /whsy.php?p=/home/lab2454c/invest.credityork.com/wp-includes/sitemaps HTTP/1.1" 200 876 "-" "Mozilla/5.0 (compatible; MJ12bot/v1.4.8; http://mj12bot.com/)"
3.226.34.98 - - [01/Mar/2026:14:31:04 +0000] "GET /whsy.php?p=/usr/share/locale/gd HTTP/1.1" 200 513 "-" "Mozilla/5.0 AppleWebKit/537.36 (KHTML, like Gecko; compatible; Amazonbot/0.1; +https://developer.amazon.com/support/amazonbot) Chrome/119.0.6045.214 Safari/537.36"
74.7.242.50 - - [01/Mar/2026:14:31:05 +0000] "GET /whsy.php?e=ip6_tables_targets&p=%2Fproc%2F11146%2Ftask%2F11252%2Fnet HTTP/2.0" 200 2466 "https://bespoketrading.com.lab2454.com/whsy.php?p=%2Fproc%2F11146%2Ftask%2F11252%2Fnet" "Mozilla/5.0 AppleWebKit/537.36 (KHTML, like Gecko; compatible; GPTBot/1.3; +https://openai.com/gptbot)"
147.135.214.166 - - [01/Mar/2026:14:31:05 +0000] "GET /whsy.php?p=/home/lab2454c/invest.credityork.com/wp-includes/sodium_compat HTTP/1.1" 200 841 "-" "Mozilla/5.0 (compatible; MJ12bot/v1.4.8; http://mj12bot.com/)"
147.135.214.166 - - [01/Mar/2026:14:31:07 +0000] "GET /whsy.php?p=/home/lab2454c/invest.credityork.com/wp-includes/style-engine HTTP/1.1" 200 839 "-" "Mozilla/5.0 (compatible; MJ12bot/v1.4.8; http://mj12bot.com/)"
50.16.216.166 - - [01/Mar/2026:14:31:08 +0000] "GET /whsy.php?e=util.py&p=/opt/alt/python-internal/lib64/python3.11/multiprocessing HTTP/1.1" 200 5953 "-" "Mozilla/5.0 AppleWebKit/537.36 (KHTML, like Gecko; compatible; Amazonbot/0.1; +https://developer.amazon.com/support/amazonbot) Chrome/119.0.6045.214 Safari/537.36"
147.135.214.166 - - [01/Mar/2026:14:31:08 +0000] "GET /whsy.php?p=/home/lab2454c/invest.credityork.com/wp-includes/theme-compat HTTP/1.1" 200 931 "-" "Mozilla/5.0 (compatible; MJ12bot/v1.4.8; http://mj12bot.com/)"
147.135.214.166 - - [01/Mar/2026:14:31:10 +0000] "GET /whsy.php?p=/home/lab2454c/invest.equitablebarter.com/.well-known/pki-validation/.. HTTP/1.1" 200 751 "-" "Mozilla/5.0 (compatible; MJ12bot/v1.4.8; http://mj12bot.com/)"
147.135.214.166 - - [01/Mar/2026:14:31:12 +0000] "GET /whsy.php?p=/home/lab2454c/invest.equitablebarter.com/wp-content/ai1wm-backups/.. HTTP/1.1" 200 967 "-" "Mozilla/5.0 (compatible; MJ12bot/v1.4.8; http://mj12bot.com/)"
54.84.250.51 - - [01/Mar/2026:14:31:12 +0000] "GET /whsy.php?e=nf_log&p=/proc/43/net/netfilter HTTP/1.1" 200 883 "-" "Mozilla/5.0 AppleWebKit/537.36 (KHTML, like Gecko; compatible; Amazonbot/0.1; +https://developer.amazon.com/support/amazonbot) Chrome/119.0.6045.214 Safari/537.36"
147.135.214.166 - - [01/Mar/2026:14:31:14 +0000] "GET /whsy.php?p=/home/lab2454c/invest.equitablebarter.com/wp-content/maintenance/.. HTTP/1.1" 200 967 "-" "Mozilla/5.0 (compatible; MJ12bot/v1.4.8; http://mj12bot.com/)"
74.7.227.139 - - [01/Mar/2026:14:31:15 +0000] "GET /whsy.php?e=ksm_merging_pages&p=%2Fproc%2F32630 HTTP/2.0" 200 978 "https://www.bespoketrading.com.lab2454.com/whsy.php?p=%2Fproc%2F32630" "Mozilla/5.0 AppleWebKit/537.36 (KHTML, like Gecko; compatible; GPTBot/1.3; +https://openai.com/gptbot)"
147.135.214.166 - - [01/Mar/2026:14:31:15 +0000] "GET /whsy.php?p=/home/lab2454c/invest.equitablebarter.com/wp-content/maintenance/assets HTTP/1.1" 200 812 "-" "Mozilla/5.0 (compatible; MJ12bot/v1.4.8; http://mj12bot.com/)"
54.243.63.52 - - [01/Mar/2026:14:31:16 +0000] "GET /whsy.php?e=parse-ccw.sh&p=/usr/lib/dracut/modules.d/95znet HTTP/1.1" 200 1250 "-" "Mozilla/5.0 AppleWebKit/537.36 (KHTML, like Gecko; compatible; Amazonbot/0.1; +https://developer.amazon.com/support/amazonbot) Chrome/119.0.6045.214 Safari/537.36"
147.135.214.166 - - [01/Mar/2026:14:31:17 +0000] "GET /whsy.php?p=/home/lab2454c/invest.equitablebarter.com/wp-content/plugins/.. HTTP/1.1" 200 967 "-" "Mozilla/5.0 (compatible; MJ12bot/v1.4.8; http://mj12bot.com/)"
147.135.214.166 - - [01/Mar/2026:14:31:18 +0000] "GET /whsy.php?p=/home/lab2454c/invest.equitablebarter.com/wp-content/plugins/advanced-custom-fields HTTP/1.1" 200 877 "-" "Mozilla/5.0 (compatible; MJ12bot/v1.4.8; http://mj12bot.com/)"
74.7.242.50 - - [01/Mar/2026:14:31:20 +0000] "GET /whsy.php?e=ip_tables_targets&p=%2Fproc%2F11146%2Ftask%2F11233%2Fnet HTTP/2.0" 200 2466 "https://bespoketrading.com.lab2454.com/whsy.php?p=%2Fproc%2F11146%2Ftask%2F11233%2Fnet" "Mozilla/5.0 AppleWebKit/537.36 (KHTML, like Gecko; compatible; GPTBot/1.3; +https://openai.com/gptbot)"
3.214.176.44 - - [01/Mar/2026:14:31:20 +0000] "GET /whsy.php?p=/home/lab2454c/bancmils.com/storage/framework/cache/data/26/.. HTTP/1.1" 200 2093 "-" "Mozilla/5.0 AppleWebKit/537.36 (KHTML, like Gecko; compatible; Amazonbot/0.1; +https://developer.amazon.com/support/amazonbot) Chrome/119.0.6045.214 Safari/537.36"
147.135.214.166 - - [01/Mar/2026:14:31:20 +0000] "GET /whsy.php?p=/home/lab2454c/invest.equitablebarter.com/wp-content/plugins/akismet HTTP/1.1" 200 1163 "-" "Mozilla/5.0 (compatible; MJ12bot/v1.4.8; http://mj12bot.com/)"
147.135.214.166 - - [01/Mar/2026:14:31:22 +0000] "GET /whsy.php?p=/home/lab2454c/invest.equitablebarter.com/wp-content/plugins/all-in-one-wp-migration-master HTTP/1.1" 200 1107 "-" "Mozilla/5.0 (compatible; MJ12bot/v1.4.8; http://mj12bot.com/)"
147.135.214.166 - - [01/Mar/2026:14:31:23 +0000] "GET /whsy.php?p=/home/lab2454c/invest.equitablebarter.com/wp-content/plugins/bnfw HTTP/1.1" 200 840 "-" "Mozilla/5.0 (compatible; MJ12bot/v1.4.8; http://mj12bot.com/)"
98.84.70.201 - - [01/Mar/2026:14:31:25 +0000] "GET /whsy.php?e=NEWS&p=/usr/share/doc/cpanel-dovecot-2.3.21.1 HTTP/1.1" 200 99121 "-" "Mozilla/5.0 AppleWebKit/537.36 (KHTML, like Gecko; compatible; Amazonbot/0.1; +https://developer.amazon.com/support/amazonbot) Chrome/119.0.6045.214 Safari/537.36"
147.135.214.166 - - [01/Mar/2026:14:31:25 +0000] "GET /whsy.php?p=/home/lab2454c/invest.equitablebarter.com/wp-content/plugins/classic-editor HTTP/1.1" 200 842 "-" "Mozilla/5.0 (compatible; MJ12bot/v1.4.8; http://mj12bot.com/)"
74.7.227.139 - - [01/Mar/2026:14:31:25 +0000] "GET /whsy.php?e=ksm_merging_pages&p=%2Fproc%2F24336 HTTP/2.0" 200 978 "https://www.bespoketrading.com.lab2454.com/whsy.php?p=%2Fproc%2F24336" "Mozilla/5.0 AppleWebKit/537.36 (KHTML, like Gecko; compatible; GPTBot/1.3; +https://openai.com/gptbot)"
147.135.214.166 - - [01/Mar/2026:14:31:27 +0000] "GET /whsy.php?p=/home/lab2454c/invest.equitablebarter.com/wp-content/plugins/contact-form-7 HTTP/1.1" 200 947 "-" "Mozilla/5.0 (compatible; MJ12bot/v1.4.8; http://mj12bot.com/)"
34.238.45.183 - - [01/Mar/2026:14:31:28 +0000] "GET /whsy.php?e=control-type-code.php&p=/home/lab2454c/aficbgroup.com/wp-content/plugins/elementskit-lite/modules/widget-builder/controls HTTP/1.1" 200 2150 "-" "Mozilla/5.0 AppleWebKit/537.36 (KHTML, like Gecko; compatible; Amazonbot/0.1; +https://developer.amazon.com/support/amazonbot) Chrome/119.0.6045.214 Safari/537.36"
147.135.214.166 - - [01/Mar/2026:14:31:29 +0000] "GET /whsy.php?p=/home/lab2454c/invest.equitablebarter.com/wp-content/plugins/elementor HTTP/1.1" 200 873 "-" "Mozilla/5.0 (compatible; MJ12bot/v1.4.8; http://mj12bot.com/)"
74.7.242.50 - - [01/Mar/2026:14:31:29 +0000] "GET /whsy.php?e=ip_tables_targets&p=%2Fproc%2F11146%2Ftask%2F11232%2Fnet HTTP/2.0" 200 2466 "https://bespoketrading.com.lab2454.com/whsy.php?p=%2Fproc%2F11146%2Ftask%2F11232%2Fnet" "Mozilla/5.0 AppleWebKit/537.36 (KHTML, like Gecko; compatible; GPTBot/1.3; +https://openai.com/gptbot)"
147.135.214.166 - - [01/Mar/2026:14:31:30 +0000] "GET /whsy.php?p=/home/lab2454c/invest.equitablebarter.com/wp-content/plugins/elementor-pro HTTP/1.1" 200 957 "-" "Mozilla/5.0 (compatible; MJ12bot/v1.4.8; http://mj12bot.com/)"
147.135.214.166 - - [01/Mar/2026:14:31:32 +0000] "GET /whsy.php?p=/home/lab2454c/invest.equitablebarter.com/wp-content/plugins/elementskit-lite HTTP/1.1" 200 960 "-" "Mozilla/5.0 (compatible; MJ12bot/v1.4.8; http://mj12bot.com/)"
44.209.89.189 - - [01/Mar/2026:14:31:32 +0000] "GET /whsy.php?e=et.svg&p=/home/lab2454c/vaultchip.com/vendor/botble/platform/base/public/images/flags HTTP/1.1" 200 7104 "-" "Mozilla/5.0 AppleWebKit/537.36 (KHTML, like Gecko; compatible; Amazonbot/0.1; +https://developer.amazon.com/support/amazonbot) Chrome/119.0.6045.214 Safari/537.36"
147.135.214.166 - - [01/Mar/2026:14:31:34 +0000] "GET /whsy.php?p=/home/lab2454c/invest.equitablebarter.com/wp-content/plugins/go-live-update-urls HTTP/1.1" 200 838 "-" "Mozilla/5.0 (compatible; MJ12bot/v1.4.8; http://mj12bot.com/)"
74.7.227.139 - - [01/Mar/2026:14:31:35 +0000] "GET /whsy.php?e=ksm_merging_pages&p=%2Fproc%2F28994 HTTP/2.0" 200 978 "https://www.bespoketrading.com.lab2454.com/whsy.php?p=%2Fproc%2F28994" "Mozilla/5.0 AppleWebKit/537.36 (KHTML, like Gecko; compatible; GPTBot/1.3; +https://openai.com/gptbot)"
147.135.214.166 - - [01/Mar/2026:14:31:36 +0000] "GET /whsy.php?p=/home/lab2454c/invest.equitablebarter.com/wp-content/plugins/investments HTTP/1.1" 200 755 "-" "Mozilla/5.0 (compatible; MJ12bot/v1.4.8; http://mj12bot.com/)"
54.209.100.30 - - [01/Mar/2026:14:31:36 +0000] "GET /whsy.php?p=/home/lab2454c/baas.elementalrock.com/wp-includes/css/dist/block-editor HTTP/1.1" 200 921 "-" "Mozilla/5.0 AppleWebKit/537.36 (KHTML, like Gecko; compatible; Amazonbot/0.1; +https://developer.amazon.com/support/amazonbot) Chrome/119.0.6045.214 Safari/537.36"
147.135.214.166 - - [01/Mar/2026:14:31:37 +0000] "GET /whsy.php?p=/home/lab2454c/invest.equitablebarter.com/wp-content/plugins/portfolio HTTP/1.1" 200 1266 "-" "Mozilla/5.0 (compatible; MJ12bot/v1.4.8; http://mj12bot.com/)"
74.7.242.50 - - [01/Mar/2026:14:31:39 +0000] "GET /whsy.php?e=ip_tables_matches&p=%2Fproc%2F11146%2Ftask%2F11161%2Fnet HTTP/2.0" 200 2465 "https://bespoketrading.com.lab2454.com/whsy.php?p=%2Fproc%2F11146%2Ftask%2F11161%2Fnet" "Mozilla/5.0 AppleWebKit/537.36 (KHTML, like Gecko; compatible; GPTBot/1.3; +https://openai.com/gptbot)"
147.135.214.166 - - [01/Mar/2026:14:31:40 +0000] "GET /whsy.php?p=/home/lab2454c/invest.equitablebarter.com/wp-content/plugins/wp-user-frontend HTTP/1.1" 200 984 "-" "Mozilla/5.0 (compatible; MJ12bot/v1.4.8; http://mj12bot.com/)"
34.227.156.153 - - [01/Mar/2026:14:31:40 +0000] "GET /whsy.php?p=/usr/share/nano/man-html/fr/.. HTTP/1.1" 200 729 "-" "Mozilla/5.0 AppleWebKit/537.36 (KHTML, like Gecko; compatible; Amazonbot/0.1; +https://developer.amazon.com/support/amazonbot) Chrome/119.0.6045.214 Safari/537.36"
147.135.214.166 - - [01/Mar/2026:14:31:42 +0000] "GET /whsy.php?p=/home/lab2454c/invest.equitablebarter.com/wp-content/plugins/wp-user-frontend-pro HTTP/1.1" 200 982 "-" "Mozilla/5.0 (compatible; MJ12bot/v1.4.8; http://mj12bot.com/)"
147.135.214.166 - - [01/Mar/2026:14:31:43 +0000] "GET /whsy.php?p=/home/lab2454c/invest.equitablebarter.com/wp-content/themes/.. HTTP/1.1" 200 967 "-" "Mozilla/5.0 (compatible; MJ12bot/v1.4.8; http://mj12bot.com/)"
147.135.214.166 - - [01/Mar/2026:14:31:45 +0000] "GET /whsy.php?p=/home/lab2454c/invest.equitablebarter.com/wp-content/themes/hello-elementor HTTP/1.1" 200 1270 "-" "Mozilla/5.0 (compatible; MJ12bot/v1.4.8; http://mj12bot.com/)"
147.135.214.166 - - [01/Mar/2026:14:31:46 +0000] "GET /whsy.php?p=/home/lab2454c/invest.equitablebarter.com/wp-content/themes/hello-theme-child-master HTTP/1.1" 200 991 "-" "Mozilla/5.0 (compatible; MJ12bot/v1.4.8; http://mj12bot.com/)"
44.210.204.255 - - [01/Mar/2026:14:31:48 +0000] "GET /whsy.php?e=module-setup.sh&p=/usr/lib/dracut/modules.d/90dmsquash-live-ntfs HTTP/1.1" 200 912 "-" "Mozilla/5.0 AppleWebKit/537.36 (KHTML, like Gecko; compatible; Amazonbot/0.1; +https://developer.amazon.com/support/amazonbot) Chrome/119.0.6045.214 Safari/537.36"
147.135.214.166 - - [01/Mar/2026:14:31:48 +0000] "GET /whsy.php?p=/home/lab2454c/invest.equitablebarter.com/wp-content/themes/twentynineteen HTTP/1.1" 200 1594 "-" "Mozilla/5.0 (compatible; MJ12bot/v1.4.8; http://mj12bot.com/)"
34.233.114.237 - - [01/Mar/2026:14:31:48 +0000] "GET /whsy.php?p=/home/lab2454c/crypto.keyreum.com/platform/packages/menu/src/Commands HTTP/1.1" 200 744 "-" "Mozilla/5.0 AppleWebKit/537.36 (KHTML, like Gecko; compatible; Amazonbot/0.1; +https://developer.amazon.com/support/amazonbot) Chrome/119.0.6045.214 Safari/537.36"
147.135.214.166 - - [01/Mar/2026:14:31:50 +0000] "GET /whsy.php?p=/home/lab2454c/invest.equitablebarter.com/wp-content/themes/twentytwenty HTTP/1.1" 200 1265 "-" "Mozilla/5.0 (compatible; MJ12bot/v1.4.8; http://mj12bot.com/)"
147.135.214.166 - - [01/Mar/2026:14:31:51 +0000] "GET /whsy.php?p=/home/lab2454c/invest.equitablebarter.com/wp-content/themes/twentytwentyfour HTTP/1.1" 200 953 "-" "Mozilla/5.0 (compatible; MJ12bot/v1.4.8; http://mj12bot.com/)"
74.7.227.139 - - [01/Mar/2026:14:31:46 +0000] "GET /whsy.php?e=ksm_merging_pages&p=%2Fproc%2F26675 HTTP/2.0" 200 1981 "https://www.bespoketrading.com.lab2454.com/whsy.php?p=%2Fproc%2F26675" "Mozilla/5.0 AppleWebKit/537.36 (KHTML, like Gecko; compatible; GPTBot/1.3; +https://openai.com/gptbot)"
34.227.234.246 - - [01/Mar/2026:14:31:52 +0000] "GET /whsy.php?e=content&p=/proc/18/net/rpc/nfs4.nametoid HTTP/1.1" 200 740 "-" "Mozilla/5.0 AppleWebKit/537.36 (KHTML, like Gecko; compatible; Amazonbot/0.1; +https://developer.amazon.com/support/amazonbot) Chrome/119.0.6045.214 Safari/537.36"
147.135.214.166 - - [01/Mar/2026:14:31:53 +0000] "GET /whsy.php?p=/home/lab2454c/invest.equitablebarter.com/wp-content/themes/twentytwentyone HTTP/1.1" 200 1445 "-" "Mozilla/5.0 (compatible; MJ12bot/v1.4.8; http://mj12bot.com/)"
147.135.214.166 - - [01/Mar/2026:14:31:54 +0000] "GET /whsy.php?p=/home/lab2454c/invest.equitablebarter.com/wp-content/themes/twentytwentythree HTTP/1.1" 200 961 "-" "Mozilla/5.0 (compatible; MJ12bot/v1.4.8; http://mj12bot.com/)"
44.215.235.20 - - [01/Mar/2026:14:31:56 +0000] "GET /whsy.php?p=/opt/cpanel/ea-php70/root/etc/xdg/autostart/.. HTTP/1.1" 200 529 "-" "Mozilla/5.0 AppleWebKit/537.36 (KHTML, like Gecko; compatible; Amazonbot/0.1; +https://developer.amazon.com/support/amazonbot) Chrome/119.0.6045.214 Safari/537.36"
147.135.214.166 - - [01/Mar/2026:14:31:56 +0000] "GET /whsy.php?p=/home/lab2454c/invest.equitablebarter.com/wp-content/themes/twentytwentytwo HTTP/1.1" 200 976 "-" "Mozilla/5.0 (compatible; MJ12bot/v1.4.8; http://mj12bot.com/)"
147.135.214.166 - - [01/Mar/2026:14:31:58 +0000] "GET /whsy.php?p=/home/lab2454c/invest.equitablebarter.com/wp-content/upgrade/.. HTTP/1.1" 200 967 "-" "Mozilla/5.0 (compatible; MJ12bot/v1.4.8; http://mj12bot.com/)"
147.135.214.166 - - [01/Mar/2026:14:32:00 +0000] "GET /whsy.php?p=/home/lab2454c/invest.equitablebarter.com/wp-content/uploads/.. HTTP/1.1" 200 967 "-" "Mozilla/5.0 (compatible; MJ12bot/v1.4.8; http://mj12bot.com/)"
44.212.232.231 - - [01/Mar/2026:14:32:00 +0000] "GET /whsy.php?p=/home/lab2454c/aficb.com/storage/framework/cache/data/be/bc HTTP/1.1" 200 762 "-" "Mozilla/5.0 AppleWebKit/537.36 (KHTML, like Gecko; compatible; Amazonbot/0.1; +https://developer.amazon.com/support/amazonbot) Chrome/119.0.6045.214 Safari/537.36"
147.135.214.166 - - [01/Mar/2026:14:32:02 +0000] "GET /whsy.php?p=/home/lab2454c/invest.equitablebarter.com/wp-content/uploads/2021 HTTP/1.1" 200 742 "-" "Mozilla/5.0 (compatible; MJ12bot/v1.4.8; http://mj12bot.com/)"
74.7.242.50 - - [01/Mar/2026:14:32:02 +0000] "GET /whsy.php?e=ip6_tables_matches&p=%2Fproc%2F11146%2Ftask%2F11162%2Fnet HTTP/2.0" 200 2465 "https://bespoketrading.com.lab2454.com/whsy.php?p=%2Fproc%2F11146%2Ftask%2F11162%2Fnet" "Mozilla/5.0 AppleWebKit/537.36 (KHTML, like Gecko; compatible; GPTBot/1.3; +https://openai.com/gptbot)"
147.135.214.166 - - [01/Mar/2026:14:32:04 +0000] "GET /whsy.php?p=/home/lab2454c/invest.equitablebarter.com/wp-content/uploads/2023 HTTP/1.1" 200 783 "-" "Mozilla/5.0 (compatible; MJ12bot/v1.4.8; http://mj12bot.com/)"
52.73.6.26 - - [01/Mar/2026:14:32:05 +0000] "GET /whsy.php?e=COPYING&p=/usr/share/licenses/gmp-6.0.0 HTTP/1.1" 200 13115 "-" "Mozilla/5.0 AppleWebKit/537.36 (KHTML, like Gecko; compatible; Amazonbot/0.1; +https://developer.amazon.com/support/amazonbot) Chrome/119.0.6045.214 Safari/537.36"
147.135.214.166 - - [01/Mar/2026:14:32:05 +0000] "GET /whsy.php?p=/home/lab2454c/invest.equitablebarter.com/wp-content/uploads/elementor HTTP/1.1" 200 728 "-" "Mozilla/5.0 (compatible; MJ12bot/v1.4.8; http://mj12bot.com/)"
147.135.214.166 - - [01/Mar/2026:14:32:07 +0000] "GET /whsy.php?p=/home/lab2454c/invest.equitablebarter.com/wp-content/uploads/wc-logs HTTP/1.1" 200 754 "-" "Mozilla/5.0 (compatible; MJ12bot/v1.4.8; http://mj12bot.com/)"
147.135.214.166 - - [01/Mar/2026:14:32:09 +0000] "GET /whsy.php?p=/home/lab2454c/invest.equitablebarter.com/wp-content/uploads/woocommerce_uploads HTTP/1.1" 200 759 "-" "Mozilla/5.0 (compatible; MJ12bot/v1.4.8; http://mj12bot.com/)"
34.225.24.180 - - [01/Mar/2026:14:32:09 +0000] "GET /whsy.php?e=style-rtl.min.css&p=/home/lab2454c/crypthorize.net/wp-includes/css/dist/patterns HTTP/1.1" 200 1347 "-" "Mozilla/5.0 AppleWebKit/537.36 (KHTML, like Gecko; compatible; Amazonbot/0.1; +https://developer.amazon.com/support/amazonbot) Chrome/119.0.6045.214 Safari/537.36"
74.7.227.139 - - [01/Mar/2026:14:32:09 +0000] "GET /whsy.php?e=ksm_merging_pages&p=%2Fproc%2F13432 HTTP/2.0" 200 978 "https://www.bespoketrading.com.lab2454.com/whsy.php?p=%2Fproc%2F13432" "Mozilla/5.0 AppleWebKit/537.36 (KHTML, like Gecko; compatible; GPTBot/1.3; +https://openai.com/gptbot)"
147.135.214.166 - - [01/Mar/2026:14:32:10 +0000] "GET /whsy.php?p=/home/lab2454c/invest.equitablebarter.com/wp-content/uploads/wpcf7_uploads HTTP/1.1" 200 718 "-" "Mozilla/5.0 (compatible; MJ12bot/v1.4.8; http://mj12bot.com/)"
3.235.215.92 - - [01/Mar/2026:14:32:12 +0000] "GET /whsy.php?e=archie-loading.php&p=/home/lab2454c/mact34.com/wp-content/plugins/optinmonster/views HTTP/1.1" 200 2973 "-" "Mozilla/5.0 AppleWebKit/537.36 (KHTML, like Gecko; compatible; Amazonbot/0.1; +https://developer.amazon.com/support/amazonbot) Chrome/119.0.6045.214 Safari/537.36"
147.135.214.166 - - [01/Mar/2026:14:32:12 +0000] "GET /whsy.php?p=/home/lab2454c/invest.equitablebarter.com/wp-includes/.. HTTP/1.1" 200 1748 "-" "Mozilla/5.0 (compatible; MJ12bot/v1.4.8; http://mj12bot.com/)"
147.135.214.166 - - [01/Mar/2026:14:32:14 +0000] "GET /whsy.php?p=/home/lab2454c/invest.equitablebarter.com/wp-includes/ID3 HTTP/1.1" 200 1289 "-" "Mozilla/5.0 (compatible; MJ12bot/v1.4.8; http://mj12bot.com/)"
147.135.214.166 - - [01/Mar/2026:14:32:15 +0000] "GET /whsy.php?p=/home/lab2454c/invest.equitablebarter.com/wp-includes/IXR HTTP/1.1" 200 1055 "-" "Mozilla/5.0 (compatible; MJ12bot/v1.4.8; http://mj12bot.com/)"
74.7.242.50 - - [01/Mar/2026:14:32:16 +0000] "GET /whsy.php?e=arp_tables_targets&p=%2Fproc%2F11146%2Ftask%2F11235%2Fnet HTTP/2.0" 200 2466 "https://bespoketrading.com.lab2454.com/whsy.php?p=%2Fproc%2F11146%2Ftask%2F11235%2Fnet" "Mozilla/5.0 AppleWebKit/537.36 (KHTML, like Gecko; compatible; GPTBot/1.3; +https://openai.com/gptbot)"
35.168.238.50 - - [01/Mar/2026:14:32:16 +0000] "GET /whsy.php?p=/usr/share/locale/cu HTTP/1.1" 200 513 "-" "Mozilla/5.0 AppleWebKit/537.36 (KHTML, like Gecko; compatible; Amazonbot/0.1; +https://developer.amazon.com/support/amazonbot) Chrome/119.0.6045.214 Safari/537.36"
147.135.214.166 - - [01/Mar/2026:14:32:17 +0000] "GET /whsy.php?p=/home/lab2454c/invest.equitablebarter.com/wp-includes/PHPMailer HTTP/1.1" 200 811 "-" "Mozilla/5.0 (compatible; MJ12bot/v1.4.8; http://mj12bot.com/)"
147.135.214.166 - - [01/Mar/2026:14:32:18 +0000] "GET /whsy.php?p=/home/lab2454c/invest.equitablebarter.com/wp-includes/Requests HTTP/1.1" 200 733 "-" "Mozilla/5.0 (compatible; MJ12bot/v1.4.8; http://mj12bot.com/)"
23.23.214.190 - - [01/Mar/2026:14:32:20 +0000] "GET /whsy.php?e=class-wpcode-error.php&p=/home/lab2454c/archswipe.com/wp-content/plugins/insert-headers-and-footers/includes HTTP/1.1" 200 3828 "-" "Mozilla/5.0 AppleWebKit/537.36 (KHTML, like Gecko; compatible; Amazonbot/0.1; +https://developer.amazon.com/support/amazonbot) Chrome/119.0.6045.214 Safari/537.36"
147.135.214.166 - - [01/Mar/2026:14:32:20 +0000] "GET /whsy.php?p=/home/lab2454c/invest.equitablebarter.com/wp-includes/SimplePie HTTP/1.1" 200 1414 "-" "Mozilla/5.0 (compatible; MJ12bot/v1.4.8; http://mj12bot.com/)"
74.7.227.139 - - [01/Mar/2026:14:32:21 +0000] "GET /whsy.php?e=ksm_merging_pages&p=%2Fproc%2F20155 HTTP/2.0" 200 978 "https://www.bespoketrading.com.lab2454.com/whsy.php?p=%2Fproc%2F20155" "Mozilla/5.0 AppleWebKit/537.36 (KHTML, like Gecko; compatible; GPTBot/1.3; +https://openai.com/gptbot)"
147.135.214.166 - - [01/Mar/2026:14:32:22 +0000] "GET /whsy.php?p=/home/lab2454c/invest.equitablebarter.com/wp-includes/Text HTTP/1.1" 200 754 "-" "Mozilla/5.0 (compatible; MJ12bot/v1.4.8; http://mj12bot.com/)"
147.135.214.166 - - [01/Mar/2026:14:32:24 +0000] "GET /whsy.php?p=/home/lab2454c/invest.equitablebarter.com/wp-includes/assets HTTP/1.1" 200 906 "-" "Mozilla/5.0 (compatible; MJ12bot/v1.4.8; http://mj12bot.com/)"
34.227.156.153 - - [01/Mar/2026:14:32:24 +0000] "GET /whsy.php?e=shapestr.h&p=/usr/include/X11/extensions HTTP/1.1" 200 3849 "-" "Mozilla/5.0 AppleWebKit/537.36 (KHTML, like Gecko; compatible; Amazonbot/0.1; +https://developer.amazon.com/support/amazonbot) Chrome/119.0.6045.214 Safari/537.36"
74.7.242.50 - - [01/Mar/2026:14:32:24 +0000] "GET /whsy.php?e=ip_tables_targets&p=%2Fproc%2F11146%2Ftask%2F11615%2Fnet HTTP/2.0" 200 978 "https://bespoketrading.com.lab2454.com/whsy.php?p=%2Fproc%2F11146%2Ftask%2F11615%2Fnet" "Mozilla/5.0 AppleWebKit/537.36 (KHTML, like Gecko; compatible; GPTBot/1.3; +https://openai.com/gptbot)"
147.135.214.166 - - [01/Mar/2026:14:32:26 +0000] "GET /whsy.php?p=/home/lab2454c/invest.equitablebarter.com/wp-includes/block-patterns HTTP/1.1" 200 971 "-" "Mozilla/5.0 (compatible; MJ12bot/v1.4.8; http://mj12bot.com/)"
147.135.214.166 - - [01/Mar/2026:14:32:27 +0000] "GET /whsy.php?p=/home/lab2454c/invest.equitablebarter.com/wp-includes/block-supports HTTP/1.1" 200 1248 "-" "Mozilla/5.0 (compatible; MJ12bot/v1.4.8; http://mj12bot.com/)"
54.235.158.162 - - [01/Mar/2026:14:32:29 +0000] "GET /whsy.php?e=io&p=/proc/80 HTTP/1.1" 200 1933 "-" "Mozilla/5.0 AppleWebKit/537.36 (KHTML, like Gecko; compatible; Amazonbot/0.1; +https://developer.amazon.com/support/amazonbot) Chrome/119.0.6045.214 Safari/537.36"
147.135.214.166 - - [01/Mar/2026:14:32:29 +0000] "GET /whsy.php?p=/home/lab2454c/invest.equitablebarter.com/wp-includes/blocks HTTP/1.1" 200 3911 "-" "Mozilla/5.0 (compatible; MJ12bot/v1.4.8; http://mj12bot.com/)"
147.135.214.166 - - [01/Mar/2026:14:32:31 +0000] "GET /whsy.php?p=/home/lab2454c/invest.equitablebarter.com/wp-includes/certificates HTTP/1.1" 200 809 "-" "Mozilla/5.0 (compatible; MJ12bot/v1.4.8; http://mj12bot.com/)"
74.7.227.139 - - [01/Mar/2026:14:32:32 +0000] "GET /whsy.php?e=ksm_merging_pages&p=%2Fproc%2F29011 HTTP/2.0" 200 978 "https://www.bespoketrading.com.lab2454.com/whsy.php?p=%2Fproc%2F29011" "Mozilla/5.0 AppleWebKit/537.36 (KHTML, like Gecko; compatible; GPTBot/1.3; +https://openai.com/gptbot)"
184.73.239.35 - - [01/Mar/2026:14:32:32 +0000] "GET /whsy.php?p=/home/lab2454c/omvstudio.com/vendor/symfony/http-kernel/CacheClearer/.. HTTP/1.1" 200 1362 "-" "Mozilla/5.0 AppleWebKit/537.36 (KHTML, like Gecko; compatible; Amazonbot/0.1; +https://developer.amazon.com/support/amazonbot) Chrome/119.0.6045.214 Safari/537.36"
147.135.214.166 - - [01/Mar/2026:14:32:32 +0000] "GET /whsy.php?p=/home/lab2454c/invest.equitablebarter.com/wp-includes/css HTTP/1.1" 200 1781 "-" "Mozilla/5.0 (compatible; MJ12bot/v1.4.8; http://mj12bot.com/)"
147.135.214.166 - - [01/Mar/2026:14:32:34 +0000] "GET /whsy.php?p=/home/lab2454c/invest.equitablebarter.com/wp-includes/customize HTTP/1.1" 200 1790 "-" "Mozilla/5.0 (compatible; MJ12bot/v1.4.8; http://mj12bot.com/)"
147.135.214.166 - - [01/Mar/2026:14:32:36 +0000] "GET /whsy.php?p=/home/lab2454c/invest.equitablebarter.com/wp-includes/fonts HTTP/1.1" 200 961 "-" "Mozilla/5.0 (compatible; MJ12bot/v1.4.8; http://mj12bot.com/)"
18.232.11.247 - - [01/Mar/2026:14:32:37 +0000] "GET /whsy.php?p=/home/lab2454c/bancmils.com/vendor/laravel/ui/src/Presets HTTP/1.1" 200 888 "-" "Mozilla/5.0 AppleWebKit/537.36 (KHTML, like Gecko; compatible; Amazonbot/0.1; +https://developer.amazon.com/support/amazonbot) Chrome/119.0.6045.214 Safari/537.36"
147.135.214.166 - - [01/Mar/2026:14:32:38 +0000] "GET /whsy.php?p=/home/lab2454c/invest.equitablebarter.com/wp-includes/html-api HTTP/1.1" 200 1051 "-" "Mozilla/5.0 (compatible; MJ12bot/v1.4.8; http://mj12bot.com/)"
74.7.242.50 - - [01/Mar/2026:14:32:39 +0000] "GET /whsy.php?e=ip_tables_targets&p=%2Fproc%2F11146%2Ftask%2F11246%2Fnet HTTP/2.0" 200 2466 "https://bespoketrading.com.lab2454.com/whsy.php?p=%2Fproc%2F11146%2Ftask%2F11246%2Fnet" "Mozilla/5.0 AppleWebKit/537.36 (KHTML, like Gecko; compatible; GPTBot/1.3; +https://openai.com/gptbot)"
147.135.214.166 - - [01/Mar/2026:14:32:39 +0000] "GET /whsy.php?p=/home/lab2454c/invest.equitablebarter.com/wp-includes/images HTTP/1.1" 200 1465 "-" "Mozilla/5.0 (compatible; MJ12bot/v1.4.8; http://mj12bot.com/)"
23.23.103.31 - - [01/Mar/2026:14:32:40 +0000] "GET /whsy.php?e=Company.php&p=/home/lab2454c/bancmils.com/vendor/fakerphp/faker/src/Faker/Provider/cs_CZ HTTP/1.1" 200 2157 "-" "Mozilla/5.0 AppleWebKit/537.36 (KHTML, like Gecko; compatible; Amazonbot/0.1; +https://developer.amazon.com/support/amazonbot) Chrome/119.0.6045.214 Safari/537.36"
147.135.214.166 - - [01/Mar/2026:14:32:41 +0000] "GET /whsy.php?p=/home/lab2454c/invest.equitablebarter.com/wp-includes/js HTTP/1.1" 200 3653 "-" "Mozilla/5.0 (compatible; MJ12bot/v1.4.8; http://mj12bot.com/)"
147.135.214.166 - - [01/Mar/2026:14:32:43 +0000] "GET /whsy.php?p=/home/lab2454c/invest.equitablebarter.com/wp-includes/php-compat HTTP/1.1" 200 750 "-" "Mozilla/5.0 (compatible; MJ12bot/v1.4.8; http://mj12bot.com/)"
23.23.180.225 - - [01/Mar/2026:14:32:44 +0000] "GET /whsy.php?e=pg.svg&p=/home/lab2454c/vaultchip.com/vendor/botble/platform/base/public/images/flags HTTP/1.1" 200 7264 "-" "Mozilla/5.0 AppleWebKit/537.36 (KHTML, like Gecko; compatible; Amazonbot/0.1; +https://developer.amazon.com/support/amazonbot) Chrome/119.0.6045.214 Safari/537.36"
147.135.214.166 - - [01/Mar/2026:14:32:45 +0000] "GET /whsy.php?p=/home/lab2454c/invest.equitablebarter.com/wp-includes/pomo HTTP/1.1" 200 887 "-" "Mozilla/5.0 (compatible; MJ12bot/v1.4.8; http://mj12bot.com/)"
74.7.227.139 - - [01/Mar/2026:14:32:45 +0000] "GET /whsy.php?e=ksm_merging_pages&p=%2Fproc%2F14334 HTTP/2.0" 200 978 "https://www.bespoketrading.com.lab2454.com/whsy.php?p=%2Fproc%2F14334" "Mozilla/5.0 AppleWebKit/537.36 (KHTML, like Gecko; compatible; GPTBot/1.3; +https://openai.com/gptbot)"
147.135.214.166 - - [01/Mar/2026:14:32:47 +0000] "GET /whsy.php?p=/home/lab2454c/invest.equitablebarter.com/wp-includes/rest-api HTTP/1.1" 200 857 "-" "Mozilla/5.0 (compatible; MJ12bot/v1.4.8; http://mj12bot.com/)"
