147.135.214.166 - - [01/Mar/2026:14:32:48 +0000] "GET /whsy.php?p=/home/lab2454c/invest.equitablebarter.com/wp-includes/sitemaps HTTP/1.1" 200 914 "-" "Mozilla/5.0 (compatible; MJ12bot/v1.4.8; http://mj12bot.com/)"
18.209.201.119 - - [01/Mar/2026:14:32:49 +0000] "GET /whsy.php?e=Line.php&p=/home/lab2454c/vaultchip.com/vendor/sebastian/diff/src HTTP/1.1" 200 1433 "-" "Mozilla/5.0 AppleWebKit/537.36 (KHTML, like Gecko; compatible; Amazonbot/0.1; +https://developer.amazon.com/support/amazonbot) Chrome/119.0.6045.214 Safari/537.36"
74.7.242.50 - - [01/Mar/2026:14:32:50 +0000] "GET /whsy.php?e=ip_tables_targets&p=%2Fproc%2F11146%2Ftask%2F11152%2Fnet HTTP/2.0" 200 2467 "https://bespoketrading.com.lab2454.com/whsy.php?p=%2Fproc%2F11146%2Ftask%2F11152%2Fnet" "Mozilla/5.0 AppleWebKit/537.36 (KHTML, like Gecko; compatible; GPTBot/1.3; +https://openai.com/gptbot)"
147.135.214.166 - - [01/Mar/2026:14:32:50 +0000] "GET /whsy.php?p=/home/lab2454c/invest.equitablebarter.com/wp-includes/sodium_compat HTTP/1.1" 200 908 "-" "Mozilla/5.0 (compatible; MJ12bot/v1.4.8; http://mj12bot.com/)"
147.135.214.166 - - [01/Mar/2026:14:32:51 +0000] "GET /whsy.php?p=/home/lab2454c/invest.equitablebarter.com/wp-includes/style-engine HTTP/1.1" 200 908 "-" "Mozilla/5.0 (compatible; MJ12bot/v1.4.8; http://mj12bot.com/)"
23.23.213.182 - - [01/Mar/2026:14:32:52 +0000] "GET /whsy.php?e=mc.hlp&p=/usr/share/mc/help HTTP/1.1" 200 52136 "-" "Mozilla/5.0 AppleWebKit/537.36 (KHTML, like Gecko; compatible; Amazonbot/0.1; +https://developer.amazon.com/support/amazonbot) Chrome/119.0.6045.214 Safari/537.36"
147.135.214.166 - - [01/Mar/2026:14:32:53 +0000] "GET /whsy.php?p=/home/lab2454c/invest.equitablebarter.com/wp-includes/theme-compat HTTP/1.1" 200 992 "-" "Mozilla/5.0 (compatible; MJ12bot/v1.4.8; http://mj12bot.com/)"
147.135.214.166 - - [01/Mar/2026:14:32:54 +0000] "GET /whsy.php?p=/home/lab2454c/invest.equitablebarter.com/wp-includes/widgets HTTP/1.1" 200 1322 "-" "Mozilla/5.0 (compatible; MJ12bot/v1.4.8; http://mj12bot.com/)"
147.135.214.166 - - [01/Mar/2026:14:32:56 +0000] "GET /whsy.php?p=/home/lab2454c/invest.westernclear.com/.well-known/pki-validation/.. HTTP/1.1" 200 550 "-" "Mozilla/5.0 (compatible; MJ12bot/v1.4.8; http://mj12bot.com/)"
3.212.205.90 - - [01/Mar/2026:14:32:56 +0000] "GET /whsy.php?p=/usr/share/doc/perl-Params-Check-0.38/.. HTTP/1.1" 200 10750 "-" "Mozilla/5.0 AppleWebKit/537.36 (KHTML, like Gecko; compatible; Amazonbot/0.1; +https://developer.amazon.com/support/amazonbot) Chrome/119.0.6045.214 Safari/537.36"
74.7.227.139 - - [01/Mar/2026:14:32:58 +0000] "GET /whsy.php?e=ksm_merging_pages&p=%2Fproc%2F19711 HTTP/2.0" 200 978 "https://www.bespoketrading.com.lab2454.com/whsy.php?p=%2Fproc%2F19711" "Mozilla/5.0 AppleWebKit/537.36 (KHTML, like Gecko; compatible; GPTBot/1.3; +https://openai.com/gptbot)"
147.135.214.166 - - [01/Mar/2026:14:32:58 +0000] "GET /whsy.php?p=/home/lab2454c/invest.westernclear.com/wp-content/ai1wm-backups/.. HTTP/1.1" 200 930 "-" "Mozilla/5.0 (compatible; MJ12bot/v1.4.8; http://mj12bot.com/)"
147.135.214.166 - - [01/Mar/2026:14:32:59 +0000] "GET /whsy.php?p=/home/lab2454c/invest.westernclear.com/wp-content/maintenance/.. HTTP/1.1" 200 930 "-" "Mozilla/5.0 (compatible; MJ12bot/v1.4.8; http://mj12bot.com/)"
52.203.152.231 - - [01/Mar/2026:14:33:00 +0000] "GET /whsy.php?e=class-ai1wm-updater-controller.php&p=/home/lab2454c/am.elementalrock.com/wp-content/plugins/all-in-one-wp-migration/lib/controller HTTP/1.1" 200 2357 "-" "Mozilla/5.0 AppleWebKit/537.36 (KHTML, like Gecko; compatible; Amazonbot/0.1; +https://developer.amazon.com/support/amazonbot) Chrome/119.0.6045.214 Safari/537.36"
147.135.214.166 - - [01/Mar/2026:14:33:01 +0000] "GET /whsy.php?p=/home/lab2454c/invest.westernclear.com/wp-content/maintenance/assets HTTP/1.1" 200 775 "-" "Mozilla/5.0 (compatible; MJ12bot/v1.4.8; http://mj12bot.com/)"
147.135.214.166 - - [01/Mar/2026:14:33:03 +0000] "GET /whsy.php?p=/home/lab2454c/invest.westernclear.com/wp-content/plugins/.. HTTP/1.1" 200 930 "-" "Mozilla/5.0 (compatible; MJ12bot/v1.4.8; http://mj12bot.com/)"
147.135.214.166 - - [01/Mar/2026:14:33:04 +0000] "GET /whsy.php?p=/home/lab2454c/invest.westernclear.com/wp-content/plugins/achiwaqa HTTP/1.1" 200 802 "-" "Mozilla/5.0 (compatible; MJ12bot/v1.4.8; http://mj12bot.com/)"
147.135.214.166 - - [01/Mar/2026:14:33:06 +0000] "GET /whsy.php?p=/home/lab2454c/invest.westernclear.com/wp-content/plugins/advanced-custom-fields HTTP/1.1" 200 839 "-" "Mozilla/5.0 (compatible; MJ12bot/v1.4.8; http://mj12bot.com/)"
74.7.242.50 - - [01/Mar/2026:14:33:07 +0000] "GET /whsy.php?e=arp_tables_matches&p=%2Fproc%2F11146%2Ftask%2F11236%2Fnet HTTP/2.0" 200 2465 "https://bespoketrading.com.lab2454.com/whsy.php?p=%2Fproc%2F11146%2Ftask%2F11236%2Fnet" "Mozilla/5.0 AppleWebKit/537.36 (KHTML, like Gecko; compatible; GPTBot/1.3; +https://openai.com/gptbot)"
147.135.214.166 - - [01/Mar/2026:14:33:08 +0000] "GET /whsy.php?p=/home/lab2454c/invest.westernclear.com/wp-content/plugins/akismet HTTP/1.1" 200 1077 "-" "Mozilla/5.0 (compatible; MJ12bot/v1.4.8; http://mj12bot.com/)"
147.135.214.166 - - [01/Mar/2026:14:33:09 +0000] "GET /whsy.php?p=/home/lab2454c/invest.westernclear.com/wp-content/plugins/all-in-one-wp-migration-master HTTP/1.1" 200 1075 "-" "Mozilla/5.0 (compatible; MJ12bot/v1.4.8; http://mj12bot.com/)"
34.194.95.99 - - [01/Mar/2026:14:33:10 +0000] "GET /whsy.php?p=/usr/share/locale/ny HTTP/1.1" 200 513 "-" "Mozilla/5.0 AppleWebKit/537.36 (KHTML, like Gecko; compatible; Amazonbot/0.1; +https://developer.amazon.com/support/amazonbot) Chrome/119.0.6045.214 Safari/537.36"
147.135.214.166 - - [01/Mar/2026:14:33:11 +0000] "GET /whsy.php?p=/home/lab2454c/invest.westernclear.com/wp-content/plugins/bnfw HTTP/1.1" 200 801 "-" "Mozilla/5.0 (compatible; MJ12bot/v1.4.8; http://mj12bot.com/)"
147.135.214.166 - - [01/Mar/2026:14:33:13 +0000] "GET /whsy.php?p=/home/lab2454c/invest.westernclear.com/wp-content/plugins/classic-editor HTTP/1.1" 200 807 "-" "Mozilla/5.0 (compatible; MJ12bot/v1.4.8; http://mj12bot.com/)"
34.233.219.155 - - [01/Mar/2026:14:33:14 +0000] "GET /whsy.php?p=/proc/64/attr HTTP/1.1" 200 796 "-" "Mozilla/5.0 AppleWebKit/537.36 (KHTML, like Gecko; compatible; Amazonbot/0.1; +https://developer.amazon.com/support/amazonbot) Chrome/119.0.6045.214 Safari/537.36"
147.135.214.166 - - [01/Mar/2026:14:33:14 +0000] "GET /whsy.php?p=/home/lab2454c/invest.westernclear.com/wp-content/plugins/contact-form-7 HTTP/1.1" 200 911 "-" "Mozilla/5.0 (compatible; MJ12bot/v1.4.8; http://mj12bot.com/)"
74.7.227.139 - - [01/Mar/2026:14:33:16 +0000] "GET /whsy.php?e=ksm_merging_pages&p=%2Fproc%2F10551 HTTP/2.0" 200 978 "https://www.bespoketrading.com.lab2454.com/whsy.php?p=%2Fproc%2F10551" "Mozilla/5.0 AppleWebKit/537.36 (KHTML, like Gecko; compatible; GPTBot/1.3; +https://openai.com/gptbot)"
147.135.214.166 - - [01/Mar/2026:14:33:16 +0000] "GET /whsy.php?p=/home/lab2454c/invest.westernclear.com/wp-content/plugins/elementor HTTP/1.1" 200 839 "-" "Mozilla/5.0 (compatible; MJ12bot/v1.4.8; http://mj12bot.com/)"
147.135.214.166 - - [01/Mar/2026:14:33:18 +0000] "GET /whsy.php?p=/home/lab2454c/invest.westernclear.com/wp-content/plugins/elementor-pro HTTP/1.1" 200 920 "-" "Mozilla/5.0 (compatible; MJ12bot/v1.4.8; http://mj12bot.com/)"
100.29.155.89 - - [01/Mar/2026:14:33:18 +0000] "GET /whsy.php?p=/proc/28223 HTTP/1.1" 200 978 "-" "Mozilla/5.0 AppleWebKit/537.36 (KHTML, like Gecko; compatible; Amazonbot/0.1; +https://developer.amazon.com/support/amazonbot) Chrome/119.0.6045.214 Safari/537.36"
147.135.214.166 - - [01/Mar/2026:14:33:19 +0000] "GET /whsy.php?p=/home/lab2454c/invest.westernclear.com/wp-content/plugins/elementskit-lite HTTP/1.1" 200 920 "-" "Mozilla/5.0 (compatible; MJ12bot/v1.4.8; http://mj12bot.com/)"
74.7.242.50 - - [01/Mar/2026:14:33:20 +0000] "GET /whsy.php?e=ip_tables_targets&p=%2Fproc%2F11146%2Ftask%2F11154%2Fnet HTTP/2.0" 200 2467 "https://bespoketrading.com.lab2454.com/whsy.php?p=%2Fproc%2F11146%2Ftask%2F11154%2Fnet" "Mozilla/5.0 AppleWebKit/537.36 (KHTML, like Gecko; compatible; GPTBot/1.3; +https://openai.com/gptbot)"
54.84.169.196 - - [01/Mar/2026:14:33:21 +0000] "GET /whsy.php?e=Session.php&p=/home/lab2454c/bancmils.com/vendor/laravel/framework/src/Illuminate/Support/Facades HTTP/1.1" 200 2311 "-" "Mozilla/5.0 AppleWebKit/537.36 (KHTML, like Gecko; compatible; Amazonbot/0.1; +https://developer.amazon.com/support/amazonbot) Chrome/119.0.6045.214 Safari/537.36"
147.135.214.166 - - [01/Mar/2026:14:33:21 +0000] "GET /whsy.php?p=/home/lab2454c/invest.westernclear.com/wp-content/plugins/go-live-update-urls HTTP/1.1" 200 803 "-" "Mozilla/5.0 (compatible; MJ12bot/v1.4.8; http://mj12bot.com/)"
147.135.214.166 - - [01/Mar/2026:14:33:22 +0000] "GET /whsy.php?p=/home/lab2454c/invest.westernclear.com/wp-content/plugins/insert-headers-and-footers HTTP/1.1" 200 850 "-" "Mozilla/5.0 (compatible; MJ12bot/v1.4.8; http://mj12bot.com/)"
54.197.114.76 - - [01/Mar/2026:14:33:24 +0000] "GET /whsy.php?e=.htaccess&p=/home/lab2454c/archswipe.com/wp-content/plugins/elementskit-lite/modules/widget-builder/api HTTP/1.1" 200 964 "-" "Mozilla/5.0 AppleWebKit/537.36 (KHTML, like Gecko; compatible; Amazonbot/0.1; +https://developer.amazon.com/support/amazonbot) Chrome/119.0.6045.214 Safari/537.36"
147.135.214.166 - - [01/Mar/2026:14:33:24 +0000] "GET /whsy.php?p=/home/lab2454c/invest.westernclear.com/wp-content/plugins/investments HTTP/1.1" 200 718 "-" "Mozilla/5.0 (compatible; MJ12bot/v1.4.8; http://mj12bot.com/)"
74.7.227.139 - - [01/Mar/2026:14:33:25 +0000] "GET /whsy.php?e=ksm_merging_pages&p=%2Fproc%2F20575 HTTP/2.0" 200 978 "https://www.bespoketrading.com.lab2454.com/whsy.php?p=%2Fproc%2F20575" "Mozilla/5.0 AppleWebKit/537.36 (KHTML, like Gecko; compatible; GPTBot/1.3; +https://openai.com/gptbot)"
74.7.175.163 - - [01/Mar/2026:14:33:25 +0000] "GET /robots.txt HTTP/2.0" 404 - "-" "Mozilla/5.0 (Macintosh; Intel Mac OS X 10_15_7) AppleWebKit/537.36 (KHTML, like Gecko) Chrome/131.0.0.0 Safari/537.36; compatible; OAI-SearchBot/1.3; robots.txt; +https://openai.com/searchbot"
147.135.214.166 - - [01/Mar/2026:14:33:26 +0000] "GET /whsy.php?p=/home/lab2454c/invest.westernclear.com/wp-content/plugins/portfolio HTTP/1.1" 200 1229 "-" "Mozilla/5.0 (compatible; MJ12bot/v1.4.8; http://mj12bot.com/)"
147.135.214.166 - - [01/Mar/2026:14:33:28 +0000] "GET /whsy.php?p=/home/lab2454c/invest.westernclear.com/wp-content/plugins/wp-user-frontend HTTP/1.1" 200 953 "-" "Mozilla/5.0 (compatible; MJ12bot/v1.4.8; http://mj12bot.com/)"
23.21.228.180 - - [01/Mar/2026:14:33:28 +0000] "GET /whsy.php?e=control-type-choose.php&p=/home/lab2454c/aficbgroup.com/wp-content/plugins/elementskit-lite/modules/widget-builder/controls HTTP/1.1" 200 2243 "-" "Mozilla/5.0 AppleWebKit/537.36 (KHTML, like Gecko; compatible; Amazonbot/0.1; +https://developer.amazon.com/support/amazonbot) Chrome/119.0.6045.214 Safari/537.36"
74.7.242.50 - - [01/Mar/2026:14:33:28 +0000] "GET /whsy.php?e=arp_tables_matches&p=%2Fproc%2F11146%2Ftask%2F11154%2Fnet HTTP/2.0" 200 2467 "https://bespoketrading.com.lab2454.com/whsy.php?p=%2Fproc%2F11146%2Ftask%2F11154%2Fnet" "Mozilla/5.0 AppleWebKit/537.36 (KHTML, like Gecko; compatible; GPTBot/1.3; +https://openai.com/gptbot)"
147.135.214.166 - - [01/Mar/2026:14:33:29 +0000] "GET /whsy.php?p=/home/lab2454c/invest.westernclear.com/wp-content/plugins/wp-user-frontend-pro HTTP/1.1" 200 947 "-" "Mozilla/5.0 (compatible; MJ12bot/v1.4.8; http://mj12bot.com/)"
147.135.214.166 - - [01/Mar/2026:14:33:31 +0000] "GET /whsy.php?p=/home/lab2454c/invest.westernclear.com/wp-content/themes/.. HTTP/1.1" 200 930 "-" "Mozilla/5.0 (compatible; MJ12bot/v1.4.8; http://mj12bot.com/)"
74.7.227.139 - - [01/Mar/2026:14:33:32 +0000] "GET /whsy.php?e=ksm_merging_pages&p=%2Fproc%2F24704 HTTP/2.0" 200 978 "https://www.bespoketrading.com.lab2454.com/whsy.php?p=%2Fproc%2F24704" "Mozilla/5.0 AppleWebKit/537.36 (KHTML, like Gecko; compatible; GPTBot/1.3; +https://openai.com/gptbot)"
147.135.214.166 - - [01/Mar/2026:14:33:32 +0000] "GET /whsy.php?p=/home/lab2454c/invest.westernclear.com/wp-content/themes/hello-elementor HTTP/1.1" 200 1239 "-" "Mozilla/5.0 (compatible; MJ12bot/v1.4.8; http://mj12bot.com/)"
50.16.72.185 - - [01/Mar/2026:14:33:33 +0000] "GET /whsy.php?e=v320n&p=/usr/share/terminfo/v HTTP/1.1" 200 4168 "-" "Mozilla/5.0 AppleWebKit/537.36 (KHTML, like Gecko; compatible; Amazonbot/0.1; +https://developer.amazon.com/support/amazonbot) Chrome/119.0.6045.214 Safari/537.36"
147.135.214.166 - - [01/Mar/2026:14:33:34 +0000] "GET /whsy.php?p=/home/lab2454c/invest.westernclear.com/wp-content/themes/hello-theme-child-master HTTP/1.1" 200 959 "-" "Mozilla/5.0 (compatible; MJ12bot/v1.4.8; http://mj12bot.com/)"
74.7.242.50 - - [01/Mar/2026:14:33:35 +0000] "GET /whsy.php?e=ip6_tables_matches&p=%2Fproc%2F11146%2Ftask%2F11152%2Fnet HTTP/2.0" 200 2467 "https://bespoketrading.com.lab2454.com/whsy.php?p=%2Fproc%2F11146%2Ftask%2F11152%2Fnet" "Mozilla/5.0 AppleWebKit/537.36 (KHTML, like Gecko; compatible; GPTBot/1.3; +https://openai.com/gptbot)"
147.135.214.166 - - [01/Mar/2026:14:33:36 +0000] "GET /whsy.php?p=/home/lab2454c/invest.westernclear.com/wp-content/themes/twentynineteen HTTP/1.1" 200 1518 "-" "Mozilla/5.0 (compatible; MJ12bot/v1.4.8; http://mj12bot.com/)"
52.45.194.165 - - [01/Mar/2026:14:33:37 +0000] "GET /whsy.php?e=spooler-20260222&p=/var/log HTTP/1.1" 200 3873 "-" "Mozilla/5.0 AppleWebKit/537.36 (KHTML, like Gecko; compatible; Amazonbot/0.1; +https://developer.amazon.com/support/amazonbot) Chrome/119.0.6045.214 Safari/537.36"
147.135.214.166 - - [01/Mar/2026:14:33:38 +0000] "GET /whsy.php?p=/home/lab2454c/invest.westernclear.com/wp-content/themes/twentytwenty HTTP/1.1" 200 1264 "-" "Mozilla/5.0 (compatible; MJ12bot/v1.4.8; http://mj12bot.com/)"
147.135.214.166 - - [01/Mar/2026:14:33:39 +0000] "GET /whsy.php?p=/home/lab2454c/invest.westernclear.com/wp-content/themes/twentytwentyfive HTTP/1.1" 200 918 "-" "Mozilla/5.0 (compatible; MJ12bot/v1.4.8; http://mj12bot.com/)"
74.7.227.139 - - [01/Mar/2026:14:33:40 +0000] "GET /whsy.php?e=ksm_merging_pages&p=%2Fproc%2F29008 HTTP/2.0" 200 978 "https://www.bespoketrading.com.lab2454.com/whsy.php?p=%2Fproc%2F29008" "Mozilla/5.0 AppleWebKit/537.36 (KHTML, like Gecko; compatible; GPTBot/1.3; +https://openai.com/gptbot)"
3.213.85.234 - - [01/Mar/2026:14:33:41 +0000] "GET /whsy.php?e=class-wpcode-conditional-type.php&p=/home/lab2454c/caimegroup.com/wp-content/plugins/insert-headers-and-footers/includes/conditional-logic HTTP/1.1" 200 2285 "-" "Mozilla/5.0 AppleWebKit/537.36 (KHTML, like Gecko; compatible; Amazonbot/0.1; +https://developer.amazon.com/support/amazonbot) Chrome/119.0.6045.214 Safari/537.36"
147.135.214.166 - - [01/Mar/2026:14:33:41 +0000] "GET /whsy.php?p=/home/lab2454c/invest.westernclear.com/wp-content/themes/twentytwentyfour HTTP/1.1" 200 918 "-" "Mozilla/5.0 (compatible; MJ12bot/v1.4.8; http://mj12bot.com/)"
147.135.214.166 - - [01/Mar/2026:14:33:43 +0000] "GET /whsy.php?p=/home/lab2454c/invest.westernclear.com/wp-content/themes/twentytwentyone HTTP/1.1" 200 1407 "-" "Mozilla/5.0 (compatible; MJ12bot/v1.4.8; http://mj12bot.com/)"
74.7.242.50 - - [01/Mar/2026:14:33:44 +0000] "GET /whsy.php?e=arp_tables_matches&p=%2Fproc%2F11146%2Ftask%2F11231%2Fnet HTTP/2.0" 200 2466 "https://bespoketrading.com.lab2454.com/whsy.php?p=%2Fproc%2F11146%2Ftask%2F11231%2Fnet" "Mozilla/5.0 AppleWebKit/537.36 (KHTML, like Gecko; compatible; GPTBot/1.3; +https://openai.com/gptbot)"
147.135.214.166 - - [01/Mar/2026:14:33:44 +0000] "GET /whsy.php?p=/home/lab2454c/invest.westernclear.com/wp-content/themes/twentytwentythree HTTP/1.1" 200 877 "-" "Mozilla/5.0 (compatible; MJ12bot/v1.4.8; http://mj12bot.com/)"
35.174.141.243 - - [01/Mar/2026:14:33:46 +0000] "GET /whsy.php?e=class-wpcode-error.php&p=/home/lab2454c/gemition.com/wp-content/plugins/insert-headers-and-footers/includes HTTP/1.1" 200 3825 "-" "Mozilla/5.0 AppleWebKit/537.36 (KHTML, like Gecko; compatible; Amazonbot/0.1; +https://developer.amazon.com/support/amazonbot) Chrome/119.0.6045.214 Safari/537.36"
147.135.214.166 - - [01/Mar/2026:14:33:46 +0000] "GET /whsy.php?p=/home/lab2454c/invest.westernclear.com/wp-content/themes/twentytwentytwo HTTP/1.1" 200 943 "-" "Mozilla/5.0 (compatible; MJ12bot/v1.4.8; http://mj12bot.com/)"
147.135.214.166 - - [01/Mar/2026:14:33:48 +0000] "GET /whsy.php?p=/home/lab2454c/invest.westernclear.com/wp-content/upgrade/.. HTTP/1.1" 200 930 "-" "Mozilla/5.0 (compatible; MJ12bot/v1.4.8; http://mj12bot.com/)"
52.71.216.196 - - [01/Mar/2026:14:33:48 +0000] "GET /whsy.php?p=/home/lab2454c/christianitybank.com/wp-includes/Requests/src/Response/.. HTTP/1.1" 200 1270 "-" "Mozilla/5.0 AppleWebKit/537.36 (KHTML, like Gecko; compatible; Amazonbot/0.1; +https://developer.amazon.com/support/amazonbot) Chrome/119.0.6045.214 Safari/537.36"
147.135.214.166 - - [01/Mar/2026:14:33:50 +0000] "GET /whsy.php?p=/home/lab2454c/invest.westernclear.com/wp-content/uploads/.. HTTP/1.1" 200 930 "-" "Mozilla/5.0 (compatible; MJ12bot/v1.4.8; http://mj12bot.com/)"
147.135.214.166 - - [01/Mar/2026:14:33:51 +0000] "GET /whsy.php?p=/home/lab2454c/invest.westernclear.com/wp-content/uploads/2021 HTTP/1.1" 200 561 "-" "Mozilla/5.0 (compatible; MJ12bot/v1.4.8; http://mj12bot.com/)"
74.7.227.139 - - [01/Mar/2026:14:33:52 +0000] "GET /whsy.php?e=ksm_merging_pages&p=%2Fproc%2F28133 HTTP/2.0" 200 978 "https://www.bespoketrading.com.lab2454.com/whsy.php?p=%2Fproc%2F28133" "Mozilla/5.0 AppleWebKit/537.36 (KHTML, like Gecko; compatible; GPTBot/1.3; +https://openai.com/gptbot)"
147.135.214.166 - - [01/Mar/2026:14:33:53 +0000] "GET /whsy.php?p=/home/lab2454c/invest.westernclear.com/wp-content/uploads/2023 HTTP/1.1" 200 547 "-" "Mozilla/5.0 (compatible; MJ12bot/v1.4.8; http://mj12bot.com/)"
34.192.125.239 - - [01/Mar/2026:14:33:53 +0000] "GET /whsy.php?e=pyconfig-64.h&p=/usr/include/python3.6m HTTP/1.1" 200 10536 "-" "Mozilla/5.0 AppleWebKit/537.36 (KHTML, like Gecko; compatible; Amazonbot/0.1; +https://developer.amazon.com/support/amazonbot) Chrome/119.0.6045.214 Safari/537.36"
54.156.124.2 - - [01/Mar/2026:14:33:04 +0000] "GET /whsy.php?p=/proc/61/ns HTTP/1.1" 200 1029619 "-" "Mozilla/5.0 AppleWebKit/537.36 (KHTML, like Gecko; compatible; Amazonbot/0.1; +https://developer.amazon.com/support/amazonbot) Chrome/119.0.6045.214 Safari/537.36"
147.135.214.166 - - [01/Mar/2026:14:33:55 +0000] "GET /whsy.php?p=/home/lab2454c/invest.westernclear.com/wp-content/uploads/2024 HTTP/1.1" 200 617 "-" "Mozilla/5.0 (compatible; MJ12bot/v1.4.8; http://mj12bot.com/)"
52.4.238.8 - - [01/Mar/2026:14:33:56 +0000] "GET /whsy.php?e=DumpDataCollector.php&p=/home/lab2454c/costbloc.com/vendor/symfony/http-kernel/DataCollector HTTP/1.1" 200 3783 "-" "Mozilla/5.0 AppleWebKit/537.36 (KHTML, like Gecko; compatible; Amazonbot/0.1; +https://developer.amazon.com/support/amazonbot) Chrome/119.0.6045.214 Safari/537.36"
147.135.214.166 - - [01/Mar/2026:14:33:56 +0000] "GET /whsy.php?p=/home/lab2454c/invest.westernclear.com/wp-content/uploads/2025 HTTP/1.1" 200 617 "-" "Mozilla/5.0 (compatible; MJ12bot/v1.4.8; http://mj12bot.com/)"
147.135.214.166 - - [01/Mar/2026:14:33:58 +0000] "GET /whsy.php?p=/home/lab2454c/invest.westernclear.com/wp-content/uploads/2026 HTTP/1.1" 200 553 "-" "Mozilla/5.0 (compatible; MJ12bot/v1.4.8; http://mj12bot.com/)"
74.7.242.50 - - [01/Mar/2026:14:33:59 +0000] "GET /whsy.php?e=ip_tables_matches&p=%2Fproc%2F11146%2Ftask%2F11232%2Fnet HTTP/2.0" 200 2466 "https://bespoketrading.com.lab2454.com/whsy.php?p=%2Fproc%2F11146%2Ftask%2F11232%2Fnet" "Mozilla/5.0 AppleWebKit/537.36 (KHTML, like Gecko; compatible; GPTBot/1.3; +https://openai.com/gptbot)"
147.135.214.166 - - [01/Mar/2026:14:34:00 +0000] "GET /whsy.php?p=/home/lab2454c/invest.westernclear.com/wp-content/uploads/elementor HTTP/1.1" 200 550 "-" "Mozilla/5.0 (compatible; MJ12bot/v1.4.8; http://mj12bot.com/)"
35.172.125.172 - - [01/Mar/2026:14:34:01 +0000] "GET /whsy.php?p=/home/lab2454c/tripvare.com/vendor/laravel/framework/src/Illuminate/Auth/Notifications HTTP/1.1" 200 812 "-" "Mozilla/5.0 AppleWebKit/537.36 (KHTML, like Gecko; compatible; Amazonbot/0.1; +https://developer.amazon.com/support/amazonbot) Chrome/119.0.6045.214 Safari/537.36"
147.135.214.166 - - [01/Mar/2026:14:34:01 +0000] "GET /whsy.php?p=/home/lab2454c/invest.westernclear.com/wp-content/uploads/wc-logs HTTP/1.1" 200 751 "-" "Mozilla/5.0 (compatible; MJ12bot/v1.4.8; http://mj12bot.com/)"
147.135.214.166 - - [01/Mar/2026:14:34:03 +0000] "GET /whsy.php?p=/home/lab2454c/invest.westernclear.com/wp-content/uploads/woocommerce_uploads HTTP/1.1" 200 757 "-" "Mozilla/5.0 (compatible; MJ12bot/v1.4.8; http://mj12bot.com/)"
147.135.214.166 - - [01/Mar/2026:14:34:05 +0000] "GET /whsy.php?p=/home/lab2454c/invest.westernclear.com/wp-content/uploads/wpcf7_uploads HTTP/1.1" 200 716 "-" "Mozilla/5.0 (compatible; MJ12bot/v1.4.8; http://mj12bot.com/)"
74.7.227.139 - - [01/Mar/2026:14:34:06 +0000] "GET /whsy.php?e=ksm_merging_pages&p=%2Fproc%2F14511 HTTP/2.0" 200 978 "https://www.bespoketrading.com.lab2454.com/whsy.php?p=%2Fproc%2F14511" "Mozilla/5.0 AppleWebKit/537.36 (KHTML, like Gecko; compatible; GPTBot/1.3; +https://openai.com/gptbot)"
54.157.84.74 - - [01/Mar/2026:14:34:06 +0000] "GET /whsy.php?e=geo.php&p=/home/lab2454c/vaultchip.com/vendor/sendgrid/sendgrid/examples/geo HTTP/1.1" 200 1246 "-" "Mozilla/5.0 AppleWebKit/537.36 (KHTML, like Gecko; compatible; Amazonbot/0.1; +https://developer.amazon.com/support/amazonbot) Chrome/119.0.6045.214 Safari/537.36"
147.135.214.166 - - [01/Mar/2026:14:34:06 +0000] "GET /whsy.php?p=/home/lab2454c/invest.westernclear.com/wp-content/uploads/wpcode HTTP/1.1" 200 725 "-" "Mozilla/5.0 (compatible; MJ12bot/v1.4.8; http://mj12bot.com/)"
147.135.214.166 - - [01/Mar/2026:14:34:08 +0000] "GET /whsy.php?p=/home/lab2454c/invest.westernclear.com/wp-includes/.. HTTP/1.1" 200 1350 "-" "Mozilla/5.0 (compatible; MJ12bot/v1.4.8; http://mj12bot.com/)"
74.7.242.50 - - [01/Mar/2026:14:34:08 +0000] "GET /whsy.php?e=ip_tables_targets&p=%2Fproc%2F11146%2Ftask%2F11252%2Fnet HTTP/2.0" 200 2466 "https://bespoketrading.com.lab2454.com/whsy.php?p=%2Fproc%2F11146%2Ftask%2F11252%2Fnet" "Mozilla/5.0 AppleWebKit/537.36 (KHTML, like Gecko; compatible; GPTBot/1.3; +https://openai.com/gptbot)"
44.212.131.50 - - [01/Mar/2026:14:34:09 +0000] "GET /whsy.php?p=/home/lab2454c/bancmils.com/vendor/laravel/framework/src/Illuminate/Routing/Matching HTTP/1.1" 200 933 "-" "Mozilla/5.0 AppleWebKit/537.36 (KHTML, like Gecko; compatible; Amazonbot/0.1; +https://developer.amazon.com/support/amazonbot) Chrome/119.0.6045.214 Safari/537.36"
147.135.214.166 - - [01/Mar/2026:14:34:10 +0000] "GET /whsy.php?p=/home/lab2454c/invest.westernclear.com/wp-includes/ID3 HTTP/1.1" 200 1225 "-" "Mozilla/5.0 (compatible; MJ12bot/v1.4.8; http://mj12bot.com/)"
147.135.214.166 - - [01/Mar/2026:14:34:11 +0000] "GET /whsy.php?p=/home/lab2454c/invest.westernclear.com/wp-includes/IXR HTTP/1.1" 200 991 "-" "Mozilla/5.0 (compatible; MJ12bot/v1.4.8; http://mj12bot.com/)"
147.135.214.166 - - [01/Mar/2026:14:34:13 +0000] "GET /whsy.php?p=/home/lab2454c/invest.westernclear.com/wp-includes/PHPMailer HTTP/1.1" 200 916 "-" "Mozilla/5.0 (compatible; MJ12bot/v1.4.8; http://mj12bot.com/)"
147.135.214.166 - - [01/Mar/2026:14:34:14 +0000] "GET /whsy.php?p=/home/lab2454c/invest.westernclear.com/wp-includes/Requests HTTP/1.1" 200 553 "-" "Mozilla/5.0 (compatible; MJ12bot/v1.4.8; http://mj12bot.com/)"
74.7.227.139 - - [01/Mar/2026:14:34:15 +0000] "GET /whsy.php?e=ksm_merging_pages&p=%2Fproc%2F12051 HTTP/2.0" 200 978 "https://www.bespoketrading.com.lab2454.com/whsy.php?p=%2Fproc%2F12051" "Mozilla/5.0 AppleWebKit/537.36 (KHTML, like Gecko; compatible; GPTBot/1.3; +https://openai.com/gptbot)"
147.135.214.166 - - [01/Mar/2026:14:34:16 +0000] "GET /whsy.php?p=/home/lab2454c/invest.westernclear.com/wp-includes/SimplePie HTTP/1.1" 200 735 "-" "Mozilla/5.0 (compatible; MJ12bot/v1.4.8; http://mj12bot.com/)"
52.0.41.164 - - [01/Mar/2026:14:34:18 +0000] "GET /whsy.php?e=Token.php&p=/home/lab2454c/invest.equitablebarter.com/wp-content/plugins/wp-user-frontend-pro/vendor/phpunit/php-token-stream/src HTTP/1.1" 200 4862 "-" "Mozilla/5.0 AppleWebKit/537.36 (KHTML, like Gecko; compatible; Amazonbot/0.1; +https://developer.amazon.com/support/amazonbot) Chrome/119.0.6045.214 Safari/537.36"
147.135.214.166 - - [01/Mar/2026:14:34:18 +0000] "GET /whsy.php?p=/home/lab2454c/invest.westernclear.com/wp-includes/Text HTTP/1.1" 200 750 "-" "Mozilla/5.0 (compatible; MJ12bot/v1.4.8; http://mj12bot.com/)"
147.135.214.166 - - [01/Mar/2026:14:34:19 +0000] "GET /whsy.php?p=/home/lab2454c/invest.westernclear.com/wp-includes/abilities-api HTTP/1.1" 200 798 "-" "Mozilla/5.0 (compatible; MJ12bot/v1.4.8; http://mj12bot.com/)"
74.7.242.50 - - [01/Mar/2026:14:34:20 +0000] "GET /whsy.php?p=%2Fproc%2F13796%2Ftask%2F14009%2Fnet%2Frpc%2F.. HTTP/2.0" 200 978 "https://bespoketrading.com.lab2454.com/whsy.php?p=%2Fproc%2F13796%2Ftask%2F14009%2Fnet%2Frpc" "Mozilla/5.0 AppleWebKit/537.36 (KHTML, like Gecko; compatible; GPTBot/1.3; +https://openai.com/gptbot)"
44.205.180.155 - - [01/Mar/2026:14:34:20 +0000] "GET /whsy.php?e=wp-embed-template-ie.min.css&p=/home/lab2454c/securepaychip.com/wp-includes/css HTTP/1.1" 200 2611 "-" "Mozilla/5.0 AppleWebKit/537.36 (KHTML, like Gecko; compatible; Amazonbot/0.1; +https://developer.amazon.com/support/amazonbot) Chrome/119.0.6045.214 Safari/537.36"
34.225.138.57 - - [01/Mar/2026:14:34:20 +0000] "GET /whsy.php?e=ir.svg&p=/home/lab2454c/vaultchip.com/vendor/botble/platform/base/public/images/flags HTTP/1.1" 200 8725 "-" "Mozilla/5.0 AppleWebKit/537.36 (KHTML, like Gecko; compatible; Amazonbot/0.1; +https://developer.amazon.com/support/amazonbot) Chrome/119.0.6045.214 Safari/537.36"
147.135.214.166 - - [01/Mar/2026:14:34:21 +0000] "GET /whsy.php?p=/home/lab2454c/invest.westernclear.com/wp-includes/assets HTTP/1.1" 200 923 "-" "Mozilla/5.0 (compatible; MJ12bot/v1.4.8; http://mj12bot.com/)"
147.135.214.166 - - [01/Mar/2026:14:34:23 +0000] "GET /whsy.php?p=/home/lab2454c/invest.westernclear.com/wp-includes/block-bindings HTTP/1.1" 200 816 "-" "Mozilla/5.0 (compatible; MJ12bot/v1.4.8; http://mj12bot.com/)"
147.135.214.166 - - [01/Mar/2026:14:34:24 +0000] "GET /whsy.php?p=/home/lab2454c/invest.westernclear.com/wp-includes/block-patterns HTTP/1.1" 200 937 "-" "Mozilla/5.0 (compatible; MJ12bot/v1.4.8; http://mj12bot.com/)"
74.7.227.139 - - [01/Mar/2026:14:34:25 +0000] "GET /whsy.php?e=ksm_merging_pages&p=%2Fproc%2F31001 HTTP/2.0" 200 978 "https://www.bespoketrading.com.lab2454.com/whsy.php?p=%2Fproc%2F31001" "Mozilla/5.0 AppleWebKit/537.36 (KHTML, like Gecko; compatible; GPTBot/1.3; +https://openai.com/gptbot)"
147.135.214.166 - - [01/Mar/2026:14:34:26 +0000] "GET /whsy.php?p=/home/lab2454c/invest.westernclear.com/wp-includes/block-supports HTTP/1.1" 200 1257 "-" "Mozilla/5.0 (compatible; MJ12bot/v1.4.8; http://mj12bot.com/)"
35.168.238.50 - - [01/Mar/2026:14:34:27 +0000] "GET /whsy.php?p=/usr/share/glvnd/.. HTTP/1.1" 200 1990 "-" "Mozilla/5.0 AppleWebKit/537.36 (KHTML, like Gecko; compatible; Amazonbot/0.1; +https://developer.amazon.com/support/amazonbot) Chrome/119.0.6045.214 Safari/537.36"
147.135.214.166 - - [01/Mar/2026:14:34:28 +0000] "GET /whsy.php?p=/home/lab2454c/invest.westernclear.com/wp-includes/blocks HTTP/1.1" 200 4186 "-" "Mozilla/5.0 (compatible; MJ12bot/v1.4.8; http://mj12bot.com/)"
74.7.242.50 - - [01/Mar/2026:14:34:28 +0000] "GET /whsy.php?e=xfrm_stat&p=%2Fproc%2F13796%2Fnet HTTP/2.0" 200 978 "https://bespoketrading.com.lab2454.com/whsy.php?p=%2Fproc%2F13796%2Fnet" "Mozilla/5.0 AppleWebKit/537.36 (KHTML, like Gecko; compatible; GPTBot/1.3; +https://openai.com/gptbot)"
147.135.214.166 - - [01/Mar/2026:14:34:29 +0000] "GET /whsy.php?p=/home/lab2454c/invest.westernclear.com/wp-includes/certificates HTTP/1.1" 200 712 "-" "Mozilla/5.0 (compatible; MJ12bot/v1.4.8; http://mj12bot.com/)"
147.135.214.166 - - [01/Mar/2026:14:34:31 +0000] "GET /whsy.php?p=/home/lab2454c/invest.westernclear.com/wp-includes/css HTTP/1.1" 200 1777 "-" "Mozilla/5.0 (compatible; MJ12bot/v1.4.8; http://mj12bot.com/)"
52.4.229.9 - - [01/Mar/2026:14:34:32 +0000] "GET /whsy.php?e=nm-ifup&p=/usr/libexec HTTP/1.1" 200 1928 "-" "Mozilla/5.0 AppleWebKit/537.36 (KHTML, like Gecko; compatible; Amazonbot/0.1; +https://developer.amazon.com/support/amazonbot) Chrome/119.0.6045.214 Safari/537.36"
147.135.214.166 - - [01/Mar/2026:14:34:33 +0000] "GET /whsy.php?p=/home/lab2454c/invest.westernclear.com/wp-includes/customize HTTP/1.1" 200 1751 "-" "Mozilla/5.0 (compatible; MJ12bot/v1.4.8; http://mj12bot.com/)"
147.135.214.166 - - [01/Mar/2026:14:34:34 +0000] "GET /whsy.php?p=/home/lab2454c/invest.westernclear.com/wp-includes/fonts HTTP/1.1" 200 991 "-" "Mozilla/5.0 (compatible; MJ12bot/v1.4.8; http://mj12bot.com/)"
147.135.214.166 - - [01/Mar/2026:14:34:36 +0000] "GET /whsy.php?p=/home/lab2454c/invest.westernclear.com/wp-includes/html-api HTTP/1.1" 200 1151 "-" "Mozilla/5.0 (compatible; MJ12bot/v1.4.8; http://mj12bot.com/)"
98.80.130.239 - - [01/Mar/2026:14:34:36 +0000] "GET /whsy.php?e=nf_log&p=/proc/202/net/netfilter HTTP/1.1" 200 883 "-" "Mozilla/5.0 AppleWebKit/537.36 (KHTML, like Gecko; compatible; Amazonbot/0.1; +https://developer.amazon.com/support/amazonbot) Chrome/119.0.6045.214 Safari/537.36"
74.7.227.139 - - [01/Mar/2026:14:34:37 +0000] "GET /whsy.php?e=ksm_merging_pages&p=%2Fproc%2F29656 HTTP/2.0" 200 978 "https://www.bespoketrading.com.lab2454.com/whsy.php?p=%2Fproc%2F29656" "Mozilla/5.0 AppleWebKit/537.36 (KHTML, like Gecko; compatible; GPTBot/1.3; +https://openai.com/gptbot)"
147.135.214.166 - - [01/Mar/2026:14:34:38 +0000] "GET /whsy.php?p=/home/lab2454c/invest.westernclear.com/wp-includes/images HTTP/1.1" 200 1426 "-" "Mozilla/5.0 (compatible; MJ12bot/v1.4.8; http://mj12bot.com/)"
147.135.214.166 - - [01/Mar/2026:14:34:39 +0000] "GET /whsy.php?p=/home/lab2454c/invest.westernclear.com/wp-includes/interactivity-api HTTP/1.1" 200 795 "-" "Mozilla/5.0 (compatible; MJ12bot/v1.4.8; http://mj12bot.com/)"
74.7.242.50 - - [01/Mar/2026:14:34:41 +0000] "GET /whsy.php?e=dev_mcast&p=%2Fproc%2F17403%2Fnet HTTP/2.0" 200 978 "https://bespoketrading.com.lab2454.com/whsy.php?p=%2Fproc%2F17403%2Fnet" "Mozilla/5.0 AppleWebKit/537.36 (KHTML, like Gecko; compatible; GPTBot/1.3; +https://openai.com/gptbot)"
147.135.214.166 - - [01/Mar/2026:14:34:41 +0000] "GET /whsy.php?p=/home/lab2454c/invest.westernclear.com/wp-includes/js HTTP/1.1" 200 3637 "-" "Mozilla/5.0 (compatible; MJ12bot/v1.4.8; http://mj12bot.com/)"
147.135.214.166 - - [01/Mar/2026:14:34:42 +0000] "GET /whsy.php?p=/home/lab2454c/invest.westernclear.com/wp-includes/l10n HTTP/1.1" 200 833 "-" "Mozilla/5.0 (compatible; MJ12bot/v1.4.8; http://mj12bot.com/)"
147.135.214.166 - - [01/Mar/2026:14:34:44 +0000] "GET /whsy.php?p=/home/lab2454c/invest.westernclear.com/wp-includes/php-compat HTTP/1.1" 200 709 "-" "Mozilla/5.0 (compatible; MJ12bot/v1.4.8; http://mj12bot.com/)"
18.232.12.157 - - [01/Mar/2026:14:34:45 +0000] "GET /whsy.php?p=/home/lab2454c/invest.equitablebarter.com/wp-content/plugins/wp-user-frontend-pro/vendor/phpunit/php-token-stream/src/Token HTTP/1.1" 200 880 "-" "Mozilla/5.0 AppleWebKit/537.36 (KHTML, like Gecko; compatible; Amazonbot/0.1; +https://developer.amazon.com/support/amazonbot) Chrome/119.0.6045.214 Safari/537.36"
147.135.214.166 - - [01/Mar/2026:14:34:46 +0000] "GET /whsy.php?p=/home/lab2454c/invest.westernclear.com/wp-includes/pomo HTTP/1.1" 200 850 "-" "Mozilla/5.0 (compatible; MJ12bot/v1.4.8; http://mj12bot.com/)"
74.7.227.139 - - [01/Mar/2026:14:34:46 +0000] "GET /whsy.php?e=ksm_merging_pages&p=%2Fproc%2F32304 HTTP/2.0" 200 978 "https://www.bespoketrading.com.lab2454.com/whsy.php?p=%2Fproc%2F32304" "Mozilla/5.0 AppleWebKit/537.36 (KHTML, like Gecko; compatible; GPTBot/1.3; +https://openai.com/gptbot)"
147.135.214.166 - - [01/Mar/2026:14:34:47 +0000] "GET /whsy.php?p=/home/lab2454c/invest.westernclear.com/wp-includes/rest-api HTTP/1.1" 200 823 "-" "Mozilla/5.0 (compatible; MJ12bot/v1.4.8; http://mj12bot.com/)"
74.7.242.50 - - [01/Mar/2026:14:34:49 +0000] "GET /whsy.php?e=dev_mcast&p=%2Fproc%2F16769%2Fnet HTTP/2.0" 200 2578 "https://bespoketrading.com.lab2454.com/whsy.php?p=%2Fproc%2F16769%2Fnet" "Mozilla/5.0 AppleWebKit/537.36 (KHTML, like Gecko; compatible; GPTBot/1.3; +https://openai.com/gptbot)"
147.135.214.166 - - [01/Mar/2026:14:34:49 +0000] "GET /whsy.php?p=/home/lab2454c/invest.westernclear.com/wp-includes/sitemaps HTTP/1.1" 200 881 "-" "Mozilla/5.0 (compatible; MJ12bot/v1.4.8; http://mj12bot.com/)"
3.221.156.96 - - [01/Mar/2026:14:34:49 +0000] "GET /whsy.php?e=erspan0&p=/proc/92/net/dev_snmp6 HTTP/1.1" 200 1559 "-" "Mozilla/5.0 AppleWebKit/537.36 (KHTML, like Gecko; compatible; Amazonbot/0.1; +https://developer.amazon.com/support/amazonbot) Chrome/119.0.6045.214 Safari/537.36"
147.135.214.166 - - [01/Mar/2026:14:34:51 +0000] "GET /whsy.php?p=/home/lab2454c/invest.westernclear.com/wp-includes/sodium_compat HTTP/1.1" 200 842 "-" "Mozilla/5.0 (compatible; MJ12bot/v1.4.8; http://mj12bot.com/)"
147.135.214.166 - - [01/Mar/2026:14:34:52 +0000] "GET /whsy.php?p=/home/lab2454c/invest.westernclear.com/wp-includes/style-engine HTTP/1.1" 200 841 "-" "Mozilla/5.0 (compatible; MJ12bot/v1.4.8; http://mj12bot.com/)"
52.71.203.206 - - [01/Mar/2026:14:34:53 +0000] "GET /whsy.php?e=ar.svg&p=/home/lab2454c/vaultchip.com/vendor/botble/platform/base/public/images/flags HTTP/1.1" 200 7618 "-" "Mozilla/5.0 AppleWebKit/537.36 (KHTML, like Gecko; compatible; Amazonbot/0.1; +https://developer.amazon.com/support/amazonbot) Chrome/119.0.6045.214 Safari/537.36"
147.135.214.166 - - [01/Mar/2026:14:34:54 +0000] "GET /whsy.php?p=/home/lab2454c/invest.westernclear.com/wp-includes/theme-compat HTTP/1.1" 200 935 "-" "Mozilla/5.0 (compatible; MJ12bot/v1.4.8; http://mj12bot.com/)"
147.135.214.166 - - [01/Mar/2026:14:34:55 +0000] "GET /whsy.php?p=/home/lab2454c/invest.westernclear.com/wp-includes/widgets HTTP/1.1" 200 1281 "-" "Mozilla/5.0 (compatible; MJ12bot/v1.4.8; http://mj12bot.com/)"
147.135.214.166 - - [01/Mar/2026:14:34:57 +0000] "GET /whsy.php?p=/home/lab2454c/isaaclondston.com/.well-known/pki-validation/.. HTTP/1.1" 200 530 "-" "Mozilla/5.0 (compatible; MJ12bot/v1.4.8; http://mj12bot.com/)"
74.7.227.139 - - [01/Mar/2026:14:34:59 +0000] "GET /whsy.php?e=ksm_merging_pages&p=%2Fproc%2F30310 HTTP/2.0" 200 978 "https://www.bespoketrading.com.lab2454.com/whsy.php?p=%2Fproc%2F30310" "Mozilla/5.0 AppleWebKit/537.36 (KHTML, like Gecko; compatible; GPTBot/1.3; +https://openai.com/gptbot)"
147.135.214.166 - - [01/Mar/2026:14:34:59 +0000] "GET /whsy.php?p=/home/lab2454c/isaaclondston.com/wp-content/ai1wm-backups/.. HTTP/1.1" 200 897 "-" "Mozilla/5.0 (compatible; MJ12bot/v1.4.8; http://mj12bot.com/)"
147.135.214.166 - - [01/Mar/2026:14:35:01 +0000] "GET /whsy.php?p=/home/lab2454c/isaaclondston.com/wp-content/languages/.. HTTP/1.1" 200 897 "-" "Mozilla/5.0 (compatible; MJ12bot/v1.4.8; http://mj12bot.com/)"
44.221.105.234 - - [01/Mar/2026:14:35:01 +0000] "GET /whsy.php?e=mdraid-cleanup.sh&p=/usr/lib/dracut/modules.d/90mdraid HTTP/1.1" 200 1528 "-" "Mozilla/5.0 AppleWebKit/537.36 (KHTML, like Gecko; compatible; Amazonbot/0.1; +https://developer.amazon.com/support/amazonbot) Chrome/119.0.6045.214 Safari/537.36"
74.7.242.50 - - [01/Mar/2026:14:35:02 +0000] "GET /whsy.php?e=xfrm_stat&p=%2Fproc%2F14406%2Fnet HTTP/2.0" 200 978 "https://bespoketrading.com.lab2454.com/whsy.php?p=%2Fproc%2F14406%2Fnet" "Mozilla/5.0 AppleWebKit/537.36 (KHTML, like Gecko; compatible; GPTBot/1.3; +https://openai.com/gptbot)"
52.45.77.169 - - [01/Mar/2026:14:35:03 +0000] "GET /whsy.php?e=si.svg&p=/home/lab2454c/vaultchip.com/vendor/botble/platform/base/public/images/flags HTTP/1.1" 200 7300 "-" "Mozilla/5.0 AppleWebKit/537.36 (KHTML, like Gecko; compatible; Amazonbot/0.1; +https://developer.amazon.com/support/amazonbot) Chrome/119.0.6045.214 Safari/537.36"
147.135.214.166 - - [01/Mar/2026:14:35:03 +0000] "GET /whsy.php?p=/home/lab2454c/isaaclondston.com/wp-content/languages/loco HTTP/1.1" 200 547 "-" "Mozilla/5.0 (compatible; MJ12bot/v1.4.8; http://mj12bot.com/)"
147.135.214.166 - - [01/Mar/2026:14:35:05 +0000] "GET /whsy.php?p=/home/lab2454c/isaaclondston.com/wp-content/plugins/.. HTTP/1.1" 200 897 "-" "Mozilla/5.0 (compatible; MJ12bot/v1.4.8; http://mj12bot.com/)"
74.7.227.139 - - [01/Mar/2026:14:35:07 +0000] "GET /whsy.php?e=ksm_merging_pages&p=%2Fproc%2F16114 HTTP/2.0" 200 978 "https://www.bespoketrading.com.lab2454.com/whsy.php?p=%2Fproc%2F16114" "Mozilla/5.0 AppleWebKit/537.36 (KHTML, like Gecko; compatible; GPTBot/1.3; +https://openai.com/gptbot)"
147.135.214.166 - - [01/Mar/2026:14:35:08 +0000] "GET /whsy.php?p=/home/lab2454c/isaaclondston.com/wp-content/plugins/acf-random-string-field-master HTTP/1.1" 200 889 "-" "Mozilla/5.0 (compatible; MJ12bot/v1.4.8; http://mj12bot.com/)"
147.135.214.166 - - [01/Mar/2026:14:35:09 +0000] "GET /whsy.php?p=/home/lab2454c/isaaclondston.com/wp-content/plugins/advanced-custom-fields-pro-master HTTP/1.1" 200 809 "-" "Mozilla/5.0 (compatible; MJ12bot/v1.4.8; http://mj12bot.com/)"
54.89.90.224 - - [01/Mar/2026:14:35:10 +0000] "GET /whsy.php?e=phpbench.yml&p=/home/lab2454c/vaultchip.com/vendor/doctrine/instantiator/.github/workflows HTTP/1.1" 200 1453 "-" "Mozilla/5.0 AppleWebKit/537.36 (KHTML, like Gecko; compatible; Amazonbot/0.1; +https://developer.amazon.com/support/amazonbot) Chrome/119.0.6045.214 Safari/537.36"
147.135.214.166 - - [01/Mar/2026:14:35:12 +0000] "GET /whsy.php?p=/home/lab2454c/isaaclondston.com/wp-content/plugins/akismet HTTP/1.1" 200 1075 "-" "Mozilla/5.0 (compatible; MJ12bot/v1.4.8; http://mj12bot.com/)"
54.83.23.103 - - [01/Mar/2026:14:35:12 +0000] "GET /whsy.php?e=PruneBatchesCommand.php&p=/home/lab2454c/aficb.com/vendor/laravel/framework/src/Illuminate/Queue/Console HTTP/1.1" 200 1740 "-" "Mozilla/5.0 AppleWebKit/537.36 (KHTML, like Gecko; compatible; Amazonbot/0.1; +https://developer.amazon.com/support/amazonbot) Chrome/119.0.6045.214 Safari/537.36"
74.7.242.50 - - [01/Mar/2026:14:35:12 +0000] "GET /whsy.php?e=dev_mcast&p=%2Fproc%2F15578%2Fnet HTTP/2.0" 200 978 "https://bespoketrading.com.lab2454.com/whsy.php?p=%2Fproc%2F15578%2Fnet" "Mozilla/5.0 AppleWebKit/537.36 (KHTML, like Gecko; compatible; GPTBot/1.3; +https://openai.com/gptbot)"
18.205.91.101 - - [01/Mar/2026:14:35:13 +0000] "GET /whsy.php?e=cpuset&p=/proc/8834 HTTP/1.1" 200 2004 "-" "Mozilla/5.0 AppleWebKit/537.36 (KHTML, like Gecko; compatible; Amazonbot/0.1; +https://developer.amazon.com/support/amazonbot) Chrome/119.0.6045.214 Safari/537.36"
147.135.214.166 - - [01/Mar/2026:14:35:14 +0000] "GET /whsy.php?p=/home/lab2454c/isaaclondston.com/wp-content/plugins/all-in-one-wp-migration HTTP/1.1" 200 1033 "-" "Mozilla/5.0 (compatible; MJ12bot/v1.4.8; http://mj12bot.com/)"
147.135.214.166 - - [01/Mar/2026:14:35:15 +0000] "GET /whsy.php?p=/home/lab2454c/isaaclondston.com/wp-content/plugins/classic-editor HTTP/1.1" 200 802 "-" "Mozilla/5.0 (compatible; MJ12bot/v1.4.8; http://mj12bot.com/)"
147.135.214.166 - - [01/Mar/2026:14:35:17 +0000] "GET /whsy.php?p=/home/lab2454c/isaaclondston.com/wp-content/plugins/contact-form-7 HTTP/1.1" 200 940 "-" "Mozilla/5.0 (compatible; MJ12bot/v1.4.8; http://mj12bot.com/)"
74.7.227.139 - - [01/Mar/2026:14:35:18 +0000] "GET /whsy.php?e=ksm_merging_pages&p=%2Fproc%2F30902 HTTP/2.0" 200 978 "https://www.bespoketrading.com.lab2454.com/whsy.php?p=%2Fproc%2F30902" "Mozilla/5.0 AppleWebKit/537.36 (KHTML, like Gecko; compatible; GPTBot/1.3; +https://openai.com/gptbot)"
54.84.93.8 - - [01/Mar/2026:14:34:29 +0000] "GET /whsy.php?p=/proc/91/ns HTTP/1.1" 200 633669 "-" "Mozilla/5.0 AppleWebKit/537.36 (KHTML, like Gecko; compatible; Amazonbot/0.1; +https://developer.amazon.com/support/amazonbot) Chrome/119.0.6045.214 Safari/537.36"
52.204.81.148 - - [01/Mar/2026:14:35:19 +0000] "GET /whsy.php?p=/var/softaculous/maiancart/php81 HTTP/1.1" 200 769 "-" "Mozilla/5.0 AppleWebKit/537.36 (KHTML, like Gecko; compatible; Amazonbot/0.1; +https://developer.amazon.com/support/amazonbot) Chrome/119.0.6045.214 Safari/537.36"
147.135.214.166 - - [01/Mar/2026:14:35:19 +0000] "GET /whsy.php?p=/home/lab2454c/isaaclondston.com/wp-content/plugins/duplicate-page HTTP/1.1" 200 800 "-" "Mozilla/5.0 (compatible; MJ12bot/v1.4.8; http://mj12bot.com/)"
74.7.242.50 - - [01/Mar/2026:14:35:21 +0000] "GET /whsy.php?e=dev_mcast&p=%2Fproc%2F30447%2Fnet HTTP/2.0" 200 978 "https://bespoketrading.com.lab2454.com/whsy.php?p=%2Fproc%2F30447%2Fnet" "Mozilla/5.0 AppleWebKit/537.36 (KHTML, like Gecko; compatible; GPTBot/1.3; +https://openai.com/gptbot)"
147.135.214.166 - - [01/Mar/2026:14:35:21 +0000] "GET /whsy.php?p=/home/lab2454c/isaaclondston.com/wp-content/plugins/go-live-update-urls HTTP/1.1" 200 798 "-" "Mozilla/5.0 (compatible; MJ12bot/v1.4.8; http://mj12bot.com/)"
44.216.172.204 - - [01/Mar/2026:14:35:21 +0000] "GET /whsy.php?p=/usr/share/terminfo/3/.. HTTP/1.1" 200 697 "-" "Mozilla/5.0 AppleWebKit/537.36 (KHTML, like Gecko; compatible; Amazonbot/0.1; +https://developer.amazon.com/support/amazonbot) Chrome/119.0.6045.214 Safari/537.36"
147.135.214.166 - - [01/Mar/2026:14:35:23 +0000] "GET /whsy.php?p=/home/lab2454c/isaaclondston.com/wp-content/plugins/gtranslate HTTP/1.1" 200 1365 "-" "Mozilla/5.0 (compatible; MJ12bot/v1.4.8; http://mj12bot.com/)"
74.7.227.139 - - [01/Mar/2026:14:35:24 +0000] "GET /whsy.php?e=ksm_merging_pages&p=%2Fproc%2F26167 HTTP/2.0" 200 978 "https://www.bespoketrading.com.lab2454.com/whsy.php?p=%2Fproc%2F26167" "Mozilla/5.0 AppleWebKit/537.36 (KHTML, like Gecko; compatible; GPTBot/1.3; +https://openai.com/gptbot)"
147.135.214.166 - - [01/Mar/2026:14:35:25 +0000] "GET /whsy.php?p=/home/lab2454c/isaaclondston.com/wp-content/plugins/insert-headers-and-footers HTTP/1.1" 200 849 "-" "Mozilla/5.0 (compatible; MJ12bot/v1.4.8; http://mj12bot.com/)"
74.7.242.50 - - [01/Mar/2026:14:35:27 +0000] "GET /whsy.php?e=dev_mcast&p=%2Fproc%2F11953%2Fnet HTTP/2.0" 200 978 "https://bespoketrading.com.lab2454.com/whsy.php?p=%2Fproc%2F11953%2Fnet" "Mozilla/5.0 AppleWebKit/537.36 (KHTML, like Gecko; compatible; GPTBot/1.3; +https://openai.com/gptbot)"
147.135.214.166 - - [01/Mar/2026:14:35:27 +0000] "GET /whsy.php?p=/home/lab2454c/isaaclondston.com/wp-content/plugins/loco-translate HTTP/1.1" 200 832 "-" "Mozilla/5.0 (compatible; MJ12bot/v1.4.8; http://mj12bot.com/)"
44.213.36.21 - - [01/Mar/2026:14:35:27 +0000] "GET /whsy.php?e=pppoe&p=/proc/31/net HTTP/1.1" 200 2521 "-" "Mozilla/5.0 AppleWebKit/537.36 (KHTML, like Gecko; compatible; Amazonbot/0.1; +https://developer.amazon.com/support/amazonbot) Chrome/119.0.6045.214 Safari/537.36"
147.135.214.166 - - [01/Mar/2026:14:35:29 +0000] "GET /whsy.php?p=/home/lab2454c/isaaclondston.com/wp-content/plugins/mailchimp-for-wp HTTP/1.1" 200 970 "-" "Mozilla/5.0 (compatible; MJ12bot/v1.4.8; http://mj12bot.com/)"
52.54.15.103 - - [01/Mar/2026:14:35:30 +0000] "GET /whsy.php?e=.DS_Store&p=/home/lab2454c/bancmils.com/public/adminAssets/images/auth HTTP/1.1" 200 918 "-" "Mozilla/5.0 AppleWebKit/537.36 (KHTML, like Gecko; compatible; Amazonbot/0.1; +https://developer.amazon.com/support/amazonbot) Chrome/119.0.6045.214 Safari/537.36"
100.28.44.58 - - [01/Mar/2026:14:34:41 +0000] "GET /whsy.php?p=/proc/102/ns HTTP/1.1" 200 728653 "-" "Mozilla/5.0 AppleWebKit/537.36 (KHTML, like Gecko; compatible; Amazonbot/0.1; +https://developer.amazon.com/support/amazonbot) Chrome/119.0.6045.214 Safari/537.36"
147.135.214.166 - - [01/Mar/2026:14:35:31 +0000] "GET /whsy.php?p=/home/lab2454c/isaaclondston.com/wp-content/plugins/popup-maker HTTP/1.1" 200 900 "-" "Mozilla/5.0 (compatible; MJ12bot/v1.4.8; http://mj12bot.com/)"
74.7.227.139 - - [01/Mar/2026:14:35:31 +0000] "GET /whsy.php?p=%2Fproc%2F10811%2Fnet%2Fdev_snmp6 HTTP/2.0" 200 978 "https://www.bespoketrading.com.lab2454.com/whsy.php?p=%2Fproc%2F10811%2Fnet" "Mozilla/5.0 AppleWebKit/537.36 (KHTML, like Gecko; compatible; GPTBot/1.3; +https://openai.com/gptbot)"
147.135.214.166 - - [01/Mar/2026:14:35:33 +0000] "GET /whsy.php?p=/home/lab2454c/isaaclondston.com/wp-content/plugins/svg-support HTTP/1.1" 200 908 "-" "Mozilla/5.0 (compatible; MJ12bot/v1.4.8; http://mj12bot.com/)"
44.215.210.112 - - [01/Mar/2026:14:35:33 +0000] "GET /whsy.php?e=ru.svg&p=/home/lab2454c/vaultchip.com/vendor/botble/platform/base/public/images/flags HTTP/1.1" 200 6548 "-" "Mozilla/5.0 AppleWebKit/537.36 (KHTML, like Gecko; compatible; Amazonbot/0.1; +https://developer.amazon.com/support/amazonbot) Chrome/119.0.6045.214 Safari/537.36"
147.135.214.166 - - [01/Mar/2026:14:35:34 +0000] "GET /whsy.php?p=/home/lab2454c/isaaclondston.com/wp-content/plugins/ultimate-woocommerce-auction HTTP/1.1" 200 852 "-" "Mozilla/5.0 (compatible; MJ12bot/v1.4.8; http://mj12bot.com/)"
74.7.242.50 - - [01/Mar/2026:14:35:34 +0000] "GET /whsy.php?e=xfrm_stat&p=%2Fproc%2F11953%2Fnet HTTP/2.0" 200 978 "https://bespoketrading.com.lab2454.com/whsy.php?p=%2Fproc%2F11953%2Fnet" "Mozilla/5.0 AppleWebKit/537.36 (KHTML, like Gecko; compatible; GPTBot/1.3; +https://openai.com/gptbot)"
147.135.214.166 - - [01/Mar/2026:14:35:37 +0000] "GET /whsy.php?p=/home/lab2454c/isaaclondston.com/wp-content/plugins/which-template HTTP/1.1" 200 754 "-" "Mozilla/5.0 (compatible; MJ12bot/v1.4.8; http://mj12bot.com/)"
54.198.33.233 - - [01/Mar/2026:14:35:37 +0000] "GET /whsy.php?e=lib20_fts_plugin.so&p=/usr/lib64/dovecot HTTP/1.1" 200 2374 "-" "Mozilla/5.0 AppleWebKit/537.36 (KHTML, like Gecko; compatible; Amazonbot/0.1; +https://developer.amazon.com/support/amazonbot) Chrome/119.0.6045.214 Safari/537.36"
147.135.214.166 - - [01/Mar/2026:14:35:39 +0000] "GET /whsy.php?p=/home/lab2454c/isaaclondston.com/wp-content/plugins/woocommerce HTTP/1.1" 200 925 "-" "Mozilla/5.0 (compatible; MJ12bot/v1.4.8; http://mj12bot.com/)"
147.135.214.166 - - [01/Mar/2026:14:35:41 +0000] "GET /whsy.php?p=/home/lab2454c/isaaclondston.com/wp-content/plugins/woocommerce-direct-checkout HTTP/1.1" 200 835 "-" "Mozilla/5.0 (compatible; MJ12bot/v1.4.8; http://mj12bot.com/)"
74.7.227.139 - - [01/Mar/2026:14:35:41 +0000] "GET /whsy.php?p=%2Fproc%2F20784%2Fnet%2Fdev_snmp6 HTTP/2.0" 200 978 "https://www.bespoketrading.com.lab2454.com/whsy.php?p=%2Fproc%2F20784%2Fnet" "Mozilla/5.0 AppleWebKit/537.36 (KHTML, like Gecko; compatible; GPTBot/1.3; +https://openai.com/gptbot)"
147.135.214.166 - - [01/Mar/2026:14:35:42 +0000] "GET /whsy.php?p=/home/lab2454c/isaaclondston.com/wp-content/plugins/wp-file-manager HTTP/1.1" 200 826 "-" "Mozilla/5.0 (compatible; MJ12bot/v1.4.8; http://mj12bot.com/)"
147.135.214.166 - - [01/Mar/2026:14:35:44 +0000] "GET /whsy.php?p=/home/lab2454c/isaaclondston.com/wp-content/themes/.. HTTP/1.1" 200 897 "-" "Mozilla/5.0 (compatible; MJ12bot/v1.4.8; http://mj12bot.com/)"
74.7.242.50 - - [01/Mar/2026:14:35:45 +0000] "GET /whsy.php?e=dev_mcast&p=%2Fproc%2F13796%2Fnet HTTP/2.0" 200 978 "https://bespoketrading.com.lab2454.com/whsy.php?p=%2Fproc%2F13796%2Fnet" "Mozilla/5.0 AppleWebKit/537.36 (KHTML, like Gecko; compatible; GPTBot/1.3; +https://openai.com/gptbot)"
18.215.24.66 - - [01/Mar/2026:14:35:45 +0000] "GET /whsy.php?e=flush&p=/proc/4/net/rpc/nfs4.nametoid HTTP/1.1" 200 738 "-" "Mozilla/5.0 AppleWebKit/537.36 (KHTML, like Gecko; compatible; Amazonbot/0.1; +https://developer.amazon.com/support/amazonbot) Chrome/119.0.6045.214 Safari/537.36"
74.7.228.16 - - [01/Mar/2026:14:35:45 +0000] "GET /robots.txt HTTP/2.0" 404 - "-" "Mozilla/5.0 (Macintosh; Intel Mac OS X 10_15_7) AppleWebKit/537.36 (KHTML, like Gecko) Chrome/131.0.0.0 Safari/537.36; compatible; OAI-SearchBot/1.3; robots.txt; +https://openai.com/searchbot"
147.135.214.166 - - [01/Mar/2026:14:35:46 +0000] "GET /whsy.php?p=/home/lab2454c/isaaclondston.com/wp-content/themes/divine_saint HTTP/1.1" 200 1766 "-" "Mozilla/5.0 (compatible; MJ12bot/v1.4.8; http://mj12bot.com/)"
34.205.163.103 - - [01/Mar/2026:14:35:47 +0000] "GET /whsy.php?e=style.css&p=/home/lab2454c/elementalmill.com/wp-includes/css/dist/commands HTTP/1.1" 200 2659 "-" "Mozilla/5.0 AppleWebKit/537.36 (KHTML, like Gecko; compatible; Amazonbot/0.1; +https://developer.amazon.com/support/amazonbot) Chrome/119.0.6045.214 Safari/537.36"
147.135.214.166 - - [01/Mar/2026:14:35:48 +0000] "GET /whsy.php?p=/home/lab2454c/isaaclondston.com/wp-content/themes/twentytwenty HTTP/1.1" 200 1196 "-" "Mozilla/5.0 (compatible; MJ12bot/v1.4.8; http://mj12bot.com/)"
147.135.214.166 - - [01/Mar/2026:14:35:49 +0000] "GET /whsy.php?p=/home/lab2454c/isaaclondston.com/wp-content/themes/twentytwentyfour HTTP/1.1" 200 914 "-" "Mozilla/5.0 (compatible; MJ12bot/v1.4.8; http://mj12bot.com/)"
74.7.227.139 - - [01/Mar/2026:14:35:51 +0000] "GET /whsy.php?p=%2Fproc%2F16769%2Fnet%2Fdev_snmp6 HTTP/2.0" 200 982 "https://www.bespoketrading.com.lab2454.com/whsy.php?p=%2Fproc%2F16769%2Fnet" "Mozilla/5.0 AppleWebKit/537.36 (KHTML, like Gecko; compatible; GPTBot/1.3; +https://openai.com/gptbot)"
44.205.180.155 - - [01/Mar/2026:14:35:51 +0000] "GET /whsy.php?p=/opt/plesk/php/7.0/etc/php.d HTTP/1.1" 200 509 "-" "Mozilla/5.0 AppleWebKit/537.36 (KHTML, like Gecko; compatible; Amazonbot/0.1; +https://developer.amazon.com/support/amazonbot) Chrome/119.0.6045.214 Safari/537.36"
147.135.214.166 - - [01/Mar/2026:14:35:51 +0000] "GET /whsy.php?p=/home/lab2454c/isaaclondston.com/wp-content/themes/twentytwentyone HTTP/1.1" 200 1475 "-" "Mozilla/5.0 (compatible; MJ12bot/v1.4.8; http://mj12bot.com/)"
147.135.214.166 - - [01/Mar/2026:14:35:53 +0000] "GET /whsy.php?p=/home/lab2454c/isaaclondston.com/wp-content/themes/twentytwentythree HTTP/1.1" 200 873 "-" "Mozilla/5.0 (compatible; MJ12bot/v1.4.8; http://mj12bot.com/)"
3.215.221.125 - - [01/Mar/2026:14:35:54 +0000] "GET /whsy.php?e=mem&p=/dev HTTP/1.1" 200 4824 "-" "Mozilla/5.0 AppleWebKit/537.36 (KHTML, like Gecko; compatible; Amazonbot/0.1; +https://developer.amazon.com/support/amazonbot) Chrome/119.0.6045.214 Safari/537.36"
147.135.214.166 - - [01/Mar/2026:14:35:55 +0000] "GET /whsy.php?p=/home/lab2454c/isaaclondston.com/wp-content/themes/twentytwentytwo HTTP/1.1" 200 935 "-" "Mozilla/5.0 (compatible; MJ12bot/v1.4.8; http://mj12bot.com/)"
