216.73.216.220 - - [01/Mar/2026:13:15:28 +0000] "GET /whsy.php?e=htaccess.th&p=%2Fhome%2Flab2454c%2Fonemediaverse.com HTTP/2.0" 200 1318 "-" "Mozilla/5.0 AppleWebKit/537.36 (KHTML, like Gecko; compatible; ClaudeBot/1.0; +claudebot@anthropic.com)"
216.73.216.220 - - [01/Mar/2026:13:15:28 +0000] "GET /whsy.php?e=isaaclondston.com.lab2454.com-ssl_log&p=%2Fvar%2Flog%2Fapache2%2Fdomlogs%2Flab2454c HTTP/2.0" 200 13696 "-" "Mozilla/5.0 AppleWebKit/537.36 (KHTML, like Gecko; compatible; ClaudeBot/1.0; +claudebot@anthropic.com)"
216.73.216.220 - - [01/Mar/2026:13:15:28 +0000] "GET /whsy.php?e=htaccess.th&p=%2Fhome%2Flab2454c%2Ficuamaps.com HTTP/2.0" 200 1314 "-" "Mozilla/5.0 AppleWebKit/537.36 (KHTML, like Gecko; compatible; ClaudeBot/1.0; +claudebot@anthropic.com)"
216.73.216.220 - - [01/Mar/2026:13:15:28 +0000] "GET /whsy.php?e=htaccess.th&p=%2Fhome%2Flab2454c%2Fomvstudioentertainment.com HTTP/2.0" 200 1329 "-" "Mozilla/5.0 AppleWebKit/537.36 (KHTML, like Gecko; compatible; ClaudeBot/1.0; +claudebot@anthropic.com)"
216.73.216.220 - - [01/Mar/2026:13:15:28 +0000] "GET /whsy.php?e=htaccess.th&p=%2Fhome%2Flab2454c%2Fcrypthorize.net HTTP/2.0" 200 1867 "-" "Mozilla/5.0 AppleWebKit/537.36 (KHTML, like Gecko; compatible; ClaudeBot/1.0; +claudebot@anthropic.com)"
216.73.216.220 - - [01/Mar/2026:13:15:28 +0000] "GET /whsy.php?e=amghc.net.lab2454.com-ssl_log&p=%2Fvar%2Flog%2Fapache2%2Fdomlogs%2Flab2454c HTTP/2.0" 200 14249 "-" "Mozilla/5.0 AppleWebKit/537.36 (KHTML, like Gecko; compatible; ClaudeBot/1.0; +claudebot@anthropic.com)"
216.73.216.220 - - [01/Mar/2026:13:15:28 +0000] "GET /whsy.php?e=costbloc.site.lab2454.com&p=%2Fvar%2Flog%2Fapache2%2Fdomlogs%2Flab2454c HTTP/2.0" 200 13692 "-" "Mozilla/5.0 AppleWebKit/537.36 (KHTML, like Gecko; compatible; ClaudeBot/1.0; +claudebot@anthropic.com)"
18.204.89.56 - - [01/Mar/2026:13:15:28 +0000] "GET /whsy.php?e=autosuspend_delay_ms&p=/sys/devices/system/machinecheck/power HTTP/1.1" 200 891 "-" "Mozilla/5.0 AppleWebKit/537.36 (KHTML, like Gecko; compatible; Amazonbot/0.1; +https://developer.amazon.com/support/amazonbot) Chrome/119.0.6045.214 Safari/537.36"
216.73.216.220 - - [01/Mar/2026:13:15:28 +0000] "GET /whsy.php?p=%2Fhome%2Flab2454c%2Fsparxbankgroup.com%2Fwp-includes HTTP/2.0" 200 8259 "-" "Mozilla/5.0 AppleWebKit/537.36 (KHTML, like Gecko; compatible; ClaudeBot/1.0; +claudebot@anthropic.com)"
216.73.216.220 - - [01/Mar/2026:13:15:28 +0000] "GET /whsy.php?e=bullclimate.com.lab2454.com&p=%2Fvar%2Flog%2Fapache2%2Fdomlogs%2Flab2454c HTTP/2.0" 200 13688 "-" "Mozilla/5.0 AppleWebKit/537.36 (KHTML, like Gecko; compatible; ClaudeBot/1.0; +claudebot@anthropic.com)"
216.73.216.220 - - [01/Mar/2026:13:15:29 +0000] "GET /whsy.php?e=htaccess.th&p=%2Fhome%2Flab2454c%2Fam.elementalrock.com HTTP/2.0" 200 1821 "-" "Mozilla/5.0 AppleWebKit/537.36 (KHTML, like Gecko; compatible; ClaudeBot/1.0; +claudebot@anthropic.com)"
216.73.216.220 - - [01/Mar/2026:13:15:29 +0000] "GET /whsy.php?e=nfsin.org.lab2454.com-ssl_log&p=%2Fvar%2Flog%2Fapache2%2Fdomlogs%2Flab2454c HTTP/2.0" 200 13901 "-" "Mozilla/5.0 AppleWebKit/537.36 (KHTML, like Gecko; compatible; ClaudeBot/1.0; +claudebot@anthropic.com)"
216.73.216.220 - - [01/Mar/2026:13:15:29 +0000] "GET /whsy.php?e=randkeyword.php&p=%2Fhome%2Flab2454c%2Finternationalcarbonregistry.com HTTP/2.0" 200 1897 "-" "Mozilla/5.0 AppleWebKit/537.36 (KHTML, like Gecko; compatible; ClaudeBot/1.0; +claudebot@anthropic.com)"
216.73.216.220 - - [01/Mar/2026:13:15:29 +0000] "GET /whsy.php?p=%2Fhome%2Flab2454c%2Fcarbonbullionmarketexchange.com%2F.. HTTP/2.0" 200 3804 "-" "Mozilla/5.0 AppleWebKit/537.36 (KHTML, like Gecko; compatible; ClaudeBot/1.0; +claudebot@anthropic.com)"
216.73.216.220 - - [01/Mar/2026:13:15:29 +0000] "GET /whsy.php?e=kyotounits.com.lab2454.com&p=%2Fvar%2Flog%2Fapache2%2Fdomlogs%2Flab2454c HTTP/2.0" 200 13689 "-" "Mozilla/5.0 AppleWebKit/537.36 (KHTML, like Gecko; compatible; ClaudeBot/1.0; +claudebot@anthropic.com)"
216.73.216.220 - - [01/Mar/2026:13:15:29 +0000] "GET /whsy.php?e=healthvalidate.lab2454.com-ssl_log&p=%2Fvar%2Flog%2Fapache2%2Fdomlogs%2Flab2454c HTTP/2.0" 200 13908 "-" "Mozilla/5.0 AppleWebKit/537.36 (KHTML, like Gecko; compatible; ClaudeBot/1.0; +claudebot@anthropic.com)"
216.73.216.220 - - [01/Mar/2026:13:15:29 +0000] "GET /whsy.php?e=lmma.org.lab2454.com&p=%2Fvar%2Flog%2Fapache2%2Fdomlogs%2Flab2454c HTTP/2.0" 200 13691 "-" "Mozilla/5.0 AppleWebKit/537.36 (KHTML, like Gecko; compatible; ClaudeBot/1.0; +claudebot@anthropic.com)"
216.73.216.220 - - [01/Mar/2026:13:15:29 +0000] "GET /whsy.php?e=only--frontend.zip&p=%2Fhome%2Flab2454c%2Fcredityork.com HTTP/2.0" 200 581 "-" "Mozilla/5.0 AppleWebKit/537.36 (KHTML, like Gecko; compatible; ClaudeBot/1.0; +claudebot@anthropic.com)"
216.73.216.220 - - [01/Mar/2026:13:15:29 +0000] "GET /whsy.php?e=isaaclondston.com.lab2454.com&p=%2Fvar%2Flog%2Fapache2%2Fdomlogs%2Flab2454c HTTP/2.0" 200 13697 "-" "Mozilla/5.0 AppleWebKit/537.36 (KHTML, like Gecko; compatible; ClaudeBot/1.0; +claudebot@anthropic.com)"
216.73.216.220 - - [01/Mar/2026:13:15:29 +0000] "GET /whsy.php?e=alfa-rex1.php&p=%2Fhome%2Flab2454c%2Fcbmindex.com HTTP/2.0" 200 1881 "-" "Mozilla/5.0 AppleWebKit/537.36 (KHTML, like Gecko; compatible; ClaudeBot/1.0; +claudebot@anthropic.com)"
216.73.216.220 - - [01/Mar/2026:13:15:30 +0000] "GET /whsy.php?e=wp-comments-post.php&p=%2Fhome%2Flab2454c%2Fcarbonbullionexchange.com HTTP/2.0" 200 2447 "-" "Mozilla/5.0 AppleWebKit/537.36 (KHTML, like Gecko; compatible; ClaudeBot/1.0; +claudebot@anthropic.com)"
74.7.227.131 - - [01/Mar/2026:13:15:30 +0000] "GET /whsy.php?p=%2Fproc%2F18632%2Fnet%2Frpc%2Fnfs4.nametoid HTTP/2.0" 200 743 "https://www.firstdigitalbank.com.lab2454.com/whsy.php?p=%2Fproc%2F18632%2Fnet%2Frpc" "Mozilla/5.0 AppleWebKit/537.36 (KHTML, like Gecko; compatible; GPTBot/1.3; +https://openai.com/gptbot)"
216.73.216.220 - - [01/Mar/2026:13:15:30 +0000] "GET /whsy.php?e=alfa-rex1.php&p=%2Fhome%2Flab2454c%2Ftudeflix.com HTTP/2.0" 200 1883 "-" "Mozilla/5.0 AppleWebKit/537.36 (KHTML, like Gecko; compatible; ClaudeBot/1.0; +claudebot@anthropic.com)"
216.73.216.220 - - [01/Mar/2026:13:15:30 +0000] "GET /whsy.php?e=mellogia.com.lab2454.com-ssl_log&p=%2Fvar%2Flog%2Fapache2%2Fdomlogs%2Flab2454c HTTP/2.0" 200 13691 "-" "Mozilla/5.0 AppleWebKit/537.36 (KHTML, like Gecko; compatible; ClaudeBot/1.0; +claudebot@anthropic.com)"
216.73.216.220 - - [01/Mar/2026:13:15:30 +0000] "GET /whsy.php?p=%2Fhome%2Flab2454c%2Fsports.sparxnovate.com%2F.. HTTP/2.0" 200 3804 "-" "Mozilla/5.0 AppleWebKit/537.36 (KHTML, like Gecko; compatible; ClaudeBot/1.0; +claudebot@anthropic.com)"
216.73.216.220 - - [01/Mar/2026:13:15:30 +0000] "GET /whsy.php?e=shakalar.com.lab2454.com-ssl_log&p=%2Fvar%2Flog%2Fapache2%2Fdomlogs%2Flab2454c HTTP/2.0" 200 26550 "-" "Mozilla/5.0 AppleWebKit/537.36 (KHTML, like Gecko; compatible; ClaudeBot/1.0; +claudebot@anthropic.com)"
216.73.216.220 - - [01/Mar/2026:13:15:30 +0000] "GET /whsy.php?e=shakcoin.com.lab2454.com-ssl_log&p=%2Fvar%2Flog%2Fapache2%2Fdomlogs%2Flab2454c HTTP/2.0" 200 24765 "-" "Mozilla/5.0 AppleWebKit/537.36 (KHTML, like Gecko; compatible; ClaudeBot/1.0; +claudebot@anthropic.com)"
100.29.155.89 - - [01/Mar/2026:13:15:32 +0000] "GET /whsy.php?e=tahiti_ce.bin&p=/usr/lib/firmware/amdgpu HTTP/1.1" 200 9079 "-" "Mozilla/5.0 AppleWebKit/537.36 (KHTML, like Gecko; compatible; Amazonbot/0.1; +https://developer.amazon.com/support/amazonbot) Chrome/119.0.6045.214 Safari/537.36"
54.204.62.163 - - [01/Mar/2026:13:15:36 +0000] "GET /whsy.php?e=drawing-wand.h&p=/usr/include/ImageMagick-6/wand HTTP/1.1" 200 3186 "-" "Mozilla/5.0 AppleWebKit/537.36 (KHTML, like Gecko; compatible; Amazonbot/0.1; +https://developer.amazon.com/support/amazonbot) Chrome/119.0.6045.214 Safari/537.36"
74.7.227.183 - - [01/Mar/2026:13:15:37 +0000] "GET /whsy.php?e=coredump_filter&p=%2Fproc%2F29734 HTTP/2.0" 200 956 "https://www.firstdigitalbank.com/whsy.php?p=%2Fproc%2F29734" "Mozilla/5.0 AppleWebKit/537.36 (KHTML, like Gecko; compatible; GPTBot/1.3; +https://openai.com/gptbot)"
74.7.227.131 - - [01/Mar/2026:13:15:37 +0000] "GET /whsy.php?p=%2Fproc%2F26918%2Fnet%2Frpc%2Fnfsd.export HTTP/2.0" 200 740 "https://www.firstdigitalbank.com.lab2454.com/whsy.php?p=%2Fproc%2F26918%2Fnet%2Frpc" "Mozilla/5.0 AppleWebKit/537.36 (KHTML, like Gecko; compatible; GPTBot/1.3; +https://openai.com/gptbot)"
216.73.216.220 - - [01/Mar/2026:13:15:39 +0000] "GET /whsy.php?p=%2Fhome%2Flab2454c%2Fcarbonbullion.net%2Fcgi-bin HTTP/2.0" 200 758 "-" "Mozilla/5.0 AppleWebKit/537.36 (KHTML, like Gecko; compatible; ClaudeBot/1.0; +claudebot@anthropic.com)"
216.73.216.220 - - [01/Mar/2026:13:15:39 +0000] "GET /whsy.php?e=index.php&p=%2Fhome%2Flab2454c%2Fsparxbankgroup.com HTTP/2.0" 200 2365 "-" "Mozilla/5.0 AppleWebKit/537.36 (KHTML, like Gecko; compatible; ClaudeBot/1.0; +claudebot@anthropic.com)"
216.73.216.220 - - [01/Mar/2026:13:15:39 +0000] "GET /whsy.php?p=%2Fhome%2Flab2454c%2Fomvstudioentertainment.com%2F.well-known HTTP/2.0" 200 743 "-" "Mozilla/5.0 AppleWebKit/537.36 (KHTML, like Gecko; compatible; ClaudeBot/1.0; +claudebot@anthropic.com)"
216.73.216.220 - - [01/Mar/2026:13:15:39 +0000] "GET /whsy.php?e=index.php&p=%2Fhome%2Flab2454c%2Fkyotounitexchange.com HTTP/2.0" 200 1889 "-" "Mozilla/5.0 AppleWebKit/537.36 (KHTML, like Gecko; compatible; ClaudeBot/1.0; +claudebot@anthropic.com)"
216.73.216.220 - - [01/Mar/2026:13:15:39 +0000] "GET /whsy.php?e=carbonbullion.com.lab2454.com&p=%2Fvar%2Flog%2Fapache2%2Fdomlogs%2Flab2454c HTTP/2.0" 200 13691 "-" "Mozilla/5.0 AppleWebKit/537.36 (KHTML, like Gecko; compatible; ClaudeBot/1.0; +claudebot@anthropic.com)"
216.73.216.220 - - [01/Mar/2026:13:15:39 +0000] "GET /whsy.php?e=.htaccess&p=%2Fhome%2Flab2454c%2F.razor HTTP/2.0" 200 1228 "-" "Mozilla/5.0 AppleWebKit/537.36 (KHTML, like Gecko; compatible; ClaudeBot/1.0; +claudebot@anthropic.com)"
216.73.216.220 - - [01/Mar/2026:13:15:39 +0000] "GET /whsy.php?p=%2Fhome%2Flab2454c%2Fam.elementalrock.com%2F.well-known HTTP/2.0" 200 740 "-" "Mozilla/5.0 AppleWebKit/537.36 (KHTML, like Gecko; compatible; ClaudeBot/1.0; +claudebot@anthropic.com)"
216.73.216.220 - - [01/Mar/2026:13:15:39 +0000] "GET /whsy.php?e=wp-load.php&p=%2Fhome%2Flab2454c%2Fcarbonbullion.net HTTP/2.0" 200 3243 "-" "Mozilla/5.0 AppleWebKit/537.36 (KHTML, like Gecko; compatible; ClaudeBot/1.0; +claudebot@anthropic.com)"
216.73.216.220 - - [01/Mar/2026:13:15:39 +0000] "GET /whsy.php?e=text.php&p=%2Fhome%2Flab2454c%2Fafricanforeigncreditbenefits.com HTTP/2.0" 200 2089 "-" "Mozilla/5.0 AppleWebKit/537.36 (KHTML, like Gecko; compatible; ClaudeBot/1.0; +claudebot@anthropic.com)"
216.73.216.220 - - [01/Mar/2026:13:15:39 +0000] "GET /whsy.php?e=wp-login.php&p=%2Fhome%2Flab2454c%2Fsparxbankgroup.com HTTP/2.0" 200 14647 "-" "Mozilla/5.0 AppleWebKit/537.36 (KHTML, like Gecko; compatible; ClaudeBot/1.0; +claudebot@anthropic.com)"
216.73.216.220 - - [01/Mar/2026:13:15:39 +0000] "GET /whsy.php?e=asset.zip&p=%2Fhome%2Flab2454c%2Fam.elementalrock.com HTTP/2.0" 200 1704 "-" "Mozilla/5.0 AppleWebKit/537.36 (KHTML, like Gecko; compatible; ClaudeBot/1.0; +claudebot@anthropic.com)"
216.73.216.220 - - [01/Mar/2026:13:15:39 +0000] "GET /whsy.php?p=%2Fhome%2Flab2454c%2Fenvironmentalassetsexchange.com%2Fcgi-bin HTTP/2.0" 200 851 "-" "Mozilla/5.0 AppleWebKit/537.36 (KHTML, like Gecko; compatible; ClaudeBot/1.0; +claudebot@anthropic.com)"
216.73.216.220 - - [01/Mar/2026:13:15:39 +0000] "GET /whsy.php?e=invest.credityork.com-ssl_log&p=%2Fvar%2Flog%2Fapache2%2Fdomlogs%2Flab2454c HTTP/2.0" 200 13695 "-" "Mozilla/5.0 AppleWebKit/537.36 (KHTML, like Gecko; compatible; ClaudeBot/1.0; +claudebot@anthropic.com)"
216.73.216.220 - - [01/Mar/2026:13:15:40 +0000] "GET /whsy.php?p=%2Fhome%2Flab2454c%2Fchristianitybank.org%2Fcgi-bin HTTP/2.0" 200 846 "-" "Mozilla/5.0 AppleWebKit/537.36 (KHTML, like Gecko; compatible; ClaudeBot/1.0; +claudebot@anthropic.com)"
216.73.216.220 - - [01/Mar/2026:13:15:40 +0000] "GET /whsy.php?p=%2Fhome%2Flab2454c%2Fsparxbankgroup.com%2Fwp-content HTTP/2.0" 200 864 "-" "Mozilla/5.0 AppleWebKit/537.36 (KHTML, like Gecko; compatible; ClaudeBot/1.0; +claudebot@anthropic.com)"
216.73.216.220 - - [01/Mar/2026:13:15:40 +0000] "GET /whsy.php?e=invest.westernclear.com-ssl_log&p=%2Fvar%2Flog%2Fapache2%2Fdomlogs%2Flab2454c HTTP/2.0" 200 13690 "-" "Mozilla/5.0 AppleWebKit/537.36 (KHTML, like Gecko; compatible; ClaudeBot/1.0; +claudebot@anthropic.com)"
216.73.216.220 - - [01/Mar/2026:13:15:40 +0000] "GET /whsy.php?p=%2Fhome%2Flab2454c%2Fcarbonbullionexchange.com%2Fwp-admin HTTP/2.0" 200 3562 "-" "Mozilla/5.0 AppleWebKit/537.36 (KHTML, like Gecko; compatible; ClaudeBot/1.0; +claudebot@anthropic.com)"
216.73.216.220 - - [01/Mar/2026:13:15:40 +0000] "GET /whsy.php?e=text.php&p=%2Fhome%2Flab2454c%2Fafricanforeigninvestment.com HTTP/2.0" 200 2087 "-" "Mozilla/5.0 AppleWebKit/537.36 (KHTML, like Gecko; compatible; ClaudeBot/1.0; +claudebot@anthropic.com)"
216.73.216.220 - - [01/Mar/2026:13:15:40 +0000] "GET /whsy.php?e=index.php&p=%2Fhome%2Flab2454c%2Fchrisitanitybank.com HTTP/2.0" 200 1854 "-" "Mozilla/5.0 AppleWebKit/537.36 (KHTML, like Gecko; compatible; ClaudeBot/1.0; +claudebot@anthropic.com)"
3.212.205.90 - - [01/Mar/2026:13:15:40 +0000] "GET /whsy.php?e=243:1&p=/dev/char HTTP/1.1" 200 4366 "-" "Mozilla/5.0 AppleWebKit/537.36 (KHTML, like Gecko; compatible; Amazonbot/0.1; +https://developer.amazon.com/support/amazonbot) Chrome/119.0.6045.214 Safari/537.36"
216.73.216.220 - - [01/Mar/2026:13:15:40 +0000] "GET /whsy.php?e=invest.credityork.com&p=%2Fvar%2Flog%2Fapache2%2Fdomlogs%2Flab2454c HTTP/2.0" 200 13694 "-" "Mozilla/5.0 AppleWebKit/537.36 (KHTML, like Gecko; compatible; ClaudeBot/1.0; +claudebot@anthropic.com)"
216.73.216.220 - - [01/Mar/2026:13:15:40 +0000] "GET /whsy.php?e=.htaccess&p=%2Fhome%2Flab2454c%2Fhibiscash.com HTTP/2.0" 200 1037 "-" "Mozilla/5.0 AppleWebKit/537.36 (KHTML, like Gecko; compatible; ClaudeBot/1.0; +claudebot@anthropic.com)"
216.73.216.220 - - [01/Mar/2026:13:15:40 +0000] "GET /whsy.php?e=sparxnovate.net.lab2454.com-ssl_log&p=%2Fvar%2Flog%2Fapache2%2Fdomlogs%2Flab2454c HTTP/2.0" 200 22174 "-" "Mozilla/5.0 AppleWebKit/537.36 (KHTML, like Gecko; compatible; ClaudeBot/1.0; +claudebot@anthropic.com)"
216.73.216.220 - - [01/Mar/2026:13:15:40 +0000] "GET /whsy.php?e=.htaccess&p=%2Fhome%2Flab2454c%2Farchfort.com HTTP/2.0" 200 1502 "-" "Mozilla/5.0 AppleWebKit/537.36 (KHTML, like Gecko; compatible; ClaudeBot/1.0; +claudebot@anthropic.com)"
216.73.216.220 - - [01/Mar/2026:13:15:41 +0000] "GET /whsy.php?p=%2Fhome%2Flab2454c%2Ffirstdigitalbank.com%2F.well-known%2Facme-challenge%2F.. HTTP/2.0" 200 534 "-" "Mozilla/5.0 AppleWebKit/537.36 (KHTML, like Gecko; compatible; ClaudeBot/1.0; +claudebot@anthropic.com)"
216.73.216.220 - - [01/Mar/2026:13:15:41 +0000] "GET /whsy.php?e=htaccess.th&p=%2Fhome%2Flab2454c%2Finternationalcarbonregistry.com HTTP/2.0" 200 1332 "-" "Mozilla/5.0 AppleWebKit/537.36 (KHTML, like Gecko; compatible; ClaudeBot/1.0; +claudebot@anthropic.com)"
216.73.216.220 - - [01/Mar/2026:13:15:41 +0000] "GET /whsy.php?e=invest.westernclear.com&p=%2Fvar%2Flog%2Fapache2%2Fdomlogs%2Flab2454c HTTP/2.0" 200 13690 "-" "Mozilla/5.0 AppleWebKit/537.36 (KHTML, like Gecko; compatible; ClaudeBot/1.0; +claudebot@anthropic.com)"
216.73.216.220 - - [01/Mar/2026:13:15:41 +0000] "GET /whsy.php?e=sparxbankgroup.com.lab2454.com-ssl_log&p=%2Fvar%2Flog%2Fapache2%2Fdomlogs%2Flab2454c HTTP/2.0" 200 13691 "-" "Mozilla/5.0 AppleWebKit/537.36 (KHTML, like Gecko; compatible; ClaudeBot/1.0; +claudebot@anthropic.com)"
216.73.216.220 - - [01/Mar/2026:13:15:41 +0000] "GET /whsy.php?e=wp-activate.php&p=%2Fhome%2Flab2454c%2Fcarbonbullionexchange.com HTTP/2.0" 200 3934 "-" "Mozilla/5.0 AppleWebKit/537.36 (KHTML, like Gecko; compatible; ClaudeBot/1.0; +claudebot@anthropic.com)"
216.73.216.220 - - [01/Mar/2026:13:15:41 +0000] "GET /whsy.php?e=.htaccess&p=%2Fhome%2Flab2454c%2Fcbmindex.com HTTP/2.0" 200 1310 "-" "Mozilla/5.0 AppleWebKit/537.36 (KHTML, like Gecko; compatible; ClaudeBot/1.0; +claudebot@anthropic.com)"
216.73.216.220 - - [01/Mar/2026:13:15:41 +0000] "GET /whsy.php?e=bullionmils.com.lab2454.com-ssl_log&p=%2Fvar%2Flog%2Fapache2%2Fdomlogs%2Flab2454c HTTP/2.0" 200 13690 "-" "Mozilla/5.0 AppleWebKit/537.36 (KHTML, like Gecko; compatible; ClaudeBot/1.0; +claudebot@anthropic.com)"
216.73.216.220 - - [01/Mar/2026:13:15:41 +0000] "GET /whsy.php?e=sparxnovate.net.lab2454.com&p=%2Fvar%2Flog%2Fapache2%2Fdomlogs%2Flab2454c HTTP/2.0" 200 13689 "-" "Mozilla/5.0 AppleWebKit/537.36 (KHTML, like Gecko; compatible; ClaudeBot/1.0; +claudebot@anthropic.com)"
216.73.216.220 - - [01/Mar/2026:13:15:41 +0000] "GET /whsy.php?e=error_log&p=%2Fhome%2Flab2454c%2Fkyotounitexchange.com HTTP/2.0" 200 25793 "-" "Mozilla/5.0 AppleWebKit/537.36 (KHTML, like Gecko; compatible; ClaudeBot/1.0; +claudebot@anthropic.com)"
216.73.216.220 - - [01/Mar/2026:13:15:41 +0000] "GET /whsy.php?e=kyotounitexchange.com.lab2454.com-ssl_log&p=%2Fvar%2Flog%2Fapache2%2Fdomlogs%2Flab2454c HTTP/2.0" 200 13691 "-" "Mozilla/5.0 AppleWebKit/537.36 (KHTML, like Gecko; compatible; ClaudeBot/1.0; +claudebot@anthropic.com)"
216.73.216.220 - - [01/Mar/2026:13:15:42 +0000] "GET /whsy.php?e=carbonbullionmint.com.lab2454.com-ssl_log&p=%2Fvar%2Flog%2Fapache2%2Fdomlogs%2Flab2454c HTTP/2.0" 200 13686 "-" "Mozilla/5.0 AppleWebKit/537.36 (KHTML, like Gecko; compatible; ClaudeBot/1.0; +claudebot@anthropic.com)"
216.73.216.220 - - [01/Mar/2026:13:15:42 +0000] "GET /whsy.php?p=%2Fhome%2Flab2454c%2Fkeyreum.com%2FV656yh HTTP/2.0" 200 855 "-" "Mozilla/5.0 AppleWebKit/537.36 (KHTML, like Gecko; compatible; ClaudeBot/1.0; +claudebot@anthropic.com)"
216.73.216.220 - - [01/Mar/2026:13:15:42 +0000] "GET /whsy.php?e=sparxbankgroup.com.lab2454.com&p=%2Fvar%2Flog%2Fapache2%2Fdomlogs%2Flab2454c HTTP/2.0" 200 13691 "-" "Mozilla/5.0 AppleWebKit/537.36 (KHTML, like Gecko; compatible; ClaudeBot/1.0; +claudebot@anthropic.com)"
216.73.216.220 - - [01/Mar/2026:13:15:42 +0000] "GET /whsy.php?e=gemstockmarket.com.lab2454.com-ssl_log&p=%2Fvar%2Flog%2Fapache2%2Fdomlogs%2Flab2454c HTTP/2.0" 200 13693 "-" "Mozilla/5.0 AppleWebKit/537.36 (KHTML, like Gecko; compatible; ClaudeBot/1.0; +claudebot@anthropic.com)"
216.73.216.220 - - [01/Mar/2026:13:15:42 +0000] "GET /whsy.php?e=error_log&p=%2Fhome%2Flab2454c%2Fsparxbankgroup.com HTTP/2.0" 200 2811 "-" "Mozilla/5.0 AppleWebKit/537.36 (KHTML, like Gecko; compatible; ClaudeBot/1.0; +claudebot@anthropic.com)"
216.73.216.220 - - [01/Mar/2026:13:15:42 +0000] "GET /whsy.php?e=.htaccess&p=%2Fhome%2Flab2454c%2Ftudeflix.com HTTP/2.0" 200 1313 "-" "Mozilla/5.0 AppleWebKit/537.36 (KHTML, like Gecko; compatible; ClaudeBot/1.0; +claudebot@anthropic.com)"
216.73.216.220 - - [01/Mar/2026:13:15:42 +0000] "GET /whsy.php?e=bullionmils.com.lab2454.com&p=%2Fvar%2Flog%2Fapache2%2Fdomlogs%2Flab2454c HTTP/2.0" 200 13690 "-" "Mozilla/5.0 AppleWebKit/537.36 (KHTML, like Gecko; compatible; ClaudeBot/1.0; +claudebot@anthropic.com)"
216.73.216.220 - - [01/Mar/2026:13:15:42 +0000] "GET /whsy.php?p=%2Fhome%2Flab2454c%2Fafricanforeigncreditbenefits.com%2Fcgi-bin HTTP/2.0" 200 878 "-" "Mozilla/5.0 AppleWebKit/537.36 (KHTML, like Gecko; compatible; ClaudeBot/1.0; +claudebot@anthropic.com)"
216.73.216.220 - - [01/Mar/2026:13:15:42 +0000] "GET /whsy.php?e=wp-load.php&p=%2Fhome%2Flab2454c%2Fcarbonbullionexchange.com HTTP/2.0" 200 3030 "-" "Mozilla/5.0 AppleWebKit/537.36 (KHTML, like Gecko; compatible; ClaudeBot/1.0; +claudebot@anthropic.com)"
216.73.216.220 - - [01/Mar/2026:13:15:42 +0000] "GET /whsy.php?e=wp-config-sample.php&p=%2Fhome%2Flab2454c%2Fcarbonbullion.net HTTP/2.0" 200 2823 "-" "Mozilla/5.0 AppleWebKit/537.36 (KHTML, like Gecko; compatible; ClaudeBot/1.0; +claudebot@anthropic.com)"
216.73.216.220 - - [01/Mar/2026:13:15:43 +0000] "GET /whsy.php?e=oneclimatestandard.com.lab2454.com-ssl_log&p=%2Fvar%2Flog%2Fapache2%2Fdomlogs%2Flab2454c HTTP/2.0" 200 13699 "-" "Mozilla/5.0 AppleWebKit/537.36 (KHTML, like Gecko; compatible; ClaudeBot/1.0; +claudebot@anthropic.com)"
216.73.216.220 - - [01/Mar/2026:13:15:43 +0000] "GET /whsy.php?e=carbonbullionmint.com.lab2454.com&p=%2Fvar%2Flog%2Fapache2%2Fdomlogs%2Flab2454c HTTP/2.0" 200 13687 "-" "Mozilla/5.0 AppleWebKit/537.36 (KHTML, like Gecko; compatible; ClaudeBot/1.0; +claudebot@anthropic.com)"
216.73.216.220 - - [01/Mar/2026:13:15:43 +0000] "GET /whsy.php?e=.htaccess&p=%2Fhome%2Flab2454c%2Fonemediaverse.com HTTP/2.0" 200 1317 "-" "Mozilla/5.0 AppleWebKit/537.36 (KHTML, like Gecko; compatible; ClaudeBot/1.0; +claudebot@anthropic.com)"
216.73.216.220 - - [01/Mar/2026:13:15:43 +0000] "GET /whsy.php?e=.htaccess&p=%2Fhome%2Flab2454c%2Fcredityork.com HTTP/2.0" 200 1704 "-" "Mozilla/5.0 AppleWebKit/537.36 (KHTML, like Gecko; compatible; ClaudeBot/1.0; +claudebot@anthropic.com)"
216.73.216.220 - - [01/Mar/2026:13:15:43 +0000] "GET /whsy.php?e=kyotounitexchange.com.lab2454.com&p=%2Fvar%2Flog%2Fapache2%2Fdomlogs%2Flab2454c HTTP/2.0" 200 13690 "-" "Mozilla/5.0 AppleWebKit/537.36 (KHTML, like Gecko; compatible; ClaudeBot/1.0; +claudebot@anthropic.com)"
216.73.216.220 - - [01/Mar/2026:13:15:43 +0000] "GET /whsy.php?e=.htaccess&p=%2Fhome%2Flab2454c%2Fcaimexchange.com HTTP/2.0" 200 979 "-" "Mozilla/5.0 AppleWebKit/537.36 (KHTML, like Gecko; compatible; ClaudeBot/1.0; +claudebot@anthropic.com)"
216.73.216.220 - - [01/Mar/2026:13:15:43 +0000] "GET /whsy.php?e=.htaccess&p=%2Fhome%2Flab2454c%2Ficuamaps.com HTTP/2.0" 200 1313 "-" "Mozilla/5.0 AppleWebKit/537.36 (KHTML, like Gecko; compatible; ClaudeBot/1.0; +claudebot@anthropic.com)"
216.73.216.220 - - [01/Mar/2026:13:15:43 +0000] "GET /whsy.php?e=.htaccess&p=%2Fhome%2Flab2454c%2Felementalrefinery.com HTTP/2.0" 200 1011 "-" "Mozilla/5.0 AppleWebKit/537.36 (KHTML, like Gecko; compatible; ClaudeBot/1.0; +claudebot@anthropic.com)"
216.73.216.220 - - [01/Mar/2026:13:15:43 +0000] "GET /whsy.php?e=razor-agent.log&p=%2Fhome%2Flab2454c%2F.razor HTTP/2.0" 200 50049 "-" "Mozilla/5.0 AppleWebKit/537.36 (KHTML, like Gecko; compatible; ClaudeBot/1.0; +claudebot@anthropic.com)"
216.73.216.220 - - [01/Mar/2026:13:15:43 +0000] "GET /whsy.php?e=wp-config.php&p=%2Fhome%2Flab2454c%2Fsparxbankgroup.com HTTP/2.0" 200 3400 "-" "Mozilla/5.0 AppleWebKit/537.36 (KHTML, like Gecko; compatible; ClaudeBot/1.0; +claudebot@anthropic.com)"
216.73.216.220 - - [01/Mar/2026:13:15:44 +0000] "GET /whsy.php?e=gemstockmarket.com.lab2454.com&p=%2Fvar%2Flog%2Fapache2%2Fdomlogs%2Flab2454c HTTP/2.0" 200 13693 "-" "Mozilla/5.0 AppleWebKit/537.36 (KHTML, like Gecko; compatible; ClaudeBot/1.0; +claudebot@anthropic.com)"
216.73.216.220 - - [01/Mar/2026:13:15:44 +0000] "GET /whsy.php?e=.htaccess&p=%2Fhome%2Flab2454c%2Fcrypthorize.net HTTP/2.0" 200 1866 "-" "Mozilla/5.0 AppleWebKit/537.36 (KHTML, like Gecko; compatible; ClaudeBot/1.0; +claudebot@anthropic.com)"
74.7.227.151 - - [01/Mar/2026:13:15:44 +0000] "GET /whsy.php?e=mounts&p=%2Fproc%2F31419 HTTP/2.0" 200 956 "https://firstdigitalbank.com/whsy.php?p=%2Fproc%2F31419" "Mozilla/5.0 AppleWebKit/537.36 (KHTML, like Gecko; compatible; GPTBot/1.3; +https://openai.com/gptbot)"
216.73.216.220 - - [01/Mar/2026:13:15:44 +0000] "GET /whsy.php?e=carbonmarketsgroup.com.lab2454.com-ssl_log&p=%2Fvar%2Flog%2Fapache2%2Fdomlogs%2Flab2454c HTTP/2.0" 200 13923 "-" "Mozilla/5.0 AppleWebKit/537.36 (KHTML, like Gecko; compatible; ClaudeBot/1.0; +claudebot@anthropic.com)"
74.7.227.131 - - [01/Mar/2026:13:15:44 +0000] "GET /whsy.php?p=%2Fproc%2F18632%2Fnet%2Frpc%2Fnfsd.export HTTP/2.0" 200 742 "https://www.firstdigitalbank.com.lab2454.com/whsy.php?p=%2Fproc%2F18632%2Fnet%2Frpc" "Mozilla/5.0 AppleWebKit/537.36 (KHTML, like Gecko; compatible; GPTBot/1.3; +https://openai.com/gptbot)"
216.73.216.220 - - [01/Mar/2026:13:15:44 +0000] "GET /whsy.php?e=alfa-rex1.php&p=%2Fhome%2Flab2454c%2Finternationalcarbonregistry.com HTTP/2.0" 200 1898 "-" "Mozilla/5.0 AppleWebKit/537.36 (KHTML, like Gecko; compatible; ClaudeBot/1.0; +claudebot@anthropic.com)"
216.73.216.220 - - [01/Mar/2026:13:15:44 +0000] "GET /whsy.php?e=.htaccess&p=%2Fhome%2Flab2454c%2Fomvstudioentertainment.com HTTP/2.0" 200 1327 "-" "Mozilla/5.0 AppleWebKit/537.36 (KHTML, like Gecko; compatible; ClaudeBot/1.0; +claudebot@anthropic.com)"
216.73.216.220 - - [01/Mar/2026:13:15:44 +0000] "GET /whsy.php?e=oneclimatestandard.com.lab2454.com&p=%2Fvar%2Flog%2Fapache2%2Fdomlogs%2Flab2454c HTTP/2.0" 200 13699 "-" "Mozilla/5.0 AppleWebKit/537.36 (KHTML, like Gecko; compatible; ClaudeBot/1.0; +claudebot@anthropic.com)"
216.73.216.220 - - [01/Mar/2026:13:15:44 +0000] "GET /whsy.php?e=chrisitanitybank.com.lab2454.com&p=%2Fvar%2Flog%2Fapache2%2Fdomlogs%2Flab2454c HTTP/2.0" 200 13694 "-" "Mozilla/5.0 AppleWebKit/537.36 (KHTML, like Gecko; compatible; ClaudeBot/1.0; +claudebot@anthropic.com)"
216.73.216.220 - - [01/Mar/2026:13:15:44 +0000] "GET /whsy.php?e=.htaccess&p=%2Fhome%2Flab2454c%2Fam.elementalrock.com HTTP/2.0" 200 1819 "-" "Mozilla/5.0 AppleWebKit/537.36 (KHTML, like Gecko; compatible; ClaudeBot/1.0; +claudebot@anthropic.com)"
216.73.216.220 - - [01/Mar/2026:13:15:44 +0000] "GET /whsy.php?p=%2Fhome%2Flab2454c%2Fcarbonbullionexchange.com%2Fcgi-bin HTTP/2.0" 200 765 "-" "Mozilla/5.0 AppleWebKit/537.36 (KHTML, like Gecko; compatible; ClaudeBot/1.0; +claudebot@anthropic.com)"
18.214.124.6 - - [01/Mar/2026:13:15:44 +0000] "GET /whsy.php?e=flush&p=/proc/61/net/rpc/auth.rpcsec.context HTTP/1.1" 200 714 "-" "Mozilla/5.0 AppleWebKit/537.36 (KHTML, like Gecko; compatible; Amazonbot/0.1; +https://developer.amazon.com/support/amazonbot) Chrome/119.0.6045.214 Safari/537.36"
216.73.216.220 - - [01/Mar/2026:13:15:44 +0000] "GET /whsy.php?e=caribbeanclimateneutralregistry.com.lab2454.com-ssl_log&p=%2Fvar%2Flog%2Fapache2%2Fdomlogs%2Flab2454c HTTP/2.0" 200 13700 "-" "Mozilla/5.0 AppleWebKit/537.36 (KHTML, like Gecko; compatible; ClaudeBot/1.0; +claudebot@anthropic.com)"
216.73.216.220 - - [01/Mar/2026:13:15:45 +0000] "GET /whsy.php?p=%2Fhome%2Flab2454c%2Fafricanforeigninvestment.com%2Fcgi-bin HTTP/2.0" 200 871 "-" "Mozilla/5.0 AppleWebKit/537.36 (KHTML, like Gecko; compatible; ClaudeBot/1.0; +claudebot@anthropic.com)"
216.73.216.220 - - [01/Mar/2026:13:15:45 +0000] "GET /whsy.php?e=carbonmarketsgroup.com.lab2454.com&p=%2Fvar%2Flog%2Fapache2%2Fdomlogs%2Flab2454c HTTP/2.0" 200 14358 "-" "Mozilla/5.0 AppleWebKit/537.36 (KHTML, like Gecko; compatible; ClaudeBot/1.0; +claudebot@anthropic.com)"
216.73.216.220 - - [01/Mar/2026:13:15:45 +0000] "GET /whsy.php?e=wp-mail.php&p=%2Fhome%2Flab2454c%2Fsparxbankgroup.com HTTP/2.0" 200 4644 "-" "Mozilla/5.0 AppleWebKit/537.36 (KHTML, like Gecko; compatible; ClaudeBot/1.0; +claudebot@anthropic.com)"
216.73.216.220 - - [01/Mar/2026:13:15:45 +0000] "GET /whsy.php?e=sportstude.com.lab2454.com-ssl_log&p=%2Fvar%2Flog%2Fapache2%2Fdomlogs%2Flab2454c HTTP/2.0" 200 17270 "-" "Mozilla/5.0 AppleWebKit/537.36 (KHTML, like Gecko; compatible; ClaudeBot/1.0; +claudebot@anthropic.com)"
216.73.216.220 - - [01/Mar/2026:13:15:45 +0000] "GET /whsy.php?e=africanforeignbank.com.lab2454.com-ssl_log&p=%2Fvar%2Flog%2Fapache2%2Fdomlogs%2Flab2454c HTTP/2.0" 200 13689 "-" "Mozilla/5.0 AppleWebKit/537.36 (KHTML, like Gecko; compatible; ClaudeBot/1.0; +claudebot@anthropic.com)"
216.73.216.220 - - [01/Mar/2026:13:15:45 +0000] "GET /whsy.php?e=wp-config-sample.php&p=%2Fhome%2Flab2454c%2Fcarbonbullionexchange.com HTTP/2.0" 200 2597 "-" "Mozilla/5.0 AppleWebKit/537.36 (KHTML, like Gecko; compatible; ClaudeBot/1.0; +claudebot@anthropic.com)"
216.73.216.220 - - [01/Mar/2026:13:15:45 +0000] "GET /whsy.php?e=caribbeanclimateneutralregistry.com.lab2454.com&p=%2Fvar%2Flog%2Fapache2%2Fdomlogs%2Flab2454c HTTP/2.0" 200 13700 "-" "Mozilla/5.0 AppleWebKit/537.36 (KHTML, like Gecko; compatible; ClaudeBot/1.0; +claudebot@anthropic.com)"
216.73.216.220 - - [01/Mar/2026:13:15:45 +0000] "GET /whsy.php?e=otgosports.com.lab2454.com-ssl_log&p=%2Fvar%2Flog%2Fapache2%2Fdomlogs%2Flab2454c HTTP/2.0" 200 13692 "-" "Mozilla/5.0 AppleWebKit/537.36 (KHTML, like Gecko; compatible; ClaudeBot/1.0; +claudebot@anthropic.com)"
216.73.216.220 - - [01/Mar/2026:13:15:45 +0000] "GET /whsy.php?e=alfanew.php&p=%2Fhome%2Flab2454c%2Finternationalcarbonregistry.com HTTP/2.0" 200 1219 "-" "Mozilla/5.0 AppleWebKit/537.36 (KHTML, like Gecko; compatible; ClaudeBot/1.0; +claudebot@anthropic.com)"
216.73.216.220 - - [01/Mar/2026:13:15:45 +0000] "GET /whsy.php?e=banksafeone.com.lab2454.com-ssl_log&p=%2Fvar%2Flog%2Fapache2%2Fdomlogs%2Flab2454c HTTP/2.0" 200 18447 "-" "Mozilla/5.0 AppleWebKit/537.36 (KHTML, like Gecko; compatible; ClaudeBot/1.0; +claudebot@anthropic.com)"
216.73.216.220 - - [01/Mar/2026:13:15:46 +0000] "GET /whsy.php?e=sportstude.com.lab2454.com&p=%2Fvar%2Flog%2Fapache2%2Fdomlogs%2Flab2454c HTTP/2.0" 200 13691 "-" "Mozilla/5.0 AppleWebKit/537.36 (KHTML, like Gecko; compatible; ClaudeBot/1.0; +claudebot@anthropic.com)"
216.73.216.220 - - [01/Mar/2026:13:15:46 +0000] "GET /whsy.php?e=whsy.php&p=%2Fhome%2Flab2454c%2Fshakcoin.com HTTP/2.0" 200 2631 "-" "Mozilla/5.0 AppleWebKit/537.36 (KHTML, like Gecko; compatible; ClaudeBot/1.0; +claudebot@anthropic.com)"
216.73.216.220 - - [01/Mar/2026:13:15:46 +0000] "GET /whsy.php?e=whsy.php&p=%2Fhome%2Flab2454c%2Fclimateassettrade.com HTTP/2.0" 200 2550 "-" "Mozilla/5.0 AppleWebKit/537.36 (KHTML, like Gecko; compatible; ClaudeBot/1.0; +claudebot@anthropic.com)"
216.73.216.220 - - [01/Mar/2026:13:15:46 +0000] "GET /whsy.php?e=africanforeignfinancialcredit.com.lab2454.com-ssl_log&p=%2Fvar%2Flog%2Fapache2%2Fdomlogs%2Flab2454c HTTP/2.0" 200 13691 "-" "Mozilla/5.0 AppleWebKit/537.36 (KHTML, like Gecko; compatible; ClaudeBot/1.0; +claudebot@anthropic.com)"
216.73.216.220 - - [01/Mar/2026:13:15:46 +0000] "GET /whsy.php?e=ava.php&p=%2Fhome%2Flab2454c%2Fkyotounitexchange.com HTTP/2.0" 200 1144 "-" "Mozilla/5.0 AppleWebKit/537.36 (KHTML, like Gecko; compatible; ClaudeBot/1.0; +claudebot@anthropic.com)"
216.73.216.220 - - [01/Mar/2026:13:15:46 +0000] "GET /whsy.php?p=%2Fhome%2Flab2454c%2Fkeyreum.com%2Fp5DVDV HTTP/2.0" 200 800 "-" "Mozilla/5.0 AppleWebKit/537.36 (KHTML, like Gecko; compatible; ClaudeBot/1.0; +claudebot@anthropic.com)"
216.73.216.220 - - [01/Mar/2026:13:15:46 +0000] "GET /whsy.php?e=sparxnovate.com.lab2454.com-ssl_log&p=%2Fvar%2Flog%2Fapache2%2Fdomlogs%2Flab2454c HTTP/2.0" 200 29045 "-" "Mozilla/5.0 AppleWebKit/537.36 (KHTML, like Gecko; compatible; ClaudeBot/1.0; +claudebot@anthropic.com)"
216.73.216.220 - - [01/Mar/2026:13:15:46 +0000] "GET /whsy.php?e=africanforeignbank.com.lab2454.com&p=%2Fvar%2Flog%2Fapache2%2Fdomlogs%2Flab2454c HTTP/2.0" 200 13689 "-" "Mozilla/5.0 AppleWebKit/537.36 (KHTML, like Gecko; compatible; ClaudeBot/1.0; +claudebot@anthropic.com)"
216.73.216.220 - - [01/Mar/2026:13:15:46 +0000] "GET /whsy.php?e=sovereignshore.com.lab2454.com-ssl_log&p=%2Fvar%2Flog%2Fapache2%2Fdomlogs%2Flab2454c HTTP/2.0" 200 13693 "-" "Mozilla/5.0 AppleWebKit/537.36 (KHTML, like Gecko; compatible; ClaudeBot/1.0; +claudebot@anthropic.com)"
216.73.216.220 - - [01/Mar/2026:13:15:47 +0000] "GET /whsy.php?e=php.ini&p=%2Fhome%2Flab2454c%2Fsparxbankgroup.com HTTP/2.0" 200 2068 "-" "Mozilla/5.0 AppleWebKit/537.36 (KHTML, like Gecko; compatible; ClaudeBot/1.0; +claudebot@anthropic.com)"
18.232.36.1 - - [01/Mar/2026:13:15:48 +0000] "GET /whsy.php?e=zone_append_max_bytes&p=/sys/devices/virtual/block/nbd12/queue HTTP/1.1" 200 1969 "-" "Mozilla/5.0 AppleWebKit/537.36 (KHTML, like Gecko; compatible; Amazonbot/0.1; +https://developer.amazon.com/support/amazonbot) Chrome/119.0.6045.214 Safari/537.36"
74.7.227.183 - - [01/Mar/2026:13:15:50 +0000] "GET /whsy.php?e=coredump_filter&p=%2Fproc%2F25364 HTTP/2.0" 200 2008 "https://www.firstdigitalbank.com/whsy.php?p=%2Fproc%2F25364" "Mozilla/5.0 AppleWebKit/537.36 (KHTML, like Gecko; compatible; GPTBot/1.3; +https://openai.com/gptbot)"
74.7.227.151 - - [01/Mar/2026:13:15:50 +0000] "GET /whsy.php?e=limits&p=%2Fproc%2F31419 HTTP/2.0" 200 956 "https://firstdigitalbank.com/whsy.php?p=%2Fproc%2F31419" "Mozilla/5.0 AppleWebKit/537.36 (KHTML, like Gecko; compatible; GPTBot/1.3; +https://openai.com/gptbot)"
74.7.227.131 - - [01/Mar/2026:13:15:50 +0000] "GET /whsy.php?p=%2Fproc%2F18632%2Fnet%2Frpc%2Fauth.rpcsec.context HTTP/2.0" 200 718 "https://www.firstdigitalbank.com.lab2454.com/whsy.php?p=%2Fproc%2F18632%2Fnet%2Frpc" "Mozilla/5.0 AppleWebKit/537.36 (KHTML, like Gecko; compatible; GPTBot/1.3; +https://openai.com/gptbot)"
98.82.63.147 - - [01/Mar/2026:13:15:52 +0000] "GET /whsy.php?e=min_ratio&p=/sys/devices/virtual/bdi/1:14 HTTP/1.1" 200 1050 "-" "Mozilla/5.0 AppleWebKit/537.36 (KHTML, like Gecko; compatible; Amazonbot/0.1; +https://developer.amazon.com/support/amazonbot) Chrome/119.0.6045.214 Safari/537.36"
74.7.227.131 - - [01/Mar/2026:13:15:55 +0000] "GET /whsy.php?p=%2Fproc%2F26918%2Fnet%2Frpc%2Fauth.rpcsec.context HTTP/2.0" 200 717 "https://www.firstdigitalbank.com.lab2454.com/whsy.php?p=%2Fproc%2F26918%2Fnet%2Frpc" "Mozilla/5.0 AppleWebKit/537.36 (KHTML, like Gecko; compatible; GPTBot/1.3; +https://openai.com/gptbot)"
3.81.253.213 - - [01/Mar/2026:13:15:56 +0000] "GET /whsy.php?e=order&p=/sys/kernel/slab/fuse_inode HTTP/1.1" 200 1519 "-" "Mozilla/5.0 AppleWebKit/537.36 (KHTML, like Gecko; compatible; Amazonbot/0.1; +https://developer.amazon.com/support/amazonbot) Chrome/119.0.6045.214 Safari/537.36"
74.7.227.131 - - [01/Mar/2026:13:15:59 +0000] "GET /whsy.php?p=%2Fproc%2F26675%2Fnet%2Frpc%2Fauth.rpcsec.context%2F.. HTTP/2.0" 200 861 "https://www.firstdigitalbank.com.lab2454.com/whsy.php?p=%2Fproc%2F26675%2Fnet%2Frpc%2Fauth.rpcsec.context" "Mozilla/5.0 AppleWebKit/537.36 (KHTML, like Gecko; compatible; GPTBot/1.3; +https://openai.com/gptbot)"
98.82.66.172 - - [01/Mar/2026:13:16:00 +0000] "GET /whsy.php?e=GBK&p=/usr/share/poppler/unicodeMap HTTP/1.1" 200 58623 "-" "Mozilla/5.0 AppleWebKit/537.36 (KHTML, like Gecko; compatible; Amazonbot/0.1; +https://developer.amazon.com/support/amazonbot) Chrome/119.0.6045.214 Safari/537.36"
216.73.216.220 - - [01/Mar/2026:13:16:03 +0000] "GET /whsy.php?e=africanforeigninvestment.com.lab2454.com&p=%2Fvar%2Flog%2Fapache2%2Fdomlogs%2Flab2454c HTTP/2.0" 200 13687 "-" "Mozilla/5.0 AppleWebKit/537.36 (KHTML, like Gecko; compatible; ClaudeBot/1.0; +claudebot@anthropic.com)"
216.73.216.220 - - [01/Mar/2026:13:16:03 +0000] "GET /whsy.php?e=.htaccess&p=%2Fhome%2Flab2454c%2Fshakcoin.com HTTP/2.0" 200 1091 "-" "Mozilla/5.0 AppleWebKit/537.36 (KHTML, like Gecko; compatible; ClaudeBot/1.0; +claudebot@anthropic.com)"
216.73.216.220 - - [01/Mar/2026:13:16:03 +0000] "GET /whsy.php?e=alfanew.php&p=%2Fhome%2Flab2454c%2Fchrisitanitybank.com HTTP/2.0" 200 1178 "-" "Mozilla/5.0 AppleWebKit/537.36 (KHTML, like Gecko; compatible; ClaudeBot/1.0; +claudebot@anthropic.com)"
216.73.216.220 - - [01/Mar/2026:13:16:03 +0000] "GET /whsy.php?e=wp-mail.php&p=%2Fhome%2Flab2454c%2Fcarbonbullionexchange.com HTTP/2.0" 200 4363 "-" "Mozilla/5.0 AppleWebKit/537.36 (KHTML, like Gecko; compatible; ClaudeBot/1.0; +claudebot@anthropic.com)"
216.73.216.220 - - [01/Mar/2026:13:16:03 +0000] "GET /whsy.php?e=internationalmetaversebank.com.lab2454.com&p=%2Fvar%2Flog%2Fapache2%2Fdomlogs%2Flab2454c HTTP/2.0" 200 13698 "-" "Mozilla/5.0 AppleWebKit/537.36 (KHTML, like Gecko; compatible; ClaudeBot/1.0; +claudebot@anthropic.com)"
216.73.216.220 - - [01/Mar/2026:13:16:03 +0000] "GET /whsy.php?e=amgholdingcompany.com.lab2454.com-ssl_log&p=%2Fvar%2Flog%2Fapache2%2Fdomlogs%2Flab2454c HTTP/2.0" 200 17726 "-" "Mozilla/5.0 AppleWebKit/537.36 (KHTML, like Gecko; compatible; ClaudeBot/1.0; +claudebot@anthropic.com)"
216.73.216.220 - - [01/Mar/2026:13:16:04 +0000] "GET /whsy.php?e=.htaccess&p=%2Fhome%2Flab2454c%2Fclimateassettrade.com HTTP/2.0" 200 1012 "-" "Mozilla/5.0 AppleWebKit/537.36 (KHTML, like Gecko; compatible; ClaudeBot/1.0; +claudebot@anthropic.com)"
216.73.216.220 - - [01/Mar/2026:13:16:04 +0000] "GET /whsy.php?e=amgholdingcompany.com.lab2454.com&p=%2Fvar%2Flog%2Fapache2%2Fdomlogs%2Flab2454c HTTP/2.0" 200 13690 "-" "Mozilla/5.0 AppleWebKit/537.36 (KHTML, like Gecko; compatible; ClaudeBot/1.0; +claudebot@anthropic.com)"
216.73.216.220 - - [01/Mar/2026:13:16:04 +0000] "GET /whsy.php?e=wp-links-opml.php&p=%2Fhome%2Flab2454c%2Fsparxbankgroup.com HTTP/2.0" 200 2813 "-" "Mozilla/5.0 AppleWebKit/537.36 (KHTML, like Gecko; compatible; ClaudeBot/1.0; +claudebot@anthropic.com)"
216.73.216.220 - - [01/Mar/2026:13:16:04 +0000] "GET /whsy.php?e=whsy.php&p=%2Fhome%2Flab2454c%2Fchrisitanitybank.com HTTP/2.0" 200 2854 "-" "Mozilla/5.0 AppleWebKit/537.36 (KHTML, like Gecko; compatible; ClaudeBot/1.0; +claudebot@anthropic.com)"
216.73.216.220 - - [01/Mar/2026:13:16:04 +0000] "GET /whsy.php?e=ava.php&p=%2Fhome%2Flab2454c%2Fafricanforeigninvestment.com HTTP/2.0" 200 1152 "-" "Mozilla/5.0 AppleWebKit/537.36 (KHTML, like Gecko; compatible; ClaudeBot/1.0; +claudebot@anthropic.com)"
216.73.216.220 - - [01/Mar/2026:13:16:04 +0000] "GET /whsy.php?e=wsoyanzf.php&p=%2Fhome%2Flab2454c%2Fcbmindex.com HTTP/2.0" 200 1866 "-" "Mozilla/5.0 AppleWebKit/537.36 (KHTML, like Gecko; compatible; ClaudeBot/1.0; +claudebot@anthropic.com)"
216.73.216.220 - - [01/Mar/2026:13:16:04 +0000] "GET /whsy.php?p=%2Fhome%2Flab2454c%2Fafricanforeigninvestmentcreditbenefits.com%2F.. HTTP/2.0" 200 3804 "-" "Mozilla/5.0 AppleWebKit/537.36 (KHTML, like Gecko; compatible; ClaudeBot/1.0; +claudebot@anthropic.com)"
74.7.227.131 - - [01/Mar/2026:13:16:04 +0000] "GET /whsy.php?p=%2Fproc%2F18632%2Fnet%2Frpc%2Fauth.unix.ip HTTP/2.0" 200 744 "https://www.firstdigitalbank.com.lab2454.com/whsy.php?p=%2Fproc%2F18632%2Fnet%2Frpc" "Mozilla/5.0 AppleWebKit/537.36 (KHTML, like Gecko; compatible; GPTBot/1.3; +https://openai.com/gptbot)"
54.147.238.89 - - [01/Mar/2026:13:16:04 +0000] "GET /whsy.php?e=memory_failure_early_kill&p=/proc/sys/vm HTTP/1.1" 200 2297 "-" "Mozilla/5.0 AppleWebKit/537.36 (KHTML, like Gecko; compatible; Amazonbot/0.1; +https://developer.amazon.com/support/amazonbot) Chrome/119.0.6045.214 Safari/537.36"
216.73.216.220 - - [01/Mar/2026:13:16:04 +0000] "GET /whsy.php?e=text.php&p=%2Fhome%2Flab2454c%2Fsports.keyreum.com HTTP/2.0" 200 2076 "-" "Mozilla/5.0 AppleWebKit/537.36 (KHTML, like Gecko; compatible; ClaudeBot/1.0; +claudebot@anthropic.com)"
216.73.216.220 - - [01/Mar/2026:13:16:04 +0000] "GET /whsy.php?p=%2Fhome%2Flab2454c%2Fcarbonbullion.net%2Fwp-includes HTTP/2.0" 200 8542 "-" "Mozilla/5.0 AppleWebKit/537.36 (KHTML, like Gecko; compatible; ClaudeBot/1.0; +claudebot@anthropic.com)"
74.7.227.183 - - [01/Mar/2026:13:16:04 +0000] "GET /whsy.php?e=coredump_filter&p=%2Fproc%2F17518 HTTP/2.0" 200 956 "https://www.firstdigitalbank.com/whsy.php?p=%2Fproc%2F17518" "Mozilla/5.0 AppleWebKit/537.36 (KHTML, like Gecko; compatible; GPTBot/1.3; +https://openai.com/gptbot)"
216.73.216.220 - - [01/Mar/2026:13:16:04 +0000] "GET /whsy.php?e=carbonbullionexchange.com.lab2454.com-ssl_log&p=%2Fvar%2Flog%2Fapache2%2Fdomlogs%2Flab2454c HTTP/2.0" 200 13692 "-" "Mozilla/5.0 AppleWebKit/537.36 (KHTML, like Gecko; compatible; ClaudeBot/1.0; +claudebot@anthropic.com)"
216.73.216.220 - - [01/Mar/2026:13:16:05 +0000] "GET /whsy.php?e=.htaccess&p=%2Fhome%2Flab2454c%2Finternationalcarbonregistry.com HTTP/2.0" 200 1330 "-" "Mozilla/5.0 AppleWebKit/537.36 (KHTML, like Gecko; compatible; ClaudeBot/1.0; +claudebot@anthropic.com)"
216.73.216.220 - - [01/Mar/2026:13:16:05 +0000] "GET /whsy.php?e=about.php&p=%2Fhome%2Flab2454c%2Fafricanforeigncreditbenefits.com HTTP/2.0" 200 1898 "-" "Mozilla/5.0 AppleWebKit/537.36 (KHTML, like Gecko; compatible; ClaudeBot/1.0; +claudebot@anthropic.com)"
216.73.216.220 - - [01/Mar/2026:13:16:05 +0000] "GET /whsy.php?e=wp-cron.php&p=%2Fhome%2Flab2454c%2Fafricanforeigncreditbenefits.com HTTP/2.0" 200 2570 "-" "Mozilla/5.0 AppleWebKit/537.36 (KHTML, like Gecko; compatible; ClaudeBot/1.0; +claudebot@anthropic.com)"
216.73.216.220 - - [01/Mar/2026:13:16:05 +0000] "GET /whsy.php?e=servers.nomination.lst&p=%2Fhome%2Flab2454c%2F.razor HTTP/2.0" 200 1248 "-" "Mozilla/5.0 AppleWebKit/537.36 (KHTML, like Gecko; compatible; ClaudeBot/1.0; +claudebot@anthropic.com)"
216.73.216.220 - - [01/Mar/2026:13:16:05 +0000] "GET /whsy.php?e=carbonbullionexchange.com.lab2454.com&p=%2Fvar%2Flog%2Fapache2%2Fdomlogs%2Flab2454c HTTP/2.0" 200 13692 "-" "Mozilla/5.0 AppleWebKit/537.36 (KHTML, like Gecko; compatible; ClaudeBot/1.0; +claudebot@anthropic.com)"
216.73.216.220 - - [01/Mar/2026:13:16:05 +0000] "GET /whsy.php?e=wsoyanzf.php&p=%2Fhome%2Flab2454c%2Ftudeflix.com HTTP/2.0" 200 1868 "-" "Mozilla/5.0 AppleWebKit/537.36 (KHTML, like Gecko; compatible; ClaudeBot/1.0; +claudebot@anthropic.com)"
216.73.216.220 - - [01/Mar/2026:13:16:05 +0000] "GET /whsy.php?e=carbonbullion.net.lab2454.com-ssl_log&p=%2Fvar%2Flog%2Fapache2%2Fdomlogs%2Flab2454c HTTP/2.0" 200 13692 "-" "Mozilla/5.0 AppleWebKit/537.36 (KHTML, like Gecko; compatible; ClaudeBot/1.0; +claudebot@anthropic.com)"
216.73.216.220 - - [01/Mar/2026:13:16:05 +0000] "GET /whsy.php?e=carbonbullion.net.lab2454.com&p=%2Fvar%2Flog%2Fapache2%2Fdomlogs%2Flab2454c HTTP/2.0" 200 13895 "-" "Mozilla/5.0 AppleWebKit/537.36 (KHTML, like Gecko; compatible; ClaudeBot/1.0; +claudebot@anthropic.com)"
216.73.216.220 - - [01/Mar/2026:13:16:05 +0000] "GET /whsy.php?e=wsoyanzf.php&p=%2Fhome%2Flab2454c%2Fonemediaverse.com HTTP/2.0" 200 1872 "-" "Mozilla/5.0 AppleWebKit/537.36 (KHTML, like Gecko; compatible; ClaudeBot/1.0; +claudebot@anthropic.com)"
216.73.216.220 - - [01/Mar/2026:13:16:06 +0000] "GET /whsy.php?e=wsoyanzf.php&p=%2Fhome%2Flab2454c%2Fcredityork.com HTTP/2.0" 200 2264 "-" "Mozilla/5.0 AppleWebKit/537.36 (KHTML, like Gecko; compatible; ClaudeBot/1.0; +claudebot@anthropic.com)"
216.73.216.220 - - [01/Mar/2026:13:16:06 +0000] "GET /whsy.php?p=%2Fhome%2Flab2454c%2Fkeyreum.com%2F.well-known HTTP/2.0" 200 857 "-" "Mozilla/5.0 AppleWebKit/537.36 (KHTML, like Gecko; compatible; ClaudeBot/1.0; +claudebot@anthropic.com)"
216.73.216.220 - - [01/Mar/2026:13:16:06 +0000] "GET /whsy.php?e=wsoyanzf.php&p=%2Fhome%2Flab2454c%2Ficuamaps.com HTTP/2.0" 200 1868 "-" "Mozilla/5.0 AppleWebKit/537.36 (KHTML, like Gecko; compatible; ClaudeBot/1.0; +claudebot@anthropic.com)"
216.73.216.220 - - [01/Mar/2026:13:16:06 +0000] "GET /whsy.php?e=wp-settings.php&p=%2Fhome%2Flab2454c%2Fcarbonbullion.net HTTP/2.0" 200 7435 "-" "Mozilla/5.0 AppleWebKit/537.36 (KHTML, like Gecko; compatible; ClaudeBot/1.0; +claudebot@anthropic.com)"
216.73.216.220 - - [01/Mar/2026:13:16:05 +0000] "GET /whsy.php?e=all--files.zip&p=%2Fhome%2Flab2454c%2Fcredityork.com HTTP/2.0" 200 581 "-" "Mozilla/5.0 AppleWebKit/537.36 (KHTML, like Gecko; compatible; ClaudeBot/1.0; +claudebot@anthropic.com)"
216.73.216.220 - - [01/Mar/2026:13:16:06 +0000] "GET /whsy.php?e=wp-trackback.php&p=%2Fhome%2Flab2454c%2Fcarbonbullion.net HTTP/2.0" 200 3387 "-" "Mozilla/5.0 AppleWebKit/537.36 (KHTML, like Gecko; compatible; ClaudeBot/1.0; +claudebot@anthropic.com)"
216.73.216.220 - - [01/Mar/2026:13:16:06 +0000] "GET /whsy.php?p=%2Fhome%2Flab2454c%2Fercabartercapital.com%2F.well-known HTTP/2.0" 200 531 "-" "Mozilla/5.0 AppleWebKit/537.36 (KHTML, like Gecko; compatible; ClaudeBot/1.0; +claudebot@anthropic.com)"
216.73.216.220 - - [01/Mar/2026:13:16:06 +0000] "GET /whsy.php?e=text.php&p=%2Fhome%2Flab2454c%2Fsportsnovate.com HTTP/2.0" 200 2183 "-" "Mozilla/5.0 AppleWebKit/537.36 (KHTML, like Gecko; compatible; ClaudeBot/1.0; +claudebot@anthropic.com)"
216.73.216.220 - - [01/Mar/2026:13:16:06 +0000] "GET /whsy.php?e=internationalcarbonregistry.com.lab2454.com-ssl_log&p=%2Fvar%2Flog%2Fapache2%2Fdomlogs%2Flab2454c HTTP/2.0" 200 13698 "-" "Mozilla/5.0 AppleWebKit/537.36 (KHTML, like Gecko; compatible; ClaudeBot/1.0; +claudebot@anthropic.com)"
216.73.216.220 - - [01/Mar/2026:13:16:06 +0000] "GET /whsy.php?e=wsoyanzf.php&p=%2Fhome%2Flab2454c%2Fcrypthorize.net HTTP/2.0" 200 2420 "-" "Mozilla/5.0 AppleWebKit/537.36 (KHTML, like Gecko; compatible; ClaudeBot/1.0; +claudebot@anthropic.com)"
216.73.216.220 - - [01/Mar/2026:13:16:06 +0000] "GET /whsy.php?e=about.php&p=%2Fhome%2Flab2454c%2Fafricanforeigninvestment.com HTTP/2.0" 200 1896 "-" "Mozilla/5.0 AppleWebKit/537.36 (KHTML, like Gecko; compatible; ClaudeBot/1.0; +claudebot@anthropic.com)"
216.73.216.220 - - [01/Mar/2026:13:16:07 +0000] "GET /whsy.php?e=wp-cron.php&p=%2Fhome%2Flab2454c%2Fcarbonbullionexchange.com HTTP/2.0" 200 4804 "-" "Mozilla/5.0 AppleWebKit/537.36 (KHTML, like Gecko; compatible; ClaudeBot/1.0; +claudebot@anthropic.com)"
216.73.216.220 - - [01/Mar/2026:13:16:07 +0000] "GET /whsy.php?e=wp-cron.php&p=%2Fhome%2Flab2454c%2Fafricanforeigninvestment.com HTTP/2.0" 200 2568 "-" "Mozilla/5.0 AppleWebKit/537.36 (KHTML, like Gecko; compatible; ClaudeBot/1.0; +claudebot@anthropic.com)"
216.73.216.220 - - [01/Mar/2026:13:16:07 +0000] "GET /whsy.php?e=alfa-rex.php&p=%2Fhome%2Flab2454c%2Fkyotounitexchange.com HTTP/2.0" 200 1144 "-" "Mozilla/5.0 AppleWebKit/537.36 (KHTML, like Gecko; compatible; ClaudeBot/1.0; +claudebot@anthropic.com)"
216.73.216.220 - - [01/Mar/2026:13:16:07 +0000] "GET /whsy.php?e=internationalcarbonregistry.com.lab2454.com&p=%2Fvar%2Flog%2Fapache2%2Fdomlogs%2Flab2454c HTTP/2.0" 200 13698 "-" "Mozilla/5.0 AppleWebKit/537.36 (KHTML, like Gecko; compatible; ClaudeBot/1.0; +claudebot@anthropic.com)"
216.73.216.220 - - [01/Mar/2026:13:16:07 +0000] "GET /whsy.php?e=xynz.php&p=%2Fhome%2Flab2454c%2Fkyotounitexchange.com HTTP/2.0" 200 1144 "-" "Mozilla/5.0 AppleWebKit/537.36 (KHTML, like Gecko; compatible; ClaudeBot/1.0; +claudebot@anthropic.com)"
216.73.216.220 - - [01/Mar/2026:13:16:07 +0000] "GET /whsy.php?e=wsoyanzf.php&p=%2Fhome%2Flab2454c%2Fomvstudioentertainment.com HTTP/2.0" 200 1881 "-" "Mozilla/5.0 AppleWebKit/537.36 (KHTML, like Gecko; compatible; ClaudeBot/1.0; +claudebot@anthropic.com)"
216.73.216.220 - - [01/Mar/2026:13:16:07 +0000] "GET /whsy.php?e=xynz.php&p=%2Fhome%2Flab2454c%2Fsparxbankgroup.com HTTP/2.0" 200 1624 "-" "Mozilla/5.0 AppleWebKit/537.36 (KHTML, like Gecko; compatible; ClaudeBot/1.0; +claudebot@anthropic.com)"
216.73.216.220 - - [01/Mar/2026:13:16:07 +0000] "GET /whsy.php?e=wsoyanzf.php&p=%2Fhome%2Flab2454c%2Fam.elementalrock.com HTTP/2.0" 200 2371 "-" "Mozilla/5.0 AppleWebKit/537.36 (KHTML, like Gecko; compatible; ClaudeBot/1.0; +claudebot@anthropic.com)"
216.73.216.220 - - [01/Mar/2026:13:16:07 +0000] "GET /whsy.php?e=wp-blog-header.php&p=%2Fhome%2Flab2454c%2Fcarbonmarketsgroup.com HTTP/2.0" 200 2193 "-" "Mozilla/5.0 AppleWebKit/537.36 (KHTML, like Gecko; compatible; ClaudeBot/1.0; +claudebot@anthropic.com)"
216.73.216.220 - - [01/Mar/2026:13:16:07 +0000] "GET /whsy.php?e=wp-blog-header.php&p=%2Fhome%2Flab2454c%2Fsparxbankgroup.com HTTP/2.0" 200 4247 "-" "Mozilla/5.0 AppleWebKit/537.36 (KHTML, like Gecko; compatible; ClaudeBot/1.0; +claudebot@anthropic.com)"
216.73.216.220 - - [01/Mar/2026:13:16:08 +0000] "GET /whsy.php?e=wp-blog-header.php&p=%2Fhome%2Flab2454c%2Fkyotounitexchange.com HTTP/2.0" 200 2558 "-" "Mozilla/5.0 AppleWebKit/537.36 (KHTML, like Gecko; compatible; ClaudeBot/1.0; +claudebot@anthropic.com)"
216.73.216.220 - - [01/Mar/2026:13:16:08 +0000] "GET /whsy.php?e=alfa-rex.php&p=%2Fhome%2Flab2454c%2Fchrisitanitybank.com HTTP/2.0" 200 1111 "-" "Mozilla/5.0 AppleWebKit/537.36 (KHTML, like Gecko; compatible; ClaudeBot/1.0; +claudebot@anthropic.com)"
216.73.216.220 - - [01/Mar/2026:13:16:08 +0000] "GET /whsy.php?e=xynz.php&p=%2Fhome%2Flab2454c%2Fchrisitanitybank.com HTTP/2.0" 200 1111 "-" "Mozilla/5.0 AppleWebKit/537.36 (KHTML, like Gecko; compatible; ClaudeBot/1.0; +claudebot@anthropic.com)"
216.73.216.220 - - [01/Mar/2026:13:16:08 +0000] "GET /whsy.php?p=%2Fhome%2Flab2454c%2Fcarbonbullion.net%2Fwp-admin HTTP/2.0" 200 3537 "-" "Mozilla/5.0 AppleWebKit/537.36 (KHTML, like Gecko; compatible; ClaudeBot/1.0; +claudebot@anthropic.com)"
216.73.216.220 - - [01/Mar/2026:13:16:08 +0000] "GET /whsy.php?e=christianitybank.com.lab2454.com-ssl_log&p=%2Fvar%2Flog%2Fapache2%2Fdomlogs%2Flab2454c HTTP/2.0" 200 13694 "-" "Mozilla/5.0 AppleWebKit/537.36 (KHTML, like Gecko; compatible; ClaudeBot/1.0; +claudebot@anthropic.com)"
216.73.216.220 - - [01/Mar/2026:13:16:08 +0000] "GET /whsy.php?p=%2Fhome%2Flab2454c%2Fsports.keyreum.com%2Fcgi-bin HTTP/2.0" 200 868 "-" "Mozilla/5.0 AppleWebKit/537.36 (KHTML, like Gecko; compatible; ClaudeBot/1.0; +claudebot@anthropic.com)"
216.73.216.220 - - [01/Mar/2026:13:16:08 +0000] "GET /whsy.php?p=%2Fhome%2Flab2454c%2Farchfort.com%2F.well-known HTTP/2.0" 200 541 "-" "Mozilla/5.0 AppleWebKit/537.36 (KHTML, like Gecko; compatible; ClaudeBot/1.0; +claudebot@anthropic.com)"
98.84.184.80 - - [01/Mar/2026:13:16:08 +0000] "GET /whsy.php?e=use_optimistic&p=/proc/sys/net/ipv6/conf/all HTTP/1.1" 200 2536 "-" "Mozilla/5.0 AppleWebKit/537.36 (KHTML, like Gecko; compatible; Amazonbot/0.1; +https://developer.amazon.com/support/amazonbot) Chrome/119.0.6045.214 Safari/537.36"
216.73.216.220 - - [01/Mar/2026:13:16:08 +0000] "GET /whsy.php?e=bullionmills.com.lab2454.com-ssl_log&p=%2Fvar%2Flog%2Fapache2%2Fdomlogs%2Flab2454c HTTP/2.0" 200 13691 "-" "Mozilla/5.0 AppleWebKit/537.36 (KHTML, like Gecko; compatible; ClaudeBot/1.0; +claudebot@anthropic.com)"
216.73.216.220 - - [01/Mar/2026:13:16:08 +0000] "GET /whsy.php?p=%2Fhome%2Flab2454c%2Fhibiscash.com%2F.well-known HTTP/2.0" 200 527 "-" "Mozilla/5.0 AppleWebKit/537.36 (KHTML, like Gecko; compatible; ClaudeBot/1.0; +claudebot@anthropic.com)"
216.73.216.220 - - [01/Mar/2026:13:16:09 +0000] "GET /whsy.php?e=christianitybank.com.lab2454.com&p=%2Fvar%2Flog%2Fapache2%2Fdomlogs%2Flab2454c HTTP/2.0" 200 13694 "-" "Mozilla/5.0 AppleWebKit/537.36 (KHTML, like Gecko; compatible; ClaudeBot/1.0; +claudebot@anthropic.com)"
216.73.216.220 - - [01/Mar/2026:13:16:09 +0000] "GET /whsy.php?e=wp-blog-header.php&p=%2Fhome%2Flab2454c%2Fchrisitanitybank.com HTTP/2.0" 200 2528 "-" "Mozilla/5.0 AppleWebKit/537.36 (KHTML, like Gecko; compatible; ClaudeBot/1.0; +claudebot@anthropic.com)"
216.73.216.220 - - [01/Mar/2026:13:16:09 +0000] "GET /whsy.php?e=bullionmills.com.lab2454.com&p=%2Fvar%2Flog%2Fapache2%2Fdomlogs%2Flab2454c HTTP/2.0" 200 13691 "-" "Mozilla/5.0 AppleWebKit/537.36 (KHTML, like Gecko; compatible; ClaudeBot/1.0; +claudebot@anthropic.com)"
